2026-06-22 00:37:05.558 135162 DEBUG nova.service [req-30ac3619-9798-4691-b8f9-9c43e79d9f2f - - - - -] Join ServiceGroup membership for this service conductor start /usr/lib/python3/dist-packages/nova/service.py:199
2026-06-22 00:37:05.558 134342 DEBUG oslo_service.service [req-939fa5cf-9998-4314-821b-c6f44442d134 - - - - -] oslo_limit.region_name = None log_opt_values /usr/lib/python3/dist-packages/oslo_config/cfg.py:2609
2026-06-22 00:37:05.559 134342 DEBUG oslo_service.service [req-939fa5cf-9998-4314-821b-c6f44442d134 - - - - -] oslo_limit.service_name = None log_opt_values /usr/lib/python3/dist-packages/oslo_config/cfg.py:2609
2026-06-22 00:37:05.558 135163 DEBUG nova.service [req-d3c832eb-d30c-4336-a50d-655c1bc77aef - - - - -] Join ServiceGroup membership for this service conductor start /usr/lib/python3/dist-packages/nova/service.py:199
2026-06-22 00:37:05.559 135162 DEBUG nova.servicegroup.drivers.db [req-30ac3619-9798-4691-b8f9-9c43e79d9f2f - - - - -] DB_Driver: join new ServiceGroup member juju-9233b2-0-lxd-7 to the conductor group, service = join /usr/lib/python3/dist-packages/nova/servicegroup/drivers/db.py:44
2026-06-22 00:37:05.559 134342 DEBUG oslo_service.service [req-939fa5cf-9998-4314-821b-c6f44442d134 - - - - -] oslo_limit.service_type = None log_opt_values /usr/lib/python3/dist-packages/oslo_config/cfg.py:2609
2026-06-22 00:37:05.559 135163 DEBUG nova.servicegroup.drivers.db [req-d3c832eb-d30c-4336-a50d-655c1bc77aef - - - - -] DB_Driver: join new ServiceGroup member juju-9233b2-0-lxd-7 to the conductor group, service = join /usr/lib/python3/dist-packages/nova/servicegroup/drivers/db.py:44
2026-06-22 00:37:05.559 134342 DEBUG oslo_service.service [req-939fa5cf-9998-4314-821b-c6f44442d134 - - - - -] oslo_limit.split_loggers = False log_opt_values /usr/lib/python3/dist-packages/oslo_config/cfg.py:2609
2026-06-22 00:37:05.559 134342 DEBUG oslo_service.service [req-939fa5cf-9998-4314-821b-c6f44442d134 - - - - -] oslo_limit.status_code_retries = None log_opt_values /usr/lib/python3/dist-packages/oslo_config/cfg.py:2609
2026-06-22 00:37:05.559 134342 DEBUG oslo_service.service [req-939fa5cf-9998-4314-821b-c6f44442d134 - - - - -] oslo_limit.status_code_retry_delay = None log_opt_values /usr/lib/python3/dist-packages/oslo_config/cfg.py:2609
2026-06-22 00:37:05.559 134342 DEBUG oslo_service.service [req-939fa5cf-9998-4314-821b-c6f44442d134 - - - - -] oslo_limit.timeout = None log_opt_values /usr/lib/python3/dist-packages/oslo_config/cfg.py:2609
2026-06-22 00:37:05.560 134342 DEBUG oslo_service.service [req-939fa5cf-9998-4314-821b-c6f44442d134 - - - - -] oslo_limit.valid_interfaces = None log_opt_values /usr/lib/python3/dist-packages/oslo_config/cfg.py:2609
2026-06-22 00:37:05.560 134342 DEBUG oslo_service.service [req-939fa5cf-9998-4314-821b-c6f44442d134 - - - - -] oslo_limit.version = None log_opt_values /usr/lib/python3/dist-packages/oslo_config/cfg.py:2609
2026-06-22 00:37:05.560 134342 DEBUG oslo_service.service [req-939fa5cf-9998-4314-821b-c6f44442d134 - - - - -] oslo_reports.file_event_handler = None log_opt_values /usr/lib/python3/dist-packages/oslo_config/cfg.py:2609
2026-06-22 00:37:05.560 134342 DEBUG oslo_service.service [req-939fa5cf-9998-4314-821b-c6f44442d134 - - - - -] oslo_reports.file_event_handler_interval = 1 log_opt_values /usr/lib/python3/dist-packages/oslo_config/cfg.py:2609
2026-06-22 00:37:05.561 135163 DEBUG oslo_messaging._drivers.amqpdriver [-] AMQPListener connection timeout poll /usr/lib/python3/dist-packages/oslo_messaging/_drivers/amqpdriver.py:360
2026-06-22 00:37:05.562 135163 DEBUG oslo_messaging._drivers.amqpdriver [-] Listener is running poll /usr/lib/python3/dist-packages/oslo_messaging/_drivers/amqpdriver.py:343
2026-06-22 00:37:05.562 135163 DEBUG oslo_messaging._drivers.amqpdriver [-] AMQPListener connection consume poll /usr/lib/python3/dist-packages/oslo_messaging/_drivers/amqpdriver.py:357
2026-06-22 00:37:05.561 134342 DEBUG oslo_service.service [req-939fa5cf-9998-4314-821b-c6f44442d134 - - - - -] oslo_reports.log_dir = None log_opt_values /usr/lib/python3/dist-packages/oslo_config/cfg.py:2609
2026-06-22 00:37:05.563 134342 DEBUG oslo_service.service [req-939fa5cf-9998-4314-821b-c6f44442d134 - - - - -] ******************************************************************************** log_opt_values /usr/lib/python3/dist-packages/oslo_config/cfg.py:2613
2026-06-22 00:37:05.565 135162 DEBUG oslo_messaging._drivers.amqpdriver [-] AMQPListener connection timeout poll /usr/lib/python3/dist-packages/oslo_messaging/_drivers/amqpdriver.py:360
2026-06-22 00:37:05.565 135162 DEBUG oslo_messaging._drivers.amqpdriver [-] Listener is running poll /usr/lib/python3/dist-packages/oslo_messaging/_drivers/amqpdriver.py:343
2026-06-22 00:37:05.566 135162 DEBUG oslo_messaging._drivers.amqpdriver [-] AMQPListener connection consume poll /usr/lib/python3/dist-packages/oslo_messaging/_drivers/amqpdriver.py:357
2026-06-22 00:37:05.573 135160 DEBUG oslo_messaging._drivers.amqpdriver [-] Listener is running poll /usr/lib/python3/dist-packages/oslo_messaging/_drivers/amqpdriver.py:343
2026-06-22 00:37:05.574 135160 DEBUG oslo_messaging._drivers.amqpdriver [-] AMQPListener connection consume poll /usr/lib/python3/dist-packages/oslo_messaging/_drivers/amqpdriver.py:357
2026-06-22 00:37:05.574 135160 DEBUG nova.service [req-d66b4b70-8056-4d7c-88ef-1b20b9eab52b - - - - -] Join ServiceGroup membership for this service conductor start /usr/lib/python3/dist-packages/nova/service.py:199
2026-06-22 00:37:05.575 135160 DEBUG nova.servicegroup.drivers.db [req-d66b4b70-8056-4d7c-88ef-1b20b9eab52b - - - - -] DB_Driver: join new ServiceGroup member juju-9233b2-0-lxd-7 to the conductor group, service = join /usr/lib/python3/dist-packages/nova/servicegroup/drivers/db.py:44
2026-06-22 00:37:05.577 135160 DEBUG oslo_messaging._drivers.amqpdriver [-] AMQPListener connection timeout poll /usr/lib/python3/dist-packages/oslo_messaging/_drivers/amqpdriver.py:360
2026-06-22 00:37:05.577 135160 DEBUG oslo_messaging._drivers.amqpdriver [-] Listener is running poll /usr/lib/python3/dist-packages/oslo_messaging/_drivers/amqpdriver.py:343
2026-06-22 00:37:05.577 135160 DEBUG oslo_messaging._drivers.amqpdriver [-] AMQPListener connection consume poll /usr/lib/python3/dist-packages/oslo_messaging/_drivers/amqpdriver.py:357
2026-06-22 00:37:05.583 135161 DEBUG oslo_messaging._drivers.amqpdriver [-] Listener is running poll /usr/lib/python3/dist-packages/oslo_messaging/_drivers/amqpdriver.py:343
2026-06-22 00:37:05.584 135161 DEBUG oslo_messaging._drivers.amqpdriver [-] AMQPListener connection consume poll /usr/lib/python3/dist-packages/oslo_messaging/_drivers/amqpdriver.py:357
2026-06-22 00:37:05.584 135161 DEBUG nova.service [req-e5955085-3a6f-4704-8101-7410576bdcee - - - - -] Join ServiceGroup membership for this service conductor start /usr/lib/python3/dist-packages/nova/service.py:199
2026-06-22 00:37:05.585 135161 DEBUG nova.servicegroup.drivers.db [req-e5955085-3a6f-4704-8101-7410576bdcee - - - - -] DB_Driver: join new ServiceGroup member juju-9233b2-0-lxd-7 to the conductor group, service = join /usr/lib/python3/dist-packages/nova/servicegroup/drivers/db.py:44
2026-06-22 00:37:05.587 135161 DEBUG oslo_messaging._drivers.amqpdriver [-] AMQPListener connection timeout poll /usr/lib/python3/dist-packages/oslo_messaging/_drivers/amqpdriver.py:360
2026-06-22 00:37:05.587 135161 DEBUG oslo_messaging._drivers.amqpdriver [-] Listener is running poll /usr/lib/python3/dist-packages/oslo_messaging/_drivers/amqpdriver.py:343
2026-06-22 00:37:05.587 135161 DEBUG oslo_messaging._drivers.amqpdriver [-] AMQPListener connection consume poll /usr/lib/python3/dist-packages/oslo_messaging/_drivers/amqpdriver.py:357
2026-06-22 00:37:06.563 135163 DEBUG oslo_messaging._drivers.amqpdriver [-] AMQPListener connection timeout poll /usr/lib/python3/dist-packages/oslo_messaging/_drivers/amqpdriver.py:360
2026-06-22 00:37:06.563 135163 DEBUG oslo_messaging._drivers.amqpdriver [-] Listener is running poll /usr/lib/python3/dist-packages/oslo_messaging/_drivers/amqpdriver.py:343
2026-06-22 00:37:06.563 135163 DEBUG oslo_messaging._drivers.amqpdriver [-] AMQPListener connection consume poll /usr/lib/python3/dist-packages/oslo_messaging/_drivers/amqpdriver.py:357
2026-06-22 00:37:06.567 135162 DEBUG oslo_messaging._drivers.amqpdriver [-] AMQPListener connection timeout poll /usr/lib/python3/dist-packages/oslo_messaging/_drivers/amqpdriver.py:360
2026-06-22 00:37:06.567 135162 DEBUG oslo_messaging._drivers.amqpdriver [-] Listener is running poll /usr/lib/python3/dist-packages/oslo_messaging/_drivers/amqpdriver.py:343
2026-06-22 00:37:06.567 135162 DEBUG oslo_messaging._drivers.amqpdriver [-] AMQPListener connection consume poll /usr/lib/python3/dist-packages/oslo_messaging/_drivers/amqpdriver.py:357
2026-06-22 00:37:06.578 135160 DEBUG oslo_messaging._drivers.amqpdriver [-] AMQPListener connection timeout poll /usr/lib/python3/dist-packages/oslo_messaging/_drivers/amqpdriver.py:360
2026-06-22 00:37:06.579 135160 DEBUG oslo_messaging._drivers.amqpdriver [-] Listener is running poll /usr/lib/python3/dist-packages/oslo_messaging/_drivers/amqpdriver.py:343
2026-06-22 00:37:06.579 135160 DEBUG oslo_messaging._drivers.amqpdriver [-] AMQPListener connection consume poll /usr/lib/python3/dist-packages/oslo_messaging/_drivers/amqpdriver.py:357
2026-06-22 00:37:06.589 135161 DEBUG oslo_messaging._drivers.amqpdriver [-] AMQPListener connection timeout poll /usr/lib/python3/dist-packages/oslo_messaging/_drivers/amqpdriver.py:360
2026-06-22 00:37:06.589 135161 DEBUG oslo_messaging._drivers.amqpdriver [-] Listener is running poll /usr/lib/python3/dist-packages/oslo_messaging/_drivers/amqpdriver.py:343
2026-06-22 00:37:06.589 135161 DEBUG oslo_messaging._drivers.amqpdriver [-] AMQPListener connection consume poll /usr/lib/python3/dist-packages/oslo_messaging/_drivers/amqpdriver.py:357
2026-06-22 00:37:08.565 135163 DEBUG oslo_messaging._drivers.amqpdriver [-] AMQPListener connection timeout poll /usr/lib/python3/dist-packages/oslo_messaging/_drivers/amqpdriver.py:360
2026-06-22 00:37:08.566 135163 DEBUG oslo_messaging._drivers.amqpdriver [-] Listener is running poll /usr/lib/python3/dist-packages/oslo_messaging/_drivers/amqpdriver.py:343
2026-06-22 00:37:08.566 135163 DEBUG oslo_messaging._drivers.amqpdriver [-] AMQPListener connection consume poll /usr/lib/python3/dist-packages/oslo_messaging/_drivers/amqpdriver.py:357
2026-06-22 00:37:08.570 135162 DEBUG oslo_messaging._drivers.amqpdriver [-] AMQPListener connection timeout poll /usr/lib/python3/dist-packages/oslo_messaging/_drivers/amqpdriver.py:360
2026-06-22 00:37:08.570 135162 DEBUG oslo_messaging._drivers.amqpdriver [-] Listener is running poll /usr/lib/python3/dist-packages/oslo_messaging/_drivers/amqpdriver.py:343
2026-06-22 00:37:08.570 135162 DEBUG oslo_messaging._drivers.amqpdriver [-] AMQPListener connection consume poll /usr/lib/python3/dist-packages/oslo_messaging/_drivers/amqpdriver.py:357
2026-06-22 00:37:08.580 135160 DEBUG oslo_messaging._drivers.amqpdriver [-] AMQPListener connection timeout poll /usr/lib/python3/dist-packages/oslo_messaging/_drivers/amqpdriver.py:360
2026-06-22 00:37:08.581 135160 DEBUG oslo_messaging._drivers.amqpdriver [-] Listener is running poll /usr/lib/python3/dist-packages/oslo_messaging/_drivers/amqpdriver.py:343
2026-06-22 00:37:08.581 135160 DEBUG oslo_messaging._drivers.amqpdriver [-] AMQPListener connection consume poll /usr/lib/python3/dist-packages/oslo_messaging/_drivers/amqpdriver.py:357
2026-06-22 00:37:08.590 135161 DEBUG oslo_messaging._drivers.amqpdriver [-] AMQPListener connection timeout poll /usr/lib/python3/dist-packages/oslo_messaging/_drivers/amqpdriver.py:360
2026-06-22 00:37:08.590 135161 DEBUG oslo_messaging._drivers.amqpdriver [-] Listener is running poll /usr/lib/python3/dist-packages/oslo_messaging/_drivers/amqpdriver.py:343
2026-06-22 00:37:08.590 135161 DEBUG oslo_messaging._drivers.amqpdriver [-] AMQPListener connection consume poll /usr/lib/python3/dist-packages/oslo_messaging/_drivers/amqpdriver.py:357
2026-06-22 00:37:12.568 135163 DEBUG oslo_messaging._drivers.amqpdriver [-] AMQPListener connection timeout poll /usr/lib/python3/dist-packages/oslo_messaging/_drivers/amqpdriver.py:360
2026-06-22 00:37:12.569 135163 DEBUG oslo_messaging._drivers.amqpdriver [-] Listener is running poll /usr/lib/python3/dist-packages/oslo_messaging/_drivers/amqpdriver.py:343
2026-06-22 00:37:12.569 135163 DEBUG oslo_messaging._drivers.amqpdriver [-] AMQPListener connection consume poll /usr/lib/python3/dist-packages/oslo_messaging/_drivers/amqpdriver.py:357
2026-06-22 00:37:12.573 135162 DEBUG oslo_messaging._drivers.amqpdriver [-] AMQPListener connection timeout poll /usr/lib/python3/dist-packages/oslo_messaging/_drivers/amqpdriver.py:360
2026-06-22 00:37:12.573 135162 DEBUG oslo_messaging._drivers.amqpdriver [-] Listener is running poll /usr/lib/python3/dist-packages/oslo_messaging/_drivers/amqpdriver.py:343
2026-06-22 00:37:12.573 135162 DEBUG oslo_messaging._drivers.amqpdriver [-] AMQPListener connection consume poll /usr/lib/python3/dist-packages/oslo_messaging/_drivers/amqpdriver.py:357
2026-06-22 00:37:12.583 135160 DEBUG oslo_messaging._drivers.amqpdriver [-] AMQPListener connection timeout poll /usr/lib/python3/dist-packages/oslo_messaging/_drivers/amqpdriver.py:360
2026-06-22 00:37:12.584 135160 DEBUG oslo_messaging._drivers.amqpdriver [-] Listener is running poll /usr/lib/python3/dist-packages/oslo_messaging/_drivers/amqpdriver.py:343
2026-06-22 00:37:12.584 135160 DEBUG oslo_messaging._drivers.amqpdriver [-] AMQPListener connection consume poll /usr/lib/python3/dist-packages/oslo_messaging/_drivers/amqpdriver.py:357
2026-06-22 00:37:12.593 135161 DEBUG oslo_messaging._drivers.amqpdriver [-] AMQPListener connection timeout poll /usr/lib/python3/dist-packages/oslo_messaging/_drivers/amqpdriver.py:360
2026-06-22 00:37:12.594 135161 DEBUG oslo_messaging._drivers.amqpdriver [-] Listener is running poll /usr/lib/python3/dist-packages/oslo_messaging/_drivers/amqpdriver.py:343
2026-06-22 00:37:12.594 135161 DEBUG oslo_messaging._drivers.amqpdriver [-] AMQPListener connection consume poll /usr/lib/python3/dist-packages/oslo_messaging/_drivers/amqpdriver.py:357
2026-06-22 00:37:12.691 135162 DEBUG oslo_messaging._drivers.amqpdriver [-] received message msg_id: b10e89cfd66243adb71462c26bbd9ba0 reply to reply_ea37e105ee144384a239128b28c4705c __call__ /usr/lib/python3/dist-packages/oslo_messaging/_drivers/amqpdriver.py:320
2026-06-22 00:37:12.692 135162 DEBUG oslo_messaging._drivers.amqpdriver [-] Listener is running poll /usr/lib/python3/dist-packages/oslo_messaging/_drivers/amqpdriver.py:343
2026-06-22 00:37:12.692 135162 DEBUG oslo_messaging._drivers.amqpdriver [-] Poll the incoming message with unique_id: 93dc568c398c4f7a811dc1dd3db2ce43 poll /usr/lib/python3/dist-packages/oslo_messaging/_drivers/amqpdriver.py:346
2026-06-22 00:37:12.692 135162 DEBUG oslo_messaging._drivers.amqpdriver [-] Listener is running poll /usr/lib/python3/dist-packages/oslo_messaging/_drivers/amqpdriver.py:343
2026-06-22 00:37:12.692 135162 DEBUG oslo_messaging._drivers.amqpdriver [-] AMQPListener connection consume poll /usr/lib/python3/dist-packages/oslo_messaging/_drivers/amqpdriver.py:357
2026-06-22 00:37:12.695 135162 DEBUG oslo_messaging._drivers.amqpdriver [-] AMQPListener connection timeout poll /usr/lib/python3/dist-packages/oslo_messaging/_drivers/amqpdriver.py:360
2026-06-22 00:37:12.695 135162 DEBUG oslo_messaging._drivers.amqpdriver [-] Listener is running poll /usr/lib/python3/dist-packages/oslo_messaging/_drivers/amqpdriver.py:343
2026-06-22 00:37:12.695 135162 DEBUG oslo_messaging._drivers.amqpdriver [-] AMQPListener connection consume poll /usr/lib/python3/dist-packages/oslo_messaging/_drivers/amqpdriver.py:357
2026-06-22 00:37:12.697 135162 DEBUG oslo_messaging._drivers.amqpdriver [req-f91737b1-9c88-41cb-9395-de1ff47fdb44 - - - - -] sending reply msg_id: b10e89cfd66243adb71462c26bbd9ba0 reply queue: reply_ea37e105ee144384a239128b28c4705c time elapsed: 0.0059195110002292495s _send_reply /usr/lib/python3/dist-packages/oslo_messaging/_drivers/amqpdriver.py:118
2026-06-22 00:37:13.696 135162 DEBUG oslo_messaging._drivers.amqpdriver [-] AMQPListener connection timeout poll /usr/lib/python3/dist-packages/oslo_messaging/_drivers/amqpdriver.py:360
2026-06-22 00:37:13.697 135162 DEBUG oslo_messaging._drivers.amqpdriver [-] Listener is running poll /usr/lib/python3/dist-packages/oslo_messaging/_drivers/amqpdriver.py:343
2026-06-22 00:37:13.697 135162 DEBUG oslo_messaging._drivers.amqpdriver [-] AMQPListener connection consume poll /usr/lib/python3/dist-packages/oslo_messaging/_drivers/amqpdriver.py:357
2026-06-22 00:37:14.812 135163 DEBUG oslo_messaging._drivers.amqpdriver [-] received message msg_id: 8fde90699f2f4434a620139782dbd9f7 reply to reply_ea37e105ee144384a239128b28c4705c __call__ /usr/lib/python3/dist-packages/oslo_messaging/_drivers/amqpdriver.py:320
2026-06-22 00:37:14.812 135163 DEBUG oslo_messaging._drivers.amqpdriver [-] Listener is running poll /usr/lib/python3/dist-packages/oslo_messaging/_drivers/amqpdriver.py:343
2026-06-22 00:37:14.813 135163 DEBUG oslo_messaging._drivers.amqpdriver [-] Poll the incoming message with unique_id: 8def7bf8f02947519ac04530effc285f poll /usr/lib/python3/dist-packages/oslo_messaging/_drivers/amqpdriver.py:346
2026-06-22 00:37:14.813 135163 DEBUG oslo_messaging._drivers.amqpdriver [-] Listener is running poll /usr/lib/python3/dist-packages/oslo_messaging/_drivers/amqpdriver.py:343
2026-06-22 00:37:14.813 135163 DEBUG oslo_messaging._drivers.amqpdriver [-] AMQPListener connection consume poll /usr/lib/python3/dist-packages/oslo_messaging/_drivers/amqpdriver.py:357
2026-06-22 00:37:14.815 135163 DEBUG oslo_messaging._drivers.amqpdriver [-] AMQPListener connection timeout poll /usr/lib/python3/dist-packages/oslo_messaging/_drivers/amqpdriver.py:360
2026-06-22 00:37:14.815 135163 DEBUG oslo_messaging._drivers.amqpdriver [-] Listener is running poll /usr/lib/python3/dist-packages/oslo_messaging/_drivers/amqpdriver.py:343
2026-06-22 00:37:14.815 135163 DEBUG oslo_messaging._drivers.amqpdriver [-] AMQPListener connection consume poll /usr/lib/python3/dist-packages/oslo_messaging/_drivers/amqpdriver.py:357
2026-06-22 00:37:14.823 135163 DEBUG oslo_messaging._drivers.amqpdriver [req-11356171-e083-4fdb-8743-020fc1467025 - - - - -] sending reply msg_id: 8fde90699f2f4434a620139782dbd9f7 reply queue: reply_ea37e105ee144384a239128b28c4705c time elapsed: 0.010194354999839561s _send_reply /usr/lib/python3/dist-packages/oslo_messaging/_drivers/amqpdriver.py:118
2026-06-22 00:37:15.006 135160 DEBUG oslo_messaging._drivers.amqpdriver [-] received message msg_id: 6260d718ba3a4720a36b61054b7053cb reply to reply_ea37e105ee144384a239128b28c4705c __call__ /usr/lib/python3/dist-packages/oslo_messaging/_drivers/amqpdriver.py:320
2026-06-22 00:37:15.007 135160 DEBUG oslo_messaging._drivers.amqpdriver [-] Listener is running poll /usr/lib/python3/dist-packages/oslo_messaging/_drivers/amqpdriver.py:343
2026-06-22 00:37:15.007 135160 DEBUG oslo_messaging._drivers.amqpdriver [-] Poll the incoming message with unique_id: 51a3520e385d4e558c07587443cc8ac7 poll /usr/lib/python3/dist-packages/oslo_messaging/_drivers/amqpdriver.py:346
2026-06-22 00:37:15.007 135160 DEBUG oslo_messaging._drivers.amqpdriver [-] Listener is running poll /usr/lib/python3/dist-packages/oslo_messaging/_drivers/amqpdriver.py:343
2026-06-22 00:37:15.008 135160 DEBUG oslo_messaging._drivers.amqpdriver [-] AMQPListener connection consume poll /usr/lib/python3/dist-packages/oslo_messaging/_drivers/amqpdriver.py:357
2026-06-22 00:37:15.010 135160 DEBUG oslo_messaging._drivers.amqpdriver [-] AMQPListener connection timeout poll /usr/lib/python3/dist-packages/oslo_messaging/_drivers/amqpdriver.py:360
2026-06-22 00:37:15.010 135160 DEBUG oslo_messaging._drivers.amqpdriver [-] Listener is running poll /usr/lib/python3/dist-packages/oslo_messaging/_drivers/amqpdriver.py:343
2026-06-22 00:37:15.011 135160 DEBUG oslo_messaging._drivers.amqpdriver [-] AMQPListener connection consume poll /usr/lib/python3/dist-packages/oslo_messaging/_drivers/amqpdriver.py:357
2026-06-22 00:37:15.013 135160 DEBUG oslo_messaging.rpc.server [req-fc24694a-535f-4822-ad3e-049050916046 - - - - -] Expected exception during message handling () _process_incoming /usr/lib/python3/dist-packages/oslo_messaging/rpc/server.py:171
2026-06-22 00:37:15.019 135160 DEBUG oslo_messaging._drivers.amqpdriver [req-fc24694a-535f-4822-ad3e-049050916046 - - - - -] sending reply msg_id: 6260d718ba3a4720a36b61054b7053cb reply queue: reply_ea37e105ee144384a239128b28c4705c time elapsed: 0.01238763800029119s _send_reply /usr/lib/python3/dist-packages/oslo_messaging/_drivers/amqpdriver.py:118
2026-06-22 00:37:15.698 135162 DEBUG oslo_messaging._drivers.amqpdriver [-] AMQPListener connection timeout poll /usr/lib/python3/dist-packages/oslo_messaging/_drivers/amqpdriver.py:360
2026-06-22 00:37:15.698 135162 DEBUG oslo_messaging._drivers.amqpdriver [-] Listener is running poll /usr/lib/python3/dist-packages/oslo_messaging/_drivers/amqpdriver.py:343
2026-06-22 00:37:15.698 135162 DEBUG oslo_messaging._drivers.amqpdriver [-] AMQPListener connection consume poll /usr/lib/python3/dist-packages/oslo_messaging/_drivers/amqpdriver.py:357
2026-06-22 00:37:15.817 135163 DEBUG oslo_messaging._drivers.amqpdriver [-] AMQPListener connection timeout poll /usr/lib/python3/dist-packages/oslo_messaging/_drivers/amqpdriver.py:360
2026-06-22 00:37:15.817 135163 DEBUG oslo_messaging._drivers.amqpdriver [-] Listener is running poll /usr/lib/python3/dist-packages/oslo_messaging/_drivers/amqpdriver.py:343
2026-06-22 00:37:15.817 135163 DEBUG oslo_messaging._drivers.amqpdriver [-] AMQPListener connection consume poll /usr/lib/python3/dist-packages/oslo_messaging/_drivers/amqpdriver.py:357
2026-06-22 00:37:16.012 135160 DEBUG oslo_messaging._drivers.amqpdriver [-] AMQPListener connection timeout poll /usr/lib/python3/dist-packages/oslo_messaging/_drivers/amqpdriver.py:360
2026-06-22 00:37:16.013 135160 DEBUG oslo_messaging._drivers.amqpdriver [-] Listener is running poll /usr/lib/python3/dist-packages/oslo_messaging/_drivers/amqpdriver.py:343
2026-06-22 00:37:16.013 135160 DEBUG oslo_messaging._drivers.amqpdriver [-] AMQPListener connection consume poll /usr/lib/python3/dist-packages/oslo_messaging/_drivers/amqpdriver.py:357
2026-06-22 00:37:17.006 134342 INFO oslo_service.service [req-939fa5cf-9998-4314-821b-c6f44442d134 - - - - -] Caught SIGTERM, stopping children
2026-06-22 00:37:17.007 134342 DEBUG oslo_concurrency.lockutils [req-939fa5cf-9998-4314-821b-c6f44442d134 - - - - -] Acquired lock "singleton_lock" lock /usr/lib/python3/dist-packages/oslo_concurrency/lockutils.py:294
2026-06-22 00:37:17.007 134342 DEBUG oslo_concurrency.lockutils [req-939fa5cf-9998-4314-821b-c6f44442d134 - - - - -] Releasing lock "singleton_lock" lock /usr/lib/python3/dist-packages/oslo_concurrency/lockutils.py:312
2026-06-22 00:37:17.007 134342 DEBUG oslo_service.service [req-939fa5cf-9998-4314-821b-c6f44442d134 - - - - -] Stop services. stop /usr/lib/python3/dist-packages/oslo_service/service.py:695
2026-06-22 00:37:17.008 134342 DEBUG oslo_service.service [req-939fa5cf-9998-4314-821b-c6f44442d134 - - - - -] Killing children. stop /usr/lib/python3/dist-packages/oslo_service/service.py:700
2026-06-22 00:37:17.008 134342 INFO oslo_service.service [req-939fa5cf-9998-4314-821b-c6f44442d134 - - - - -] Waiting on 4 children to exit
2026-06-22 00:37:17.015 134342 INFO oslo_service.service [req-939fa5cf-9998-4314-821b-c6f44442d134 - - - - -] Child 135160 killed by signal 15
2026-06-22 00:37:17.015 134342 INFO oslo_service.service [req-939fa5cf-9998-4314-821b-c6f44442d134 - - - - -] Child 135161 killed by signal 15
2026-06-22 00:37:17.016 134342 INFO oslo_service.service [req-939fa5cf-9998-4314-821b-c6f44442d134 - - - - -] Child 135163 killed by signal 15
2026-06-22 00:37:17.017 134342 INFO oslo_service.service [req-939fa5cf-9998-4314-821b-c6f44442d134 - - - - -] Child 135162 killed by signal 15
2026-06-22 00:37:20.516 139969 DEBUG oslo_db.sqlalchemy.engines [req-42650d06-953d-40d0-9e7b-cddd3f4c72ee - - - - -] MySQL server mode set to STRICT_TRANS_TABLES,STRICT_ALL_TABLES,NO_ZERO_IN_DATE,NO_ZERO_DATE,ERROR_FOR_DIVISION_BY_ZERO,TRADITIONAL,NO_ENGINE_SUBSTITUTION _check_effective_sql_mode /usr/lib/python3/dist-packages/oslo_db/sqlalchemy/engines.py:314
2026-06-22 00:37:20.616 139969 DEBUG nova.context [req-42650d06-953d-40d0-9e7b-cddd3f4c72ee - - - - -] Found 2 cells: 00000000-0000-0000-0000-000000000000(cell0),5965d18c-52ec-4d08-a003-bb8c06580058(cell1) load_cells /usr/lib/python3/dist-packages/nova/context.py:464
2026-06-22 00:37:20.619 139969 DEBUG oslo_concurrency.lockutils [req-42650d06-953d-40d0-9e7b-cddd3f4c72ee - - - - -] Lock "00000000-0000-0000-0000-000000000000" acquired by "nova.context.set_target_cell..get_or_set_cached_cell_and_set_connections" :: waited 0.000s inner /usr/lib/python3/dist-packages/oslo_concurrency/lockutils.py:386
2026-06-22 00:37:20.620 139969 DEBUG oslo_concurrency.lockutils [req-42650d06-953d-40d0-9e7b-cddd3f4c72ee - - - - -] Lock "00000000-0000-0000-0000-000000000000" "released" by "nova.context.set_target_cell..get_or_set_cached_cell_and_set_connections" :: held 0.001s inner /usr/lib/python3/dist-packages/oslo_concurrency/lockutils.py:400
2026-06-22 00:37:20.620 139969 DEBUG oslo_concurrency.lockutils [req-42650d06-953d-40d0-9e7b-cddd3f4c72ee - - - - -] Lock "5965d18c-52ec-4d08-a003-bb8c06580058" acquired by "nova.context.set_target_cell..get_or_set_cached_cell_and_set_connections" :: waited 0.000s inner /usr/lib/python3/dist-packages/oslo_concurrency/lockutils.py:386
2026-06-22 00:37:20.621 139969 DEBUG oslo_concurrency.lockutils [req-42650d06-953d-40d0-9e7b-cddd3f4c72ee - - - - -] Lock "5965d18c-52ec-4d08-a003-bb8c06580058" "released" by "nova.context.set_target_cell..get_or_set_cached_cell_and_set_connections" :: held 0.001s inner /usr/lib/python3/dist-packages/oslo_concurrency/lockutils.py:400
2026-06-22 00:37:20.628 139969 DEBUG oslo_db.sqlalchemy.engines [req-42650d06-953d-40d0-9e7b-cddd3f4c72ee - - - - -] MySQL server mode set to STRICT_TRANS_TABLES,STRICT_ALL_TABLES,NO_ZERO_IN_DATE,NO_ZERO_DATE,ERROR_FOR_DIVISION_BY_ZERO,TRADITIONAL,NO_ENGINE_SUBSTITUTION _check_effective_sql_mode /usr/lib/python3/dist-packages/oslo_db/sqlalchemy/engines.py:314
2026-06-22 00:37:20.630 139969 DEBUG oslo_db.sqlalchemy.engines [req-42650d06-953d-40d0-9e7b-cddd3f4c72ee - - - - -] MySQL server mode set to STRICT_TRANS_TABLES,STRICT_ALL_TABLES,NO_ZERO_IN_DATE,NO_ZERO_DATE,ERROR_FOR_DIVISION_BY_ZERO,TRADITIONAL,NO_ENGINE_SUBSTITUTION _check_effective_sql_mode /usr/lib/python3/dist-packages/oslo_db/sqlalchemy/engines.py:314
2026-06-22 00:37:20.699 139969 DEBUG oslo_concurrency.lockutils [req-42650d06-953d-40d0-9e7b-cddd3f4c72ee - - - - -] Acquired lock "singleton_lock" lock /usr/lib/python3/dist-packages/oslo_concurrency/lockutils.py:294
2026-06-22 00:37:20.700 139969 DEBUG oslo_concurrency.lockutils [req-42650d06-953d-40d0-9e7b-cddd3f4c72ee - - - - -] Releasing lock "singleton_lock" lock /usr/lib/python3/dist-packages/oslo_concurrency/lockutils.py:312
2026-06-22 00:37:20.700 139969 INFO oslo_service.service [req-42650d06-953d-40d0-9e7b-cddd3f4c72ee - - - - -] Starting 4 workers
2026-06-22 00:37:20.704 139969 DEBUG oslo_service.service [req-42650d06-953d-40d0-9e7b-cddd3f4c72ee - - - - -] Started child 140603 _start_child /usr/lib/python3/dist-packages/oslo_service/service.py:575
2026-06-22 00:37:20.708 140603 INFO nova.service [-] Starting conductor node (version 25.2.1)
2026-06-22 00:37:20.709 139969 DEBUG oslo_service.service [req-42650d06-953d-40d0-9e7b-cddd3f4c72ee - - - - -] Started child 140614 _start_child /usr/lib/python3/dist-packages/oslo_service/service.py:575
2026-06-22 00:37:20.712 140614 INFO nova.service [-] Starting conductor node (version 25.2.1)
2026-06-22 00:37:20.713 139969 DEBUG oslo_service.service [req-42650d06-953d-40d0-9e7b-cddd3f4c72ee - - - - -] Started child 140620 _start_child /usr/lib/python3/dist-packages/oslo_service/service.py:575
2026-06-22 00:37:20.717 140620 INFO nova.service [-] Starting conductor node (version 25.2.1)
2026-06-22 00:37:20.718 139969 DEBUG oslo_service.service [req-42650d06-953d-40d0-9e7b-cddd3f4c72ee - - - - -] Started child 140622 _start_child /usr/lib/python3/dist-packages/oslo_service/service.py:575
2026-06-22 00:37:20.719 139969 DEBUG oslo_service.service [req-42650d06-953d-40d0-9e7b-cddd3f4c72ee - - - - -] Full set of CONF: wait /usr/lib/python3/dist-packages/oslo_service/service.py:649
2026-06-22 00:37:20.720 139969 DEBUG oslo_service.service [req-42650d06-953d-40d0-9e7b-cddd3f4c72ee - - - - -] ******************************************************************************** log_opt_values /usr/lib/python3/dist-packages/oslo_config/cfg.py:2589
2026-06-22 00:37:20.720 139969 DEBUG oslo_service.service [req-42650d06-953d-40d0-9e7b-cddd3f4c72ee - - - - -] Configuration options gathered from: log_opt_values /usr/lib/python3/dist-packages/oslo_config/cfg.py:2590
2026-06-22 00:37:20.720 139969 DEBUG oslo_service.service [req-42650d06-953d-40d0-9e7b-cddd3f4c72ee - - - - -] command line args: ['--config-file=/etc/nova/nova.conf', '--log-file=/var/log/nova/nova-conductor.log'] log_opt_values /usr/lib/python3/dist-packages/oslo_config/cfg.py:2591
2026-06-22 00:37:20.720 139969 DEBUG oslo_service.service [req-42650d06-953d-40d0-9e7b-cddd3f4c72ee - - - - -] config files: ['/etc/nova/nova.conf'] log_opt_values /usr/lib/python3/dist-packages/oslo_config/cfg.py:2592
2026-06-22 00:37:20.721 139969 DEBUG oslo_service.service [req-42650d06-953d-40d0-9e7b-cddd3f4c72ee - - - - -] ================================================================================ log_opt_values /usr/lib/python3/dist-packages/oslo_config/cfg.py:2594
2026-06-22 00:37:20.721 139969 DEBUG oslo_service.service [req-42650d06-953d-40d0-9e7b-cddd3f4c72ee - - - - -] allow_resize_to_same_host = False log_opt_values /usr/lib/python3/dist-packages/oslo_config/cfg.py:2602
2026-06-22 00:37:20.721 139969 DEBUG oslo_service.service [req-42650d06-953d-40d0-9e7b-cddd3f4c72ee - - - - -] arq_binding_timeout = 300 log_opt_values /usr/lib/python3/dist-packages/oslo_config/cfg.py:2602
2026-06-22 00:37:20.722 139969 DEBUG oslo_service.service [req-42650d06-953d-40d0-9e7b-cddd3f4c72ee - - - - -] block_device_allocate_retries = 60 log_opt_values /usr/lib/python3/dist-packages/oslo_config/cfg.py:2602
2026-06-22 00:37:20.721 140622 INFO nova.service [-] Starting conductor node (version 25.2.1)
2026-06-22 00:37:20.722 139969 DEBUG oslo_service.service [req-42650d06-953d-40d0-9e7b-cddd3f4c72ee - - - - -] block_device_allocate_retries_interval = 3 log_opt_values /usr/lib/python3/dist-packages/oslo_config/cfg.py:2602
2026-06-22 00:37:20.722 139969 DEBUG oslo_service.service [req-42650d06-953d-40d0-9e7b-cddd3f4c72ee - - - - -] cert = self.pem log_opt_values /usr/lib/python3/dist-packages/oslo_config/cfg.py:2602
2026-06-22 00:37:20.722 139969 DEBUG oslo_service.service [req-42650d06-953d-40d0-9e7b-cddd3f4c72ee - - - - -] compute_driver = libvirt.LibvirtDriver log_opt_values /usr/lib/python3/dist-packages/oslo_config/cfg.py:2602
2026-06-22 00:37:20.723 139969 DEBUG oslo_service.service [req-42650d06-953d-40d0-9e7b-cddd3f4c72ee - - - - -] compute_monitors = [] log_opt_values /usr/lib/python3/dist-packages/oslo_config/cfg.py:2602
2026-06-22 00:37:20.723 139969 DEBUG oslo_service.service [req-42650d06-953d-40d0-9e7b-cddd3f4c72ee - - - - -] config_dir = [] log_opt_values /usr/lib/python3/dist-packages/oslo_config/cfg.py:2602
2026-06-22 00:37:20.723 139969 DEBUG oslo_service.service [req-42650d06-953d-40d0-9e7b-cddd3f4c72ee - - - - -] config_drive_format = iso9660 log_opt_values /usr/lib/python3/dist-packages/oslo_config/cfg.py:2602
2026-06-22 00:37:20.723 139969 DEBUG oslo_service.service [req-42650d06-953d-40d0-9e7b-cddd3f4c72ee - - - - -] config_file = ['/etc/nova/nova.conf'] log_opt_values /usr/lib/python3/dist-packages/oslo_config/cfg.py:2602
2026-06-22 00:37:20.723 140614 DEBUG oslo_db.sqlalchemy.engines [req-5731feb7-1d5e-4aa4-bbfb-716b53d9d3d7 - - - - -] MySQL server mode set to STRICT_TRANS_TABLES,STRICT_ALL_TABLES,NO_ZERO_IN_DATE,NO_ZERO_DATE,ERROR_FOR_DIVISION_BY_ZERO,TRADITIONAL,NO_ENGINE_SUBSTITUTION _check_effective_sql_mode /usr/lib/python3/dist-packages/oslo_db/sqlalchemy/engines.py:314
2026-06-22 00:37:20.723 139969 DEBUG oslo_service.service [req-42650d06-953d-40d0-9e7b-cddd3f4c72ee - - - - -] config_source = [] log_opt_values /usr/lib/python3/dist-packages/oslo_config/cfg.py:2602
2026-06-22 00:37:20.724 139969 DEBUG oslo_service.service [req-42650d06-953d-40d0-9e7b-cddd3f4c72ee - - - - -] console_host = juju-9233b2-0-lxd-7 log_opt_values /usr/lib/python3/dist-packages/oslo_config/cfg.py:2602
2026-06-22 00:37:20.724 139969 DEBUG oslo_service.service [req-42650d06-953d-40d0-9e7b-cddd3f4c72ee - - - - -] control_exchange = nova log_opt_values /usr/lib/python3/dist-packages/oslo_config/cfg.py:2602
2026-06-22 00:37:20.724 139969 DEBUG oslo_service.service [req-42650d06-953d-40d0-9e7b-cddd3f4c72ee - - - - -] cpu_allocation_ratio = 2.0 log_opt_values /usr/lib/python3/dist-packages/oslo_config/cfg.py:2602
2026-06-22 00:37:20.724 139969 DEBUG oslo_service.service [req-42650d06-953d-40d0-9e7b-cddd3f4c72ee - - - - -] daemon = False log_opt_values /usr/lib/python3/dist-packages/oslo_config/cfg.py:2602
2026-06-22 00:37:20.725 139969 DEBUG oslo_service.service [req-42650d06-953d-40d0-9e7b-cddd3f4c72ee - - - - -] debug = True log_opt_values /usr/lib/python3/dist-packages/oslo_config/cfg.py:2602
2026-06-22 00:37:20.725 139969 DEBUG oslo_service.service [req-42650d06-953d-40d0-9e7b-cddd3f4c72ee - - - - -] default_access_ip_network_name = None log_opt_values /usr/lib/python3/dist-packages/oslo_config/cfg.py:2602
2026-06-22 00:37:20.725 139969 DEBUG oslo_service.service [req-42650d06-953d-40d0-9e7b-cddd3f4c72ee - - - - -] default_availability_zone = nova log_opt_values /usr/lib/python3/dist-packages/oslo_config/cfg.py:2602
2026-06-22 00:37:20.725 139969 DEBUG oslo_service.service [req-42650d06-953d-40d0-9e7b-cddd3f4c72ee - - - - -] default_ephemeral_format = None log_opt_values /usr/lib/python3/dist-packages/oslo_config/cfg.py:2602
2026-06-22 00:37:20.725 139969 DEBUG oslo_service.service [req-42650d06-953d-40d0-9e7b-cddd3f4c72ee - - - - -] default_log_levels = ['amqp=WARN', 'amqplib=WARN', 'boto=WARN', 'qpid=WARN', 'sqlalchemy=WARN', 'suds=INFO', 'oslo.messaging=INFO', 'oslo_messaging=DEBUG', 'iso8601=WARN', 'requests.packages.urllib3.connectionpool=WARN', 'urllib3.connectionpool=WARN', 'websocket=WARN', 'requests.packages.urllib3.util.retry=WARN', 'urllib3.util.retry=WARN', 'keystonemiddleware=WARN', 'routes.middleware=WARN', 'stevedore=WARN', 'taskflow=WARN', 'keystoneauth=WARN', 'oslo.cache=INFO', 'dogpile.core.dogpile=INFO', 'glanceclient=WARN', 'oslo.privsep.daemon=INFO'] log_opt_values /usr/lib/python3/dist-packages/oslo_config/cfg.py:2602
2026-06-22 00:37:20.726 139969 DEBUG oslo_service.service [req-42650d06-953d-40d0-9e7b-cddd3f4c72ee - - - - -] default_schedule_zone = None log_opt_values /usr/lib/python3/dist-packages/oslo_config/cfg.py:2602
2026-06-22 00:37:20.726 139969 DEBUG oslo_service.service [req-42650d06-953d-40d0-9e7b-cddd3f4c72ee - - - - -] disk_allocation_ratio = 1.0 log_opt_values /usr/lib/python3/dist-packages/oslo_config/cfg.py:2602
2026-06-22 00:37:20.726 139969 DEBUG oslo_service.service [req-42650d06-953d-40d0-9e7b-cddd3f4c72ee - - - - -] enable_new_services = True log_opt_values /usr/lib/python3/dist-packages/oslo_config/cfg.py:2602
2026-06-22 00:37:20.726 139969 DEBUG oslo_service.service [req-42650d06-953d-40d0-9e7b-cddd3f4c72ee - - - - -] enabled_apis = ['osapi_compute', 'metadata'] log_opt_values /usr/lib/python3/dist-packages/oslo_config/cfg.py:2602
2026-06-22 00:37:20.726 139969 DEBUG oslo_service.service [req-42650d06-953d-40d0-9e7b-cddd3f4c72ee - - - - -] enabled_ssl_apis = [] log_opt_values /usr/lib/python3/dist-packages/oslo_config/cfg.py:2602
2026-06-22 00:37:20.726 139969 DEBUG oslo_service.service [req-42650d06-953d-40d0-9e7b-cddd3f4c72ee - - - - -] fatal_deprecations = False log_opt_values /usr/lib/python3/dist-packages/oslo_config/cfg.py:2602
2026-06-22 00:37:20.726 139969 DEBUG oslo_service.service [req-42650d06-953d-40d0-9e7b-cddd3f4c72ee - - - - -] flat_injected = False log_opt_values /usr/lib/python3/dist-packages/oslo_config/cfg.py:2602
2026-06-22 00:37:20.727 139969 DEBUG oslo_service.service [req-42650d06-953d-40d0-9e7b-cddd3f4c72ee - - - - -] force_config_drive = False log_opt_values /usr/lib/python3/dist-packages/oslo_config/cfg.py:2602
2026-06-22 00:37:20.727 139969 DEBUG oslo_service.service [req-42650d06-953d-40d0-9e7b-cddd3f4c72ee - - - - -] force_raw_images = True log_opt_values /usr/lib/python3/dist-packages/oslo_config/cfg.py:2602
2026-06-22 00:37:20.727 139969 DEBUG oslo_service.service [req-42650d06-953d-40d0-9e7b-cddd3f4c72ee - - - - -] graceful_shutdown_timeout = 60 log_opt_values /usr/lib/python3/dist-packages/oslo_config/cfg.py:2602
2026-06-22 00:37:20.727 139969 DEBUG oslo_service.service [req-42650d06-953d-40d0-9e7b-cddd3f4c72ee - - - - -] heal_instance_info_cache_interval = 60 log_opt_values /usr/lib/python3/dist-packages/oslo_config/cfg.py:2602
2026-06-22 00:37:20.727 139969 DEBUG oslo_service.service [req-42650d06-953d-40d0-9e7b-cddd3f4c72ee - - - - -] host = juju-9233b2-0-lxd-7 log_opt_values /usr/lib/python3/dist-packages/oslo_config/cfg.py:2602
2026-06-22 00:37:20.728 139969 DEBUG oslo_service.service [req-42650d06-953d-40d0-9e7b-cddd3f4c72ee - - - - -] initial_cpu_allocation_ratio = 16.0 log_opt_values /usr/lib/python3/dist-packages/oslo_config/cfg.py:2602
2026-06-22 00:37:20.728 139969 DEBUG oslo_service.service [req-42650d06-953d-40d0-9e7b-cddd3f4c72ee - - - - -] initial_disk_allocation_ratio = 1.0 log_opt_values /usr/lib/python3/dist-packages/oslo_config/cfg.py:2602
2026-06-22 00:37:20.728 139969 DEBUG oslo_service.service [req-42650d06-953d-40d0-9e7b-cddd3f4c72ee - - - - -] initial_ram_allocation_ratio = 1.5 log_opt_values /usr/lib/python3/dist-packages/oslo_config/cfg.py:2602
2026-06-22 00:37:20.728 139969 DEBUG oslo_service.service [req-42650d06-953d-40d0-9e7b-cddd3f4c72ee - - - - -] injected_network_template = /usr/lib/python3/dist-packages/nova/virt/interfaces.template log_opt_values /usr/lib/python3/dist-packages/oslo_config/cfg.py:2602
2026-06-22 00:37:20.729 139969 DEBUG oslo_service.service [req-42650d06-953d-40d0-9e7b-cddd3f4c72ee - - - - -] instance_build_timeout = 0 log_opt_values /usr/lib/python3/dist-packages/oslo_config/cfg.py:2602
2026-06-22 00:37:20.729 139969 DEBUG oslo_service.service [req-42650d06-953d-40d0-9e7b-cddd3f4c72ee - - - - -] instance_delete_interval = 300 log_opt_values /usr/lib/python3/dist-packages/oslo_config/cfg.py:2602
2026-06-22 00:37:20.729 139969 DEBUG oslo_service.service [req-42650d06-953d-40d0-9e7b-cddd3f4c72ee - - - - -] instance_format = [instance: %(uuid)s] log_opt_values /usr/lib/python3/dist-packages/oslo_config/cfg.py:2602
2026-06-22 00:37:20.729 139969 DEBUG oslo_service.service [req-42650d06-953d-40d0-9e7b-cddd3f4c72ee - - - - -] instance_name_template = instance-%08x log_opt_values /usr/lib/python3/dist-packages/oslo_config/cfg.py:2602
2026-06-22 00:37:20.729 139969 DEBUG oslo_service.service [req-42650d06-953d-40d0-9e7b-cddd3f4c72ee - - - - -] instance_usage_audit = False log_opt_values /usr/lib/python3/dist-packages/oslo_config/cfg.py:2602
2026-06-22 00:37:20.729 139969 DEBUG oslo_service.service [req-42650d06-953d-40d0-9e7b-cddd3f4c72ee - - - - -] instance_usage_audit_period = month log_opt_values /usr/lib/python3/dist-packages/oslo_config/cfg.py:2602
2026-06-22 00:37:20.729 140620 DEBUG oslo_db.sqlalchemy.engines [req-48020200-2bc9-4ea6-a4ae-6a7e92345fa3 - - - - -] MySQL server mode set to STRICT_TRANS_TABLES,STRICT_ALL_TABLES,NO_ZERO_IN_DATE,NO_ZERO_DATE,ERROR_FOR_DIVISION_BY_ZERO,TRADITIONAL,NO_ENGINE_SUBSTITUTION _check_effective_sql_mode /usr/lib/python3/dist-packages/oslo_db/sqlalchemy/engines.py:314
2026-06-22 00:37:20.730 139969 DEBUG oslo_service.service [req-42650d06-953d-40d0-9e7b-cddd3f4c72ee - - - - -] instance_uuid_format = [instance: %(uuid)s] log_opt_values /usr/lib/python3/dist-packages/oslo_config/cfg.py:2602
2026-06-22 00:37:20.730 139969 DEBUG oslo_service.service [req-42650d06-953d-40d0-9e7b-cddd3f4c72ee - - - - -] instances_path = /var/lib/nova/instances log_opt_values /usr/lib/python3/dist-packages/oslo_config/cfg.py:2602
2026-06-22 00:37:20.730 139969 DEBUG oslo_service.service [req-42650d06-953d-40d0-9e7b-cddd3f4c72ee - - - - -] internal_service_availability_zone = internal log_opt_values /usr/lib/python3/dist-packages/oslo_config/cfg.py:2602
2026-06-22 00:37:20.730 139969 DEBUG oslo_service.service [req-42650d06-953d-40d0-9e7b-cddd3f4c72ee - - - - -] key = None log_opt_values /usr/lib/python3/dist-packages/oslo_config/cfg.py:2602
2026-06-22 00:37:20.730 139969 DEBUG oslo_service.service [req-42650d06-953d-40d0-9e7b-cddd3f4c72ee - - - - -] live_migration_retry_count = 30 log_opt_values /usr/lib/python3/dist-packages/oslo_config/cfg.py:2602
2026-06-22 00:37:20.730 139969 DEBUG oslo_service.service [req-42650d06-953d-40d0-9e7b-cddd3f4c72ee - - - - -] log_config_append = None log_opt_values /usr/lib/python3/dist-packages/oslo_config/cfg.py:2602
2026-06-22 00:37:20.731 139969 DEBUG oslo_service.service [req-42650d06-953d-40d0-9e7b-cddd3f4c72ee - - - - -] log_date_format = %Y-%m-%d %H:%M:%S log_opt_values /usr/lib/python3/dist-packages/oslo_config/cfg.py:2602
2026-06-22 00:37:20.731 139969 DEBUG oslo_service.service [req-42650d06-953d-40d0-9e7b-cddd3f4c72ee - - - - -] log_dir = /var/log/nova log_opt_values /usr/lib/python3/dist-packages/oslo_config/cfg.py:2602
2026-06-22 00:37:20.731 139969 DEBUG oslo_service.service [req-42650d06-953d-40d0-9e7b-cddd3f4c72ee - - - - -] log_file = /var/log/nova/nova-conductor.log log_opt_values /usr/lib/python3/dist-packages/oslo_config/cfg.py:2602
2026-06-22 00:37:20.731 139969 DEBUG oslo_service.service [req-42650d06-953d-40d0-9e7b-cddd3f4c72ee - - - - -] log_options = True log_opt_values /usr/lib/python3/dist-packages/oslo_config/cfg.py:2602
2026-06-22 00:37:20.731 139969 DEBUG oslo_service.service [req-42650d06-953d-40d0-9e7b-cddd3f4c72ee - - - - -] log_rotate_interval = 1 log_opt_values /usr/lib/python3/dist-packages/oslo_config/cfg.py:2602
2026-06-22 00:37:20.731 139969 DEBUG oslo_service.service [req-42650d06-953d-40d0-9e7b-cddd3f4c72ee - - - - -] log_rotate_interval_type = days log_opt_values /usr/lib/python3/dist-packages/oslo_config/cfg.py:2602
2026-06-22 00:37:20.732 139969 DEBUG oslo_service.service [req-42650d06-953d-40d0-9e7b-cddd3f4c72ee - - - - -] log_rotation_type = none log_opt_values /usr/lib/python3/dist-packages/oslo_config/cfg.py:2602
2026-06-22 00:37:20.732 139969 DEBUG oslo_service.service [req-42650d06-953d-40d0-9e7b-cddd3f4c72ee - - - - -] logging_context_format_string = %(asctime)s.%(msecs)03d %(process)d %(levelname)s %(name)s [%(request_id)s %(user_identity)s] %(instance)s%(message)s log_opt_values /usr/lib/python3/dist-packages/oslo_config/cfg.py:2602
2026-06-22 00:37:20.732 139969 DEBUG oslo_service.service [req-42650d06-953d-40d0-9e7b-cddd3f4c72ee - - - - -] logging_debug_format_suffix = %(funcName)s %(pathname)s:%(lineno)d log_opt_values /usr/lib/python3/dist-packages/oslo_config/cfg.py:2602
2026-06-22 00:37:20.732 139969 DEBUG oslo_service.service [req-42650d06-953d-40d0-9e7b-cddd3f4c72ee - - - - -] logging_default_format_string = %(asctime)s.%(msecs)03d %(process)d %(levelname)s %(name)s [-] %(instance)s%(message)s log_opt_values /usr/lib/python3/dist-packages/oslo_config/cfg.py:2602
2026-06-22 00:37:20.732 139969 DEBUG oslo_service.service [req-42650d06-953d-40d0-9e7b-cddd3f4c72ee - - - - -] logging_exception_prefix = %(asctime)s.%(msecs)03d %(process)d ERROR %(name)s %(instance)s log_opt_values /usr/lib/python3/dist-packages/oslo_config/cfg.py:2602
2026-06-22 00:37:20.732 139969 DEBUG oslo_service.service [req-42650d06-953d-40d0-9e7b-cddd3f4c72ee - - - - -] logging_user_identity_format = %(user)s %(project)s %(domain)s %(user_domain)s %(project_domain)s log_opt_values /usr/lib/python3/dist-packages/oslo_config/cfg.py:2602
2026-06-22 00:37:20.733 139969 DEBUG oslo_service.service [req-42650d06-953d-40d0-9e7b-cddd3f4c72ee - - - - -] long_rpc_timeout = 1800 log_opt_values /usr/lib/python3/dist-packages/oslo_config/cfg.py:2602
2026-06-22 00:37:20.733 140622 DEBUG oslo_db.sqlalchemy.engines [req-6dbdec3d-86a7-44fa-996b-97d0e6c98db1 - - - - -] MySQL server mode set to STRICT_TRANS_TABLES,STRICT_ALL_TABLES,NO_ZERO_IN_DATE,NO_ZERO_DATE,ERROR_FOR_DIVISION_BY_ZERO,TRADITIONAL,NO_ENGINE_SUBSTITUTION _check_effective_sql_mode /usr/lib/python3/dist-packages/oslo_db/sqlalchemy/engines.py:314
2026-06-22 00:37:20.733 139969 DEBUG oslo_service.service [req-42650d06-953d-40d0-9e7b-cddd3f4c72ee - - - - -] max_concurrent_builds = 10 log_opt_values /usr/lib/python3/dist-packages/oslo_config/cfg.py:2602
2026-06-22 00:37:20.733 139969 DEBUG oslo_service.service [req-42650d06-953d-40d0-9e7b-cddd3f4c72ee - - - - -] max_concurrent_live_migrations = 1 log_opt_values /usr/lib/python3/dist-packages/oslo_config/cfg.py:2602
2026-06-22 00:37:20.733 139969 DEBUG oslo_service.service [req-42650d06-953d-40d0-9e7b-cddd3f4c72ee - - - - -] max_concurrent_snapshots = 5 log_opt_values /usr/lib/python3/dist-packages/oslo_config/cfg.py:2602
2026-06-22 00:37:20.733 139969 DEBUG oslo_service.service [req-42650d06-953d-40d0-9e7b-cddd3f4c72ee - - - - -] max_local_block_devices = 3 log_opt_values /usr/lib/python3/dist-packages/oslo_config/cfg.py:2602
2026-06-22 00:37:20.734 139969 DEBUG oslo_service.service [req-42650d06-953d-40d0-9e7b-cddd3f4c72ee - - - - -] max_logfile_count = 30 log_opt_values /usr/lib/python3/dist-packages/oslo_config/cfg.py:2602
2026-06-22 00:37:20.734 139969 DEBUG oslo_service.service [req-42650d06-953d-40d0-9e7b-cddd3f4c72ee - - - - -] max_logfile_size_mb = 200 log_opt_values /usr/lib/python3/dist-packages/oslo_config/cfg.py:2602
2026-06-22 00:37:20.734 139969 DEBUG oslo_service.service [req-42650d06-953d-40d0-9e7b-cddd3f4c72ee - - - - -] maximum_instance_delete_attempts = 5 log_opt_values /usr/lib/python3/dist-packages/oslo_config/cfg.py:2602
2026-06-22 00:37:20.734 139969 DEBUG oslo_service.service [req-42650d06-953d-40d0-9e7b-cddd3f4c72ee - - - - -] metadata_listen = 0.0.0.0 log_opt_values /usr/lib/python3/dist-packages/oslo_config/cfg.py:2602
2026-06-22 00:37:20.734 139969 DEBUG oslo_service.service [req-42650d06-953d-40d0-9e7b-cddd3f4c72ee - - - - -] metadata_listen_port = 8765 log_opt_values /usr/lib/python3/dist-packages/oslo_config/cfg.py:2602
2026-06-22 00:37:20.735 139969 DEBUG oslo_service.service [req-42650d06-953d-40d0-9e7b-cddd3f4c72ee - - - - -] metadata_workers = None log_opt_values /usr/lib/python3/dist-packages/oslo_config/cfg.py:2602
2026-06-22 00:37:20.735 139969 DEBUG oslo_service.service [req-42650d06-953d-40d0-9e7b-cddd3f4c72ee - - - - -] migrate_max_retries = -1 log_opt_values /usr/lib/python3/dist-packages/oslo_config/cfg.py:2602
2026-06-22 00:37:20.735 139969 DEBUG oslo_service.service [req-42650d06-953d-40d0-9e7b-cddd3f4c72ee - - - - -] mkisofs_cmd = genisoimage log_opt_values /usr/lib/python3/dist-packages/oslo_config/cfg.py:2602
2026-06-22 00:37:20.735 139969 DEBUG oslo_service.service [req-42650d06-953d-40d0-9e7b-cddd3f4c72ee - - - - -] my_block_storage_ip = 252.129.232.88 log_opt_values /usr/lib/python3/dist-packages/oslo_config/cfg.py:2602
2026-06-22 00:37:20.735 139969 DEBUG oslo_service.service [req-42650d06-953d-40d0-9e7b-cddd3f4c72ee - - - - -] my_ip = 252.129.232.88 log_opt_values /usr/lib/python3/dist-packages/oslo_config/cfg.py:2602
2026-06-22 00:37:20.736 139969 DEBUG oslo_service.service [req-42650d06-953d-40d0-9e7b-cddd3f4c72ee - - - - -] network_allocate_retries = 0 log_opt_values /usr/lib/python3/dist-packages/oslo_config/cfg.py:2602
2026-06-22 00:37:20.736 139969 DEBUG oslo_service.service [req-42650d06-953d-40d0-9e7b-cddd3f4c72ee - - - - -] non_inheritable_image_properties = ['cache_in_nova', 'bittorrent'] log_opt_values /usr/lib/python3/dist-packages/oslo_config/cfg.py:2602
2026-06-22 00:37:20.736 139969 DEBUG oslo_service.service [req-42650d06-953d-40d0-9e7b-cddd3f4c72ee - - - - -] osapi_compute_listen = 0.0.0.0 log_opt_values /usr/lib/python3/dist-packages/oslo_config/cfg.py:2602
2026-06-22 00:37:20.736 139969 DEBUG oslo_service.service [req-42650d06-953d-40d0-9e7b-cddd3f4c72ee - - - - -] osapi_compute_listen_port = 8764 log_opt_values /usr/lib/python3/dist-packages/oslo_config/cfg.py:2602
2026-06-22 00:37:20.737 139969 DEBUG oslo_service.service [req-42650d06-953d-40d0-9e7b-cddd3f4c72ee - - - - -] osapi_compute_unique_server_name_scope = log_opt_values /usr/lib/python3/dist-packages/oslo_config/cfg.py:2602
2026-06-22 00:37:20.737 139969 DEBUG oslo_service.service [req-42650d06-953d-40d0-9e7b-cddd3f4c72ee - - - - -] osapi_compute_workers = 4 log_opt_values /usr/lib/python3/dist-packages/oslo_config/cfg.py:2602
2026-06-22 00:37:20.737 139969 DEBUG oslo_service.service [req-42650d06-953d-40d0-9e7b-cddd3f4c72ee - - - - -] password_length = 12 log_opt_values /usr/lib/python3/dist-packages/oslo_config/cfg.py:2602
2026-06-22 00:37:20.737 139969 DEBUG oslo_service.service [req-42650d06-953d-40d0-9e7b-cddd3f4c72ee - - - - -] periodic_enable = True log_opt_values /usr/lib/python3/dist-packages/oslo_config/cfg.py:2602
2026-06-22 00:37:20.737 139969 DEBUG oslo_service.service [req-42650d06-953d-40d0-9e7b-cddd3f4c72ee - - - - -] periodic_fuzzy_delay = 60 log_opt_values /usr/lib/python3/dist-packages/oslo_config/cfg.py:2602
