2026-06-22 02:12:55.672 30 DEBUG neutron.db.agents_db [None req-399fd773-9d07-4fa4-a252-e2c407f6e40c - - - - - -] Agent healthcheck: found 2 active agents agent_health_check /var/lib/kolla/venv/lib64/python3.9/site-packages/neutron/db/agents_db.py:317
2026-06-22 02:13:08.851 28 DEBUG neutron_lib.callbacks.manager [None req-5e29ae39-ae73-49cf-b4c9-c47eef01a1ca - - - - - -] Publish callbacks ['neutron.services.segments.db._update_segment_host_mapping_for_agent-8738232205689', 'neutron.plugins.ml2.plugin.Ml2Plugin._retry_binding_revived_agents-8170824'] for agent (e1d3400e-7c4d-4c47-93d3-57dd8c1d0d4c), after_update _notify_loop /var/lib/kolla/venv/lib64/python3.9/site-packages/neutron_lib/callbacks/manager.py:184
2026-06-22 02:13:19.119 23 DEBUG neutron.api.wsgi [-] (23) accepted ('10.0.0.50', 43658) server /var/lib/kolla/venv/lib64/python3.9/site-packages/eventlet/wsgi.py:1037
2026-06-22 02:13:19.121 23 INFO neutron.api.wsgi [-] 10.0.0.50 "GET / HTTP/1.1" status: 200 len: 227 time: 0.0011358
2026-06-22 02:13:22.615 27 DEBUG neutron_lib.callbacks.manager [None req-95603d83-4709-4038-87f0-ad94007eda5c - - - - - -] Publish callbacks ['neutron.services.segments.db._update_segment_host_mapping_for_agent-8738232205689', 'neutron.plugins.ml2.plugin.Ml2Plugin._retry_binding_revived_agents-8170824'] for agent (9afa56fe-7511-4ff7-803a-61c999f614b5), after_update _notify_loop /var/lib/kolla/venv/lib64/python3.9/site-packages/neutron_lib/callbacks/manager.py:184
2026-06-22 02:13:32.670 30 DEBUG neutron.db.agents_db [None req-399fd773-9d07-4fa4-a252-e2c407f6e40c - - - - - -] Agent healthcheck: found 2 active agents agent_health_check /var/lib/kolla/venv/lib64/python3.9/site-packages/neutron/db/agents_db.py:317
2026-06-22 02:13:38.846 24 DEBUG neutron_lib.callbacks.manager [None req-5e29ae39-ae73-49cf-b4c9-c47eef01a1ca - - - - - -] Publish callbacks ['neutron.services.segments.db._update_segment_host_mapping_for_agent-8738232205689', 'neutron.plugins.ml2.plugin.Ml2Plugin._retry_binding_revived_agents-8170824'] for agent (e1d3400e-7c4d-4c47-93d3-57dd8c1d0d4c), after_update _notify_loop /var/lib/kolla/venv/lib64/python3.9/site-packages/neutron_lib/callbacks/manager.py:184
2026-06-22 02:13:49.172 23 DEBUG neutron.api.wsgi [-] (23) accepted ('10.0.0.50', 44390) server /var/lib/kolla/venv/lib64/python3.9/site-packages/eventlet/wsgi.py:1037
2026-06-22 02:13:49.175 23 INFO neutron.api.wsgi [-] 10.0.0.50 "GET / HTTP/1.1" status: 200 len: 227 time: 0.0011148
2026-06-22 02:13:52.606 25 DEBUG neutron_lib.callbacks.manager [None req-adff6088-3f67-4e19-ab65-3ba2dc42e06a - - - - - -] Publish callbacks ['neutron.services.segments.db._update_segment_host_mapping_for_agent-8738232205689', 'neutron.plugins.ml2.plugin.Ml2Plugin._retry_binding_revived_agents-8170824'] for agent (9afa56fe-7511-4ff7-803a-61c999f614b5), after_update _notify_loop /var/lib/kolla/venv/lib64/python3.9/site-packages/neutron_lib/callbacks/manager.py:184
2026-06-22 02:14:08.846 26 DEBUG neutron_lib.callbacks.manager [None req-5e29ae39-ae73-49cf-b4c9-c47eef01a1ca - - - - - -] Publish callbacks ['neutron.services.segments.db._update_segment_host_mapping_for_agent-8738232205689', 'neutron.plugins.ml2.plugin.Ml2Plugin._retry_binding_revived_agents-8170824'] for agent (e1d3400e-7c4d-4c47-93d3-57dd8c1d0d4c), after_update _notify_loop /var/lib/kolla/venv/lib64/python3.9/site-packages/neutron_lib/callbacks/manager.py:184
2026-06-22 02:14:09.666 30 DEBUG neutron.db.agents_db [None req-399fd773-9d07-4fa4-a252-e2c407f6e40c - - - - - -] Agent healthcheck: found 2 active agents agent_health_check /var/lib/kolla/venv/lib64/python3.9/site-packages/neutron/db/agents_db.py:317
2026-06-22 02:14:19.217 23 DEBUG neutron.api.wsgi [-] (23) accepted ('10.0.0.50', 40478) server /var/lib/kolla/venv/lib64/python3.9/site-packages/eventlet/wsgi.py:1037
2026-06-22 02:14:19.219 23 INFO neutron.api.wsgi [-] 10.0.0.50 "GET / HTTP/1.1" status: 200 len: 227 time: 0.0011079
2026-06-22 02:14:22.605 29 DEBUG neutron_lib.callbacks.manager [None req-99b829bb-4cd5-46b1-bb3c-47fbbe6810b4 - - - - - -] Publish callbacks ['neutron.services.segments.db._update_segment_host_mapping_for_agent-8738232205689', 'neutron.plugins.ml2.plugin.Ml2Plugin._retry_binding_revived_agents-8170824'] for agent (9afa56fe-7511-4ff7-803a-61c999f614b5), after_update _notify_loop /var/lib/kolla/venv/lib64/python3.9/site-packages/neutron_lib/callbacks/manager.py:184
2026-06-22 02:14:38.844 28 DEBUG neutron_lib.callbacks.manager [None req-5e29ae39-ae73-49cf-b4c9-c47eef01a1ca - - - - - -] Publish callbacks ['neutron.services.segments.db._update_segment_host_mapping_for_agent-8738232205689', 'neutron.plugins.ml2.plugin.Ml2Plugin._retry_binding_revived_agents-8170824'] for agent (e1d3400e-7c4d-4c47-93d3-57dd8c1d0d4c), after_update _notify_loop /var/lib/kolla/venv/lib64/python3.9/site-packages/neutron_lib/callbacks/manager.py:184
2026-06-22 02:14:46.666 30 DEBUG neutron.db.agents_db [None req-399fd773-9d07-4fa4-a252-e2c407f6e40c - - - - - -] Agent healthcheck: found 2 active agents agent_health_check /var/lib/kolla/venv/lib64/python3.9/site-packages/neutron/db/agents_db.py:317
2026-06-22 02:14:49.266 23 DEBUG neutron.api.wsgi [-] (23) accepted ('10.0.0.50', 48296) server /var/lib/kolla/venv/lib64/python3.9/site-packages/eventlet/wsgi.py:1037
2026-06-22 02:14:49.268 23 INFO neutron.api.wsgi [-] 10.0.0.50 "GET / HTTP/1.1" status: 200 len: 227 time: 0.0013583
2026-06-22 02:14:52.602 27 DEBUG neutron_lib.callbacks.manager [None req-fc51face-d5d1-4665-b66d-6260c2c828c6 - - - - - -] Publish callbacks ['neutron.services.segments.db._update_segment_host_mapping_for_agent-8738232205689', 'neutron.plugins.ml2.plugin.Ml2Plugin._retry_binding_revived_agents-8170824'] for agent (9afa56fe-7511-4ff7-803a-61c999f614b5), after_update _notify_loop /var/lib/kolla/venv/lib64/python3.9/site-packages/neutron_lib/callbacks/manager.py:184
2026-06-22 02:15:08.843 24 DEBUG neutron_lib.callbacks.manager [None req-5e29ae39-ae73-49cf-b4c9-c47eef01a1ca - - - - - -] Publish callbacks ['neutron.services.segments.db._update_segment_host_mapping_for_agent-8738232205689', 'neutron.plugins.ml2.plugin.Ml2Plugin._retry_binding_revived_agents-8170824'] for agent (e1d3400e-7c4d-4c47-93d3-57dd8c1d0d4c), after_update _notify_loop /var/lib/kolla/venv/lib64/python3.9/site-packages/neutron_lib/callbacks/manager.py:184
2026-06-22 02:15:19.311 23 DEBUG neutron.api.wsgi [-] (23) accepted ('10.0.0.50', 33982) server /var/lib/kolla/venv/lib64/python3.9/site-packages/eventlet/wsgi.py:1037
2026-06-22 02:15:19.313 23 INFO neutron.api.wsgi [-] 10.0.0.50 "GET / HTTP/1.1" status: 200 len: 227 time: 0.0011089
2026-06-22 02:15:22.600 25 DEBUG neutron_lib.callbacks.manager [None req-dfaa0cb0-4cae-45f5-869d-3c8a896bf2db - - - - - -] Publish callbacks ['neutron.services.segments.db._update_segment_host_mapping_for_agent-8738232205689', 'neutron.plugins.ml2.plugin.Ml2Plugin._retry_binding_revived_agents-8170824'] for agent (9afa56fe-7511-4ff7-803a-61c999f614b5), after_update _notify_loop /var/lib/kolla/venv/lib64/python3.9/site-packages/neutron_lib/callbacks/manager.py:184
2026-06-22 02:15:23.662 30 DEBUG neutron.db.agents_db [None req-399fd773-9d07-4fa4-a252-e2c407f6e40c - - - - - -] Agent healthcheck: found 2 active agents agent_health_check /var/lib/kolla/venv/lib64/python3.9/site-packages/neutron/db/agents_db.py:317
2026-06-22 02:15:38.849 26 DEBUG neutron_lib.callbacks.manager [None req-5e29ae39-ae73-49cf-b4c9-c47eef01a1ca - - - - - -] Publish callbacks ['neutron.services.segments.db._update_segment_host_mapping_for_agent-8738232205689', 'neutron.plugins.ml2.plugin.Ml2Plugin._retry_binding_revived_agents-8170824'] for agent (e1d3400e-7c4d-4c47-93d3-57dd8c1d0d4c), after_update _notify_loop /var/lib/kolla/venv/lib64/python3.9/site-packages/neutron_lib/callbacks/manager.py:184
2026-06-22 02:15:49.369 23 DEBUG neutron.api.wsgi [-] (23) accepted ('10.0.0.50', 47382) server /var/lib/kolla/venv/lib64/python3.9/site-packages/eventlet/wsgi.py:1037
2026-06-22 02:15:49.370 23 INFO neutron.api.wsgi [-] 10.0.0.50 "GET / HTTP/1.1" status: 200 len: 227 time: 0.0010543
2026-06-22 02:15:52.598 29 DEBUG neutron_lib.callbacks.manager [None req-32bc138b-ec89-4d23-af84-61af41e3083f - - - - - -] Publish callbacks ['neutron.services.segments.db._update_segment_host_mapping_for_agent-8738232205689', 'neutron.plugins.ml2.plugin.Ml2Plugin._retry_binding_revived_agents-8170824'] for agent (9afa56fe-7511-4ff7-803a-61c999f614b5), after_update _notify_loop /var/lib/kolla/venv/lib64/python3.9/site-packages/neutron_lib/callbacks/manager.py:184
2026-06-22 02:16:00.670 30 DEBUG neutron.db.agents_db [None req-399fd773-9d07-4fa4-a252-e2c407f6e40c - - - - - -] Agent healthcheck: found 2 active agents agent_health_check /var/lib/kolla/venv/lib64/python3.9/site-packages/neutron/db/agents_db.py:317
2026-06-22 02:16:08.837 28 DEBUG neutron_lib.callbacks.manager [None req-5e29ae39-ae73-49cf-b4c9-c47eef01a1ca - - - - - -] Publish callbacks ['neutron.services.segments.db._update_segment_host_mapping_for_agent-8738232205689', 'neutron.plugins.ml2.plugin.Ml2Plugin._retry_binding_revived_agents-8170824'] for agent (e1d3400e-7c4d-4c47-93d3-57dd8c1d0d4c), after_update _notify_loop /var/lib/kolla/venv/lib64/python3.9/site-packages/neutron_lib/callbacks/manager.py:184
2026-06-22 02:16:19.416 23 DEBUG neutron.api.wsgi [-] (23) accepted ('10.0.0.50', 42578) server /var/lib/kolla/venv/lib64/python3.9/site-packages/eventlet/wsgi.py:1037
2026-06-22 02:16:19.418 23 INFO neutron.api.wsgi [-] 10.0.0.50 "GET / HTTP/1.1" status: 200 len: 227 time: 0.0011618
2026-06-22 02:16:22.600 27 DEBUG neutron_lib.callbacks.manager [None req-a74bbd6d-8c01-4ed3-9045-c048e40bc1ed - - - - - -] Publish callbacks ['neutron.services.segments.db._update_segment_host_mapping_for_agent-8738232205689', 'neutron.plugins.ml2.plugin.Ml2Plugin._retry_binding_revived_agents-8170824'] for agent (9afa56fe-7511-4ff7-803a-61c999f614b5), after_update _notify_loop /var/lib/kolla/venv/lib64/python3.9/site-packages/neutron_lib/callbacks/manager.py:184
2026-06-22 02:16:37.667 30 DEBUG neutron.db.agents_db [None req-399fd773-9d07-4fa4-a252-e2c407f6e40c - - - - - -] Agent healthcheck: found 2 active agents agent_health_check /var/lib/kolla/venv/lib64/python3.9/site-packages/neutron/db/agents_db.py:317
2026-06-22 02:16:38.847 24 DEBUG neutron_lib.callbacks.manager [None req-5e29ae39-ae73-49cf-b4c9-c47eef01a1ca - - - - - -] Publish callbacks ['neutron.services.segments.db._update_segment_host_mapping_for_agent-8738232205689', 'neutron.plugins.ml2.plugin.Ml2Plugin._retry_binding_revived_agents-8170824'] for agent (e1d3400e-7c4d-4c47-93d3-57dd8c1d0d4c), after_update _notify_loop /var/lib/kolla/venv/lib64/python3.9/site-packages/neutron_lib/callbacks/manager.py:184
2026-06-22 02:16:49.460 23 DEBUG neutron.api.wsgi [-] (23) accepted ('10.0.0.50', 46984) server /var/lib/kolla/venv/lib64/python3.9/site-packages/eventlet/wsgi.py:1037
2026-06-22 02:16:49.462 23 INFO neutron.api.wsgi [-] 10.0.0.50 "GET / HTTP/1.1" status: 200 len: 227 time: 0.0013230
2026-06-22 02:16:52.596 25 DEBUG neutron_lib.callbacks.manager [None req-ac59f7f5-db62-48c0-b82c-a3c7ce84522b - - - - - -] Publish callbacks ['neutron.services.segments.db._update_segment_host_mapping_for_agent-8738232205689', 'neutron.plugins.ml2.plugin.Ml2Plugin._retry_binding_revived_agents-8170824'] for agent (9afa56fe-7511-4ff7-803a-61c999f614b5), after_update _notify_loop /var/lib/kolla/venv/lib64/python3.9/site-packages/neutron_lib/callbacks/manager.py:184
2026-06-22 02:17:08.835 26 DEBUG neutron_lib.callbacks.manager [None req-5e29ae39-ae73-49cf-b4c9-c47eef01a1ca - - - - - -] Publish callbacks ['neutron.services.segments.db._update_segment_host_mapping_for_agent-8738232205689', 'neutron.plugins.ml2.plugin.Ml2Plugin._retry_binding_revived_agents-8170824'] for agent (e1d3400e-7c4d-4c47-93d3-57dd8c1d0d4c), after_update _notify_loop /var/lib/kolla/venv/lib64/python3.9/site-packages/neutron_lib/callbacks/manager.py:184
2026-06-22 02:17:14.665 30 DEBUG neutron.db.agents_db [None req-399fd773-9d07-4fa4-a252-e2c407f6e40c - - - - - -] Agent healthcheck: found 2 active agents agent_health_check /var/lib/kolla/venv/lib64/python3.9/site-packages/neutron/db/agents_db.py:317
2026-06-22 02:17:19.507 23 DEBUG neutron.api.wsgi [-] (23) accepted ('10.0.0.50', 41160) server /var/lib/kolla/venv/lib64/python3.9/site-packages/eventlet/wsgi.py:1037
2026-06-22 02:17:19.513 23 INFO neutron.api.wsgi [-] 10.0.0.50 "GET / HTTP/1.1" status: 200 len: 227 time: 0.0012331
2026-06-22 02:17:22.601 29 DEBUG neutron_lib.callbacks.manager [None req-7f90abf4-3f77-430d-95a8-1abd3e90be4a - - - - - -] Publish callbacks ['neutron.services.segments.db._update_segment_host_mapping_for_agent-8738232205689', 'neutron.plugins.ml2.plugin.Ml2Plugin._retry_binding_revived_agents-8170824'] for agent (9afa56fe-7511-4ff7-803a-61c999f614b5), after_update _notify_loop /var/lib/kolla/venv/lib64/python3.9/site-packages/neutron_lib/callbacks/manager.py:184
2026-06-22 02:17:38.837 28 DEBUG neutron_lib.callbacks.manager [None req-5e29ae39-ae73-49cf-b4c9-c47eef01a1ca - - - - - -] Publish callbacks ['neutron.services.segments.db._update_segment_host_mapping_for_agent-8738232205689', 'neutron.plugins.ml2.plugin.Ml2Plugin._retry_binding_revived_agents-8170824'] for agent (e1d3400e-7c4d-4c47-93d3-57dd8c1d0d4c), after_update _notify_loop /var/lib/kolla/venv/lib64/python3.9/site-packages/neutron_lib/callbacks/manager.py:184
2026-06-22 02:17:49.558 23 DEBUG neutron.api.wsgi [-] (23) accepted ('10.0.0.50', 43936) server /var/lib/kolla/venv/lib64/python3.9/site-packages/eventlet/wsgi.py:1037
2026-06-22 02:17:49.559 23 INFO neutron.api.wsgi [-] 10.0.0.50 "GET / HTTP/1.1" status: 200 len: 227 time: 0.0011911
2026-06-22 02:17:51.665 30 DEBUG neutron.db.agents_db [None req-399fd773-9d07-4fa4-a252-e2c407f6e40c - - - - - -] Agent healthcheck: found 2 active agents agent_health_check /var/lib/kolla/venv/lib64/python3.9/site-packages/neutron/db/agents_db.py:317
2026-06-22 02:17:52.647 27 DEBUG neutron_lib.callbacks.manager [None req-0df33917-ebff-44a0-a30a-fb702fa9694f - - - - - -] Publish callbacks ['neutron.services.segments.db._update_segment_host_mapping_for_agent-8738232205689', 'neutron.plugins.ml2.plugin.Ml2Plugin._retry_binding_revived_agents-8170824'] for agent (9afa56fe-7511-4ff7-803a-61c999f614b5), after_update _notify_loop /var/lib/kolla/venv/lib64/python3.9/site-packages/neutron_lib/callbacks/manager.py:184
2026-06-22 02:18:08.122 7 INFO oslo_service.service [-] Caught SIGTERM, stopping children
2026-06-22 02:18:08.123 7 DEBUG oslo_concurrency.lockutils [-] Acquiring lock "singleton_lock" lock /var/lib/kolla/venv/lib64/python3.9/site-packages/oslo_concurrency/lockutils.py:310
2026-06-22 02:18:08.123 7 DEBUG oslo_concurrency.lockutils [-] Acquired lock "singleton_lock" lock /var/lib/kolla/venv/lib64/python3.9/site-packages/oslo_concurrency/lockutils.py:313
2026-06-22 02:18:08.123 7 DEBUG oslo_concurrency.lockutils [-] Releasing lock "singleton_lock" lock /var/lib/kolla/venv/lib64/python3.9/site-packages/oslo_concurrency/lockutils.py:331
2026-06-22 02:18:08.123 7 DEBUG oslo_service.service [-] Stop services. stop /var/lib/kolla/venv/lib64/python3.9/site-packages/oslo_service/service.py:699
2026-06-22 02:18:08.123 7 DEBUG neutron.service [-] calling RpcWorker stop() stop /var/lib/kolla/venv/lib64/python3.9/site-packages/neutron/service.py:142
2026-06-22 02:18:08.123 7 DEBUG neutron.service [-] calling RpcWorker stop() stop /var/lib/kolla/venv/lib64/python3.9/site-packages/neutron/service.py:142
2026-06-22 02:18:08.123 7 DEBUG oslo_service.service [-] Killing children. stop /var/lib/kolla/venv/lib64/python3.9/site-packages/oslo_service/service.py:704
2026-06-22 02:18:08.123 7 INFO oslo_service.service [-] Waiting on 8 children to exit
2026-06-22 02:18:08.124 25 DEBUG neutron.service [-] calling RpcWorker stop() stop /var/lib/kolla/venv/lib64/python3.9/site-packages/neutron/service.py:142
2026-06-22 02:18:08.124 26 DEBUG neutron.service [-] calling RpcWorker stop() stop /var/lib/kolla/venv/lib64/python3.9/site-packages/neutron/service.py:142
2026-06-22 02:18:08.124 23 INFO neutron.api.wsgi [-] (23) wsgi exited, is_accepting=True
2026-06-22 02:18:08.124 25 DEBUG neutron.service [-] calling stop on stop /var/lib/kolla/venv/lib64/python3.9/site-packages/neutron/service.py:145
2026-06-22 02:18:08.125 23 DEBUG oslo_concurrency.lockutils [None req-d19135ba-daa2-4b5c-b022-04321df2354b - - - - - -] Acquiring lock "singleton_lock" lock /var/lib/kolla/venv/lib64/python3.9/site-packages/oslo_concurrency/lockutils.py:310
2026-06-22 02:18:08.124 26 DEBUG neutron.service [-] calling stop on stop /var/lib/kolla/venv/lib64/python3.9/site-packages/neutron/service.py:145
2026-06-22 02:18:08.125 23 DEBUG oslo_concurrency.lockutils [None req-d19135ba-daa2-4b5c-b022-04321df2354b - - - - - -] Acquired lock "singleton_lock" lock /var/lib/kolla/venv/lib64/python3.9/site-packages/oslo_concurrency/lockutils.py:313
2026-06-22 02:18:08.125 23 DEBUG oslo_concurrency.lockutils [None req-d19135ba-daa2-4b5c-b022-04321df2354b - - - - - -] Releasing lock "singleton_lock" lock /var/lib/kolla/venv/lib64/python3.9/site-packages/oslo_concurrency/lockutils.py:331
2026-06-22 02:18:08.129 28 DEBUG neutron.service [-] calling RpcWorker stop() stop /var/lib/kolla/venv/lib64/python3.9/site-packages/neutron/service.py:142
2026-06-22 02:18:08.129 7 INFO oslo_service.service [-] Child 23 exited with status 0
2026-06-22 02:18:08.131 29 DEBUG neutron.service [-] calling RpcWorker stop() stop /var/lib/kolla/venv/lib64/python3.9/site-packages/neutron/service.py:142
2026-06-22 02:18:08.130 28 DEBUG neutron.service [-] calling stop on stop /var/lib/kolla/venv/lib64/python3.9/site-packages/neutron/service.py:145
2026-06-22 02:18:08.132 29 DEBUG neutron.service [-] calling stop on stop /var/lib/kolla/venv/lib64/python3.9/site-packages/neutron/service.py:145
2026-06-22 02:18:08.134 30 DEBUG neutron.service [-] calling RpcWorker stop() stop /var/lib/kolla/venv/lib64/python3.9/site-packages/neutron/service.py:142
2026-06-22 02:18:08.134 30 DEBUG neutron.service [-] calling stop on stop /var/lib/kolla/venv/lib64/python3.9/site-packages/neutron/service.py:145
2026-06-22 02:18:08.136 24 DEBUG neutron.service [-] calling RpcWorker stop() stop /var/lib/kolla/venv/lib64/python3.9/site-packages/neutron/service.py:142
2026-06-22 02:18:08.136 24 DEBUG neutron.service [-] calling stop on stop /var/lib/kolla/venv/lib64/python3.9/site-packages/neutron/service.py:145
2026-06-22 02:18:08.138 27 DEBUG neutron.service [-] calling RpcWorker stop() stop /var/lib/kolla/venv/lib64/python3.9/site-packages/neutron/service.py:142
2026-06-22 02:18:08.138 27 DEBUG neutron.service [-] calling stop on stop /var/lib/kolla/venv/lib64/python3.9/site-packages/neutron/service.py:145
2026-06-22 02:18:08.834 24 DEBUG neutron_lib.callbacks.manager [None req-5e29ae39-ae73-49cf-b4c9-c47eef01a1ca - - - - - -] Publish callbacks ['neutron.services.segments.db._update_segment_host_mapping_for_agent-8738232205689', 'neutron.plugins.ml2.plugin.Ml2Plugin._retry_binding_revived_agents-8170824'] for agent (e1d3400e-7c4d-4c47-93d3-57dd8c1d0d4c), after_update _notify_loop /var/lib/kolla/venv/lib64/python3.9/site-packages/neutron_lib/callbacks/manager.py:184
2026-06-22 02:18:10.822 29 DEBUG oslo_concurrency.lockutils [None req-d19135ba-daa2-4b5c-b022-04321df2354b - - - - - -] Acquiring lock "singleton_lock" lock /var/lib/kolla/venv/lib64/python3.9/site-packages/oslo_concurrency/lockutils.py:310
2026-06-22 02:18:10.823 29 DEBUG oslo_concurrency.lockutils [None req-d19135ba-daa2-4b5c-b022-04321df2354b - - - - - -] Acquired lock "singleton_lock" lock /var/lib/kolla/venv/lib64/python3.9/site-packages/oslo_concurrency/lockutils.py:313
2026-06-22 02:18:10.823 29 DEBUG oslo_concurrency.lockutils [None req-d19135ba-daa2-4b5c-b022-04321df2354b - - - - - -] Releasing lock "singleton_lock" lock /var/lib/kolla/venv/lib64/python3.9/site-packages/oslo_concurrency/lockutils.py:331
2026-06-22 02:18:10.823 29 DEBUG neutron.service [None req-d19135ba-daa2-4b5c-b022-04321df2354b - - - - - -] calling RpcWorker wait() _wait /var/lib/kolla/venv/lib64/python3.9/site-packages/neutron/service.py:132
2026-06-22 02:18:10.823 29 DEBUG neutron.service [None req-d19135ba-daa2-4b5c-b022-04321df2354b - - - - - -] calling wait on _wait /var/lib/kolla/venv/lib64/python3.9/site-packages/neutron/service.py:135
2026-06-22 02:18:10.843 29 WARNING amqp [None req-d19135ba-daa2-4b5c-b022-04321df2354b - - - - - -] Received method (60, 30) during closing channel 1. This method will be ignored
2026-06-22 02:18:10.845 29 DEBUG neutron.service [None req-d19135ba-daa2-4b5c-b022-04321df2354b - - - - - -] returning from RpcWorker wait() _wait /var/lib/kolla/venv/lib64/python3.9/site-packages/neutron/service.py:139
2026-06-22 02:18:10.848 27 DEBUG oslo_concurrency.lockutils [None req-d19135ba-daa2-4b5c-b022-04321df2354b - - - - - -] Acquiring lock "singleton_lock" lock /var/lib/kolla/venv/lib64/python3.9/site-packages/oslo_concurrency/lockutils.py:310
2026-06-22 02:18:10.848 27 DEBUG oslo_concurrency.lockutils [None req-d19135ba-daa2-4b5c-b022-04321df2354b - - - - - -] Acquired lock "singleton_lock" lock /var/lib/kolla/venv/lib64/python3.9/site-packages/oslo_concurrency/lockutils.py:313
2026-06-22 02:18:10.848 27 DEBUG oslo_concurrency.lockutils [None req-d19135ba-daa2-4b5c-b022-04321df2354b - - - - - -] Releasing lock "singleton_lock" lock /var/lib/kolla/venv/lib64/python3.9/site-packages/oslo_concurrency/lockutils.py:331
2026-06-22 02:18:10.849 27 DEBUG neutron.service [None req-d19135ba-daa2-4b5c-b022-04321df2354b - - - - - -] calling RpcWorker wait() _wait /var/lib/kolla/venv/lib64/python3.9/site-packages/neutron/service.py:132
2026-06-22 02:18:10.849 7 INFO oslo_service.service [-] Child 29 exited with status 0
2026-06-22 02:18:10.849 27 DEBUG neutron.service [None req-d19135ba-daa2-4b5c-b022-04321df2354b - - - - - -] calling wait on _wait /var/lib/kolla/venv/lib64/python3.9/site-packages/neutron/service.py:135
2026-06-22 02:18:10.856 27 WARNING amqp [None req-d19135ba-daa2-4b5c-b022-04321df2354b - - - - - -] Received method (60, 30) during closing channel 1. This method will be ignored
2026-06-22 02:18:10.857 27 DEBUG neutron.service [None req-d19135ba-daa2-4b5c-b022-04321df2354b - - - - - -] returning from RpcWorker wait() _wait /var/lib/kolla/venv/lib64/python3.9/site-packages/neutron/service.py:139
2026-06-22 02:18:10.862 7 INFO oslo_service.service [-] Child 27 exited with status 0
2026-06-22 02:18:11.673 25 DEBUG neutron.service [-] calling stop on stop /var/lib/kolla/venv/lib64/python3.9/site-packages/neutron/service.py:145
2026-06-22 02:18:11.682 24 DEBUG neutron.service [-] calling stop on stop /var/lib/kolla/venv/lib64/python3.9/site-packages/neutron/service.py:145
2026-06-22 02:18:11.684 26 DEBUG neutron.service [-] calling stop on stop /var/lib/kolla/venv/lib64/python3.9/site-packages/neutron/service.py:145
2026-06-22 02:18:11.697 30 DEBUG oslo_concurrency.lockutils [None req-d19135ba-daa2-4b5c-b022-04321df2354b - - - - - -] Acquiring lock "singleton_lock" lock /var/lib/kolla/venv/lib64/python3.9/site-packages/oslo_concurrency/lockutils.py:310
2026-06-22 02:18:11.697 30 DEBUG oslo_concurrency.lockutils [None req-d19135ba-daa2-4b5c-b022-04321df2354b - - - - - -] Acquired lock "singleton_lock" lock /var/lib/kolla/venv/lib64/python3.9/site-packages/oslo_concurrency/lockutils.py:313
2026-06-22 02:18:11.697 30 DEBUG oslo_concurrency.lockutils [None req-d19135ba-daa2-4b5c-b022-04321df2354b - - - - - -] Releasing lock "singleton_lock" lock /var/lib/kolla/venv/lib64/python3.9/site-packages/oslo_concurrency/lockutils.py:331
2026-06-22 02:18:11.697 30 DEBUG neutron.service [None req-d19135ba-daa2-4b5c-b022-04321df2354b - - - - - -] calling RpcWorker wait() _wait /var/lib/kolla/venv/lib64/python3.9/site-packages/neutron/service.py:132
2026-06-22 02:18:11.697 30 DEBUG neutron.service [None req-d19135ba-daa2-4b5c-b022-04321df2354b - - - - - -] calling wait on _wait /var/lib/kolla/venv/lib64/python3.9/site-packages/neutron/service.py:135
2026-06-22 02:18:11.716 25 DEBUG neutron.service [-] calling stop on stop /var/lib/kolla/venv/lib64/python3.9/site-packages/neutron/service.py:145
2026-06-22 02:18:11.719 30 WARNING amqp [None req-d19135ba-daa2-4b5c-b022-04321df2354b - - - - - -] Received method (60, 30) during closing channel 1. This method will be ignored
2026-06-22 02:18:11.722 30 DEBUG neutron.service [None req-d19135ba-daa2-4b5c-b022-04321df2354b - - - - - -] returning from RpcWorker wait() _wait /var/lib/kolla/venv/lib64/python3.9/site-packages/neutron/service.py:139
2026-06-22 02:18:11.724 26 DEBUG neutron.service [-] calling stop on stop /var/lib/kolla/venv/lib64/python3.9/site-packages/neutron/service.py:145
2026-06-22 02:18:11.724 24 DEBUG neutron.service [-] calling stop on stop /var/lib/kolla/venv/lib64/python3.9/site-packages/neutron/service.py:145
2026-06-22 02:18:11.727 7 INFO oslo_service.service [-] Child 30 exited with status 0
2026-06-22 02:18:11.773 25 DEBUG neutron.service [-] calling stop on stop /var/lib/kolla/venv/lib64/python3.9/site-packages/neutron/service.py:145
2026-06-22 02:18:11.778 26 DEBUG neutron.service [-] calling stop on stop /var/lib/kolla/venv/lib64/python3.9/site-packages/neutron/service.py:145
2026-06-22 02:18:11.782 25 DEBUG oslo_concurrency.lockutils [None req-d19135ba-daa2-4b5c-b022-04321df2354b - - - - - -] Acquiring lock "singleton_lock" lock /var/lib/kolla/venv/lib64/python3.9/site-packages/oslo_concurrency/lockutils.py:310
2026-06-22 02:18:11.783 25 DEBUG oslo_concurrency.lockutils [None req-d19135ba-daa2-4b5c-b022-04321df2354b - - - - - -] Acquired lock "singleton_lock" lock /var/lib/kolla/venv/lib64/python3.9/site-packages/oslo_concurrency/lockutils.py:313
2026-06-22 02:18:11.783 25 DEBUG oslo_concurrency.lockutils [None req-d19135ba-daa2-4b5c-b022-04321df2354b - - - - - -] Releasing lock "singleton_lock" lock /var/lib/kolla/venv/lib64/python3.9/site-packages/oslo_concurrency/lockutils.py:331
2026-06-22 02:18:11.783 25 DEBUG neutron.service [None req-d19135ba-daa2-4b5c-b022-04321df2354b - - - - - -] calling RpcWorker wait() _wait /var/lib/kolla/venv/lib64/python3.9/site-packages/neutron/service.py:132
2026-06-22 02:18:11.783 25 DEBUG neutron.service [None req-d19135ba-daa2-4b5c-b022-04321df2354b - - - - - -] calling wait on _wait /var/lib/kolla/venv/lib64/python3.9/site-packages/neutron/service.py:135
2026-06-22 02:18:11.789 25 WARNING amqp [None req-d19135ba-daa2-4b5c-b022-04321df2354b - - - - - -] Received method (60, 30) during closing channel 1. This method will be ignored
2026-06-22 02:18:11.790 26 DEBUG oslo_concurrency.lockutils [None req-d19135ba-daa2-4b5c-b022-04321df2354b - - - - - -] Acquiring lock "singleton_lock" lock /var/lib/kolla/venv/lib64/python3.9/site-packages/oslo_concurrency/lockutils.py:310
2026-06-22 02:18:11.790 26 DEBUG oslo_concurrency.lockutils [None req-d19135ba-daa2-4b5c-b022-04321df2354b - - - - - -] Acquired lock "singleton_lock" lock /var/lib/kolla/venv/lib64/python3.9/site-packages/oslo_concurrency/lockutils.py:313
2026-06-22 02:18:11.790 25 DEBUG neutron.service [None req-d19135ba-daa2-4b5c-b022-04321df2354b - - - - - -] calling wait on _wait /var/lib/kolla/venv/lib64/python3.9/site-packages/neutron/service.py:135
2026-06-22 02:18:11.790 26 DEBUG oslo_concurrency.lockutils [None req-d19135ba-daa2-4b5c-b022-04321df2354b - - - - - -] Releasing lock "singleton_lock" lock /var/lib/kolla/venv/lib64/python3.9/site-packages/oslo_concurrency/lockutils.py:331
2026-06-22 02:18:11.791 26 DEBUG neutron.service [None req-d19135ba-daa2-4b5c-b022-04321df2354b - - - - - -] calling RpcWorker wait() _wait /var/lib/kolla/venv/lib64/python3.9/site-packages/neutron/service.py:132
2026-06-22 02:18:11.791 26 DEBUG neutron.service [None req-d19135ba-daa2-4b5c-b022-04321df2354b - - - - - -] calling wait on _wait /var/lib/kolla/venv/lib64/python3.9/site-packages/neutron/service.py:135
2026-06-22 02:18:11.798 25 WARNING amqp [None req-d19135ba-daa2-4b5c-b022-04321df2354b - - - - - -] Received method (60, 30) during closing channel 1. This method will be ignored
2026-06-22 02:18:11.801 25 DEBUG neutron.service [None req-d19135ba-daa2-4b5c-b022-04321df2354b - - - - - -] calling wait on _wait /var/lib/kolla/venv/lib64/python3.9/site-packages/neutron/service.py:135
2026-06-22 02:18:11.801 26 WARNING amqp [None req-d19135ba-daa2-4b5c-b022-04321df2354b - - - - - -] Received method (60, 30) during closing channel 1. This method will be ignored
2026-06-22 02:18:11.803 26 DEBUG neutron.service [None req-d19135ba-daa2-4b5c-b022-04321df2354b - - - - - -] calling wait on _wait /var/lib/kolla/venv/lib64/python3.9/site-packages/neutron/service.py:135
2026-06-22 02:18:11.809 25 WARNING amqp [None req-d19135ba-daa2-4b5c-b022-04321df2354b - - - - - -] Received method (60, 30) during closing channel 1. This method will be ignored
2026-06-22 02:18:11.810 25 DEBUG neutron.service [None req-d19135ba-daa2-4b5c-b022-04321df2354b - - - - - -] calling wait on _wait /var/lib/kolla/venv/lib64/python3.9/site-packages/neutron/service.py:135
2026-06-22 02:18:11.814 26 WARNING amqp [None req-d19135ba-daa2-4b5c-b022-04321df2354b - - - - - -] Received method (60, 30) during closing channel 1. This method will be ignored
2026-06-22 02:18:11.815 26 DEBUG neutron.service [None req-d19135ba-daa2-4b5c-b022-04321df2354b - - - - - -] calling wait on _wait /var/lib/kolla/venv/lib64/python3.9/site-packages/neutron/service.py:135
2026-06-22 02:18:11.817 25 WARNING amqp [None req-d19135ba-daa2-4b5c-b022-04321df2354b - - - - - -] Received method (60, 30) during closing channel 1. This method will be ignored
2026-06-22 02:18:11.818 25 DEBUG neutron.service [None req-d19135ba-daa2-4b5c-b022-04321df2354b - - - - - -] returning from RpcWorker wait() _wait /var/lib/kolla/venv/lib64/python3.9/site-packages/neutron/service.py:139
2026-06-22 02:18:11.823 7 INFO oslo_service.service [-] Child 25 exited with status 0
2026-06-22 02:18:11.840 26 WARNING amqp [None req-d19135ba-daa2-4b5c-b022-04321df2354b - - - - - -] Received method (60, 30) during closing channel 1. This method will be ignored
2026-06-22 02:18:11.840 26 DEBUG neutron.service [None req-d19135ba-daa2-4b5c-b022-04321df2354b - - - - - -] calling wait on _wait /var/lib/kolla/venv/lib64/python3.9/site-packages/neutron/service.py:135
2026-06-22 02:18:11.847 26 WARNING amqp [None req-d19135ba-daa2-4b5c-b022-04321df2354b - - - - - -] Received method (60, 30) during closing channel 1. This method will be ignored
2026-06-22 02:18:11.850 26 DEBUG neutron.service [None req-d19135ba-daa2-4b5c-b022-04321df2354b - - - - - -] returning from RpcWorker wait() _wait /var/lib/kolla/venv/lib64/python3.9/site-packages/neutron/service.py:139
2026-06-22 02:18:11.855 7 INFO oslo_service.service [-] Child 26 exited with status 0
2026-06-22 02:18:12.056 28 DEBUG oslo_concurrency.lockutils [None req-d19135ba-daa2-4b5c-b022-04321df2354b - - - - - -] Acquiring lock "singleton_lock" lock /var/lib/kolla/venv/lib64/python3.9/site-packages/oslo_concurrency/lockutils.py:310
2026-06-22 02:18:12.056 28 DEBUG oslo_concurrency.lockutils [None req-d19135ba-daa2-4b5c-b022-04321df2354b - - - - - -] Acquired lock "singleton_lock" lock /var/lib/kolla/venv/lib64/python3.9/site-packages/oslo_concurrency/lockutils.py:313
2026-06-22 02:18:12.056 28 DEBUG oslo_concurrency.lockutils [None req-d19135ba-daa2-4b5c-b022-04321df2354b - - - - - -] Releasing lock "singleton_lock" lock /var/lib/kolla/venv/lib64/python3.9/site-packages/oslo_concurrency/lockutils.py:331
2026-06-22 02:18:12.056 28 DEBUG neutron.service [None req-d19135ba-daa2-4b5c-b022-04321df2354b - - - - - -] calling RpcWorker wait() _wait /var/lib/kolla/venv/lib64/python3.9/site-packages/neutron/service.py:132
2026-06-22 02:18:12.057 28 DEBUG neutron.service [None req-d19135ba-daa2-4b5c-b022-04321df2354b - - - - - -] calling wait on _wait /var/lib/kolla/venv/lib64/python3.9/site-packages/neutron/service.py:135
2026-06-22 02:18:12.064 28 WARNING amqp [None req-d19135ba-daa2-4b5c-b022-04321df2354b - - - - - -] Received method (60, 30) during closing channel 1. This method will be ignored
2026-06-22 02:18:12.065 28 DEBUG neutron.service [None req-d19135ba-daa2-4b5c-b022-04321df2354b - - - - - -] returning from RpcWorker wait() _wait /var/lib/kolla/venv/lib64/python3.9/site-packages/neutron/service.py:139
2026-06-22 02:18:12.069 7 INFO oslo_service.service [-] Child 28 exited with status 0
2026-06-22 02:18:12.934 24 DEBUG neutron.service [-] calling stop on stop /var/lib/kolla/venv/lib64/python3.9/site-packages/neutron/service.py:145
2026-06-22 02:18:20.757 7 INFO neutron.common.config [-] Logging enabled!
2026-06-22 02:18:20.757 7 INFO neutron.common.config [-] /var/lib/kolla/venv/bin/neutron-server version 25.2.4.dev2
2026-06-22 02:18:20.758 7 DEBUG neutron.common.config [-] command line: /var/lib/kolla/venv/bin/neutron-server --config-file /etc/neutron/neutron.conf --config-file /etc/neutron/ContrailPlugin.ini --config-file /etc/neutron/api-paste.ini setup_logging /var/lib/kolla/venv/lib64/python3.9/site-packages/neutron/common/config.py:123
2026-06-22 02:18:20.759 7 DEBUG neutron.common.config [-] ******************************************************************************** log_opt_values /var/lib/kolla/venv/lib64/python3.9/site-packages/oslo_config/cfg.py:2806
2026-06-22 02:18:20.759 7 DEBUG neutron.common.config [-] Configuration options gathered from: log_opt_values /var/lib/kolla/venv/lib64/python3.9/site-packages/oslo_config/cfg.py:2807
2026-06-22 02:18:20.759 7 DEBUG neutron.common.config [-] command line args: ['--config-file', '/etc/neutron/neutron.conf', '--config-file', '/etc/neutron/ContrailPlugin.ini', '--config-file', '/etc/neutron/api-paste.ini'] log_opt_values /var/lib/kolla/venv/lib64/python3.9/site-packages/oslo_config/cfg.py:2808
2026-06-22 02:18:20.760 7 DEBUG neutron.common.config [-] config files: ['/etc/neutron/neutron.conf', '/etc/neutron/ContrailPlugin.ini', '/etc/neutron/api-paste.ini'] log_opt_values /var/lib/kolla/venv/lib64/python3.9/site-packages/oslo_config/cfg.py:2809
2026-06-22 02:18:20.760 7 DEBUG neutron.common.config [-] ================================================================================ log_opt_values /var/lib/kolla/venv/lib64/python3.9/site-packages/oslo_config/cfg.py:2811
2026-06-22 02:18:20.760 7 DEBUG neutron.common.config [-] allow_bulk = True log_opt_values /var/lib/kolla/venv/lib64/python3.9/site-packages/oslo_config/cfg.py:2819
2026-06-22 02:18:20.760 7 DEBUG neutron.common.config [-] api_extensions_path = /opt/plugin/site-packages/neutron_plugin_contrail/extensions:/opt/plugin/site-packages/neutron_lbaas/extensions log_opt_values /var/lib/kolla/venv/lib64/python3.9/site-packages/oslo_config/cfg.py:2819
2026-06-22 02:18:20.760 7 DEBUG neutron.common.config [-] api_paste_config = /etc/neutron/api-paste.ini log_opt_values /var/lib/kolla/venv/lib64/python3.9/site-packages/oslo_config/cfg.py:2819
2026-06-22 02:18:20.760 7 DEBUG neutron.common.config [-] api_workers = 1 log_opt_values /var/lib/kolla/venv/lib64/python3.9/site-packages/oslo_config/cfg.py:2819
2026-06-22 02:18:20.760 7 DEBUG neutron.common.config [-] auth_strategy = keystone log_opt_values /var/lib/kolla/venv/lib64/python3.9/site-packages/oslo_config/cfg.py:2819
2026-06-22 02:18:20.760 7 DEBUG neutron.common.config [-] backlog = 4096 log_opt_values /var/lib/kolla/venv/lib64/python3.9/site-packages/oslo_config/cfg.py:2819
2026-06-22 02:18:20.760 7 DEBUG neutron.common.config [-] base_mac = fa:16:3e:00:00:00 log_opt_values /var/lib/kolla/venv/lib64/python3.9/site-packages/oslo_config/cfg.py:2819
2026-06-22 02:18:20.761 7 DEBUG neutron.common.config [-] bind_host = 10.0.0.50 log_opt_values /var/lib/kolla/venv/lib64/python3.9/site-packages/oslo_config/cfg.py:2819
2026-06-22 02:18:20.761 7 DEBUG neutron.common.config [-] bind_port = 9696 log_opt_values /var/lib/kolla/venv/lib64/python3.9/site-packages/oslo_config/cfg.py:2819
2026-06-22 02:18:20.761 7 DEBUG neutron.common.config [-] client_socket_timeout = 900 log_opt_values /var/lib/kolla/venv/lib64/python3.9/site-packages/oslo_config/cfg.py:2819
2026-06-22 02:18:20.761 7 DEBUG neutron.common.config [-] config_dir = [] log_opt_values /var/lib/kolla/venv/lib64/python3.9/site-packages/oslo_config/cfg.py:2819
2026-06-22 02:18:20.761 7 DEBUG neutron.common.config [-] config_file = ['/etc/neutron/neutron.conf', '/etc/neutron/ContrailPlugin.ini', '/etc/neutron/api-paste.ini'] log_opt_values /var/lib/kolla/venv/lib64/python3.9/site-packages/oslo_config/cfg.py:2819
2026-06-22 02:18:20.761 7 DEBUG neutron.common.config [-] config_source = [] log_opt_values /var/lib/kolla/venv/lib64/python3.9/site-packages/oslo_config/cfg.py:2819
2026-06-22 02:18:20.761 7 DEBUG neutron.common.config [-] control_exchange = neutron log_opt_values /var/lib/kolla/venv/lib64/python3.9/site-packages/oslo_config/cfg.py:2819
2026-06-22 02:18:20.761 7 DEBUG neutron.common.config [-] core_plugin = neutron_plugin_contrail.plugins.opencontrail.contrail_plugin.NeutronPluginContrailCoreV2 log_opt_values /var/lib/kolla/venv/lib64/python3.9/site-packages/oslo_config/cfg.py:2819
2026-06-22 02:18:20.762 7 DEBUG neutron.common.config [-] debug = True log_opt_values /var/lib/kolla/venv/lib64/python3.9/site-packages/oslo_config/cfg.py:2819
2026-06-22 02:18:20.762 7 DEBUG neutron.common.config [-] default_availability_zones = [] log_opt_values /var/lib/kolla/venv/lib64/python3.9/site-packages/oslo_config/cfg.py:2819
2026-06-22 02:18:20.762 7 DEBUG neutron.common.config [-] default_log_levels = ['amqp=WARN', 'amqplib=WARN', 'boto=WARN', 'qpid=WARN', 'sqlalchemy=WARN', 'suds=INFO', 'oslo.messaging=INFO', 'oslo_messaging=INFO', 'iso8601=WARN', 'requests.packages.urllib3.connectionpool=WARN', 'urllib3.connectionpool=WARN', 'websocket=WARN', 'requests.packages.urllib3.util.retry=WARN', 'urllib3.util.retry=WARN', 'keystonemiddleware=WARN', 'routes.middleware=WARN', 'stevedore=WARN', 'taskflow=WARN', 'keystoneauth=WARN', 'oslo.cache=INFO', 'oslo_policy=INFO', 'dogpile.core.dogpile=INFO', 'OFPHandler=INFO', 'OfctlService=INFO', 'os_ken.base.app_manager=INFO', 'os_ken.controller.controller=INFO'] log_opt_values /var/lib/kolla/venv/lib64/python3.9/site-packages/oslo_config/cfg.py:2819
2026-06-22 02:18:20.762 7 DEBUG neutron.common.config [-] dhcp_agent_notification = True log_opt_values /var/lib/kolla/venv/lib64/python3.9/site-packages/oslo_config/cfg.py:2819
2026-06-22 02:18:20.762 7 DEBUG neutron.common.config [-] dhcp_lease_duration = 86400 log_opt_values /var/lib/kolla/venv/lib64/python3.9/site-packages/oslo_config/cfg.py:2819
2026-06-22 02:18:20.762 7 DEBUG neutron.common.config [-] dns_domain = openstacklocal log_opt_values /var/lib/kolla/venv/lib64/python3.9/site-packages/oslo_config/cfg.py:2819
2026-06-22 02:18:20.762 7 DEBUG neutron.common.config [-] enable_signals = True log_opt_values /var/lib/kolla/venv/lib64/python3.9/site-packages/oslo_config/cfg.py:2819
2026-06-22 02:18:20.762 7 DEBUG neutron.common.config [-] enable_traditional_dhcp = True log_opt_values /var/lib/kolla/venv/lib64/python3.9/site-packages/oslo_config/cfg.py:2819
2026-06-22 02:18:20.762 7 DEBUG neutron.common.config [-] external_dns_driver = None log_opt_values /var/lib/kolla/venv/lib64/python3.9/site-packages/oslo_config/cfg.py:2819
2026-06-22 02:18:20.763 7 DEBUG neutron.common.config [-] filter_validation = True log_opt_values /var/lib/kolla/venv/lib64/python3.9/site-packages/oslo_config/cfg.py:2819
2026-06-22 02:18:20.763 7 DEBUG neutron.common.config [-] global_physnet_mtu = 1500 log_opt_values /var/lib/kolla/venv/lib64/python3.9/site-packages/oslo_config/cfg.py:2819
2026-06-22 02:18:20.763 7 DEBUG neutron.common.config [-] host = cn-jenkins-deploy-platform-ansible-os-6017-1 log_opt_values /var/lib/kolla/venv/lib64/python3.9/site-packages/oslo_config/cfg.py:2819
2026-06-22 02:18:20.763 7 DEBUG neutron.common.config [-] http_retries = 3 log_opt_values /var/lib/kolla/venv/lib64/python3.9/site-packages/oslo_config/cfg.py:2819
2026-06-22 02:18:20.763 7 DEBUG neutron.common.config [-] instance_format = [instance: %(uuid)s] log_opt_values /var/lib/kolla/venv/lib64/python3.9/site-packages/oslo_config/cfg.py:2819
2026-06-22 02:18:20.763 7 DEBUG neutron.common.config [-] instance_uuid_format = [instance: %(uuid)s] log_opt_values /var/lib/kolla/venv/lib64/python3.9/site-packages/oslo_config/cfg.py:2819
2026-06-22 02:18:20.763 7 DEBUG neutron.common.config [-] ipam_driver = internal log_opt_values /var/lib/kolla/venv/lib64/python3.9/site-packages/oslo_config/cfg.py:2819
2026-06-22 02:18:20.763 7 DEBUG neutron.common.config [-] ipv6_pd_enabled = False log_opt_values /var/lib/kolla/venv/lib64/python3.9/site-packages/oslo_config/cfg.py:2819
2026-06-22 02:18:20.763 7 DEBUG neutron.common.config [-] log_color = False log_opt_values /var/lib/kolla/venv/lib64/python3.9/site-packages/oslo_config/cfg.py:2819
2026-06-22 02:18:20.764 7 DEBUG neutron.common.config [-] log_config_append = None log_opt_values /var/lib/kolla/venv/lib64/python3.9/site-packages/oslo_config/cfg.py:2819
2026-06-22 02:18:20.764 7 DEBUG neutron.common.config [-] log_date_format = %Y-%m-%d %H:%M:%S log_opt_values /var/lib/kolla/venv/lib64/python3.9/site-packages/oslo_config/cfg.py:2819
2026-06-22 02:18:20.764 7 DEBUG neutron.common.config [-] log_dir = /var/log/kolla/neutron log_opt_values /var/lib/kolla/venv/lib64/python3.9/site-packages/oslo_config/cfg.py:2819
2026-06-22 02:18:20.764 7 DEBUG neutron.common.config [-] log_file = None log_opt_values /var/lib/kolla/venv/lib64/python3.9/site-packages/oslo_config/cfg.py:2819
2026-06-22 02:18:20.764 7 DEBUG neutron.common.config [-] log_rotate_interval = 1 log_opt_values /var/lib/kolla/venv/lib64/python3.9/site-packages/oslo_config/cfg.py:2819
2026-06-22 02:18:20.764 7 DEBUG neutron.common.config [-] log_rotate_interval_type = days log_opt_values /var/lib/kolla/venv/lib64/python3.9/site-packages/oslo_config/cfg.py:2819
2026-06-22 02:18:20.764 7 DEBUG neutron.common.config [-] log_rotation_type = none log_opt_values /var/lib/kolla/venv/lib64/python3.9/site-packages/oslo_config/cfg.py:2819
2026-06-22 02:18:20.764 7 DEBUG neutron.common.config [-] logging_context_format_string = %(asctime)s.%(msecs)03d %(process)d %(levelname)s %(name)s [%(global_request_id)s %(request_id)s %(user_identity)s] %(instance)s%(message)s log_opt_values /var/lib/kolla/venv/lib64/python3.9/site-packages/oslo_config/cfg.py:2819
2026-06-22 02:18:20.764 7 DEBUG neutron.common.config [-] logging_debug_format_suffix = %(funcName)s %(pathname)s:%(lineno)d log_opt_values /var/lib/kolla/venv/lib64/python3.9/site-packages/oslo_config/cfg.py:2819
2026-06-22 02:18:20.764 7 DEBUG neutron.common.config [-] logging_default_format_string = %(asctime)s.%(msecs)03d %(process)d %(levelname)s %(name)s [-] %(instance)s%(message)s log_opt_values /var/lib/kolla/venv/lib64/python3.9/site-packages/oslo_config/cfg.py:2819
2026-06-22 02:18:20.765 7 DEBUG neutron.common.config [-] logging_exception_prefix = %(asctime)s.%(msecs)03d %(process)d ERROR %(name)s %(instance)s log_opt_values /var/lib/kolla/venv/lib64/python3.9/site-packages/oslo_config/cfg.py:2819
2026-06-22 02:18:20.765 7 DEBUG neutron.common.config [-] logging_user_identity_format = %(user)s %(project)s %(domain)s %(system_scope)s %(user_domain)s %(project_domain)s log_opt_values /var/lib/kolla/venv/lib64/python3.9/site-packages/oslo_config/cfg.py:2819
2026-06-22 02:18:20.765 7 DEBUG neutron.common.config [-] max_dns_nameservers = 5 log_opt_values /var/lib/kolla/venv/lib64/python3.9/site-packages/oslo_config/cfg.py:2819
2026-06-22 02:18:20.765 7 DEBUG neutron.common.config [-] max_header_line = 16384 log_opt_values /var/lib/kolla/venv/lib64/python3.9/site-packages/oslo_config/cfg.py:2819
2026-06-22 02:18:20.765 7 DEBUG neutron.common.config [-] max_logfile_count = 30 log_opt_values /var/lib/kolla/venv/lib64/python3.9/site-packages/oslo_config/cfg.py:2819
2026-06-22 02:18:20.765 7 DEBUG neutron.common.config [-] max_logfile_size_mb = 200 log_opt_values /var/lib/kolla/venv/lib64/python3.9/site-packages/oslo_config/cfg.py:2819
2026-06-22 02:18:20.765 7 DEBUG neutron.common.config [-] max_subnet_host_routes = 20 log_opt_values /var/lib/kolla/venv/lib64/python3.9/site-packages/oslo_config/cfg.py:2819
2026-06-22 02:18:20.765 7 DEBUG neutron.common.config [-] my_ip = 10.0.0.50 log_opt_values /var/lib/kolla/venv/lib64/python3.9/site-packages/oslo_config/cfg.py:2819
2026-06-22 02:18:20.765 7 DEBUG neutron.common.config [-] my_ipv6 = ::1 log_opt_values /var/lib/kolla/venv/lib64/python3.9/site-packages/oslo_config/cfg.py:2819
2026-06-22 02:18:20.765 7 DEBUG neutron.common.config [-] network_link_prefix = None log_opt_values /var/lib/kolla/venv/lib64/python3.9/site-packages/oslo_config/cfg.py:2819
2026-06-22 02:18:20.765 7 DEBUG neutron.common.config [-] notify_nova_on_port_data_changes = True log_opt_values /var/lib/kolla/venv/lib64/python3.9/site-packages/oslo_config/cfg.py:2819
2026-06-22 02:18:20.766 7 DEBUG neutron.common.config [-] notify_nova_on_port_status_changes = True log_opt_values /var/lib/kolla/venv/lib64/python3.9/site-packages/oslo_config/cfg.py:2819
2026-06-22 02:18:20.766 7 DEBUG neutron.common.config [-] pagination_max_limit = -1 log_opt_values /var/lib/kolla/venv/lib64/python3.9/site-packages/oslo_config/cfg.py:2819
2026-06-22 02:18:20.766 7 DEBUG neutron.common.config [-] periodic_fuzzy_delay = 5 log_opt_values /var/lib/kolla/venv/lib64/python3.9/site-packages/oslo_config/cfg.py:2819
2026-06-22 02:18:20.766 7 DEBUG neutron.common.config [-] periodic_interval = 40 log_opt_values /var/lib/kolla/venv/lib64/python3.9/site-packages/oslo_config/cfg.py:2819
2026-06-22 02:18:20.766 7 DEBUG neutron.common.config [-] publish_errors = False log_opt_values /var/lib/kolla/venv/lib64/python3.9/site-packages/oslo_config/cfg.py:2819
2026-06-22 02:18:20.766 7 DEBUG neutron.common.config [-] rate_limit_burst = 0 log_opt_values /var/lib/kolla/venv/lib64/python3.9/site-packages/oslo_config/cfg.py:2819
2026-06-22 02:18:20.766 7 DEBUG neutron.common.config [-] rate_limit_except_level = CRITICAL log_opt_values /var/lib/kolla/venv/lib64/python3.9/site-packages/oslo_config/cfg.py:2819
2026-06-22 02:18:20.766 7 DEBUG neutron.common.config [-] rate_limit_interval = 0 log_opt_values /var/lib/kolla/venv/lib64/python3.9/site-packages/oslo_config/cfg.py:2819
2026-06-22 02:18:20.767 7 DEBUG neutron.common.config [-] retry_until_window = 30 log_opt_values /var/lib/kolla/venv/lib64/python3.9/site-packages/oslo_config/cfg.py:2819
2026-06-22 02:18:20.767 7 DEBUG neutron.common.config [-] rpc_response_max_timeout = 600 log_opt_values /var/lib/kolla/venv/lib64/python3.9/site-packages/oslo_config/cfg.py:2819
2026-06-22 02:18:20.767 7 DEBUG neutron.common.config [-] rpc_state_report_workers = 3 log_opt_values /var/lib/kolla/venv/lib64/python3.9/site-packages/oslo_config/cfg.py:2819
2026-06-22 02:18:20.767 7 DEBUG neutron.common.config [-] rpc_workers = 3 log_opt_values /var/lib/kolla/venv/lib64/python3.9/site-packages/oslo_config/cfg.py:2819
2026-06-22 02:18:20.767 7 DEBUG neutron.common.config [-] send_events_interval = 2 log_opt_values /var/lib/kolla/venv/lib64/python3.9/site-packages/oslo_config/cfg.py:2819
2026-06-22 02:18:20.768 7 DEBUG neutron.common.config [-] service_plugins = ['contrail-tags'] log_opt_values /var/lib/kolla/venv/lib64/python3.9/site-packages/oslo_config/cfg.py:2819
2026-06-22 02:18:20.768 7 DEBUG neutron.common.config [-] setproctitle = on log_opt_values /var/lib/kolla/venv/lib64/python3.9/site-packages/oslo_config/cfg.py:2819
2026-06-22 02:18:20.768 7 DEBUG neutron.common.config [-] shell_completion = None log_opt_values /var/lib/kolla/venv/lib64/python3.9/site-packages/oslo_config/cfg.py:2819
2026-06-22 02:18:20.768 7 DEBUG neutron.common.config [-] state_path = /var/lib/neutron/kolla log_opt_values /var/lib/kolla/venv/lib64/python3.9/site-packages/oslo_config/cfg.py:2819
2026-06-22 02:18:20.768 7 DEBUG neutron.common.config [-] syslog_log_facility = LOG_USER log_opt_values /var/lib/kolla/venv/lib64/python3.9/site-packages/oslo_config/cfg.py:2819
2026-06-22 02:18:20.768 7 DEBUG neutron.common.config [-] tcp_keepidle = 600 log_opt_values /var/lib/kolla/venv/lib64/python3.9/site-packages/oslo_config/cfg.py:2819
2026-06-22 02:18:20.769 7 DEBUG neutron.common.config [-] transport_url = **** log_opt_values /var/lib/kolla/venv/lib64/python3.9/site-packages/oslo_config/cfg.py:2819
2026-06-22 02:18:20.769 7 DEBUG neutron.common.config [-] use_eventlog = False log_opt_values /var/lib/kolla/venv/lib64/python3.9/site-packages/oslo_config/cfg.py:2819
2026-06-22 02:18:20.769 7 DEBUG neutron.common.config [-] use_journal = False log_opt_values /var/lib/kolla/venv/lib64/python3.9/site-packages/oslo_config/cfg.py:2819
2026-06-22 02:18:20.769 7 DEBUG neutron.common.config [-] use_json = False log_opt_values /var/lib/kolla/venv/lib64/python3.9/site-packages/oslo_config/cfg.py:2819
2026-06-22 02:18:20.769 7 DEBUG neutron.common.config [-] use_ssl = False log_opt_values /var/lib/kolla/venv/lib64/python3.9/site-packages/oslo_config/cfg.py:2819
2026-06-22 02:18:20.769 7 DEBUG neutron.common.config [-] use_stderr = False log_opt_values /var/lib/kolla/venv/lib64/python3.9/site-packages/oslo_config/cfg.py:2819
2026-06-22 02:18:20.769 7 DEBUG neutron.common.config [-] use_syslog = False log_opt_values /var/lib/kolla/venv/lib64/python3.9/site-packages/oslo_config/cfg.py:2819
2026-06-22 02:18:20.770 7 DEBUG neutron.common.config [-] vlan_transparent = False log_opt_values /var/lib/kolla/venv/lib64/python3.9/site-packages/oslo_config/cfg.py:2819
2026-06-22 02:18:20.770 7 DEBUG neutron.common.config [-] watch_log_file = False log_opt_values /var/lib/kolla/venv/lib64/python3.9/site-packages/oslo_config/cfg.py:2819
