2026-06-18 00:34:10.481 136405 DEBUG oslo_service.service [req-61a6da37-f074-418a-9a73-eeede4313554 - - - - -] servicegroup_driver = db log_opt_values /usr/lib/python3/dist-packages/oslo_config/cfg.py:2602
2026-06-18 00:34:10.481 136405 DEBUG oslo_service.service [req-61a6da37-f074-418a-9a73-eeede4313554 - - - - -] shelved_offload_time = 0 log_opt_values /usr/lib/python3/dist-packages/oslo_config/cfg.py:2602
2026-06-18 00:34:10.481 136405 DEBUG oslo_service.service [req-61a6da37-f074-418a-9a73-eeede4313554 - - - - -] shelved_poll_interval = 3600 log_opt_values /usr/lib/python3/dist-packages/oslo_config/cfg.py:2602
2026-06-18 00:34:10.481 136405 DEBUG oslo_service.service [req-61a6da37-f074-418a-9a73-eeede4313554 - - - - -] shutdown_timeout = 60 log_opt_values /usr/lib/python3/dist-packages/oslo_config/cfg.py:2602
2026-06-18 00:34:10.481 136405 DEBUG oslo_service.service [req-61a6da37-f074-418a-9a73-eeede4313554 - - - - -] source_is_ipv6 = False log_opt_values /usr/lib/python3/dist-packages/oslo_config/cfg.py:2602
2026-06-18 00:34:10.482 136405 DEBUG oslo_service.service [req-61a6da37-f074-418a-9a73-eeede4313554 - - - - -] ssl_only = False log_opt_values /usr/lib/python3/dist-packages/oslo_config/cfg.py:2602
2026-06-18 00:34:10.482 136405 DEBUG oslo_service.service [req-61a6da37-f074-418a-9a73-eeede4313554 - - - - -] state_path = /var/lib/nova log_opt_values /usr/lib/python3/dist-packages/oslo_config/cfg.py:2602
2026-06-18 00:34:10.482 136405 DEBUG oslo_service.service [req-61a6da37-f074-418a-9a73-eeede4313554 - - - - -] sync_power_state_interval = 600 log_opt_values /usr/lib/python3/dist-packages/oslo_config/cfg.py:2602
2026-06-18 00:34:10.482 136405 DEBUG oslo_service.service [req-61a6da37-f074-418a-9a73-eeede4313554 - - - - -] sync_power_state_pool_size = 1000 log_opt_values /usr/lib/python3/dist-packages/oslo_config/cfg.py:2602
2026-06-18 00:34:10.482 136405 DEBUG oslo_service.service [req-61a6da37-f074-418a-9a73-eeede4313554 - - - - -] syslog_log_facility = LOG_USER log_opt_values /usr/lib/python3/dist-packages/oslo_config/cfg.py:2602
2026-06-18 00:34:10.482 136405 DEBUG oslo_service.service [req-61a6da37-f074-418a-9a73-eeede4313554 - - - - -] tempdir = None log_opt_values /usr/lib/python3/dist-packages/oslo_config/cfg.py:2602
2026-06-18 00:34:10.482 136405 DEBUG oslo_service.service [req-61a6da37-f074-418a-9a73-eeede4313554 - - - - -] timeout_nbd = 10 log_opt_values /usr/lib/python3/dist-packages/oslo_config/cfg.py:2602
2026-06-18 00:34:10.483 136405 DEBUG oslo_service.service [req-61a6da37-f074-418a-9a73-eeede4313554 - - - - -] transport_url = **** log_opt_values /usr/lib/python3/dist-packages/oslo_config/cfg.py:2602
2026-06-18 00:34:10.483 136405 DEBUG oslo_service.service [req-61a6da37-f074-418a-9a73-eeede4313554 - - - - -] update_resources_interval = 0 log_opt_values /usr/lib/python3/dist-packages/oslo_config/cfg.py:2602
2026-06-18 00:34:10.483 136405 DEBUG oslo_service.service [req-61a6da37-f074-418a-9a73-eeede4313554 - - - - -] use_cow_images = True log_opt_values /usr/lib/python3/dist-packages/oslo_config/cfg.py:2602
2026-06-18 00:34:10.483 136405 DEBUG oslo_service.service [req-61a6da37-f074-418a-9a73-eeede4313554 - - - - -] use_eventlog = False log_opt_values /usr/lib/python3/dist-packages/oslo_config/cfg.py:2602
2026-06-18 00:34:10.488 136405 DEBUG oslo_service.service [req-61a6da37-f074-418a-9a73-eeede4313554 - - - - -] use_journal = False log_opt_values /usr/lib/python3/dist-packages/oslo_config/cfg.py:2602
2026-06-18 00:34:10.489 136405 DEBUG oslo_service.service [req-61a6da37-f074-418a-9a73-eeede4313554 - - - - -] use_json = False log_opt_values /usr/lib/python3/dist-packages/oslo_config/cfg.py:2602
2026-06-18 00:34:10.489 136405 DEBUG oslo_service.service [req-61a6da37-f074-418a-9a73-eeede4313554 - - - - -] use_rootwrap_daemon = False log_opt_values /usr/lib/python3/dist-packages/oslo_config/cfg.py:2602
2026-06-18 00:34:10.489 136405 DEBUG oslo_service.service [req-61a6da37-f074-418a-9a73-eeede4313554 - - - - -] use_stderr = False log_opt_values /usr/lib/python3/dist-packages/oslo_config/cfg.py:2602
2026-06-18 00:34:10.489 136405 DEBUG oslo_service.service [req-61a6da37-f074-418a-9a73-eeede4313554 - - - - -] use_syslog = False log_opt_values /usr/lib/python3/dist-packages/oslo_config/cfg.py:2602
2026-06-18 00:34:10.490 136405 DEBUG oslo_service.service [req-61a6da37-f074-418a-9a73-eeede4313554 - - - - -] vcpu_pin_set = None log_opt_values /usr/lib/python3/dist-packages/oslo_config/cfg.py:2602
2026-06-18 00:34:10.490 136405 DEBUG oslo_service.service [req-61a6da37-f074-418a-9a73-eeede4313554 - - - - -] vif_plugging_is_fatal = True log_opt_values /usr/lib/python3/dist-packages/oslo_config/cfg.py:2602
2026-06-18 00:34:10.490 136405 DEBUG oslo_service.service [req-61a6da37-f074-418a-9a73-eeede4313554 - - - - -] vif_plugging_timeout = 300 log_opt_values /usr/lib/python3/dist-packages/oslo_config/cfg.py:2602
2026-06-18 00:34:10.491 136405 DEBUG oslo_service.service [req-61a6da37-f074-418a-9a73-eeede4313554 - - - - -] virt_mkfs = [] log_opt_values /usr/lib/python3/dist-packages/oslo_config/cfg.py:2602
2026-06-18 00:34:10.491 136405 DEBUG oslo_service.service [req-61a6da37-f074-418a-9a73-eeede4313554 - - - - -] volume_usage_poll_interval = 0 log_opt_values /usr/lib/python3/dist-packages/oslo_config/cfg.py:2602
2026-06-18 00:34:10.491 136405 DEBUG oslo_service.service [req-61a6da37-f074-418a-9a73-eeede4313554 - - - - -] watch_log_file = False log_opt_values /usr/lib/python3/dist-packages/oslo_config/cfg.py:2602
2026-06-18 00:34:10.491 136405 DEBUG oslo_service.service [req-61a6da37-f074-418a-9a73-eeede4313554 - - - - -] web = /usr/share/spice-html5 log_opt_values /usr/lib/python3/dist-packages/oslo_config/cfg.py:2602
2026-06-18 00:34:10.492 136405 DEBUG oslo_service.service [req-61a6da37-f074-418a-9a73-eeede4313554 - - - - -] oslo_concurrency.disable_process_locking = False log_opt_values /usr/lib/python3/dist-packages/oslo_config/cfg.py:2609
2026-06-18 00:34:10.492 136405 DEBUG oslo_service.service [req-61a6da37-f074-418a-9a73-eeede4313554 - - - - -] oslo_concurrency.lock_path = /var/lock/nova log_opt_values /usr/lib/python3/dist-packages/oslo_config/cfg.py:2609
2026-06-18 00:34:10.492 136405 WARNING oslo_config.cfg [req-61a6da37-f074-418a-9a73-eeede4313554 - - - - -] Deprecated: Option "auth_strategy" from group "api" is deprecated for removal ( The only non-default choice, ``noauth2``, is for internal development and testing purposes only and should not be used in deployments. This option and its middleware, NoAuthMiddleware[V2_18], will be removed in a future release. ). Its value may be silently ignored in the future.
2026-06-18 00:34:10.492 136405 DEBUG oslo_service.service [req-61a6da37-f074-418a-9a73-eeede4313554 - - - - -] api.auth_strategy = keystone log_opt_values /usr/lib/python3/dist-packages/oslo_config/cfg.py:2609
2026-06-18 00:34:10.493 136405 DEBUG oslo_service.service [req-61a6da37-f074-418a-9a73-eeede4313554 - - - - -] api.compute_link_prefix = None log_opt_values /usr/lib/python3/dist-packages/oslo_config/cfg.py:2609
2026-06-18 00:34:10.494 136405 DEBUG oslo_service.service [req-61a6da37-f074-418a-9a73-eeede4313554 - - - - -] api.config_drive_skip_versions = 1.0 2007-01-19 2007-03-01 2007-08-29 2007-10-10 2007-12-15 2008-02-01 2008-09-01 log_opt_values /usr/lib/python3/dist-packages/oslo_config/cfg.py:2609
2026-06-18 00:34:10.494 136405 DEBUG oslo_service.service [req-61a6da37-f074-418a-9a73-eeede4313554 - - - - -] api.dhcp_domain = novalocal log_opt_values /usr/lib/python3/dist-packages/oslo_config/cfg.py:2609
2026-06-18 00:34:10.495 136405 DEBUG oslo_service.service [req-61a6da37-f074-418a-9a73-eeede4313554 - - - - -] api.enable_instance_password = True log_opt_values /usr/lib/python3/dist-packages/oslo_config/cfg.py:2609
2026-06-18 00:34:10.495 136405 DEBUG oslo_service.service [req-61a6da37-f074-418a-9a73-eeede4313554 - - - - -] api.glance_link_prefix = None log_opt_values /usr/lib/python3/dist-packages/oslo_config/cfg.py:2609
2026-06-18 00:34:10.495 136405 DEBUG oslo_service.service [req-61a6da37-f074-418a-9a73-eeede4313554 - - - - -] api.instance_list_cells_batch_fixed_size = 100 log_opt_values /usr/lib/python3/dist-packages/oslo_config/cfg.py:2609
2026-06-18 00:34:10.496 136405 DEBUG oslo_service.service [req-61a6da37-f074-418a-9a73-eeede4313554 - - - - -] api.instance_list_cells_batch_strategy = distributed log_opt_values /usr/lib/python3/dist-packages/oslo_config/cfg.py:2609
2026-06-18 00:34:10.496 136405 DEBUG oslo_service.service [req-61a6da37-f074-418a-9a73-eeede4313554 - - - - -] api.instance_list_per_project_cells = False log_opt_values /usr/lib/python3/dist-packages/oslo_config/cfg.py:2609
2026-06-18 00:34:10.497 136405 DEBUG oslo_service.service [req-61a6da37-f074-418a-9a73-eeede4313554 - - - - -] api.list_records_by_skipping_down_cells = True log_opt_values /usr/lib/python3/dist-packages/oslo_config/cfg.py:2609
2026-06-18 00:34:10.497 136405 DEBUG oslo_service.service [req-61a6da37-f074-418a-9a73-eeede4313554 - - - - -] api.local_metadata_per_cell = False log_opt_values /usr/lib/python3/dist-packages/oslo_config/cfg.py:2609
2026-06-18 00:34:10.498 136405 DEBUG oslo_service.service [req-61a6da37-f074-418a-9a73-eeede4313554 - - - - -] api.max_limit = 1000 log_opt_values /usr/lib/python3/dist-packages/oslo_config/cfg.py:2609
2026-06-18 00:34:10.498 136405 DEBUG oslo_service.service [req-61a6da37-f074-418a-9a73-eeede4313554 - - - - -] api.metadata_cache_expiration = 15 log_opt_values /usr/lib/python3/dist-packages/oslo_config/cfg.py:2609
2026-06-18 00:34:10.498 136405 DEBUG oslo_service.service [req-61a6da37-f074-418a-9a73-eeede4313554 - - - - -] api.neutron_default_tenant_id = default log_opt_values /usr/lib/python3/dist-packages/oslo_config/cfg.py:2609
2026-06-18 00:34:10.498 136405 DEBUG oslo_service.service [req-61a6da37-f074-418a-9a73-eeede4313554 - - - - -] api.use_forwarded_for = False log_opt_values /usr/lib/python3/dist-packages/oslo_config/cfg.py:2609
2026-06-18 00:34:10.499 136405 DEBUG oslo_service.service [req-61a6da37-f074-418a-9a73-eeede4313554 - - - - -] api.use_neutron_default_nets = False log_opt_values /usr/lib/python3/dist-packages/oslo_config/cfg.py:2609
2026-06-18 00:34:10.500 136405 DEBUG oslo_service.service [req-61a6da37-f074-418a-9a73-eeede4313554 - - - - -] api.vendordata_dynamic_connect_timeout = 5 log_opt_values /usr/lib/python3/dist-packages/oslo_config/cfg.py:2609
2026-06-18 00:34:10.500 136405 DEBUG oslo_service.service [req-61a6da37-f074-418a-9a73-eeede4313554 - - - - -] api.vendordata_dynamic_failure_fatal = False log_opt_values /usr/lib/python3/dist-packages/oslo_config/cfg.py:2609
2026-06-18 00:34:10.500 136405 DEBUG oslo_service.service [req-61a6da37-f074-418a-9a73-eeede4313554 - - - - -] api.vendordata_dynamic_read_timeout = 5 log_opt_values /usr/lib/python3/dist-packages/oslo_config/cfg.py:2609
2026-06-18 00:34:10.501 136405 DEBUG oslo_service.service [req-61a6da37-f074-418a-9a73-eeede4313554 - - - - -] api.vendordata_dynamic_ssl_certfile = log_opt_values /usr/lib/python3/dist-packages/oslo_config/cfg.py:2609
2026-06-18 00:34:10.501 136405 DEBUG oslo_service.service [req-61a6da37-f074-418a-9a73-eeede4313554 - - - - -] api.vendordata_dynamic_targets = [] log_opt_values /usr/lib/python3/dist-packages/oslo_config/cfg.py:2609
2026-06-18 00:34:10.501 136405 DEBUG oslo_service.service [req-61a6da37-f074-418a-9a73-eeede4313554 - - - - -] api.vendordata_jsonfile_path = None log_opt_values /usr/lib/python3/dist-packages/oslo_config/cfg.py:2609
2026-06-18 00:34:10.502 136405 DEBUG oslo_service.service [req-61a6da37-f074-418a-9a73-eeede4313554 - - - - -] api.vendordata_providers = ['StaticJSON'] log_opt_values /usr/lib/python3/dist-packages/oslo_config/cfg.py:2609
2026-06-18 00:34:10.502 136405 DEBUG oslo_service.service [req-61a6da37-f074-418a-9a73-eeede4313554 - - - - -] cache.backend = dogpile.cache.null log_opt_values /usr/lib/python3/dist-packages/oslo_config/cfg.py:2609
2026-06-18 00:34:10.502 136405 DEBUG oslo_service.service [req-61a6da37-f074-418a-9a73-eeede4313554 - - - - -] cache.backend_argument = **** log_opt_values /usr/lib/python3/dist-packages/oslo_config/cfg.py:2609
2026-06-18 00:34:10.502 136405 DEBUG oslo_service.service [req-61a6da37-f074-418a-9a73-eeede4313554 - - - - -] cache.config_prefix = cache.oslo log_opt_values /usr/lib/python3/dist-packages/oslo_config/cfg.py:2609
2026-06-18 00:34:10.503 136405 DEBUG oslo_service.service [req-61a6da37-f074-418a-9a73-eeede4313554 - - - - -] cache.debug_cache_backend = False log_opt_values /usr/lib/python3/dist-packages/oslo_config/cfg.py:2609
2026-06-18 00:34:10.503 136405 DEBUG oslo_service.service [req-61a6da37-f074-418a-9a73-eeede4313554 - - - - -] cache.enabled = False log_opt_values /usr/lib/python3/dist-packages/oslo_config/cfg.py:2609
2026-06-18 00:34:10.503 136405 DEBUG oslo_service.service [req-61a6da37-f074-418a-9a73-eeede4313554 - - - - -] cache.expiration_time = 600 log_opt_values /usr/lib/python3/dist-packages/oslo_config/cfg.py:2609
2026-06-18 00:34:10.503 136405 DEBUG oslo_service.service [req-61a6da37-f074-418a-9a73-eeede4313554 - - - - -] cache.memcache_dead_retry = 300 log_opt_values /usr/lib/python3/dist-packages/oslo_config/cfg.py:2609
2026-06-18 00:34:10.503 136405 DEBUG oslo_service.service [req-61a6da37-f074-418a-9a73-eeede4313554 - - - - -] cache.memcache_pool_connection_get_timeout = 10 log_opt_values /usr/lib/python3/dist-packages/oslo_config/cfg.py:2609
2026-06-18 00:34:10.503 136405 DEBUG oslo_service.service [req-61a6da37-f074-418a-9a73-eeede4313554 - - - - -] cache.memcache_pool_flush_on_reconnect = False log_opt_values /usr/lib/python3/dist-packages/oslo_config/cfg.py:2609
2026-06-18 00:34:10.504 136405 DEBUG oslo_service.service [req-61a6da37-f074-418a-9a73-eeede4313554 - - - - -] cache.memcache_pool_maxsize = 10 log_opt_values /usr/lib/python3/dist-packages/oslo_config/cfg.py:2609
2026-06-18 00:34:10.504 136405 DEBUG oslo_service.service [req-61a6da37-f074-418a-9a73-eeede4313554 - - - - -] cache.memcache_pool_unused_timeout = 60 log_opt_values /usr/lib/python3/dist-packages/oslo_config/cfg.py:2609
2026-06-18 00:34:10.504 136405 DEBUG oslo_service.service [req-61a6da37-f074-418a-9a73-eeede4313554 - - - - -] cache.memcache_servers = ['localhost:11211'] log_opt_values /usr/lib/python3/dist-packages/oslo_config/cfg.py:2609
2026-06-18 00:34:10.504 137925 DEBUG oslo_db.sqlalchemy.engines [req-27a0ddb7-da71-4781-951c-e671eff5eb90 - - - - -] MySQL server mode set to STRICT_TRANS_TABLES,STRICT_ALL_TABLES,NO_ZERO_IN_DATE,NO_ZERO_DATE,ERROR_FOR_DIVISION_BY_ZERO,TRADITIONAL,NO_ENGINE_SUBSTITUTION _check_effective_sql_mode /usr/lib/python3/dist-packages/oslo_db/sqlalchemy/engines.py:314
2026-06-18 00:34:10.504 136405 DEBUG oslo_service.service [req-61a6da37-f074-418a-9a73-eeede4313554 - - - - -] cache.memcache_socket_timeout = 1.0 log_opt_values /usr/lib/python3/dist-packages/oslo_config/cfg.py:2609
2026-06-18 00:34:10.505 136405 DEBUG oslo_service.service [req-61a6da37-f074-418a-9a73-eeede4313554 - - - - -] cache.proxies = [] log_opt_values /usr/lib/python3/dist-packages/oslo_config/cfg.py:2609
2026-06-18 00:34:10.505 136405 DEBUG oslo_service.service [req-61a6da37-f074-418a-9a73-eeede4313554 - - - - -] cache.tls_allowed_ciphers = None log_opt_values /usr/lib/python3/dist-packages/oslo_config/cfg.py:2609
2026-06-18 00:34:10.505 136405 DEBUG oslo_service.service [req-61a6da37-f074-418a-9a73-eeede4313554 - - - - -] cache.tls_cafile = None log_opt_values /usr/lib/python3/dist-packages/oslo_config/cfg.py:2609
2026-06-18 00:34:10.506 136405 DEBUG oslo_service.service [req-61a6da37-f074-418a-9a73-eeede4313554 - - - - -] cache.tls_certfile = None log_opt_values /usr/lib/python3/dist-packages/oslo_config/cfg.py:2609
2026-06-18 00:34:10.507 136405 DEBUG oslo_service.service [req-61a6da37-f074-418a-9a73-eeede4313554 - - - - -] cache.tls_enabled = False log_opt_values /usr/lib/python3/dist-packages/oslo_config/cfg.py:2609
2026-06-18 00:34:10.507 136405 DEBUG oslo_service.service [req-61a6da37-f074-418a-9a73-eeede4313554 - - - - -] cache.tls_keyfile = None log_opt_values /usr/lib/python3/dist-packages/oslo_config/cfg.py:2609
2026-06-18 00:34:10.507 136405 DEBUG oslo_service.service [req-61a6da37-f074-418a-9a73-eeede4313554 - - - - -] cinder.auth_section = None log_opt_values /usr/lib/python3/dist-packages/oslo_config/cfg.py:2609
2026-06-18 00:34:10.508 136405 DEBUG oslo_service.service [req-61a6da37-f074-418a-9a73-eeede4313554 - - - - -] cinder.auth_type = None log_opt_values /usr/lib/python3/dist-packages/oslo_config/cfg.py:2609
2026-06-18 00:34:10.509 136405 DEBUG oslo_service.service [req-61a6da37-f074-418a-9a73-eeede4313554 - - - - -] cinder.cafile = None log_opt_values /usr/lib/python3/dist-packages/oslo_config/cfg.py:2609
2026-06-18 00:34:10.509 136405 DEBUG oslo_service.service [req-61a6da37-f074-418a-9a73-eeede4313554 - - - - -] cinder.catalog_info = volumev3::publicURL log_opt_values /usr/lib/python3/dist-packages/oslo_config/cfg.py:2609
2026-06-18 00:34:10.509 136405 DEBUG oslo_service.service [req-61a6da37-f074-418a-9a73-eeede4313554 - - - - -] cinder.certfile = None log_opt_values /usr/lib/python3/dist-packages/oslo_config/cfg.py:2609
2026-06-18 00:34:10.510 136405 DEBUG oslo_service.service [req-61a6da37-f074-418a-9a73-eeede4313554 - - - - -] cinder.collect_timing = False log_opt_values /usr/lib/python3/dist-packages/oslo_config/cfg.py:2609
2026-06-18 00:34:10.510 136405 DEBUG oslo_service.service [req-61a6da37-f074-418a-9a73-eeede4313554 - - - - -] cinder.cross_az_attach = True log_opt_values /usr/lib/python3/dist-packages/oslo_config/cfg.py:2609
2026-06-18 00:34:10.510 137917 DEBUG nova.service [req-fe7119dd-3991-492c-9091-ad51c666888b - - - - -] Creating RPC server for service scheduler start /usr/lib/python3/dist-packages/nova/service.py:182
2026-06-18 00:34:10.511 136405 DEBUG oslo_service.service [req-61a6da37-f074-418a-9a73-eeede4313554 - - - - -] cinder.debug = False log_opt_values /usr/lib/python3/dist-packages/oslo_config/cfg.py:2609
2026-06-18 00:34:10.511 136405 DEBUG oslo_service.service [req-61a6da37-f074-418a-9a73-eeede4313554 - - - - -] cinder.endpoint_template = None log_opt_values /usr/lib/python3/dist-packages/oslo_config/cfg.py:2609
2026-06-18 00:34:10.512 136405 DEBUG oslo_service.service [req-61a6da37-f074-418a-9a73-eeede4313554 - - - - -] cinder.http_retries = 3 log_opt_values /usr/lib/python3/dist-packages/oslo_config/cfg.py:2609
2026-06-18 00:34:10.512 136405 DEBUG oslo_service.service [req-61a6da37-f074-418a-9a73-eeede4313554 - - - - -] cinder.insecure = False log_opt_values /usr/lib/python3/dist-packages/oslo_config/cfg.py:2609
2026-06-18 00:34:10.512 136405 DEBUG oslo_service.service [req-61a6da37-f074-418a-9a73-eeede4313554 - - - - -] cinder.keyfile = None log_opt_values /usr/lib/python3/dist-packages/oslo_config/cfg.py:2609
2026-06-18 00:34:10.512 136405 DEBUG oslo_service.service [req-61a6da37-f074-418a-9a73-eeede4313554 - - - - -] cinder.os_region_name = None log_opt_values /usr/lib/python3/dist-packages/oslo_config/cfg.py:2609
2026-06-18 00:34:10.513 136405 DEBUG oslo_service.service [req-61a6da37-f074-418a-9a73-eeede4313554 - - - - -] cinder.split_loggers = False log_opt_values /usr/lib/python3/dist-packages/oslo_config/cfg.py:2609
2026-06-18 00:34:10.513 136405 DEBUG oslo_service.service [req-61a6da37-f074-418a-9a73-eeede4313554 - - - - -] cinder.timeout = None log_opt_values /usr/lib/python3/dist-packages/oslo_config/cfg.py:2609
2026-06-18 00:34:10.513 136405 DEBUG oslo_service.service [req-61a6da37-f074-418a-9a73-eeede4313554 - - - - -] compute.consecutive_build_service_disable_threshold = 10 log_opt_values /usr/lib/python3/dist-packages/oslo_config/cfg.py:2609
2026-06-18 00:34:10.513 136405 DEBUG oslo_service.service [req-61a6da37-f074-418a-9a73-eeede4313554 - - - - -] compute.cpu_dedicated_set = None log_opt_values /usr/lib/python3/dist-packages/oslo_config/cfg.py:2609
2026-06-18 00:34:10.514 136405 DEBUG oslo_service.service [req-61a6da37-f074-418a-9a73-eeede4313554 - - - - -] compute.cpu_shared_set = None log_opt_values /usr/lib/python3/dist-packages/oslo_config/cfg.py:2609
2026-06-18 00:34:10.515 136405 DEBUG oslo_service.service [req-61a6da37-f074-418a-9a73-eeede4313554 - - - - -] compute.image_type_exclude_list = [] log_opt_values /usr/lib/python3/dist-packages/oslo_config/cfg.py:2609
2026-06-18 00:34:10.515 136405 DEBUG oslo_service.service [req-61a6da37-f074-418a-9a73-eeede4313554 - - - - -] compute.live_migration_wait_for_vif_plug = True log_opt_values /usr/lib/python3/dist-packages/oslo_config/cfg.py:2609
2026-06-18 00:34:10.515 136405 DEBUG oslo_service.service [req-61a6da37-f074-418a-9a73-eeede4313554 - - - - -] compute.max_concurrent_disk_ops = 0 log_opt_values /usr/lib/python3/dist-packages/oslo_config/cfg.py:2609
2026-06-18 00:34:10.515 136405 DEBUG oslo_service.service [req-61a6da37-f074-418a-9a73-eeede4313554 - - - - -] compute.max_disk_devices_to_attach = -1 log_opt_values /usr/lib/python3/dist-packages/oslo_config/cfg.py:2609
2026-06-18 00:34:10.516 136405 DEBUG oslo_service.service [req-61a6da37-f074-418a-9a73-eeede4313554 - - - - -] compute.packing_host_numa_cells_allocation_strategy = True log_opt_values /usr/lib/python3/dist-packages/oslo_config/cfg.py:2609
2026-06-18 00:34:10.516 136405 DEBUG oslo_service.service [req-61a6da37-f074-418a-9a73-eeede4313554 - - - - -] compute.provider_config_location = /etc/nova/provider_config/ log_opt_values /usr/lib/python3/dist-packages/oslo_config/cfg.py:2609
2026-06-18 00:34:10.516 136405 DEBUG oslo_service.service [req-61a6da37-f074-418a-9a73-eeede4313554 - - - - -] compute.resource_provider_association_refresh = 300 log_opt_values /usr/lib/python3/dist-packages/oslo_config/cfg.py:2609
2026-06-18 00:34:10.516 136405 DEBUG oslo_service.service [req-61a6da37-f074-418a-9a73-eeede4313554 - - - - -] compute.shutdown_retry_interval = 10 log_opt_values /usr/lib/python3/dist-packages/oslo_config/cfg.py:2609
2026-06-18 00:34:10.517 136405 DEBUG oslo_service.service [req-61a6da37-f074-418a-9a73-eeede4313554 - - - - -] compute.vmdk_allowed_types = ['streamOptimized', 'monolithicSparse'] log_opt_values /usr/lib/python3/dist-packages/oslo_config/cfg.py:2609
2026-06-18 00:34:10.517 137925 DEBUG nova.service [req-27a0ddb7-da71-4781-951c-e671eff5eb90 - - - - -] Creating RPC server for service scheduler start /usr/lib/python3/dist-packages/nova/service.py:182
2026-06-18 00:34:10.518 136405 DEBUG oslo_service.service [req-61a6da37-f074-418a-9a73-eeede4313554 - - - - -] conductor.workers = 4 log_opt_values /usr/lib/python3/dist-packages/oslo_config/cfg.py:2609
2026-06-18 00:34:10.518 136405 DEBUG oslo_service.service [req-61a6da37-f074-418a-9a73-eeede4313554 - - - - -] console.allowed_origins = [] log_opt_values /usr/lib/python3/dist-packages/oslo_config/cfg.py:2609
2026-06-18 00:34:10.518 136405 DEBUG oslo_service.service [req-61a6da37-f074-418a-9a73-eeede4313554 - - - - -] console.ssl_ciphers = None log_opt_values /usr/lib/python3/dist-packages/oslo_config/cfg.py:2609
2026-06-18 00:34:10.518 136405 DEBUG oslo_service.service [req-61a6da37-f074-418a-9a73-eeede4313554 - - - - -] console.ssl_minimum_version = default log_opt_values /usr/lib/python3/dist-packages/oslo_config/cfg.py:2609
2026-06-18 00:34:10.518 136405 DEBUG oslo_service.service [req-61a6da37-f074-418a-9a73-eeede4313554 - - - - -] consoleauth.token_ttl = 600 log_opt_values /usr/lib/python3/dist-packages/oslo_config/cfg.py:2609
2026-06-18 00:34:10.518 137918 DEBUG nova.service [req-7fcd5ba0-3c54-4d62-afc8-74e9bc68a7a6 - - - - -] Creating RPC server for service scheduler start /usr/lib/python3/dist-packages/nova/service.py:182
2026-06-18 00:34:10.518 136405 DEBUG oslo_service.service [req-61a6da37-f074-418a-9a73-eeede4313554 - - - - -] cyborg.cafile = None log_opt_values /usr/lib/python3/dist-packages/oslo_config/cfg.py:2609
2026-06-18 00:34:10.519 136405 DEBUG oslo_service.service [req-61a6da37-f074-418a-9a73-eeede4313554 - - - - -] cyborg.certfile = None log_opt_values /usr/lib/python3/dist-packages/oslo_config/cfg.py:2609
2026-06-18 00:34:10.519 136405 DEBUG oslo_service.service [req-61a6da37-f074-418a-9a73-eeede4313554 - - - - -] cyborg.collect_timing = False log_opt_values /usr/lib/python3/dist-packages/oslo_config/cfg.py:2609
2026-06-18 00:34:10.519 136405 DEBUG oslo_service.service [req-61a6da37-f074-418a-9a73-eeede4313554 - - - - -] cyborg.connect_retries = None log_opt_values /usr/lib/python3/dist-packages/oslo_config/cfg.py:2609
2026-06-18 00:34:10.519 136405 DEBUG oslo_service.service [req-61a6da37-f074-418a-9a73-eeede4313554 - - - - -] cyborg.connect_retry_delay = None log_opt_values /usr/lib/python3/dist-packages/oslo_config/cfg.py:2609
2026-06-18 00:34:10.520 136405 DEBUG oslo_service.service [req-61a6da37-f074-418a-9a73-eeede4313554 - - - - -] cyborg.endpoint_override = None log_opt_values /usr/lib/python3/dist-packages/oslo_config/cfg.py:2609
2026-06-18 00:34:10.520 136405 DEBUG oslo_service.service [req-61a6da37-f074-418a-9a73-eeede4313554 - - - - -] cyborg.insecure = False log_opt_values /usr/lib/python3/dist-packages/oslo_config/cfg.py:2609
2026-06-18 00:34:10.520 136405 DEBUG oslo_service.service [req-61a6da37-f074-418a-9a73-eeede4313554 - - - - -] cyborg.keyfile = None log_opt_values /usr/lib/python3/dist-packages/oslo_config/cfg.py:2609
2026-06-18 00:34:10.520 136405 DEBUG oslo_service.service [req-61a6da37-f074-418a-9a73-eeede4313554 - - - - -] cyborg.max_version = None log_opt_values /usr/lib/python3/dist-packages/oslo_config/cfg.py:2609
2026-06-18 00:34:10.521 136405 DEBUG oslo_service.service [req-61a6da37-f074-418a-9a73-eeede4313554 - - - - -] cyborg.min_version = None log_opt_values /usr/lib/python3/dist-packages/oslo_config/cfg.py:2609
2026-06-18 00:34:10.521 136405 DEBUG oslo_service.service [req-61a6da37-f074-418a-9a73-eeede4313554 - - - - -] cyborg.region_name = None log_opt_values /usr/lib/python3/dist-packages/oslo_config/cfg.py:2609
2026-06-18 00:34:10.521 136405 DEBUG oslo_service.service [req-61a6da37-f074-418a-9a73-eeede4313554 - - - - -] cyborg.service_name = None log_opt_values /usr/lib/python3/dist-packages/oslo_config/cfg.py:2609
2026-06-18 00:34:10.522 136405 DEBUG oslo_service.service [req-61a6da37-f074-418a-9a73-eeede4313554 - - - - -] cyborg.service_type = accelerator log_opt_values /usr/lib/python3/dist-packages/oslo_config/cfg.py:2609
2026-06-18 00:34:10.522 136405 DEBUG oslo_service.service [req-61a6da37-f074-418a-9a73-eeede4313554 - - - - -] cyborg.split_loggers = False log_opt_values /usr/lib/python3/dist-packages/oslo_config/cfg.py:2609
2026-06-18 00:34:10.522 136405 DEBUG oslo_service.service [req-61a6da37-f074-418a-9a73-eeede4313554 - - - - -] cyborg.status_code_retries = None log_opt_values /usr/lib/python3/dist-packages/oslo_config/cfg.py:2609
2026-06-18 00:34:10.522 136405 DEBUG oslo_service.service [req-61a6da37-f074-418a-9a73-eeede4313554 - - - - -] cyborg.status_code_retry_delay = None log_opt_values /usr/lib/python3/dist-packages/oslo_config/cfg.py:2609
2026-06-18 00:34:10.523 136405 DEBUG oslo_service.service [req-61a6da37-f074-418a-9a73-eeede4313554 - - - - -] cyborg.timeout = None log_opt_values /usr/lib/python3/dist-packages/oslo_config/cfg.py:2609
2026-06-18 00:34:10.524 136405 DEBUG oslo_service.service [req-61a6da37-f074-418a-9a73-eeede4313554 - - - - -] cyborg.valid_interfaces = ['internal', 'public'] log_opt_values /usr/lib/python3/dist-packages/oslo_config/cfg.py:2609
2026-06-18 00:34:10.524 136405 DEBUG oslo_service.service [req-61a6da37-f074-418a-9a73-eeede4313554 - - - - -] cyborg.version = None log_opt_values /usr/lib/python3/dist-packages/oslo_config/cfg.py:2609
2026-06-18 00:34:10.524 136405 DEBUG oslo_service.service [req-61a6da37-f074-418a-9a73-eeede4313554 - - - - -] database.backend = sqlalchemy log_opt_values /usr/lib/python3/dist-packages/oslo_config/cfg.py:2609
2026-06-18 00:34:10.524 136405 DEBUG oslo_service.service [req-61a6da37-f074-418a-9a73-eeede4313554 - - - - -] database.connection = **** log_opt_values /usr/lib/python3/dist-packages/oslo_config/cfg.py:2609
2026-06-18 00:34:10.524 136405 DEBUG oslo_service.service [req-61a6da37-f074-418a-9a73-eeede4313554 - - - - -] database.connection_debug = 0 log_opt_values /usr/lib/python3/dist-packages/oslo_config/cfg.py:2609
2026-06-18 00:34:10.525 136405 DEBUG oslo_service.service [req-61a6da37-f074-418a-9a73-eeede4313554 - - - - -] database.connection_parameters = log_opt_values /usr/lib/python3/dist-packages/oslo_config/cfg.py:2609
2026-06-18 00:34:10.525 136405 DEBUG oslo_service.service [req-61a6da37-f074-418a-9a73-eeede4313554 - - - - -] database.connection_recycle_time = 3600 log_opt_values /usr/lib/python3/dist-packages/oslo_config/cfg.py:2609
2026-06-18 00:34:10.525 136405 DEBUG oslo_service.service [req-61a6da37-f074-418a-9a73-eeede4313554 - - - - -] database.connection_trace = False log_opt_values /usr/lib/python3/dist-packages/oslo_config/cfg.py:2609
2026-06-18 00:34:10.525 136405 DEBUG oslo_service.service [req-61a6da37-f074-418a-9a73-eeede4313554 - - - - -] database.db_inc_retry_interval = True log_opt_values /usr/lib/python3/dist-packages/oslo_config/cfg.py:2609
2026-06-18 00:34:10.525 136405 DEBUG oslo_service.service [req-61a6da37-f074-418a-9a73-eeede4313554 - - - - -] database.db_max_retries = 20 log_opt_values /usr/lib/python3/dist-packages/oslo_config/cfg.py:2609
2026-06-18 00:34:10.525 136405 DEBUG oslo_service.service [req-61a6da37-f074-418a-9a73-eeede4313554 - - - - -] database.db_max_retry_interval = 10 log_opt_values /usr/lib/python3/dist-packages/oslo_config/cfg.py:2609
2026-06-18 00:34:10.526 136405 DEBUG oslo_service.service [req-61a6da37-f074-418a-9a73-eeede4313554 - - - - -] database.db_retry_interval = 1 log_opt_values /usr/lib/python3/dist-packages/oslo_config/cfg.py:2609
2026-06-18 00:34:10.526 136405 DEBUG oslo_service.service [req-61a6da37-f074-418a-9a73-eeede4313554 - - - - -] database.max_overflow = 50 log_opt_values /usr/lib/python3/dist-packages/oslo_config/cfg.py:2609
2026-06-18 00:34:10.526 136405 DEBUG oslo_service.service [req-61a6da37-f074-418a-9a73-eeede4313554 - - - - -] database.max_pool_size = 4 log_opt_values /usr/lib/python3/dist-packages/oslo_config/cfg.py:2609
2026-06-18 00:34:10.526 136405 DEBUG oslo_service.service [req-61a6da37-f074-418a-9a73-eeede4313554 - - - - -] database.max_retries = 10 log_opt_values /usr/lib/python3/dist-packages/oslo_config/cfg.py:2609
2026-06-18 00:34:10.526 136405 DEBUG oslo_service.service [req-61a6da37-f074-418a-9a73-eeede4313554 - - - - -] database.mysql_enable_ndb = False log_opt_values /usr/lib/python3/dist-packages/oslo_config/cfg.py:2609
2026-06-18 00:34:10.526 136405 DEBUG oslo_service.service [req-61a6da37-f074-418a-9a73-eeede4313554 - - - - -] database.mysql_sql_mode = TRADITIONAL log_opt_values /usr/lib/python3/dist-packages/oslo_config/cfg.py:2609
2026-06-18 00:34:10.527 136405 DEBUG oslo_service.service [req-61a6da37-f074-418a-9a73-eeede4313554 - - - - -] database.pool_timeout = None log_opt_values /usr/lib/python3/dist-packages/oslo_config/cfg.py:2609
2026-06-18 00:34:10.527 136405 DEBUG oslo_service.service [req-61a6da37-f074-418a-9a73-eeede4313554 - - - - -] database.retry_interval = 10 log_opt_values /usr/lib/python3/dist-packages/oslo_config/cfg.py:2609
2026-06-18 00:34:10.527 136405 DEBUG oslo_service.service [req-61a6da37-f074-418a-9a73-eeede4313554 - - - - -] database.slave_connection = **** log_opt_values /usr/lib/python3/dist-packages/oslo_config/cfg.py:2609
2026-06-18 00:34:10.527 136405 DEBUG oslo_service.service [req-61a6da37-f074-418a-9a73-eeede4313554 - - - - -] database.sqlite_synchronous = True log_opt_values /usr/lib/python3/dist-packages/oslo_config/cfg.py:2609
2026-06-18 00:34:10.527 136405 DEBUG oslo_service.service [req-61a6da37-f074-418a-9a73-eeede4313554 - - - - -] database.use_db_reconnect = False log_opt_values /usr/lib/python3/dist-packages/oslo_config/cfg.py:2609
2026-06-18 00:34:10.528 136405 DEBUG oslo_service.service [req-61a6da37-f074-418a-9a73-eeede4313554 - - - - -] api_database.backend = sqlalchemy log_opt_values /usr/lib/python3/dist-packages/oslo_config/cfg.py:2609
2026-06-18 00:34:10.529 136405 DEBUG oslo_service.service [req-61a6da37-f074-418a-9a73-eeede4313554 - - - - -] api_database.connection = **** log_opt_values /usr/lib/python3/dist-packages/oslo_config/cfg.py:2609
2026-06-18 00:34:10.529 136405 DEBUG oslo_service.service [req-61a6da37-f074-418a-9a73-eeede4313554 - - - - -] api_database.connection_debug = 0 log_opt_values /usr/lib/python3/dist-packages/oslo_config/cfg.py:2609
2026-06-18 00:34:10.529 137919 DEBUG nova.service [req-7be4f736-6891-40eb-bd60-800bc144a48d - - - - -] Creating RPC server for service scheduler start /usr/lib/python3/dist-packages/nova/service.py:182
2026-06-18 00:34:10.529 136405 DEBUG oslo_service.service [req-61a6da37-f074-418a-9a73-eeede4313554 - - - - -] api_database.connection_parameters = log_opt_values /usr/lib/python3/dist-packages/oslo_config/cfg.py:2609
2026-06-18 00:34:10.529 136405 DEBUG oslo_service.service [req-61a6da37-f074-418a-9a73-eeede4313554 - - - - -] api_database.connection_recycle_time = 3600 log_opt_values /usr/lib/python3/dist-packages/oslo_config/cfg.py:2609
2026-06-18 00:34:10.529 136405 DEBUG oslo_service.service [req-61a6da37-f074-418a-9a73-eeede4313554 - - - - -] api_database.connection_trace = False log_opt_values /usr/lib/python3/dist-packages/oslo_config/cfg.py:2609
2026-06-18 00:34:10.530 136405 DEBUG oslo_service.service [req-61a6da37-f074-418a-9a73-eeede4313554 - - - - -] api_database.db_inc_retry_interval = True log_opt_values /usr/lib/python3/dist-packages/oslo_config/cfg.py:2609
2026-06-18 00:34:10.530 136405 DEBUG oslo_service.service [req-61a6da37-f074-418a-9a73-eeede4313554 - - - - -] api_database.db_max_retries = 20 log_opt_values /usr/lib/python3/dist-packages/oslo_config/cfg.py:2609
2026-06-18 00:34:10.531 136405 DEBUG oslo_service.service [req-61a6da37-f074-418a-9a73-eeede4313554 - - - - -] api_database.db_max_retry_interval = 10 log_opt_values /usr/lib/python3/dist-packages/oslo_config/cfg.py:2609
2026-06-18 00:34:10.532 136405 DEBUG oslo_service.service [req-61a6da37-f074-418a-9a73-eeede4313554 - - - - -] api_database.db_retry_interval = 1 log_opt_values /usr/lib/python3/dist-packages/oslo_config/cfg.py:2609
2026-06-18 00:34:10.533 136405 DEBUG oslo_service.service [req-61a6da37-f074-418a-9a73-eeede4313554 - - - - -] api_database.max_overflow = 50 log_opt_values /usr/lib/python3/dist-packages/oslo_config/cfg.py:2609
2026-06-18 00:34:10.533 136405 DEBUG oslo_service.service [req-61a6da37-f074-418a-9a73-eeede4313554 - - - - -] api_database.max_pool_size = 4 log_opt_values /usr/lib/python3/dist-packages/oslo_config/cfg.py:2609
2026-06-18 00:34:10.534 136405 DEBUG oslo_service.service [req-61a6da37-f074-418a-9a73-eeede4313554 - - - - -] api_database.max_retries = 10 log_opt_values /usr/lib/python3/dist-packages/oslo_config/cfg.py:2609
2026-06-18 00:34:10.535 136405 DEBUG oslo_service.service [req-61a6da37-f074-418a-9a73-eeede4313554 - - - - -] api_database.mysql_enable_ndb = False log_opt_values /usr/lib/python3/dist-packages/oslo_config/cfg.py:2609
2026-06-18 00:34:10.537 136405 DEBUG oslo_service.service [req-61a6da37-f074-418a-9a73-eeede4313554 - - - - -] api_database.mysql_sql_mode = TRADITIONAL log_opt_values /usr/lib/python3/dist-packages/oslo_config/cfg.py:2609
2026-06-18 00:34:10.537 136405 DEBUG oslo_service.service [req-61a6da37-f074-418a-9a73-eeede4313554 - - - - -] api_database.pool_timeout = None log_opt_values /usr/lib/python3/dist-packages/oslo_config/cfg.py:2609
2026-06-18 00:34:10.537 136405 DEBUG oslo_service.service [req-61a6da37-f074-418a-9a73-eeede4313554 - - - - -] api_database.retry_interval = 10 log_opt_values /usr/lib/python3/dist-packages/oslo_config/cfg.py:2609
2026-06-18 00:34:10.538 136405 DEBUG oslo_service.service [req-61a6da37-f074-418a-9a73-eeede4313554 - - - - -] api_database.slave_connection = **** log_opt_values /usr/lib/python3/dist-packages/oslo_config/cfg.py:2609
2026-06-18 00:34:10.538 136405 DEBUG oslo_service.service [req-61a6da37-f074-418a-9a73-eeede4313554 - - - - -] api_database.sqlite_synchronous = True log_opt_values /usr/lib/python3/dist-packages/oslo_config/cfg.py:2609
2026-06-18 00:34:10.538 136405 DEBUG oslo_service.service [req-61a6da37-f074-418a-9a73-eeede4313554 - - - - -] devices.enabled_mdev_types = [] log_opt_values /usr/lib/python3/dist-packages/oslo_config/cfg.py:2609
2026-06-18 00:34:10.538 136405 DEBUG oslo_service.service [req-61a6da37-f074-418a-9a73-eeede4313554 - - - - -] ephemeral_storage_encryption.cipher = aes-xts-plain64 log_opt_values /usr/lib/python3/dist-packages/oslo_config/cfg.py:2609
2026-06-18 00:34:10.539 136405 DEBUG oslo_service.service [req-61a6da37-f074-418a-9a73-eeede4313554 - - - - -] ephemeral_storage_encryption.enabled = False log_opt_values /usr/lib/python3/dist-packages/oslo_config/cfg.py:2609
2026-06-18 00:34:10.540 136405 DEBUG oslo_service.service [req-61a6da37-f074-418a-9a73-eeede4313554 - - - - -] ephemeral_storage_encryption.key_size = 512 log_opt_values /usr/lib/python3/dist-packages/oslo_config/cfg.py:2609
2026-06-18 00:34:10.541 136405 WARNING oslo_config.cfg [req-61a6da37-f074-418a-9a73-eeede4313554 - - - - -] Deprecated: Option "api_servers" from group "glance" is deprecated for removal ( Support for image service configuration via standard keystoneauth1 Adapter options was added in the 17.0.0 Queens release. The api_servers option was retained temporarily to allow consumers time to cut over to a real load balancing solution. ). Its value may be silently ignored in the future.
2026-06-18 00:34:10.543 136405 DEBUG oslo_service.service [req-61a6da37-f074-418a-9a73-eeede4313554 - - - - -] glance.api_servers = ['http://252.129.122.35:9292'] log_opt_values /usr/lib/python3/dist-packages/oslo_config/cfg.py:2609
2026-06-18 00:34:10.546 136405 DEBUG oslo_service.service [req-61a6da37-f074-418a-9a73-eeede4313554 - - - - -] glance.cafile = None log_opt_values /usr/lib/python3/dist-packages/oslo_config/cfg.py:2609
2026-06-18 00:34:10.549 136405 DEBUG oslo_service.service [req-61a6da37-f074-418a-9a73-eeede4313554 - - - - -] glance.certfile = None log_opt_values /usr/lib/python3/dist-packages/oslo_config/cfg.py:2609
2026-06-18 00:34:10.550 136405 DEBUG oslo_service.service [req-61a6da37-f074-418a-9a73-eeede4313554 - - - - -] glance.collect_timing = False log_opt_values /usr/lib/python3/dist-packages/oslo_config/cfg.py:2609
2026-06-18 00:34:10.550 136405 DEBUG oslo_service.service [req-61a6da37-f074-418a-9a73-eeede4313554 - - - - -] glance.connect_retries = None log_opt_values /usr/lib/python3/dist-packages/oslo_config/cfg.py:2609
2026-06-18 00:34:10.551 136405 DEBUG oslo_service.service [req-61a6da37-f074-418a-9a73-eeede4313554 - - - - -] glance.connect_retry_delay = None log_opt_values /usr/lib/python3/dist-packages/oslo_config/cfg.py:2609
2026-06-18 00:34:10.551 136405 DEBUG oslo_service.service [req-61a6da37-f074-418a-9a73-eeede4313554 - - - - -] glance.debug = False log_opt_values /usr/lib/python3/dist-packages/oslo_config/cfg.py:2609
2026-06-18 00:34:10.552 136405 DEBUG oslo_service.service [req-61a6da37-f074-418a-9a73-eeede4313554 - - - - -] glance.default_trusted_certificate_ids = [] log_opt_values /usr/lib/python3/dist-packages/oslo_config/cfg.py:2609
2026-06-18 00:34:10.552 136405 DEBUG oslo_service.service [req-61a6da37-f074-418a-9a73-eeede4313554 - - - - -] glance.enable_certificate_validation = False log_opt_values /usr/lib/python3/dist-packages/oslo_config/cfg.py:2609
2026-06-18 00:34:10.548 137925 DEBUG oslo_messaging._drivers.amqpdriver [-] Listener is running poll /usr/lib/python3/dist-packages/oslo_messaging/_drivers/amqpdriver.py:343
2026-06-18 00:34:10.553 136405 DEBUG oslo_service.service [req-61a6da37-f074-418a-9a73-eeede4313554 - - - - -] glance.enable_rbd_download = False log_opt_values /usr/lib/python3/dist-packages/oslo_config/cfg.py:2609
2026-06-18 00:34:10.553 137919 DEBUG oslo_messaging._drivers.amqpdriver [-] Listener is running poll /usr/lib/python3/dist-packages/oslo_messaging/_drivers/amqpdriver.py:343
2026-06-18 00:34:10.553 137918 DEBUG oslo_messaging._drivers.amqpdriver [-] Listener is running poll /usr/lib/python3/dist-packages/oslo_messaging/_drivers/amqpdriver.py:343
2026-06-18 00:34:10.553 137919 DEBUG oslo_messaging._drivers.amqpdriver [-] AMQPListener connection consume poll /usr/lib/python3/dist-packages/oslo_messaging/_drivers/amqpdriver.py:357
2026-06-18 00:34:10.553 137918 DEBUG oslo_messaging._drivers.amqpdriver [-] AMQPListener connection consume poll /usr/lib/python3/dist-packages/oslo_messaging/_drivers/amqpdriver.py:357
2026-06-18 00:34:10.553 136405 DEBUG oslo_service.service [req-61a6da37-f074-418a-9a73-eeede4313554 - - - - -] glance.endpoint_override = None log_opt_values /usr/lib/python3/dist-packages/oslo_config/cfg.py:2609
2026-06-18 00:34:10.554 136405 DEBUG oslo_service.service [req-61a6da37-f074-418a-9a73-eeede4313554 - - - - -] glance.insecure = False log_opt_values /usr/lib/python3/dist-packages/oslo_config/cfg.py:2609
2026-06-18 00:34:10.554 137918 DEBUG nova.service [req-7fcd5ba0-3c54-4d62-afc8-74e9bc68a7a6 - - - - -] Join ServiceGroup membership for this service scheduler start /usr/lib/python3/dist-packages/nova/service.py:199
2026-06-18 00:34:10.554 137919 DEBUG nova.service [req-7be4f736-6891-40eb-bd60-800bc144a48d - - - - -] Join ServiceGroup membership for this service scheduler start /usr/lib/python3/dist-packages/nova/service.py:199
2026-06-18 00:34:10.554 136405 DEBUG oslo_service.service [req-61a6da37-f074-418a-9a73-eeede4313554 - - - - -] glance.keyfile = None log_opt_values /usr/lib/python3/dist-packages/oslo_config/cfg.py:2609
2026-06-18 00:34:10.554 137918 DEBUG nova.servicegroup.drivers.db [req-7fcd5ba0-3c54-4d62-afc8-74e9bc68a7a6 - - - - -] DB_Driver: join new ServiceGroup member juju-941296-0-lxd-7 to the scheduler group, service = join /usr/lib/python3/dist-packages/nova/servicegroup/drivers/db.py:44
2026-06-18 00:34:10.554 137919 DEBUG nova.servicegroup.drivers.db [req-7be4f736-6891-40eb-bd60-800bc144a48d - - - - -] DB_Driver: join new ServiceGroup member juju-941296-0-lxd-7 to the scheduler group, service = join /usr/lib/python3/dist-packages/nova/servicegroup/drivers/db.py:44
2026-06-18 00:34:10.553 137925 DEBUG oslo_messaging._drivers.amqpdriver [-] AMQPListener connection consume poll /usr/lib/python3/dist-packages/oslo_messaging/_drivers/amqpdriver.py:357
2026-06-18 00:34:10.554 136405 DEBUG oslo_service.service [req-61a6da37-f074-418a-9a73-eeede4313554 - - - - -] glance.max_version = None log_opt_values /usr/lib/python3/dist-packages/oslo_config/cfg.py:2609
2026-06-18 00:34:10.556 137919 DEBUG oslo_messaging._drivers.amqpdriver [-] AMQPListener connection timeout poll /usr/lib/python3/dist-packages/oslo_messaging/_drivers/amqpdriver.py:360
2026-06-18 00:34:10.556 137918 DEBUG oslo_messaging._drivers.amqpdriver [-] AMQPListener connection timeout poll /usr/lib/python3/dist-packages/oslo_messaging/_drivers/amqpdriver.py:360
2026-06-18 00:34:10.556 137919 DEBUG oslo_messaging._drivers.amqpdriver [-] Listener is running poll /usr/lib/python3/dist-packages/oslo_messaging/_drivers/amqpdriver.py:343
2026-06-18 00:34:10.556 137918 DEBUG oslo_messaging._drivers.amqpdriver [-] Listener is running poll /usr/lib/python3/dist-packages/oslo_messaging/_drivers/amqpdriver.py:343
2026-06-18 00:34:10.557 137919 DEBUG oslo_messaging._drivers.amqpdriver [-] AMQPListener connection consume poll /usr/lib/python3/dist-packages/oslo_messaging/_drivers/amqpdriver.py:357
2026-06-18 00:34:10.557 137918 DEBUG oslo_messaging._drivers.amqpdriver [-] AMQPListener connection consume poll /usr/lib/python3/dist-packages/oslo_messaging/_drivers/amqpdriver.py:357
2026-06-18 00:34:10.557 137917 DEBUG oslo_messaging._drivers.amqpdriver [-] Listener is running poll /usr/lib/python3/dist-packages/oslo_messaging/_drivers/amqpdriver.py:343
2026-06-18 00:34:10.555 136405 DEBUG oslo_service.service [req-61a6da37-f074-418a-9a73-eeede4313554 - - - - -] glance.min_version = None log_opt_values /usr/lib/python3/dist-packages/oslo_config/cfg.py:2609
2026-06-18 00:34:10.558 136405 DEBUG oslo_service.service [req-61a6da37-f074-418a-9a73-eeede4313554 - - - - -] glance.num_retries = 3 log_opt_values /usr/lib/python3/dist-packages/oslo_config/cfg.py:2609
2026-06-18 00:34:10.558 136405 DEBUG oslo_service.service [req-61a6da37-f074-418a-9a73-eeede4313554 - - - - -] glance.rbd_ceph_conf = log_opt_values /usr/lib/python3/dist-packages/oslo_config/cfg.py:2609
2026-06-18 00:34:10.557 137917 DEBUG oslo_messaging._drivers.amqpdriver [-] AMQPListener connection consume poll /usr/lib/python3/dist-packages/oslo_messaging/_drivers/amqpdriver.py:357
2026-06-18 00:34:10.558 137917 DEBUG nova.service [req-fe7119dd-3991-492c-9091-ad51c666888b - - - - -] Join ServiceGroup membership for this service scheduler start /usr/lib/python3/dist-packages/nova/service.py:199
2026-06-18 00:34:10.559 136405 DEBUG oslo_service.service [req-61a6da37-f074-418a-9a73-eeede4313554 - - - - -] glance.rbd_connect_timeout = 5 log_opt_values /usr/lib/python3/dist-packages/oslo_config/cfg.py:2609
2026-06-18 00:34:10.559 137925 DEBUG nova.service [req-27a0ddb7-da71-4781-951c-e671eff5eb90 - - - - -] Join ServiceGroup membership for this service scheduler start /usr/lib/python3/dist-packages/nova/service.py:199
2026-06-18 00:34:10.559 136405 DEBUG oslo_service.service [req-61a6da37-f074-418a-9a73-eeede4313554 - - - - -] glance.rbd_pool = log_opt_values /usr/lib/python3/dist-packages/oslo_config/cfg.py:2609
2026-06-18 00:34:10.560 137925 DEBUG nova.servicegroup.drivers.db [req-27a0ddb7-da71-4781-951c-e671eff5eb90 - - - - -] DB_Driver: join new ServiceGroup member juju-941296-0-lxd-7 to the scheduler group, service = join /usr/lib/python3/dist-packages/nova/servicegroup/drivers/db.py:44
2026-06-18 00:34:10.560 136405 DEBUG oslo_service.service [req-61a6da37-f074-418a-9a73-eeede4313554 - - - - -] glance.rbd_user = log_opt_values /usr/lib/python3/dist-packages/oslo_config/cfg.py:2609
2026-06-18 00:34:10.561 136405 DEBUG oslo_service.service [req-61a6da37-f074-418a-9a73-eeede4313554 - - - - -] glance.region_name = None log_opt_values /usr/lib/python3/dist-packages/oslo_config/cfg.py:2609
2026-06-18 00:34:10.562 137917 DEBUG nova.servicegroup.drivers.db [req-fe7119dd-3991-492c-9091-ad51c666888b - - - - -] DB_Driver: join new ServiceGroup member juju-941296-0-lxd-7 to the scheduler group, service = join /usr/lib/python3/dist-packages/nova/servicegroup/drivers/db.py:44
2026-06-18 00:34:10.561 137925 DEBUG oslo_messaging._drivers.amqpdriver [-] AMQPListener connection timeout poll /usr/lib/python3/dist-packages/oslo_messaging/_drivers/amqpdriver.py:360
2026-06-18 00:34:10.562 136405 DEBUG oslo_service.service [req-61a6da37-f074-418a-9a73-eeede4313554 - - - - -] glance.service_name = None log_opt_values /usr/lib/python3/dist-packages/oslo_config/cfg.py:2609
2026-06-18 00:34:10.562 137925 DEBUG oslo_messaging._drivers.amqpdriver [-] Listener is running poll /usr/lib/python3/dist-packages/oslo_messaging/_drivers/amqpdriver.py:343
2026-06-18 00:34:10.563 137925 DEBUG oslo_messaging._drivers.amqpdriver [-] AMQPListener connection consume poll /usr/lib/python3/dist-packages/oslo_messaging/_drivers/amqpdriver.py:357
2026-06-18 00:34:10.563 136405 DEBUG oslo_service.service [req-61a6da37-f074-418a-9a73-eeede4313554 - - - - -] glance.service_type = image log_opt_values /usr/lib/python3/dist-packages/oslo_config/cfg.py:2609
2026-06-18 00:34:10.563 136405 DEBUG oslo_service.service [req-61a6da37-f074-418a-9a73-eeede4313554 - - - - -] glance.split_loggers = False log_opt_values /usr/lib/python3/dist-packages/oslo_config/cfg.py:2609
2026-06-18 00:34:10.564 136405 DEBUG oslo_service.service [req-61a6da37-f074-418a-9a73-eeede4313554 - - - - -] glance.status_code_retries = None log_opt_values /usr/lib/python3/dist-packages/oslo_config/cfg.py:2609
2026-06-18 00:34:10.564 136405 DEBUG oslo_service.service [req-61a6da37-f074-418a-9a73-eeede4313554 - - - - -] glance.status_code_retry_delay = None log_opt_values /usr/lib/python3/dist-packages/oslo_config/cfg.py:2609
2026-06-18 00:34:10.565 136405 DEBUG oslo_service.service [req-61a6da37-f074-418a-9a73-eeede4313554 - - - - -] glance.timeout = None log_opt_values /usr/lib/python3/dist-packages/oslo_config/cfg.py:2609
2026-06-18 00:34:10.565 136405 DEBUG oslo_service.service [req-61a6da37-f074-418a-9a73-eeede4313554 - - - - -] glance.valid_interfaces = ['internal', 'public'] log_opt_values /usr/lib/python3/dist-packages/oslo_config/cfg.py:2609
2026-06-18 00:34:10.565 136405 DEBUG oslo_service.service [req-61a6da37-f074-418a-9a73-eeede4313554 - - - - -] glance.verify_glance_signatures = False log_opt_values /usr/lib/python3/dist-packages/oslo_config/cfg.py:2609
2026-06-18 00:34:10.565 136405 DEBUG oslo_service.service [req-61a6da37-f074-418a-9a73-eeede4313554 - - - - -] glance.version = None log_opt_values /usr/lib/python3/dist-packages/oslo_config/cfg.py:2609
2026-06-18 00:34:10.565 137917 DEBUG oslo_messaging._drivers.amqpdriver [-] AMQPListener connection timeout poll /usr/lib/python3/dist-packages/oslo_messaging/_drivers/amqpdriver.py:360
2026-06-18 00:34:10.565 136405 DEBUG oslo_service.service [req-61a6da37-f074-418a-9a73-eeede4313554 - - - - -] guestfs.debug = False log_opt_values /usr/lib/python3/dist-packages/oslo_config/cfg.py:2609
2026-06-18 00:34:10.565 137917 DEBUG oslo_messaging._drivers.amqpdriver [-] Listener is running poll /usr/lib/python3/dist-packages/oslo_messaging/_drivers/amqpdriver.py:343
2026-06-18 00:34:10.565 136405 DEBUG oslo_service.service [req-61a6da37-f074-418a-9a73-eeede4313554 - - - - -] hyperv.config_drive_cdrom = False log_opt_values /usr/lib/python3/dist-packages/oslo_config/cfg.py:2609
2026-06-18 00:34:10.566 137917 DEBUG oslo_messaging._drivers.amqpdriver [-] AMQPListener connection consume poll /usr/lib/python3/dist-packages/oslo_messaging/_drivers/amqpdriver.py:357
