2026-06-18 00:30:24.236 41254 DEBUG oslo_service.service [-] clients_sahara.endpoint_type = None log_opt_values /usr/lib/python3/dist-packages/oslo_config/cfg.py:2609
2026-06-18 00:30:24.237 41254 DEBUG oslo_service.service [-] clients_sahara.insecure = None log_opt_values /usr/lib/python3/dist-packages/oslo_config/cfg.py:2609
2026-06-18 00:30:24.237 41254 DEBUG oslo_service.service [-] clients_sahara.key_file = None log_opt_values /usr/lib/python3/dist-packages/oslo_config/cfg.py:2609
2026-06-18 00:30:24.237 41254 DEBUG oslo_service.service [-] clients_senlin.ca_file = None log_opt_values /usr/lib/python3/dist-packages/oslo_config/cfg.py:2609
2026-06-18 00:30:24.237 41254 DEBUG oslo_service.service [-] clients_senlin.cert_file = None log_opt_values /usr/lib/python3/dist-packages/oslo_config/cfg.py:2609
2026-06-18 00:30:24.237 41254 DEBUG oslo_service.service [-] clients_senlin.endpoint_type = None log_opt_values /usr/lib/python3/dist-packages/oslo_config/cfg.py:2609
2026-06-18 00:30:24.237 41254 DEBUG oslo_service.service [-] clients_senlin.insecure = None log_opt_values /usr/lib/python3/dist-packages/oslo_config/cfg.py:2609
2026-06-18 00:30:24.237 41254 DEBUG oslo_service.service [-] clients_senlin.key_file = None log_opt_values /usr/lib/python3/dist-packages/oslo_config/cfg.py:2609
2026-06-18 00:30:24.238 41254 DEBUG oslo_service.service [-] clients_swift.ca_file = None log_opt_values /usr/lib/python3/dist-packages/oslo_config/cfg.py:2609
2026-06-18 00:30:24.238 41254 DEBUG oslo_service.service [-] clients_swift.cert_file = None log_opt_values /usr/lib/python3/dist-packages/oslo_config/cfg.py:2609
2026-06-18 00:30:24.238 41254 DEBUG oslo_service.service [-] clients_swift.endpoint_type = None log_opt_values /usr/lib/python3/dist-packages/oslo_config/cfg.py:2609
2026-06-18 00:30:24.238 41472 INFO heat.engine.worker [-] Starting engine_worker (1.4) in engine b279661e-b6ac-4416-b52a-d1aff5aa0b55.
2026-06-18 00:30:24.238 41254 DEBUG oslo_service.service [-] clients_swift.insecure = None log_opt_values /usr/lib/python3/dist-packages/oslo_config/cfg.py:2609
2026-06-18 00:30:24.239 41254 DEBUG oslo_service.service [-] clients_swift.key_file = None log_opt_values /usr/lib/python3/dist-packages/oslo_config/cfg.py:2609
2026-06-18 00:30:24.239 41254 DEBUG oslo_service.service [-] clients_trove.ca_file = None log_opt_values /usr/lib/python3/dist-packages/oslo_config/cfg.py:2609
2026-06-18 00:30:24.239 41254 DEBUG oslo_service.service [-] clients_trove.cert_file = None log_opt_values /usr/lib/python3/dist-packages/oslo_config/cfg.py:2609
2026-06-18 00:30:24.239 41254 DEBUG oslo_service.service [-] clients_trove.endpoint_type = None log_opt_values /usr/lib/python3/dist-packages/oslo_config/cfg.py:2609
2026-06-18 00:30:24.239 41254 DEBUG oslo_service.service [-] clients_trove.insecure = None log_opt_values /usr/lib/python3/dist-packages/oslo_config/cfg.py:2609
2026-06-18 00:30:24.239 41254 DEBUG oslo_service.service [-] clients_trove.key_file = None log_opt_values /usr/lib/python3/dist-packages/oslo_config/cfg.py:2609
2026-06-18 00:30:24.239 41254 DEBUG oslo_service.service [-] clients_vitrage.ca_file = None log_opt_values /usr/lib/python3/dist-packages/oslo_config/cfg.py:2609
2026-06-18 00:30:24.239 41254 DEBUG oslo_service.service [-] clients_vitrage.cert_file = None log_opt_values /usr/lib/python3/dist-packages/oslo_config/cfg.py:2609
2026-06-18 00:30:24.239 41469 INFO heat.engine.worker [-] Starting engine_worker (1.4) in engine 0b2b2f72-d688-4a23-aa06-36483023abb6.
2026-06-18 00:30:24.239 41254 DEBUG oslo_service.service [-] clients_vitrage.endpoint_type = None log_opt_values /usr/lib/python3/dist-packages/oslo_config/cfg.py:2609
2026-06-18 00:30:24.240 41254 DEBUG oslo_service.service [-] clients_vitrage.insecure = None log_opt_values /usr/lib/python3/dist-packages/oslo_config/cfg.py:2609
2026-06-18 00:30:24.240 41254 DEBUG oslo_service.service [-] clients_vitrage.key_file = None log_opt_values /usr/lib/python3/dist-packages/oslo_config/cfg.py:2609
2026-06-18 00:30:24.240 41254 DEBUG oslo_service.service [-] clients_zaqar.ca_file = None log_opt_values /usr/lib/python3/dist-packages/oslo_config/cfg.py:2609
2026-06-18 00:30:24.245 41254 DEBUG oslo_service.service [-] clients_zaqar.cert_file = None log_opt_values /usr/lib/python3/dist-packages/oslo_config/cfg.py:2609
2026-06-18 00:30:24.246 41254 DEBUG oslo_service.service [-] clients_zaqar.endpoint_type = None log_opt_values /usr/lib/python3/dist-packages/oslo_config/cfg.py:2609
2026-06-18 00:30:24.246 41254 DEBUG oslo_service.service [-] clients_zaqar.insecure = None log_opt_values /usr/lib/python3/dist-packages/oslo_config/cfg.py:2609
2026-06-18 00:30:24.247 41254 DEBUG oslo_service.service [-] clients_zaqar.key_file = None log_opt_values /usr/lib/python3/dist-packages/oslo_config/cfg.py:2609
2026-06-18 00:30:24.247 41254 DEBUG oslo_service.service [-] database.backend = sqlalchemy log_opt_values /usr/lib/python3/dist-packages/oslo_config/cfg.py:2609
2026-06-18 00:30:24.248 41254 DEBUG oslo_service.service [-] database.connection = **** log_opt_values /usr/lib/python3/dist-packages/oslo_config/cfg.py:2609
2026-06-18 00:30:24.249 41254 DEBUG oslo_service.service [-] database.connection_debug = 0 log_opt_values /usr/lib/python3/dist-packages/oslo_config/cfg.py:2609
2026-06-18 00:30:24.249 41254 DEBUG oslo_service.service [-] database.connection_parameters = log_opt_values /usr/lib/python3/dist-packages/oslo_config/cfg.py:2609
2026-06-18 00:30:24.249 41254 DEBUG oslo_service.service [-] database.connection_recycle_time = 3600 log_opt_values /usr/lib/python3/dist-packages/oslo_config/cfg.py:2609
2026-06-18 00:30:24.249 41254 DEBUG oslo_service.service [-] database.connection_trace = False log_opt_values /usr/lib/python3/dist-packages/oslo_config/cfg.py:2609
2026-06-18 00:30:24.249 41254 DEBUG oslo_service.service [-] database.db_inc_retry_interval = True log_opt_values /usr/lib/python3/dist-packages/oslo_config/cfg.py:2609
2026-06-18 00:30:24.250 41254 DEBUG oslo_service.service [-] database.db_max_retries = 20 log_opt_values /usr/lib/python3/dist-packages/oslo_config/cfg.py:2609
2026-06-18 00:30:24.250 41254 DEBUG oslo_service.service [-] database.db_max_retry_interval = 10 log_opt_values /usr/lib/python3/dist-packages/oslo_config/cfg.py:2609
2026-06-18 00:30:24.250 41254 DEBUG oslo_service.service [-] database.db_retry_interval = 1 log_opt_values /usr/lib/python3/dist-packages/oslo_config/cfg.py:2609
2026-06-18 00:30:24.250 41254 DEBUG oslo_service.service [-] database.max_overflow = 50 log_opt_values /usr/lib/python3/dist-packages/oslo_config/cfg.py:2609
2026-06-18 00:30:24.250 41254 DEBUG oslo_service.service [-] database.max_pool_size = 5 log_opt_values /usr/lib/python3/dist-packages/oslo_config/cfg.py:2609
2026-06-18 00:30:24.256 41254 DEBUG oslo_service.service [-] database.max_retries = 10 log_opt_values /usr/lib/python3/dist-packages/oslo_config/cfg.py:2609
2026-06-18 00:30:24.256 41254 DEBUG oslo_service.service [-] database.mysql_enable_ndb = False log_opt_values /usr/lib/python3/dist-packages/oslo_config/cfg.py:2609
2026-06-18 00:30:24.257 41254 DEBUG oslo_service.service [-] database.mysql_sql_mode = TRADITIONAL log_opt_values /usr/lib/python3/dist-packages/oslo_config/cfg.py:2609
2026-06-18 00:30:24.257 41254 DEBUG oslo_service.service [-] database.pool_timeout = None log_opt_values /usr/lib/python3/dist-packages/oslo_config/cfg.py:2609
2026-06-18 00:30:24.257 41254 DEBUG oslo_service.service [-] database.retry_interval = 10 log_opt_values /usr/lib/python3/dist-packages/oslo_config/cfg.py:2609
2026-06-18 00:30:24.257 41254 DEBUG oslo_service.service [-] database.slave_connection = **** log_opt_values /usr/lib/python3/dist-packages/oslo_config/cfg.py:2609
2026-06-18 00:30:24.257 41254 DEBUG oslo_service.service [-] database.sqlite_synchronous = True log_opt_values /usr/lib/python3/dist-packages/oslo_config/cfg.py:2609
2026-06-18 00:30:24.257 41254 DEBUG oslo_service.service [-] database.use_db_reconnect = False log_opt_values /usr/lib/python3/dist-packages/oslo_config/cfg.py:2609
2026-06-18 00:30:24.258 41254 DEBUG oslo_service.service [-] oslo_messaging_metrics.metrics_buffer_size = 1000 log_opt_values /usr/lib/python3/dist-packages/oslo_config/cfg.py:2609
2026-06-18 00:30:24.258 41254 DEBUG oslo_service.service [-] oslo_messaging_metrics.metrics_enabled = False log_opt_values /usr/lib/python3/dist-packages/oslo_config/cfg.py:2609
2026-06-18 00:30:24.258 41254 DEBUG oslo_service.service [-] oslo_messaging_metrics.metrics_process_name = log_opt_values /usr/lib/python3/dist-packages/oslo_config/cfg.py:2609
2026-06-18 00:30:24.258 41254 DEBUG oslo_service.service [-] oslo_messaging_metrics.metrics_socket_file = /var/tmp/metrics_collector.sock log_opt_values /usr/lib/python3/dist-packages/oslo_config/cfg.py:2609
2026-06-18 00:30:24.258 41254 DEBUG oslo_service.service [-] oslo_messaging_metrics.metrics_thread_stop_timeout = 10 log_opt_values /usr/lib/python3/dist-packages/oslo_config/cfg.py:2609
2026-06-18 00:30:24.258 41254 DEBUG oslo_service.service [-] oslo_policy.enforce_new_defaults = False log_opt_values /usr/lib/python3/dist-packages/oslo_config/cfg.py:2609
2026-06-18 00:30:24.258 41254 DEBUG oslo_service.service [-] oslo_policy.enforce_scope = False log_opt_values /usr/lib/python3/dist-packages/oslo_config/cfg.py:2609
2026-06-18 00:30:24.259 41254 DEBUG oslo_service.service [-] oslo_policy.policy_default_rule = default log_opt_values /usr/lib/python3/dist-packages/oslo_config/cfg.py:2609
2026-06-18 00:30:24.259 41254 DEBUG oslo_service.service [-] oslo_policy.policy_dirs = ['policy.d'] log_opt_values /usr/lib/python3/dist-packages/oslo_config/cfg.py:2609
2026-06-18 00:30:24.259 41254 DEBUG oslo_service.service [-] oslo_policy.policy_file = policy.yaml log_opt_values /usr/lib/python3/dist-packages/oslo_config/cfg.py:2609
2026-06-18 00:30:24.259 41254 DEBUG oslo_service.service [-] oslo_policy.remote_content_type = application/x-www-form-urlencoded log_opt_values /usr/lib/python3/dist-packages/oslo_config/cfg.py:2609
2026-06-18 00:30:24.260 41254 DEBUG oslo_service.service [-] oslo_policy.remote_ssl_ca_crt_file = None log_opt_values /usr/lib/python3/dist-packages/oslo_config/cfg.py:2609
2026-06-18 00:30:24.260 41254 DEBUG oslo_service.service [-] oslo_policy.remote_ssl_client_crt_file = None log_opt_values /usr/lib/python3/dist-packages/oslo_config/cfg.py:2609
2026-06-18 00:30:24.260 41254 DEBUG oslo_service.service [-] oslo_policy.remote_ssl_client_key_file = None log_opt_values /usr/lib/python3/dist-packages/oslo_config/cfg.py:2609
2026-06-18 00:30:24.260 41254 DEBUG oslo_service.service [-] oslo_policy.remote_ssl_verify_server_crt = False log_opt_values /usr/lib/python3/dist-packages/oslo_config/cfg.py:2609
2026-06-18 00:30:24.260 41254 DEBUG oslo_service.service [-] trustee.auth_section = None log_opt_values /usr/lib/python3/dist-packages/oslo_config/cfg.py:2609
2026-06-18 00:30:24.260 41254 WARNING oslo_config.cfg [-] Deprecated: Option "auth_plugin" from group "trustee" is deprecated. Use option "auth_type" from group "trustee".
2026-06-18 00:30:24.260 41254 DEBUG oslo_service.service [-] trustee.auth_type = password log_opt_values /usr/lib/python3/dist-packages/oslo_config/cfg.py:2609
2026-06-18 00:30:24.261 41254 DEBUG oslo_service.service [-] oslo_versionedobjects.fatal_exception_format_errors = False log_opt_values /usr/lib/python3/dist-packages/oslo_config/cfg.py:2609
2026-06-18 00:30:24.261 41254 DEBUG oslo_service.service [-] oslo_messaging_rabbit.amqp_auto_delete = False log_opt_values /usr/lib/python3/dist-packages/oslo_config/cfg.py:2609
2026-06-18 00:30:24.261 41254 DEBUG oslo_service.service [-] oslo_messaging_rabbit.amqp_durable_queues = False log_opt_values /usr/lib/python3/dist-packages/oslo_config/cfg.py:2609
2026-06-18 00:30:24.261 41254 DEBUG oslo_service.service [-] oslo_messaging_rabbit.conn_pool_min_size = 2 log_opt_values /usr/lib/python3/dist-packages/oslo_config/cfg.py:2609
2026-06-18 00:30:24.262 41254 DEBUG oslo_service.service [-] oslo_messaging_rabbit.conn_pool_ttl = 1200 log_opt_values /usr/lib/python3/dist-packages/oslo_config/cfg.py:2609
2026-06-18 00:30:24.262 41254 DEBUG oslo_service.service [-] oslo_messaging_rabbit.direct_mandatory_flag = True log_opt_values /usr/lib/python3/dist-packages/oslo_config/cfg.py:2609
2026-06-18 00:30:24.262 41254 DEBUG oslo_service.service [-] oslo_messaging_rabbit.enable_cancel_on_failover = False log_opt_values /usr/lib/python3/dist-packages/oslo_config/cfg.py:2609
2026-06-18 00:30:24.262 41254 DEBUG oslo_service.service [-] oslo_messaging_rabbit.heartbeat_in_pthread = False log_opt_values /usr/lib/python3/dist-packages/oslo_config/cfg.py:2609
2026-06-18 00:30:24.263 41254 DEBUG oslo_service.service [-] oslo_messaging_rabbit.heartbeat_rate = 2 log_opt_values /usr/lib/python3/dist-packages/oslo_config/cfg.py:2609
2026-06-18 00:30:24.263 41254 DEBUG oslo_service.service [-] oslo_messaging_rabbit.heartbeat_timeout_threshold = 60 log_opt_values /usr/lib/python3/dist-packages/oslo_config/cfg.py:2609
2026-06-18 00:30:24.263 41254 DEBUG oslo_service.service [-] oslo_messaging_rabbit.kombu_compression = None log_opt_values /usr/lib/python3/dist-packages/oslo_config/cfg.py:2609
2026-06-18 00:30:24.263 41254 DEBUG oslo_service.service [-] oslo_messaging_rabbit.kombu_failover_strategy = round-robin log_opt_values /usr/lib/python3/dist-packages/oslo_config/cfg.py:2609
2026-06-18 00:30:24.263 41254 DEBUG oslo_service.service [-] oslo_messaging_rabbit.kombu_missing_consumer_retry_timeout = 60 log_opt_values /usr/lib/python3/dist-packages/oslo_config/cfg.py:2609
2026-06-18 00:30:24.264 41254 DEBUG oslo_service.service [-] oslo_messaging_rabbit.kombu_reconnect_delay = 1.0 log_opt_values /usr/lib/python3/dist-packages/oslo_config/cfg.py:2609
2026-06-18 00:30:24.264 41254 DEBUG oslo_service.service [-] oslo_messaging_rabbit.rabbit_ha_queues = False log_opt_values /usr/lib/python3/dist-packages/oslo_config/cfg.py:2609
2026-06-18 00:30:24.264 41254 DEBUG oslo_service.service [-] oslo_messaging_rabbit.rabbit_interval_max = 30 log_opt_values /usr/lib/python3/dist-packages/oslo_config/cfg.py:2609
2026-06-18 00:30:24.264 41254 DEBUG oslo_service.service [-] oslo_messaging_rabbit.rabbit_login_method = AMQPLAIN log_opt_values /usr/lib/python3/dist-packages/oslo_config/cfg.py:2609
2026-06-18 00:30:24.265 41254 DEBUG oslo_service.service [-] oslo_messaging_rabbit.rabbit_qos_prefetch_count = 0 log_opt_values /usr/lib/python3/dist-packages/oslo_config/cfg.py:2609
2026-06-18 00:30:24.265 41254 DEBUG oslo_service.service [-] oslo_messaging_rabbit.rabbit_quorum_queue = False log_opt_values /usr/lib/python3/dist-packages/oslo_config/cfg.py:2609
2026-06-18 00:30:24.265 41254 DEBUG oslo_service.service [-] oslo_messaging_rabbit.rabbit_retry_backoff = 2 log_opt_values /usr/lib/python3/dist-packages/oslo_config/cfg.py:2609
2026-06-18 00:30:24.265 41254 DEBUG oslo_service.service [-] oslo_messaging_rabbit.rabbit_retry_interval = 1 log_opt_values /usr/lib/python3/dist-packages/oslo_config/cfg.py:2609
2026-06-18 00:30:24.265 41254 DEBUG oslo_service.service [-] oslo_messaging_rabbit.rabbit_transient_queues_ttl = 1800 log_opt_values /usr/lib/python3/dist-packages/oslo_config/cfg.py:2609
2026-06-18 00:30:24.265 41254 DEBUG oslo_service.service [-] oslo_messaging_rabbit.rpc_conn_pool_size = 30 log_opt_values /usr/lib/python3/dist-packages/oslo_config/cfg.py:2609
2026-06-18 00:30:24.266 41254 DEBUG oslo_service.service [-] oslo_messaging_rabbit.ssl = False log_opt_values /usr/lib/python3/dist-packages/oslo_config/cfg.py:2609
2026-06-18 00:30:24.266 41254 DEBUG oslo_service.service [-] oslo_messaging_rabbit.ssl_ca_file = log_opt_values /usr/lib/python3/dist-packages/oslo_config/cfg.py:2609
2026-06-18 00:30:24.266 41254 DEBUG oslo_service.service [-] oslo_messaging_rabbit.ssl_cert_file = log_opt_values /usr/lib/python3/dist-packages/oslo_config/cfg.py:2609
2026-06-18 00:30:24.266 41254 DEBUG oslo_service.service [-] oslo_messaging_rabbit.ssl_key_file = log_opt_values /usr/lib/python3/dist-packages/oslo_config/cfg.py:2609
2026-06-18 00:30:24.266 41254 DEBUG oslo_service.service [-] oslo_messaging_rabbit.ssl_version = log_opt_values /usr/lib/python3/dist-packages/oslo_config/cfg.py:2609
2026-06-18 00:30:24.267 41254 DEBUG oslo_service.service [-] oslo_messaging_notifications.driver = [] log_opt_values /usr/lib/python3/dist-packages/oslo_config/cfg.py:2609
2026-06-18 00:30:24.267 41254 DEBUG oslo_service.service [-] oslo_messaging_notifications.retry = -1 log_opt_values /usr/lib/python3/dist-packages/oslo_config/cfg.py:2609
2026-06-18 00:30:24.267 41254 DEBUG oslo_service.service [-] oslo_messaging_notifications.topics = ['notifications'] log_opt_values /usr/lib/python3/dist-packages/oslo_config/cfg.py:2609
2026-06-18 00:30:24.267 41254 DEBUG oslo_service.service [-] oslo_messaging_notifications.transport_url = **** log_opt_values /usr/lib/python3/dist-packages/oslo_config/cfg.py:2609
2026-06-18 00:30:24.267 41254 DEBUG oslo_service.service [-] cache.backend = dogpile.cache.null log_opt_values /usr/lib/python3/dist-packages/oslo_config/cfg.py:2609
2026-06-18 00:30:24.268 41254 DEBUG oslo_service.service [-] cache.backend_argument = **** log_opt_values /usr/lib/python3/dist-packages/oslo_config/cfg.py:2609
2026-06-18 00:30:24.268 41254 DEBUG oslo_service.service [-] cache.config_prefix = cache.oslo log_opt_values /usr/lib/python3/dist-packages/oslo_config/cfg.py:2609
2026-06-18 00:30:24.268 41254 DEBUG oslo_service.service [-] cache.debug_cache_backend = False log_opt_values /usr/lib/python3/dist-packages/oslo_config/cfg.py:2609
2026-06-18 00:30:24.268 41254 DEBUG oslo_service.service [-] cache.enabled = False log_opt_values /usr/lib/python3/dist-packages/oslo_config/cfg.py:2609
2026-06-18 00:30:24.268 41254 DEBUG oslo_service.service [-] cache.expiration_time = 600 log_opt_values /usr/lib/python3/dist-packages/oslo_config/cfg.py:2609
2026-06-18 00:30:24.268 41254 DEBUG oslo_service.service [-] cache.memcache_dead_retry = 300 log_opt_values /usr/lib/python3/dist-packages/oslo_config/cfg.py:2609
2026-06-18 00:30:24.268 41254 DEBUG oslo_service.service [-] cache.memcache_pool_connection_get_timeout = 10 log_opt_values /usr/lib/python3/dist-packages/oslo_config/cfg.py:2609
2026-06-18 00:30:24.268 41254 DEBUG oslo_service.service [-] cache.memcache_pool_flush_on_reconnect = False log_opt_values /usr/lib/python3/dist-packages/oslo_config/cfg.py:2609
2026-06-18 00:30:24.268 41254 DEBUG oslo_service.service [-] cache.memcache_pool_maxsize = 10 log_opt_values /usr/lib/python3/dist-packages/oslo_config/cfg.py:2609
2026-06-18 00:30:24.269 41254 DEBUG oslo_service.service [-] cache.memcache_pool_unused_timeout = 60 log_opt_values /usr/lib/python3/dist-packages/oslo_config/cfg.py:2609
2026-06-18 00:30:24.269 41254 DEBUG oslo_service.service [-] cache.memcache_servers = ['localhost:11211'] log_opt_values /usr/lib/python3/dist-packages/oslo_config/cfg.py:2609
2026-06-18 00:30:24.269 41254 DEBUG oslo_service.service [-] cache.memcache_socket_timeout = 1.0 log_opt_values /usr/lib/python3/dist-packages/oslo_config/cfg.py:2609
2026-06-18 00:30:24.269 41254 DEBUG oslo_service.service [-] cache.proxies = [] log_opt_values /usr/lib/python3/dist-packages/oslo_config/cfg.py:2609
2026-06-18 00:30:24.269 41254 DEBUG oslo_service.service [-] cache.tls_allowed_ciphers = None log_opt_values /usr/lib/python3/dist-packages/oslo_config/cfg.py:2609
2026-06-18 00:30:24.269 41254 DEBUG oslo_service.service [-] cache.tls_cafile = None log_opt_values /usr/lib/python3/dist-packages/oslo_config/cfg.py:2609
2026-06-18 00:30:24.269 41254 DEBUG oslo_service.service [-] cache.tls_certfile = None log_opt_values /usr/lib/python3/dist-packages/oslo_config/cfg.py:2609
2026-06-18 00:30:24.270 41254 DEBUG oslo_service.service [-] cache.tls_enabled = False log_opt_values /usr/lib/python3/dist-packages/oslo_config/cfg.py:2609
2026-06-18 00:30:24.270 41254 DEBUG oslo_service.service [-] cache.tls_keyfile = None log_opt_values /usr/lib/python3/dist-packages/oslo_config/cfg.py:2609
2026-06-18 00:30:24.270 41254 DEBUG oslo_service.service [-] constraint_validation_cache.caching = True log_opt_values /usr/lib/python3/dist-packages/oslo_config/cfg.py:2609
2026-06-18 00:30:24.270 41254 DEBUG oslo_service.service [-] constraint_validation_cache.expiration_time = 60 log_opt_values /usr/lib/python3/dist-packages/oslo_config/cfg.py:2609
2026-06-18 00:30:24.270 41254 DEBUG oslo_service.service [-] service_extension_cache.caching = True log_opt_values /usr/lib/python3/dist-packages/oslo_config/cfg.py:2609
2026-06-18 00:30:24.270 41254 DEBUG oslo_service.service [-] service_extension_cache.expiration_time = 3600 log_opt_values /usr/lib/python3/dist-packages/oslo_config/cfg.py:2609
2026-06-18 00:30:24.271 41254 DEBUG oslo_service.service [-] resource_finder_cache.caching = True log_opt_values /usr/lib/python3/dist-packages/oslo_config/cfg.py:2609
2026-06-18 00:30:24.271 41254 DEBUG oslo_service.service [-] resource_finder_cache.expiration_time = 3600 log_opt_values /usr/lib/python3/dist-packages/oslo_config/cfg.py:2609
2026-06-18 00:30:24.271 41254 DEBUG oslo_service.service [-] yaql.limit_iterators = 200 log_opt_values /usr/lib/python3/dist-packages/oslo_config/cfg.py:2609
2026-06-18 00:30:24.271 41254 DEBUG oslo_service.service [-] yaql.memory_quota = 10000 log_opt_values /usr/lib/python3/dist-packages/oslo_config/cfg.py:2609
2026-06-18 00:30:24.271 41254 DEBUG oslo_service.service [-] ******************************************************************************** log_opt_values /usr/lib/python3/dist-packages/oslo_config/cfg.py:2613
2026-06-18 00:30:24.364 41469 DEBUG oslo_db.sqlalchemy.engines [req-2d71a7a8-9d2f-42f5-81f9-92502809156a - - - - -] MySQL server mode set to STRICT_TRANS_TABLES,STRICT_ALL_TABLES,NO_ZERO_IN_DATE,NO_ZERO_DATE,ERROR_FOR_DIVISION_BY_ZERO,TRADITIONAL,NO_ENGINE_SUBSTITUTION _check_effective_sql_mode /usr/lib/python3/dist-packages/oslo_db/sqlalchemy/engines.py:314
2026-06-18 00:30:24.370 41471 DEBUG oslo_db.sqlalchemy.engines [req-95ee362b-3865-46c3-8030-5184656c2d25 - - - - -] MySQL server mode set to STRICT_TRANS_TABLES,STRICT_ALL_TABLES,NO_ZERO_IN_DATE,NO_ZERO_DATE,ERROR_FOR_DIVISION_BY_ZERO,TRADITIONAL,NO_ENGINE_SUBSTITUTION _check_effective_sql_mode /usr/lib/python3/dist-packages/oslo_db/sqlalchemy/engines.py:314
2026-06-18 00:30:24.385 41472 DEBUG oslo_db.sqlalchemy.engines [req-d28c8c46-2f29-4b5f-82fd-e3b502886a72 - - - - -] MySQL server mode set to STRICT_TRANS_TABLES,STRICT_ALL_TABLES,NO_ZERO_IN_DATE,NO_ZERO_DATE,ERROR_FOR_DIVISION_BY_ZERO,TRADITIONAL,NO_ENGINE_SUBSTITUTION _check_effective_sql_mode /usr/lib/python3/dist-packages/oslo_db/sqlalchemy/engines.py:314
2026-06-18 00:30:24.402 41470 DEBUG oslo_db.sqlalchemy.engines [req-a077e904-e921-4a38-a3ab-9483fa56b572 - - - - -] MySQL server mode set to STRICT_TRANS_TABLES,STRICT_ALL_TABLES,NO_ZERO_IN_DATE,NO_ZERO_DATE,ERROR_FOR_DIVISION_BY_ZERO,TRADITIONAL,NO_ENGINE_SUBSTITUTION _check_effective_sql_mode /usr/lib/python3/dist-packages/oslo_db/sqlalchemy/engines.py:314
2026-06-18 00:30:24.466 41471 DEBUG heat.engine.service [req-cfa2270a-1388-4bc9-9fe4-6922a8b97472 - - - - -] Service 50214dda-dc7e-4dd2-ac71-4b646dd3ca71 is started service_manage_report /usr/lib/python3/dist-packages/heat/engine/service.py:2363
2026-06-18 00:30:24.493 41471 DEBUG heat.engine.service [req-cfa2270a-1388-4bc9-9fe4-6922a8b97472 - - - - -] Service 50214dda-dc7e-4dd2-ac71-4b646dd3ca71 is updated service_manage_report /usr/lib/python3/dist-packages/heat/engine/service.py:2370
2026-06-18 00:30:24.506 41469 DEBUG heat.engine.service [req-01659c1b-c754-4812-9783-240f5ccba5fc - - - - -] Service 3a3ad30a-4d26-4281-8c74-6a0a0ccc88d7 is started service_manage_report /usr/lib/python3/dist-packages/heat/engine/service.py:2363
2026-06-18 00:30:24.524 41472 DEBUG heat.engine.service [req-2dba7944-4668-4dcc-a455-26a0a4caa095 - - - - -] Service 8c90e259-c524-4b82-a1c1-6e32bbde263b is started service_manage_report /usr/lib/python3/dist-packages/heat/engine/service.py:2363
2026-06-18 00:30:24.525 41470 DEBUG heat.engine.service [req-511872b2-95a5-48ea-81dd-60eb7cbfdd14 - - - - -] Service bfac2de4-95d4-42a8-b318-ae58d504a0a6 is started service_manage_report /usr/lib/python3/dist-packages/heat/engine/service.py:2363
2026-06-18 00:30:24.533 41469 DEBUG heat.engine.service [req-01659c1b-c754-4812-9783-240f5ccba5fc - - - - -] Service 3a3ad30a-4d26-4281-8c74-6a0a0ccc88d7 is updated service_manage_report /usr/lib/python3/dist-packages/heat/engine/service.py:2370
2026-06-18 00:30:24.547 41470 DEBUG heat.engine.service [req-511872b2-95a5-48ea-81dd-60eb7cbfdd14 - - - - -] Service bfac2de4-95d4-42a8-b318-ae58d504a0a6 is updated service_manage_report /usr/lib/python3/dist-packages/heat/engine/service.py:2370
2026-06-18 00:30:24.570 41472 DEBUG heat.engine.service [req-2dba7944-4668-4dcc-a455-26a0a4caa095 - - - - -] Service 8c90e259-c524-4b82-a1c1-6e32bbde263b is updated service_manage_report /usr/lib/python3/dist-packages/heat/engine/service.py:2370
2026-06-18 00:31:24.448 41471 DEBUG heat.engine.service [req-b0e8e632-3863-4f07-94c4-d7069f00bb7a - - - - -] Service 50214dda-dc7e-4dd2-ac71-4b646dd3ca71 is updated service_manage_report /usr/lib/python3/dist-packages/heat/engine/service.py:2370
2026-06-18 00:31:24.489 41469 DEBUG heat.engine.service [req-3f5a0330-2dde-4e96-94a1-04f7ba959efc - - - - -] Service 3a3ad30a-4d26-4281-8c74-6a0a0ccc88d7 is updated service_manage_report /usr/lib/python3/dist-packages/heat/engine/service.py:2370
2026-06-18 00:31:24.503 41472 DEBUG heat.engine.service [req-bfe78517-4cb5-40c9-a8af-ffe82f5f8121 - - - - -] Service 8c90e259-c524-4b82-a1c1-6e32bbde263b is updated service_manage_report /usr/lib/python3/dist-packages/heat/engine/service.py:2370
2026-06-18 00:31:24.516 41470 DEBUG heat.engine.service [req-bcf469a0-f67b-4df3-9399-70bf6ddc03f8 - - - - -] Service bfac2de4-95d4-42a8-b318-ae58d504a0a6 is updated service_manage_report /usr/lib/python3/dist-packages/heat/engine/service.py:2370
2026-06-18 00:32:24.476 41471 DEBUG heat.engine.service [req-76d033f0-40f7-452b-a138-61f14d3f21d0 - - - - -] Service 50214dda-dc7e-4dd2-ac71-4b646dd3ca71 is updated service_manage_report /usr/lib/python3/dist-packages/heat/engine/service.py:2370
2026-06-18 00:32:24.503 41469 DEBUG heat.engine.service [req-d23397e6-d436-4843-b27b-5ae86861315b - - - - -] Service 3a3ad30a-4d26-4281-8c74-6a0a0ccc88d7 is updated service_manage_report /usr/lib/python3/dist-packages/heat/engine/service.py:2370
2026-06-18 00:32:24.519 41472 DEBUG heat.engine.service [req-32f6c070-f26a-403f-98ba-80a1ff18ccc8 - - - - -] Service 8c90e259-c524-4b82-a1c1-6e32bbde263b is updated service_manage_report /usr/lib/python3/dist-packages/heat/engine/service.py:2370
2026-06-18 00:32:24.538 41470 DEBUG heat.engine.service [req-f4b34205-0341-4ede-9748-e7ceca5f9d19 - - - - -] Service bfac2de4-95d4-42a8-b318-ae58d504a0a6 is updated service_manage_report /usr/lib/python3/dist-packages/heat/engine/service.py:2370
2026-06-18 00:33:24.451 41471 DEBUG heat.engine.service [req-4b132142-4d59-4ac2-8ea5-3acea455cee0 - - - - -] Service 50214dda-dc7e-4dd2-ac71-4b646dd3ca71 is updated service_manage_report /usr/lib/python3/dist-packages/heat/engine/service.py:2370
2026-06-18 00:33:24.487 41469 DEBUG heat.engine.service [req-5db7de47-cbf1-493b-966b-e4c5e148a7e5 - - - - -] Service 3a3ad30a-4d26-4281-8c74-6a0a0ccc88d7 is updated service_manage_report /usr/lib/python3/dist-packages/heat/engine/service.py:2370
2026-06-18 00:33:24.517 41472 DEBUG heat.engine.service [req-211baefd-326b-4fd1-8d4f-710916f2f190 - - - - -] Service 8c90e259-c524-4b82-a1c1-6e32bbde263b is updated service_manage_report /usr/lib/python3/dist-packages/heat/engine/service.py:2370
2026-06-18 00:33:24.521 41470 DEBUG heat.engine.service [req-c082ef68-ee2b-48d9-bddc-f83f1d6a3cdc - - - - -] Service bfac2de4-95d4-42a8-b318-ae58d504a0a6 is updated service_manage_report /usr/lib/python3/dist-packages/heat/engine/service.py:2370
2026-06-18 00:34:24.454 41471 DEBUG heat.engine.service [req-a7d2b5b2-57f4-4007-8e59-ab46b37e0b43 - - - - -] Service 50214dda-dc7e-4dd2-ac71-4b646dd3ca71 is updated service_manage_report /usr/lib/python3/dist-packages/heat/engine/service.py:2370
2026-06-18 00:34:24.493 41469 DEBUG heat.engine.service [req-a6f3643a-2473-4f8f-b92c-1d843a410555 - - - - -] Service 3a3ad30a-4d26-4281-8c74-6a0a0ccc88d7 is updated service_manage_report /usr/lib/python3/dist-packages/heat/engine/service.py:2370
2026-06-18 00:34:24.511 41472 DEBUG heat.engine.service [req-8056adef-8ae7-454e-a7b3-41e77a87ac6f - - - - -] Service 8c90e259-c524-4b82-a1c1-6e32bbde263b is updated service_manage_report /usr/lib/python3/dist-packages/heat/engine/service.py:2370
2026-06-18 00:34:24.528 41470 DEBUG heat.engine.service [req-c0384943-f643-4a8f-88ab-51620389dcab - - - - -] Service bfac2de4-95d4-42a8-b318-ae58d504a0a6 is updated service_manage_report /usr/lib/python3/dist-packages/heat/engine/service.py:2370
2026-06-18 00:35:24.459 41471 DEBUG heat.engine.service [req-43ba99cd-1a2a-4f6a-8c23-91e781bb1545 - - - - -] Service 50214dda-dc7e-4dd2-ac71-4b646dd3ca71 is updated service_manage_report /usr/lib/python3/dist-packages/heat/engine/service.py:2370
2026-06-18 00:35:24.496 41469 DEBUG heat.engine.service [req-b5b82183-8d79-4e96-9096-b2ca01a38dd7 - - - - -] Service 3a3ad30a-4d26-4281-8c74-6a0a0ccc88d7 is updated service_manage_report /usr/lib/python3/dist-packages/heat/engine/service.py:2370
2026-06-18 00:35:24.517 41472 DEBUG heat.engine.service [req-bebb6da0-32cd-496e-b421-799d7f233024 - - - - -] Service 8c90e259-c524-4b82-a1c1-6e32bbde263b is updated service_manage_report /usr/lib/python3/dist-packages/heat/engine/service.py:2370
2026-06-18 00:35:24.521 41470 DEBUG heat.engine.service [req-ead84328-832b-4dc5-93e1-1694ccb5accf - - - - -] Service bfac2de4-95d4-42a8-b318-ae58d504a0a6 is updated service_manage_report /usr/lib/python3/dist-packages/heat/engine/service.py:2370
2026-06-18 00:36:24.463 41471 DEBUG heat.engine.service [req-bb752032-7ff8-4377-97fc-29d96ed7e926 - - - - -] Service 50214dda-dc7e-4dd2-ac71-4b646dd3ca71 is updated service_manage_report /usr/lib/python3/dist-packages/heat/engine/service.py:2370
2026-06-18 00:36:24.499 41469 DEBUG heat.engine.service [req-320d1cd0-85cf-475a-b64b-a462374b9cbe - - - - -] Service 3a3ad30a-4d26-4281-8c74-6a0a0ccc88d7 is updated service_manage_report /usr/lib/python3/dist-packages/heat/engine/service.py:2370
2026-06-18 00:36:24.516 41472 DEBUG heat.engine.service [req-850df413-e711-4390-9621-70924ab79015 - - - - -] Service 8c90e259-c524-4b82-a1c1-6e32bbde263b is updated service_manage_report /usr/lib/python3/dist-packages/heat/engine/service.py:2370
2026-06-18 00:36:24.528 41470 DEBUG heat.engine.service [req-f2802555-e6f2-4fb1-a860-c0f74495e922 - - - - -] Service bfac2de4-95d4-42a8-b318-ae58d504a0a6 is updated service_manage_report /usr/lib/python3/dist-packages/heat/engine/service.py:2370
2026-06-18 00:37:24.467 41471 DEBUG heat.engine.service [req-f3d92af3-2849-4d66-b559-4b107dc03502 - - - - -] Service 50214dda-dc7e-4dd2-ac71-4b646dd3ca71 is updated service_manage_report /usr/lib/python3/dist-packages/heat/engine/service.py:2370
2026-06-18 00:37:24.506 41469 DEBUG heat.engine.service [req-6aeba917-9dfd-4448-b2c2-b08b1999fece - - - - -] Service 3a3ad30a-4d26-4281-8c74-6a0a0ccc88d7 is updated service_manage_report /usr/lib/python3/dist-packages/heat/engine/service.py:2370
2026-06-18 00:37:24.514 41472 DEBUG heat.engine.service [req-df6a2809-c983-4555-bdab-906020fc7b6a - - - - -] Service 8c90e259-c524-4b82-a1c1-6e32bbde263b is updated service_manage_report /usr/lib/python3/dist-packages/heat/engine/service.py:2370
2026-06-18 00:37:24.521 41470 DEBUG heat.engine.service [req-bbb29083-1912-4bcc-9a56-482f46d7dbb6 - - - - -] Service bfac2de4-95d4-42a8-b318-ae58d504a0a6 is updated service_manage_report /usr/lib/python3/dist-packages/heat/engine/service.py:2370
2026-06-18 00:38:24.475 41471 DEBUG heat.engine.service [req-9b53e598-6077-4dc5-ab0f-96a820d9cf9c - - - - -] Service 50214dda-dc7e-4dd2-ac71-4b646dd3ca71 is updated service_manage_report /usr/lib/python3/dist-packages/heat/engine/service.py:2370
2026-06-18 00:38:24.499 41469 DEBUG heat.engine.service [req-9ed6400d-0528-47ce-a87f-f2259c4cf094 - - - - -] Service 3a3ad30a-4d26-4281-8c74-6a0a0ccc88d7 is updated service_manage_report /usr/lib/python3/dist-packages/heat/engine/service.py:2370
2026-06-18 00:38:24.508 41472 DEBUG heat.engine.service [req-4d0c9dc0-2e3e-47f4-8d8c-bf1ee0e17792 - - - - -] Service 8c90e259-c524-4b82-a1c1-6e32bbde263b is updated service_manage_report /usr/lib/python3/dist-packages/heat/engine/service.py:2370
2026-06-18 00:38:24.525 41470 DEBUG heat.engine.service [req-b9252226-f06d-4f6f-8dde-6219fd7c2359 - - - - -] Service bfac2de4-95d4-42a8-b318-ae58d504a0a6 is updated service_manage_report /usr/lib/python3/dist-packages/heat/engine/service.py:2370
2026-06-18 00:39:24.468 41471 DEBUG heat.engine.service [req-1cbce134-e7f3-474a-943d-160a3359ae2c - - - - -] Service 50214dda-dc7e-4dd2-ac71-4b646dd3ca71 is updated service_manage_report /usr/lib/python3/dist-packages/heat/engine/service.py:2370
2026-06-18 00:39:24.517 41472 DEBUG heat.engine.service [req-3f356297-45a5-4b89-9e9a-d2b1054b6b0f - - - - -] Service 8c90e259-c524-4b82-a1c1-6e32bbde263b is updated service_manage_report /usr/lib/python3/dist-packages/heat/engine/service.py:2370
2026-06-18 00:39:24.517 41469 DEBUG heat.engine.service [req-61209068-18fa-4902-8c84-ce768aff396e - - - - -] Service 3a3ad30a-4d26-4281-8c74-6a0a0ccc88d7 is updated service_manage_report /usr/lib/python3/dist-packages/heat/engine/service.py:2370
2026-06-18 00:39:24.530 41470 DEBUG heat.engine.service [req-b42674ad-7b1a-4769-9904-475762f6e2bc - - - - -] Service bfac2de4-95d4-42a8-b318-ae58d504a0a6 is updated service_manage_report /usr/lib/python3/dist-packages/heat/engine/service.py:2370
2026-06-18 00:40:24.472 41471 DEBUG heat.engine.service [req-abe8a2e2-fde2-43c6-a74a-041c50a0eb79 - - - - -] Service 50214dda-dc7e-4dd2-ac71-4b646dd3ca71 is updated service_manage_report /usr/lib/python3/dist-packages/heat/engine/service.py:2370
2026-06-18 00:40:24.501 41469 DEBUG heat.engine.service [req-6511286b-6fe4-4515-9689-f81016fa90f9 - - - - -] Service 3a3ad30a-4d26-4281-8c74-6a0a0ccc88d7 is updated service_manage_report /usr/lib/python3/dist-packages/heat/engine/service.py:2370
2026-06-18 00:40:24.509 41472 DEBUG heat.engine.service [req-ac526699-48cd-48fd-a90f-eba07ea8001f - - - - -] Service 8c90e259-c524-4b82-a1c1-6e32bbde263b is updated service_manage_report /usr/lib/python3/dist-packages/heat/engine/service.py:2370
2026-06-18 00:40:24.533 41470 DEBUG heat.engine.service [req-81ac0db1-a53d-4f94-a575-80c0a7286c21 - - - - -] Service bfac2de4-95d4-42a8-b318-ae58d504a0a6 is updated service_manage_report /usr/lib/python3/dist-packages/heat/engine/service.py:2370
2026-06-18 00:41:24.480 41471 DEBUG heat.engine.service [req-2e81bbe8-df25-4ddd-89d3-d64a8633aa49 - - - - -] Service 50214dda-dc7e-4dd2-ac71-4b646dd3ca71 is updated service_manage_report /usr/lib/python3/dist-packages/heat/engine/service.py:2370
2026-06-18 00:41:24.506 41469 DEBUG heat.engine.service [req-ddc0e7f9-b216-4f7b-b5c2-af00512edf99 - - - - -] Service 3a3ad30a-4d26-4281-8c74-6a0a0ccc88d7 is updated service_manage_report /usr/lib/python3/dist-packages/heat/engine/service.py:2370
2026-06-18 00:41:24.515 41472 DEBUG heat.engine.service [req-ac35d98c-255c-42de-9358-1d733df8c7fb - - - - -] Service 8c90e259-c524-4b82-a1c1-6e32bbde263b is updated service_manage_report /usr/lib/python3/dist-packages/heat/engine/service.py:2370
2026-06-18 00:41:24.535 41470 DEBUG heat.engine.service [req-9d836cb7-b0cf-426f-bec5-5eca4df58002 - - - - -] Service bfac2de4-95d4-42a8-b318-ae58d504a0a6 is updated service_manage_report /usr/lib/python3/dist-packages/heat/engine/service.py:2370
2026-06-18 00:42:24.474 41471 DEBUG heat.engine.service [req-d512dfbb-1c17-4874-970f-6bbbde818901 - - - - -] Service 50214dda-dc7e-4dd2-ac71-4b646dd3ca71 is updated service_manage_report /usr/lib/python3/dist-packages/heat/engine/service.py:2370
2026-06-18 00:42:24.501 41469 DEBUG heat.engine.service [req-8596eeaa-3a19-4b52-b3b2-36d7624481be - - - - -] Service 3a3ad30a-4d26-4281-8c74-6a0a0ccc88d7 is updated service_manage_report /usr/lib/python3/dist-packages/heat/engine/service.py:2370
2026-06-18 00:42:24.511 41472 DEBUG heat.engine.service [req-9ce27093-682a-423e-aaee-e963ce513d25 - - - - -] Service 8c90e259-c524-4b82-a1c1-6e32bbde263b is updated service_manage_report /usr/lib/python3/dist-packages/heat/engine/service.py:2370
2026-06-18 00:42:24.544 41470 DEBUG heat.engine.service [req-98d792bb-11ef-4a82-b773-44a07c526a75 - - - - -] Service bfac2de4-95d4-42a8-b318-ae58d504a0a6 is updated service_manage_report /usr/lib/python3/dist-packages/heat/engine/service.py:2370
2026-06-18 00:43:24.481 41471 DEBUG heat.engine.service [req-9d8e6eed-574a-4967-b7a6-d3ee36df2b9e - - - - -] Service 50214dda-dc7e-4dd2-ac71-4b646dd3ca71 is updated service_manage_report /usr/lib/python3/dist-packages/heat/engine/service.py:2370
2026-06-18 00:43:24.503 41472 DEBUG heat.engine.service [req-0d6c85b0-a9ff-41a4-83c7-808843814fe1 - - - - -] Service 8c90e259-c524-4b82-a1c1-6e32bbde263b is updated service_manage_report /usr/lib/python3/dist-packages/heat/engine/service.py:2370
2026-06-18 00:43:24.504 41469 DEBUG heat.engine.service [req-52f34c7e-99ef-46c2-b153-5f74537a7eff - - - - -] Service 3a3ad30a-4d26-4281-8c74-6a0a0ccc88d7 is updated service_manage_report /usr/lib/python3/dist-packages/heat/engine/service.py:2370
2026-06-18 00:43:24.537 41470 DEBUG heat.engine.service [req-b3db08b6-acb0-4032-be72-d980a5c85050 - - - - -] Service bfac2de4-95d4-42a8-b318-ae58d504a0a6 is updated service_manage_report /usr/lib/python3/dist-packages/heat/engine/service.py:2370
2026-06-18 00:44:24.475 41471 DEBUG heat.engine.service [req-d41ada1e-e939-4d40-a693-f9fbef3ff6ac - - - - -] Service 50214dda-dc7e-4dd2-ac71-4b646dd3ca71 is updated service_manage_report /usr/lib/python3/dist-packages/heat/engine/service.py:2370
2026-06-18 00:44:24.505 41472 DEBUG heat.engine.service [req-5734fb03-3ae2-4a06-9343-e23c0715c85e - - - - -] Service 8c90e259-c524-4b82-a1c1-6e32bbde263b is updated service_manage_report /usr/lib/python3/dist-packages/heat/engine/service.py:2370
2026-06-18 00:44:24.507 41469 DEBUG heat.engine.service [req-afecf80c-b2ef-4b4f-96ae-c19e988bbdde - - - - -] Service 3a3ad30a-4d26-4281-8c74-6a0a0ccc88d7 is updated service_manage_report /usr/lib/python3/dist-packages/heat/engine/service.py:2370
2026-06-18 00:44:24.539 41470 DEBUG heat.engine.service [req-35135615-eb4c-4320-abb1-4023fd75cafc - - - - -] Service bfac2de4-95d4-42a8-b318-ae58d504a0a6 is updated service_manage_report /usr/lib/python3/dist-packages/heat/engine/service.py:2370
2026-06-18 00:45:24.478 41471 DEBUG heat.engine.service [req-d78463af-8c26-4304-b79c-eef0d4539f1c - - - - -] Service 50214dda-dc7e-4dd2-ac71-4b646dd3ca71 is updated service_manage_report /usr/lib/python3/dist-packages/heat/engine/service.py:2370
2026-06-18 00:45:24.508 41472 DEBUG heat.engine.service [req-f72a9250-b8d0-4905-a4a3-b9ddc2aa0539 - - - - -] Service 8c90e259-c524-4b82-a1c1-6e32bbde263b is updated service_manage_report /usr/lib/python3/dist-packages/heat/engine/service.py:2370
2026-06-18 00:45:24.510 41469 DEBUG heat.engine.service [req-6d95b9bc-1044-4e88-9c40-5273c1ea7154 - - - - -] Service 3a3ad30a-4d26-4281-8c74-6a0a0ccc88d7 is updated service_manage_report /usr/lib/python3/dist-packages/heat/engine/service.py:2370
2026-06-18 00:45:24.542 41470 DEBUG heat.engine.service [req-d4fa35ec-6748-4a17-a30b-92468cfb7951 - - - - -] Service bfac2de4-95d4-42a8-b318-ae58d504a0a6 is updated service_manage_report /usr/lib/python3/dist-packages/heat/engine/service.py:2370
2026-06-18 00:46:24.485 41471 DEBUG heat.engine.service [req-7e19056d-c83d-4e11-be1a-6c223792553c - - - - -] Service 50214dda-dc7e-4dd2-ac71-4b646dd3ca71 is updated service_manage_report /usr/lib/python3/dist-packages/heat/engine/service.py:2370
2026-06-18 00:46:24.512 41472 DEBUG heat.engine.service [req-8c1b4562-53b0-4036-b7c2-28fa159eb292 - - - - -] Service 8c90e259-c524-4b82-a1c1-6e32bbde263b is updated service_manage_report /usr/lib/python3/dist-packages/heat/engine/service.py:2370
2026-06-18 00:46:24.514 41469 DEBUG heat.engine.service [req-2c34e226-7ca8-46e2-af2d-ddbc56c88374 - - - - -] Service 3a3ad30a-4d26-4281-8c74-6a0a0ccc88d7 is updated service_manage_report /usr/lib/python3/dist-packages/heat/engine/service.py:2370
2026-06-18 00:46:24.545 41470 DEBUG heat.engine.service [req-5ca093f6-6ab6-4712-bc51-4a4145bc3cc7 - - - - -] Service bfac2de4-95d4-42a8-b318-ae58d504a0a6 is updated service_manage_report /usr/lib/python3/dist-packages/heat/engine/service.py:2370
2026-06-18 00:47:24.479 41471 DEBUG heat.engine.service [req-890d34cc-a6d7-4d64-8894-27f9e2048eb9 - - - - -] Service 50214dda-dc7e-4dd2-ac71-4b646dd3ca71 is updated service_manage_report /usr/lib/python3/dist-packages/heat/engine/service.py:2370
2026-06-18 00:47:24.515 41472 DEBUG heat.engine.service [req-9d357841-2ae0-4b8c-999b-1f5b1505b817 - - - - -] Service 8c90e259-c524-4b82-a1c1-6e32bbde263b is updated service_manage_report /usr/lib/python3/dist-packages/heat/engine/service.py:2370
2026-06-18 00:47:24.517 41469 DEBUG heat.engine.service [req-669fc615-580d-41e6-b1b7-90cf083b5694 - - - - -] Service 3a3ad30a-4d26-4281-8c74-6a0a0ccc88d7 is updated service_manage_report /usr/lib/python3/dist-packages/heat/engine/service.py:2370
2026-06-18 00:47:24.546 41470 DEBUG heat.engine.service [req-dd7265fd-b967-4cd0-95c8-e397c90345ff - - - - -] Service bfac2de4-95d4-42a8-b318-ae58d504a0a6 is updated service_manage_report /usr/lib/python3/dist-packages/heat/engine/service.py:2370
2026-06-18 00:48:24.486 41471 DEBUG heat.engine.service [req-48836d15-7579-4582-b29b-8be71bf35f50 - - - - -] Service 50214dda-dc7e-4dd2-ac71-4b646dd3ca71 is updated service_manage_report /usr/lib/python3/dist-packages/heat/engine/service.py:2370
2026-06-18 00:48:24.518 41472 DEBUG heat.engine.service [req-4a507bf1-2eb0-402a-9f4d-37edf6b13477 - - - - -] Service 8c90e259-c524-4b82-a1c1-6e32bbde263b is updated service_manage_report /usr/lib/python3/dist-packages/heat/engine/service.py:2370
2026-06-18 00:48:24.522 41469 DEBUG heat.engine.service [req-b59d443b-6ec9-4334-9340-5a2b6ea547df - - - - -] Service 3a3ad30a-4d26-4281-8c74-6a0a0ccc88d7 is updated service_manage_report /usr/lib/python3/dist-packages/heat/engine/service.py:2370
2026-06-18 00:48:24.550 41470 DEBUG heat.engine.service [req-a43bfe3d-1887-48de-b058-7241338a0f2d - - - - -] Service bfac2de4-95d4-42a8-b318-ae58d504a0a6 is updated service_manage_report /usr/lib/python3/dist-packages/heat/engine/service.py:2370
2026-06-18 00:49:24.479 41471 DEBUG heat.engine.service [req-bf987ace-4cc0-459a-8872-4e9dd2dcb13d - - - - -] Service 50214dda-dc7e-4dd2-ac71-4b646dd3ca71 is updated service_manage_report /usr/lib/python3/dist-packages/heat/engine/service.py:2370
2026-06-18 00:49:24.524 41472 DEBUG heat.engine.service [req-0d8ac5c8-9158-4139-bd00-e2d80865fae5 - - - - -] Service 8c90e259-c524-4b82-a1c1-6e32bbde263b is updated service_manage_report /usr/lib/python3/dist-packages/heat/engine/service.py:2370
2026-06-18 00:49:24.527 41469 DEBUG heat.engine.service [req-784e3a1e-5f6c-40fd-ab55-a4a1a673c5e4 - - - - -] Service 3a3ad30a-4d26-4281-8c74-6a0a0ccc88d7 is updated service_manage_report /usr/lib/python3/dist-packages/heat/engine/service.py:2370
2026-06-18 00:49:24.556 41470 DEBUG heat.engine.service [req-47643d95-0305-4654-8a90-cc1d2538edf6 - - - - -] Service bfac2de4-95d4-42a8-b318-ae58d504a0a6 is updated service_manage_report /usr/lib/python3/dist-packages/heat/engine/service.py:2370
2026-06-18 00:50:24.487 41471 DEBUG heat.engine.service [req-faf3edb6-f865-44e4-8f2a-ce9cb76e2313 - - - - -] Service 50214dda-dc7e-4dd2-ac71-4b646dd3ca71 is updated service_manage_report /usr/lib/python3/dist-packages/heat/engine/service.py:2370
2026-06-18 00:50:24.527 41472 DEBUG heat.engine.service [req-b11f3500-86db-47eb-b908-7e3605ce9dfa - - - - -] Service 8c90e259-c524-4b82-a1c1-6e32bbde263b is updated service_manage_report /usr/lib/python3/dist-packages/heat/engine/service.py:2370
2026-06-18 00:50:24.529 41469 DEBUG heat.engine.service [req-dac4cda7-6bc8-4f1b-b81d-92198b35deb4 - - - - -] Service 3a3ad30a-4d26-4281-8c74-6a0a0ccc88d7 is updated service_manage_report /usr/lib/python3/dist-packages/heat/engine/service.py:2370
2026-06-18 00:50:24.559 41470 DEBUG heat.engine.service [req-5b09f5e2-7a74-42f9-9670-d4db3f080270 - - - - -] Service bfac2de4-95d4-42a8-b318-ae58d504a0a6 is updated service_manage_report /usr/lib/python3/dist-packages/heat/engine/service.py:2370
2026-06-18 00:51:24.481 41471 DEBUG heat.engine.service [req-0485820d-782c-4f2a-87be-256f4a8f2ac4 - - - - -] Service 50214dda-dc7e-4dd2-ac71-4b646dd3ca71 is updated service_manage_report /usr/lib/python3/dist-packages/heat/engine/service.py:2370
2026-06-18 00:51:24.535 41472 DEBUG heat.engine.service [req-149a9767-60f3-4c43-a132-f906ecd58644 - - - - -] Service 8c90e259-c524-4b82-a1c1-6e32bbde263b is updated service_manage_report /usr/lib/python3/dist-packages/heat/engine/service.py:2370
2026-06-18 00:51:24.537 41469 DEBUG heat.engine.service [req-06c2ba0c-ecbb-48be-8a15-eade53ff5361 - - - - -] Service 3a3ad30a-4d26-4281-8c74-6a0a0ccc88d7 is updated service_manage_report /usr/lib/python3/dist-packages/heat/engine/service.py:2370
2026-06-18 00:51:24.563 41470 DEBUG heat.engine.service [req-ef06ee7c-f821-4a5a-a429-d6db08bfcbc6 - - - - -] Service bfac2de4-95d4-42a8-b318-ae58d504a0a6 is updated service_manage_report /usr/lib/python3/dist-packages/heat/engine/service.py:2370
2026-06-18 00:52:24.486 41471 DEBUG heat.engine.service [req-cb4004e9-c0e7-4242-852e-3b54984436f2 - - - - -] Service 50214dda-dc7e-4dd2-ac71-4b646dd3ca71 is updated service_manage_report /usr/lib/python3/dist-packages/heat/engine/service.py:2370
2026-06-18 00:52:24.528 41472 DEBUG heat.engine.service [req-6612361c-d02e-4564-9cc4-6b3bfd6dcaed - - - - -] Service 8c90e259-c524-4b82-a1c1-6e32bbde263b is updated service_manage_report /usr/lib/python3/dist-packages/heat/engine/service.py:2370
2026-06-18 00:52:24.531 41469 DEBUG heat.engine.service [req-6ae707ec-6e37-457c-860a-642f895d0186 - - - - -] Service 3a3ad30a-4d26-4281-8c74-6a0a0ccc88d7 is updated service_manage_report /usr/lib/python3/dist-packages/heat/engine/service.py:2370
2026-06-18 00:52:24.567 41470 DEBUG heat.engine.service [req-f0ac66b2-1ca9-4b7d-9a78-cfc3d6252de9 - - - - -] Service bfac2de4-95d4-42a8-b318-ae58d504a0a6 is updated service_manage_report /usr/lib/python3/dist-packages/heat/engine/service.py:2370
2026-06-18 00:53:24.492 41471 DEBUG heat.engine.service [req-4617eb6d-009d-48c5-9f96-f0629c333c02 - - - - -] Service 50214dda-dc7e-4dd2-ac71-4b646dd3ca71 is updated service_manage_report /usr/lib/python3/dist-packages/heat/engine/service.py:2370
2026-06-18 00:53:24.534 41472 DEBUG heat.engine.service [req-f0cfa80f-54c1-43db-828d-ab06950ea2dd - - - - -] Service 8c90e259-c524-4b82-a1c1-6e32bbde263b is updated service_manage_report /usr/lib/python3/dist-packages/heat/engine/service.py:2370
2026-06-18 00:53:24.536 41469 DEBUG heat.engine.service [req-e7f886c6-477c-4ba2-a4fc-376391fb6712 - - - - -] Service 3a3ad30a-4d26-4281-8c74-6a0a0ccc88d7 is updated service_manage_report /usr/lib/python3/dist-packages/heat/engine/service.py:2370
2026-06-18 00:53:24.570 41470 DEBUG heat.engine.service [req-883b8c4e-afba-4d60-8452-b767cd4fc799 - - - - -] Service bfac2de4-95d4-42a8-b318-ae58d504a0a6 is updated service_manage_report /usr/lib/python3/dist-packages/heat/engine/service.py:2370
2026-06-18 00:54:24.494 41471 DEBUG heat.engine.service [req-6fce9220-cb95-484e-a90d-13161a70d298 - - - - -] Service 50214dda-dc7e-4dd2-ac71-4b646dd3ca71 is updated service_manage_report /usr/lib/python3/dist-packages/heat/engine/service.py:2370
2026-06-18 00:54:24.541 41469 DEBUG heat.engine.service [req-d62c1a19-1bca-4f03-933e-7f3e26b7dc35 - - - - -] Service 3a3ad30a-4d26-4281-8c74-6a0a0ccc88d7 is updated service_manage_report /usr/lib/python3/dist-packages/heat/engine/service.py:2370
2026-06-18 00:54:24.542 41472 DEBUG heat.engine.service [req-a58e3070-c9f4-4394-971b-4f94bf1c8b98 - - - - -] Service 8c90e259-c524-4b82-a1c1-6e32bbde263b is updated service_manage_report /usr/lib/python3/dist-packages/heat/engine/service.py:2370
2026-06-18 00:54:24.571 41470 DEBUG heat.engine.service [req-0eb61422-1b4b-431e-a4d6-4ac43c3abd6a - - - - -] Service bfac2de4-95d4-42a8-b318-ae58d504a0a6 is updated service_manage_report /usr/lib/python3/dist-packages/heat/engine/service.py:2370
2026-06-18 00:55:24.498 41471 DEBUG heat.engine.service [req-65150401-139f-455c-8e2f-b0cb91d12046 - - - - -] Service 50214dda-dc7e-4dd2-ac71-4b646dd3ca71 is updated service_manage_report /usr/lib/python3/dist-packages/heat/engine/service.py:2370
2026-06-18 00:55:24.534 41469 DEBUG heat.engine.service [req-147a2229-f34c-4ea2-aebf-9bb91835d931 - - - - -] Service 3a3ad30a-4d26-4281-8c74-6a0a0ccc88d7 is updated service_manage_report /usr/lib/python3/dist-packages/heat/engine/service.py:2370
2026-06-18 00:55:24.536 41472 DEBUG heat.engine.service [req-814995e7-5c75-433d-92cb-0766de5ccbf3 - - - - -] Service 8c90e259-c524-4b82-a1c1-6e32bbde263b is updated service_manage_report /usr/lib/python3/dist-packages/heat/engine/service.py:2370
2026-06-18 00:55:24.575 41470 DEBUG heat.engine.service [req-322919f3-d9d0-46a9-a5b0-6d37ae702fd8 - - - - -] Service bfac2de4-95d4-42a8-b318-ae58d504a0a6 is updated service_manage_report /usr/lib/python3/dist-packages/heat/engine/service.py:2370
2026-06-18 00:56:24.506 41471 DEBUG heat.engine.service [req-f9cd895a-56aa-4047-87c8-e6cbb4d7e97f - - - - -] Service 50214dda-dc7e-4dd2-ac71-4b646dd3ca71 is updated service_manage_report /usr/lib/python3/dist-packages/heat/engine/service.py:2370
