2026-06-18 00:56:24.540 41469 DEBUG heat.engine.service [req-8f5d8273-de34-473c-ba62-a76d063b9887 - - - - -] Service 3a3ad30a-4d26-4281-8c74-6a0a0ccc88d7 is updated service_manage_report /usr/lib/python3/dist-packages/heat/engine/service.py:2370
2026-06-18 00:56:24.542 41472 DEBUG heat.engine.service [req-98c1c24d-3370-4f9c-bc34-376485137685 - - - - -] Service 8c90e259-c524-4b82-a1c1-6e32bbde263b is updated service_manage_report /usr/lib/python3/dist-packages/heat/engine/service.py:2370
2026-06-18 00:56:24.579 41470 DEBUG heat.engine.service [req-c4b933e5-3f05-42de-932b-467c01be3046 - - - - -] Service bfac2de4-95d4-42a8-b318-ae58d504a0a6 is updated service_manage_report /usr/lib/python3/dist-packages/heat/engine/service.py:2370
2026-06-18 00:57:24.502 41471 DEBUG heat.engine.service [req-e4d58d66-7936-4a54-8214-cda6ac51cc02 - - - - -] Service 50214dda-dc7e-4dd2-ac71-4b646dd3ca71 is updated service_manage_report /usr/lib/python3/dist-packages/heat/engine/service.py:2370
2026-06-18 00:57:24.535 41469 DEBUG heat.engine.service [req-6549c827-c4ac-4b1f-bfa4-311668a95265 - - - - -] Service 3a3ad30a-4d26-4281-8c74-6a0a0ccc88d7 is updated service_manage_report /usr/lib/python3/dist-packages/heat/engine/service.py:2370
2026-06-18 00:57:24.536 41472 DEBUG heat.engine.service [req-8e4a1576-1b4f-49bf-81ce-95d04ef8761e - - - - -] Service 8c90e259-c524-4b82-a1c1-6e32bbde263b is updated service_manage_report /usr/lib/python3/dist-packages/heat/engine/service.py:2370
2026-06-18 00:57:24.584 41470 DEBUG heat.engine.service [req-d6b41ee1-8c43-4996-862a-8d837923c82f - - - - -] Service bfac2de4-95d4-42a8-b318-ae58d504a0a6 is updated service_manage_report /usr/lib/python3/dist-packages/heat/engine/service.py:2370
2026-06-18 00:58:24.498 41471 DEBUG heat.engine.service [req-3852fd6e-f2ae-474f-843b-140098e158fa - - - - -] Service 50214dda-dc7e-4dd2-ac71-4b646dd3ca71 is updated service_manage_report /usr/lib/python3/dist-packages/heat/engine/service.py:2370
2026-06-18 00:58:24.539 41469 DEBUG heat.engine.service [req-d11b62c1-2e22-4664-9ffe-65056333dc6c - - - - -] Service 3a3ad30a-4d26-4281-8c74-6a0a0ccc88d7 is updated service_manage_report /usr/lib/python3/dist-packages/heat/engine/service.py:2370
2026-06-18 00:58:24.541 41472 DEBUG heat.engine.service [req-f890af9b-9909-4908-aa46-f90c466c696a - - - - -] Service 8c90e259-c524-4b82-a1c1-6e32bbde263b is updated service_manage_report /usr/lib/python3/dist-packages/heat/engine/service.py:2370
2026-06-18 00:58:24.589 41470 DEBUG heat.engine.service [req-5cc03afe-d687-433f-a8ae-b8330d9c7c80 - - - - -] Service bfac2de4-95d4-42a8-b318-ae58d504a0a6 is updated service_manage_report /usr/lib/python3/dist-packages/heat/engine/service.py:2370
2026-06-18 00:59:24.503 41471 DEBUG heat.engine.service [req-f7ddcad4-5809-4561-8337-c87293af9262 - - - - -] Service 50214dda-dc7e-4dd2-ac71-4b646dd3ca71 is updated service_manage_report /usr/lib/python3/dist-packages/heat/engine/service.py:2370
2026-06-18 00:59:24.542 41469 DEBUG heat.engine.service [req-5db589bc-3173-46d1-965e-1c40e8c8e69b - - - - -] Service 3a3ad30a-4d26-4281-8c74-6a0a0ccc88d7 is updated service_manage_report /usr/lib/python3/dist-packages/heat/engine/service.py:2370
2026-06-18 00:59:24.545 41472 DEBUG heat.engine.service [req-a6a4eb33-2b11-45e9-b7af-706393a13acb - - - - -] Service 8c90e259-c524-4b82-a1c1-6e32bbde263b is updated service_manage_report /usr/lib/python3/dist-packages/heat/engine/service.py:2370
2026-06-18 00:59:24.595 41470 DEBUG heat.engine.service [req-42c0bfe5-ef6e-4dc9-b4f3-bc4718c033d9 - - - - -] Service bfac2de4-95d4-42a8-b318-ae58d504a0a6 is updated service_manage_report /usr/lib/python3/dist-packages/heat/engine/service.py:2370
2026-06-18 01:00:24.508 41471 DEBUG heat.engine.service [req-db3c18f4-8cee-4f6c-aa4c-7571016009f8 - - - - -] Service 50214dda-dc7e-4dd2-ac71-4b646dd3ca71 is updated service_manage_report /usr/lib/python3/dist-packages/heat/engine/service.py:2370
2026-06-18 01:00:24.549 41469 DEBUG heat.engine.service [req-eabb83e4-a518-4c56-bf8b-765741fa4271 - - - - -] Service 3a3ad30a-4d26-4281-8c74-6a0a0ccc88d7 is updated service_manage_report /usr/lib/python3/dist-packages/heat/engine/service.py:2370
2026-06-18 01:00:24.553 41472 DEBUG heat.engine.service [req-2851f17f-69fd-40cb-8cd4-77e0d4d60244 - - - - -] Service 8c90e259-c524-4b82-a1c1-6e32bbde263b is updated service_manage_report /usr/lib/python3/dist-packages/heat/engine/service.py:2370
2026-06-18 01:00:24.592 41470 DEBUG heat.engine.service [req-cc183a3b-52d5-425f-b604-3e7830530fe1 - - - - -] Service bfac2de4-95d4-42a8-b318-ae58d504a0a6 is updated service_manage_report /usr/lib/python3/dist-packages/heat/engine/service.py:2370
2026-06-18 01:01:24.505 41471 DEBUG heat.engine.service [req-e1eba107-666c-4727-ad2e-5d3d0a3b1222 - - - - -] Service 50214dda-dc7e-4dd2-ac71-4b646dd3ca71 is updated service_manage_report /usr/lib/python3/dist-packages/heat/engine/service.py:2370
2026-06-18 01:01:24.546 41469 DEBUG heat.engine.service [req-7d61eea1-8ffb-4980-bb63-e6b2b2463566 - - - - -] Service 3a3ad30a-4d26-4281-8c74-6a0a0ccc88d7 is updated service_manage_report /usr/lib/python3/dist-packages/heat/engine/service.py:2370
2026-06-18 01:01:24.555 41472 DEBUG heat.engine.service [req-e460f77b-4bff-4f3f-9d50-235bd1b946c1 - - - - -] Service 8c90e259-c524-4b82-a1c1-6e32bbde263b is updated service_manage_report /usr/lib/python3/dist-packages/heat/engine/service.py:2370
2026-06-18 01:01:24.587 41470 DEBUG heat.engine.service [req-5df53322-854f-434b-b2a3-069f87bb26a7 - - - - -] Service bfac2de4-95d4-42a8-b318-ae58d504a0a6 is updated service_manage_report /usr/lib/python3/dist-packages/heat/engine/service.py:2370
2026-06-18 01:02:24.500 41471 DEBUG heat.engine.service [req-ee5e6557-480c-4163-a805-a8ce11d8ead5 - - - - -] Service 50214dda-dc7e-4dd2-ac71-4b646dd3ca71 is updated service_manage_report /usr/lib/python3/dist-packages/heat/engine/service.py:2370
2026-06-18 01:02:24.544 41469 DEBUG heat.engine.service [req-ba8f3e77-df8c-4ae3-b142-31993a026fed - - - - -] Service 3a3ad30a-4d26-4281-8c74-6a0a0ccc88d7 is updated service_manage_report /usr/lib/python3/dist-packages/heat/engine/service.py:2370
2026-06-18 01:02:24.547 41472 DEBUG heat.engine.service [req-74dd6030-6c82-4222-89c6-bce2144dc377 - - - - -] Service 8c90e259-c524-4b82-a1c1-6e32bbde263b is updated service_manage_report /usr/lib/python3/dist-packages/heat/engine/service.py:2370
2026-06-18 01:02:24.587 41470 DEBUG heat.engine.service [req-2d621da3-d5e7-43a5-b102-024fc2eff76d - - - - -] Service bfac2de4-95d4-42a8-b318-ae58d504a0a6 is updated service_manage_report /usr/lib/python3/dist-packages/heat/engine/service.py:2370
2026-06-18 01:03:24.504 41471 DEBUG heat.engine.service [req-a6c93ce9-16d3-475e-90fe-6344ebc15bc4 - - - - -] Service 50214dda-dc7e-4dd2-ac71-4b646dd3ca71 is updated service_manage_report /usr/lib/python3/dist-packages/heat/engine/service.py:2370
2026-06-18 01:03:24.537 41469 DEBUG heat.engine.service [req-c4caf858-f224-4e1e-8c82-af4b262c4304 - - - - -] Service 3a3ad30a-4d26-4281-8c74-6a0a0ccc88d7 is updated service_manage_report /usr/lib/python3/dist-packages/heat/engine/service.py:2370
2026-06-18 01:03:24.549 41472 DEBUG heat.engine.service [req-b9dc527f-2514-404c-a75d-e0912fe2f521 - - - - -] Service 8c90e259-c524-4b82-a1c1-6e32bbde263b is updated service_manage_report /usr/lib/python3/dist-packages/heat/engine/service.py:2370
2026-06-18 01:03:24.582 41470 DEBUG heat.engine.service [req-b6764604-c731-470e-8083-fe713a73a893 - - - - -] Service bfac2de4-95d4-42a8-b318-ae58d504a0a6 is updated service_manage_report /usr/lib/python3/dist-packages/heat/engine/service.py:2370
2026-06-18 01:04:24.508 41471 DEBUG heat.engine.service [req-6d50faf1-c9ac-42e4-8a49-923172b6142d - - - - -] Service 50214dda-dc7e-4dd2-ac71-4b646dd3ca71 is updated service_manage_report /usr/lib/python3/dist-packages/heat/engine/service.py:2370
2026-06-18 01:04:24.539 41469 DEBUG heat.engine.service [req-0fccc5e1-63bd-4ad2-9d1f-1fb304d83ef6 - - - - -] Service 3a3ad30a-4d26-4281-8c74-6a0a0ccc88d7 is updated service_manage_report /usr/lib/python3/dist-packages/heat/engine/service.py:2370
2026-06-18 01:04:24.552 41472 DEBUG heat.engine.service [req-4fcdf29c-425b-4016-9cc0-9c5847fd26a2 - - - - -] Service 8c90e259-c524-4b82-a1c1-6e32bbde263b is updated service_manage_report /usr/lib/python3/dist-packages/heat/engine/service.py:2370
2026-06-18 01:04:24.586 41470 DEBUG heat.engine.service [req-d7d75f38-b7ad-43a8-9236-3dd61e271f75 - - - - -] Service bfac2de4-95d4-42a8-b318-ae58d504a0a6 is updated service_manage_report /usr/lib/python3/dist-packages/heat/engine/service.py:2370
2026-06-18 01:05:24.512 41471 DEBUG heat.engine.service [req-196b6142-8d54-450d-99ac-a9e43eb96aad - - - - -] Service 50214dda-dc7e-4dd2-ac71-4b646dd3ca71 is updated service_manage_report /usr/lib/python3/dist-packages/heat/engine/service.py:2370
2026-06-18 01:05:24.546 41469 DEBUG heat.engine.service [req-6dcd7363-3ef2-4131-ab48-e273c02cc41b - - - - -] Service 3a3ad30a-4d26-4281-8c74-6a0a0ccc88d7 is updated service_manage_report /usr/lib/python3/dist-packages/heat/engine/service.py:2370
2026-06-18 01:05:24.555 41472 DEBUG heat.engine.service [req-9af667d0-3c54-4296-a81a-1d9454f145da - - - - -] Service 8c90e259-c524-4b82-a1c1-6e32bbde263b is updated service_manage_report /usr/lib/python3/dist-packages/heat/engine/service.py:2370
2026-06-18 01:05:24.590 41470 DEBUG heat.engine.service [req-457e0054-9e01-4519-977c-b5e6736c1297 - - - - -] Service bfac2de4-95d4-42a8-b318-ae58d504a0a6 is updated service_manage_report /usr/lib/python3/dist-packages/heat/engine/service.py:2370
2026-06-18 01:06:24.514 41471 DEBUG heat.engine.service [req-418fa7ca-f562-4cfb-b568-dba1a205a52a - - - - -] Service 50214dda-dc7e-4dd2-ac71-4b646dd3ca71 is updated service_manage_report /usr/lib/python3/dist-packages/heat/engine/service.py:2370
2026-06-18 01:06:24.538 41469 DEBUG heat.engine.service [req-36e947b3-821f-4b03-8eb4-cfe8ceca8014 - - - - -] Service 3a3ad30a-4d26-4281-8c74-6a0a0ccc88d7 is updated service_manage_report /usr/lib/python3/dist-packages/heat/engine/service.py:2370
2026-06-18 01:06:24.558 41472 DEBUG heat.engine.service [req-c08a4ec7-51b7-4712-a138-0c726e325e26 - - - - -] Service 8c90e259-c524-4b82-a1c1-6e32bbde263b is updated service_manage_report /usr/lib/python3/dist-packages/heat/engine/service.py:2370
2026-06-18 01:06:24.593 41470 DEBUG heat.engine.service [req-df028896-f66d-4d79-972b-866aeec2abcf - - - - -] Service bfac2de4-95d4-42a8-b318-ae58d504a0a6 is updated service_manage_report /usr/lib/python3/dist-packages/heat/engine/service.py:2370
2026-06-18 01:07:24.520 41471 DEBUG heat.engine.service [req-20c34e1c-7483-47ee-9636-3daa5135348a - - - - -] Service 50214dda-dc7e-4dd2-ac71-4b646dd3ca71 is updated service_manage_report /usr/lib/python3/dist-packages/heat/engine/service.py:2370
2026-06-18 01:07:24.546 41469 DEBUG heat.engine.service [req-a4c4784d-dbb4-4e83-89c3-4a5c6324a47d - - - - -] Service 3a3ad30a-4d26-4281-8c74-6a0a0ccc88d7 is updated service_manage_report /usr/lib/python3/dist-packages/heat/engine/service.py:2370
2026-06-18 01:07:24.562 41472 DEBUG heat.engine.service [req-38bcea65-af2f-4c29-88e5-35eb9e0c6075 - - - - -] Service 8c90e259-c524-4b82-a1c1-6e32bbde263b is updated service_manage_report /usr/lib/python3/dist-packages/heat/engine/service.py:2370
2026-06-18 01:07:24.599 41470 DEBUG heat.engine.service [req-a7e0858b-c409-41e0-8c81-f2e3da998284 - - - - -] Service bfac2de4-95d4-42a8-b318-ae58d504a0a6 is updated service_manage_report /usr/lib/python3/dist-packages/heat/engine/service.py:2370
2026-06-18 01:08:24.513 41471 DEBUG heat.engine.service [req-a3da8c88-10b7-46f4-ad9a-afe682b06779 - - - - -] Service 50214dda-dc7e-4dd2-ac71-4b646dd3ca71 is updated service_manage_report /usr/lib/python3/dist-packages/heat/engine/service.py:2370
2026-06-18 01:08:24.541 41469 DEBUG heat.engine.service [req-fc0cc27f-387f-4a9d-8330-6857cfea9ff3 - - - - -] Service 3a3ad30a-4d26-4281-8c74-6a0a0ccc88d7 is updated service_manage_report /usr/lib/python3/dist-packages/heat/engine/service.py:2370
2026-06-18 01:08:24.566 41472 DEBUG heat.engine.service [req-5e902517-c5d5-417a-bc0c-3cfbb6cb4601 - - - - -] Service 8c90e259-c524-4b82-a1c1-6e32bbde263b is updated service_manage_report /usr/lib/python3/dist-packages/heat/engine/service.py:2370
2026-06-18 01:08:24.593 41470 DEBUG heat.engine.service [req-b6d438c0-4203-4d64-afb5-2edba02f380c - - - - -] Service bfac2de4-95d4-42a8-b318-ae58d504a0a6 is updated service_manage_report /usr/lib/python3/dist-packages/heat/engine/service.py:2370
2026-06-18 01:09:24.518 41471 DEBUG heat.engine.service [req-4f39984b-b3f9-48bd-b61a-36e8e48e4fce - - - - -] Service 50214dda-dc7e-4dd2-ac71-4b646dd3ca71 is updated service_manage_report /usr/lib/python3/dist-packages/heat/engine/service.py:2370
2026-06-18 01:09:24.544 41469 DEBUG heat.engine.service [req-ab93ce4e-934e-4196-922d-c246e0546961 - - - - -] Service 3a3ad30a-4d26-4281-8c74-6a0a0ccc88d7 is updated service_manage_report /usr/lib/python3/dist-packages/heat/engine/service.py:2370
2026-06-18 01:09:24.574 41472 DEBUG heat.engine.service [req-b6e84734-574e-4a12-a167-a3f899f8033f - - - - -] Service 8c90e259-c524-4b82-a1c1-6e32bbde263b is updated service_manage_report /usr/lib/python3/dist-packages/heat/engine/service.py:2370
2026-06-18 01:09:24.596 41470 DEBUG heat.engine.service [req-e42782b7-b924-4506-9bdf-b7c1666c043c - - - - -] Service bfac2de4-95d4-42a8-b318-ae58d504a0a6 is updated service_manage_report /usr/lib/python3/dist-packages/heat/engine/service.py:2370
2026-06-18 01:10:24.522 41471 DEBUG heat.engine.service [req-e382f9f6-46f3-468d-969b-9311b6826394 - - - - -] Service 50214dda-dc7e-4dd2-ac71-4b646dd3ca71 is updated service_manage_report /usr/lib/python3/dist-packages/heat/engine/service.py:2370
2026-06-18 01:10:24.547 41469 DEBUG heat.engine.service [req-7829697c-4563-4a0b-a111-abab311db465 - - - - -] Service 3a3ad30a-4d26-4281-8c74-6a0a0ccc88d7 is updated service_manage_report /usr/lib/python3/dist-packages/heat/engine/service.py:2370
2026-06-18 01:10:24.570 41472 DEBUG heat.engine.service [req-5d08e6ef-a524-4535-8bf4-9134cd2b8d93 - - - - -] Service 8c90e259-c524-4b82-a1c1-6e32bbde263b is updated service_manage_report /usr/lib/python3/dist-packages/heat/engine/service.py:2370
2026-06-18 01:10:24.599 41470 DEBUG heat.engine.service [req-c28289ef-f2b8-4e7d-aaf2-75867fb28e08 - - - - -] Service bfac2de4-95d4-42a8-b318-ae58d504a0a6 is updated service_manage_report /usr/lib/python3/dist-packages/heat/engine/service.py:2370
2026-06-18 01:11:24.526 41471 DEBUG heat.engine.service [req-2eaf60bf-35ab-49e3-a0d3-8d580be6b0c3 - - - - -] Service 50214dda-dc7e-4dd2-ac71-4b646dd3ca71 is updated service_manage_report /usr/lib/python3/dist-packages/heat/engine/service.py:2370
2026-06-18 01:11:24.550 41469 DEBUG heat.engine.service [req-544483d6-04ed-4b84-a0f5-a6018f657a88 - - - - -] Service 3a3ad30a-4d26-4281-8c74-6a0a0ccc88d7 is updated service_manage_report /usr/lib/python3/dist-packages/heat/engine/service.py:2370
2026-06-18 01:11:24.564 41472 DEBUG heat.engine.service [req-77d06da7-70ab-43a5-9cd0-40f54798fd88 - - - - -] Service 8c90e259-c524-4b82-a1c1-6e32bbde263b is updated service_manage_report /usr/lib/python3/dist-packages/heat/engine/service.py:2370
2026-06-18 01:11:24.605 41470 DEBUG heat.engine.service [req-bd7b2d3a-dbd6-4130-9ac3-a68a7f4cdd7c - - - - -] Service bfac2de4-95d4-42a8-b318-ae58d504a0a6 is updated service_manage_report /usr/lib/python3/dist-packages/heat/engine/service.py:2370
2026-06-18 01:12:24.531 41471 DEBUG heat.engine.service [req-ce8e4691-dd1e-41cb-842b-b30189655e97 - - - - -] Service 50214dda-dc7e-4dd2-ac71-4b646dd3ca71 is updated service_manage_report /usr/lib/python3/dist-packages/heat/engine/service.py:2370
2026-06-18 01:12:24.553 41469 DEBUG heat.engine.service [req-a1af86bc-8b07-412b-a500-7d7711b5d180 - - - - -] Service 3a3ad30a-4d26-4281-8c74-6a0a0ccc88d7 is updated service_manage_report /usr/lib/python3/dist-packages/heat/engine/service.py:2370
2026-06-18 01:12:24.569 41472 DEBUG heat.engine.service [req-76fd7e03-be8d-4643-ad48-d31a4122bdce - - - - -] Service 8c90e259-c524-4b82-a1c1-6e32bbde263b is updated service_manage_report /usr/lib/python3/dist-packages/heat/engine/service.py:2370
2026-06-18 01:12:24.609 41470 DEBUG heat.engine.service [req-591b4248-ba59-47b9-b819-35cf987d373d - - - - -] Service bfac2de4-95d4-42a8-b318-ae58d504a0a6 is updated service_manage_report /usr/lib/python3/dist-packages/heat/engine/service.py:2370
2026-06-18 01:13:24.534 41471 DEBUG heat.engine.service [req-be9caadb-9ae4-4ee2-9a60-8e1777aa3993 - - - - -] Service 50214dda-dc7e-4dd2-ac71-4b646dd3ca71 is updated service_manage_report /usr/lib/python3/dist-packages/heat/engine/service.py:2370
2026-06-18 01:13:24.555 41469 DEBUG heat.engine.service [req-40dd9755-1122-4f17-b76c-77a770435146 - - - - -] Service 3a3ad30a-4d26-4281-8c74-6a0a0ccc88d7 is updated service_manage_report /usr/lib/python3/dist-packages/heat/engine/service.py:2370
2026-06-18 01:13:24.571 41472 DEBUG heat.engine.service [req-bdc62067-5c81-489c-b929-d68543d53bc3 - - - - -] Service 8c90e259-c524-4b82-a1c1-6e32bbde263b is updated service_manage_report /usr/lib/python3/dist-packages/heat/engine/service.py:2370
2026-06-18 01:13:24.612 41470 DEBUG heat.engine.service [req-818327b4-3652-4e2a-9c2b-ac1b7a853b4a - - - - -] Service bfac2de4-95d4-42a8-b318-ae58d504a0a6 is updated service_manage_report /usr/lib/python3/dist-packages/heat/engine/service.py:2370
2026-06-18 01:14:24.556 41471 DEBUG heat.engine.service [req-cbdb903d-80db-4ae6-b3ff-78798ed5ccd1 - - - - -] Service 50214dda-dc7e-4dd2-ac71-4b646dd3ca71 is updated service_manage_report /usr/lib/python3/dist-packages/heat/engine/service.py:2370
2026-06-18 01:14:24.572 41469 DEBUG heat.engine.service [req-1631afe8-1e90-4dba-9828-728844553e3a - - - - -] Service 3a3ad30a-4d26-4281-8c74-6a0a0ccc88d7 is updated service_manage_report /usr/lib/python3/dist-packages/heat/engine/service.py:2370
2026-06-18 01:14:24.580 41472 DEBUG heat.engine.service [req-04166e49-9572-46be-b551-61f413f953ca - - - - -] Service 8c90e259-c524-4b82-a1c1-6e32bbde263b is updated service_manage_report /usr/lib/python3/dist-packages/heat/engine/service.py:2370
2026-06-18 01:14:24.617 41470 DEBUG heat.engine.service [req-8f5ea148-1a50-4262-972f-a8629db4ae80 - - - - -] Service bfac2de4-95d4-42a8-b318-ae58d504a0a6 is updated service_manage_report /usr/lib/python3/dist-packages/heat/engine/service.py:2370
2026-06-18 01:15:24.543 41471 DEBUG heat.engine.service [req-cfbc8f0d-2c4c-487d-a1cc-a04033ba7ac0 - - - - -] Service 50214dda-dc7e-4dd2-ac71-4b646dd3ca71 is updated service_manage_report /usr/lib/python3/dist-packages/heat/engine/service.py:2370
2026-06-18 01:15:24.559 41469 DEBUG heat.engine.service [req-f8083479-e5ee-49a5-b64d-85b079bc733e - - - - -] Service 3a3ad30a-4d26-4281-8c74-6a0a0ccc88d7 is updated service_manage_report /usr/lib/python3/dist-packages/heat/engine/service.py:2370
2026-06-18 01:15:24.576 41472 DEBUG heat.engine.service [req-b1a8edcd-39f7-401e-ac32-b15b81c3ca56 - - - - -] Service 8c90e259-c524-4b82-a1c1-6e32bbde263b is updated service_manage_report /usr/lib/python3/dist-packages/heat/engine/service.py:2370
2026-06-18 01:15:24.621 41470 DEBUG heat.engine.service [req-065389fa-1ca4-4ae4-9084-ac085db0514e - - - - -] Service bfac2de4-95d4-42a8-b318-ae58d504a0a6 is updated service_manage_report /usr/lib/python3/dist-packages/heat/engine/service.py:2370
2026-06-18 01:16:24.537 41471 DEBUG heat.engine.service [req-1fe731ca-18b8-4800-86a9-eaf08ffc8b70 - - - - -] Service 50214dda-dc7e-4dd2-ac71-4b646dd3ca71 is updated service_manage_report /usr/lib/python3/dist-packages/heat/engine/service.py:2370
2026-06-18 01:16:24.552 41469 DEBUG heat.engine.service [req-135240e0-8fc6-4803-af69-74f281c6439c - - - - -] Service 3a3ad30a-4d26-4281-8c74-6a0a0ccc88d7 is updated service_manage_report /usr/lib/python3/dist-packages/heat/engine/service.py:2370
2026-06-18 01:16:24.579 41472 DEBUG heat.engine.service [req-1b122c6e-7c09-4e4f-9096-bda7aaad13ff - - - - -] Service 8c90e259-c524-4b82-a1c1-6e32bbde263b is updated service_manage_report /usr/lib/python3/dist-packages/heat/engine/service.py:2370
2026-06-18 01:16:24.625 41470 DEBUG heat.engine.service [req-2ed1f7d4-c111-4f0e-960f-b32e60569880 - - - - -] Service bfac2de4-95d4-42a8-b318-ae58d504a0a6 is updated service_manage_report /usr/lib/python3/dist-packages/heat/engine/service.py:2370
2026-06-18 01:17:24.541 41471 DEBUG heat.engine.service [req-5d709fa5-1dd5-4736-a9a4-58682093f69d - - - - -] Service 50214dda-dc7e-4dd2-ac71-4b646dd3ca71 is updated service_manage_report /usr/lib/python3/dist-packages/heat/engine/service.py:2370
2026-06-18 01:17:24.556 41469 DEBUG heat.engine.service [req-fced6bdf-54ab-45aa-9d7b-bb21fdaf73a8 - - - - -] Service 3a3ad30a-4d26-4281-8c74-6a0a0ccc88d7 is updated service_manage_report /usr/lib/python3/dist-packages/heat/engine/service.py:2370
2026-06-18 01:17:24.587 41472 DEBUG heat.engine.service [req-30985381-f763-4ef2-9513-1bbdfd9cad4a - - - - -] Service 8c90e259-c524-4b82-a1c1-6e32bbde263b is updated service_manage_report /usr/lib/python3/dist-packages/heat/engine/service.py:2370
2026-06-18 01:17:24.632 41470 DEBUG heat.engine.service [req-11d2b5a8-e1bc-42cd-8a4d-ebd179c747bf - - - - -] Service bfac2de4-95d4-42a8-b318-ae58d504a0a6 is updated service_manage_report /usr/lib/python3/dist-packages/heat/engine/service.py:2370
2026-06-18 01:18:24.544 41471 DEBUG heat.engine.service [req-580ead39-f97a-4451-bc9f-f3912b65880d - - - - -] Service 50214dda-dc7e-4dd2-ac71-4b646dd3ca71 is updated service_manage_report /usr/lib/python3/dist-packages/heat/engine/service.py:2370
2026-06-18 01:18:24.560 41469 DEBUG heat.engine.service [req-7fef5bfc-d8a0-4001-9156-c61acc62f4ce - - - - -] Service 3a3ad30a-4d26-4281-8c74-6a0a0ccc88d7 is updated service_manage_report /usr/lib/python3/dist-packages/heat/engine/service.py:2370
2026-06-18 01:18:24.581 41472 DEBUG heat.engine.service [req-04e76f40-0930-4852-b323-cb49b6657028 - - - - -] Service 8c90e259-c524-4b82-a1c1-6e32bbde263b is updated service_manage_report /usr/lib/python3/dist-packages/heat/engine/service.py:2370
2026-06-18 01:18:24.626 41470 DEBUG heat.engine.service [req-f23eac79-7e19-42e0-8db6-2681358fc4d9 - - - - -] Service bfac2de4-95d4-42a8-b318-ae58d504a0a6 is updated service_manage_report /usr/lib/python3/dist-packages/heat/engine/service.py:2370
2026-06-18 01:19:24.549 41471 DEBUG heat.engine.service [req-84c0bbcf-dcd1-4a6d-987c-8ad13747986b - - - - -] Service 50214dda-dc7e-4dd2-ac71-4b646dd3ca71 is updated service_manage_report /usr/lib/python3/dist-packages/heat/engine/service.py:2370
2026-06-18 01:19:24.563 41469 DEBUG heat.engine.service [req-e3f18626-73ed-4bda-89c3-473733c9b041 - - - - -] Service 3a3ad30a-4d26-4281-8c74-6a0a0ccc88d7 is updated service_manage_report /usr/lib/python3/dist-packages/heat/engine/service.py:2370
2026-06-18 01:19:24.585 41472 DEBUG heat.engine.service [req-e6e56e65-303d-444a-aa9e-08b4bcdb8873 - - - - -] Service 8c90e259-c524-4b82-a1c1-6e32bbde263b is updated service_manage_report /usr/lib/python3/dist-packages/heat/engine/service.py:2370
2026-06-18 01:19:24.632 41470 DEBUG heat.engine.service [req-9aa7005d-27df-4695-9964-1b887816c64a - - - - -] Service bfac2de4-95d4-42a8-b318-ae58d504a0a6 is updated service_manage_report /usr/lib/python3/dist-packages/heat/engine/service.py:2370
2026-06-18 01:20:24.555 41471 DEBUG heat.engine.service [req-5aec3916-63ea-4ece-89d3-a0e34d6cf42d - - - - -] Service 50214dda-dc7e-4dd2-ac71-4b646dd3ca71 is updated service_manage_report /usr/lib/python3/dist-packages/heat/engine/service.py:2370
2026-06-18 01:20:24.566 41469 DEBUG heat.engine.service [req-c31c6aa2-6569-4981-911b-5271357164c5 - - - - -] Service 3a3ad30a-4d26-4281-8c74-6a0a0ccc88d7 is updated service_manage_report /usr/lib/python3/dist-packages/heat/engine/service.py:2370
2026-06-18 01:20:24.588 41472 DEBUG heat.engine.service [req-29de15f5-8a3e-405f-afa4-c7eb3e6a391a - - - - -] Service 8c90e259-c524-4b82-a1c1-6e32bbde263b is updated service_manage_report /usr/lib/python3/dist-packages/heat/engine/service.py:2370
2026-06-18 01:20:24.628 41470 DEBUG heat.engine.service [req-a19ce88f-d76c-42cb-8c39-685e3fad2fa6 - - - - -] Service bfac2de4-95d4-42a8-b318-ae58d504a0a6 is updated service_manage_report /usr/lib/python3/dist-packages/heat/engine/service.py:2370
2026-06-18 01:21:24.559 41471 DEBUG heat.engine.service [req-46f836b9-bbc3-4098-a4ec-877b87ecbbfd - - - - -] Service 50214dda-dc7e-4dd2-ac71-4b646dd3ca71 is updated service_manage_report /usr/lib/python3/dist-packages/heat/engine/service.py:2370
2026-06-18 01:21:24.572 41469 DEBUG heat.engine.service [req-abd43216-557c-483f-85a1-ca91f4e0c52a - - - - -] Service 3a3ad30a-4d26-4281-8c74-6a0a0ccc88d7 is updated service_manage_report /usr/lib/python3/dist-packages/heat/engine/service.py:2370
2026-06-18 01:21:24.591 41472 DEBUG heat.engine.service [req-00294b01-ad28-4a48-93a6-29c014bf83a0 - - - - -] Service 8c90e259-c524-4b82-a1c1-6e32bbde263b is updated service_manage_report /usr/lib/python3/dist-packages/heat/engine/service.py:2370
2026-06-18 01:21:24.621 41470 DEBUG heat.engine.service [req-964b1696-aaad-4db1-8a1f-009f1c58bc5b - - - - -] Service bfac2de4-95d4-42a8-b318-ae58d504a0a6 is updated service_manage_report /usr/lib/python3/dist-packages/heat/engine/service.py:2370
2026-06-18 01:22:24.562 41471 DEBUG heat.engine.service [req-e3a79e26-38f5-4bf6-9ac3-028fa644ce75 - - - - -] Service 50214dda-dc7e-4dd2-ac71-4b646dd3ca71 is updated service_manage_report /usr/lib/python3/dist-packages/heat/engine/service.py:2370
2026-06-18 01:22:24.574 41469 DEBUG heat.engine.service [req-04443dd8-ebc1-46b0-9085-45e6b791c315 - - - - -] Service 3a3ad30a-4d26-4281-8c74-6a0a0ccc88d7 is updated service_manage_report /usr/lib/python3/dist-packages/heat/engine/service.py:2370
2026-06-18 01:22:24.597 41472 DEBUG heat.engine.service [req-c672d620-00e4-4b72-a653-7cb20322991f - - - - -] Service 8c90e259-c524-4b82-a1c1-6e32bbde263b is updated service_manage_report /usr/lib/python3/dist-packages/heat/engine/service.py:2370
2026-06-18 01:22:24.624 41470 DEBUG heat.engine.service [req-e78f0801-5451-41b4-8750-cb969bbfe231 - - - - -] Service bfac2de4-95d4-42a8-b318-ae58d504a0a6 is updated service_manage_report /usr/lib/python3/dist-packages/heat/engine/service.py:2370
2026-06-18 01:23:24.566 41471 DEBUG heat.engine.service [req-9ede3c6d-f9d7-4926-a216-a5df77a9273a - - - - -] Service 50214dda-dc7e-4dd2-ac71-4b646dd3ca71 is updated service_manage_report /usr/lib/python3/dist-packages/heat/engine/service.py:2370
2026-06-18 01:23:24.577 41469 DEBUG heat.engine.service [req-0e62ae54-8279-4942-bf40-91c6d854b5ba - - - - -] Service 3a3ad30a-4d26-4281-8c74-6a0a0ccc88d7 is updated service_manage_report /usr/lib/python3/dist-packages/heat/engine/service.py:2370
2026-06-18 01:23:24.609 41472 DEBUG heat.engine.service [req-2ea77f28-fa5b-4876-9df1-8f320a6ccb87 - - - - -] Service 8c90e259-c524-4b82-a1c1-6e32bbde263b is updated service_manage_report /usr/lib/python3/dist-packages/heat/engine/service.py:2370
2026-06-18 01:23:24.628 41470 DEBUG heat.engine.service [req-2893d3ef-b5b6-45ce-8e33-ab1cac77c451 - - - - -] Service bfac2de4-95d4-42a8-b318-ae58d504a0a6 is updated service_manage_report /usr/lib/python3/dist-packages/heat/engine/service.py:2370
2026-06-18 01:24:24.573 41471 DEBUG heat.engine.service [req-3931d94e-cc3f-4627-90ca-e65bee32d2aa - - - - -] Service 50214dda-dc7e-4dd2-ac71-4b646dd3ca71 is updated service_manage_report /usr/lib/python3/dist-packages/heat/engine/service.py:2370
2026-06-18 01:24:24.581 41469 DEBUG heat.engine.service [req-fa2a4fab-8486-43d3-824a-4db041e68057 - - - - -] Service 3a3ad30a-4d26-4281-8c74-6a0a0ccc88d7 is updated service_manage_report /usr/lib/python3/dist-packages/heat/engine/service.py:2370
2026-06-18 01:24:24.602 41472 DEBUG heat.engine.service [req-80a2ddf8-65ce-4ba7-91e6-86e08040c6f4 - - - - -] Service 8c90e259-c524-4b82-a1c1-6e32bbde263b is updated service_manage_report /usr/lib/python3/dist-packages/heat/engine/service.py:2370
2026-06-18 01:24:24.630 41470 DEBUG heat.engine.service [req-8afa9204-41c7-4228-a849-1a0f56d81370 - - - - -] Service bfac2de4-95d4-42a8-b318-ae58d504a0a6 is updated service_manage_report /usr/lib/python3/dist-packages/heat/engine/service.py:2370
2026-06-18 01:25:24.567 41471 DEBUG heat.engine.service [req-5a87e928-5890-4e37-9393-f530b30d42ec - - - - -] Service 50214dda-dc7e-4dd2-ac71-4b646dd3ca71 is updated service_manage_report /usr/lib/python3/dist-packages/heat/engine/service.py:2370
2026-06-18 01:25:24.584 41469 DEBUG heat.engine.service [req-5ca73be2-9613-4d67-b21a-9e7bfcc384c5 - - - - -] Service 3a3ad30a-4d26-4281-8c74-6a0a0ccc88d7 is updated service_manage_report /usr/lib/python3/dist-packages/heat/engine/service.py:2370
2026-06-18 01:25:24.604 41472 DEBUG heat.engine.service [req-c11fdd19-4e6b-42c9-8a76-3372a2002d5d - - - - -] Service 8c90e259-c524-4b82-a1c1-6e32bbde263b is updated service_manage_report /usr/lib/python3/dist-packages/heat/engine/service.py:2370
2026-06-18 01:25:24.634 41470 DEBUG heat.engine.service [req-0deb4b64-f182-4bac-8d93-888c21e02c09 - - - - -] Service bfac2de4-95d4-42a8-b318-ae58d504a0a6 is updated service_manage_report /usr/lib/python3/dist-packages/heat/engine/service.py:2370
2026-06-18 01:26:24.571 41471 DEBUG heat.engine.service [req-e072d887-a7c1-4727-a0a4-0ab9514310cc - - - - -] Service 50214dda-dc7e-4dd2-ac71-4b646dd3ca71 is updated service_manage_report /usr/lib/python3/dist-packages/heat/engine/service.py:2370
2026-06-18 01:26:24.587 41469 DEBUG heat.engine.service [req-7aadd64d-79d4-4178-ae8a-64df736ff086 - - - - -] Service 3a3ad30a-4d26-4281-8c74-6a0a0ccc88d7 is updated service_manage_report /usr/lib/python3/dist-packages/heat/engine/service.py:2370
2026-06-18 01:26:24.607 41472 DEBUG heat.engine.service [req-058770de-2aa6-4af1-806b-9347301cce86 - - - - -] Service 8c90e259-c524-4b82-a1c1-6e32bbde263b is updated service_manage_report /usr/lib/python3/dist-packages/heat/engine/service.py:2370
2026-06-18 01:26:24.638 41470 DEBUG heat.engine.service [req-6328ca3c-0a30-4ad7-b466-467521f0cf9a - - - - -] Service bfac2de4-95d4-42a8-b318-ae58d504a0a6 is updated service_manage_report /usr/lib/python3/dist-packages/heat/engine/service.py:2370
2026-06-18 01:27:24.580 41471 DEBUG heat.engine.service [req-b8ef917a-be79-44d8-9c6a-37daaaceb1c6 - - - - -] Service 50214dda-dc7e-4dd2-ac71-4b646dd3ca71 is updated service_manage_report /usr/lib/python3/dist-packages/heat/engine/service.py:2370
2026-06-18 01:27:24.590 41469 DEBUG heat.engine.service [req-a77d7718-e116-4cae-8d41-d128da182968 - - - - -] Service 3a3ad30a-4d26-4281-8c74-6a0a0ccc88d7 is updated service_manage_report /usr/lib/python3/dist-packages/heat/engine/service.py:2370
2026-06-18 01:27:24.611 41472 DEBUG heat.engine.service [req-db9e0f4b-a76d-4b64-bc89-8f738c2cbc4a - - - - -] Service 8c90e259-c524-4b82-a1c1-6e32bbde263b is updated service_manage_report /usr/lib/python3/dist-packages/heat/engine/service.py:2370
2026-06-18 01:27:24.641 41470 DEBUG heat.engine.service [req-bdf93ceb-59f4-4ed7-9b9d-4b02468b1339 - - - - -] Service bfac2de4-95d4-42a8-b318-ae58d504a0a6 is updated service_manage_report /usr/lib/python3/dist-packages/heat/engine/service.py:2370
2026-06-18 01:28:24.573 41471 DEBUG heat.engine.service [req-c0ab50d7-e0e5-4042-aad5-c810119498a8 - - - - -] Service 50214dda-dc7e-4dd2-ac71-4b646dd3ca71 is updated service_manage_report /usr/lib/python3/dist-packages/heat/engine/service.py:2370
2026-06-18 01:28:24.593 41469 DEBUG heat.engine.service [req-51a5f80b-0018-47f9-80e7-42aea3cfccbe - - - - -] Service 3a3ad30a-4d26-4281-8c74-6a0a0ccc88d7 is updated service_manage_report /usr/lib/python3/dist-packages/heat/engine/service.py:2370
2026-06-18 01:28:24.613 41472 DEBUG heat.engine.service [req-9b539cff-d059-43d4-9b9b-48c949d5daa8 - - - - -] Service 8c90e259-c524-4b82-a1c1-6e32bbde263b is updated service_manage_report /usr/lib/python3/dist-packages/heat/engine/service.py:2370
2026-06-18 01:28:24.644 41470 DEBUG heat.engine.service [req-84c01247-e6ab-4a20-a39d-c5009068e1f9 - - - - -] Service bfac2de4-95d4-42a8-b318-ae58d504a0a6 is updated service_manage_report /usr/lib/python3/dist-packages/heat/engine/service.py:2370
2026-06-18 01:29:24.576 41471 DEBUG heat.engine.service [req-8b357ede-6302-4d81-937f-eca37a94857b - - - - -] Service 50214dda-dc7e-4dd2-ac71-4b646dd3ca71 is updated service_manage_report /usr/lib/python3/dist-packages/heat/engine/service.py:2370
2026-06-18 01:29:24.595 41469 DEBUG heat.engine.service [req-9009b814-d122-4ae9-8265-fb80eb4091d1 - - - - -] Service 3a3ad30a-4d26-4281-8c74-6a0a0ccc88d7 is updated service_manage_report /usr/lib/python3/dist-packages/heat/engine/service.py:2370
2026-06-18 01:29:24.617 41472 DEBUG heat.engine.service [req-b6818606-d3a5-4c87-a97e-b159abb9b827 - - - - -] Service 8c90e259-c524-4b82-a1c1-6e32bbde263b is updated service_manage_report /usr/lib/python3/dist-packages/heat/engine/service.py:2370
2026-06-18 01:29:24.647 41470 DEBUG heat.engine.service [req-d92df22e-c69c-4a25-9a1b-03c1a0410ddf - - - - -] Service bfac2de4-95d4-42a8-b318-ae58d504a0a6 is updated service_manage_report /usr/lib/python3/dist-packages/heat/engine/service.py:2370
2026-06-18 01:30:24.593 41471 DEBUG heat.engine.service [req-1e47af6c-5019-4849-8380-7a677e3af68f - - - - -] Service 50214dda-dc7e-4dd2-ac71-4b646dd3ca71 is updated service_manage_report /usr/lib/python3/dist-packages/heat/engine/service.py:2370
2026-06-18 01:30:24.614 41469 DEBUG heat.engine.service [req-e946e969-83ac-439a-8db2-3309115f4c07 - - - - -] Service 3a3ad30a-4d26-4281-8c74-6a0a0ccc88d7 is updated service_manage_report /usr/lib/python3/dist-packages/heat/engine/service.py:2370
2026-06-18 01:30:24.634 41472 DEBUG heat.engine.service [req-3c9ffe2f-d118-4c2e-937d-d5bd55ef59b4 - - - - -] Service 8c90e259-c524-4b82-a1c1-6e32bbde263b is updated service_manage_report /usr/lib/python3/dist-packages/heat/engine/service.py:2370
2026-06-18 01:30:24.662 41470 DEBUG heat.engine.service [req-192115c4-df58-4faf-bd5b-e301350c2266 - - - - -] Service bfac2de4-95d4-42a8-b318-ae58d504a0a6 is updated service_manage_report /usr/lib/python3/dist-packages/heat/engine/service.py:2370
2026-06-18 01:31:03.382 41469 DEBUG heat.engine.service [-] Attempting to stop engine service... _stop_rpc_server /usr/lib/python3/dist-packages/heat/engine/service.py:437
2026-06-18 01:31:03.383 41470 DEBUG heat.engine.service [-] Attempting to stop engine service... _stop_rpc_server /usr/lib/python3/dist-packages/heat/engine/service.py:437
2026-06-18 01:31:03.384 41471 DEBUG heat.engine.service [-] Attempting to stop engine service... _stop_rpc_server /usr/lib/python3/dist-packages/heat/engine/service.py:437
2026-06-18 01:31:03.384 41472 DEBUG heat.engine.service [-] Attempting to stop engine service... _stop_rpc_server /usr/lib/python3/dist-packages/heat/engine/service.py:437
2026-06-18 01:31:03.390 41254 INFO oslo_service.service [-] Caught SIGTERM, stopping children
2026-06-18 01:31:03.391 41254 DEBUG oslo_concurrency.lockutils [-] Acquired lock "singleton_lock" lock /usr/lib/python3/dist-packages/oslo_concurrency/lockutils.py:294
2026-06-18 01:31:03.391 41254 DEBUG oslo_concurrency.lockutils [-] Releasing lock "singleton_lock" lock /usr/lib/python3/dist-packages/oslo_concurrency/lockutils.py:312
2026-06-18 01:31:03.391 41254 DEBUG oslo_service.service [-] Stop services. stop /usr/lib/python3/dist-packages/oslo_service/service.py:695
2026-06-18 01:31:03.391 41254 INFO heat.engine.service [-] All threads were gone, terminating engine
2026-06-18 01:31:03.392 41254 DEBUG oslo_service.service [-] Killing children. stop /usr/lib/python3/dist-packages/oslo_service/service.py:700
2026-06-18 01:31:03.410 41254 INFO oslo_service.service [-] Waiting on 4 children to exit
2026-06-18 01:31:03.411 41254 INFO oslo_service.service [-] Child 41469 killed by signal 15
2026-06-18 01:31:03.411 41254 INFO oslo_service.service [-] Child 41470 killed by signal 15
2026-06-18 01:31:03.412 41254 INFO oslo_service.service [-] Child 41471 killed by signal 15
2026-06-18 01:31:03.412 41254 INFO oslo_service.service [-] Child 41472 killed by signal 15
2026-06-18 01:31:05.194 64281 DEBUG oslo_concurrency.lockutils [-] Lock "context-manager" acquired by "neutron_lib.db.api._create_context_manager" :: waited 0.000s inner /usr/lib/python3/dist-packages/oslo_concurrency/lockutils.py:386
2026-06-18 01:31:05.194 64281 DEBUG oslo_concurrency.lockutils [-] Lock "context-manager" "released" by "neutron_lib.db.api._create_context_manager" :: held 0.001s inner /usr/lib/python3/dist-packages/oslo_concurrency/lockutils.py:400
2026-06-18 01:31:05.432 64281 WARNING heat.engine.environment [-] OS::Aodh::Alarm is DEPRECATED. Theshold alarm relies on ceilometer-api and has been deprecated in aodh since Ocata. Use OS::Aodh::GnocchiAggregationByResourcesAlarm instead.
2026-06-18 01:31:05.433 64281 WARNING heat.engine.environment [-] OS::Aodh::CombinationAlarm is HIDDEN. OS::Aodh::CombinationAlarm is deprecated and has been removed from Aodh, use OS::Aodh::CompositeAlarm instead.
2026-06-18 01:31:05.433 64281 WARNING heat.engine.environment [-] OS::Designate::Domain is HIDDEN. This resource has been removed, use OS::Designate::Zone instead.
2026-06-18 01:31:05.433 64281 WARNING heat.engine.environment [-] OS::Designate::Record is HIDDEN. This resource has been removed, use OS::Designate::RecordSet instead.
2026-06-18 01:31:05.433 64281 WARNING heat.engine.environment [-] OS::Glance::Image is DEPRECATED. Creating a Glance Image based on an existing URL location requires the Glance v1 API, which is deprecated.
2026-06-18 01:31:05.433 64281 WARNING heat.engine.environment [-] OS::Heat::HARestarter is HIDDEN. The HARestarter resource type has been removed. Existing stacks containing HARestarter resources can still be used, but the HARestarter resource will be a placeholder that does nothing.
2026-06-18 01:31:05.434 64281 WARNING heat.engine.environment [-] OS::Heat::SoftwareDeployments is HIDDEN. Please use OS::Heat::SoftwareDeploymentGroup instead.
2026-06-18 01:31:05.434 64281 WARNING heat.engine.environment [-] OS::Heat::StructuredDeployments is HIDDEN. Please use OS::Heat::StructuredDeploymentGroup instead.
2026-06-18 01:31:05.434 64281 WARNING heat.engine.environment [-] OS::Magnum::Bay is HIDDEN. Please use OS::Magnum::Cluster instead.
2026-06-18 01:31:05.434 64281 WARNING heat.engine.environment [-] OS::Magnum::BayModel is HIDDEN. Please use OS::Magnum::ClusterTemplate instead.
2026-06-18 01:31:05.434 64281 WARNING heat.engine.environment [-] OS::Neutron::ExtraRoute is UNSUPPORTED. Use this resource at your own risk.
2026-06-18 01:31:05.435 64281 WARNING heat.engine.environment [-] OS::Neutron::HealthMonitor is HIDDEN. Use LBaaS V2 instead.
2026-06-18 01:31:05.435 64281 WARNING heat.engine.environment [-] OS::Neutron::Pool is HIDDEN. Use LBaaS V2 instead.
2026-06-18 01:31:05.435 64281 WARNING heat.engine.environment [-] OS::Neutron::PoolMember is HIDDEN. Use LBaaS V2 instead.
2026-06-18 01:31:05.435 64281 WARNING heat.engine.environment [-] OS::Neutron::LoadBalancer is HIDDEN. Use LBaaS V2 instead.
2026-06-18 01:31:05.435 64281 WARNING heat.engine.environment [-] OS::Neutron::RouterGateway is HIDDEN. Use the `external_gateway_info` property in the router resource to set up the gateway.
2026-06-18 01:31:05.436 64281 WARNING heat.engine.environment [-] OS::Nova::FloatingIP is HIDDEN. Please use OS::Neutron::FloatingIP instead.
2026-06-18 01:31:05.436 64281 WARNING heat.engine.environment [-] OS::Nova::FloatingIPAssociation is HIDDEN. Please use OS::Neutron::FloatingIPAssociation instead.
2026-06-18 01:31:05.437 64281 INFO heat.engine.environment [-] Loading /etc/heat/environment.d/default.yaml
2026-06-18 01:31:05.438 64281 INFO heat.engine.environment [-] Registered: [Plugin](User:False) AWS::AutoScaling::AutoScalingGroup ->
2026-06-18 01:31:05.438 64281 INFO heat.engine.environment [-] Registered: [Plugin](User:False) AWS::AutoScaling::LaunchConfiguration ->
2026-06-18 01:31:05.438 64281 INFO heat.engine.environment [-] Registered: [Plugin](User:False) AWS::AutoScaling::ScalingPolicy ->
2026-06-18 01:31:05.438 64281 INFO heat.engine.environment [-] Registered: [Plugin](User:False) AWS::CloudFormation::Stack ->
2026-06-18 01:31:05.438 64281 INFO heat.engine.environment [-] Registered: [Plugin](User:False) AWS::CloudFormation::WaitCondition ->
2026-06-18 01:31:05.438 64281 INFO heat.engine.environment [-] Registered: [Plugin](User:False) AWS::CloudFormation::WaitConditionHandle ->
2026-06-18 01:31:05.438 64281 INFO heat.engine.environment [-] Registered: [Plugin](User:False) AWS::EC2::EIP ->
2026-06-18 01:31:05.438 64281 INFO heat.engine.environment [-] Registered: [Plugin](User:False) AWS::EC2::EIPAssociation ->
2026-06-18 01:31:05.438 64281 INFO heat.engine.environment [-] Registered: [Plugin](User:False) AWS::EC2::Instance ->
2026-06-18 01:31:05.439 64281 INFO heat.engine.environment [-] Registered: [Plugin](User:False) AWS::EC2::InternetGateway ->
2026-06-18 01:31:05.439 64281 INFO heat.engine.environment [-] Registered: [Plugin](User:False) AWS::EC2::VPCGatewayAttachment ->
2026-06-18 01:31:05.439 64281 INFO heat.engine.environment [-] Registered: [Plugin](User:False) AWS::EC2::NetworkInterface ->
2026-06-18 01:31:05.439 64281 INFO heat.engine.environment [-] Registered: [Plugin](User:False) AWS::EC2::RouteTable ->
2026-06-18 01:31:05.439 64281 INFO heat.engine.environment [-] Registered: [Plugin](User:False) AWS::EC2::SubnetRouteTableAssociation ->
2026-06-18 01:31:05.439 64281 INFO heat.engine.environment [-] Registered: [Plugin](User:False) AWS::EC2::SecurityGroup ->
2026-06-18 01:31:05.439 64281 INFO heat.engine.environment [-] Registered: [Plugin](User:False) AWS::EC2::Subnet ->
2026-06-18 01:31:05.439 64281 INFO heat.engine.environment [-] Registered: [Plugin](User:False) AWS::EC2::Volume ->
2026-06-18 01:31:05.439 64281 INFO heat.engine.environment [-] Registered: [Plugin](User:False) AWS::EC2::VolumeAttachment ->
2026-06-18 01:31:05.439 64281 INFO heat.engine.environment [-] Registered: [Plugin](User:False) AWS::EC2::VPC ->
2026-06-18 01:31:05.439 64281 INFO heat.engine.environment [-] Registered: [Plugin](User:False) AWS::IAM::User ->
2026-06-18 01:31:05.440 64281 INFO heat.engine.environment [-] Registered: [Plugin](User:False) AWS::IAM::AccessKey ->
2026-06-18 01:31:05.440 64281 INFO heat.engine.environment [-] Registered: [Plugin](User:False) AWS::ElasticLoadBalancing::LoadBalancer ->
2026-06-18 01:31:05.440 64281 INFO heat.engine.environment [-] Registered: [Plugin](User:False) AWS::S3::Bucket ->
2026-06-18 01:31:05.440 64281 INFO heat.engine.environment [-] Registered: [Plugin](User:False) OS::Aodh::Alarm ->
2026-06-18 01:31:05.440 64281 INFO heat.engine.environment [-] Registered: [Plugin](User:False) OS::Aodh::CombinationAlarm ->
2026-06-18 01:31:05.440 64281 INFO heat.engine.environment [-] Registered: [Plugin](User:False) OS::Aodh::EventAlarm ->
2026-06-18 01:31:05.440 64281 INFO heat.engine.environment [-] Registered: [Plugin](User:False) OS::Aodh::LBMemberHealthAlarm ->
2026-06-18 01:31:05.440 64281 INFO heat.engine.environment [-] Registered: [Plugin](User:False) OS::Aodh::CompositeAlarm ->
2026-06-18 01:31:05.440 64281 INFO heat.engine.environment [-] Registered: [Plugin](User:False) OS::Aodh::GnocchiResourcesAlarm ->
2026-06-18 01:31:05.440 64281 INFO heat.engine.environment [-] Registered: [Plugin](User:False) OS::Aodh::GnocchiAggregationByMetricsAlarm ->
2026-06-18 01:31:05.440 64281 INFO heat.engine.environment [-] Registered: [Plugin](User:False) OS::Aodh::GnocchiAggregationByResourcesAlarm ->
2026-06-18 01:31:05.441 64281 INFO heat.engine.environment [-] Registered: [Plugin](User:False) OS::Barbican::GenericContainer ->
2026-06-18 01:31:05.441 64281 INFO heat.engine.environment [-] Registered: [Plugin](User:False) OS::Barbican::CertificateContainer ->
2026-06-18 01:31:05.441 64281 INFO heat.engine.environment [-] Registered: [Plugin](User:False) OS::Barbican::RSAContainer ->
2026-06-18 01:31:05.441 64281 INFO heat.engine.environment [-] Registered: [Plugin](User:False) OS::Barbican::Order ->
2026-06-18 01:31:05.441 64281 INFO heat.engine.environment [-] Registered: [Plugin](User:False) OS::Barbican::Secret ->
2026-06-18 01:31:05.441 64281 INFO heat.engine.environment [-] Registered: [Plugin](User:False) OS::Blazar::Host ->
2026-06-18 01:31:05.441 64281 INFO heat.engine.environment [-] Registered: [Plugin](User:False) OS::Blazar::Lease ->
2026-06-18 01:31:05.441 64281 INFO heat.engine.environment [-] Registered: [Plugin](User:False) OS::Cinder::EncryptedVolumeType ->
2026-06-18 01:31:05.441 64281 INFO heat.engine.environment [-] Registered: [Plugin](User:False) OS::Cinder::QoSSpecs ->
2026-06-18 01:31:05.441 64281 INFO heat.engine.environment [-] Registered: [Plugin](User:False) OS::Cinder::QoSAssociation ->
2026-06-18 01:31:05.441 64281 INFO heat.engine.environment [-] Registered: [Plugin](User:False) OS::Cinder::Quota ->
2026-06-18 01:31:05.441 64281 INFO heat.engine.environment [-] Registered: [Plugin](User:False) OS::Cinder::Volume ->
2026-06-18 01:31:05.442 64281 INFO heat.engine.environment [-] Registered: [Plugin](User:False) OS::Cinder::VolumeAttachment ->
2026-06-18 01:31:05.442 64281 INFO heat.engine.environment [-] Registered: [Plugin](User:False) OS::Cinder::VolumeType ->
2026-06-18 01:31:05.442 64281 INFO heat.engine.environment [-] Registered: [Plugin](User:False) OS::Designate::Domain ->
2026-06-18 01:31:05.442 64281 INFO heat.engine.environment [-] Registered: [Plugin](User:False) OS::Designate::Record ->
2026-06-18 01:31:05.442 64281 INFO heat.engine.environment [-] Registered: [Plugin](User:False) OS::Designate::RecordSet ->
2026-06-18 01:31:05.442 64281 INFO heat.engine.environment [-] Registered: [Plugin](User:False) OS::Designate::Zone ->
2026-06-18 01:31:05.442 64281 INFO heat.engine.environment [-] Registered: [Plugin](User:False) OS::Glance::Image ->
2026-06-18 01:31:05.442 64281 INFO heat.engine.environment [-] Registered: [Plugin](User:False) OS::Glance::WebImage ->
2026-06-18 01:31:05.442 64281 INFO heat.engine.environment [-] Registered: [Plugin](User:False) OS::Heat::AccessPolicy ->
2026-06-18 01:31:05.442 64281 INFO heat.engine.environment [-] Registered: [Plugin](User:False) OS::Heat::AutoScalingGroup ->
2026-06-18 01:31:05.442 64281 INFO heat.engine.environment [-] Registered: [Plugin](User:False) OS::Heat::CloudConfig ->
2026-06-18 01:31:05.442 64281 INFO heat.engine.environment [-] Registered: [Plugin](User:False) OS::Heat::Delay ->
2026-06-18 01:31:05.443 64281 INFO heat.engine.environment [-] Registered: [Plugin](User:False) OS::Heat::DeployedServer ->
2026-06-18 01:31:05.443 64281 INFO heat.engine.environment [-] Registered: [Plugin](User:False) OS::Heat::HARestarter ->
2026-06-18 01:31:05.443 64281 INFO heat.engine.environment [-] Registered: [Plugin](User:False) OS::Heat::InstanceGroup ->
2026-06-18 01:31:05.443 64281 INFO heat.engine.environment [-] Registered: [Plugin](User:False) OS::Heat::MultipartMime ->
2026-06-18 01:31:05.443 64281 INFO heat.engine.environment [-] Registered: [Plugin](User:False) OS::Heat::None ->
2026-06-18 01:31:05.443 64281 INFO heat.engine.environment [-] Registered: [Plugin](User:False) OS::Heat::RandomString ->
2026-06-18 01:31:05.443 64281 INFO heat.engine.environment [-] Registered: [Plugin](User:False) OS::Heat::Stack ->
2026-06-18 01:31:05.443 64281 INFO heat.engine.environment [-] Registered: [Plugin](User:False) OS::Heat::ResourceChain ->
2026-06-18 01:31:05.443 64281 INFO heat.engine.environment [-] Registered: [Plugin](User:False) OS::Heat::ResourceGroup ->
2026-06-18 01:31:05.443 64281 INFO heat.engine.environment [-] Registered: [Plugin](User:False) OS::Heat::ScalingPolicy ->
2026-06-18 01:31:05.444 64281 INFO heat.engine.environment [-] Registered: [Plugin](User:False) OS::Heat::SoftwareComponent ->
2026-06-18 01:31:05.444 64281 INFO heat.engine.environment [-] Registered: [Plugin](User:False) OS::Heat::SoftwareConfig ->
2026-06-18 01:31:05.444 64281 INFO heat.engine.environment [-] Registered: [Plugin](User:False) OS::Heat::SoftwareDeployment ->
2026-06-18 01:31:05.444 64281 INFO heat.engine.environment [-] Registered: [Plugin](User:False) OS::Heat::SoftwareDeploymentGroup ->
2026-06-18 01:31:05.444 64281 INFO heat.engine.environment [-] Registered: [Plugin](User:False) OS::Heat::SoftwareDeployments ->
2026-06-18 01:31:05.444 64281 INFO heat.engine.environment [-] Registered: [Plugin](User:False) OS::Heat::StructuredConfig ->
2026-06-18 01:31:05.444 64281 INFO heat.engine.environment [-] Registered: [Plugin](User:False) OS::Heat::StructuredDeployment ->
2026-06-18 01:31:05.444 64281 INFO heat.engine.environment [-] Registered: [Plugin](User:False) OS::Heat::StructuredDeploymentGroup ->
2026-06-18 01:31:05.444 64281 INFO heat.engine.environment [-] Registered: [Plugin](User:False) OS::Heat::StructuredDeployments ->
2026-06-18 01:31:05.444 64281 INFO heat.engine.environment [-] Registered: [Plugin](User:False) OS::Heat::SwiftSignal ->
2026-06-18 01:31:05.444 64281 INFO heat.engine.environment [-] Registered: [Plugin](User:False) OS::Heat::SwiftSignalHandle ->
2026-06-18 01:31:05.444 64281 INFO heat.engine.environment [-] Registered: [Plugin](User:False) OS::Heat::TestResource ->
2026-06-18 01:31:05.445 64281 INFO heat.engine.environment [-] Registered: [Plugin](User:False) OS::Heat::Value ->
2026-06-18 01:31:05.445 64281 INFO heat.engine.environment [-] Registered: [Plugin](User:False) OS::Heat::WaitCondition ->
2026-06-18 01:31:05.445 64281 INFO heat.engine.environment [-] Registered: [Plugin](User:False) OS::Heat::WaitConditionHandle ->
2026-06-18 01:31:05.445 64281 INFO heat.engine.environment [-] Registered: [Plugin](User:False) OS::Heat::UpdateWaitConditionHandle ->
2026-06-18 01:31:05.445 64281 INFO heat.engine.environment [-] Registered: [Plugin](User:False) OS::Ironic::Port ->
