2026-06-15 00:37:51.514 146163 DEBUG oslo_service.service [req-9d8f2203-e159-41a9-aab2-a7e7a164ec60 - - - - -] osapi_compute_workers = 4 log_opt_values /usr/lib/python3/dist-packages/oslo_config/cfg.py:2602
2026-06-15 00:37:51.517 146163 DEBUG oslo_service.service [req-9d8f2203-e159-41a9-aab2-a7e7a164ec60 - - - - -] password_length = 12 log_opt_values /usr/lib/python3/dist-packages/oslo_config/cfg.py:2602
2026-06-15 00:37:51.517 146163 DEBUG oslo_service.service [req-9d8f2203-e159-41a9-aab2-a7e7a164ec60 - - - - -] periodic_enable = True log_opt_values /usr/lib/python3/dist-packages/oslo_config/cfg.py:2602
2026-06-15 00:37:51.517 146163 DEBUG oslo_service.service [req-9d8f2203-e159-41a9-aab2-a7e7a164ec60 - - - - -] periodic_fuzzy_delay = 60 log_opt_values /usr/lib/python3/dist-packages/oslo_config/cfg.py:2602
2026-06-15 00:37:51.517 146163 DEBUG oslo_service.service [req-9d8f2203-e159-41a9-aab2-a7e7a164ec60 - - - - -] pointer_model = usbtablet log_opt_values /usr/lib/python3/dist-packages/oslo_config/cfg.py:2602
2026-06-15 00:37:51.517 146163 DEBUG oslo_service.service [req-9d8f2203-e159-41a9-aab2-a7e7a164ec60 - - - - -] preallocate_images = none log_opt_values /usr/lib/python3/dist-packages/oslo_config/cfg.py:2602
2026-06-15 00:37:51.518 146163 DEBUG oslo_service.service [req-9d8f2203-e159-41a9-aab2-a7e7a164ec60 - - - - -] publish_errors = False log_opt_values /usr/lib/python3/dist-packages/oslo_config/cfg.py:2602
2026-06-15 00:37:51.519 146163 DEBUG oslo_service.service [req-9d8f2203-e159-41a9-aab2-a7e7a164ec60 - - - - -] pybasedir = /usr/lib/python3/dist-packages log_opt_values /usr/lib/python3/dist-packages/oslo_config/cfg.py:2602
2026-06-15 00:37:51.519 146163 DEBUG oslo_service.service [req-9d8f2203-e159-41a9-aab2-a7e7a164ec60 - - - - -] ram_allocation_ratio = 0.98 log_opt_values /usr/lib/python3/dist-packages/oslo_config/cfg.py:2602
2026-06-15 00:37:51.519 146163 DEBUG oslo_service.service [req-9d8f2203-e159-41a9-aab2-a7e7a164ec60 - - - - -] rate_limit_burst = 0 log_opt_values /usr/lib/python3/dist-packages/oslo_config/cfg.py:2602
2026-06-15 00:37:51.520 146163 DEBUG oslo_service.service [req-9d8f2203-e159-41a9-aab2-a7e7a164ec60 - - - - -] rate_limit_except_level = CRITICAL log_opt_values /usr/lib/python3/dist-packages/oslo_config/cfg.py:2602
2026-06-15 00:37:51.520 146163 DEBUG oslo_service.service [req-9d8f2203-e159-41a9-aab2-a7e7a164ec60 - - - - -] rate_limit_interval = 0 log_opt_values /usr/lib/python3/dist-packages/oslo_config/cfg.py:2602
2026-06-15 00:37:51.520 146163 DEBUG oslo_service.service [req-9d8f2203-e159-41a9-aab2-a7e7a164ec60 - - - - -] reboot_timeout = 0 log_opt_values /usr/lib/python3/dist-packages/oslo_config/cfg.py:2602
2026-06-15 00:37:51.520 146163 DEBUG oslo_service.service [req-9d8f2203-e159-41a9-aab2-a7e7a164ec60 - - - - -] reclaim_instance_interval = 0 log_opt_values /usr/lib/python3/dist-packages/oslo_config/cfg.py:2602
2026-06-15 00:37:51.520 146163 DEBUG oslo_service.service [req-9d8f2203-e159-41a9-aab2-a7e7a164ec60 - - - - -] record = None log_opt_values /usr/lib/python3/dist-packages/oslo_config/cfg.py:2602
2026-06-15 00:37:51.520 146163 DEBUG oslo_service.service [req-9d8f2203-e159-41a9-aab2-a7e7a164ec60 - - - - -] report_interval = 10 log_opt_values /usr/lib/python3/dist-packages/oslo_config/cfg.py:2602
2026-06-15 00:37:51.522 146163 DEBUG oslo_service.service [req-9d8f2203-e159-41a9-aab2-a7e7a164ec60 - - - - -] rescue_timeout = 0 log_opt_values /usr/lib/python3/dist-packages/oslo_config/cfg.py:2602
2026-06-15 00:37:51.522 146163 DEBUG oslo_service.service [req-9d8f2203-e159-41a9-aab2-a7e7a164ec60 - - - - -] reserved_host_cpus = 0 log_opt_values /usr/lib/python3/dist-packages/oslo_config/cfg.py:2602
2026-06-15 00:37:51.522 146163 DEBUG oslo_service.service [req-9d8f2203-e159-41a9-aab2-a7e7a164ec60 - - - - -] reserved_host_disk_mb = 0 log_opt_values /usr/lib/python3/dist-packages/oslo_config/cfg.py:2602
2026-06-15 00:37:51.523 146163 DEBUG oslo_service.service [req-9d8f2203-e159-41a9-aab2-a7e7a164ec60 - - - - -] reserved_host_memory_mb = 512 log_opt_values /usr/lib/python3/dist-packages/oslo_config/cfg.py:2602
2026-06-15 00:37:51.523 146163 DEBUG oslo_service.service [req-9d8f2203-e159-41a9-aab2-a7e7a164ec60 - - - - -] reserved_huge_pages = None log_opt_values /usr/lib/python3/dist-packages/oslo_config/cfg.py:2602
2026-06-15 00:37:51.524 146163 DEBUG oslo_service.service [req-9d8f2203-e159-41a9-aab2-a7e7a164ec60 - - - - -] resize_confirm_window = 0 log_opt_values /usr/lib/python3/dist-packages/oslo_config/cfg.py:2602
2026-06-15 00:37:51.524 146163 DEBUG oslo_service.service [req-9d8f2203-e159-41a9-aab2-a7e7a164ec60 - - - - -] resize_fs_using_block_device = False log_opt_values /usr/lib/python3/dist-packages/oslo_config/cfg.py:2602
2026-06-15 00:37:51.524 146163 DEBUG oslo_service.service [req-9d8f2203-e159-41a9-aab2-a7e7a164ec60 - - - - -] resume_guests_state_on_host_boot = False log_opt_values /usr/lib/python3/dist-packages/oslo_config/cfg.py:2602
2026-06-15 00:37:51.525 146163 DEBUG oslo_service.service [req-9d8f2203-e159-41a9-aab2-a7e7a164ec60 - - - - -] rootwrap_config = /etc/nova/rootwrap.conf log_opt_values /usr/lib/python3/dist-packages/oslo_config/cfg.py:2602
2026-06-15 00:37:51.525 146163 DEBUG oslo_service.service [req-9d8f2203-e159-41a9-aab2-a7e7a164ec60 - - - - -] run_external_periodic_tasks = True log_opt_values /usr/lib/python3/dist-packages/oslo_config/cfg.py:2602
2026-06-15 00:37:51.525 146163 DEBUG oslo_service.service [req-9d8f2203-e159-41a9-aab2-a7e7a164ec60 - - - - -] running_deleted_instance_action = reap log_opt_values /usr/lib/python3/dist-packages/oslo_config/cfg.py:2602
2026-06-15 00:37:51.525 146163 DEBUG oslo_service.service [req-9d8f2203-e159-41a9-aab2-a7e7a164ec60 - - - - -] running_deleted_instance_poll_interval = 1800 log_opt_values /usr/lib/python3/dist-packages/oslo_config/cfg.py:2602
2026-06-15 00:37:51.525 146163 DEBUG oslo_service.service [req-9d8f2203-e159-41a9-aab2-a7e7a164ec60 - - - - -] running_deleted_instance_timeout = 0 log_opt_values /usr/lib/python3/dist-packages/oslo_config/cfg.py:2602
2026-06-15 00:37:51.526 146163 DEBUG oslo_service.service [req-9d8f2203-e159-41a9-aab2-a7e7a164ec60 - - - - -] scheduler_instance_sync_interval = 120 log_opt_values /usr/lib/python3/dist-packages/oslo_config/cfg.py:2602
2026-06-15 00:37:51.527 146163 DEBUG oslo_service.service [req-9d8f2203-e159-41a9-aab2-a7e7a164ec60 - - - - -] service_down_time = 60 log_opt_values /usr/lib/python3/dist-packages/oslo_config/cfg.py:2602
2026-06-15 00:37:51.527 146163 DEBUG oslo_service.service [req-9d8f2203-e159-41a9-aab2-a7e7a164ec60 - - - - -] servicegroup_driver = db log_opt_values /usr/lib/python3/dist-packages/oslo_config/cfg.py:2602
2026-06-15 00:37:51.527 146163 DEBUG oslo_service.service [req-9d8f2203-e159-41a9-aab2-a7e7a164ec60 - - - - -] shelved_offload_time = 0 log_opt_values /usr/lib/python3/dist-packages/oslo_config/cfg.py:2602
2026-06-15 00:37:51.528 146163 DEBUG oslo_service.service [req-9d8f2203-e159-41a9-aab2-a7e7a164ec60 - - - - -] shelved_poll_interval = 3600 log_opt_values /usr/lib/python3/dist-packages/oslo_config/cfg.py:2602
2026-06-15 00:37:51.528 146163 DEBUG oslo_service.service [req-9d8f2203-e159-41a9-aab2-a7e7a164ec60 - - - - -] shutdown_timeout = 60 log_opt_values /usr/lib/python3/dist-packages/oslo_config/cfg.py:2602
2026-06-15 00:37:51.528 146163 DEBUG oslo_service.service [req-9d8f2203-e159-41a9-aab2-a7e7a164ec60 - - - - -] source_is_ipv6 = False log_opt_values /usr/lib/python3/dist-packages/oslo_config/cfg.py:2602
2026-06-15 00:37:51.529 146163 DEBUG oslo_service.service [req-9d8f2203-e159-41a9-aab2-a7e7a164ec60 - - - - -] ssl_only = False log_opt_values /usr/lib/python3/dist-packages/oslo_config/cfg.py:2602
2026-06-15 00:37:51.530 146163 DEBUG oslo_service.service [req-9d8f2203-e159-41a9-aab2-a7e7a164ec60 - - - - -] state_path = /var/lib/nova log_opt_values /usr/lib/python3/dist-packages/oslo_config/cfg.py:2602
2026-06-15 00:37:51.530 146163 DEBUG oslo_service.service [req-9d8f2203-e159-41a9-aab2-a7e7a164ec60 - - - - -] sync_power_state_interval = 600 log_opt_values /usr/lib/python3/dist-packages/oslo_config/cfg.py:2602
2026-06-15 00:37:51.530 146163 DEBUG oslo_service.service [req-9d8f2203-e159-41a9-aab2-a7e7a164ec60 - - - - -] sync_power_state_pool_size = 1000 log_opt_values /usr/lib/python3/dist-packages/oslo_config/cfg.py:2602
2026-06-15 00:37:51.531 146163 DEBUG oslo_service.service [req-9d8f2203-e159-41a9-aab2-a7e7a164ec60 - - - - -] syslog_log_facility = LOG_USER log_opt_values /usr/lib/python3/dist-packages/oslo_config/cfg.py:2602
2026-06-15 00:37:51.529 146982 DEBUG nova.service [req-1b08a270-a002-4e00-8800-2e7cae3180c2 - - - - -] Creating RPC server for service scheduler start /usr/lib/python3/dist-packages/nova/service.py:182
2026-06-15 00:37:51.531 146981 DEBUG nova.service [req-87dc0037-2c0e-447d-8ba4-e4d82efb650e - - - - -] Creating RPC server for service scheduler start /usr/lib/python3/dist-packages/nova/service.py:182
2026-06-15 00:37:51.531 146163 DEBUG oslo_service.service [req-9d8f2203-e159-41a9-aab2-a7e7a164ec60 - - - - -] tempdir = None log_opt_values /usr/lib/python3/dist-packages/oslo_config/cfg.py:2602
2026-06-15 00:37:51.532 146163 DEBUG oslo_service.service [req-9d8f2203-e159-41a9-aab2-a7e7a164ec60 - - - - -] timeout_nbd = 10 log_opt_values /usr/lib/python3/dist-packages/oslo_config/cfg.py:2602
2026-06-15 00:37:51.532 146163 DEBUG oslo_service.service [req-9d8f2203-e159-41a9-aab2-a7e7a164ec60 - - - - -] transport_url = **** log_opt_values /usr/lib/python3/dist-packages/oslo_config/cfg.py:2602
2026-06-15 00:37:51.533 146163 DEBUG oslo_service.service [req-9d8f2203-e159-41a9-aab2-a7e7a164ec60 - - - - -] update_resources_interval = 0 log_opt_values /usr/lib/python3/dist-packages/oslo_config/cfg.py:2602
2026-06-15 00:37:51.533 146163 DEBUG oslo_service.service [req-9d8f2203-e159-41a9-aab2-a7e7a164ec60 - - - - -] use_cow_images = True log_opt_values /usr/lib/python3/dist-packages/oslo_config/cfg.py:2602
2026-06-15 00:37:51.533 146163 DEBUG oslo_service.service [req-9d8f2203-e159-41a9-aab2-a7e7a164ec60 - - - - -] use_eventlog = False log_opt_values /usr/lib/python3/dist-packages/oslo_config/cfg.py:2602
2026-06-15 00:37:51.533 146163 DEBUG oslo_service.service [req-9d8f2203-e159-41a9-aab2-a7e7a164ec60 - - - - -] use_journal = False log_opt_values /usr/lib/python3/dist-packages/oslo_config/cfg.py:2602
2026-06-15 00:37:51.533 146163 DEBUG oslo_service.service [req-9d8f2203-e159-41a9-aab2-a7e7a164ec60 - - - - -] use_json = False log_opt_values /usr/lib/python3/dist-packages/oslo_config/cfg.py:2602
2026-06-15 00:37:51.534 146163 DEBUG oslo_service.service [req-9d8f2203-e159-41a9-aab2-a7e7a164ec60 - - - - -] use_rootwrap_daemon = False log_opt_values /usr/lib/python3/dist-packages/oslo_config/cfg.py:2602
2026-06-15 00:37:51.534 146163 DEBUG oslo_service.service [req-9d8f2203-e159-41a9-aab2-a7e7a164ec60 - - - - -] use_stderr = False log_opt_values /usr/lib/python3/dist-packages/oslo_config/cfg.py:2602
2026-06-15 00:37:51.534 146163 DEBUG oslo_service.service [req-9d8f2203-e159-41a9-aab2-a7e7a164ec60 - - - - -] use_syslog = False log_opt_values /usr/lib/python3/dist-packages/oslo_config/cfg.py:2602
2026-06-15 00:37:51.535 146163 DEBUG oslo_service.service [req-9d8f2203-e159-41a9-aab2-a7e7a164ec60 - - - - -] vcpu_pin_set = None log_opt_values /usr/lib/python3/dist-packages/oslo_config/cfg.py:2602
2026-06-15 00:37:51.535 146163 DEBUG oslo_service.service [req-9d8f2203-e159-41a9-aab2-a7e7a164ec60 - - - - -] vif_plugging_is_fatal = True log_opt_values /usr/lib/python3/dist-packages/oslo_config/cfg.py:2602
2026-06-15 00:37:51.535 146163 DEBUG oslo_service.service [req-9d8f2203-e159-41a9-aab2-a7e7a164ec60 - - - - -] vif_plugging_timeout = 300 log_opt_values /usr/lib/python3/dist-packages/oslo_config/cfg.py:2602
2026-06-15 00:37:51.535 146163 DEBUG oslo_service.service [req-9d8f2203-e159-41a9-aab2-a7e7a164ec60 - - - - -] virt_mkfs = [] log_opt_values /usr/lib/python3/dist-packages/oslo_config/cfg.py:2602
2026-06-15 00:37:51.536 146163 DEBUG oslo_service.service [req-9d8f2203-e159-41a9-aab2-a7e7a164ec60 - - - - -] volume_usage_poll_interval = 0 log_opt_values /usr/lib/python3/dist-packages/oslo_config/cfg.py:2602
2026-06-15 00:37:51.536 146163 DEBUG oslo_service.service [req-9d8f2203-e159-41a9-aab2-a7e7a164ec60 - - - - -] watch_log_file = False log_opt_values /usr/lib/python3/dist-packages/oslo_config/cfg.py:2602
2026-06-15 00:37:51.536 146163 DEBUG oslo_service.service [req-9d8f2203-e159-41a9-aab2-a7e7a164ec60 - - - - -] web = /usr/share/spice-html5 log_opt_values /usr/lib/python3/dist-packages/oslo_config/cfg.py:2602
2026-06-15 00:37:51.536 146983 DEBUG nova.service [req-ea49ca6b-2f73-443d-85eb-43a80eb59e13 - - - - -] Creating RPC server for service scheduler start /usr/lib/python3/dist-packages/nova/service.py:182
2026-06-15 00:37:51.536 146163 DEBUG oslo_service.service [req-9d8f2203-e159-41a9-aab2-a7e7a164ec60 - - - - -] oslo_concurrency.disable_process_locking = False log_opt_values /usr/lib/python3/dist-packages/oslo_config/cfg.py:2609
2026-06-15 00:37:51.537 146163 DEBUG oslo_service.service [req-9d8f2203-e159-41a9-aab2-a7e7a164ec60 - - - - -] oslo_concurrency.lock_path = /var/lock/nova log_opt_values /usr/lib/python3/dist-packages/oslo_config/cfg.py:2609
2026-06-15 00:37:51.537 146163 WARNING oslo_config.cfg [req-9d8f2203-e159-41a9-aab2-a7e7a164ec60 - - - - -] Deprecated: Option "auth_strategy" from group "api" is deprecated for removal ( The only non-default choice, ``noauth2``, is for internal development and testing purposes only and should not be used in deployments. This option and its middleware, NoAuthMiddleware[V2_18], will be removed in a future release. ). Its value may be silently ignored in the future.
2026-06-15 00:37:51.537 146163 DEBUG oslo_service.service [req-9d8f2203-e159-41a9-aab2-a7e7a164ec60 - - - - -] api.auth_strategy = keystone log_opt_values /usr/lib/python3/dist-packages/oslo_config/cfg.py:2609
2026-06-15 00:37:51.537 146163 DEBUG oslo_service.service [req-9d8f2203-e159-41a9-aab2-a7e7a164ec60 - - - - -] api.compute_link_prefix = None log_opt_values /usr/lib/python3/dist-packages/oslo_config/cfg.py:2609
2026-06-15 00:37:51.538 146163 DEBUG oslo_service.service [req-9d8f2203-e159-41a9-aab2-a7e7a164ec60 - - - - -] api.config_drive_skip_versions = 1.0 2007-01-19 2007-03-01 2007-08-29 2007-10-10 2007-12-15 2008-02-01 2008-09-01 log_opt_values /usr/lib/python3/dist-packages/oslo_config/cfg.py:2609
2026-06-15 00:37:51.538 146163 DEBUG oslo_service.service [req-9d8f2203-e159-41a9-aab2-a7e7a164ec60 - - - - -] api.dhcp_domain = novalocal log_opt_values /usr/lib/python3/dist-packages/oslo_config/cfg.py:2609
2026-06-15 00:37:51.538 146163 DEBUG oslo_service.service [req-9d8f2203-e159-41a9-aab2-a7e7a164ec60 - - - - -] api.enable_instance_password = True log_opt_values /usr/lib/python3/dist-packages/oslo_config/cfg.py:2609
2026-06-15 00:37:51.538 146163 DEBUG oslo_service.service [req-9d8f2203-e159-41a9-aab2-a7e7a164ec60 - - - - -] api.glance_link_prefix = None log_opt_values /usr/lib/python3/dist-packages/oslo_config/cfg.py:2609
2026-06-15 00:37:51.538 146163 DEBUG oslo_service.service [req-9d8f2203-e159-41a9-aab2-a7e7a164ec60 - - - - -] api.instance_list_cells_batch_fixed_size = 100 log_opt_values /usr/lib/python3/dist-packages/oslo_config/cfg.py:2609
2026-06-15 00:37:51.539 146163 DEBUG oslo_service.service [req-9d8f2203-e159-41a9-aab2-a7e7a164ec60 - - - - -] api.instance_list_cells_batch_strategy = distributed log_opt_values /usr/lib/python3/dist-packages/oslo_config/cfg.py:2609
2026-06-15 00:37:51.539 146163 DEBUG oslo_service.service [req-9d8f2203-e159-41a9-aab2-a7e7a164ec60 - - - - -] api.instance_list_per_project_cells = False log_opt_values /usr/lib/python3/dist-packages/oslo_config/cfg.py:2609
2026-06-15 00:37:51.539 146163 DEBUG oslo_service.service [req-9d8f2203-e159-41a9-aab2-a7e7a164ec60 - - - - -] api.list_records_by_skipping_down_cells = True log_opt_values /usr/lib/python3/dist-packages/oslo_config/cfg.py:2609
2026-06-15 00:37:51.539 146163 DEBUG oslo_service.service [req-9d8f2203-e159-41a9-aab2-a7e7a164ec60 - - - - -] api.local_metadata_per_cell = False log_opt_values /usr/lib/python3/dist-packages/oslo_config/cfg.py:2609
2026-06-15 00:37:51.539 146163 DEBUG oslo_service.service [req-9d8f2203-e159-41a9-aab2-a7e7a164ec60 - - - - -] api.max_limit = 1000 log_opt_values /usr/lib/python3/dist-packages/oslo_config/cfg.py:2609
2026-06-15 00:37:51.539 146163 DEBUG oslo_service.service [req-9d8f2203-e159-41a9-aab2-a7e7a164ec60 - - - - -] api.metadata_cache_expiration = 15 log_opt_values /usr/lib/python3/dist-packages/oslo_config/cfg.py:2609
2026-06-15 00:37:51.540 146163 DEBUG oslo_service.service [req-9d8f2203-e159-41a9-aab2-a7e7a164ec60 - - - - -] api.neutron_default_tenant_id = default log_opt_values /usr/lib/python3/dist-packages/oslo_config/cfg.py:2609
2026-06-15 00:37:51.539 146984 DEBUG nova.service [req-30ccb321-b9a6-4b27-a717-e56a6dfe2522 - - - - -] Creating RPC server for service scheduler start /usr/lib/python3/dist-packages/nova/service.py:182
2026-06-15 00:37:51.540 146163 DEBUG oslo_service.service [req-9d8f2203-e159-41a9-aab2-a7e7a164ec60 - - - - -] api.use_forwarded_for = False log_opt_values /usr/lib/python3/dist-packages/oslo_config/cfg.py:2609
2026-06-15 00:37:51.540 146163 DEBUG oslo_service.service [req-9d8f2203-e159-41a9-aab2-a7e7a164ec60 - - - - -] api.use_neutron_default_nets = False log_opt_values /usr/lib/python3/dist-packages/oslo_config/cfg.py:2609
2026-06-15 00:37:51.540 146163 DEBUG oslo_service.service [req-9d8f2203-e159-41a9-aab2-a7e7a164ec60 - - - - -] api.vendordata_dynamic_connect_timeout = 5 log_opt_values /usr/lib/python3/dist-packages/oslo_config/cfg.py:2609
2026-06-15 00:37:51.540 146163 DEBUG oslo_service.service [req-9d8f2203-e159-41a9-aab2-a7e7a164ec60 - - - - -] api.vendordata_dynamic_failure_fatal = False log_opt_values /usr/lib/python3/dist-packages/oslo_config/cfg.py:2609
2026-06-15 00:37:51.541 146163 DEBUG oslo_service.service [req-9d8f2203-e159-41a9-aab2-a7e7a164ec60 - - - - -] api.vendordata_dynamic_read_timeout = 5 log_opt_values /usr/lib/python3/dist-packages/oslo_config/cfg.py:2609
2026-06-15 00:37:51.541 146163 DEBUG oslo_service.service [req-9d8f2203-e159-41a9-aab2-a7e7a164ec60 - - - - -] api.vendordata_dynamic_ssl_certfile = log_opt_values /usr/lib/python3/dist-packages/oslo_config/cfg.py:2609
2026-06-15 00:37:51.541 146163 DEBUG oslo_service.service [req-9d8f2203-e159-41a9-aab2-a7e7a164ec60 - - - - -] api.vendordata_dynamic_targets = [] log_opt_values /usr/lib/python3/dist-packages/oslo_config/cfg.py:2609
2026-06-15 00:37:51.542 146163 DEBUG oslo_service.service [req-9d8f2203-e159-41a9-aab2-a7e7a164ec60 - - - - -] api.vendordata_jsonfile_path = None log_opt_values /usr/lib/python3/dist-packages/oslo_config/cfg.py:2609
2026-06-15 00:37:51.542 146163 DEBUG oslo_service.service [req-9d8f2203-e159-41a9-aab2-a7e7a164ec60 - - - - -] api.vendordata_providers = ['StaticJSON'] log_opt_values /usr/lib/python3/dist-packages/oslo_config/cfg.py:2609
2026-06-15 00:37:51.542 146163 DEBUG oslo_service.service [req-9d8f2203-e159-41a9-aab2-a7e7a164ec60 - - - - -] cache.backend = dogpile.cache.null log_opt_values /usr/lib/python3/dist-packages/oslo_config/cfg.py:2609
2026-06-15 00:37:51.542 146163 DEBUG oslo_service.service [req-9d8f2203-e159-41a9-aab2-a7e7a164ec60 - - - - -] cache.backend_argument = **** log_opt_values /usr/lib/python3/dist-packages/oslo_config/cfg.py:2609
2026-06-15 00:37:51.543 146163 DEBUG oslo_service.service [req-9d8f2203-e159-41a9-aab2-a7e7a164ec60 - - - - -] cache.config_prefix = cache.oslo log_opt_values /usr/lib/python3/dist-packages/oslo_config/cfg.py:2609
2026-06-15 00:37:51.543 146163 DEBUG oslo_service.service [req-9d8f2203-e159-41a9-aab2-a7e7a164ec60 - - - - -] cache.debug_cache_backend = False log_opt_values /usr/lib/python3/dist-packages/oslo_config/cfg.py:2609
2026-06-15 00:37:51.543 146163 DEBUG oslo_service.service [req-9d8f2203-e159-41a9-aab2-a7e7a164ec60 - - - - -] cache.enabled = False log_opt_values /usr/lib/python3/dist-packages/oslo_config/cfg.py:2609
2026-06-15 00:37:51.543 146163 DEBUG oslo_service.service [req-9d8f2203-e159-41a9-aab2-a7e7a164ec60 - - - - -] cache.expiration_time = 600 log_opt_values /usr/lib/python3/dist-packages/oslo_config/cfg.py:2609
2026-06-15 00:37:51.543 146163 DEBUG oslo_service.service [req-9d8f2203-e159-41a9-aab2-a7e7a164ec60 - - - - -] cache.memcache_dead_retry = 300 log_opt_values /usr/lib/python3/dist-packages/oslo_config/cfg.py:2609
2026-06-15 00:37:51.545 146163 DEBUG oslo_service.service [req-9d8f2203-e159-41a9-aab2-a7e7a164ec60 - - - - -] cache.memcache_pool_connection_get_timeout = 10 log_opt_values /usr/lib/python3/dist-packages/oslo_config/cfg.py:2609
2026-06-15 00:37:51.547 146163 DEBUG oslo_service.service [req-9d8f2203-e159-41a9-aab2-a7e7a164ec60 - - - - -] cache.memcache_pool_flush_on_reconnect = False log_opt_values /usr/lib/python3/dist-packages/oslo_config/cfg.py:2609
2026-06-15 00:37:51.548 146163 DEBUG oslo_service.service [req-9d8f2203-e159-41a9-aab2-a7e7a164ec60 - - - - -] cache.memcache_pool_maxsize = 10 log_opt_values /usr/lib/python3/dist-packages/oslo_config/cfg.py:2609
2026-06-15 00:37:51.551 146163 DEBUG oslo_service.service [req-9d8f2203-e159-41a9-aab2-a7e7a164ec60 - - - - -] cache.memcache_pool_unused_timeout = 60 log_opt_values /usr/lib/python3/dist-packages/oslo_config/cfg.py:2609
2026-06-15 00:37:51.553 146163 DEBUG oslo_service.service [req-9d8f2203-e159-41a9-aab2-a7e7a164ec60 - - - - -] cache.memcache_servers = ['localhost:11211'] log_opt_values /usr/lib/python3/dist-packages/oslo_config/cfg.py:2609
2026-06-15 00:37:51.554 146163 DEBUG oslo_service.service [req-9d8f2203-e159-41a9-aab2-a7e7a164ec60 - - - - -] cache.memcache_socket_timeout = 1.0 log_opt_values /usr/lib/python3/dist-packages/oslo_config/cfg.py:2609
2026-06-15 00:37:51.556 146163 DEBUG oslo_service.service [req-9d8f2203-e159-41a9-aab2-a7e7a164ec60 - - - - -] cache.proxies = [] log_opt_values /usr/lib/python3/dist-packages/oslo_config/cfg.py:2609
2026-06-15 00:37:51.556 146163 DEBUG oslo_service.service [req-9d8f2203-e159-41a9-aab2-a7e7a164ec60 - - - - -] cache.tls_allowed_ciphers = None log_opt_values /usr/lib/python3/dist-packages/oslo_config/cfg.py:2609
2026-06-15 00:37:51.556 146163 DEBUG oslo_service.service [req-9d8f2203-e159-41a9-aab2-a7e7a164ec60 - - - - -] cache.tls_cafile = None log_opt_values /usr/lib/python3/dist-packages/oslo_config/cfg.py:2609
2026-06-15 00:37:51.558 146163 DEBUG oslo_service.service [req-9d8f2203-e159-41a9-aab2-a7e7a164ec60 - - - - -] cache.tls_certfile = None log_opt_values /usr/lib/python3/dist-packages/oslo_config/cfg.py:2609
2026-06-15 00:37:51.559 146163 DEBUG oslo_service.service [req-9d8f2203-e159-41a9-aab2-a7e7a164ec60 - - - - -] cache.tls_enabled = False log_opt_values /usr/lib/python3/dist-packages/oslo_config/cfg.py:2609
2026-06-15 00:37:51.559 146163 DEBUG oslo_service.service [req-9d8f2203-e159-41a9-aab2-a7e7a164ec60 - - - - -] cache.tls_keyfile = None log_opt_values /usr/lib/python3/dist-packages/oslo_config/cfg.py:2609
2026-06-15 00:37:51.562 146163 DEBUG oslo_service.service [req-9d8f2203-e159-41a9-aab2-a7e7a164ec60 - - - - -] cinder.auth_section = None log_opt_values /usr/lib/python3/dist-packages/oslo_config/cfg.py:2609
2026-06-15 00:37:51.564 146982 DEBUG oslo_messaging._drivers.amqpdriver [-] Listener is running poll /usr/lib/python3/dist-packages/oslo_messaging/_drivers/amqpdriver.py:343
2026-06-15 00:37:51.564 146982 DEBUG oslo_messaging._drivers.amqpdriver [-] AMQPListener connection consume poll /usr/lib/python3/dist-packages/oslo_messaging/_drivers/amqpdriver.py:357
2026-06-15 00:37:51.564 146163 DEBUG oslo_service.service [req-9d8f2203-e159-41a9-aab2-a7e7a164ec60 - - - - -] cinder.auth_type = None log_opt_values /usr/lib/python3/dist-packages/oslo_config/cfg.py:2609
2026-06-15 00:37:51.565 146163 DEBUG oslo_service.service [req-9d8f2203-e159-41a9-aab2-a7e7a164ec60 - - - - -] cinder.cafile = None log_opt_values /usr/lib/python3/dist-packages/oslo_config/cfg.py:2609
2026-06-15 00:37:51.564 146983 DEBUG oslo_messaging._drivers.amqpdriver [-] Listener is running poll /usr/lib/python3/dist-packages/oslo_messaging/_drivers/amqpdriver.py:343
2026-06-15 00:37:51.565 146983 DEBUG oslo_messaging._drivers.amqpdriver [-] AMQPListener connection consume poll /usr/lib/python3/dist-packages/oslo_messaging/_drivers/amqpdriver.py:357
2026-06-15 00:37:51.565 146982 DEBUG nova.service [req-1b08a270-a002-4e00-8800-2e7cae3180c2 - - - - -] Join ServiceGroup membership for this service scheduler start /usr/lib/python3/dist-packages/nova/service.py:199
2026-06-15 00:37:51.565 146163 DEBUG oslo_service.service [req-9d8f2203-e159-41a9-aab2-a7e7a164ec60 - - - - -] cinder.catalog_info = volumev3::publicURL log_opt_values /usr/lib/python3/dist-packages/oslo_config/cfg.py:2609
2026-06-15 00:37:51.565 146982 DEBUG nova.servicegroup.drivers.db [req-1b08a270-a002-4e00-8800-2e7cae3180c2 - - - - -] DB_Driver: join new ServiceGroup member juju-7ad79c-0-lxd-7 to the scheduler group, service = join /usr/lib/python3/dist-packages/nova/servicegroup/drivers/db.py:44
2026-06-15 00:37:51.565 146983 DEBUG nova.service [req-ea49ca6b-2f73-443d-85eb-43a80eb59e13 - - - - -] Join ServiceGroup membership for this service scheduler start /usr/lib/python3/dist-packages/nova/service.py:199
2026-06-15 00:37:51.565 146163 DEBUG oslo_service.service [req-9d8f2203-e159-41a9-aab2-a7e7a164ec60 - - - - -] cinder.certfile = None log_opt_values /usr/lib/python3/dist-packages/oslo_config/cfg.py:2609
2026-06-15 00:37:51.566 146983 DEBUG nova.servicegroup.drivers.db [req-ea49ca6b-2f73-443d-85eb-43a80eb59e13 - - - - -] DB_Driver: join new ServiceGroup member juju-7ad79c-0-lxd-7 to the scheduler group, service = join /usr/lib/python3/dist-packages/nova/servicegroup/drivers/db.py:44
2026-06-15 00:37:51.566 146163 DEBUG oslo_service.service [req-9d8f2203-e159-41a9-aab2-a7e7a164ec60 - - - - -] cinder.collect_timing = False log_opt_values /usr/lib/python3/dist-packages/oslo_config/cfg.py:2609
2026-06-15 00:37:51.566 146163 DEBUG oslo_service.service [req-9d8f2203-e159-41a9-aab2-a7e7a164ec60 - - - - -] cinder.cross_az_attach = True log_opt_values /usr/lib/python3/dist-packages/oslo_config/cfg.py:2609
2026-06-15 00:37:51.567 146163 DEBUG oslo_service.service [req-9d8f2203-e159-41a9-aab2-a7e7a164ec60 - - - - -] cinder.debug = False log_opt_values /usr/lib/python3/dist-packages/oslo_config/cfg.py:2609
2026-06-15 00:37:51.567 146163 DEBUG oslo_service.service [req-9d8f2203-e159-41a9-aab2-a7e7a164ec60 - - - - -] cinder.endpoint_template = None log_opt_values /usr/lib/python3/dist-packages/oslo_config/cfg.py:2609
2026-06-15 00:37:51.567 146163 DEBUG oslo_service.service [req-9d8f2203-e159-41a9-aab2-a7e7a164ec60 - - - - -] cinder.http_retries = 3 log_opt_values /usr/lib/python3/dist-packages/oslo_config/cfg.py:2609
2026-06-15 00:37:51.567 146163 DEBUG oslo_service.service [req-9d8f2203-e159-41a9-aab2-a7e7a164ec60 - - - - -] cinder.insecure = False log_opt_values /usr/lib/python3/dist-packages/oslo_config/cfg.py:2609
2026-06-15 00:37:51.567 146163 DEBUG oslo_service.service [req-9d8f2203-e159-41a9-aab2-a7e7a164ec60 - - - - -] cinder.keyfile = None log_opt_values /usr/lib/python3/dist-packages/oslo_config/cfg.py:2609
2026-06-15 00:37:51.568 146982 DEBUG oslo_messaging._drivers.amqpdriver [-] AMQPListener connection timeout poll /usr/lib/python3/dist-packages/oslo_messaging/_drivers/amqpdriver.py:360
2026-06-15 00:37:51.568 146163 DEBUG oslo_service.service [req-9d8f2203-e159-41a9-aab2-a7e7a164ec60 - - - - -] cinder.os_region_name = None log_opt_values /usr/lib/python3/dist-packages/oslo_config/cfg.py:2609
2026-06-15 00:37:51.568 146982 DEBUG oslo_messaging._drivers.amqpdriver [-] Listener is running poll /usr/lib/python3/dist-packages/oslo_messaging/_drivers/amqpdriver.py:343
2026-06-15 00:37:51.568 146982 DEBUG oslo_messaging._drivers.amqpdriver [-] AMQPListener connection consume poll /usr/lib/python3/dist-packages/oslo_messaging/_drivers/amqpdriver.py:357
2026-06-15 00:37:51.568 146163 DEBUG oslo_service.service [req-9d8f2203-e159-41a9-aab2-a7e7a164ec60 - - - - -] cinder.split_loggers = False log_opt_values /usr/lib/python3/dist-packages/oslo_config/cfg.py:2609
2026-06-15 00:37:51.568 146163 DEBUG oslo_service.service [req-9d8f2203-e159-41a9-aab2-a7e7a164ec60 - - - - -] cinder.timeout = None log_opt_values /usr/lib/python3/dist-packages/oslo_config/cfg.py:2609
2026-06-15 00:37:51.568 146983 DEBUG oslo_messaging._drivers.amqpdriver [-] AMQPListener connection timeout poll /usr/lib/python3/dist-packages/oslo_messaging/_drivers/amqpdriver.py:360
2026-06-15 00:37:51.568 146983 DEBUG oslo_messaging._drivers.amqpdriver [-] Listener is running poll /usr/lib/python3/dist-packages/oslo_messaging/_drivers/amqpdriver.py:343
2026-06-15 00:37:51.568 146163 DEBUG oslo_service.service [req-9d8f2203-e159-41a9-aab2-a7e7a164ec60 - - - - -] compute.consecutive_build_service_disable_threshold = 10 log_opt_values /usr/lib/python3/dist-packages/oslo_config/cfg.py:2609
2026-06-15 00:37:51.568 146983 DEBUG oslo_messaging._drivers.amqpdriver [-] AMQPListener connection consume poll /usr/lib/python3/dist-packages/oslo_messaging/_drivers/amqpdriver.py:357
2026-06-15 00:37:51.569 146163 DEBUG oslo_service.service [req-9d8f2203-e159-41a9-aab2-a7e7a164ec60 - - - - -] compute.cpu_dedicated_set = None log_opt_values /usr/lib/python3/dist-packages/oslo_config/cfg.py:2609
2026-06-15 00:37:51.569 146163 DEBUG oslo_service.service [req-9d8f2203-e159-41a9-aab2-a7e7a164ec60 - - - - -] compute.cpu_shared_set = None log_opt_values /usr/lib/python3/dist-packages/oslo_config/cfg.py:2609
2026-06-15 00:37:51.569 146163 DEBUG oslo_service.service [req-9d8f2203-e159-41a9-aab2-a7e7a164ec60 - - - - -] compute.image_type_exclude_list = [] log_opt_values /usr/lib/python3/dist-packages/oslo_config/cfg.py:2609
2026-06-15 00:37:51.569 146163 DEBUG oslo_service.service [req-9d8f2203-e159-41a9-aab2-a7e7a164ec60 - - - - -] compute.live_migration_wait_for_vif_plug = True log_opt_values /usr/lib/python3/dist-packages/oslo_config/cfg.py:2609
2026-06-15 00:37:51.570 146163 DEBUG oslo_service.service [req-9d8f2203-e159-41a9-aab2-a7e7a164ec60 - - - - -] compute.max_concurrent_disk_ops = 0 log_opt_values /usr/lib/python3/dist-packages/oslo_config/cfg.py:2609
2026-06-15 00:37:51.570 146163 DEBUG oslo_service.service [req-9d8f2203-e159-41a9-aab2-a7e7a164ec60 - - - - -] compute.max_disk_devices_to_attach = -1 log_opt_values /usr/lib/python3/dist-packages/oslo_config/cfg.py:2609
2026-06-15 00:37:51.570 146163 DEBUG oslo_service.service [req-9d8f2203-e159-41a9-aab2-a7e7a164ec60 - - - - -] compute.packing_host_numa_cells_allocation_strategy = True log_opt_values /usr/lib/python3/dist-packages/oslo_config/cfg.py:2609
2026-06-15 00:37:51.570 146163 DEBUG oslo_service.service [req-9d8f2203-e159-41a9-aab2-a7e7a164ec60 - - - - -] compute.provider_config_location = /etc/nova/provider_config/ log_opt_values /usr/lib/python3/dist-packages/oslo_config/cfg.py:2609
2026-06-15 00:37:51.570 146163 DEBUG oslo_service.service [req-9d8f2203-e159-41a9-aab2-a7e7a164ec60 - - - - -] compute.resource_provider_association_refresh = 300 log_opt_values /usr/lib/python3/dist-packages/oslo_config/cfg.py:2609
2026-06-15 00:37:51.570 146163 DEBUG oslo_service.service [req-9d8f2203-e159-41a9-aab2-a7e7a164ec60 - - - - -] compute.shutdown_retry_interval = 10 log_opt_values /usr/lib/python3/dist-packages/oslo_config/cfg.py:2609
2026-06-15 00:37:51.571 146163 DEBUG oslo_service.service [req-9d8f2203-e159-41a9-aab2-a7e7a164ec60 - - - - -] compute.vmdk_allowed_types = ['streamOptimized', 'monolithicSparse'] log_opt_values /usr/lib/python3/dist-packages/oslo_config/cfg.py:2609
2026-06-15 00:37:51.571 146163 DEBUG oslo_service.service [req-9d8f2203-e159-41a9-aab2-a7e7a164ec60 - - - - -] conductor.workers = 4 log_opt_values /usr/lib/python3/dist-packages/oslo_config/cfg.py:2609
2026-06-15 00:37:51.571 146163 DEBUG oslo_service.service [req-9d8f2203-e159-41a9-aab2-a7e7a164ec60 - - - - -] console.allowed_origins = [] log_opt_values /usr/lib/python3/dist-packages/oslo_config/cfg.py:2609
2026-06-15 00:37:51.572 146163 DEBUG oslo_service.service [req-9d8f2203-e159-41a9-aab2-a7e7a164ec60 - - - - -] console.ssl_ciphers = None log_opt_values /usr/lib/python3/dist-packages/oslo_config/cfg.py:2609
2026-06-15 00:37:51.572 146163 DEBUG oslo_service.service [req-9d8f2203-e159-41a9-aab2-a7e7a164ec60 - - - - -] console.ssl_minimum_version = default log_opt_values /usr/lib/python3/dist-packages/oslo_config/cfg.py:2609
2026-06-15 00:37:51.572 146984 DEBUG oslo_messaging._drivers.amqpdriver [-] Listener is running poll /usr/lib/python3/dist-packages/oslo_messaging/_drivers/amqpdriver.py:343
2026-06-15 00:37:51.573 146163 DEBUG oslo_service.service [req-9d8f2203-e159-41a9-aab2-a7e7a164ec60 - - - - -] consoleauth.token_ttl = 600 log_opt_values /usr/lib/python3/dist-packages/oslo_config/cfg.py:2609
2026-06-15 00:37:51.573 146984 DEBUG oslo_messaging._drivers.amqpdriver [-] AMQPListener connection consume poll /usr/lib/python3/dist-packages/oslo_messaging/_drivers/amqpdriver.py:357
2026-06-15 00:37:51.573 146163 DEBUG oslo_service.service [req-9d8f2203-e159-41a9-aab2-a7e7a164ec60 - - - - -] cyborg.cafile = None log_opt_values /usr/lib/python3/dist-packages/oslo_config/cfg.py:2609
2026-06-15 00:37:51.574 146163 DEBUG oslo_service.service [req-9d8f2203-e159-41a9-aab2-a7e7a164ec60 - - - - -] cyborg.certfile = None log_opt_values /usr/lib/python3/dist-packages/oslo_config/cfg.py:2609
2026-06-15 00:37:51.574 146163 DEBUG oslo_service.service [req-9d8f2203-e159-41a9-aab2-a7e7a164ec60 - - - - -] cyborg.collect_timing = False log_opt_values /usr/lib/python3/dist-packages/oslo_config/cfg.py:2609
2026-06-15 00:37:51.574 146984 DEBUG nova.service [req-30ccb321-b9a6-4b27-a717-e56a6dfe2522 - - - - -] Join ServiceGroup membership for this service scheduler start /usr/lib/python3/dist-packages/nova/service.py:199
2026-06-15 00:37:51.574 146163 DEBUG oslo_service.service [req-9d8f2203-e159-41a9-aab2-a7e7a164ec60 - - - - -] cyborg.connect_retries = None log_opt_values /usr/lib/python3/dist-packages/oslo_config/cfg.py:2609
2026-06-15 00:37:51.575 146984 DEBUG nova.servicegroup.drivers.db [req-30ccb321-b9a6-4b27-a717-e56a6dfe2522 - - - - -] DB_Driver: join new ServiceGroup member juju-7ad79c-0-lxd-7 to the scheduler group, service = join /usr/lib/python3/dist-packages/nova/servicegroup/drivers/db.py:44
2026-06-15 00:37:51.575 146163 DEBUG oslo_service.service [req-9d8f2203-e159-41a9-aab2-a7e7a164ec60 - - - - -] cyborg.connect_retry_delay = None log_opt_values /usr/lib/python3/dist-packages/oslo_config/cfg.py:2609
2026-06-15 00:37:51.575 146163 DEBUG oslo_service.service [req-9d8f2203-e159-41a9-aab2-a7e7a164ec60 - - - - -] cyborg.endpoint_override = None log_opt_values /usr/lib/python3/dist-packages/oslo_config/cfg.py:2609
2026-06-15 00:37:51.575 146163 DEBUG oslo_service.service [req-9d8f2203-e159-41a9-aab2-a7e7a164ec60 - - - - -] cyborg.insecure = False log_opt_values /usr/lib/python3/dist-packages/oslo_config/cfg.py:2609
2026-06-15 00:37:51.575 146163 DEBUG oslo_service.service [req-9d8f2203-e159-41a9-aab2-a7e7a164ec60 - - - - -] cyborg.keyfile = None log_opt_values /usr/lib/python3/dist-packages/oslo_config/cfg.py:2609
2026-06-15 00:37:51.577 146163 DEBUG oslo_service.service [req-9d8f2203-e159-41a9-aab2-a7e7a164ec60 - - - - -] cyborg.max_version = None log_opt_values /usr/lib/python3/dist-packages/oslo_config/cfg.py:2609
2026-06-15 00:37:51.577 146163 DEBUG oslo_service.service [req-9d8f2203-e159-41a9-aab2-a7e7a164ec60 - - - - -] cyborg.min_version = None log_opt_values /usr/lib/python3/dist-packages/oslo_config/cfg.py:2609
2026-06-15 00:37:51.577 146163 DEBUG oslo_service.service [req-9d8f2203-e159-41a9-aab2-a7e7a164ec60 - - - - -] cyborg.region_name = None log_opt_values /usr/lib/python3/dist-packages/oslo_config/cfg.py:2609
2026-06-15 00:37:51.577 146163 DEBUG oslo_service.service [req-9d8f2203-e159-41a9-aab2-a7e7a164ec60 - - - - -] cyborg.service_name = None log_opt_values /usr/lib/python3/dist-packages/oslo_config/cfg.py:2609
2026-06-15 00:37:51.577 146163 DEBUG oslo_service.service [req-9d8f2203-e159-41a9-aab2-a7e7a164ec60 - - - - -] cyborg.service_type = accelerator log_opt_values /usr/lib/python3/dist-packages/oslo_config/cfg.py:2609
2026-06-15 00:37:51.578 146163 DEBUG oslo_service.service [req-9d8f2203-e159-41a9-aab2-a7e7a164ec60 - - - - -] cyborg.split_loggers = False log_opt_values /usr/lib/python3/dist-packages/oslo_config/cfg.py:2609
2026-06-15 00:37:51.578 146163 DEBUG oslo_service.service [req-9d8f2203-e159-41a9-aab2-a7e7a164ec60 - - - - -] cyborg.status_code_retries = None log_opt_values /usr/lib/python3/dist-packages/oslo_config/cfg.py:2609
2026-06-15 00:37:51.578 146163 DEBUG oslo_service.service [req-9d8f2203-e159-41a9-aab2-a7e7a164ec60 - - - - -] cyborg.status_code_retry_delay = None log_opt_values /usr/lib/python3/dist-packages/oslo_config/cfg.py:2609
2026-06-15 00:37:51.578 146981 DEBUG oslo_messaging._drivers.amqpdriver [-] Listener is running poll /usr/lib/python3/dist-packages/oslo_messaging/_drivers/amqpdriver.py:343
2026-06-15 00:37:51.578 146984 DEBUG oslo_messaging._drivers.amqpdriver [-] AMQPListener connection timeout poll /usr/lib/python3/dist-packages/oslo_messaging/_drivers/amqpdriver.py:360
2026-06-15 00:37:51.578 146163 DEBUG oslo_service.service [req-9d8f2203-e159-41a9-aab2-a7e7a164ec60 - - - - -] cyborg.timeout = None log_opt_values /usr/lib/python3/dist-packages/oslo_config/cfg.py:2609
2026-06-15 00:37:51.578 146981 DEBUG oslo_messaging._drivers.amqpdriver [-] AMQPListener connection consume poll /usr/lib/python3/dist-packages/oslo_messaging/_drivers/amqpdriver.py:357
2026-06-15 00:37:51.578 146984 DEBUG oslo_messaging._drivers.amqpdriver [-] Listener is running poll /usr/lib/python3/dist-packages/oslo_messaging/_drivers/amqpdriver.py:343
2026-06-15 00:37:51.578 146163 DEBUG oslo_service.service [req-9d8f2203-e159-41a9-aab2-a7e7a164ec60 - - - - -] cyborg.valid_interfaces = ['internal', 'public'] log_opt_values /usr/lib/python3/dist-packages/oslo_config/cfg.py:2609
2026-06-15 00:37:51.578 146984 DEBUG oslo_messaging._drivers.amqpdriver [-] AMQPListener connection consume poll /usr/lib/python3/dist-packages/oslo_messaging/_drivers/amqpdriver.py:357
2026-06-15 00:37:51.578 146163 DEBUG oslo_service.service [req-9d8f2203-e159-41a9-aab2-a7e7a164ec60 - - - - -] cyborg.version = None log_opt_values /usr/lib/python3/dist-packages/oslo_config/cfg.py:2609
2026-06-15 00:37:51.579 146163 DEBUG oslo_service.service [req-9d8f2203-e159-41a9-aab2-a7e7a164ec60 - - - - -] database.backend = sqlalchemy log_opt_values /usr/lib/python3/dist-packages/oslo_config/cfg.py:2609
2026-06-15 00:37:51.579 146163 DEBUG oslo_service.service [req-9d8f2203-e159-41a9-aab2-a7e7a164ec60 - - - - -] database.connection = **** log_opt_values /usr/lib/python3/dist-packages/oslo_config/cfg.py:2609
2026-06-15 00:37:51.579 146163 DEBUG oslo_service.service [req-9d8f2203-e159-41a9-aab2-a7e7a164ec60 - - - - -] database.connection_debug = 0 log_opt_values /usr/lib/python3/dist-packages/oslo_config/cfg.py:2609
2026-06-15 00:37:51.579 146163 DEBUG oslo_service.service [req-9d8f2203-e159-41a9-aab2-a7e7a164ec60 - - - - -] database.connection_parameters = log_opt_values /usr/lib/python3/dist-packages/oslo_config/cfg.py:2609
2026-06-15 00:37:51.580 146163 DEBUG oslo_service.service [req-9d8f2203-e159-41a9-aab2-a7e7a164ec60 - - - - -] database.connection_recycle_time = 3600 log_opt_values /usr/lib/python3/dist-packages/oslo_config/cfg.py:2609
2026-06-15 00:37:51.580 146163 DEBUG oslo_service.service [req-9d8f2203-e159-41a9-aab2-a7e7a164ec60 - - - - -] database.connection_trace = False log_opt_values /usr/lib/python3/dist-packages/oslo_config/cfg.py:2609
2026-06-15 00:37:51.580 146163 DEBUG oslo_service.service [req-9d8f2203-e159-41a9-aab2-a7e7a164ec60 - - - - -] database.db_inc_retry_interval = True log_opt_values /usr/lib/python3/dist-packages/oslo_config/cfg.py:2609
2026-06-15 00:37:51.580 146163 DEBUG oslo_service.service [req-9d8f2203-e159-41a9-aab2-a7e7a164ec60 - - - - -] database.db_max_retries = 20 log_opt_values /usr/lib/python3/dist-packages/oslo_config/cfg.py:2609
2026-06-15 00:37:51.580 146163 DEBUG oslo_service.service [req-9d8f2203-e159-41a9-aab2-a7e7a164ec60 - - - - -] database.db_max_retry_interval = 10 log_opt_values /usr/lib/python3/dist-packages/oslo_config/cfg.py:2609
2026-06-15 00:37:51.581 146163 DEBUG oslo_service.service [req-9d8f2203-e159-41a9-aab2-a7e7a164ec60 - - - - -] database.db_retry_interval = 1 log_opt_values /usr/lib/python3/dist-packages/oslo_config/cfg.py:2609
2026-06-15 00:37:51.579 146981 DEBUG nova.service [req-87dc0037-2c0e-447d-8ba4-e4d82efb650e - - - - -] Join ServiceGroup membership for this service scheduler start /usr/lib/python3/dist-packages/nova/service.py:199
2026-06-15 00:37:51.581 146163 DEBUG oslo_service.service [req-9d8f2203-e159-41a9-aab2-a7e7a164ec60 - - - - -] database.max_overflow = 50 log_opt_values /usr/lib/python3/dist-packages/oslo_config/cfg.py:2609
2026-06-15 00:37:51.581 146981 DEBUG nova.servicegroup.drivers.db [req-87dc0037-2c0e-447d-8ba4-e4d82efb650e - - - - -] DB_Driver: join new ServiceGroup member juju-7ad79c-0-lxd-7 to the scheduler group, service = join /usr/lib/python3/dist-packages/nova/servicegroup/drivers/db.py:44
2026-06-15 00:37:51.581 146163 DEBUG oslo_service.service [req-9d8f2203-e159-41a9-aab2-a7e7a164ec60 - - - - -] database.max_pool_size = 4 log_opt_values /usr/lib/python3/dist-packages/oslo_config/cfg.py:2609
2026-06-15 00:37:51.581 146163 DEBUG oslo_service.service [req-9d8f2203-e159-41a9-aab2-a7e7a164ec60 - - - - -] database.max_retries = 10 log_opt_values /usr/lib/python3/dist-packages/oslo_config/cfg.py:2609
2026-06-15 00:37:51.582 146163 DEBUG oslo_service.service [req-9d8f2203-e159-41a9-aab2-a7e7a164ec60 - - - - -] database.mysql_enable_ndb = False log_opt_values /usr/lib/python3/dist-packages/oslo_config/cfg.py:2609
2026-06-15 00:37:51.582 146163 DEBUG oslo_service.service [req-9d8f2203-e159-41a9-aab2-a7e7a164ec60 - - - - -] database.mysql_sql_mode = TRADITIONAL log_opt_values /usr/lib/python3/dist-packages/oslo_config/cfg.py:2609
2026-06-15 00:37:51.582 146163 DEBUG oslo_service.service [req-9d8f2203-e159-41a9-aab2-a7e7a164ec60 - - - - -] database.pool_timeout = None log_opt_values /usr/lib/python3/dist-packages/oslo_config/cfg.py:2609
2026-06-15 00:37:51.582 146163 DEBUG oslo_service.service [req-9d8f2203-e159-41a9-aab2-a7e7a164ec60 - - - - -] database.retry_interval = 10 log_opt_values /usr/lib/python3/dist-packages/oslo_config/cfg.py:2609
2026-06-15 00:37:51.582 146163 DEBUG oslo_service.service [req-9d8f2203-e159-41a9-aab2-a7e7a164ec60 - - - - -] database.slave_connection = **** log_opt_values /usr/lib/python3/dist-packages/oslo_config/cfg.py:2609
2026-06-15 00:37:51.582 146163 DEBUG oslo_service.service [req-9d8f2203-e159-41a9-aab2-a7e7a164ec60 - - - - -] database.sqlite_synchronous = True log_opt_values /usr/lib/python3/dist-packages/oslo_config/cfg.py:2609
2026-06-15 00:37:51.583 146163 DEBUG oslo_service.service [req-9d8f2203-e159-41a9-aab2-a7e7a164ec60 - - - - -] database.use_db_reconnect = False log_opt_values /usr/lib/python3/dist-packages/oslo_config/cfg.py:2609
2026-06-15 00:37:51.583 146163 DEBUG oslo_service.service [req-9d8f2203-e159-41a9-aab2-a7e7a164ec60 - - - - -] api_database.backend = sqlalchemy log_opt_values /usr/lib/python3/dist-packages/oslo_config/cfg.py:2609
2026-06-15 00:37:51.583 146163 DEBUG oslo_service.service [req-9d8f2203-e159-41a9-aab2-a7e7a164ec60 - - - - -] api_database.connection = **** log_opt_values /usr/lib/python3/dist-packages/oslo_config/cfg.py:2609
2026-06-15 00:37:51.583 146163 DEBUG oslo_service.service [req-9d8f2203-e159-41a9-aab2-a7e7a164ec60 - - - - -] api_database.connection_debug = 0 log_opt_values /usr/lib/python3/dist-packages/oslo_config/cfg.py:2609
2026-06-15 00:37:51.584 146163 DEBUG oslo_service.service [req-9d8f2203-e159-41a9-aab2-a7e7a164ec60 - - - - -] api_database.connection_parameters = log_opt_values /usr/lib/python3/dist-packages/oslo_config/cfg.py:2609
2026-06-15 00:37:51.584 146981 DEBUG oslo_messaging._drivers.amqpdriver [-] AMQPListener connection timeout poll /usr/lib/python3/dist-packages/oslo_messaging/_drivers/amqpdriver.py:360
2026-06-15 00:37:51.584 146163 DEBUG oslo_service.service [req-9d8f2203-e159-41a9-aab2-a7e7a164ec60 - - - - -] api_database.connection_recycle_time = 3600 log_opt_values /usr/lib/python3/dist-packages/oslo_config/cfg.py:2609
2026-06-15 00:37:51.584 146981 DEBUG oslo_messaging._drivers.amqpdriver [-] Listener is running poll /usr/lib/python3/dist-packages/oslo_messaging/_drivers/amqpdriver.py:343
2026-06-15 00:37:51.584 146163 DEBUG oslo_service.service [req-9d8f2203-e159-41a9-aab2-a7e7a164ec60 - - - - -] api_database.connection_trace = False log_opt_values /usr/lib/python3/dist-packages/oslo_config/cfg.py:2609
2026-06-15 00:37:51.584 146981 DEBUG oslo_messaging._drivers.amqpdriver [-] AMQPListener connection consume poll /usr/lib/python3/dist-packages/oslo_messaging/_drivers/amqpdriver.py:357
2026-06-15 00:37:51.584 146163 DEBUG oslo_service.service [req-9d8f2203-e159-41a9-aab2-a7e7a164ec60 - - - - -] api_database.db_inc_retry_interval = True log_opt_values /usr/lib/python3/dist-packages/oslo_config/cfg.py:2609
2026-06-15 00:37:51.584 146163 DEBUG oslo_service.service [req-9d8f2203-e159-41a9-aab2-a7e7a164ec60 - - - - -] api_database.db_max_retries = 20 log_opt_values /usr/lib/python3/dist-packages/oslo_config/cfg.py:2609
2026-06-15 00:37:51.585 146163 DEBUG oslo_service.service [req-9d8f2203-e159-41a9-aab2-a7e7a164ec60 - - - - -] api_database.db_max_retry_interval = 10 log_opt_values /usr/lib/python3/dist-packages/oslo_config/cfg.py:2609
2026-06-15 00:37:51.585 146163 DEBUG oslo_service.service [req-9d8f2203-e159-41a9-aab2-a7e7a164ec60 - - - - -] api_database.db_retry_interval = 1 log_opt_values /usr/lib/python3/dist-packages/oslo_config/cfg.py:2609
2026-06-15 00:37:51.585 146163 DEBUG oslo_service.service [req-9d8f2203-e159-41a9-aab2-a7e7a164ec60 - - - - -] api_database.max_overflow = 50 log_opt_values /usr/lib/python3/dist-packages/oslo_config/cfg.py:2609
2026-06-15 00:37:51.585 146163 DEBUG oslo_service.service [req-9d8f2203-e159-41a9-aab2-a7e7a164ec60 - - - - -] api_database.max_pool_size = 4 log_opt_values /usr/lib/python3/dist-packages/oslo_config/cfg.py:2609
2026-06-15 00:37:51.585 146163 DEBUG oslo_service.service [req-9d8f2203-e159-41a9-aab2-a7e7a164ec60 - - - - -] api_database.max_retries = 10 log_opt_values /usr/lib/python3/dist-packages/oslo_config/cfg.py:2609
2026-06-15 00:37:51.585 146163 DEBUG oslo_service.service [req-9d8f2203-e159-41a9-aab2-a7e7a164ec60 - - - - -] api_database.mysql_enable_ndb = False log_opt_values /usr/lib/python3/dist-packages/oslo_config/cfg.py:2609
2026-06-15 00:37:51.586 146163 DEBUG oslo_service.service [req-9d8f2203-e159-41a9-aab2-a7e7a164ec60 - - - - -] api_database.mysql_sql_mode = TRADITIONAL log_opt_values /usr/lib/python3/dist-packages/oslo_config/cfg.py:2609
2026-06-15 00:37:51.586 146163 DEBUG oslo_service.service [req-9d8f2203-e159-41a9-aab2-a7e7a164ec60 - - - - -] api_database.pool_timeout = None log_opt_values /usr/lib/python3/dist-packages/oslo_config/cfg.py:2609
2026-06-15 00:37:51.586 146163 DEBUG oslo_service.service [req-9d8f2203-e159-41a9-aab2-a7e7a164ec60 - - - - -] api_database.retry_interval = 10 log_opt_values /usr/lib/python3/dist-packages/oslo_config/cfg.py:2609
2026-06-15 00:37:51.586 146163 DEBUG oslo_service.service [req-9d8f2203-e159-41a9-aab2-a7e7a164ec60 - - - - -] api_database.slave_connection = **** log_opt_values /usr/lib/python3/dist-packages/oslo_config/cfg.py:2609
2026-06-15 00:37:51.587 146163 DEBUG oslo_service.service [req-9d8f2203-e159-41a9-aab2-a7e7a164ec60 - - - - -] api_database.sqlite_synchronous = True log_opt_values /usr/lib/python3/dist-packages/oslo_config/cfg.py:2609
2026-06-15 00:37:51.587 146163 DEBUG oslo_service.service [req-9d8f2203-e159-41a9-aab2-a7e7a164ec60 - - - - -] devices.enabled_mdev_types = [] log_opt_values /usr/lib/python3/dist-packages/oslo_config/cfg.py:2609
2026-06-15 00:37:51.587 146163 DEBUG oslo_service.service [req-9d8f2203-e159-41a9-aab2-a7e7a164ec60 - - - - -] ephemeral_storage_encryption.cipher = aes-xts-plain64 log_opt_values /usr/lib/python3/dist-packages/oslo_config/cfg.py:2609
2026-06-15 00:37:51.587 146163 DEBUG oslo_service.service [req-9d8f2203-e159-41a9-aab2-a7e7a164ec60 - - - - -] ephemeral_storage_encryption.enabled = False log_opt_values /usr/lib/python3/dist-packages/oslo_config/cfg.py:2609
2026-06-15 00:37:51.587 146163 DEBUG oslo_service.service [req-9d8f2203-e159-41a9-aab2-a7e7a164ec60 - - - - -] ephemeral_storage_encryption.key_size = 512 log_opt_values /usr/lib/python3/dist-packages/oslo_config/cfg.py:2609
2026-06-15 00:37:51.588 146163 WARNING oslo_config.cfg [req-9d8f2203-e159-41a9-aab2-a7e7a164ec60 - - - - -] Deprecated: Option "api_servers" from group "glance" is deprecated for removal ( Support for image service configuration via standard keystoneauth1 Adapter options was added in the 17.0.0 Queens release. The api_servers option was retained temporarily to allow consumers time to cut over to a real load balancing solution. ). Its value may be silently ignored in the future.
2026-06-15 00:37:51.588 146163 DEBUG oslo_service.service [req-9d8f2203-e159-41a9-aab2-a7e7a164ec60 - - - - -] glance.api_servers = ['http://252.19.241.207:9292'] log_opt_values /usr/lib/python3/dist-packages/oslo_config/cfg.py:2609
2026-06-15 00:37:51.588 146163 DEBUG oslo_service.service [req-9d8f2203-e159-41a9-aab2-a7e7a164ec60 - - - - -] glance.cafile = None log_opt_values /usr/lib/python3/dist-packages/oslo_config/cfg.py:2609
