2026-06-15 00:37:51.684 146163 DEBUG oslo_service.service [req-9d8f2203-e159-41a9-aab2-a7e7a164ec60 - - - - -] zvm.ca_file = None log_opt_values /usr/lib/python3/dist-packages/oslo_config/cfg.py:2609
2026-06-15 00:37:51.684 146163 DEBUG oslo_service.service [req-9d8f2203-e159-41a9-aab2-a7e7a164ec60 - - - - -] zvm.cloud_connector_url = None log_opt_values /usr/lib/python3/dist-packages/oslo_config/cfg.py:2609
2026-06-15 00:37:51.685 146163 DEBUG oslo_service.service [req-9d8f2203-e159-41a9-aab2-a7e7a164ec60 - - - - -] zvm.image_tmp_path = /var/lib/nova/images log_opt_values /usr/lib/python3/dist-packages/oslo_config/cfg.py:2609
2026-06-15 00:37:51.685 146163 DEBUG oslo_service.service [req-9d8f2203-e159-41a9-aab2-a7e7a164ec60 - - - - -] zvm.reachable_timeout = 300 log_opt_values /usr/lib/python3/dist-packages/oslo_config/cfg.py:2609
2026-06-15 00:37:51.686 146163 DEBUG oslo_service.service [req-9d8f2203-e159-41a9-aab2-a7e7a164ec60 - - - - -] oslo_messaging_metrics.metrics_buffer_size = 1000 log_opt_values /usr/lib/python3/dist-packages/oslo_config/cfg.py:2609
2026-06-15 00:37:51.686 146163 DEBUG oslo_service.service [req-9d8f2203-e159-41a9-aab2-a7e7a164ec60 - - - - -] oslo_messaging_metrics.metrics_enabled = False log_opt_values /usr/lib/python3/dist-packages/oslo_config/cfg.py:2609
2026-06-15 00:37:51.687 146163 DEBUG oslo_service.service [req-9d8f2203-e159-41a9-aab2-a7e7a164ec60 - - - - -] oslo_messaging_metrics.metrics_process_name = log_opt_values /usr/lib/python3/dist-packages/oslo_config/cfg.py:2609
2026-06-15 00:37:51.687 146163 DEBUG oslo_service.service [req-9d8f2203-e159-41a9-aab2-a7e7a164ec60 - - - - -] oslo_messaging_metrics.metrics_socket_file = /var/tmp/metrics_collector.sock log_opt_values /usr/lib/python3/dist-packages/oslo_config/cfg.py:2609
2026-06-15 00:37:51.687 146163 DEBUG oslo_service.service [req-9d8f2203-e159-41a9-aab2-a7e7a164ec60 - - - - -] oslo_messaging_metrics.metrics_thread_stop_timeout = 10 log_opt_values /usr/lib/python3/dist-packages/oslo_config/cfg.py:2609
2026-06-15 00:37:51.687 146163 DEBUG oslo_service.service [req-9d8f2203-e159-41a9-aab2-a7e7a164ec60 - - - - -] oslo_policy.enforce_new_defaults = False log_opt_values /usr/lib/python3/dist-packages/oslo_config/cfg.py:2609
2026-06-15 00:37:51.687 146163 DEBUG oslo_service.service [req-9d8f2203-e159-41a9-aab2-a7e7a164ec60 - - - - -] oslo_policy.enforce_scope = False log_opt_values /usr/lib/python3/dist-packages/oslo_config/cfg.py:2609
2026-06-15 00:37:51.688 146163 DEBUG oslo_service.service [req-9d8f2203-e159-41a9-aab2-a7e7a164ec60 - - - - -] oslo_policy.policy_default_rule = default log_opt_values /usr/lib/python3/dist-packages/oslo_config/cfg.py:2609
2026-06-15 00:37:51.688 146163 DEBUG oslo_service.service [req-9d8f2203-e159-41a9-aab2-a7e7a164ec60 - - - - -] oslo_policy.policy_dirs = ['policy.d'] log_opt_values /usr/lib/python3/dist-packages/oslo_config/cfg.py:2609
2026-06-15 00:37:51.688 146163 DEBUG oslo_service.service [req-9d8f2203-e159-41a9-aab2-a7e7a164ec60 - - - - -] oslo_policy.policy_file = policy.yaml log_opt_values /usr/lib/python3/dist-packages/oslo_config/cfg.py:2609
2026-06-15 00:37:51.688 146163 DEBUG oslo_service.service [req-9d8f2203-e159-41a9-aab2-a7e7a164ec60 - - - - -] oslo_policy.remote_content_type = application/x-www-form-urlencoded log_opt_values /usr/lib/python3/dist-packages/oslo_config/cfg.py:2609
2026-06-15 00:37:51.689 146163 DEBUG oslo_service.service [req-9d8f2203-e159-41a9-aab2-a7e7a164ec60 - - - - -] oslo_policy.remote_ssl_ca_crt_file = None log_opt_values /usr/lib/python3/dist-packages/oslo_config/cfg.py:2609
2026-06-15 00:37:51.689 146163 DEBUG oslo_service.service [req-9d8f2203-e159-41a9-aab2-a7e7a164ec60 - - - - -] oslo_policy.remote_ssl_client_crt_file = None log_opt_values /usr/lib/python3/dist-packages/oslo_config/cfg.py:2609
2026-06-15 00:37:51.689 146163 DEBUG oslo_service.service [req-9d8f2203-e159-41a9-aab2-a7e7a164ec60 - - - - -] oslo_policy.remote_ssl_client_key_file = None log_opt_values /usr/lib/python3/dist-packages/oslo_config/cfg.py:2609
2026-06-15 00:37:51.689 146163 DEBUG oslo_service.service [req-9d8f2203-e159-41a9-aab2-a7e7a164ec60 - - - - -] oslo_policy.remote_ssl_verify_server_crt = False log_opt_values /usr/lib/python3/dist-packages/oslo_config/cfg.py:2609
2026-06-15 00:37:51.689 146163 DEBUG oslo_service.service [req-9d8f2203-e159-41a9-aab2-a7e7a164ec60 - - - - -] oslo_versionedobjects.fatal_exception_format_errors = False log_opt_values /usr/lib/python3/dist-packages/oslo_config/cfg.py:2609
2026-06-15 00:37:51.690 146163 DEBUG oslo_service.service [req-9d8f2203-e159-41a9-aab2-a7e7a164ec60 - - - - -] oslo_middleware.http_basic_auth_user_file = /etc/htpasswd log_opt_values /usr/lib/python3/dist-packages/oslo_config/cfg.py:2609
2026-06-15 00:37:51.690 146163 DEBUG oslo_service.service [req-9d8f2203-e159-41a9-aab2-a7e7a164ec60 - - - - -] profiler.connection_string = messaging:// log_opt_values /usr/lib/python3/dist-packages/oslo_config/cfg.py:2609
2026-06-15 00:37:51.690 146163 DEBUG oslo_service.service [req-9d8f2203-e159-41a9-aab2-a7e7a164ec60 - - - - -] profiler.enabled = False log_opt_values /usr/lib/python3/dist-packages/oslo_config/cfg.py:2609
2026-06-15 00:37:51.691 146163 DEBUG oslo_service.service [req-9d8f2203-e159-41a9-aab2-a7e7a164ec60 - - - - -] profiler.es_doc_type = notification log_opt_values /usr/lib/python3/dist-packages/oslo_config/cfg.py:2609
2026-06-15 00:37:51.691 146163 DEBUG oslo_service.service [req-9d8f2203-e159-41a9-aab2-a7e7a164ec60 - - - - -] profiler.es_scroll_size = 10000 log_opt_values /usr/lib/python3/dist-packages/oslo_config/cfg.py:2609
2026-06-15 00:37:51.691 146163 DEBUG oslo_service.service [req-9d8f2203-e159-41a9-aab2-a7e7a164ec60 - - - - -] profiler.es_scroll_time = 2m log_opt_values /usr/lib/python3/dist-packages/oslo_config/cfg.py:2609
2026-06-15 00:37:51.691 146163 DEBUG oslo_service.service [req-9d8f2203-e159-41a9-aab2-a7e7a164ec60 - - - - -] profiler.filter_error_trace = False log_opt_values /usr/lib/python3/dist-packages/oslo_config/cfg.py:2609
2026-06-15 00:37:51.692 146163 DEBUG oslo_service.service [req-9d8f2203-e159-41a9-aab2-a7e7a164ec60 - - - - -] profiler.hmac_keys = SECRET_KEY log_opt_values /usr/lib/python3/dist-packages/oslo_config/cfg.py:2609
2026-06-15 00:37:51.692 146163 DEBUG oslo_service.service [req-9d8f2203-e159-41a9-aab2-a7e7a164ec60 - - - - -] profiler.sentinel_service_name = mymaster log_opt_values /usr/lib/python3/dist-packages/oslo_config/cfg.py:2609
2026-06-15 00:37:51.692 146163 DEBUG oslo_service.service [req-9d8f2203-e159-41a9-aab2-a7e7a164ec60 - - - - -] profiler.socket_timeout = 0.1 log_opt_values /usr/lib/python3/dist-packages/oslo_config/cfg.py:2609
2026-06-15 00:37:51.692 146163 DEBUG oslo_service.service [req-9d8f2203-e159-41a9-aab2-a7e7a164ec60 - - - - -] profiler.trace_sqlalchemy = False log_opt_values /usr/lib/python3/dist-packages/oslo_config/cfg.py:2609
2026-06-15 00:37:51.693 146163 DEBUG oslo_service.service [req-9d8f2203-e159-41a9-aab2-a7e7a164ec60 - - - - -] remote_debug.host = None log_opt_values /usr/lib/python3/dist-packages/oslo_config/cfg.py:2609
2026-06-15 00:37:51.693 146163 DEBUG oslo_service.service [req-9d8f2203-e159-41a9-aab2-a7e7a164ec60 - - - - -] remote_debug.port = None log_opt_values /usr/lib/python3/dist-packages/oslo_config/cfg.py:2609
2026-06-15 00:37:51.693 146163 DEBUG oslo_service.service [req-9d8f2203-e159-41a9-aab2-a7e7a164ec60 - - - - -] oslo_messaging_rabbit.amqp_auto_delete = False log_opt_values /usr/lib/python3/dist-packages/oslo_config/cfg.py:2609
2026-06-15 00:37:51.693 146163 DEBUG oslo_service.service [req-9d8f2203-e159-41a9-aab2-a7e7a164ec60 - - - - -] oslo_messaging_rabbit.amqp_durable_queues = False log_opt_values /usr/lib/python3/dist-packages/oslo_config/cfg.py:2609
2026-06-15 00:37:51.693 146163 DEBUG oslo_service.service [req-9d8f2203-e159-41a9-aab2-a7e7a164ec60 - - - - -] oslo_messaging_rabbit.conn_pool_min_size = 2 log_opt_values /usr/lib/python3/dist-packages/oslo_config/cfg.py:2609
2026-06-15 00:37:51.694 146163 DEBUG oslo_service.service [req-9d8f2203-e159-41a9-aab2-a7e7a164ec60 - - - - -] oslo_messaging_rabbit.conn_pool_ttl = 1200 log_opt_values /usr/lib/python3/dist-packages/oslo_config/cfg.py:2609
2026-06-15 00:37:51.694 146163 DEBUG oslo_service.service [req-9d8f2203-e159-41a9-aab2-a7e7a164ec60 - - - - -] oslo_messaging_rabbit.direct_mandatory_flag = True log_opt_values /usr/lib/python3/dist-packages/oslo_config/cfg.py:2609
2026-06-15 00:37:51.694 146163 DEBUG oslo_service.service [req-9d8f2203-e159-41a9-aab2-a7e7a164ec60 - - - - -] oslo_messaging_rabbit.enable_cancel_on_failover = False log_opt_values /usr/lib/python3/dist-packages/oslo_config/cfg.py:2609
2026-06-15 00:37:51.694 146163 DEBUG oslo_service.service [req-9d8f2203-e159-41a9-aab2-a7e7a164ec60 - - - - -] oslo_messaging_rabbit.heartbeat_in_pthread = False log_opt_values /usr/lib/python3/dist-packages/oslo_config/cfg.py:2609
2026-06-15 00:37:51.695 146163 DEBUG oslo_service.service [req-9d8f2203-e159-41a9-aab2-a7e7a164ec60 - - - - -] oslo_messaging_rabbit.heartbeat_rate = 2 log_opt_values /usr/lib/python3/dist-packages/oslo_config/cfg.py:2609
2026-06-15 00:37:51.695 146163 DEBUG oslo_service.service [req-9d8f2203-e159-41a9-aab2-a7e7a164ec60 - - - - -] oslo_messaging_rabbit.heartbeat_timeout_threshold = 60 log_opt_values /usr/lib/python3/dist-packages/oslo_config/cfg.py:2609
2026-06-15 00:37:51.695 146163 DEBUG oslo_service.service [req-9d8f2203-e159-41a9-aab2-a7e7a164ec60 - - - - -] oslo_messaging_rabbit.kombu_compression = None log_opt_values /usr/lib/python3/dist-packages/oslo_config/cfg.py:2609
2026-06-15 00:37:51.695 146163 DEBUG oslo_service.service [req-9d8f2203-e159-41a9-aab2-a7e7a164ec60 - - - - -] oslo_messaging_rabbit.kombu_failover_strategy = round-robin log_opt_values /usr/lib/python3/dist-packages/oslo_config/cfg.py:2609
2026-06-15 00:37:51.695 146163 DEBUG oslo_service.service [req-9d8f2203-e159-41a9-aab2-a7e7a164ec60 - - - - -] oslo_messaging_rabbit.kombu_missing_consumer_retry_timeout = 60 log_opt_values /usr/lib/python3/dist-packages/oslo_config/cfg.py:2609
2026-06-15 00:37:51.695 146163 DEBUG oslo_service.service [req-9d8f2203-e159-41a9-aab2-a7e7a164ec60 - - - - -] oslo_messaging_rabbit.kombu_reconnect_delay = 1.0 log_opt_values /usr/lib/python3/dist-packages/oslo_config/cfg.py:2609
2026-06-15 00:37:51.696 146163 DEBUG oslo_service.service [req-9d8f2203-e159-41a9-aab2-a7e7a164ec60 - - - - -] oslo_messaging_rabbit.rabbit_ha_queues = False log_opt_values /usr/lib/python3/dist-packages/oslo_config/cfg.py:2609
2026-06-15 00:37:51.696 146163 DEBUG oslo_service.service [req-9d8f2203-e159-41a9-aab2-a7e7a164ec60 - - - - -] oslo_messaging_rabbit.rabbit_interval_max = 30 log_opt_values /usr/lib/python3/dist-packages/oslo_config/cfg.py:2609
2026-06-15 00:37:51.696 146163 DEBUG oslo_service.service [req-9d8f2203-e159-41a9-aab2-a7e7a164ec60 - - - - -] oslo_messaging_rabbit.rabbit_login_method = AMQPLAIN log_opt_values /usr/lib/python3/dist-packages/oslo_config/cfg.py:2609
2026-06-15 00:37:51.696 146163 DEBUG oslo_service.service [req-9d8f2203-e159-41a9-aab2-a7e7a164ec60 - - - - -] oslo_messaging_rabbit.rabbit_qos_prefetch_count = 0 log_opt_values /usr/lib/python3/dist-packages/oslo_config/cfg.py:2609
2026-06-15 00:37:51.697 146163 DEBUG oslo_service.service [req-9d8f2203-e159-41a9-aab2-a7e7a164ec60 - - - - -] oslo_messaging_rabbit.rabbit_quorum_queue = False log_opt_values /usr/lib/python3/dist-packages/oslo_config/cfg.py:2609
2026-06-15 00:37:51.697 146163 DEBUG oslo_service.service [req-9d8f2203-e159-41a9-aab2-a7e7a164ec60 - - - - -] oslo_messaging_rabbit.rabbit_retry_backoff = 2 log_opt_values /usr/lib/python3/dist-packages/oslo_config/cfg.py:2609
2026-06-15 00:37:51.697 146163 DEBUG oslo_service.service [req-9d8f2203-e159-41a9-aab2-a7e7a164ec60 - - - - -] oslo_messaging_rabbit.rabbit_retry_interval = 1 log_opt_values /usr/lib/python3/dist-packages/oslo_config/cfg.py:2609
2026-06-15 00:37:51.697 146163 DEBUG oslo_service.service [req-9d8f2203-e159-41a9-aab2-a7e7a164ec60 - - - - -] oslo_messaging_rabbit.rabbit_transient_queues_ttl = 1800 log_opt_values /usr/lib/python3/dist-packages/oslo_config/cfg.py:2609
2026-06-15 00:37:51.697 146163 DEBUG oslo_service.service [req-9d8f2203-e159-41a9-aab2-a7e7a164ec60 - - - - -] oslo_messaging_rabbit.rpc_conn_pool_size = 30 log_opt_values /usr/lib/python3/dist-packages/oslo_config/cfg.py:2609
2026-06-15 00:37:51.698 146163 DEBUG oslo_service.service [req-9d8f2203-e159-41a9-aab2-a7e7a164ec60 - - - - -] oslo_messaging_rabbit.ssl = False log_opt_values /usr/lib/python3/dist-packages/oslo_config/cfg.py:2609
2026-06-15 00:37:51.698 146163 DEBUG oslo_service.service [req-9d8f2203-e159-41a9-aab2-a7e7a164ec60 - - - - -] oslo_messaging_rabbit.ssl_ca_file = log_opt_values /usr/lib/python3/dist-packages/oslo_config/cfg.py:2609
2026-06-15 00:37:51.698 146163 DEBUG oslo_service.service [req-9d8f2203-e159-41a9-aab2-a7e7a164ec60 - - - - -] oslo_messaging_rabbit.ssl_cert_file = log_opt_values /usr/lib/python3/dist-packages/oslo_config/cfg.py:2609
2026-06-15 00:37:51.698 146163 DEBUG oslo_service.service [req-9d8f2203-e159-41a9-aab2-a7e7a164ec60 - - - - -] oslo_messaging_rabbit.ssl_key_file = log_opt_values /usr/lib/python3/dist-packages/oslo_config/cfg.py:2609
2026-06-15 00:37:51.698 146163 DEBUG oslo_service.service [req-9d8f2203-e159-41a9-aab2-a7e7a164ec60 - - - - -] oslo_messaging_rabbit.ssl_version = log_opt_values /usr/lib/python3/dist-packages/oslo_config/cfg.py:2609
2026-06-15 00:37:51.698 146163 DEBUG oslo_service.service [req-9d8f2203-e159-41a9-aab2-a7e7a164ec60 - - - - -] oslo_messaging_notifications.driver = ['messagingv2'] log_opt_values /usr/lib/python3/dist-packages/oslo_config/cfg.py:2609
2026-06-15 00:37:51.699 146163 DEBUG oslo_service.service [req-9d8f2203-e159-41a9-aab2-a7e7a164ec60 - - - - -] oslo_messaging_notifications.retry = -1 log_opt_values /usr/lib/python3/dist-packages/oslo_config/cfg.py:2609
2026-06-15 00:37:51.699 146163 DEBUG oslo_service.service [req-9d8f2203-e159-41a9-aab2-a7e7a164ec60 - - - - -] oslo_messaging_notifications.topics = ['notifications'] log_opt_values /usr/lib/python3/dist-packages/oslo_config/cfg.py:2609
2026-06-15 00:37:51.699 146163 DEBUG oslo_service.service [req-9d8f2203-e159-41a9-aab2-a7e7a164ec60 - - - - -] oslo_messaging_notifications.transport_url = **** log_opt_values /usr/lib/python3/dist-packages/oslo_config/cfg.py:2609
2026-06-15 00:37:51.699 146163 DEBUG oslo_service.service [req-9d8f2203-e159-41a9-aab2-a7e7a164ec60 - - - - -] oslo_limit.auth_section = None log_opt_values /usr/lib/python3/dist-packages/oslo_config/cfg.py:2609
2026-06-15 00:37:51.700 146163 DEBUG oslo_service.service [req-9d8f2203-e159-41a9-aab2-a7e7a164ec60 - - - - -] oslo_limit.auth_type = None log_opt_values /usr/lib/python3/dist-packages/oslo_config/cfg.py:2609
2026-06-15 00:37:51.700 146163 DEBUG oslo_service.service [req-9d8f2203-e159-41a9-aab2-a7e7a164ec60 - - - - -] oslo_limit.cafile = None log_opt_values /usr/lib/python3/dist-packages/oslo_config/cfg.py:2609
2026-06-15 00:37:51.700 146163 DEBUG oslo_service.service [req-9d8f2203-e159-41a9-aab2-a7e7a164ec60 - - - - -] oslo_limit.certfile = None log_opt_values /usr/lib/python3/dist-packages/oslo_config/cfg.py:2609
2026-06-15 00:37:51.700 146163 DEBUG oslo_service.service [req-9d8f2203-e159-41a9-aab2-a7e7a164ec60 - - - - -] oslo_limit.collect_timing = False log_opt_values /usr/lib/python3/dist-packages/oslo_config/cfg.py:2609
2026-06-15 00:37:51.701 146163 DEBUG oslo_service.service [req-9d8f2203-e159-41a9-aab2-a7e7a164ec60 - - - - -] oslo_limit.connect_retries = None log_opt_values /usr/lib/python3/dist-packages/oslo_config/cfg.py:2609
2026-06-15 00:37:51.701 146163 DEBUG oslo_service.service [req-9d8f2203-e159-41a9-aab2-a7e7a164ec60 - - - - -] oslo_limit.connect_retry_delay = None log_opt_values /usr/lib/python3/dist-packages/oslo_config/cfg.py:2609
2026-06-15 00:37:51.701 146163 DEBUG oslo_service.service [req-9d8f2203-e159-41a9-aab2-a7e7a164ec60 - - - - -] oslo_limit.endpoint_id = None log_opt_values /usr/lib/python3/dist-packages/oslo_config/cfg.py:2609
2026-06-15 00:37:51.701 146163 DEBUG oslo_service.service [req-9d8f2203-e159-41a9-aab2-a7e7a164ec60 - - - - -] oslo_limit.endpoint_override = None log_opt_values /usr/lib/python3/dist-packages/oslo_config/cfg.py:2609
2026-06-15 00:37:51.701 146163 DEBUG oslo_service.service [req-9d8f2203-e159-41a9-aab2-a7e7a164ec60 - - - - -] oslo_limit.insecure = False log_opt_values /usr/lib/python3/dist-packages/oslo_config/cfg.py:2609
2026-06-15 00:37:51.702 146163 DEBUG oslo_service.service [req-9d8f2203-e159-41a9-aab2-a7e7a164ec60 - - - - -] oslo_limit.keyfile = None log_opt_values /usr/lib/python3/dist-packages/oslo_config/cfg.py:2609
2026-06-15 00:37:51.702 146163 DEBUG oslo_service.service [req-9d8f2203-e159-41a9-aab2-a7e7a164ec60 - - - - -] oslo_limit.max_version = None log_opt_values /usr/lib/python3/dist-packages/oslo_config/cfg.py:2609
2026-06-15 00:37:51.702 146163 DEBUG oslo_service.service [req-9d8f2203-e159-41a9-aab2-a7e7a164ec60 - - - - -] oslo_limit.min_version = None log_opt_values /usr/lib/python3/dist-packages/oslo_config/cfg.py:2609
2026-06-15 00:37:51.702 146163 DEBUG oslo_service.service [req-9d8f2203-e159-41a9-aab2-a7e7a164ec60 - - - - -] oslo_limit.region_name = None log_opt_values /usr/lib/python3/dist-packages/oslo_config/cfg.py:2609
2026-06-15 00:37:51.702 146163 DEBUG oslo_service.service [req-9d8f2203-e159-41a9-aab2-a7e7a164ec60 - - - - -] oslo_limit.service_name = None log_opt_values /usr/lib/python3/dist-packages/oslo_config/cfg.py:2609
2026-06-15 00:37:51.703 146163 DEBUG oslo_service.service [req-9d8f2203-e159-41a9-aab2-a7e7a164ec60 - - - - -] oslo_limit.service_type = None log_opt_values /usr/lib/python3/dist-packages/oslo_config/cfg.py:2609
2026-06-15 00:37:51.703 146163 DEBUG oslo_service.service [req-9d8f2203-e159-41a9-aab2-a7e7a164ec60 - - - - -] oslo_limit.split_loggers = False log_opt_values /usr/lib/python3/dist-packages/oslo_config/cfg.py:2609
2026-06-15 00:37:51.703 146163 DEBUG oslo_service.service [req-9d8f2203-e159-41a9-aab2-a7e7a164ec60 - - - - -] oslo_limit.status_code_retries = None log_opt_values /usr/lib/python3/dist-packages/oslo_config/cfg.py:2609
2026-06-15 00:37:51.703 146163 DEBUG oslo_service.service [req-9d8f2203-e159-41a9-aab2-a7e7a164ec60 - - - - -] oslo_limit.status_code_retry_delay = None log_opt_values /usr/lib/python3/dist-packages/oslo_config/cfg.py:2609
2026-06-15 00:37:51.703 146163 DEBUG oslo_service.service [req-9d8f2203-e159-41a9-aab2-a7e7a164ec60 - - - - -] oslo_limit.timeout = None log_opt_values /usr/lib/python3/dist-packages/oslo_config/cfg.py:2609
2026-06-15 00:37:51.703 146163 DEBUG oslo_service.service [req-9d8f2203-e159-41a9-aab2-a7e7a164ec60 - - - - -] oslo_limit.valid_interfaces = None log_opt_values /usr/lib/python3/dist-packages/oslo_config/cfg.py:2609
2026-06-15 00:37:51.704 146163 DEBUG oslo_service.service [req-9d8f2203-e159-41a9-aab2-a7e7a164ec60 - - - - -] oslo_limit.version = None log_opt_values /usr/lib/python3/dist-packages/oslo_config/cfg.py:2609
2026-06-15 00:37:51.704 146163 DEBUG oslo_service.service [req-9d8f2203-e159-41a9-aab2-a7e7a164ec60 - - - - -] oslo_reports.file_event_handler = None log_opt_values /usr/lib/python3/dist-packages/oslo_config/cfg.py:2609
2026-06-15 00:37:51.704 146163 DEBUG oslo_service.service [req-9d8f2203-e159-41a9-aab2-a7e7a164ec60 - - - - -] oslo_reports.file_event_handler_interval = 1 log_opt_values /usr/lib/python3/dist-packages/oslo_config/cfg.py:2609
2026-06-15 00:37:51.704 146163 DEBUG oslo_service.service [req-9d8f2203-e159-41a9-aab2-a7e7a164ec60 - - - - -] oslo_reports.log_dir = None log_opt_values /usr/lib/python3/dist-packages/oslo_config/cfg.py:2609
2026-06-15 00:37:51.704 146163 DEBUG oslo_service.service [req-9d8f2203-e159-41a9-aab2-a7e7a164ec60 - - - - -] ******************************************************************************** log_opt_values /usr/lib/python3/dist-packages/oslo_config/cfg.py:2613
2026-06-15 00:37:52.568 146982 DEBUG oslo_messaging._drivers.amqpdriver [-] AMQPListener connection timeout poll /usr/lib/python3/dist-packages/oslo_messaging/_drivers/amqpdriver.py:360
2026-06-15 00:37:52.569 146982 DEBUG oslo_messaging._drivers.amqpdriver [-] Listener is running poll /usr/lib/python3/dist-packages/oslo_messaging/_drivers/amqpdriver.py:343
2026-06-15 00:37:52.569 146982 DEBUG oslo_messaging._drivers.amqpdriver [-] AMQPListener connection consume poll /usr/lib/python3/dist-packages/oslo_messaging/_drivers/amqpdriver.py:357
2026-06-15 00:37:52.570 146983 DEBUG oslo_messaging._drivers.amqpdriver [-] AMQPListener connection timeout poll /usr/lib/python3/dist-packages/oslo_messaging/_drivers/amqpdriver.py:360
2026-06-15 00:37:52.570 146983 DEBUG oslo_messaging._drivers.amqpdriver [-] Listener is running poll /usr/lib/python3/dist-packages/oslo_messaging/_drivers/amqpdriver.py:343
2026-06-15 00:37:52.571 146983 DEBUG oslo_messaging._drivers.amqpdriver [-] AMQPListener connection consume poll /usr/lib/python3/dist-packages/oslo_messaging/_drivers/amqpdriver.py:357
2026-06-15 00:37:52.580 146984 DEBUG oslo_messaging._drivers.amqpdriver [-] AMQPListener connection timeout poll /usr/lib/python3/dist-packages/oslo_messaging/_drivers/amqpdriver.py:360
2026-06-15 00:37:52.580 146984 DEBUG oslo_messaging._drivers.amqpdriver [-] Listener is running poll /usr/lib/python3/dist-packages/oslo_messaging/_drivers/amqpdriver.py:343
2026-06-15 00:37:52.580 146984 DEBUG oslo_messaging._drivers.amqpdriver [-] AMQPListener connection consume poll /usr/lib/python3/dist-packages/oslo_messaging/_drivers/amqpdriver.py:357
2026-06-15 00:37:52.585 146981 DEBUG oslo_messaging._drivers.amqpdriver [-] AMQPListener connection timeout poll /usr/lib/python3/dist-packages/oslo_messaging/_drivers/amqpdriver.py:360
2026-06-15 00:37:52.586 146981 DEBUG oslo_messaging._drivers.amqpdriver [-] Listener is running poll /usr/lib/python3/dist-packages/oslo_messaging/_drivers/amqpdriver.py:343
2026-06-15 00:37:52.586 146981 DEBUG oslo_messaging._drivers.amqpdriver [-] AMQPListener connection consume poll /usr/lib/python3/dist-packages/oslo_messaging/_drivers/amqpdriver.py:357
2026-06-15 00:37:54.571 146982 DEBUG oslo_messaging._drivers.amqpdriver [-] AMQPListener connection timeout poll /usr/lib/python3/dist-packages/oslo_messaging/_drivers/amqpdriver.py:360
2026-06-15 00:37:54.572 146982 DEBUG oslo_messaging._drivers.amqpdriver [-] Listener is running poll /usr/lib/python3/dist-packages/oslo_messaging/_drivers/amqpdriver.py:343
2026-06-15 00:37:54.572 146982 DEBUG oslo_messaging._drivers.amqpdriver [-] AMQPListener connection consume poll /usr/lib/python3/dist-packages/oslo_messaging/_drivers/amqpdriver.py:357
2026-06-15 00:37:54.572 146983 DEBUG oslo_messaging._drivers.amqpdriver [-] AMQPListener connection timeout poll /usr/lib/python3/dist-packages/oslo_messaging/_drivers/amqpdriver.py:360
2026-06-15 00:37:54.573 146983 DEBUG oslo_messaging._drivers.amqpdriver [-] Listener is running poll /usr/lib/python3/dist-packages/oslo_messaging/_drivers/amqpdriver.py:343
2026-06-15 00:37:54.573 146983 DEBUG oslo_messaging._drivers.amqpdriver [-] AMQPListener connection consume poll /usr/lib/python3/dist-packages/oslo_messaging/_drivers/amqpdriver.py:357
2026-06-15 00:37:54.583 146984 DEBUG oslo_messaging._drivers.amqpdriver [-] AMQPListener connection timeout poll /usr/lib/python3/dist-packages/oslo_messaging/_drivers/amqpdriver.py:360
2026-06-15 00:37:54.583 146984 DEBUG oslo_messaging._drivers.amqpdriver [-] Listener is running poll /usr/lib/python3/dist-packages/oslo_messaging/_drivers/amqpdriver.py:343
2026-06-15 00:37:54.583 146984 DEBUG oslo_messaging._drivers.amqpdriver [-] AMQPListener connection consume poll /usr/lib/python3/dist-packages/oslo_messaging/_drivers/amqpdriver.py:357
2026-06-15 00:37:54.587 146981 DEBUG oslo_messaging._drivers.amqpdriver [-] AMQPListener connection timeout poll /usr/lib/python3/dist-packages/oslo_messaging/_drivers/amqpdriver.py:360
2026-06-15 00:37:54.587 146981 DEBUG oslo_messaging._drivers.amqpdriver [-] Listener is running poll /usr/lib/python3/dist-packages/oslo_messaging/_drivers/amqpdriver.py:343
2026-06-15 00:37:54.588 146981 DEBUG oslo_messaging._drivers.amqpdriver [-] AMQPListener connection consume poll /usr/lib/python3/dist-packages/oslo_messaging/_drivers/amqpdriver.py:357
2026-06-15 00:37:58.575 146982 DEBUG oslo_messaging._drivers.amqpdriver [-] AMQPListener connection timeout poll /usr/lib/python3/dist-packages/oslo_messaging/_drivers/amqpdriver.py:360
2026-06-15 00:37:58.575 146982 DEBUG oslo_messaging._drivers.amqpdriver [-] Listener is running poll /usr/lib/python3/dist-packages/oslo_messaging/_drivers/amqpdriver.py:343
2026-06-15 00:37:58.575 146982 DEBUG oslo_messaging._drivers.amqpdriver [-] AMQPListener connection consume poll /usr/lib/python3/dist-packages/oslo_messaging/_drivers/amqpdriver.py:357
2026-06-15 00:37:58.575 146983 DEBUG oslo_messaging._drivers.amqpdriver [-] AMQPListener connection timeout poll /usr/lib/python3/dist-packages/oslo_messaging/_drivers/amqpdriver.py:360
2026-06-15 00:37:58.576 146983 DEBUG oslo_messaging._drivers.amqpdriver [-] Listener is running poll /usr/lib/python3/dist-packages/oslo_messaging/_drivers/amqpdriver.py:343
2026-06-15 00:37:58.576 146983 DEBUG oslo_messaging._drivers.amqpdriver [-] AMQPListener connection consume poll /usr/lib/python3/dist-packages/oslo_messaging/_drivers/amqpdriver.py:357
2026-06-15 00:37:58.586 146984 DEBUG oslo_messaging._drivers.amqpdriver [-] AMQPListener connection timeout poll /usr/lib/python3/dist-packages/oslo_messaging/_drivers/amqpdriver.py:360
2026-06-15 00:37:58.586 146984 DEBUG oslo_messaging._drivers.amqpdriver [-] Listener is running poll /usr/lib/python3/dist-packages/oslo_messaging/_drivers/amqpdriver.py:343
2026-06-15 00:37:58.586 146984 DEBUG oslo_messaging._drivers.amqpdriver [-] AMQPListener connection consume poll /usr/lib/python3/dist-packages/oslo_messaging/_drivers/amqpdriver.py:357
2026-06-15 00:37:58.590 146981 DEBUG oslo_messaging._drivers.amqpdriver [-] AMQPListener connection timeout poll /usr/lib/python3/dist-packages/oslo_messaging/_drivers/amqpdriver.py:360
2026-06-15 00:37:58.590 146981 DEBUG oslo_messaging._drivers.amqpdriver [-] Listener is running poll /usr/lib/python3/dist-packages/oslo_messaging/_drivers/amqpdriver.py:343
2026-06-15 00:37:58.590 146981 DEBUG oslo_messaging._drivers.amqpdriver [-] AMQPListener connection consume poll /usr/lib/python3/dist-packages/oslo_messaging/_drivers/amqpdriver.py:357
2026-06-15 00:38:03.578 146984 DEBUG oslo_service.periodic_task [req-b20c2439-3c10-4022-82fb-52f8833cbe1f - - - - -] Running periodic task SchedulerManager._discover_hosts_in_cells run_periodic_tasks /usr/lib/python3/dist-packages/oslo_service/periodic_task.py:210
2026-06-15 00:38:03.580 146984 DEBUG oslo_db.sqlalchemy.engines [req-b20c2439-3c10-4022-82fb-52f8833cbe1f - - - - -] Parent process 146163 forked (146984) with an open database connection, which is being discarded and recreated. checkout /usr/lib/python3/dist-packages/oslo_db/sqlalchemy/engines.py:413
2026-06-15 00:38:03.587 146984 DEBUG oslo_concurrency.lockutils [req-b20c2439-3c10-4022-82fb-52f8833cbe1f - - - - -] Lock "226e658c-7ef7-4c2a-bc0c-3627fac2fa61" acquired by "nova.context.set_target_cell..get_or_set_cached_cell_and_set_connections" :: waited 0.000s inner /usr/lib/python3/dist-packages/oslo_concurrency/lockutils.py:386
2026-06-15 00:38:03.588 146984 DEBUG oslo_concurrency.lockutils [req-b20c2439-3c10-4022-82fb-52f8833cbe1f - - - - -] Lock "226e658c-7ef7-4c2a-bc0c-3627fac2fa61" "released" by "nova.context.set_target_cell..get_or_set_cached_cell_and_set_connections" :: held 0.002s inner /usr/lib/python3/dist-packages/oslo_concurrency/lockutils.py:400
2026-06-15 00:38:03.594 146984 DEBUG oslo_db.sqlalchemy.engines [req-b20c2439-3c10-4022-82fb-52f8833cbe1f - - - - -] MySQL server mode set to STRICT_TRANS_TABLES,STRICT_ALL_TABLES,NO_ZERO_IN_DATE,NO_ZERO_DATE,ERROR_FOR_DIVISION_BY_ZERO,TRADITIONAL,NO_ENGINE_SUBSTITUTION _check_effective_sql_mode /usr/lib/python3/dist-packages/oslo_db/sqlalchemy/engines.py:314
2026-06-15 00:38:06.576 146982 DEBUG oslo_messaging._drivers.amqpdriver [-] AMQPListener connection timeout poll /usr/lib/python3/dist-packages/oslo_messaging/_drivers/amqpdriver.py:360
2026-06-15 00:38:06.576 146982 DEBUG oslo_messaging._drivers.amqpdriver [-] Listener is running poll /usr/lib/python3/dist-packages/oslo_messaging/_drivers/amqpdriver.py:343
2026-06-15 00:38:06.577 146982 DEBUG oslo_messaging._drivers.amqpdriver [-] AMQPListener connection consume poll /usr/lib/python3/dist-packages/oslo_messaging/_drivers/amqpdriver.py:357
2026-06-15 00:38:06.577 146983 DEBUG oslo_messaging._drivers.amqpdriver [-] AMQPListener connection timeout poll /usr/lib/python3/dist-packages/oslo_messaging/_drivers/amqpdriver.py:360
2026-06-15 00:38:06.578 146983 DEBUG oslo_messaging._drivers.amqpdriver [-] Listener is running poll /usr/lib/python3/dist-packages/oslo_messaging/_drivers/amqpdriver.py:343
2026-06-15 00:38:06.578 146983 DEBUG oslo_messaging._drivers.amqpdriver [-] AMQPListener connection consume poll /usr/lib/python3/dist-packages/oslo_messaging/_drivers/amqpdriver.py:357
2026-06-15 00:38:06.587 146984 DEBUG oslo_messaging._drivers.amqpdriver [-] AMQPListener connection timeout poll /usr/lib/python3/dist-packages/oslo_messaging/_drivers/amqpdriver.py:360
2026-06-15 00:38:06.587 146984 DEBUG oslo_messaging._drivers.amqpdriver [-] Listener is running poll /usr/lib/python3/dist-packages/oslo_messaging/_drivers/amqpdriver.py:343
2026-06-15 00:38:06.588 146984 DEBUG oslo_messaging._drivers.amqpdriver [-] AMQPListener connection consume poll /usr/lib/python3/dist-packages/oslo_messaging/_drivers/amqpdriver.py:357
2026-06-15 00:38:06.592 146981 DEBUG oslo_messaging._drivers.amqpdriver [-] AMQPListener connection timeout poll /usr/lib/python3/dist-packages/oslo_messaging/_drivers/amqpdriver.py:360
2026-06-15 00:38:06.592 146981 DEBUG oslo_messaging._drivers.amqpdriver [-] Listener is running poll /usr/lib/python3/dist-packages/oslo_messaging/_drivers/amqpdriver.py:343
2026-06-15 00:38:06.592 146981 DEBUG oslo_messaging._drivers.amqpdriver [-] AMQPListener connection consume poll /usr/lib/python3/dist-packages/oslo_messaging/_drivers/amqpdriver.py:357
2026-06-15 00:38:31.588 146981 DEBUG oslo_service.periodic_task [req-2afe4d20-b869-4e2d-86b9-c5d27ff1cbae - - - - -] Running periodic task SchedulerManager._discover_hosts_in_cells run_periodic_tasks /usr/lib/python3/dist-packages/oslo_service/periodic_task.py:210
2026-06-15 00:38:31.590 146981 DEBUG oslo_db.sqlalchemy.engines [req-2afe4d20-b869-4e2d-86b9-c5d27ff1cbae - - - - -] Parent process 146163 forked (146981) with an open database connection, which is being discarded and recreated. checkout /usr/lib/python3/dist-packages/oslo_db/sqlalchemy/engines.py:413
2026-06-15 00:38:31.599 146981 DEBUG oslo_concurrency.lockutils [req-2afe4d20-b869-4e2d-86b9-c5d27ff1cbae - - - - -] Lock "226e658c-7ef7-4c2a-bc0c-3627fac2fa61" acquired by "nova.context.set_target_cell..get_or_set_cached_cell_and_set_connections" :: waited 0.000s inner /usr/lib/python3/dist-packages/oslo_concurrency/lockutils.py:386
2026-06-15 00:38:31.602 146981 DEBUG oslo_concurrency.lockutils [req-2afe4d20-b869-4e2d-86b9-c5d27ff1cbae - - - - -] Lock "226e658c-7ef7-4c2a-bc0c-3627fac2fa61" "released" by "nova.context.set_target_cell..get_or_set_cached_cell_and_set_connections" :: held 0.003s inner /usr/lib/python3/dist-packages/oslo_concurrency/lockutils.py:400
2026-06-15 00:38:31.609 146981 DEBUG oslo_db.sqlalchemy.engines [req-2afe4d20-b869-4e2d-86b9-c5d27ff1cbae - - - - -] MySQL server mode set to STRICT_TRANS_TABLES,STRICT_ALL_TABLES,NO_ZERO_IN_DATE,NO_ZERO_DATE,ERROR_FOR_DIVISION_BY_ZERO,TRADITIONAL,NO_ENGINE_SUBSTITUTION _check_effective_sql_mode /usr/lib/python3/dist-packages/oslo_db/sqlalchemy/engines.py:314
2026-06-15 00:38:31.672 146981 INFO nova.scheduler.manager [req-2afe4d20-b869-4e2d-86b9-c5d27ff1cbae - - - - -] Discovered 1 new hosts: cell1:cn-jenkins-deploy-platform-juju-os-712-1
2026-06-15 00:38:33.612 146984 DEBUG oslo_service.periodic_task [req-b20c2439-3c10-4022-82fb-52f8833cbe1f - - - - -] Running periodic task SchedulerManager._discover_hosts_in_cells run_periodic_tasks /usr/lib/python3/dist-packages/oslo_service/periodic_task.py:210
2026-06-15 00:38:33.617 146984 DEBUG oslo_concurrency.lockutils [req-daacf552-300b-491e-8fb0-6da26d700796 - - - - -] Lock "226e658c-7ef7-4c2a-bc0c-3627fac2fa61" acquired by "nova.context.set_target_cell..get_or_set_cached_cell_and_set_connections" :: waited 0.000s inner /usr/lib/python3/dist-packages/oslo_concurrency/lockutils.py:386
2026-06-15 00:38:33.617 146984 DEBUG oslo_concurrency.lockutils [req-daacf552-300b-491e-8fb0-6da26d700796 - - - - -] Lock "226e658c-7ef7-4c2a-bc0c-3627fac2fa61" "released" by "nova.context.set_target_cell..get_or_set_cached_cell_and_set_connections" :: held 0.000s inner /usr/lib/python3/dist-packages/oslo_concurrency/lockutils.py:400
2026-06-15 00:38:36.551 146981 DEBUG oslo_messaging._drivers.amqpdriver [-] AMQPListener connection timeout poll /usr/lib/python3/dist-packages/oslo_messaging/_drivers/amqpdriver.py:360
2026-06-15 00:38:36.552 146981 DEBUG oslo_messaging._drivers.amqpdriver [-] Listener is running poll /usr/lib/python3/dist-packages/oslo_messaging/_drivers/amqpdriver.py:343
2026-06-15 00:38:36.552 146981 DEBUG oslo_messaging._drivers.amqpdriver [-] AMQPListener connection consume poll /usr/lib/python3/dist-packages/oslo_messaging/_drivers/amqpdriver.py:357
2026-06-15 00:38:36.556 146982 DEBUG oslo_messaging._drivers.amqpdriver [-] AMQPListener connection timeout poll /usr/lib/python3/dist-packages/oslo_messaging/_drivers/amqpdriver.py:360
2026-06-15 00:38:36.557 146982 DEBUG oslo_messaging._drivers.amqpdriver [-] Listener is running poll /usr/lib/python3/dist-packages/oslo_messaging/_drivers/amqpdriver.py:343
2026-06-15 00:38:36.557 146982 DEBUG oslo_messaging._drivers.amqpdriver [-] AMQPListener connection consume poll /usr/lib/python3/dist-packages/oslo_messaging/_drivers/amqpdriver.py:357
2026-06-15 00:38:36.560 146983 DEBUG oslo_messaging._drivers.amqpdriver [-] AMQPListener connection timeout poll /usr/lib/python3/dist-packages/oslo_messaging/_drivers/amqpdriver.py:360
2026-06-15 00:38:36.561 146983 DEBUG oslo_messaging._drivers.amqpdriver [-] Listener is running poll /usr/lib/python3/dist-packages/oslo_messaging/_drivers/amqpdriver.py:343
2026-06-15 00:38:36.561 146983 DEBUG oslo_messaging._drivers.amqpdriver [-] AMQPListener connection consume poll /usr/lib/python3/dist-packages/oslo_messaging/_drivers/amqpdriver.py:357
2026-06-15 00:38:36.565 146984 DEBUG oslo_messaging._drivers.amqpdriver [-] AMQPListener connection timeout poll /usr/lib/python3/dist-packages/oslo_messaging/_drivers/amqpdriver.py:360
2026-06-15 00:38:36.566 146984 DEBUG oslo_messaging._drivers.amqpdriver [-] Listener is running poll /usr/lib/python3/dist-packages/oslo_messaging/_drivers/amqpdriver.py:343
2026-06-15 00:38:36.566 146984 DEBUG oslo_messaging._drivers.amqpdriver [-] AMQPListener connection consume poll /usr/lib/python3/dist-packages/oslo_messaging/_drivers/amqpdriver.py:357
2026-06-15 00:38:44.574 146982 DEBUG oslo_service.periodic_task [req-aa666bb2-011f-4d11-aabd-53a33e8e23b0 - - - - -] Running periodic task SchedulerManager._discover_hosts_in_cells run_periodic_tasks /usr/lib/python3/dist-packages/oslo_service/periodic_task.py:210
2026-06-15 00:38:44.575 146982 DEBUG oslo_db.sqlalchemy.engines [req-aa666bb2-011f-4d11-aabd-53a33e8e23b0 - - - - -] Parent process 146163 forked (146982) with an open database connection, which is being discarded and recreated. checkout /usr/lib/python3/dist-packages/oslo_db/sqlalchemy/engines.py:413
2026-06-15 00:38:44.581 146982 DEBUG oslo_concurrency.lockutils [req-aa666bb2-011f-4d11-aabd-53a33e8e23b0 - - - - -] Lock "226e658c-7ef7-4c2a-bc0c-3627fac2fa61" acquired by "nova.context.set_target_cell..get_or_set_cached_cell_and_set_connections" :: waited 0.000s inner /usr/lib/python3/dist-packages/oslo_concurrency/lockutils.py:386
2026-06-15 00:38:44.582 146982 DEBUG oslo_concurrency.lockutils [req-aa666bb2-011f-4d11-aabd-53a33e8e23b0 - - - - -] Lock "226e658c-7ef7-4c2a-bc0c-3627fac2fa61" "released" by "nova.context.set_target_cell..get_or_set_cached_cell_and_set_connections" :: held 0.002s inner /usr/lib/python3/dist-packages/oslo_concurrency/lockutils.py:400
2026-06-15 00:38:44.588 146982 DEBUG oslo_db.sqlalchemy.engines [req-aa666bb2-011f-4d11-aabd-53a33e8e23b0 - - - - -] MySQL server mode set to STRICT_TRANS_TABLES,STRICT_ALL_TABLES,NO_ZERO_IN_DATE,NO_ZERO_DATE,ERROR_FOR_DIVISION_BY_ZERO,TRADITIONAL,NO_ENGINE_SUBSTITUTION _check_effective_sql_mode /usr/lib/python3/dist-packages/oslo_db/sqlalchemy/engines.py:314
2026-06-15 00:38:50.571 146983 DEBUG oslo_service.periodic_task [req-aeef5786-6238-4ce7-a1a3-efdd4c402b16 - - - - -] Running periodic task SchedulerManager._discover_hosts_in_cells run_periodic_tasks /usr/lib/python3/dist-packages/oslo_service/periodic_task.py:210
2026-06-15 00:38:50.572 146983 DEBUG oslo_db.sqlalchemy.engines [req-aeef5786-6238-4ce7-a1a3-efdd4c402b16 - - - - -] Parent process 146163 forked (146983) with an open database connection, which is being discarded and recreated. checkout /usr/lib/python3/dist-packages/oslo_db/sqlalchemy/engines.py:413
2026-06-15 00:38:50.578 146983 DEBUG oslo_concurrency.lockutils [req-aeef5786-6238-4ce7-a1a3-efdd4c402b16 - - - - -] Lock "226e658c-7ef7-4c2a-bc0c-3627fac2fa61" acquired by "nova.context.set_target_cell..get_or_set_cached_cell_and_set_connections" :: waited 0.000s inner /usr/lib/python3/dist-packages/oslo_concurrency/lockutils.py:386
2026-06-15 00:38:50.580 146983 DEBUG oslo_concurrency.lockutils [req-aeef5786-6238-4ce7-a1a3-efdd4c402b16 - - - - -] Lock "226e658c-7ef7-4c2a-bc0c-3627fac2fa61" "released" by "nova.context.set_target_cell..get_or_set_cached_cell_and_set_connections" :: held 0.002s inner /usr/lib/python3/dist-packages/oslo_concurrency/lockutils.py:400
2026-06-15 00:38:50.585 146983 DEBUG oslo_db.sqlalchemy.engines [req-aeef5786-6238-4ce7-a1a3-efdd4c402b16 - - - - -] MySQL server mode set to STRICT_TRANS_TABLES,STRICT_ALL_TABLES,NO_ZERO_IN_DATE,NO_ZERO_DATE,ERROR_FOR_DIVISION_BY_ZERO,TRADITIONAL,NO_ENGINE_SUBSTITUTION _check_effective_sql_mode /usr/lib/python3/dist-packages/oslo_db/sqlalchemy/engines.py:314
2026-06-15 00:39:01.679 146981 DEBUG oslo_service.periodic_task [req-2afe4d20-b869-4e2d-86b9-c5d27ff1cbae - - - - -] Running periodic task SchedulerManager._discover_hosts_in_cells run_periodic_tasks /usr/lib/python3/dist-packages/oslo_service/periodic_task.py:210
2026-06-15 00:39:01.683 146981 DEBUG oslo_concurrency.lockutils [req-33b0510e-271c-4a5b-9833-f427b4f7a0d0 - - - - -] Lock "226e658c-7ef7-4c2a-bc0c-3627fac2fa61" acquired by "nova.context.set_target_cell..get_or_set_cached_cell_and_set_connections" :: waited 0.000s inner /usr/lib/python3/dist-packages/oslo_concurrency/lockutils.py:386
2026-06-15 00:39:01.683 146981 DEBUG oslo_concurrency.lockutils [req-33b0510e-271c-4a5b-9833-f427b4f7a0d0 - - - - -] Lock "226e658c-7ef7-4c2a-bc0c-3627fac2fa61" "released" by "nova.context.set_target_cell..get_or_set_cached_cell_and_set_connections" :: held 0.000s inner /usr/lib/python3/dist-packages/oslo_concurrency/lockutils.py:400
2026-06-15 00:39:03.627 146984 DEBUG oslo_service.periodic_task [req-daacf552-300b-491e-8fb0-6da26d700796 - - - - -] Running periodic task SchedulerManager._discover_hosts_in_cells run_periodic_tasks /usr/lib/python3/dist-packages/oslo_service/periodic_task.py:210
2026-06-15 00:39:03.632 146984 DEBUG oslo_concurrency.lockutils [req-41593d8e-c015-4979-9b8b-1a15904b25c8 - - - - -] Lock "226e658c-7ef7-4c2a-bc0c-3627fac2fa61" acquired by "nova.context.set_target_cell..get_or_set_cached_cell_and_set_connections" :: waited 0.000s inner /usr/lib/python3/dist-packages/oslo_concurrency/lockutils.py:386
2026-06-15 00:39:03.633 146984 DEBUG oslo_concurrency.lockutils [req-41593d8e-c015-4979-9b8b-1a15904b25c8 - - - - -] Lock "226e658c-7ef7-4c2a-bc0c-3627fac2fa61" "released" by "nova.context.set_target_cell..get_or_set_cached_cell_and_set_connections" :: held 0.000s inner /usr/lib/python3/dist-packages/oslo_concurrency/lockutils.py:400
2026-06-15 00:39:08.555 146981 DEBUG oslo_messaging._drivers.amqpdriver [-] AMQPListener connection timeout poll /usr/lib/python3/dist-packages/oslo_messaging/_drivers/amqpdriver.py:360
2026-06-15 00:39:08.555 146981 DEBUG oslo_messaging._drivers.amqpdriver [-] Listener is running poll /usr/lib/python3/dist-packages/oslo_messaging/_drivers/amqpdriver.py:343
2026-06-15 00:39:08.555 146981 DEBUG oslo_messaging._drivers.amqpdriver [-] AMQPListener connection consume poll /usr/lib/python3/dist-packages/oslo_messaging/_drivers/amqpdriver.py:357
2026-06-15 00:39:08.559 146982 DEBUG oslo_messaging._drivers.amqpdriver [-] AMQPListener connection timeout poll /usr/lib/python3/dist-packages/oslo_messaging/_drivers/amqpdriver.py:360
2026-06-15 00:39:08.559 146982 DEBUG oslo_messaging._drivers.amqpdriver [-] Listener is running poll /usr/lib/python3/dist-packages/oslo_messaging/_drivers/amqpdriver.py:343
2026-06-15 00:39:08.559 146982 DEBUG oslo_messaging._drivers.amqpdriver [-] AMQPListener connection consume poll /usr/lib/python3/dist-packages/oslo_messaging/_drivers/amqpdriver.py:357
2026-06-15 00:39:08.563 146983 DEBUG oslo_messaging._drivers.amqpdriver [-] AMQPListener connection timeout poll /usr/lib/python3/dist-packages/oslo_messaging/_drivers/amqpdriver.py:360
2026-06-15 00:39:08.563 146983 DEBUG oslo_messaging._drivers.amqpdriver [-] Listener is running poll /usr/lib/python3/dist-packages/oslo_messaging/_drivers/amqpdriver.py:343
2026-06-15 00:39:08.563 146983 DEBUG oslo_messaging._drivers.amqpdriver [-] AMQPListener connection consume poll /usr/lib/python3/dist-packages/oslo_messaging/_drivers/amqpdriver.py:357
2026-06-15 00:39:08.568 146984 DEBUG oslo_messaging._drivers.amqpdriver [-] AMQPListener connection timeout poll /usr/lib/python3/dist-packages/oslo_messaging/_drivers/amqpdriver.py:360
2026-06-15 00:39:08.568 146984 DEBUG oslo_messaging._drivers.amqpdriver [-] Listener is running poll /usr/lib/python3/dist-packages/oslo_messaging/_drivers/amqpdriver.py:343
2026-06-15 00:39:08.568 146984 DEBUG oslo_messaging._drivers.amqpdriver [-] AMQPListener connection consume poll /usr/lib/python3/dist-packages/oslo_messaging/_drivers/amqpdriver.py:357
2026-06-15 00:39:14.604 146982 DEBUG oslo_service.periodic_task [req-aa666bb2-011f-4d11-aabd-53a33e8e23b0 - - - - -] Running periodic task SchedulerManager._discover_hosts_in_cells run_periodic_tasks /usr/lib/python3/dist-packages/oslo_service/periodic_task.py:210
2026-06-15 00:39:14.608 146982 DEBUG oslo_concurrency.lockutils [req-65414621-7c04-4150-8434-5406d783ccb2 - - - - -] Lock "226e658c-7ef7-4c2a-bc0c-3627fac2fa61" acquired by "nova.context.set_target_cell..get_or_set_cached_cell_and_set_connections" :: waited 0.000s inner /usr/lib/python3/dist-packages/oslo_concurrency/lockutils.py:386
2026-06-15 00:39:14.608 146982 DEBUG oslo_concurrency.lockutils [req-65414621-7c04-4150-8434-5406d783ccb2 - - - - -] Lock "226e658c-7ef7-4c2a-bc0c-3627fac2fa61" "released" by "nova.context.set_target_cell..get_or_set_cached_cell_and_set_connections" :: held 0.000s inner /usr/lib/python3/dist-packages/oslo_concurrency/lockutils.py:400
2026-06-15 00:39:20.599 146983 DEBUG oslo_service.periodic_task [req-aeef5786-6238-4ce7-a1a3-efdd4c402b16 - - - - -] Running periodic task SchedulerManager._discover_hosts_in_cells run_periodic_tasks /usr/lib/python3/dist-packages/oslo_service/periodic_task.py:210
2026-06-15 00:39:20.604 146983 DEBUG oslo_concurrency.lockutils [req-d8884496-e1c2-42d6-a8bd-3f2480601ca6 - - - - -] Lock "226e658c-7ef7-4c2a-bc0c-3627fac2fa61" acquired by "nova.context.set_target_cell..get_or_set_cached_cell_and_set_connections" :: waited 0.000s inner /usr/lib/python3/dist-packages/oslo_concurrency/lockutils.py:386
2026-06-15 00:39:20.604 146983 DEBUG oslo_concurrency.lockutils [req-d8884496-e1c2-42d6-a8bd-3f2480601ca6 - - - - -] Lock "226e658c-7ef7-4c2a-bc0c-3627fac2fa61" "released" by "nova.context.set_target_cell..get_or_set_cached_cell_and_set_connections" :: held 0.000s inner /usr/lib/python3/dist-packages/oslo_concurrency/lockutils.py:400
2026-06-15 00:39:32.591 146981 DEBUG oslo_service.periodic_task [req-33b0510e-271c-4a5b-9833-f427b4f7a0d0 - - - - -] Running periodic task SchedulerManager._discover_hosts_in_cells run_periodic_tasks /usr/lib/python3/dist-packages/oslo_service/periodic_task.py:210
2026-06-15 00:39:32.594 146981 DEBUG oslo_concurrency.lockutils [req-a9c664ac-d801-4e12-9fee-a6269a7a2da7 - - - - -] Lock "226e658c-7ef7-4c2a-bc0c-3627fac2fa61" acquired by "nova.context.set_target_cell..get_or_set_cached_cell_and_set_connections" :: waited 0.000s inner /usr/lib/python3/dist-packages/oslo_concurrency/lockutils.py:386
2026-06-15 00:39:32.595 146981 DEBUG oslo_concurrency.lockutils [req-a9c664ac-d801-4e12-9fee-a6269a7a2da7 - - - - -] Lock "226e658c-7ef7-4c2a-bc0c-3627fac2fa61" "released" by "nova.context.set_target_cell..get_or_set_cached_cell_and_set_connections" :: held 0.000s inner /usr/lib/python3/dist-packages/oslo_concurrency/lockutils.py:400
2026-06-15 00:39:34.580 146984 DEBUG oslo_service.periodic_task [req-41593d8e-c015-4979-9b8b-1a15904b25c8 - - - - -] Running periodic task SchedulerManager._discover_hosts_in_cells run_periodic_tasks /usr/lib/python3/dist-packages/oslo_service/periodic_task.py:210
2026-06-15 00:39:34.584 146984 DEBUG oslo_concurrency.lockutils [req-5633a461-7414-43b6-ad0a-b721cfd18b49 - - - - -] Lock "226e658c-7ef7-4c2a-bc0c-3627fac2fa61" acquired by "nova.context.set_target_cell..get_or_set_cached_cell_and_set_connections" :: waited 0.000s inner /usr/lib/python3/dist-packages/oslo_concurrency/lockutils.py:386
2026-06-15 00:39:34.584 146984 DEBUG oslo_concurrency.lockutils [req-5633a461-7414-43b6-ad0a-b721cfd18b49 - - - - -] Lock "226e658c-7ef7-4c2a-bc0c-3627fac2fa61" "released" by "nova.context.set_target_cell..get_or_set_cached_cell_and_set_connections" :: held 0.000s inner /usr/lib/python3/dist-packages/oslo_concurrency/lockutils.py:400
2026-06-15 00:39:44.621 146982 DEBUG oslo_service.periodic_task [req-65414621-7c04-4150-8434-5406d783ccb2 - - - - -] Running periodic task SchedulerManager._discover_hosts_in_cells run_periodic_tasks /usr/lib/python3/dist-packages/oslo_service/periodic_task.py:210
2026-06-15 00:39:44.625 146982 DEBUG oslo_concurrency.lockutils [req-373c69e2-8490-4d0e-ad88-b79964b1dc39 - - - - -] Lock "226e658c-7ef7-4c2a-bc0c-3627fac2fa61" acquired by "nova.context.set_target_cell..get_or_set_cached_cell_and_set_connections" :: waited 0.000s inner /usr/lib/python3/dist-packages/oslo_concurrency/lockutils.py:386
2026-06-15 00:39:44.625 146982 DEBUG oslo_concurrency.lockutils [req-373c69e2-8490-4d0e-ad88-b79964b1dc39 - - - - -] Lock "226e658c-7ef7-4c2a-bc0c-3627fac2fa61" "released" by "nova.context.set_target_cell..get_or_set_cached_cell_and_set_connections" :: held 0.000s inner /usr/lib/python3/dist-packages/oslo_concurrency/lockutils.py:400
2026-06-15 00:39:50.612 146983 DEBUG oslo_service.periodic_task [req-d8884496-e1c2-42d6-a8bd-3f2480601ca6 - - - - -] Running periodic task SchedulerManager._discover_hosts_in_cells run_periodic_tasks /usr/lib/python3/dist-packages/oslo_service/periodic_task.py:210
2026-06-15 00:39:50.615 146983 DEBUG oslo_concurrency.lockutils [req-2a31e192-841a-4c8f-ad06-768ba9e1dfda - - - - -] Lock "226e658c-7ef7-4c2a-bc0c-3627fac2fa61" acquired by "nova.context.set_target_cell..get_or_set_cached_cell_and_set_connections" :: waited 0.000s inner /usr/lib/python3/dist-packages/oslo_concurrency/lockutils.py:386
2026-06-15 00:39:50.616 146983 DEBUG oslo_concurrency.lockutils [req-2a31e192-841a-4c8f-ad06-768ba9e1dfda - - - - -] Lock "226e658c-7ef7-4c2a-bc0c-3627fac2fa61" "released" by "nova.context.set_target_cell..get_or_set_cached_cell_and_set_connections" :: held 0.000s inner /usr/lib/python3/dist-packages/oslo_concurrency/lockutils.py:400
2026-06-15 00:40:03.590 146981 DEBUG oslo_service.periodic_task [req-a9c664ac-d801-4e12-9fee-a6269a7a2da7 - - - - -] Running periodic task SchedulerManager._discover_hosts_in_cells run_periodic_tasks /usr/lib/python3/dist-packages/oslo_service/periodic_task.py:210
2026-06-15 00:40:03.594 146981 DEBUG oslo_concurrency.lockutils [req-c253f0c2-e4ec-40ab-9a82-ebc143ba3a2d - - - - -] Lock "226e658c-7ef7-4c2a-bc0c-3627fac2fa61" acquired by "nova.context.set_target_cell..get_or_set_cached_cell_and_set_connections" :: waited 0.000s inner /usr/lib/python3/dist-packages/oslo_concurrency/lockutils.py:386
2026-06-15 00:40:03.595 146981 DEBUG oslo_concurrency.lockutils [req-c253f0c2-e4ec-40ab-9a82-ebc143ba3a2d - - - - -] Lock "226e658c-7ef7-4c2a-bc0c-3627fac2fa61" "released" by "nova.context.set_target_cell..get_or_set_cached_cell_and_set_connections" :: held 0.000s inner /usr/lib/python3/dist-packages/oslo_concurrency/lockutils.py:400
2026-06-15 00:40:05.581 146984 DEBUG oslo_service.periodic_task [req-5633a461-7414-43b6-ad0a-b721cfd18b49 - - - - -] Running periodic task SchedulerManager._discover_hosts_in_cells run_periodic_tasks /usr/lib/python3/dist-packages/oslo_service/periodic_task.py:210
2026-06-15 00:40:05.585 146984 DEBUG oslo_concurrency.lockutils [req-1c8d9738-08b1-4b2d-be29-883bd2a21d79 - - - - -] Lock "226e658c-7ef7-4c2a-bc0c-3627fac2fa61" acquired by "nova.context.set_target_cell..get_or_set_cached_cell_and_set_connections" :: waited 0.000s inner /usr/lib/python3/dist-packages/oslo_concurrency/lockutils.py:386
