2026-06-15 00:36:39.000 140440 DEBUG oslo_service.service [req-f938f447-47bd-4f86-886c-a50e8465b9b7 - - - - -] database.mysql_enable_ndb = False log_opt_values /usr/lib/python3/dist-packages/oslo_config/cfg.py:2609
2026-06-15 00:36:39.000 140440 DEBUG oslo_service.service [req-f938f447-47bd-4f86-886c-a50e8465b9b7 - - - - -] database.mysql_sql_mode = TRADITIONAL log_opt_values /usr/lib/python3/dist-packages/oslo_config/cfg.py:2609
2026-06-15 00:36:39.001 140440 DEBUG oslo_service.service [req-f938f447-47bd-4f86-886c-a50e8465b9b7 - - - - -] database.pool_timeout = None log_opt_values /usr/lib/python3/dist-packages/oslo_config/cfg.py:2609
2026-06-15 00:36:39.001 140440 DEBUG oslo_service.service [req-f938f447-47bd-4f86-886c-a50e8465b9b7 - - - - -] database.retry_interval = 10 log_opt_values /usr/lib/python3/dist-packages/oslo_config/cfg.py:2609
2026-06-15 00:36:39.001 140440 DEBUG oslo_service.service [req-f938f447-47bd-4f86-886c-a50e8465b9b7 - - - - -] database.slave_connection = **** log_opt_values /usr/lib/python3/dist-packages/oslo_config/cfg.py:2609
2026-06-15 00:36:39.001 140440 DEBUG oslo_service.service [req-f938f447-47bd-4f86-886c-a50e8465b9b7 - - - - -] database.sqlite_synchronous = True log_opt_values /usr/lib/python3/dist-packages/oslo_config/cfg.py:2609
2026-06-15 00:36:39.002 140440 DEBUG oslo_service.service [req-f938f447-47bd-4f86-886c-a50e8465b9b7 - - - - -] database.use_db_reconnect = False log_opt_values /usr/lib/python3/dist-packages/oslo_config/cfg.py:2609
2026-06-15 00:36:39.002 140440 DEBUG oslo_service.service [req-f938f447-47bd-4f86-886c-a50e8465b9b7 - - - - -] api_database.backend = sqlalchemy log_opt_values /usr/lib/python3/dist-packages/oslo_config/cfg.py:2609
2026-06-15 00:36:39.002 140440 DEBUG oslo_service.service [req-f938f447-47bd-4f86-886c-a50e8465b9b7 - - - - -] api_database.connection = **** log_opt_values /usr/lib/python3/dist-packages/oslo_config/cfg.py:2609
2026-06-15 00:36:39.002 140440 DEBUG oslo_service.service [req-f938f447-47bd-4f86-886c-a50e8465b9b7 - - - - -] api_database.connection_debug = 0 log_opt_values /usr/lib/python3/dist-packages/oslo_config/cfg.py:2609
2026-06-15 00:36:39.002 140440 DEBUG oslo_service.service [req-f938f447-47bd-4f86-886c-a50e8465b9b7 - - - - -] api_database.connection_parameters = log_opt_values /usr/lib/python3/dist-packages/oslo_config/cfg.py:2609
2026-06-15 00:36:39.003 140440 DEBUG oslo_service.service [req-f938f447-47bd-4f86-886c-a50e8465b9b7 - - - - -] api_database.connection_recycle_time = 3600 log_opt_values /usr/lib/python3/dist-packages/oslo_config/cfg.py:2609
2026-06-15 00:36:39.004 140440 DEBUG oslo_service.service [req-f938f447-47bd-4f86-886c-a50e8465b9b7 - - - - -] api_database.connection_trace = False log_opt_values /usr/lib/python3/dist-packages/oslo_config/cfg.py:2609
2026-06-15 00:36:39.004 140440 DEBUG oslo_service.service [req-f938f447-47bd-4f86-886c-a50e8465b9b7 - - - - -] api_database.db_inc_retry_interval = True log_opt_values /usr/lib/python3/dist-packages/oslo_config/cfg.py:2609
2026-06-15 00:36:39.007 140440 DEBUG oslo_service.service [req-f938f447-47bd-4f86-886c-a50e8465b9b7 - - - - -] api_database.db_max_retries = 20 log_opt_values /usr/lib/python3/dist-packages/oslo_config/cfg.py:2609
2026-06-15 00:36:39.007 140440 DEBUG oslo_service.service [req-f938f447-47bd-4f86-886c-a50e8465b9b7 - - - - -] api_database.db_max_retry_interval = 10 log_opt_values /usr/lib/python3/dist-packages/oslo_config/cfg.py:2609
2026-06-15 00:36:39.007 140440 DEBUG oslo_service.service [req-f938f447-47bd-4f86-886c-a50e8465b9b7 - - - - -] api_database.db_retry_interval = 1 log_opt_values /usr/lib/python3/dist-packages/oslo_config/cfg.py:2609
2026-06-15 00:36:39.008 140440 DEBUG oslo_service.service [req-f938f447-47bd-4f86-886c-a50e8465b9b7 - - - - -] api_database.max_overflow = 50 log_opt_values /usr/lib/python3/dist-packages/oslo_config/cfg.py:2609
2026-06-15 00:36:39.009 140440 DEBUG oslo_service.service [req-f938f447-47bd-4f86-886c-a50e8465b9b7 - - - - -] api_database.max_pool_size = 4 log_opt_values /usr/lib/python3/dist-packages/oslo_config/cfg.py:2609
2026-06-15 00:36:39.010 140440 DEBUG oslo_service.service [req-f938f447-47bd-4f86-886c-a50e8465b9b7 - - - - -] api_database.max_retries = 10 log_opt_values /usr/lib/python3/dist-packages/oslo_config/cfg.py:2609
2026-06-15 00:36:39.010 140440 DEBUG oslo_service.service [req-f938f447-47bd-4f86-886c-a50e8465b9b7 - - - - -] api_database.mysql_enable_ndb = False log_opt_values /usr/lib/python3/dist-packages/oslo_config/cfg.py:2609
2026-06-15 00:36:39.010 140440 DEBUG oslo_service.service [req-f938f447-47bd-4f86-886c-a50e8465b9b7 - - - - -] api_database.mysql_sql_mode = TRADITIONAL log_opt_values /usr/lib/python3/dist-packages/oslo_config/cfg.py:2609
2026-06-15 00:36:39.010 140440 DEBUG oslo_service.service [req-f938f447-47bd-4f86-886c-a50e8465b9b7 - - - - -] api_database.pool_timeout = None log_opt_values /usr/lib/python3/dist-packages/oslo_config/cfg.py:2609
2026-06-15 00:36:39.010 140440 DEBUG oslo_service.service [req-f938f447-47bd-4f86-886c-a50e8465b9b7 - - - - -] api_database.retry_interval = 10 log_opt_values /usr/lib/python3/dist-packages/oslo_config/cfg.py:2609
2026-06-15 00:36:39.011 140440 DEBUG oslo_service.service [req-f938f447-47bd-4f86-886c-a50e8465b9b7 - - - - -] api_database.slave_connection = **** log_opt_values /usr/lib/python3/dist-packages/oslo_config/cfg.py:2609
2026-06-15 00:36:39.011 140440 DEBUG oslo_service.service [req-f938f447-47bd-4f86-886c-a50e8465b9b7 - - - - -] api_database.sqlite_synchronous = True log_opt_values /usr/lib/python3/dist-packages/oslo_config/cfg.py:2609
2026-06-15 00:36:39.012 140440 DEBUG oslo_service.service [req-f938f447-47bd-4f86-886c-a50e8465b9b7 - - - - -] devices.enabled_mdev_types = [] log_opt_values /usr/lib/python3/dist-packages/oslo_config/cfg.py:2609
2026-06-15 00:36:39.012 140440 DEBUG oslo_service.service [req-f938f447-47bd-4f86-886c-a50e8465b9b7 - - - - -] ephemeral_storage_encryption.cipher = aes-xts-plain64 log_opt_values /usr/lib/python3/dist-packages/oslo_config/cfg.py:2609
2026-06-15 00:36:39.013 140440 DEBUG oslo_service.service [req-f938f447-47bd-4f86-886c-a50e8465b9b7 - - - - -] ephemeral_storage_encryption.enabled = False log_opt_values /usr/lib/python3/dist-packages/oslo_config/cfg.py:2609
2026-06-15 00:36:39.014 140440 DEBUG oslo_service.service [req-f938f447-47bd-4f86-886c-a50e8465b9b7 - - - - -] ephemeral_storage_encryption.key_size = 512 log_opt_values /usr/lib/python3/dist-packages/oslo_config/cfg.py:2609
2026-06-15 00:36:39.014 140440 WARNING oslo_config.cfg [req-f938f447-47bd-4f86-886c-a50e8465b9b7 - - - - -] Deprecated: Option "api_servers" from group "glance" is deprecated for removal ( Support for image service configuration via standard keystoneauth1 Adapter options was added in the 17.0.0 Queens release. The api_servers option was retained temporarily to allow consumers time to cut over to a real load balancing solution. ). Its value may be silently ignored in the future.
2026-06-15 00:36:39.015 140440 DEBUG oslo_service.service [req-f938f447-47bd-4f86-886c-a50e8465b9b7 - - - - -] glance.api_servers = ['http://252.19.241.207:9292'] log_opt_values /usr/lib/python3/dist-packages/oslo_config/cfg.py:2609
2026-06-15 00:36:39.015 140440 DEBUG oslo_service.service [req-f938f447-47bd-4f86-886c-a50e8465b9b7 - - - - -] glance.cafile = None log_opt_values /usr/lib/python3/dist-packages/oslo_config/cfg.py:2609
2026-06-15 00:36:39.015 140440 DEBUG oslo_service.service [req-f938f447-47bd-4f86-886c-a50e8465b9b7 - - - - -] glance.certfile = None log_opt_values /usr/lib/python3/dist-packages/oslo_config/cfg.py:2609
2026-06-15 00:36:39.016 140440 DEBUG oslo_service.service [req-f938f447-47bd-4f86-886c-a50e8465b9b7 - - - - -] glance.collect_timing = False log_opt_values /usr/lib/python3/dist-packages/oslo_config/cfg.py:2609
2026-06-15 00:36:39.016 140440 DEBUG oslo_service.service [req-f938f447-47bd-4f86-886c-a50e8465b9b7 - - - - -] glance.connect_retries = None log_opt_values /usr/lib/python3/dist-packages/oslo_config/cfg.py:2609
2026-06-15 00:36:39.016 140440 DEBUG oslo_service.service [req-f938f447-47bd-4f86-886c-a50e8465b9b7 - - - - -] glance.connect_retry_delay = None log_opt_values /usr/lib/python3/dist-packages/oslo_config/cfg.py:2609
2026-06-15 00:36:39.017 140440 DEBUG oslo_service.service [req-f938f447-47bd-4f86-886c-a50e8465b9b7 - - - - -] glance.debug = False log_opt_values /usr/lib/python3/dist-packages/oslo_config/cfg.py:2609
2026-06-15 00:36:39.019 142064 DEBUG oslo_messaging._drivers.amqpdriver [-] Listener is running poll /usr/lib/python3/dist-packages/oslo_messaging/_drivers/amqpdriver.py:343
2026-06-15 00:36:39.019 142064 DEBUG oslo_messaging._drivers.amqpdriver [-] AMQPListener connection consume poll /usr/lib/python3/dist-packages/oslo_messaging/_drivers/amqpdriver.py:357
2026-06-15 00:36:39.019 140440 DEBUG oslo_service.service [req-f938f447-47bd-4f86-886c-a50e8465b9b7 - - - - -] glance.default_trusted_certificate_ids = [] log_opt_values /usr/lib/python3/dist-packages/oslo_config/cfg.py:2609
2026-06-15 00:36:39.020 140440 DEBUG oslo_service.service [req-f938f447-47bd-4f86-886c-a50e8465b9b7 - - - - -] glance.enable_certificate_validation = False log_opt_values /usr/lib/python3/dist-packages/oslo_config/cfg.py:2609
2026-06-15 00:36:39.020 142064 DEBUG nova.service [req-5b23a9b1-1077-427f-a4c5-64ef01344cf6 - - - - -] Join ServiceGroup membership for this service conductor start /usr/lib/python3/dist-packages/nova/service.py:199
2026-06-15 00:36:39.020 140440 DEBUG oslo_service.service [req-f938f447-47bd-4f86-886c-a50e8465b9b7 - - - - -] glance.enable_rbd_download = False log_opt_values /usr/lib/python3/dist-packages/oslo_config/cfg.py:2609
2026-06-15 00:36:39.020 142064 DEBUG nova.servicegroup.drivers.db [req-5b23a9b1-1077-427f-a4c5-64ef01344cf6 - - - - -] DB_Driver: join new ServiceGroup member juju-7ad79c-0-lxd-7 to the conductor group, service = join /usr/lib/python3/dist-packages/nova/servicegroup/drivers/db.py:44
2026-06-15 00:36:39.020 140440 DEBUG oslo_service.service [req-f938f447-47bd-4f86-886c-a50e8465b9b7 - - - - -] glance.endpoint_override = None log_opt_values /usr/lib/python3/dist-packages/oslo_config/cfg.py:2609
2026-06-15 00:36:39.020 142066 DEBUG oslo_messaging._drivers.amqpdriver [-] Listener is running poll /usr/lib/python3/dist-packages/oslo_messaging/_drivers/amqpdriver.py:343
2026-06-15 00:36:39.021 142066 DEBUG oslo_messaging._drivers.amqpdriver [-] AMQPListener connection consume poll /usr/lib/python3/dist-packages/oslo_messaging/_drivers/amqpdriver.py:357
2026-06-15 00:36:39.020 140440 DEBUG oslo_service.service [req-f938f447-47bd-4f86-886c-a50e8465b9b7 - - - - -] glance.insecure = False log_opt_values /usr/lib/python3/dist-packages/oslo_config/cfg.py:2609
2026-06-15 00:36:39.021 142066 DEBUG nova.service [req-ad807a47-d983-4d2c-98bd-cfa9795c7ff7 - - - - -] Join ServiceGroup membership for this service conductor start /usr/lib/python3/dist-packages/nova/service.py:199
2026-06-15 00:36:39.021 140440 DEBUG oslo_service.service [req-f938f447-47bd-4f86-886c-a50e8465b9b7 - - - - -] glance.keyfile = None log_opt_values /usr/lib/python3/dist-packages/oslo_config/cfg.py:2609
2026-06-15 00:36:39.021 142066 DEBUG nova.servicegroup.drivers.db [req-ad807a47-d983-4d2c-98bd-cfa9795c7ff7 - - - - -] DB_Driver: join new ServiceGroup member juju-7ad79c-0-lxd-7 to the conductor group, service = join /usr/lib/python3/dist-packages/nova/servicegroup/drivers/db.py:44
2026-06-15 00:36:39.021 140440 DEBUG oslo_service.service [req-f938f447-47bd-4f86-886c-a50e8465b9b7 - - - - -] glance.max_version = None log_opt_values /usr/lib/python3/dist-packages/oslo_config/cfg.py:2609
2026-06-15 00:36:39.022 140440 DEBUG oslo_service.service [req-f938f447-47bd-4f86-886c-a50e8465b9b7 - - - - -] glance.min_version = None log_opt_values /usr/lib/python3/dist-packages/oslo_config/cfg.py:2609
2026-06-15 00:36:39.022 142064 DEBUG oslo_messaging._drivers.amqpdriver [-] AMQPListener connection timeout poll /usr/lib/python3/dist-packages/oslo_messaging/_drivers/amqpdriver.py:360
2026-06-15 00:36:39.023 142064 DEBUG oslo_messaging._drivers.amqpdriver [-] Listener is running poll /usr/lib/python3/dist-packages/oslo_messaging/_drivers/amqpdriver.py:343
2026-06-15 00:36:39.022 140440 DEBUG oslo_service.service [req-f938f447-47bd-4f86-886c-a50e8465b9b7 - - - - -] glance.num_retries = 3 log_opt_values /usr/lib/python3/dist-packages/oslo_config/cfg.py:2609
2026-06-15 00:36:39.023 142064 DEBUG oslo_messaging._drivers.amqpdriver [-] AMQPListener connection consume poll /usr/lib/python3/dist-packages/oslo_messaging/_drivers/amqpdriver.py:357
2026-06-15 00:36:39.023 140440 DEBUG oslo_service.service [req-f938f447-47bd-4f86-886c-a50e8465b9b7 - - - - -] glance.rbd_ceph_conf = log_opt_values /usr/lib/python3/dist-packages/oslo_config/cfg.py:2609
2026-06-15 00:36:39.023 140440 DEBUG oslo_service.service [req-f938f447-47bd-4f86-886c-a50e8465b9b7 - - - - -] glance.rbd_connect_timeout = 5 log_opt_values /usr/lib/python3/dist-packages/oslo_config/cfg.py:2609
2026-06-15 00:36:39.023 142063 DEBUG oslo_messaging._drivers.amqpdriver [-] Listener is running poll /usr/lib/python3/dist-packages/oslo_messaging/_drivers/amqpdriver.py:343
2026-06-15 00:36:39.024 140440 DEBUG oslo_service.service [req-f938f447-47bd-4f86-886c-a50e8465b9b7 - - - - -] glance.rbd_pool = log_opt_values /usr/lib/python3/dist-packages/oslo_config/cfg.py:2609
2026-06-15 00:36:39.024 142066 DEBUG oslo_messaging._drivers.amqpdriver [-] AMQPListener connection timeout poll /usr/lib/python3/dist-packages/oslo_messaging/_drivers/amqpdriver.py:360
2026-06-15 00:36:39.024 142063 DEBUG oslo_messaging._drivers.amqpdriver [-] AMQPListener connection consume poll /usr/lib/python3/dist-packages/oslo_messaging/_drivers/amqpdriver.py:357
2026-06-15 00:36:39.024 140440 DEBUG oslo_service.service [req-f938f447-47bd-4f86-886c-a50e8465b9b7 - - - - -] glance.rbd_user = log_opt_values /usr/lib/python3/dist-packages/oslo_config/cfg.py:2609
2026-06-15 00:36:39.024 142066 DEBUG oslo_messaging._drivers.amqpdriver [-] Listener is running poll /usr/lib/python3/dist-packages/oslo_messaging/_drivers/amqpdriver.py:343
2026-06-15 00:36:39.024 140440 DEBUG oslo_service.service [req-f938f447-47bd-4f86-886c-a50e8465b9b7 - - - - -] glance.region_name = None log_opt_values /usr/lib/python3/dist-packages/oslo_config/cfg.py:2609
2026-06-15 00:36:39.024 142066 DEBUG oslo_messaging._drivers.amqpdriver [-] AMQPListener connection consume poll /usr/lib/python3/dist-packages/oslo_messaging/_drivers/amqpdriver.py:357
2026-06-15 00:36:39.024 140440 DEBUG oslo_service.service [req-f938f447-47bd-4f86-886c-a50e8465b9b7 - - - - -] glance.service_name = None log_opt_values /usr/lib/python3/dist-packages/oslo_config/cfg.py:2609
2026-06-15 00:36:39.024 142063 DEBUG nova.service [req-44a0c4de-6d38-4546-b240-c42e4afd58d7 - - - - -] Join ServiceGroup membership for this service conductor start /usr/lib/python3/dist-packages/nova/service.py:199
2026-06-15 00:36:39.025 142063 DEBUG nova.servicegroup.drivers.db [req-44a0c4de-6d38-4546-b240-c42e4afd58d7 - - - - -] DB_Driver: join new ServiceGroup member juju-7ad79c-0-lxd-7 to the conductor group, service = join /usr/lib/python3/dist-packages/nova/servicegroup/drivers/db.py:44
2026-06-15 00:36:39.024 140440 DEBUG oslo_service.service [req-f938f447-47bd-4f86-886c-a50e8465b9b7 - - - - -] glance.service_type = image log_opt_values /usr/lib/python3/dist-packages/oslo_config/cfg.py:2609
2026-06-15 00:36:39.025 140440 DEBUG oslo_service.service [req-f938f447-47bd-4f86-886c-a50e8465b9b7 - - - - -] glance.split_loggers = False log_opt_values /usr/lib/python3/dist-packages/oslo_config/cfg.py:2609
2026-06-15 00:36:39.025 140440 DEBUG oslo_service.service [req-f938f447-47bd-4f86-886c-a50e8465b9b7 - - - - -] glance.status_code_retries = None log_opt_values /usr/lib/python3/dist-packages/oslo_config/cfg.py:2609
2026-06-15 00:36:39.027 140440 DEBUG oslo_service.service [req-f938f447-47bd-4f86-886c-a50e8465b9b7 - - - - -] glance.status_code_retry_delay = None log_opt_values /usr/lib/python3/dist-packages/oslo_config/cfg.py:2609
2026-06-15 00:36:39.027 142063 DEBUG oslo_messaging._drivers.amqpdriver [-] AMQPListener connection timeout poll /usr/lib/python3/dist-packages/oslo_messaging/_drivers/amqpdriver.py:360
2026-06-15 00:36:39.027 140440 DEBUG oslo_service.service [req-f938f447-47bd-4f86-886c-a50e8465b9b7 - - - - -] glance.timeout = None log_opt_values /usr/lib/python3/dist-packages/oslo_config/cfg.py:2609
2026-06-15 00:36:39.027 142063 DEBUG oslo_messaging._drivers.amqpdriver [-] Listener is running poll /usr/lib/python3/dist-packages/oslo_messaging/_drivers/amqpdriver.py:343
2026-06-15 00:36:39.027 142063 DEBUG oslo_messaging._drivers.amqpdriver [-] AMQPListener connection consume poll /usr/lib/python3/dist-packages/oslo_messaging/_drivers/amqpdriver.py:357
2026-06-15 00:36:39.027 140440 DEBUG oslo_service.service [req-f938f447-47bd-4f86-886c-a50e8465b9b7 - - - - -] glance.valid_interfaces = ['internal', 'public'] log_opt_values /usr/lib/python3/dist-packages/oslo_config/cfg.py:2609
2026-06-15 00:36:39.027 140440 DEBUG oslo_service.service [req-f938f447-47bd-4f86-886c-a50e8465b9b7 - - - - -] glance.verify_glance_signatures = False log_opt_values /usr/lib/python3/dist-packages/oslo_config/cfg.py:2609
2026-06-15 00:36:39.027 140440 DEBUG oslo_service.service [req-f938f447-47bd-4f86-886c-a50e8465b9b7 - - - - -] glance.version = None log_opt_values /usr/lib/python3/dist-packages/oslo_config/cfg.py:2609
2026-06-15 00:36:39.028 140440 DEBUG oslo_service.service [req-f938f447-47bd-4f86-886c-a50e8465b9b7 - - - - -] guestfs.debug = False log_opt_values /usr/lib/python3/dist-packages/oslo_config/cfg.py:2609
2026-06-15 00:36:39.027 142065 DEBUG oslo_messaging._drivers.amqpdriver [-] Listener is running poll /usr/lib/python3/dist-packages/oslo_messaging/_drivers/amqpdriver.py:343
2026-06-15 00:36:39.028 140440 DEBUG oslo_service.service [req-f938f447-47bd-4f86-886c-a50e8465b9b7 - - - - -] hyperv.config_drive_cdrom = False log_opt_values /usr/lib/python3/dist-packages/oslo_config/cfg.py:2609
2026-06-15 00:36:39.028 142065 DEBUG oslo_messaging._drivers.amqpdriver [-] AMQPListener connection consume poll /usr/lib/python3/dist-packages/oslo_messaging/_drivers/amqpdriver.py:357
2026-06-15 00:36:39.028 140440 DEBUG oslo_service.service [req-f938f447-47bd-4f86-886c-a50e8465b9b7 - - - - -] hyperv.config_drive_inject_password = False log_opt_values /usr/lib/python3/dist-packages/oslo_config/cfg.py:2609
2026-06-15 00:36:39.028 140440 DEBUG oslo_service.service [req-f938f447-47bd-4f86-886c-a50e8465b9b7 - - - - -] hyperv.dynamic_memory_ratio = 1.0 log_opt_values /usr/lib/python3/dist-packages/oslo_config/cfg.py:2609
2026-06-15 00:36:39.028 142065 DEBUG nova.service [req-505d7eee-cf8d-4978-8208-abc15fdf171c - - - - -] Join ServiceGroup membership for this service conductor start /usr/lib/python3/dist-packages/nova/service.py:199
2026-06-15 00:36:39.028 140440 DEBUG oslo_service.service [req-f938f447-47bd-4f86-886c-a50e8465b9b7 - - - - -] hyperv.enable_instance_metrics_collection = False log_opt_values /usr/lib/python3/dist-packages/oslo_config/cfg.py:2609
2026-06-15 00:36:39.029 140440 DEBUG oslo_service.service [req-f938f447-47bd-4f86-886c-a50e8465b9b7 - - - - -] hyperv.enable_remotefx = False log_opt_values /usr/lib/python3/dist-packages/oslo_config/cfg.py:2609
2026-06-15 00:36:39.029 142065 DEBUG nova.servicegroup.drivers.db [req-505d7eee-cf8d-4978-8208-abc15fdf171c - - - - -] DB_Driver: join new ServiceGroup member juju-7ad79c-0-lxd-7 to the conductor group, service = join /usr/lib/python3/dist-packages/nova/servicegroup/drivers/db.py:44
2026-06-15 00:36:39.029 140440 DEBUG oslo_service.service [req-f938f447-47bd-4f86-886c-a50e8465b9b7 - - - - -] hyperv.instances_path_share = log_opt_values /usr/lib/python3/dist-packages/oslo_config/cfg.py:2609
2026-06-15 00:36:39.029 140440 DEBUG oslo_service.service [req-f938f447-47bd-4f86-886c-a50e8465b9b7 - - - - -] hyperv.iscsi_initiator_list = [] log_opt_values /usr/lib/python3/dist-packages/oslo_config/cfg.py:2609
2026-06-15 00:36:39.029 140440 DEBUG oslo_service.service [req-f938f447-47bd-4f86-886c-a50e8465b9b7 - - - - -] hyperv.limit_cpu_features = False log_opt_values /usr/lib/python3/dist-packages/oslo_config/cfg.py:2609
2026-06-15 00:36:39.029 140440 DEBUG oslo_service.service [req-f938f447-47bd-4f86-886c-a50e8465b9b7 - - - - -] hyperv.mounted_disk_query_retry_count = 10 log_opt_values /usr/lib/python3/dist-packages/oslo_config/cfg.py:2609
2026-06-15 00:36:39.030 140440 DEBUG oslo_service.service [req-f938f447-47bd-4f86-886c-a50e8465b9b7 - - - - -] hyperv.mounted_disk_query_retry_interval = 5 log_opt_values /usr/lib/python3/dist-packages/oslo_config/cfg.py:2609
2026-06-15 00:36:39.030 140440 DEBUG oslo_service.service [req-f938f447-47bd-4f86-886c-a50e8465b9b7 - - - - -] hyperv.power_state_check_timeframe = 60 log_opt_values /usr/lib/python3/dist-packages/oslo_config/cfg.py:2609
2026-06-15 00:36:39.030 140440 DEBUG oslo_service.service [req-f938f447-47bd-4f86-886c-a50e8465b9b7 - - - - -] hyperv.power_state_event_polling_interval = 2 log_opt_values /usr/lib/python3/dist-packages/oslo_config/cfg.py:2609
2026-06-15 00:36:39.030 140440 DEBUG oslo_service.service [req-f938f447-47bd-4f86-886c-a50e8465b9b7 - - - - -] hyperv.qemu_img_cmd = qemu-img.exe log_opt_values /usr/lib/python3/dist-packages/oslo_config/cfg.py:2609
2026-06-15 00:36:39.030 140440 DEBUG oslo_service.service [req-f938f447-47bd-4f86-886c-a50e8465b9b7 - - - - -] hyperv.use_multipath_io = False log_opt_values /usr/lib/python3/dist-packages/oslo_config/cfg.py:2609
2026-06-15 00:36:39.031 140440 DEBUG oslo_service.service [req-f938f447-47bd-4f86-886c-a50e8465b9b7 - - - - -] hyperv.volume_attach_retry_count = 10 log_opt_values /usr/lib/python3/dist-packages/oslo_config/cfg.py:2609
2026-06-15 00:36:39.031 140440 DEBUG oslo_service.service [req-f938f447-47bd-4f86-886c-a50e8465b9b7 - - - - -] hyperv.volume_attach_retry_interval = 5 log_opt_values /usr/lib/python3/dist-packages/oslo_config/cfg.py:2609
2026-06-15 00:36:39.031 142065 DEBUG oslo_messaging._drivers.amqpdriver [-] AMQPListener connection timeout poll /usr/lib/python3/dist-packages/oslo_messaging/_drivers/amqpdriver.py:360
2026-06-15 00:36:39.032 142065 DEBUG oslo_messaging._drivers.amqpdriver [-] Listener is running poll /usr/lib/python3/dist-packages/oslo_messaging/_drivers/amqpdriver.py:343
2026-06-15 00:36:39.032 140440 DEBUG oslo_service.service [req-f938f447-47bd-4f86-886c-a50e8465b9b7 - - - - -] hyperv.vswitch_name = None log_opt_values /usr/lib/python3/dist-packages/oslo_config/cfg.py:2609
2026-06-15 00:36:39.032 142065 DEBUG oslo_messaging._drivers.amqpdriver [-] AMQPListener connection consume poll /usr/lib/python3/dist-packages/oslo_messaging/_drivers/amqpdriver.py:357
2026-06-15 00:36:39.032 140440 DEBUG oslo_service.service [req-f938f447-47bd-4f86-886c-a50e8465b9b7 - - - - -] hyperv.wait_soft_reboot_seconds = 60 log_opt_values /usr/lib/python3/dist-packages/oslo_config/cfg.py:2609
2026-06-15 00:36:39.032 140440 DEBUG oslo_service.service [req-f938f447-47bd-4f86-886c-a50e8465b9b7 - - - - -] mks.enabled = False log_opt_values /usr/lib/python3/dist-packages/oslo_config/cfg.py:2609
2026-06-15 00:36:39.033 140440 DEBUG oslo_service.service [req-f938f447-47bd-4f86-886c-a50e8465b9b7 - - - - -] mks.mksproxy_base_url = http://127.0.0.1:6090/ log_opt_values /usr/lib/python3/dist-packages/oslo_config/cfg.py:2609
2026-06-15 00:36:39.033 140440 DEBUG oslo_service.service [req-f938f447-47bd-4f86-886c-a50e8465b9b7 - - - - -] image_cache.manager_interval = 2400 log_opt_values /usr/lib/python3/dist-packages/oslo_config/cfg.py:2609
2026-06-15 00:36:39.033 140440 DEBUG oslo_service.service [req-f938f447-47bd-4f86-886c-a50e8465b9b7 - - - - -] image_cache.precache_concurrency = 1 log_opt_values /usr/lib/python3/dist-packages/oslo_config/cfg.py:2609
2026-06-15 00:36:39.033 140440 DEBUG oslo_service.service [req-f938f447-47bd-4f86-886c-a50e8465b9b7 - - - - -] image_cache.remove_unused_base_images = True log_opt_values /usr/lib/python3/dist-packages/oslo_config/cfg.py:2609
2026-06-15 00:36:39.034 140440 DEBUG oslo_service.service [req-f938f447-47bd-4f86-886c-a50e8465b9b7 - - - - -] image_cache.remove_unused_original_minimum_age_seconds = 86400 log_opt_values /usr/lib/python3/dist-packages/oslo_config/cfg.py:2609
2026-06-15 00:36:39.034 140440 DEBUG oslo_service.service [req-f938f447-47bd-4f86-886c-a50e8465b9b7 - - - - -] image_cache.remove_unused_resized_minimum_age_seconds = 3600 log_opt_values /usr/lib/python3/dist-packages/oslo_config/cfg.py:2609
2026-06-15 00:36:39.035 140440 DEBUG oslo_service.service [req-f938f447-47bd-4f86-886c-a50e8465b9b7 - - - - -] image_cache.subdirectory_name = _base log_opt_values /usr/lib/python3/dist-packages/oslo_config/cfg.py:2609
2026-06-15 00:36:39.035 140440 DEBUG oslo_service.service [req-f938f447-47bd-4f86-886c-a50e8465b9b7 - - - - -] ironic.api_max_retries = 60 log_opt_values /usr/lib/python3/dist-packages/oslo_config/cfg.py:2609
2026-06-15 00:36:39.035 140440 DEBUG oslo_service.service [req-f938f447-47bd-4f86-886c-a50e8465b9b7 - - - - -] ironic.api_retry_interval = 2 log_opt_values /usr/lib/python3/dist-packages/oslo_config/cfg.py:2609
2026-06-15 00:36:39.035 140440 DEBUG oslo_service.service [req-f938f447-47bd-4f86-886c-a50e8465b9b7 - - - - -] ironic.auth_section = None log_opt_values /usr/lib/python3/dist-packages/oslo_config/cfg.py:2609
2026-06-15 00:36:39.036 140440 DEBUG oslo_service.service [req-f938f447-47bd-4f86-886c-a50e8465b9b7 - - - - -] ironic.auth_type = None log_opt_values /usr/lib/python3/dist-packages/oslo_config/cfg.py:2609
2026-06-15 00:36:39.036 140440 DEBUG oslo_service.service [req-f938f447-47bd-4f86-886c-a50e8465b9b7 - - - - -] ironic.cafile = None log_opt_values /usr/lib/python3/dist-packages/oslo_config/cfg.py:2609
2026-06-15 00:36:39.036 140440 DEBUG oslo_service.service [req-f938f447-47bd-4f86-886c-a50e8465b9b7 - - - - -] ironic.certfile = None log_opt_values /usr/lib/python3/dist-packages/oslo_config/cfg.py:2609
2026-06-15 00:36:39.036 140440 DEBUG oslo_service.service [req-f938f447-47bd-4f86-886c-a50e8465b9b7 - - - - -] ironic.collect_timing = False log_opt_values /usr/lib/python3/dist-packages/oslo_config/cfg.py:2609
2026-06-15 00:36:39.036 140440 DEBUG oslo_service.service [req-f938f447-47bd-4f86-886c-a50e8465b9b7 - - - - -] ironic.connect_retries = None log_opt_values /usr/lib/python3/dist-packages/oslo_config/cfg.py:2609
2026-06-15 00:36:39.036 140440 DEBUG oslo_service.service [req-f938f447-47bd-4f86-886c-a50e8465b9b7 - - - - -] ironic.connect_retry_delay = None log_opt_values /usr/lib/python3/dist-packages/oslo_config/cfg.py:2609
2026-06-15 00:36:39.037 140440 DEBUG oslo_service.service [req-f938f447-47bd-4f86-886c-a50e8465b9b7 - - - - -] ironic.endpoint_override = None log_opt_values /usr/lib/python3/dist-packages/oslo_config/cfg.py:2609
2026-06-15 00:36:39.037 140440 DEBUG oslo_service.service [req-f938f447-47bd-4f86-886c-a50e8465b9b7 - - - - -] ironic.insecure = False log_opt_values /usr/lib/python3/dist-packages/oslo_config/cfg.py:2609
2026-06-15 00:36:39.037 140440 DEBUG oslo_service.service [req-f938f447-47bd-4f86-886c-a50e8465b9b7 - - - - -] ironic.keyfile = None log_opt_values /usr/lib/python3/dist-packages/oslo_config/cfg.py:2609
2026-06-15 00:36:39.037 140440 DEBUG oslo_service.service [req-f938f447-47bd-4f86-886c-a50e8465b9b7 - - - - -] ironic.max_version = None log_opt_values /usr/lib/python3/dist-packages/oslo_config/cfg.py:2609
2026-06-15 00:36:39.037 140440 DEBUG oslo_service.service [req-f938f447-47bd-4f86-886c-a50e8465b9b7 - - - - -] ironic.min_version = None log_opt_values /usr/lib/python3/dist-packages/oslo_config/cfg.py:2609
2026-06-15 00:36:39.037 140440 DEBUG oslo_service.service [req-f938f447-47bd-4f86-886c-a50e8465b9b7 - - - - -] ironic.partition_key = None log_opt_values /usr/lib/python3/dist-packages/oslo_config/cfg.py:2609
2026-06-15 00:36:39.037 140440 DEBUG oslo_service.service [req-f938f447-47bd-4f86-886c-a50e8465b9b7 - - - - -] ironic.peer_list = [] log_opt_values /usr/lib/python3/dist-packages/oslo_config/cfg.py:2609
2026-06-15 00:36:39.038 140440 DEBUG oslo_service.service [req-f938f447-47bd-4f86-886c-a50e8465b9b7 - - - - -] ironic.region_name = None log_opt_values /usr/lib/python3/dist-packages/oslo_config/cfg.py:2609
2026-06-15 00:36:39.038 140440 DEBUG oslo_service.service [req-f938f447-47bd-4f86-886c-a50e8465b9b7 - - - - -] ironic.serial_console_state_timeout = 10 log_opt_values /usr/lib/python3/dist-packages/oslo_config/cfg.py:2609
2026-06-15 00:36:39.038 140440 DEBUG oslo_service.service [req-f938f447-47bd-4f86-886c-a50e8465b9b7 - - - - -] ironic.service_name = None log_opt_values /usr/lib/python3/dist-packages/oslo_config/cfg.py:2609
2026-06-15 00:36:39.038 140440 DEBUG oslo_service.service [req-f938f447-47bd-4f86-886c-a50e8465b9b7 - - - - -] ironic.service_type = baremetal log_opt_values /usr/lib/python3/dist-packages/oslo_config/cfg.py:2609
2026-06-15 00:36:39.038 140440 DEBUG oslo_service.service [req-f938f447-47bd-4f86-886c-a50e8465b9b7 - - - - -] ironic.split_loggers = False log_opt_values /usr/lib/python3/dist-packages/oslo_config/cfg.py:2609
2026-06-15 00:36:39.038 140440 DEBUG oslo_service.service [req-f938f447-47bd-4f86-886c-a50e8465b9b7 - - - - -] ironic.status_code_retries = None log_opt_values /usr/lib/python3/dist-packages/oslo_config/cfg.py:2609
2026-06-15 00:36:39.039 140440 DEBUG oslo_service.service [req-f938f447-47bd-4f86-886c-a50e8465b9b7 - - - - -] ironic.status_code_retry_delay = None log_opt_values /usr/lib/python3/dist-packages/oslo_config/cfg.py:2609
2026-06-15 00:36:39.039 140440 DEBUG oslo_service.service [req-f938f447-47bd-4f86-886c-a50e8465b9b7 - - - - -] ironic.timeout = None log_opt_values /usr/lib/python3/dist-packages/oslo_config/cfg.py:2609
2026-06-15 00:36:39.039 140440 DEBUG oslo_service.service [req-f938f447-47bd-4f86-886c-a50e8465b9b7 - - - - -] ironic.valid_interfaces = ['internal', 'public'] log_opt_values /usr/lib/python3/dist-packages/oslo_config/cfg.py:2609
2026-06-15 00:36:39.039 140440 DEBUG oslo_service.service [req-f938f447-47bd-4f86-886c-a50e8465b9b7 - - - - -] ironic.version = None log_opt_values /usr/lib/python3/dist-packages/oslo_config/cfg.py:2609
2026-06-15 00:36:39.039 140440 DEBUG oslo_service.service [req-f938f447-47bd-4f86-886c-a50e8465b9b7 - - - - -] key_manager.backend = barbican log_opt_values /usr/lib/python3/dist-packages/oslo_config/cfg.py:2609
2026-06-15 00:36:39.039 140440 DEBUG oslo_service.service [req-f938f447-47bd-4f86-886c-a50e8465b9b7 - - - - -] key_manager.fixed_key = **** log_opt_values /usr/lib/python3/dist-packages/oslo_config/cfg.py:2609
2026-06-15 00:36:39.040 140440 DEBUG oslo_service.service [req-f938f447-47bd-4f86-886c-a50e8465b9b7 - - - - -] barbican.auth_endpoint = http://localhost/identity/v3 log_opt_values /usr/lib/python3/dist-packages/oslo_config/cfg.py:2609
2026-06-15 00:36:39.040 140440 DEBUG oslo_service.service [req-f938f447-47bd-4f86-886c-a50e8465b9b7 - - - - -] barbican.barbican_api_version = None log_opt_values /usr/lib/python3/dist-packages/oslo_config/cfg.py:2609
2026-06-15 00:36:39.040 140440 DEBUG oslo_service.service [req-f938f447-47bd-4f86-886c-a50e8465b9b7 - - - - -] barbican.barbican_endpoint = None log_opt_values /usr/lib/python3/dist-packages/oslo_config/cfg.py:2609
2026-06-15 00:36:39.040 140440 DEBUG oslo_service.service [req-f938f447-47bd-4f86-886c-a50e8465b9b7 - - - - -] barbican.barbican_endpoint_type = public log_opt_values /usr/lib/python3/dist-packages/oslo_config/cfg.py:2609
2026-06-15 00:36:39.040 140440 DEBUG oslo_service.service [req-f938f447-47bd-4f86-886c-a50e8465b9b7 - - - - -] barbican.barbican_region_name = None log_opt_values /usr/lib/python3/dist-packages/oslo_config/cfg.py:2609
2026-06-15 00:36:39.040 140440 DEBUG oslo_service.service [req-f938f447-47bd-4f86-886c-a50e8465b9b7 - - - - -] barbican.cafile = None log_opt_values /usr/lib/python3/dist-packages/oslo_config/cfg.py:2609
2026-06-15 00:36:39.041 140440 DEBUG oslo_service.service [req-f938f447-47bd-4f86-886c-a50e8465b9b7 - - - - -] barbican.certfile = None log_opt_values /usr/lib/python3/dist-packages/oslo_config/cfg.py:2609
2026-06-15 00:36:39.041 140440 DEBUG oslo_service.service [req-f938f447-47bd-4f86-886c-a50e8465b9b7 - - - - -] barbican.collect_timing = False log_opt_values /usr/lib/python3/dist-packages/oslo_config/cfg.py:2609
2026-06-15 00:36:39.041 140440 DEBUG oslo_service.service [req-f938f447-47bd-4f86-886c-a50e8465b9b7 - - - - -] barbican.insecure = False log_opt_values /usr/lib/python3/dist-packages/oslo_config/cfg.py:2609
2026-06-15 00:36:39.041 140440 DEBUG oslo_service.service [req-f938f447-47bd-4f86-886c-a50e8465b9b7 - - - - -] barbican.keyfile = None log_opt_values /usr/lib/python3/dist-packages/oslo_config/cfg.py:2609
2026-06-15 00:36:39.041 140440 DEBUG oslo_service.service [req-f938f447-47bd-4f86-886c-a50e8465b9b7 - - - - -] barbican.number_of_retries = 60 log_opt_values /usr/lib/python3/dist-packages/oslo_config/cfg.py:2609
2026-06-15 00:36:39.041 140440 DEBUG oslo_service.service [req-f938f447-47bd-4f86-886c-a50e8465b9b7 - - - - -] barbican.retry_delay = 1 log_opt_values /usr/lib/python3/dist-packages/oslo_config/cfg.py:2609
2026-06-15 00:36:39.042 140440 DEBUG oslo_service.service [req-f938f447-47bd-4f86-886c-a50e8465b9b7 - - - - -] barbican.send_service_user_token = False log_opt_values /usr/lib/python3/dist-packages/oslo_config/cfg.py:2609
2026-06-15 00:36:39.042 140440 DEBUG oslo_service.service [req-f938f447-47bd-4f86-886c-a50e8465b9b7 - - - - -] barbican.split_loggers = False log_opt_values /usr/lib/python3/dist-packages/oslo_config/cfg.py:2609
2026-06-15 00:36:39.042 140440 DEBUG oslo_service.service [req-f938f447-47bd-4f86-886c-a50e8465b9b7 - - - - -] barbican.timeout = None log_opt_values /usr/lib/python3/dist-packages/oslo_config/cfg.py:2609
2026-06-15 00:36:39.042 140440 DEBUG oslo_service.service [req-f938f447-47bd-4f86-886c-a50e8465b9b7 - - - - -] barbican.verify_ssl = True log_opt_values /usr/lib/python3/dist-packages/oslo_config/cfg.py:2609
2026-06-15 00:36:39.042 140440 DEBUG oslo_service.service [req-f938f447-47bd-4f86-886c-a50e8465b9b7 - - - - -] barbican.verify_ssl_path = None log_opt_values /usr/lib/python3/dist-packages/oslo_config/cfg.py:2609
2026-06-15 00:36:39.042 140440 DEBUG oslo_service.service [req-f938f447-47bd-4f86-886c-a50e8465b9b7 - - - - -] barbican_service_user.auth_section = None log_opt_values /usr/lib/python3/dist-packages/oslo_config/cfg.py:2609
2026-06-15 00:36:39.043 140440 DEBUG oslo_service.service [req-f938f447-47bd-4f86-886c-a50e8465b9b7 - - - - -] barbican_service_user.auth_type = None log_opt_values /usr/lib/python3/dist-packages/oslo_config/cfg.py:2609
2026-06-15 00:36:39.043 140440 DEBUG oslo_service.service [req-f938f447-47bd-4f86-886c-a50e8465b9b7 - - - - -] barbican_service_user.cafile = None log_opt_values /usr/lib/python3/dist-packages/oslo_config/cfg.py:2609
2026-06-15 00:36:39.043 140440 DEBUG oslo_service.service [req-f938f447-47bd-4f86-886c-a50e8465b9b7 - - - - -] barbican_service_user.certfile = None log_opt_values /usr/lib/python3/dist-packages/oslo_config/cfg.py:2609
2026-06-15 00:36:39.043 140440 DEBUG oslo_service.service [req-f938f447-47bd-4f86-886c-a50e8465b9b7 - - - - -] barbican_service_user.collect_timing = False log_opt_values /usr/lib/python3/dist-packages/oslo_config/cfg.py:2609
2026-06-15 00:36:39.043 140440 DEBUG oslo_service.service [req-f938f447-47bd-4f86-886c-a50e8465b9b7 - - - - -] barbican_service_user.insecure = False log_opt_values /usr/lib/python3/dist-packages/oslo_config/cfg.py:2609
2026-06-15 00:36:39.043 140440 DEBUG oslo_service.service [req-f938f447-47bd-4f86-886c-a50e8465b9b7 - - - - -] barbican_service_user.keyfile = None log_opt_values /usr/lib/python3/dist-packages/oslo_config/cfg.py:2609
2026-06-15 00:36:39.044 140440 DEBUG oslo_service.service [req-f938f447-47bd-4f86-886c-a50e8465b9b7 - - - - -] barbican_service_user.split_loggers = False log_opt_values /usr/lib/python3/dist-packages/oslo_config/cfg.py:2609
2026-06-15 00:36:39.044 140440 DEBUG oslo_service.service [req-f938f447-47bd-4f86-886c-a50e8465b9b7 - - - - -] barbican_service_user.timeout = None log_opt_values /usr/lib/python3/dist-packages/oslo_config/cfg.py:2609
2026-06-15 00:36:39.044 140440 DEBUG oslo_service.service [req-f938f447-47bd-4f86-886c-a50e8465b9b7 - - - - -] vault.approle_role_id = None log_opt_values /usr/lib/python3/dist-packages/oslo_config/cfg.py:2609
2026-06-15 00:36:39.044 140440 DEBUG oslo_service.service [req-f938f447-47bd-4f86-886c-a50e8465b9b7 - - - - -] vault.approle_secret_id = None log_opt_values /usr/lib/python3/dist-packages/oslo_config/cfg.py:2609
2026-06-15 00:36:39.044 140440 DEBUG oslo_service.service [req-f938f447-47bd-4f86-886c-a50e8465b9b7 - - - - -] vault.cafile = None log_opt_values /usr/lib/python3/dist-packages/oslo_config/cfg.py:2609
2026-06-15 00:36:39.044 140440 DEBUG oslo_service.service [req-f938f447-47bd-4f86-886c-a50e8465b9b7 - - - - -] vault.certfile = None log_opt_values /usr/lib/python3/dist-packages/oslo_config/cfg.py:2609
2026-06-15 00:36:39.044 140440 DEBUG oslo_service.service [req-f938f447-47bd-4f86-886c-a50e8465b9b7 - - - - -] vault.collect_timing = False log_opt_values /usr/lib/python3/dist-packages/oslo_config/cfg.py:2609
2026-06-15 00:36:39.045 140440 DEBUG oslo_service.service [req-f938f447-47bd-4f86-886c-a50e8465b9b7 - - - - -] vault.insecure = False log_opt_values /usr/lib/python3/dist-packages/oslo_config/cfg.py:2609
2026-06-15 00:36:39.045 140440 DEBUG oslo_service.service [req-f938f447-47bd-4f86-886c-a50e8465b9b7 - - - - -] vault.keyfile = None log_opt_values /usr/lib/python3/dist-packages/oslo_config/cfg.py:2609
2026-06-15 00:36:39.045 140440 DEBUG oslo_service.service [req-f938f447-47bd-4f86-886c-a50e8465b9b7 - - - - -] vault.kv_mountpoint = secret log_opt_values /usr/lib/python3/dist-packages/oslo_config/cfg.py:2609
2026-06-15 00:36:39.045 140440 DEBUG oslo_service.service [req-f938f447-47bd-4f86-886c-a50e8465b9b7 - - - - -] vault.kv_version = 2 log_opt_values /usr/lib/python3/dist-packages/oslo_config/cfg.py:2609
2026-06-15 00:36:39.045 140440 DEBUG oslo_service.service [req-f938f447-47bd-4f86-886c-a50e8465b9b7 - - - - -] vault.namespace = None log_opt_values /usr/lib/python3/dist-packages/oslo_config/cfg.py:2609
2026-06-15 00:36:39.045 140440 DEBUG oslo_service.service [req-f938f447-47bd-4f86-886c-a50e8465b9b7 - - - - -] vault.root_token_id = None log_opt_values /usr/lib/python3/dist-packages/oslo_config/cfg.py:2609
2026-06-15 00:36:39.046 140440 DEBUG oslo_service.service [req-f938f447-47bd-4f86-886c-a50e8465b9b7 - - - - -] vault.split_loggers = False log_opt_values /usr/lib/python3/dist-packages/oslo_config/cfg.py:2609
2026-06-15 00:36:39.046 140440 DEBUG oslo_service.service [req-f938f447-47bd-4f86-886c-a50e8465b9b7 - - - - -] vault.ssl_ca_crt_file = None log_opt_values /usr/lib/python3/dist-packages/oslo_config/cfg.py:2609
2026-06-15 00:36:39.046 140440 DEBUG oslo_service.service [req-f938f447-47bd-4f86-886c-a50e8465b9b7 - - - - -] vault.timeout = None log_opt_values /usr/lib/python3/dist-packages/oslo_config/cfg.py:2609
2026-06-15 00:36:39.046 140440 DEBUG oslo_service.service [req-f938f447-47bd-4f86-886c-a50e8465b9b7 - - - - -] vault.use_ssl = False log_opt_values /usr/lib/python3/dist-packages/oslo_config/cfg.py:2609
2026-06-15 00:36:39.046 140440 DEBUG oslo_service.service [req-f938f447-47bd-4f86-886c-a50e8465b9b7 - - - - -] vault.vault_url = http://127.0.0.1:8200 log_opt_values /usr/lib/python3/dist-packages/oslo_config/cfg.py:2609
2026-06-15 00:36:39.046 140440 DEBUG oslo_service.service [req-f938f447-47bd-4f86-886c-a50e8465b9b7 - - - - -] keystone.cafile = None log_opt_values /usr/lib/python3/dist-packages/oslo_config/cfg.py:2609
2026-06-15 00:36:39.047 140440 DEBUG oslo_service.service [req-f938f447-47bd-4f86-886c-a50e8465b9b7 - - - - -] keystone.certfile = None log_opt_values /usr/lib/python3/dist-packages/oslo_config/cfg.py:2609
2026-06-15 00:36:39.047 140440 DEBUG oslo_service.service [req-f938f447-47bd-4f86-886c-a50e8465b9b7 - - - - -] keystone.collect_timing = False log_opt_values /usr/lib/python3/dist-packages/oslo_config/cfg.py:2609
2026-06-15 00:36:39.047 140440 DEBUG oslo_service.service [req-f938f447-47bd-4f86-886c-a50e8465b9b7 - - - - -] keystone.connect_retries = None log_opt_values /usr/lib/python3/dist-packages/oslo_config/cfg.py:2609
2026-06-15 00:36:39.047 140440 DEBUG oslo_service.service [req-f938f447-47bd-4f86-886c-a50e8465b9b7 - - - - -] keystone.connect_retry_delay = None log_opt_values /usr/lib/python3/dist-packages/oslo_config/cfg.py:2609
2026-06-15 00:36:39.047 140440 DEBUG oslo_service.service [req-f938f447-47bd-4f86-886c-a50e8465b9b7 - - - - -] keystone.endpoint_override = None log_opt_values /usr/lib/python3/dist-packages/oslo_config/cfg.py:2609
2026-06-15 00:36:39.047 140440 DEBUG oslo_service.service [req-f938f447-47bd-4f86-886c-a50e8465b9b7 - - - - -] keystone.insecure = False log_opt_values /usr/lib/python3/dist-packages/oslo_config/cfg.py:2609
2026-06-15 00:36:39.048 140440 DEBUG oslo_service.service [req-f938f447-47bd-4f86-886c-a50e8465b9b7 - - - - -] keystone.keyfile = None log_opt_values /usr/lib/python3/dist-packages/oslo_config/cfg.py:2609
2026-06-15 00:36:39.048 140440 DEBUG oslo_service.service [req-f938f447-47bd-4f86-886c-a50e8465b9b7 - - - - -] keystone.max_version = None log_opt_values /usr/lib/python3/dist-packages/oslo_config/cfg.py:2609
2026-06-15 00:36:39.048 140440 DEBUG oslo_service.service [req-f938f447-47bd-4f86-886c-a50e8465b9b7 - - - - -] keystone.min_version = None log_opt_values /usr/lib/python3/dist-packages/oslo_config/cfg.py:2609
2026-06-15 00:36:39.048 140440 DEBUG oslo_service.service [req-f938f447-47bd-4f86-886c-a50e8465b9b7 - - - - -] keystone.region_name = None log_opt_values /usr/lib/python3/dist-packages/oslo_config/cfg.py:2609
2026-06-15 00:36:39.048 140440 DEBUG oslo_service.service [req-f938f447-47bd-4f86-886c-a50e8465b9b7 - - - - -] keystone.service_name = None log_opt_values /usr/lib/python3/dist-packages/oslo_config/cfg.py:2609
2026-06-15 00:36:39.048 140440 DEBUG oslo_service.service [req-f938f447-47bd-4f86-886c-a50e8465b9b7 - - - - -] keystone.service_type = identity log_opt_values /usr/lib/python3/dist-packages/oslo_config/cfg.py:2609
2026-06-15 00:36:39.048 140440 DEBUG oslo_service.service [req-f938f447-47bd-4f86-886c-a50e8465b9b7 - - - - -] keystone.split_loggers = False log_opt_values /usr/lib/python3/dist-packages/oslo_config/cfg.py:2609
2026-06-15 00:36:39.049 140440 DEBUG oslo_service.service [req-f938f447-47bd-4f86-886c-a50e8465b9b7 - - - - -] keystone.status_code_retries = None log_opt_values /usr/lib/python3/dist-packages/oslo_config/cfg.py:2609
2026-06-15 00:36:39.049 140440 DEBUG oslo_service.service [req-f938f447-47bd-4f86-886c-a50e8465b9b7 - - - - -] keystone.status_code_retry_delay = None log_opt_values /usr/lib/python3/dist-packages/oslo_config/cfg.py:2609
2026-06-15 00:36:39.049 140440 DEBUG oslo_service.service [req-f938f447-47bd-4f86-886c-a50e8465b9b7 - - - - -] keystone.timeout = None log_opt_values /usr/lib/python3/dist-packages/oslo_config/cfg.py:2609
2026-06-15 00:36:39.049 140440 DEBUG oslo_service.service [req-f938f447-47bd-4f86-886c-a50e8465b9b7 - - - - -] keystone.valid_interfaces = ['internal', 'public'] log_opt_values /usr/lib/python3/dist-packages/oslo_config/cfg.py:2609
2026-06-15 00:36:39.049 140440 DEBUG oslo_service.service [req-f938f447-47bd-4f86-886c-a50e8465b9b7 - - - - -] keystone.version = None log_opt_values /usr/lib/python3/dist-packages/oslo_config/cfg.py:2609
2026-06-15 00:36:39.049 140440 DEBUG oslo_service.service [req-f938f447-47bd-4f86-886c-a50e8465b9b7 - - - - -] libvirt.connection_uri = log_opt_values /usr/lib/python3/dist-packages/oslo_config/cfg.py:2609
2026-06-15 00:36:39.050 140440 DEBUG oslo_service.service [req-f938f447-47bd-4f86-886c-a50e8465b9b7 - - - - -] libvirt.cpu_mode = None log_opt_values /usr/lib/python3/dist-packages/oslo_config/cfg.py:2609
2026-06-15 00:36:39.050 140440 DEBUG oslo_service.service [req-f938f447-47bd-4f86-886c-a50e8465b9b7 - - - - -] libvirt.cpu_model_extra_flags = [] log_opt_values /usr/lib/python3/dist-packages/oslo_config/cfg.py:2609
2026-06-15 00:36:39.050 140440 DEBUG oslo_service.service [req-f938f447-47bd-4f86-886c-a50e8465b9b7 - - - - -] libvirt.cpu_models = [] log_opt_values /usr/lib/python3/dist-packages/oslo_config/cfg.py:2609
2026-06-15 00:36:39.050 140440 DEBUG oslo_service.service [req-f938f447-47bd-4f86-886c-a50e8465b9b7 - - - - -] libvirt.device_detach_attempts = 8 log_opt_values /usr/lib/python3/dist-packages/oslo_config/cfg.py:2609
2026-06-15 00:36:39.050 140440 DEBUG oslo_service.service [req-f938f447-47bd-4f86-886c-a50e8465b9b7 - - - - -] libvirt.device_detach_timeout = 20 log_opt_values /usr/lib/python3/dist-packages/oslo_config/cfg.py:2609
2026-06-15 00:36:39.050 140440 DEBUG oslo_service.service [req-f938f447-47bd-4f86-886c-a50e8465b9b7 - - - - -] libvirt.disk_cachemodes = [] log_opt_values /usr/lib/python3/dist-packages/oslo_config/cfg.py:2609
2026-06-15 00:36:39.051 140440 DEBUG oslo_service.service [req-f938f447-47bd-4f86-886c-a50e8465b9b7 - - - - -] libvirt.disk_prefix = None log_opt_values /usr/lib/python3/dist-packages/oslo_config/cfg.py:2609
2026-06-15 00:36:39.051 140440 DEBUG oslo_service.service [req-f938f447-47bd-4f86-886c-a50e8465b9b7 - - - - -] libvirt.enabled_perf_events = [] log_opt_values /usr/lib/python3/dist-packages/oslo_config/cfg.py:2609
2026-06-15 00:36:39.051 140440 DEBUG oslo_service.service [req-f938f447-47bd-4f86-886c-a50e8465b9b7 - - - - -] libvirt.file_backed_memory = 0 log_opt_values /usr/lib/python3/dist-packages/oslo_config/cfg.py:2609
2026-06-15 00:36:39.051 140440 DEBUG oslo_service.service [req-f938f447-47bd-4f86-886c-a50e8465b9b7 - - - - -] libvirt.gid_maps = [] log_opt_values /usr/lib/python3/dist-packages/oslo_config/cfg.py:2609
2026-06-15 00:36:39.051 140440 DEBUG oslo_service.service [req-f938f447-47bd-4f86-886c-a50e8465b9b7 - - - - -] libvirt.hw_disk_discard = None log_opt_values /usr/lib/python3/dist-packages/oslo_config/cfg.py:2609
2026-06-15 00:36:39.051 140440 DEBUG oslo_service.service [req-f938f447-47bd-4f86-886c-a50e8465b9b7 - - - - -] libvirt.hw_machine_type = None log_opt_values /usr/lib/python3/dist-packages/oslo_config/cfg.py:2609
2026-06-15 00:36:39.052 140440 DEBUG oslo_service.service [req-f938f447-47bd-4f86-886c-a50e8465b9b7 - - - - -] libvirt.images_rbd_ceph_conf = log_opt_values /usr/lib/python3/dist-packages/oslo_config/cfg.py:2609
2026-06-15 00:36:39.052 140440 DEBUG oslo_service.service [req-f938f447-47bd-4f86-886c-a50e8465b9b7 - - - - -] libvirt.images_rbd_glance_copy_poll_interval = 15 log_opt_values /usr/lib/python3/dist-packages/oslo_config/cfg.py:2609
2026-06-15 00:36:39.052 140440 DEBUG oslo_service.service [req-f938f447-47bd-4f86-886c-a50e8465b9b7 - - - - -] libvirt.images_rbd_glance_copy_timeout = 600 log_opt_values /usr/lib/python3/dist-packages/oslo_config/cfg.py:2609
2026-06-15 00:36:39.052 140440 DEBUG oslo_service.service [req-f938f447-47bd-4f86-886c-a50e8465b9b7 - - - - -] libvirt.images_rbd_glance_store_name = log_opt_values /usr/lib/python3/dist-packages/oslo_config/cfg.py:2609
2026-06-15 00:36:39.052 140440 DEBUG oslo_service.service [req-f938f447-47bd-4f86-886c-a50e8465b9b7 - - - - -] libvirt.images_rbd_pool = rbd log_opt_values /usr/lib/python3/dist-packages/oslo_config/cfg.py:2609
2026-06-15 00:36:39.052 140440 DEBUG oslo_service.service [req-f938f447-47bd-4f86-886c-a50e8465b9b7 - - - - -] libvirt.images_type = default log_opt_values /usr/lib/python3/dist-packages/oslo_config/cfg.py:2609
2026-06-15 00:36:39.053 140440 DEBUG oslo_service.service [req-f938f447-47bd-4f86-886c-a50e8465b9b7 - - - - -] libvirt.images_volume_group = None log_opt_values /usr/lib/python3/dist-packages/oslo_config/cfg.py:2609
2026-06-15 00:36:39.053 140440 DEBUG oslo_service.service [req-f938f447-47bd-4f86-886c-a50e8465b9b7 - - - - -] libvirt.inject_key = False log_opt_values /usr/lib/python3/dist-packages/oslo_config/cfg.py:2609
2026-06-15 00:36:39.053 140440 DEBUG oslo_service.service [req-f938f447-47bd-4f86-886c-a50e8465b9b7 - - - - -] libvirt.inject_partition = -2 log_opt_values /usr/lib/python3/dist-packages/oslo_config/cfg.py:2609
2026-06-15 00:36:39.053 140440 DEBUG oslo_service.service [req-f938f447-47bd-4f86-886c-a50e8465b9b7 - - - - -] libvirt.inject_password = False log_opt_values /usr/lib/python3/dist-packages/oslo_config/cfg.py:2609
2026-06-15 00:36:39.053 140440 DEBUG oslo_service.service [req-f938f447-47bd-4f86-886c-a50e8465b9b7 - - - - -] libvirt.iscsi_iface = None log_opt_values /usr/lib/python3/dist-packages/oslo_config/cfg.py:2609
2026-06-15 00:36:39.053 140440 DEBUG oslo_service.service [req-f938f447-47bd-4f86-886c-a50e8465b9b7 - - - - -] libvirt.iser_use_multipath = False log_opt_values /usr/lib/python3/dist-packages/oslo_config/cfg.py:2609
2026-06-15 00:36:39.053 140440 DEBUG oslo_service.service [req-f938f447-47bd-4f86-886c-a50e8465b9b7 - - - - -] libvirt.live_migration_bandwidth = 0 log_opt_values /usr/lib/python3/dist-packages/oslo_config/cfg.py:2609
2026-06-15 00:36:39.054 140440 DEBUG oslo_service.service [req-f938f447-47bd-4f86-886c-a50e8465b9b7 - - - - -] libvirt.live_migration_completion_timeout = 800 log_opt_values /usr/lib/python3/dist-packages/oslo_config/cfg.py:2609
2026-06-15 00:36:39.054 140440 DEBUG oslo_service.service [req-f938f447-47bd-4f86-886c-a50e8465b9b7 - - - - -] libvirt.live_migration_downtime = 500 log_opt_values /usr/lib/python3/dist-packages/oslo_config/cfg.py:2609
2026-06-15 00:36:39.054 140440 DEBUG oslo_service.service [req-f938f447-47bd-4f86-886c-a50e8465b9b7 - - - - -] libvirt.live_migration_downtime_delay = 75 log_opt_values /usr/lib/python3/dist-packages/oslo_config/cfg.py:2609
