2026-06-11 00:37:37.610 163766 DEBUG oslo_service.service [req-ebf13269-4946-48f1-9073-48fc7b77e535 - - - - -] state_path = /var/lib/nova log_opt_values /usr/lib/python3/dist-packages/oslo_config/cfg.py:2602
2026-06-11 00:37:37.610 163766 DEBUG oslo_service.service [req-ebf13269-4946-48f1-9073-48fc7b77e535 - - - - -] sync_power_state_interval = 600 log_opt_values /usr/lib/python3/dist-packages/oslo_config/cfg.py:2602
2026-06-11 00:37:37.610 163766 DEBUG oslo_service.service [req-ebf13269-4946-48f1-9073-48fc7b77e535 - - - - -] sync_power_state_pool_size = 1000 log_opt_values /usr/lib/python3/dist-packages/oslo_config/cfg.py:2602
2026-06-11 00:37:37.610 163766 DEBUG oslo_service.service [req-ebf13269-4946-48f1-9073-48fc7b77e535 - - - - -] syslog_log_facility = LOG_USER log_opt_values /usr/lib/python3/dist-packages/oslo_config/cfg.py:2602
2026-06-11 00:37:37.611 163766 DEBUG oslo_service.service [req-ebf13269-4946-48f1-9073-48fc7b77e535 - - - - -] tempdir = None log_opt_values /usr/lib/python3/dist-packages/oslo_config/cfg.py:2602
2026-06-11 00:37:37.611 163766 DEBUG oslo_service.service [req-ebf13269-4946-48f1-9073-48fc7b77e535 - - - - -] timeout_nbd = 10 log_opt_values /usr/lib/python3/dist-packages/oslo_config/cfg.py:2602
2026-06-11 00:37:37.611 163766 DEBUG oslo_service.service [req-ebf13269-4946-48f1-9073-48fc7b77e535 - - - - -] transport_url = **** log_opt_values /usr/lib/python3/dist-packages/oslo_config/cfg.py:2602
2026-06-11 00:37:37.611 163766 DEBUG oslo_service.service [req-ebf13269-4946-48f1-9073-48fc7b77e535 - - - - -] update_resources_interval = 0 log_opt_values /usr/lib/python3/dist-packages/oslo_config/cfg.py:2602
2026-06-11 00:37:37.611 163766 DEBUG oslo_service.service [req-ebf13269-4946-48f1-9073-48fc7b77e535 - - - - -] use_cow_images = True log_opt_values /usr/lib/python3/dist-packages/oslo_config/cfg.py:2602
2026-06-11 00:37:37.612 163766 DEBUG oslo_service.service [req-ebf13269-4946-48f1-9073-48fc7b77e535 - - - - -] use_eventlog = False log_opt_values /usr/lib/python3/dist-packages/oslo_config/cfg.py:2602
2026-06-11 00:37:37.612 163766 DEBUG oslo_service.service [req-ebf13269-4946-48f1-9073-48fc7b77e535 - - - - -] use_journal = False log_opt_values /usr/lib/python3/dist-packages/oslo_config/cfg.py:2602
2026-06-11 00:37:37.612 164228 DEBUG nova.service [req-ab9d5220-cf78-4315-b57c-93d14d4ea916 - - - - -] Creating RPC server for service scheduler start /usr/lib/python3/dist-packages/nova/service.py:182
2026-06-11 00:37:37.612 163766 DEBUG oslo_service.service [req-ebf13269-4946-48f1-9073-48fc7b77e535 - - - - -] use_json = False log_opt_values /usr/lib/python3/dist-packages/oslo_config/cfg.py:2602
2026-06-11 00:37:37.612 163766 DEBUG oslo_service.service [req-ebf13269-4946-48f1-9073-48fc7b77e535 - - - - -] use_rootwrap_daemon = False log_opt_values /usr/lib/python3/dist-packages/oslo_config/cfg.py:2602
2026-06-11 00:37:37.613 163766 DEBUG oslo_service.service [req-ebf13269-4946-48f1-9073-48fc7b77e535 - - - - -] use_stderr = False log_opt_values /usr/lib/python3/dist-packages/oslo_config/cfg.py:2602
2026-06-11 00:37:37.612 164240 DEBUG oslo_db.sqlalchemy.engines [req-bcc99e98-aab9-40d1-9400-31503419a59b - - - - -] MySQL server mode set to STRICT_TRANS_TABLES,STRICT_ALL_TABLES,NO_ZERO_IN_DATE,NO_ZERO_DATE,ERROR_FOR_DIVISION_BY_ZERO,TRADITIONAL,NO_ENGINE_SUBSTITUTION _check_effective_sql_mode /usr/lib/python3/dist-packages/oslo_db/sqlalchemy/engines.py:314
2026-06-11 00:37:37.613 163766 DEBUG oslo_service.service [req-ebf13269-4946-48f1-9073-48fc7b77e535 - - - - -] use_syslog = False log_opt_values /usr/lib/python3/dist-packages/oslo_config/cfg.py:2602
2026-06-11 00:37:37.613 163766 DEBUG oslo_service.service [req-ebf13269-4946-48f1-9073-48fc7b77e535 - - - - -] vcpu_pin_set = None log_opt_values /usr/lib/python3/dist-packages/oslo_config/cfg.py:2602
2026-06-11 00:37:37.613 163766 DEBUG oslo_service.service [req-ebf13269-4946-48f1-9073-48fc7b77e535 - - - - -] vif_plugging_is_fatal = True log_opt_values /usr/lib/python3/dist-packages/oslo_config/cfg.py:2602
2026-06-11 00:37:37.613 163766 DEBUG oslo_service.service [req-ebf13269-4946-48f1-9073-48fc7b77e535 - - - - -] vif_plugging_timeout = 300 log_opt_values /usr/lib/python3/dist-packages/oslo_config/cfg.py:2602
2026-06-11 00:37:37.614 163766 DEBUG oslo_service.service [req-ebf13269-4946-48f1-9073-48fc7b77e535 - - - - -] virt_mkfs = [] log_opt_values /usr/lib/python3/dist-packages/oslo_config/cfg.py:2602
2026-06-11 00:37:37.614 163766 DEBUG oslo_service.service [req-ebf13269-4946-48f1-9073-48fc7b77e535 - - - - -] volume_usage_poll_interval = 0 log_opt_values /usr/lib/python3/dist-packages/oslo_config/cfg.py:2602
2026-06-11 00:37:37.614 163766 DEBUG oslo_service.service [req-ebf13269-4946-48f1-9073-48fc7b77e535 - - - - -] watch_log_file = False log_opt_values /usr/lib/python3/dist-packages/oslo_config/cfg.py:2602
2026-06-11 00:37:37.614 163766 DEBUG oslo_service.service [req-ebf13269-4946-48f1-9073-48fc7b77e535 - - - - -] web = /usr/share/spice-html5 log_opt_values /usr/lib/python3/dist-packages/oslo_config/cfg.py:2602
2026-06-11 00:37:37.615 163766 DEBUG oslo_service.service [req-ebf13269-4946-48f1-9073-48fc7b77e535 - - - - -] oslo_concurrency.disable_process_locking = False log_opt_values /usr/lib/python3/dist-packages/oslo_config/cfg.py:2609
2026-06-11 00:37:37.615 163766 DEBUG oslo_service.service [req-ebf13269-4946-48f1-9073-48fc7b77e535 - - - - -] oslo_concurrency.lock_path = /var/lock/nova log_opt_values /usr/lib/python3/dist-packages/oslo_config/cfg.py:2609
2026-06-11 00:37:37.615 163766 WARNING oslo_config.cfg [req-ebf13269-4946-48f1-9073-48fc7b77e535 - - - - -] Deprecated: Option "auth_strategy" from group "api" is deprecated for removal ( The only non-default choice, ``noauth2``, is for internal development and testing purposes only and should not be used in deployments. This option and its middleware, NoAuthMiddleware[V2_18], will be removed in a future release. ). Its value may be silently ignored in the future.
2026-06-11 00:37:37.615 163766 DEBUG oslo_service.service [req-ebf13269-4946-48f1-9073-48fc7b77e535 - - - - -] api.auth_strategy = keystone log_opt_values /usr/lib/python3/dist-packages/oslo_config/cfg.py:2609
2026-06-11 00:37:37.616 163766 DEBUG oslo_service.service [req-ebf13269-4946-48f1-9073-48fc7b77e535 - - - - -] api.compute_link_prefix = None log_opt_values /usr/lib/python3/dist-packages/oslo_config/cfg.py:2609
2026-06-11 00:37:37.616 163766 DEBUG oslo_service.service [req-ebf13269-4946-48f1-9073-48fc7b77e535 - - - - -] api.config_drive_skip_versions = 1.0 2007-01-19 2007-03-01 2007-08-29 2007-10-10 2007-12-15 2008-02-01 2008-09-01 log_opt_values /usr/lib/python3/dist-packages/oslo_config/cfg.py:2609
2026-06-11 00:37:37.616 163766 DEBUG oslo_service.service [req-ebf13269-4946-48f1-9073-48fc7b77e535 - - - - -] api.dhcp_domain = novalocal log_opt_values /usr/lib/python3/dist-packages/oslo_config/cfg.py:2609
2026-06-11 00:37:37.616 163766 DEBUG oslo_service.service [req-ebf13269-4946-48f1-9073-48fc7b77e535 - - - - -] api.enable_instance_password = True log_opt_values /usr/lib/python3/dist-packages/oslo_config/cfg.py:2609
2026-06-11 00:37:37.617 163766 DEBUG oslo_service.service [req-ebf13269-4946-48f1-9073-48fc7b77e535 - - - - -] api.glance_link_prefix = None log_opt_values /usr/lib/python3/dist-packages/oslo_config/cfg.py:2609
2026-06-11 00:37:37.617 163766 DEBUG oslo_service.service [req-ebf13269-4946-48f1-9073-48fc7b77e535 - - - - -] api.instance_list_cells_batch_fixed_size = 100 log_opt_values /usr/lib/python3/dist-packages/oslo_config/cfg.py:2609
2026-06-11 00:37:37.617 163766 DEBUG oslo_service.service [req-ebf13269-4946-48f1-9073-48fc7b77e535 - - - - -] api.instance_list_cells_batch_strategy = distributed log_opt_values /usr/lib/python3/dist-packages/oslo_config/cfg.py:2609
2026-06-11 00:37:37.617 163766 DEBUG oslo_service.service [req-ebf13269-4946-48f1-9073-48fc7b77e535 - - - - -] api.instance_list_per_project_cells = False log_opt_values /usr/lib/python3/dist-packages/oslo_config/cfg.py:2609
2026-06-11 00:37:37.617 163766 DEBUG oslo_service.service [req-ebf13269-4946-48f1-9073-48fc7b77e535 - - - - -] api.list_records_by_skipping_down_cells = True log_opt_values /usr/lib/python3/dist-packages/oslo_config/cfg.py:2609
2026-06-11 00:37:37.618 163766 DEBUG oslo_service.service [req-ebf13269-4946-48f1-9073-48fc7b77e535 - - - - -] api.local_metadata_per_cell = False log_opt_values /usr/lib/python3/dist-packages/oslo_config/cfg.py:2609
2026-06-11 00:37:37.618 163766 DEBUG oslo_service.service [req-ebf13269-4946-48f1-9073-48fc7b77e535 - - - - -] api.max_limit = 1000 log_opt_values /usr/lib/python3/dist-packages/oslo_config/cfg.py:2609
2026-06-11 00:37:37.618 163766 DEBUG oslo_service.service [req-ebf13269-4946-48f1-9073-48fc7b77e535 - - - - -] api.metadata_cache_expiration = 15 log_opt_values /usr/lib/python3/dist-packages/oslo_config/cfg.py:2609
2026-06-11 00:37:37.619 163766 DEBUG oslo_service.service [req-ebf13269-4946-48f1-9073-48fc7b77e535 - - - - -] api.neutron_default_tenant_id = default log_opt_values /usr/lib/python3/dist-packages/oslo_config/cfg.py:2609
2026-06-11 00:37:37.619 163766 DEBUG oslo_service.service [req-ebf13269-4946-48f1-9073-48fc7b77e535 - - - - -] api.use_forwarded_for = False log_opt_values /usr/lib/python3/dist-packages/oslo_config/cfg.py:2609
2026-06-11 00:37:37.619 163766 DEBUG oslo_service.service [req-ebf13269-4946-48f1-9073-48fc7b77e535 - - - - -] api.use_neutron_default_nets = False log_opt_values /usr/lib/python3/dist-packages/oslo_config/cfg.py:2609
2026-06-11 00:37:37.619 163766 DEBUG oslo_service.service [req-ebf13269-4946-48f1-9073-48fc7b77e535 - - - - -] api.vendordata_dynamic_connect_timeout = 5 log_opt_values /usr/lib/python3/dist-packages/oslo_config/cfg.py:2609
2026-06-11 00:37:37.619 163766 DEBUG oslo_service.service [req-ebf13269-4946-48f1-9073-48fc7b77e535 - - - - -] api.vendordata_dynamic_failure_fatal = False log_opt_values /usr/lib/python3/dist-packages/oslo_config/cfg.py:2609
2026-06-11 00:37:37.620 163766 DEBUG oslo_service.service [req-ebf13269-4946-48f1-9073-48fc7b77e535 - - - - -] api.vendordata_dynamic_read_timeout = 5 log_opt_values /usr/lib/python3/dist-packages/oslo_config/cfg.py:2609
2026-06-11 00:37:37.620 163766 DEBUG oslo_service.service [req-ebf13269-4946-48f1-9073-48fc7b77e535 - - - - -] api.vendordata_dynamic_ssl_certfile = log_opt_values /usr/lib/python3/dist-packages/oslo_config/cfg.py:2609
2026-06-11 00:37:37.620 163766 DEBUG oslo_service.service [req-ebf13269-4946-48f1-9073-48fc7b77e535 - - - - -] api.vendordata_dynamic_targets = [] log_opt_values /usr/lib/python3/dist-packages/oslo_config/cfg.py:2609
2026-06-11 00:37:37.620 163766 DEBUG oslo_service.service [req-ebf13269-4946-48f1-9073-48fc7b77e535 - - - - -] api.vendordata_jsonfile_path = None log_opt_values /usr/lib/python3/dist-packages/oslo_config/cfg.py:2609
2026-06-11 00:37:37.620 163766 DEBUG oslo_service.service [req-ebf13269-4946-48f1-9073-48fc7b77e535 - - - - -] api.vendordata_providers = ['StaticJSON'] log_opt_values /usr/lib/python3/dist-packages/oslo_config/cfg.py:2609
2026-06-11 00:37:37.621 163766 DEBUG oslo_service.service [req-ebf13269-4946-48f1-9073-48fc7b77e535 - - - - -] cache.backend = dogpile.cache.null log_opt_values /usr/lib/python3/dist-packages/oslo_config/cfg.py:2609
2026-06-11 00:37:37.621 163766 DEBUG oslo_service.service [req-ebf13269-4946-48f1-9073-48fc7b77e535 - - - - -] cache.backend_argument = **** log_opt_values /usr/lib/python3/dist-packages/oslo_config/cfg.py:2609
2026-06-11 00:37:37.621 163766 DEBUG oslo_service.service [req-ebf13269-4946-48f1-9073-48fc7b77e535 - - - - -] cache.config_prefix = cache.oslo log_opt_values /usr/lib/python3/dist-packages/oslo_config/cfg.py:2609
2026-06-11 00:37:37.621 163766 DEBUG oslo_service.service [req-ebf13269-4946-48f1-9073-48fc7b77e535 - - - - -] cache.debug_cache_backend = False log_opt_values /usr/lib/python3/dist-packages/oslo_config/cfg.py:2609
2026-06-11 00:37:37.622 163766 DEBUG oslo_service.service [req-ebf13269-4946-48f1-9073-48fc7b77e535 - - - - -] cache.enabled = False log_opt_values /usr/lib/python3/dist-packages/oslo_config/cfg.py:2609
2026-06-11 00:37:37.622 163766 DEBUG oslo_service.service [req-ebf13269-4946-48f1-9073-48fc7b77e535 - - - - -] cache.expiration_time = 600 log_opt_values /usr/lib/python3/dist-packages/oslo_config/cfg.py:2609
2026-06-11 00:37:37.622 163766 DEBUG oslo_service.service [req-ebf13269-4946-48f1-9073-48fc7b77e535 - - - - -] cache.memcache_dead_retry = 300 log_opt_values /usr/lib/python3/dist-packages/oslo_config/cfg.py:2609
2026-06-11 00:37:37.622 163766 DEBUG oslo_service.service [req-ebf13269-4946-48f1-9073-48fc7b77e535 - - - - -] cache.memcache_pool_connection_get_timeout = 10 log_opt_values /usr/lib/python3/dist-packages/oslo_config/cfg.py:2609
2026-06-11 00:37:37.622 163766 DEBUG oslo_service.service [req-ebf13269-4946-48f1-9073-48fc7b77e535 - - - - -] cache.memcache_pool_flush_on_reconnect = False log_opt_values /usr/lib/python3/dist-packages/oslo_config/cfg.py:2609
2026-06-11 00:37:37.623 163766 DEBUG oslo_service.service [req-ebf13269-4946-48f1-9073-48fc7b77e535 - - - - -] cache.memcache_pool_maxsize = 10 log_opt_values /usr/lib/python3/dist-packages/oslo_config/cfg.py:2609
2026-06-11 00:37:37.623 163766 DEBUG oslo_service.service [req-ebf13269-4946-48f1-9073-48fc7b77e535 - - - - -] cache.memcache_pool_unused_timeout = 60 log_opt_values /usr/lib/python3/dist-packages/oslo_config/cfg.py:2609
2026-06-11 00:37:37.623 163766 DEBUG oslo_service.service [req-ebf13269-4946-48f1-9073-48fc7b77e535 - - - - -] cache.memcache_servers = ['localhost:11211'] log_opt_values /usr/lib/python3/dist-packages/oslo_config/cfg.py:2609
2026-06-11 00:37:37.624 163766 DEBUG oslo_service.service [req-ebf13269-4946-48f1-9073-48fc7b77e535 - - - - -] cache.memcache_socket_timeout = 1.0 log_opt_values /usr/lib/python3/dist-packages/oslo_config/cfg.py:2609
2026-06-11 00:37:37.624 163766 DEBUG oslo_service.service [req-ebf13269-4946-48f1-9073-48fc7b77e535 - - - - -] cache.proxies = [] log_opt_values /usr/lib/python3/dist-packages/oslo_config/cfg.py:2609
2026-06-11 00:37:37.624 163766 DEBUG oslo_service.service [req-ebf13269-4946-48f1-9073-48fc7b77e535 - - - - -] cache.tls_allowed_ciphers = None log_opt_values /usr/lib/python3/dist-packages/oslo_config/cfg.py:2609
2026-06-11 00:37:37.626 163766 DEBUG oslo_service.service [req-ebf13269-4946-48f1-9073-48fc7b77e535 - - - - -] cache.tls_cafile = None log_opt_values /usr/lib/python3/dist-packages/oslo_config/cfg.py:2609
2026-06-11 00:37:37.627 163766 DEBUG oslo_service.service [req-ebf13269-4946-48f1-9073-48fc7b77e535 - - - - -] cache.tls_certfile = None log_opt_values /usr/lib/python3/dist-packages/oslo_config/cfg.py:2609
2026-06-11 00:37:37.627 163766 DEBUG oslo_service.service [req-ebf13269-4946-48f1-9073-48fc7b77e535 - - - - -] cache.tls_enabled = False log_opt_values /usr/lib/python3/dist-packages/oslo_config/cfg.py:2609
2026-06-11 00:37:37.627 163766 DEBUG oslo_service.service [req-ebf13269-4946-48f1-9073-48fc7b77e535 - - - - -] cache.tls_keyfile = None log_opt_values /usr/lib/python3/dist-packages/oslo_config/cfg.py:2609
2026-06-11 00:37:37.628 163766 DEBUG oslo_service.service [req-ebf13269-4946-48f1-9073-48fc7b77e535 - - - - -] cinder.auth_section = None log_opt_values /usr/lib/python3/dist-packages/oslo_config/cfg.py:2609
2026-06-11 00:37:37.628 163766 DEBUG oslo_service.service [req-ebf13269-4946-48f1-9073-48fc7b77e535 - - - - -] cinder.auth_type = None log_opt_values /usr/lib/python3/dist-packages/oslo_config/cfg.py:2609
2026-06-11 00:37:37.628 163766 DEBUG oslo_service.service [req-ebf13269-4946-48f1-9073-48fc7b77e535 - - - - -] cinder.cafile = None log_opt_values /usr/lib/python3/dist-packages/oslo_config/cfg.py:2609
2026-06-11 00:37:37.629 163766 DEBUG oslo_service.service [req-ebf13269-4946-48f1-9073-48fc7b77e535 - - - - -] cinder.catalog_info = volumev3::publicURL log_opt_values /usr/lib/python3/dist-packages/oslo_config/cfg.py:2609
2026-06-11 00:37:37.629 163766 DEBUG oslo_service.service [req-ebf13269-4946-48f1-9073-48fc7b77e535 - - - - -] cinder.certfile = None log_opt_values /usr/lib/python3/dist-packages/oslo_config/cfg.py:2609
2026-06-11 00:37:37.629 164240 DEBUG nova.service [req-bcc99e98-aab9-40d1-9400-31503419a59b - - - - -] Creating RPC server for service scheduler start /usr/lib/python3/dist-packages/nova/service.py:182
2026-06-11 00:37:37.629 163766 DEBUG oslo_service.service [req-ebf13269-4946-48f1-9073-48fc7b77e535 - - - - -] cinder.collect_timing = False log_opt_values /usr/lib/python3/dist-packages/oslo_config/cfg.py:2609
2026-06-11 00:37:37.630 163766 DEBUG oslo_service.service [req-ebf13269-4946-48f1-9073-48fc7b77e535 - - - - -] cinder.cross_az_attach = True log_opt_values /usr/lib/python3/dist-packages/oslo_config/cfg.py:2609
2026-06-11 00:37:37.630 163766 DEBUG oslo_service.service [req-ebf13269-4946-48f1-9073-48fc7b77e535 - - - - -] cinder.debug = False log_opt_values /usr/lib/python3/dist-packages/oslo_config/cfg.py:2609
2026-06-11 00:37:37.631 163766 DEBUG oslo_service.service [req-ebf13269-4946-48f1-9073-48fc7b77e535 - - - - -] cinder.endpoint_template = None log_opt_values /usr/lib/python3/dist-packages/oslo_config/cfg.py:2609
2026-06-11 00:37:37.631 163766 DEBUG oslo_service.service [req-ebf13269-4946-48f1-9073-48fc7b77e535 - - - - -] cinder.http_retries = 3 log_opt_values /usr/lib/python3/dist-packages/oslo_config/cfg.py:2609
2026-06-11 00:37:37.631 163766 DEBUG oslo_service.service [req-ebf13269-4946-48f1-9073-48fc7b77e535 - - - - -] cinder.insecure = False log_opt_values /usr/lib/python3/dist-packages/oslo_config/cfg.py:2609
2026-06-11 00:37:37.631 163766 DEBUG oslo_service.service [req-ebf13269-4946-48f1-9073-48fc7b77e535 - - - - -] cinder.keyfile = None log_opt_values /usr/lib/python3/dist-packages/oslo_config/cfg.py:2609
2026-06-11 00:37:37.632 163766 DEBUG oslo_service.service [req-ebf13269-4946-48f1-9073-48fc7b77e535 - - - - -] cinder.os_region_name = None log_opt_values /usr/lib/python3/dist-packages/oslo_config/cfg.py:2609
2026-06-11 00:37:37.632 163766 DEBUG oslo_service.service [req-ebf13269-4946-48f1-9073-48fc7b77e535 - - - - -] cinder.split_loggers = False log_opt_values /usr/lib/python3/dist-packages/oslo_config/cfg.py:2609
2026-06-11 00:37:37.632 163766 DEBUG oslo_service.service [req-ebf13269-4946-48f1-9073-48fc7b77e535 - - - - -] cinder.timeout = None log_opt_values /usr/lib/python3/dist-packages/oslo_config/cfg.py:2609
2026-06-11 00:37:37.632 163766 DEBUG oslo_service.service [req-ebf13269-4946-48f1-9073-48fc7b77e535 - - - - -] compute.consecutive_build_service_disable_threshold = 10 log_opt_values /usr/lib/python3/dist-packages/oslo_config/cfg.py:2609
2026-06-11 00:37:37.632 163766 DEBUG oslo_service.service [req-ebf13269-4946-48f1-9073-48fc7b77e535 - - - - -] compute.cpu_dedicated_set = None log_opt_values /usr/lib/python3/dist-packages/oslo_config/cfg.py:2609
2026-06-11 00:37:37.634 163766 DEBUG oslo_service.service [req-ebf13269-4946-48f1-9073-48fc7b77e535 - - - - -] compute.cpu_shared_set = None log_opt_values /usr/lib/python3/dist-packages/oslo_config/cfg.py:2609
2026-06-11 00:37:37.634 163766 DEBUG oslo_service.service [req-ebf13269-4946-48f1-9073-48fc7b77e535 - - - - -] compute.image_type_exclude_list = [] log_opt_values /usr/lib/python3/dist-packages/oslo_config/cfg.py:2609
2026-06-11 00:37:37.634 163766 DEBUG oslo_service.service [req-ebf13269-4946-48f1-9073-48fc7b77e535 - - - - -] compute.live_migration_wait_for_vif_plug = True log_opt_values /usr/lib/python3/dist-packages/oslo_config/cfg.py:2609
2026-06-11 00:37:37.634 163766 DEBUG oslo_service.service [req-ebf13269-4946-48f1-9073-48fc7b77e535 - - - - -] compute.max_concurrent_disk_ops = 0 log_opt_values /usr/lib/python3/dist-packages/oslo_config/cfg.py:2609
2026-06-11 00:37:37.635 163766 DEBUG oslo_service.service [req-ebf13269-4946-48f1-9073-48fc7b77e535 - - - - -] compute.max_disk_devices_to_attach = -1 log_opt_values /usr/lib/python3/dist-packages/oslo_config/cfg.py:2609
2026-06-11 00:37:37.635 163766 DEBUG oslo_service.service [req-ebf13269-4946-48f1-9073-48fc7b77e535 - - - - -] compute.packing_host_numa_cells_allocation_strategy = True log_opt_values /usr/lib/python3/dist-packages/oslo_config/cfg.py:2609
2026-06-11 00:37:37.635 163766 DEBUG oslo_service.service [req-ebf13269-4946-48f1-9073-48fc7b77e535 - - - - -] compute.provider_config_location = /etc/nova/provider_config/ log_opt_values /usr/lib/python3/dist-packages/oslo_config/cfg.py:2609
2026-06-11 00:37:37.635 163766 DEBUG oslo_service.service [req-ebf13269-4946-48f1-9073-48fc7b77e535 - - - - -] compute.resource_provider_association_refresh = 300 log_opt_values /usr/lib/python3/dist-packages/oslo_config/cfg.py:2609
2026-06-11 00:37:37.636 163766 DEBUG oslo_service.service [req-ebf13269-4946-48f1-9073-48fc7b77e535 - - - - -] compute.shutdown_retry_interval = 10 log_opt_values /usr/lib/python3/dist-packages/oslo_config/cfg.py:2609
2026-06-11 00:37:37.641 163766 DEBUG oslo_service.service [req-ebf13269-4946-48f1-9073-48fc7b77e535 - - - - -] compute.vmdk_allowed_types = ['streamOptimized', 'monolithicSparse'] log_opt_values /usr/lib/python3/dist-packages/oslo_config/cfg.py:2609
2026-06-11 00:37:37.642 163766 DEBUG oslo_service.service [req-ebf13269-4946-48f1-9073-48fc7b77e535 - - - - -] conductor.workers = 4 log_opt_values /usr/lib/python3/dist-packages/oslo_config/cfg.py:2609
2026-06-11 00:37:37.642 163766 DEBUG oslo_service.service [req-ebf13269-4946-48f1-9073-48fc7b77e535 - - - - -] console.allowed_origins = [] log_opt_values /usr/lib/python3/dist-packages/oslo_config/cfg.py:2609
2026-06-11 00:37:37.643 163766 DEBUG oslo_service.service [req-ebf13269-4946-48f1-9073-48fc7b77e535 - - - - -] console.ssl_ciphers = None log_opt_values /usr/lib/python3/dist-packages/oslo_config/cfg.py:2609
2026-06-11 00:37:37.644 163766 DEBUG oslo_service.service [req-ebf13269-4946-48f1-9073-48fc7b77e535 - - - - -] console.ssl_minimum_version = default log_opt_values /usr/lib/python3/dist-packages/oslo_config/cfg.py:2609
2026-06-11 00:37:37.644 163766 DEBUG oslo_service.service [req-ebf13269-4946-48f1-9073-48fc7b77e535 - - - - -] consoleauth.token_ttl = 600 log_opt_values /usr/lib/python3/dist-packages/oslo_config/cfg.py:2609
2026-06-11 00:37:37.644 163766 DEBUG oslo_service.service [req-ebf13269-4946-48f1-9073-48fc7b77e535 - - - - -] cyborg.cafile = None log_opt_values /usr/lib/python3/dist-packages/oslo_config/cfg.py:2609
2026-06-11 00:37:37.645 163766 DEBUG oslo_service.service [req-ebf13269-4946-48f1-9073-48fc7b77e535 - - - - -] cyborg.certfile = None log_opt_values /usr/lib/python3/dist-packages/oslo_config/cfg.py:2609
2026-06-11 00:37:37.645 163766 DEBUG oslo_service.service [req-ebf13269-4946-48f1-9073-48fc7b77e535 - - - - -] cyborg.collect_timing = False log_opt_values /usr/lib/python3/dist-packages/oslo_config/cfg.py:2609
2026-06-11 00:37:37.645 163766 DEBUG oslo_service.service [req-ebf13269-4946-48f1-9073-48fc7b77e535 - - - - -] cyborg.connect_retries = None log_opt_values /usr/lib/python3/dist-packages/oslo_config/cfg.py:2609
2026-06-11 00:37:37.645 163766 DEBUG oslo_service.service [req-ebf13269-4946-48f1-9073-48fc7b77e535 - - - - -] cyborg.connect_retry_delay = None log_opt_values /usr/lib/python3/dist-packages/oslo_config/cfg.py:2609
2026-06-11 00:37:37.645 163766 DEBUG oslo_service.service [req-ebf13269-4946-48f1-9073-48fc7b77e535 - - - - -] cyborg.endpoint_override = None log_opt_values /usr/lib/python3/dist-packages/oslo_config/cfg.py:2609
2026-06-11 00:37:37.645 163766 DEBUG oslo_service.service [req-ebf13269-4946-48f1-9073-48fc7b77e535 - - - - -] cyborg.insecure = False log_opt_values /usr/lib/python3/dist-packages/oslo_config/cfg.py:2609
2026-06-11 00:37:37.646 163766 DEBUG oslo_service.service [req-ebf13269-4946-48f1-9073-48fc7b77e535 - - - - -] cyborg.keyfile = None log_opt_values /usr/lib/python3/dist-packages/oslo_config/cfg.py:2609
2026-06-11 00:37:37.646 163766 DEBUG oslo_service.service [req-ebf13269-4946-48f1-9073-48fc7b77e535 - - - - -] cyborg.max_version = None log_opt_values /usr/lib/python3/dist-packages/oslo_config/cfg.py:2609
2026-06-11 00:37:37.646 163766 DEBUG oslo_service.service [req-ebf13269-4946-48f1-9073-48fc7b77e535 - - - - -] cyborg.min_version = None log_opt_values /usr/lib/python3/dist-packages/oslo_config/cfg.py:2609
2026-06-11 00:37:37.646 163766 DEBUG oslo_service.service [req-ebf13269-4946-48f1-9073-48fc7b77e535 - - - - -] cyborg.region_name = None log_opt_values /usr/lib/python3/dist-packages/oslo_config/cfg.py:2609
2026-06-11 00:37:37.647 163766 DEBUG oslo_service.service [req-ebf13269-4946-48f1-9073-48fc7b77e535 - - - - -] cyborg.service_name = None log_opt_values /usr/lib/python3/dist-packages/oslo_config/cfg.py:2609
2026-06-11 00:37:37.647 163766 DEBUG oslo_service.service [req-ebf13269-4946-48f1-9073-48fc7b77e535 - - - - -] cyborg.service_type = accelerator log_opt_values /usr/lib/python3/dist-packages/oslo_config/cfg.py:2609
2026-06-11 00:37:37.647 163766 DEBUG oslo_service.service [req-ebf13269-4946-48f1-9073-48fc7b77e535 - - - - -] cyborg.split_loggers = False log_opt_values /usr/lib/python3/dist-packages/oslo_config/cfg.py:2609
2026-06-11 00:37:37.648 163766 DEBUG oslo_service.service [req-ebf13269-4946-48f1-9073-48fc7b77e535 - - - - -] cyborg.status_code_retries = None log_opt_values /usr/lib/python3/dist-packages/oslo_config/cfg.py:2609
2026-06-11 00:37:37.647 164228 DEBUG oslo_messaging._drivers.amqpdriver [-] Listener is running poll /usr/lib/python3/dist-packages/oslo_messaging/_drivers/amqpdriver.py:343
2026-06-11 00:37:37.648 163766 DEBUG oslo_service.service [req-ebf13269-4946-48f1-9073-48fc7b77e535 - - - - -] cyborg.status_code_retry_delay = None log_opt_values /usr/lib/python3/dist-packages/oslo_config/cfg.py:2609
2026-06-11 00:37:37.649 164228 DEBUG oslo_messaging._drivers.amqpdriver [-] AMQPListener connection consume poll /usr/lib/python3/dist-packages/oslo_messaging/_drivers/amqpdriver.py:357
2026-06-11 00:37:37.649 163766 DEBUG oslo_service.service [req-ebf13269-4946-48f1-9073-48fc7b77e535 - - - - -] cyborg.timeout = None log_opt_values /usr/lib/python3/dist-packages/oslo_config/cfg.py:2609
2026-06-11 00:37:37.650 163766 DEBUG oslo_service.service [req-ebf13269-4946-48f1-9073-48fc7b77e535 - - - - -] cyborg.valid_interfaces = ['internal', 'public'] log_opt_values /usr/lib/python3/dist-packages/oslo_config/cfg.py:2609
2026-06-11 00:37:37.650 164228 DEBUG nova.service [req-ab9d5220-cf78-4315-b57c-93d14d4ea916 - - - - -] Join ServiceGroup membership for this service scheduler start /usr/lib/python3/dist-packages/nova/service.py:199
2026-06-11 00:37:37.650 163766 DEBUG oslo_service.service [req-ebf13269-4946-48f1-9073-48fc7b77e535 - - - - -] cyborg.version = None log_opt_values /usr/lib/python3/dist-packages/oslo_config/cfg.py:2609
2026-06-11 00:37:37.650 164228 DEBUG nova.servicegroup.drivers.db [req-ab9d5220-cf78-4315-b57c-93d14d4ea916 - - - - -] DB_Driver: join new ServiceGroup member juju-12a9f7-0-lxd-7 to the scheduler group, service = join /usr/lib/python3/dist-packages/nova/servicegroup/drivers/db.py:44
2026-06-11 00:37:37.650 163766 DEBUG oslo_service.service [req-ebf13269-4946-48f1-9073-48fc7b77e535 - - - - -] database.backend = sqlalchemy log_opt_values /usr/lib/python3/dist-packages/oslo_config/cfg.py:2609
2026-06-11 00:37:37.651 163766 DEBUG oslo_service.service [req-ebf13269-4946-48f1-9073-48fc7b77e535 - - - - -] database.connection = **** log_opt_values /usr/lib/python3/dist-packages/oslo_config/cfg.py:2609
2026-06-11 00:37:37.651 163766 DEBUG oslo_service.service [req-ebf13269-4946-48f1-9073-48fc7b77e535 - - - - -] database.connection_debug = 0 log_opt_values /usr/lib/python3/dist-packages/oslo_config/cfg.py:2609
2026-06-11 00:37:37.651 163766 DEBUG oslo_service.service [req-ebf13269-4946-48f1-9073-48fc7b77e535 - - - - -] database.connection_parameters = log_opt_values /usr/lib/python3/dist-packages/oslo_config/cfg.py:2609
2026-06-11 00:37:37.652 163766 DEBUG oslo_service.service [req-ebf13269-4946-48f1-9073-48fc7b77e535 - - - - -] database.connection_recycle_time = 3600 log_opt_values /usr/lib/python3/dist-packages/oslo_config/cfg.py:2609
2026-06-11 00:37:37.652 163766 DEBUG oslo_service.service [req-ebf13269-4946-48f1-9073-48fc7b77e535 - - - - -] database.connection_trace = False log_opt_values /usr/lib/python3/dist-packages/oslo_config/cfg.py:2609
2026-06-11 00:37:37.652 163766 DEBUG oslo_service.service [req-ebf13269-4946-48f1-9073-48fc7b77e535 - - - - -] database.db_inc_retry_interval = True log_opt_values /usr/lib/python3/dist-packages/oslo_config/cfg.py:2609
2026-06-11 00:37:37.652 163766 DEBUG oslo_service.service [req-ebf13269-4946-48f1-9073-48fc7b77e535 - - - - -] database.db_max_retries = 20 log_opt_values /usr/lib/python3/dist-packages/oslo_config/cfg.py:2609
2026-06-11 00:37:37.653 163766 DEBUG oslo_service.service [req-ebf13269-4946-48f1-9073-48fc7b77e535 - - - - -] database.db_max_retry_interval = 10 log_opt_values /usr/lib/python3/dist-packages/oslo_config/cfg.py:2609
2026-06-11 00:37:37.653 163766 DEBUG oslo_service.service [req-ebf13269-4946-48f1-9073-48fc7b77e535 - - - - -] database.db_retry_interval = 1 log_opt_values /usr/lib/python3/dist-packages/oslo_config/cfg.py:2609
2026-06-11 00:37:37.653 164228 DEBUG oslo_messaging._drivers.amqpdriver [-] AMQPListener connection timeout poll /usr/lib/python3/dist-packages/oslo_messaging/_drivers/amqpdriver.py:360
2026-06-11 00:37:37.653 163766 DEBUG oslo_service.service [req-ebf13269-4946-48f1-9073-48fc7b77e535 - - - - -] database.max_overflow = 50 log_opt_values /usr/lib/python3/dist-packages/oslo_config/cfg.py:2609
2026-06-11 00:37:37.653 164228 DEBUG oslo_messaging._drivers.amqpdriver [-] Listener is running poll /usr/lib/python3/dist-packages/oslo_messaging/_drivers/amqpdriver.py:343
2026-06-11 00:37:37.653 163766 DEBUG oslo_service.service [req-ebf13269-4946-48f1-9073-48fc7b77e535 - - - - -] database.max_pool_size = 4 log_opt_values /usr/lib/python3/dist-packages/oslo_config/cfg.py:2609
2026-06-11 00:37:37.653 164228 DEBUG oslo_messaging._drivers.amqpdriver [-] AMQPListener connection consume poll /usr/lib/python3/dist-packages/oslo_messaging/_drivers/amqpdriver.py:357
2026-06-11 00:37:37.654 163766 DEBUG oslo_service.service [req-ebf13269-4946-48f1-9073-48fc7b77e535 - - - - -] database.max_retries = 10 log_opt_values /usr/lib/python3/dist-packages/oslo_config/cfg.py:2609
2026-06-11 00:37:37.654 163766 DEBUG oslo_service.service [req-ebf13269-4946-48f1-9073-48fc7b77e535 - - - - -] database.mysql_enable_ndb = False log_opt_values /usr/lib/python3/dist-packages/oslo_config/cfg.py:2609
2026-06-11 00:37:37.654 163766 DEBUG oslo_service.service [req-ebf13269-4946-48f1-9073-48fc7b77e535 - - - - -] database.mysql_sql_mode = TRADITIONAL log_opt_values /usr/lib/python3/dist-packages/oslo_config/cfg.py:2609
2026-06-11 00:37:37.654 164234 DEBUG oslo_messaging._drivers.amqpdriver [-] Listener is running poll /usr/lib/python3/dist-packages/oslo_messaging/_drivers/amqpdriver.py:343
2026-06-11 00:37:37.654 163766 DEBUG oslo_service.service [req-ebf13269-4946-48f1-9073-48fc7b77e535 - - - - -] database.pool_timeout = None log_opt_values /usr/lib/python3/dist-packages/oslo_config/cfg.py:2609
2026-06-11 00:37:37.655 164234 DEBUG oslo_messaging._drivers.amqpdriver [-] AMQPListener connection consume poll /usr/lib/python3/dist-packages/oslo_messaging/_drivers/amqpdriver.py:357
2026-06-11 00:37:37.655 163766 DEBUG oslo_service.service [req-ebf13269-4946-48f1-9073-48fc7b77e535 - - - - -] database.retry_interval = 10 log_opt_values /usr/lib/python3/dist-packages/oslo_config/cfg.py:2609
2026-06-11 00:37:37.655 163766 DEBUG oslo_service.service [req-ebf13269-4946-48f1-9073-48fc7b77e535 - - - - -] database.slave_connection = **** log_opt_values /usr/lib/python3/dist-packages/oslo_config/cfg.py:2609
2026-06-11 00:37:37.655 163766 DEBUG oslo_service.service [req-ebf13269-4946-48f1-9073-48fc7b77e535 - - - - -] database.sqlite_synchronous = True log_opt_values /usr/lib/python3/dist-packages/oslo_config/cfg.py:2609
2026-06-11 00:37:37.656 163766 DEBUG oslo_service.service [req-ebf13269-4946-48f1-9073-48fc7b77e535 - - - - -] database.use_db_reconnect = False log_opt_values /usr/lib/python3/dist-packages/oslo_config/cfg.py:2609
2026-06-11 00:37:37.656 163766 DEBUG oslo_service.service [req-ebf13269-4946-48f1-9073-48fc7b77e535 - - - - -] api_database.backend = sqlalchemy log_opt_values /usr/lib/python3/dist-packages/oslo_config/cfg.py:2609
2026-06-11 00:37:37.657 163766 DEBUG oslo_service.service [req-ebf13269-4946-48f1-9073-48fc7b77e535 - - - - -] api_database.connection = **** log_opt_values /usr/lib/python3/dist-packages/oslo_config/cfg.py:2609
2026-06-11 00:37:37.657 163766 DEBUG oslo_service.service [req-ebf13269-4946-48f1-9073-48fc7b77e535 - - - - -] api_database.connection_debug = 0 log_opt_values /usr/lib/python3/dist-packages/oslo_config/cfg.py:2609
2026-06-11 00:37:37.657 163766 DEBUG oslo_service.service [req-ebf13269-4946-48f1-9073-48fc7b77e535 - - - - -] api_database.connection_parameters = log_opt_values /usr/lib/python3/dist-packages/oslo_config/cfg.py:2609
2026-06-11 00:37:37.657 164234 DEBUG nova.service [req-94993934-c69b-4cb6-9cf4-2888fff117f6 - - - - -] Join ServiceGroup membership for this service scheduler start /usr/lib/python3/dist-packages/nova/service.py:199
2026-06-11 00:37:37.658 163766 DEBUG oslo_service.service [req-ebf13269-4946-48f1-9073-48fc7b77e535 - - - - -] api_database.connection_recycle_time = 3600 log_opt_values /usr/lib/python3/dist-packages/oslo_config/cfg.py:2609
2026-06-11 00:37:37.658 164234 DEBUG nova.servicegroup.drivers.db [req-94993934-c69b-4cb6-9cf4-2888fff117f6 - - - - -] DB_Driver: join new ServiceGroup member juju-12a9f7-0-lxd-7 to the scheduler group, service = join /usr/lib/python3/dist-packages/nova/servicegroup/drivers/db.py:44
2026-06-11 00:37:37.658 163766 DEBUG oslo_service.service [req-ebf13269-4946-48f1-9073-48fc7b77e535 - - - - -] api_database.connection_trace = False log_opt_values /usr/lib/python3/dist-packages/oslo_config/cfg.py:2609
2026-06-11 00:37:37.658 163766 DEBUG oslo_service.service [req-ebf13269-4946-48f1-9073-48fc7b77e535 - - - - -] api_database.db_inc_retry_interval = True log_opt_values /usr/lib/python3/dist-packages/oslo_config/cfg.py:2609
2026-06-11 00:37:37.658 164241 DEBUG oslo_db.sqlalchemy.engines [req-c98856bb-23ac-4bb3-92cd-dfd5016ffea2 - - - - -] MySQL server mode set to STRICT_TRANS_TABLES,STRICT_ALL_TABLES,NO_ZERO_IN_DATE,NO_ZERO_DATE,ERROR_FOR_DIVISION_BY_ZERO,TRADITIONAL,NO_ENGINE_SUBSTITUTION _check_effective_sql_mode /usr/lib/python3/dist-packages/oslo_db/sqlalchemy/engines.py:314
2026-06-11 00:37:37.659 163766 DEBUG oslo_service.service [req-ebf13269-4946-48f1-9073-48fc7b77e535 - - - - -] api_database.db_max_retries = 20 log_opt_values /usr/lib/python3/dist-packages/oslo_config/cfg.py:2609
2026-06-11 00:37:37.659 163766 DEBUG oslo_service.service [req-ebf13269-4946-48f1-9073-48fc7b77e535 - - - - -] api_database.db_max_retry_interval = 10 log_opt_values /usr/lib/python3/dist-packages/oslo_config/cfg.py:2609
2026-06-11 00:37:37.659 163766 DEBUG oslo_service.service [req-ebf13269-4946-48f1-9073-48fc7b77e535 - - - - -] api_database.db_retry_interval = 1 log_opt_values /usr/lib/python3/dist-packages/oslo_config/cfg.py:2609
2026-06-11 00:37:37.659 163766 DEBUG oslo_service.service [req-ebf13269-4946-48f1-9073-48fc7b77e535 - - - - -] api_database.max_overflow = 50 log_opt_values /usr/lib/python3/dist-packages/oslo_config/cfg.py:2609
2026-06-11 00:37:37.659 163766 DEBUG oslo_service.service [req-ebf13269-4946-48f1-9073-48fc7b77e535 - - - - -] api_database.max_pool_size = 4 log_opt_values /usr/lib/python3/dist-packages/oslo_config/cfg.py:2609
2026-06-11 00:37:37.660 163766 DEBUG oslo_service.service [req-ebf13269-4946-48f1-9073-48fc7b77e535 - - - - -] api_database.max_retries = 10 log_opt_values /usr/lib/python3/dist-packages/oslo_config/cfg.py:2609
2026-06-11 00:37:37.660 163766 DEBUG oslo_service.service [req-ebf13269-4946-48f1-9073-48fc7b77e535 - - - - -] api_database.mysql_enable_ndb = False log_opt_values /usr/lib/python3/dist-packages/oslo_config/cfg.py:2609
2026-06-11 00:37:37.660 163766 DEBUG oslo_service.service [req-ebf13269-4946-48f1-9073-48fc7b77e535 - - - - -] api_database.mysql_sql_mode = TRADITIONAL log_opt_values /usr/lib/python3/dist-packages/oslo_config/cfg.py:2609
2026-06-11 00:37:37.660 163766 DEBUG oslo_service.service [req-ebf13269-4946-48f1-9073-48fc7b77e535 - - - - -] api_database.pool_timeout = None log_opt_values /usr/lib/python3/dist-packages/oslo_config/cfg.py:2609
2026-06-11 00:37:37.661 164234 DEBUG oslo_messaging._drivers.amqpdriver [-] AMQPListener connection timeout poll /usr/lib/python3/dist-packages/oslo_messaging/_drivers/amqpdriver.py:360
2026-06-11 00:37:37.661 163766 DEBUG oslo_service.service [req-ebf13269-4946-48f1-9073-48fc7b77e535 - - - - -] api_database.retry_interval = 10 log_opt_values /usr/lib/python3/dist-packages/oslo_config/cfg.py:2609
2026-06-11 00:37:37.661 164234 DEBUG oslo_messaging._drivers.amqpdriver [-] Listener is running poll /usr/lib/python3/dist-packages/oslo_messaging/_drivers/amqpdriver.py:343
2026-06-11 00:37:37.661 164234 DEBUG oslo_messaging._drivers.amqpdriver [-] AMQPListener connection consume poll /usr/lib/python3/dist-packages/oslo_messaging/_drivers/amqpdriver.py:357
2026-06-11 00:37:37.661 163766 DEBUG oslo_service.service [req-ebf13269-4946-48f1-9073-48fc7b77e535 - - - - -] api_database.slave_connection = **** log_opt_values /usr/lib/python3/dist-packages/oslo_config/cfg.py:2609
2026-06-11 00:37:37.661 163766 DEBUG oslo_service.service [req-ebf13269-4946-48f1-9073-48fc7b77e535 - - - - -] api_database.sqlite_synchronous = True log_opt_values /usr/lib/python3/dist-packages/oslo_config/cfg.py:2609
2026-06-11 00:37:37.661 163766 DEBUG oslo_service.service [req-ebf13269-4946-48f1-9073-48fc7b77e535 - - - - -] devices.enabled_mdev_types = [] log_opt_values /usr/lib/python3/dist-packages/oslo_config/cfg.py:2609
2026-06-11 00:37:37.662 163766 DEBUG oslo_service.service [req-ebf13269-4946-48f1-9073-48fc7b77e535 - - - - -] ephemeral_storage_encryption.cipher = aes-xts-plain64 log_opt_values /usr/lib/python3/dist-packages/oslo_config/cfg.py:2609
2026-06-11 00:37:37.662 163766 DEBUG oslo_service.service [req-ebf13269-4946-48f1-9073-48fc7b77e535 - - - - -] ephemeral_storage_encryption.enabled = False log_opt_values /usr/lib/python3/dist-packages/oslo_config/cfg.py:2609
2026-06-11 00:37:37.662 163766 DEBUG oslo_service.service [req-ebf13269-4946-48f1-9073-48fc7b77e535 - - - - -] ephemeral_storage_encryption.key_size = 512 log_opt_values /usr/lib/python3/dist-packages/oslo_config/cfg.py:2609
2026-06-11 00:37:37.662 163766 WARNING oslo_config.cfg [req-ebf13269-4946-48f1-9073-48fc7b77e535 - - - - -] Deprecated: Option "api_servers" from group "glance" is deprecated for removal ( Support for image service configuration via standard keystoneauth1 Adapter options was added in the 17.0.0 Queens release. The api_servers option was retained temporarily to allow consumers time to cut over to a real load balancing solution. ). Its value may be silently ignored in the future.
2026-06-11 00:37:37.663 163766 DEBUG oslo_service.service [req-ebf13269-4946-48f1-9073-48fc7b77e535 - - - - -] glance.api_servers = ['http://252.129.19.190:9292'] log_opt_values /usr/lib/python3/dist-packages/oslo_config/cfg.py:2609
2026-06-11 00:37:37.663 163766 DEBUG oslo_service.service [req-ebf13269-4946-48f1-9073-48fc7b77e535 - - - - -] glance.cafile = None log_opt_values /usr/lib/python3/dist-packages/oslo_config/cfg.py:2609
2026-06-11 00:37:37.663 163766 DEBUG oslo_service.service [req-ebf13269-4946-48f1-9073-48fc7b77e535 - - - - -] glance.certfile = None log_opt_values /usr/lib/python3/dist-packages/oslo_config/cfg.py:2609
2026-06-11 00:37:37.663 163766 DEBUG oslo_service.service [req-ebf13269-4946-48f1-9073-48fc7b77e535 - - - - -] glance.collect_timing = False log_opt_values /usr/lib/python3/dist-packages/oslo_config/cfg.py:2609
2026-06-11 00:37:37.664 163766 DEBUG oslo_service.service [req-ebf13269-4946-48f1-9073-48fc7b77e535 - - - - -] glance.connect_retries = None log_opt_values /usr/lib/python3/dist-packages/oslo_config/cfg.py:2609
2026-06-11 00:37:37.664 163766 DEBUG oslo_service.service [req-ebf13269-4946-48f1-9073-48fc7b77e535 - - - - -] glance.connect_retry_delay = None log_opt_values /usr/lib/python3/dist-packages/oslo_config/cfg.py:2609
2026-06-11 00:37:37.664 163766 DEBUG oslo_service.service [req-ebf13269-4946-48f1-9073-48fc7b77e535 - - - - -] glance.debug = False log_opt_values /usr/lib/python3/dist-packages/oslo_config/cfg.py:2609
2026-06-11 00:37:37.664 163766 DEBUG oslo_service.service [req-ebf13269-4946-48f1-9073-48fc7b77e535 - - - - -] glance.default_trusted_certificate_ids = [] log_opt_values /usr/lib/python3/dist-packages/oslo_config/cfg.py:2609
2026-06-11 00:37:37.665 163766 DEBUG oslo_service.service [req-ebf13269-4946-48f1-9073-48fc7b77e535 - - - - -] glance.enable_certificate_validation = False log_opt_values /usr/lib/python3/dist-packages/oslo_config/cfg.py:2609
2026-06-11 00:37:37.665 163766 DEBUG oslo_service.service [req-ebf13269-4946-48f1-9073-48fc7b77e535 - - - - -] glance.enable_rbd_download = False log_opt_values /usr/lib/python3/dist-packages/oslo_config/cfg.py:2609
2026-06-11 00:37:37.665 163766 DEBUG oslo_service.service [req-ebf13269-4946-48f1-9073-48fc7b77e535 - - - - -] glance.endpoint_override = None log_opt_values /usr/lib/python3/dist-packages/oslo_config/cfg.py:2609
2026-06-11 00:37:37.665 163766 DEBUG oslo_service.service [req-ebf13269-4946-48f1-9073-48fc7b77e535 - - - - -] glance.insecure = False log_opt_values /usr/lib/python3/dist-packages/oslo_config/cfg.py:2609
2026-06-11 00:37:37.666 163766 DEBUG oslo_service.service [req-ebf13269-4946-48f1-9073-48fc7b77e535 - - - - -] glance.keyfile = None log_opt_values /usr/lib/python3/dist-packages/oslo_config/cfg.py:2609
2026-06-11 00:37:37.666 163766 DEBUG oslo_service.service [req-ebf13269-4946-48f1-9073-48fc7b77e535 - - - - -] glance.max_version = None log_opt_values /usr/lib/python3/dist-packages/oslo_config/cfg.py:2609
2026-06-11 00:37:37.666 163766 DEBUG oslo_service.service [req-ebf13269-4946-48f1-9073-48fc7b77e535 - - - - -] glance.min_version = None log_opt_values /usr/lib/python3/dist-packages/oslo_config/cfg.py:2609
2026-06-11 00:37:37.666 163766 DEBUG oslo_service.service [req-ebf13269-4946-48f1-9073-48fc7b77e535 - - - - -] glance.num_retries = 3 log_opt_values /usr/lib/python3/dist-packages/oslo_config/cfg.py:2609
2026-06-11 00:37:37.666 163766 DEBUG oslo_service.service [req-ebf13269-4946-48f1-9073-48fc7b77e535 - - - - -] glance.rbd_ceph_conf = log_opt_values /usr/lib/python3/dist-packages/oslo_config/cfg.py:2609
2026-06-11 00:37:37.667 163766 DEBUG oslo_service.service [req-ebf13269-4946-48f1-9073-48fc7b77e535 - - - - -] glance.rbd_connect_timeout = 5 log_opt_values /usr/lib/python3/dist-packages/oslo_config/cfg.py:2609
2026-06-11 00:37:37.667 163766 DEBUG oslo_service.service [req-ebf13269-4946-48f1-9073-48fc7b77e535 - - - - -] glance.rbd_pool = log_opt_values /usr/lib/python3/dist-packages/oslo_config/cfg.py:2609
2026-06-11 00:37:37.667 163766 DEBUG oslo_service.service [req-ebf13269-4946-48f1-9073-48fc7b77e535 - - - - -] glance.rbd_user = log_opt_values /usr/lib/python3/dist-packages/oslo_config/cfg.py:2609
2026-06-11 00:37:37.667 163766 DEBUG oslo_service.service [req-ebf13269-4946-48f1-9073-48fc7b77e535 - - - - -] glance.region_name = None log_opt_values /usr/lib/python3/dist-packages/oslo_config/cfg.py:2609
2026-06-11 00:37:37.667 163766 DEBUG oslo_service.service [req-ebf13269-4946-48f1-9073-48fc7b77e535 - - - - -] glance.service_name = None log_opt_values /usr/lib/python3/dist-packages/oslo_config/cfg.py:2609
2026-06-11 00:37:37.668 163766 DEBUG oslo_service.service [req-ebf13269-4946-48f1-9073-48fc7b77e535 - - - - -] glance.service_type = image log_opt_values /usr/lib/python3/dist-packages/oslo_config/cfg.py:2609
2026-06-11 00:37:37.668 163766 DEBUG oslo_service.service [req-ebf13269-4946-48f1-9073-48fc7b77e535 - - - - -] glance.split_loggers = False log_opt_values /usr/lib/python3/dist-packages/oslo_config/cfg.py:2609
2026-06-11 00:37:37.668 163766 DEBUG oslo_service.service [req-ebf13269-4946-48f1-9073-48fc7b77e535 - - - - -] glance.status_code_retries = None log_opt_values /usr/lib/python3/dist-packages/oslo_config/cfg.py:2609
2026-06-11 00:37:37.668 163766 DEBUG oslo_service.service [req-ebf13269-4946-48f1-9073-48fc7b77e535 - - - - -] glance.status_code_retry_delay = None log_opt_values /usr/lib/python3/dist-packages/oslo_config/cfg.py:2609
2026-06-11 00:37:37.668 163766 DEBUG oslo_service.service [req-ebf13269-4946-48f1-9073-48fc7b77e535 - - - - -] glance.timeout = None log_opt_values /usr/lib/python3/dist-packages/oslo_config/cfg.py:2609
2026-06-11 00:37:37.669 163766 DEBUG oslo_service.service [req-ebf13269-4946-48f1-9073-48fc7b77e535 - - - - -] glance.valid_interfaces = ['internal', 'public'] log_opt_values /usr/lib/python3/dist-packages/oslo_config/cfg.py:2609
2026-06-11 00:37:37.669 163766 DEBUG oslo_service.service [req-ebf13269-4946-48f1-9073-48fc7b77e535 - - - - -] glance.verify_glance_signatures = False log_opt_values /usr/lib/python3/dist-packages/oslo_config/cfg.py:2609
2026-06-11 00:37:37.669 163766 DEBUG oslo_service.service [req-ebf13269-4946-48f1-9073-48fc7b77e535 - - - - -] glance.version = None log_opt_values /usr/lib/python3/dist-packages/oslo_config/cfg.py:2609
2026-06-11 00:37:37.669 163766 DEBUG oslo_service.service [req-ebf13269-4946-48f1-9073-48fc7b77e535 - - - - -] guestfs.debug = False log_opt_values /usr/lib/python3/dist-packages/oslo_config/cfg.py:2609
2026-06-11 00:37:37.669 163766 DEBUG oslo_service.service [req-ebf13269-4946-48f1-9073-48fc7b77e535 - - - - -] hyperv.config_drive_cdrom = False log_opt_values /usr/lib/python3/dist-packages/oslo_config/cfg.py:2609
2026-06-11 00:37:37.670 163766 DEBUG oslo_service.service [req-ebf13269-4946-48f1-9073-48fc7b77e535 - - - - -] hyperv.config_drive_inject_password = False log_opt_values /usr/lib/python3/dist-packages/oslo_config/cfg.py:2609
2026-06-11 00:37:37.670 163766 DEBUG oslo_service.service [req-ebf13269-4946-48f1-9073-48fc7b77e535 - - - - -] hyperv.dynamic_memory_ratio = 1.0 log_opt_values /usr/lib/python3/dist-packages/oslo_config/cfg.py:2609
2026-06-11 00:37:37.670 163766 DEBUG oslo_service.service [req-ebf13269-4946-48f1-9073-48fc7b77e535 - - - - -] hyperv.enable_instance_metrics_collection = False log_opt_values /usr/lib/python3/dist-packages/oslo_config/cfg.py:2609
2026-06-11 00:37:37.670 163766 DEBUG oslo_service.service [req-ebf13269-4946-48f1-9073-48fc7b77e535 - - - - -] hyperv.enable_remotefx = False log_opt_values /usr/lib/python3/dist-packages/oslo_config/cfg.py:2609
2026-06-11 00:37:37.671 163766 DEBUG oslo_service.service [req-ebf13269-4946-48f1-9073-48fc7b77e535 - - - - -] hyperv.instances_path_share = log_opt_values /usr/lib/python3/dist-packages/oslo_config/cfg.py:2609
2026-06-11 00:37:37.671 163766 DEBUG oslo_service.service [req-ebf13269-4946-48f1-9073-48fc7b77e535 - - - - -] hyperv.iscsi_initiator_list = [] log_opt_values /usr/lib/python3/dist-packages/oslo_config/cfg.py:2609
2026-06-11 00:37:37.671 163766 DEBUG oslo_service.service [req-ebf13269-4946-48f1-9073-48fc7b77e535 - - - - -] hyperv.limit_cpu_features = False log_opt_values /usr/lib/python3/dist-packages/oslo_config/cfg.py:2609
2026-06-11 00:37:37.671 163766 DEBUG oslo_service.service [req-ebf13269-4946-48f1-9073-48fc7b77e535 - - - - -] hyperv.mounted_disk_query_retry_count = 10 log_opt_values /usr/lib/python3/dist-packages/oslo_config/cfg.py:2609
2026-06-11 00:37:37.671 163766 DEBUG oslo_service.service [req-ebf13269-4946-48f1-9073-48fc7b77e535 - - - - -] hyperv.mounted_disk_query_retry_interval = 5 log_opt_values /usr/lib/python3/dist-packages/oslo_config/cfg.py:2609
2026-06-11 00:37:37.672 163766 DEBUG oslo_service.service [req-ebf13269-4946-48f1-9073-48fc7b77e535 - - - - -] hyperv.power_state_check_timeframe = 60 log_opt_values /usr/lib/python3/dist-packages/oslo_config/cfg.py:2609
2026-06-11 00:37:37.672 163766 DEBUG oslo_service.service [req-ebf13269-4946-48f1-9073-48fc7b77e535 - - - - -] hyperv.power_state_event_polling_interval = 2 log_opt_values /usr/lib/python3/dist-packages/oslo_config/cfg.py:2609
2026-06-11 00:37:37.672 163766 DEBUG oslo_service.service [req-ebf13269-4946-48f1-9073-48fc7b77e535 - - - - -] hyperv.qemu_img_cmd = qemu-img.exe log_opt_values /usr/lib/python3/dist-packages/oslo_config/cfg.py:2609
2026-06-11 00:37:37.672 164240 DEBUG oslo_messaging._drivers.amqpdriver [-] Listener is running poll /usr/lib/python3/dist-packages/oslo_messaging/_drivers/amqpdriver.py:343
2026-06-11 00:37:37.672 163766 DEBUG oslo_service.service [req-ebf13269-4946-48f1-9073-48fc7b77e535 - - - - -] hyperv.use_multipath_io = False log_opt_values /usr/lib/python3/dist-packages/oslo_config/cfg.py:2609
2026-06-11 00:37:37.673 164240 DEBUG oslo_messaging._drivers.amqpdriver [-] AMQPListener connection consume poll /usr/lib/python3/dist-packages/oslo_messaging/_drivers/amqpdriver.py:357
2026-06-11 00:37:37.673 163766 DEBUG oslo_service.service [req-ebf13269-4946-48f1-9073-48fc7b77e535 - - - - -] hyperv.volume_attach_retry_count = 10 log_opt_values /usr/lib/python3/dist-packages/oslo_config/cfg.py:2609
2026-06-11 00:37:37.673 163766 DEBUG oslo_service.service [req-ebf13269-4946-48f1-9073-48fc7b77e535 - - - - -] hyperv.volume_attach_retry_interval = 5 log_opt_values /usr/lib/python3/dist-packages/oslo_config/cfg.py:2609
2026-06-11 00:37:37.673 163766 DEBUG oslo_service.service [req-ebf13269-4946-48f1-9073-48fc7b77e535 - - - - -] hyperv.vswitch_name = None log_opt_values /usr/lib/python3/dist-packages/oslo_config/cfg.py:2609
2026-06-11 00:37:37.673 164240 DEBUG nova.service [req-bcc99e98-aab9-40d1-9400-31503419a59b - - - - -] Join ServiceGroup membership for this service scheduler start /usr/lib/python3/dist-packages/nova/service.py:199
