2026-06-11 00:37:04.642 152993 DEBUG oslo_service.service [req-cf49fbf3-f83f-4fb7-b7c4-a99effc1a3ef - - - - -] rootwrap_config = /etc/nova/rootwrap.conf log_opt_values /usr/lib/python3/dist-packages/oslo_config/cfg.py:2602
2026-06-11 00:37:04.642 152993 DEBUG oslo_service.service [req-cf49fbf3-f83f-4fb7-b7c4-a99effc1a3ef - - - - -] rpc_response_timeout = 60 log_opt_values /usr/lib/python3/dist-packages/oslo_config/cfg.py:2602
2026-06-11 00:37:04.642 152993 DEBUG oslo_service.service [req-cf49fbf3-f83f-4fb7-b7c4-a99effc1a3ef - - - - -] run_external_periodic_tasks = True log_opt_values /usr/lib/python3/dist-packages/oslo_config/cfg.py:2602
2026-06-11 00:37:04.643 152993 DEBUG oslo_service.service [req-cf49fbf3-f83f-4fb7-b7c4-a99effc1a3ef - - - - -] running_deleted_instance_action = reap log_opt_values /usr/lib/python3/dist-packages/oslo_config/cfg.py:2602
2026-06-11 00:37:04.643 153389 DEBUG oslo_db.sqlalchemy.engines [req-3d8dc501-a162-448d-96eb-810b1d1feb9e - - - - -] MySQL server mode set to STRICT_TRANS_TABLES,STRICT_ALL_TABLES,NO_ZERO_IN_DATE,NO_ZERO_DATE,ERROR_FOR_DIVISION_BY_ZERO,TRADITIONAL,NO_ENGINE_SUBSTITUTION _check_effective_sql_mode /usr/lib/python3/dist-packages/oslo_db/sqlalchemy/engines.py:314
2026-06-11 00:37:04.643 152993 DEBUG oslo_service.service [req-cf49fbf3-f83f-4fb7-b7c4-a99effc1a3ef - - - - -] running_deleted_instance_poll_interval = 1800 log_opt_values /usr/lib/python3/dist-packages/oslo_config/cfg.py:2602
2026-06-11 00:37:04.647 152993 DEBUG oslo_service.service [req-cf49fbf3-f83f-4fb7-b7c4-a99effc1a3ef - - - - -] running_deleted_instance_timeout = 0 log_opt_values /usr/lib/python3/dist-packages/oslo_config/cfg.py:2602
2026-06-11 00:37:04.647 152993 DEBUG oslo_service.service [req-cf49fbf3-f83f-4fb7-b7c4-a99effc1a3ef - - - - -] scheduler_instance_sync_interval = 120 log_opt_values /usr/lib/python3/dist-packages/oslo_config/cfg.py:2602
2026-06-11 00:37:04.647 152993 DEBUG oslo_service.service [req-cf49fbf3-f83f-4fb7-b7c4-a99effc1a3ef - - - - -] service_down_time = 60 log_opt_values /usr/lib/python3/dist-packages/oslo_config/cfg.py:2602
2026-06-11 00:37:04.648 152993 DEBUG oslo_service.service [req-cf49fbf3-f83f-4fb7-b7c4-a99effc1a3ef - - - - -] servicegroup_driver = db log_opt_values /usr/lib/python3/dist-packages/oslo_config/cfg.py:2602
2026-06-11 00:37:04.648 152993 DEBUG oslo_service.service [req-cf49fbf3-f83f-4fb7-b7c4-a99effc1a3ef - - - - -] shelved_offload_time = 0 log_opt_values /usr/lib/python3/dist-packages/oslo_config/cfg.py:2602
2026-06-11 00:37:04.648 152993 DEBUG oslo_service.service [req-cf49fbf3-f83f-4fb7-b7c4-a99effc1a3ef - - - - -] shelved_poll_interval = 3600 log_opt_values /usr/lib/python3/dist-packages/oslo_config/cfg.py:2602
2026-06-11 00:37:04.648 152993 DEBUG oslo_service.service [req-cf49fbf3-f83f-4fb7-b7c4-a99effc1a3ef - - - - -] shutdown_timeout = 60 log_opt_values /usr/lib/python3/dist-packages/oslo_config/cfg.py:2602
2026-06-11 00:37:04.648 152993 DEBUG oslo_service.service [req-cf49fbf3-f83f-4fb7-b7c4-a99effc1a3ef - - - - -] source_is_ipv6 = False log_opt_values /usr/lib/python3/dist-packages/oslo_config/cfg.py:2602
2026-06-11 00:37:04.648 152993 DEBUG oslo_service.service [req-cf49fbf3-f83f-4fb7-b7c4-a99effc1a3ef - - - - -] ssl_only = False log_opt_values /usr/lib/python3/dist-packages/oslo_config/cfg.py:2602
2026-06-11 00:37:04.649 152993 DEBUG oslo_service.service [req-cf49fbf3-f83f-4fb7-b7c4-a99effc1a3ef - - - - -] state_path = /var/lib/nova log_opt_values /usr/lib/python3/dist-packages/oslo_config/cfg.py:2602
2026-06-11 00:37:04.649 152993 DEBUG oslo_service.service [req-cf49fbf3-f83f-4fb7-b7c4-a99effc1a3ef - - - - -] sync_power_state_interval = 600 log_opt_values /usr/lib/python3/dist-packages/oslo_config/cfg.py:2602
2026-06-11 00:37:04.649 152993 DEBUG oslo_service.service [req-cf49fbf3-f83f-4fb7-b7c4-a99effc1a3ef - - - - -] sync_power_state_pool_size = 1000 log_opt_values /usr/lib/python3/dist-packages/oslo_config/cfg.py:2602
2026-06-11 00:37:04.649 152993 DEBUG oslo_service.service [req-cf49fbf3-f83f-4fb7-b7c4-a99effc1a3ef - - - - -] syslog_log_facility = LOG_USER log_opt_values /usr/lib/python3/dist-packages/oslo_config/cfg.py:2602
2026-06-11 00:37:04.649 152993 DEBUG oslo_service.service [req-cf49fbf3-f83f-4fb7-b7c4-a99effc1a3ef - - - - -] tempdir = None log_opt_values /usr/lib/python3/dist-packages/oslo_config/cfg.py:2602
2026-06-11 00:37:04.650 152993 DEBUG oslo_service.service [req-cf49fbf3-f83f-4fb7-b7c4-a99effc1a3ef - - - - -] timeout_nbd = 10 log_opt_values /usr/lib/python3/dist-packages/oslo_config/cfg.py:2602
2026-06-11 00:37:04.650 152993 DEBUG oslo_service.service [req-cf49fbf3-f83f-4fb7-b7c4-a99effc1a3ef - - - - -] transport_url = **** log_opt_values /usr/lib/python3/dist-packages/oslo_config/cfg.py:2602
2026-06-11 00:37:04.650 152993 DEBUG oslo_service.service [req-cf49fbf3-f83f-4fb7-b7c4-a99effc1a3ef - - - - -] update_resources_interval = 0 log_opt_values /usr/lib/python3/dist-packages/oslo_config/cfg.py:2602
2026-06-11 00:37:04.650 152993 DEBUG oslo_service.service [req-cf49fbf3-f83f-4fb7-b7c4-a99effc1a3ef - - - - -] use_cow_images = True log_opt_values /usr/lib/python3/dist-packages/oslo_config/cfg.py:2602
2026-06-11 00:37:04.650 152993 DEBUG oslo_service.service [req-cf49fbf3-f83f-4fb7-b7c4-a99effc1a3ef - - - - -] use_eventlog = False log_opt_values /usr/lib/python3/dist-packages/oslo_config/cfg.py:2602
2026-06-11 00:37:04.651 152993 DEBUG oslo_service.service [req-cf49fbf3-f83f-4fb7-b7c4-a99effc1a3ef - - - - -] use_journal = False log_opt_values /usr/lib/python3/dist-packages/oslo_config/cfg.py:2602
2026-06-11 00:37:04.651 152993 DEBUG oslo_service.service [req-cf49fbf3-f83f-4fb7-b7c4-a99effc1a3ef - - - - -] use_json = False log_opt_values /usr/lib/python3/dist-packages/oslo_config/cfg.py:2602
2026-06-11 00:37:04.651 152993 DEBUG oslo_service.service [req-cf49fbf3-f83f-4fb7-b7c4-a99effc1a3ef - - - - -] use_rootwrap_daemon = False log_opt_values /usr/lib/python3/dist-packages/oslo_config/cfg.py:2602
2026-06-11 00:37:04.651 153386 DEBUG oslo_messaging._drivers.amqpdriver [-] Listener is running poll /usr/lib/python3/dist-packages/oslo_messaging/_drivers/amqpdriver.py:343
2026-06-11 00:37:04.651 152993 DEBUG oslo_service.service [req-cf49fbf3-f83f-4fb7-b7c4-a99effc1a3ef - - - - -] use_stderr = False log_opt_values /usr/lib/python3/dist-packages/oslo_config/cfg.py:2602
2026-06-11 00:37:04.651 152993 DEBUG oslo_service.service [req-cf49fbf3-f83f-4fb7-b7c4-a99effc1a3ef - - - - -] use_syslog = False log_opt_values /usr/lib/python3/dist-packages/oslo_config/cfg.py:2602
2026-06-11 00:37:04.651 152993 DEBUG oslo_service.service [req-cf49fbf3-f83f-4fb7-b7c4-a99effc1a3ef - - - - -] vcpu_pin_set = None log_opt_values /usr/lib/python3/dist-packages/oslo_config/cfg.py:2602
2026-06-11 00:37:04.651 153386 DEBUG oslo_messaging._drivers.amqpdriver [-] AMQPListener connection consume poll /usr/lib/python3/dist-packages/oslo_messaging/_drivers/amqpdriver.py:357
2026-06-11 00:37:04.652 152993 DEBUG oslo_service.service [req-cf49fbf3-f83f-4fb7-b7c4-a99effc1a3ef - - - - -] vif_plugging_is_fatal = True log_opt_values /usr/lib/python3/dist-packages/oslo_config/cfg.py:2602
2026-06-11 00:37:04.652 152993 DEBUG oslo_service.service [req-cf49fbf3-f83f-4fb7-b7c4-a99effc1a3ef - - - - -] vif_plugging_timeout = 300 log_opt_values /usr/lib/python3/dist-packages/oslo_config/cfg.py:2602
2026-06-11 00:37:04.652 152993 DEBUG oslo_service.service [req-cf49fbf3-f83f-4fb7-b7c4-a99effc1a3ef - - - - -] virt_mkfs = [] log_opt_values /usr/lib/python3/dist-packages/oslo_config/cfg.py:2602
2026-06-11 00:37:04.652 152993 DEBUG oslo_service.service [req-cf49fbf3-f83f-4fb7-b7c4-a99effc1a3ef - - - - -] volume_usage_poll_interval = 0 log_opt_values /usr/lib/python3/dist-packages/oslo_config/cfg.py:2602
2026-06-11 00:37:04.653 152993 DEBUG oslo_service.service [req-cf49fbf3-f83f-4fb7-b7c4-a99effc1a3ef - - - - -] watch_log_file = False log_opt_values /usr/lib/python3/dist-packages/oslo_config/cfg.py:2602
2026-06-11 00:37:04.653 152993 DEBUG oslo_service.service [req-cf49fbf3-f83f-4fb7-b7c4-a99effc1a3ef - - - - -] web = /usr/share/spice-html5 log_opt_values /usr/lib/python3/dist-packages/oslo_config/cfg.py:2602
2026-06-11 00:37:04.653 153388 DEBUG nova.service [req-a5bcfc75-4d5e-4802-b873-b308ca821c19 - - - - -] Creating RPC server for service conductor start /usr/lib/python3/dist-packages/nova/service.py:182
2026-06-11 00:37:04.653 152993 DEBUG oslo_service.service [req-cf49fbf3-f83f-4fb7-b7c4-a99effc1a3ef - - - - -] oslo_concurrency.disable_process_locking = False log_opt_values /usr/lib/python3/dist-packages/oslo_config/cfg.py:2609
2026-06-11 00:37:04.653 153386 DEBUG nova.service [req-d7ac4804-15bf-473d-9080-1b94a5857908 - - - - -] Join ServiceGroup membership for this service conductor start /usr/lib/python3/dist-packages/nova/service.py:199
2026-06-11 00:37:04.653 152993 DEBUG oslo_service.service [req-cf49fbf3-f83f-4fb7-b7c4-a99effc1a3ef - - - - -] oslo_concurrency.lock_path = /var/lock/nova log_opt_values /usr/lib/python3/dist-packages/oslo_config/cfg.py:2609
2026-06-11 00:37:04.654 153386 DEBUG nova.servicegroup.drivers.db [req-d7ac4804-15bf-473d-9080-1b94a5857908 - - - - -] DB_Driver: join new ServiceGroup member juju-12a9f7-0-lxd-7 to the conductor group, service = join /usr/lib/python3/dist-packages/nova/servicegroup/drivers/db.py:44
2026-06-11 00:37:04.654 152993 DEBUG oslo_service.service [req-cf49fbf3-f83f-4fb7-b7c4-a99effc1a3ef - - - - -] oslo_messaging_metrics.metrics_buffer_size = 1000 log_opt_values /usr/lib/python3/dist-packages/oslo_config/cfg.py:2609
2026-06-11 00:37:04.654 152993 DEBUG oslo_service.service [req-cf49fbf3-f83f-4fb7-b7c4-a99effc1a3ef - - - - -] oslo_messaging_metrics.metrics_enabled = False log_opt_values /usr/lib/python3/dist-packages/oslo_config/cfg.py:2609
2026-06-11 00:37:04.655 152993 DEBUG oslo_service.service [req-cf49fbf3-f83f-4fb7-b7c4-a99effc1a3ef - - - - -] oslo_messaging_metrics.metrics_process_name = log_opt_values /usr/lib/python3/dist-packages/oslo_config/cfg.py:2609
2026-06-11 00:37:04.655 152993 DEBUG oslo_service.service [req-cf49fbf3-f83f-4fb7-b7c4-a99effc1a3ef - - - - -] oslo_messaging_metrics.metrics_socket_file = /var/tmp/metrics_collector.sock log_opt_values /usr/lib/python3/dist-packages/oslo_config/cfg.py:2609
2026-06-11 00:37:04.655 152993 DEBUG oslo_service.service [req-cf49fbf3-f83f-4fb7-b7c4-a99effc1a3ef - - - - -] oslo_messaging_metrics.metrics_thread_stop_timeout = 10 log_opt_values /usr/lib/python3/dist-packages/oslo_config/cfg.py:2609
2026-06-11 00:37:04.655 152993 WARNING oslo_config.cfg [req-cf49fbf3-f83f-4fb7-b7c4-a99effc1a3ef - - - - -] Deprecated: Option "auth_strategy" from group "api" is deprecated for removal ( The only non-default choice, ``noauth2``, is for internal development and testing purposes only and should not be used in deployments. This option and its middleware, NoAuthMiddleware[V2_18], will be removed in a future release. ). Its value may be silently ignored in the future.
2026-06-11 00:37:04.656 152993 DEBUG oslo_service.service [req-cf49fbf3-f83f-4fb7-b7c4-a99effc1a3ef - - - - -] api.auth_strategy = keystone log_opt_values /usr/lib/python3/dist-packages/oslo_config/cfg.py:2609
2026-06-11 00:37:04.656 152993 DEBUG oslo_service.service [req-cf49fbf3-f83f-4fb7-b7c4-a99effc1a3ef - - - - -] api.compute_link_prefix = None log_opt_values /usr/lib/python3/dist-packages/oslo_config/cfg.py:2609
2026-06-11 00:37:04.656 153386 DEBUG oslo_messaging._drivers.amqpdriver [-] AMQPListener connection timeout poll /usr/lib/python3/dist-packages/oslo_messaging/_drivers/amqpdriver.py:360
2026-06-11 00:37:04.656 152993 DEBUG oslo_service.service [req-cf49fbf3-f83f-4fb7-b7c4-a99effc1a3ef - - - - -] api.config_drive_skip_versions = 1.0 2007-01-19 2007-03-01 2007-08-29 2007-10-10 2007-12-15 2008-02-01 2008-09-01 log_opt_values /usr/lib/python3/dist-packages/oslo_config/cfg.py:2609
2026-06-11 00:37:04.656 153386 DEBUG oslo_messaging._drivers.amqpdriver [-] Listener is running poll /usr/lib/python3/dist-packages/oslo_messaging/_drivers/amqpdriver.py:343
2026-06-11 00:37:04.656 152993 DEBUG oslo_service.service [req-cf49fbf3-f83f-4fb7-b7c4-a99effc1a3ef - - - - -] api.dhcp_domain = novalocal log_opt_values /usr/lib/python3/dist-packages/oslo_config/cfg.py:2609
2026-06-11 00:37:04.656 153386 DEBUG oslo_messaging._drivers.amqpdriver [-] AMQPListener connection consume poll /usr/lib/python3/dist-packages/oslo_messaging/_drivers/amqpdriver.py:357
2026-06-11 00:37:04.657 152993 DEBUG oslo_service.service [req-cf49fbf3-f83f-4fb7-b7c4-a99effc1a3ef - - - - -] api.enable_instance_password = True log_opt_values /usr/lib/python3/dist-packages/oslo_config/cfg.py:2609
2026-06-11 00:37:04.657 152993 DEBUG oslo_service.service [req-cf49fbf3-f83f-4fb7-b7c4-a99effc1a3ef - - - - -] api.glance_link_prefix = None log_opt_values /usr/lib/python3/dist-packages/oslo_config/cfg.py:2609
2026-06-11 00:37:04.657 152993 DEBUG oslo_service.service [req-cf49fbf3-f83f-4fb7-b7c4-a99effc1a3ef - - - - -] api.instance_list_cells_batch_fixed_size = 100 log_opt_values /usr/lib/python3/dist-packages/oslo_config/cfg.py:2609
2026-06-11 00:37:04.657 152993 DEBUG oslo_service.service [req-cf49fbf3-f83f-4fb7-b7c4-a99effc1a3ef - - - - -] api.instance_list_cells_batch_strategy = distributed log_opt_values /usr/lib/python3/dist-packages/oslo_config/cfg.py:2609
2026-06-11 00:37:04.658 152993 DEBUG oslo_service.service [req-cf49fbf3-f83f-4fb7-b7c4-a99effc1a3ef - - - - -] api.instance_list_per_project_cells = False log_opt_values /usr/lib/python3/dist-packages/oslo_config/cfg.py:2609
2026-06-11 00:37:04.658 152993 DEBUG oslo_service.service [req-cf49fbf3-f83f-4fb7-b7c4-a99effc1a3ef - - - - -] api.list_records_by_skipping_down_cells = True log_opt_values /usr/lib/python3/dist-packages/oslo_config/cfg.py:2609
2026-06-11 00:37:04.658 152993 DEBUG oslo_service.service [req-cf49fbf3-f83f-4fb7-b7c4-a99effc1a3ef - - - - -] api.local_metadata_per_cell = False log_opt_values /usr/lib/python3/dist-packages/oslo_config/cfg.py:2609
2026-06-11 00:37:04.658 152993 DEBUG oslo_service.service [req-cf49fbf3-f83f-4fb7-b7c4-a99effc1a3ef - - - - -] api.max_limit = 1000 log_opt_values /usr/lib/python3/dist-packages/oslo_config/cfg.py:2609
2026-06-11 00:37:04.659 152993 DEBUG oslo_service.service [req-cf49fbf3-f83f-4fb7-b7c4-a99effc1a3ef - - - - -] api.metadata_cache_expiration = 15 log_opt_values /usr/lib/python3/dist-packages/oslo_config/cfg.py:2609
2026-06-11 00:37:04.659 152993 DEBUG oslo_service.service [req-cf49fbf3-f83f-4fb7-b7c4-a99effc1a3ef - - - - -] api.neutron_default_tenant_id = default log_opt_values /usr/lib/python3/dist-packages/oslo_config/cfg.py:2609
2026-06-11 00:37:04.659 152993 DEBUG oslo_service.service [req-cf49fbf3-f83f-4fb7-b7c4-a99effc1a3ef - - - - -] api.use_forwarded_for = False log_opt_values /usr/lib/python3/dist-packages/oslo_config/cfg.py:2609
2026-06-11 00:37:04.659 152993 DEBUG oslo_service.service [req-cf49fbf3-f83f-4fb7-b7c4-a99effc1a3ef - - - - -] api.use_neutron_default_nets = False log_opt_values /usr/lib/python3/dist-packages/oslo_config/cfg.py:2609
2026-06-11 00:37:04.659 152993 DEBUG oslo_service.service [req-cf49fbf3-f83f-4fb7-b7c4-a99effc1a3ef - - - - -] api.vendordata_dynamic_connect_timeout = 5 log_opt_values /usr/lib/python3/dist-packages/oslo_config/cfg.py:2609
2026-06-11 00:37:04.660 152993 DEBUG oslo_service.service [req-cf49fbf3-f83f-4fb7-b7c4-a99effc1a3ef - - - - -] api.vendordata_dynamic_failure_fatal = False log_opt_values /usr/lib/python3/dist-packages/oslo_config/cfg.py:2609
2026-06-11 00:37:04.660 152993 DEBUG oslo_service.service [req-cf49fbf3-f83f-4fb7-b7c4-a99effc1a3ef - - - - -] api.vendordata_dynamic_read_timeout = 5 log_opt_values /usr/lib/python3/dist-packages/oslo_config/cfg.py:2609
2026-06-11 00:37:04.660 152993 DEBUG oslo_service.service [req-cf49fbf3-f83f-4fb7-b7c4-a99effc1a3ef - - - - -] api.vendordata_dynamic_ssl_certfile = log_opt_values /usr/lib/python3/dist-packages/oslo_config/cfg.py:2609
2026-06-11 00:37:04.660 152993 DEBUG oslo_service.service [req-cf49fbf3-f83f-4fb7-b7c4-a99effc1a3ef - - - - -] api.vendordata_dynamic_targets = [] log_opt_values /usr/lib/python3/dist-packages/oslo_config/cfg.py:2609
2026-06-11 00:37:04.661 152993 DEBUG oslo_service.service [req-cf49fbf3-f83f-4fb7-b7c4-a99effc1a3ef - - - - -] api.vendordata_jsonfile_path = None log_opt_values /usr/lib/python3/dist-packages/oslo_config/cfg.py:2609
2026-06-11 00:37:04.661 152993 DEBUG oslo_service.service [req-cf49fbf3-f83f-4fb7-b7c4-a99effc1a3ef - - - - -] api.vendordata_providers = ['StaticJSON'] log_opt_values /usr/lib/python3/dist-packages/oslo_config/cfg.py:2609
2026-06-11 00:37:04.661 152993 DEBUG oslo_service.service [req-cf49fbf3-f83f-4fb7-b7c4-a99effc1a3ef - - - - -] cache.backend = dogpile.cache.null log_opt_values /usr/lib/python3/dist-packages/oslo_config/cfg.py:2609
2026-06-11 00:37:04.661 152993 DEBUG oslo_service.service [req-cf49fbf3-f83f-4fb7-b7c4-a99effc1a3ef - - - - -] cache.backend_argument = **** log_opt_values /usr/lib/python3/dist-packages/oslo_config/cfg.py:2609
2026-06-11 00:37:04.661 152993 DEBUG oslo_service.service [req-cf49fbf3-f83f-4fb7-b7c4-a99effc1a3ef - - - - -] cache.config_prefix = cache.oslo log_opt_values /usr/lib/python3/dist-packages/oslo_config/cfg.py:2609
2026-06-11 00:37:04.662 152993 DEBUG oslo_service.service [req-cf49fbf3-f83f-4fb7-b7c4-a99effc1a3ef - - - - -] cache.debug_cache_backend = False log_opt_values /usr/lib/python3/dist-packages/oslo_config/cfg.py:2609
2026-06-11 00:37:04.662 152993 DEBUG oslo_service.service [req-cf49fbf3-f83f-4fb7-b7c4-a99effc1a3ef - - - - -] cache.enabled = False log_opt_values /usr/lib/python3/dist-packages/oslo_config/cfg.py:2609
2026-06-11 00:37:04.662 152993 DEBUG oslo_service.service [req-cf49fbf3-f83f-4fb7-b7c4-a99effc1a3ef - - - - -] cache.expiration_time = 600 log_opt_values /usr/lib/python3/dist-packages/oslo_config/cfg.py:2609
2026-06-11 00:37:04.662 152993 DEBUG oslo_service.service [req-cf49fbf3-f83f-4fb7-b7c4-a99effc1a3ef - - - - -] cache.memcache_dead_retry = 300 log_opt_values /usr/lib/python3/dist-packages/oslo_config/cfg.py:2609
2026-06-11 00:37:04.662 152993 DEBUG oslo_service.service [req-cf49fbf3-f83f-4fb7-b7c4-a99effc1a3ef - - - - -] cache.memcache_pool_connection_get_timeout = 10 log_opt_values /usr/lib/python3/dist-packages/oslo_config/cfg.py:2609
2026-06-11 00:37:04.663 152993 DEBUG oslo_service.service [req-cf49fbf3-f83f-4fb7-b7c4-a99effc1a3ef - - - - -] cache.memcache_pool_flush_on_reconnect = False log_opt_values /usr/lib/python3/dist-packages/oslo_config/cfg.py:2609
2026-06-11 00:37:04.663 152993 DEBUG oslo_service.service [req-cf49fbf3-f83f-4fb7-b7c4-a99effc1a3ef - - - - -] cache.memcache_pool_maxsize = 10 log_opt_values /usr/lib/python3/dist-packages/oslo_config/cfg.py:2609
2026-06-11 00:37:04.662 153387 DEBUG oslo_messaging._drivers.amqpdriver [-] Listener is running poll /usr/lib/python3/dist-packages/oslo_messaging/_drivers/amqpdriver.py:343
2026-06-11 00:37:04.663 152993 DEBUG oslo_service.service [req-cf49fbf3-f83f-4fb7-b7c4-a99effc1a3ef - - - - -] cache.memcache_pool_unused_timeout = 60 log_opt_values /usr/lib/python3/dist-packages/oslo_config/cfg.py:2609
2026-06-11 00:37:04.663 153387 DEBUG oslo_messaging._drivers.amqpdriver [-] AMQPListener connection consume poll /usr/lib/python3/dist-packages/oslo_messaging/_drivers/amqpdriver.py:357
2026-06-11 00:37:04.663 152993 DEBUG oslo_service.service [req-cf49fbf3-f83f-4fb7-b7c4-a99effc1a3ef - - - - -] cache.memcache_servers = ['localhost:11211'] log_opt_values /usr/lib/python3/dist-packages/oslo_config/cfg.py:2609
2026-06-11 00:37:04.663 152993 DEBUG oslo_service.service [req-cf49fbf3-f83f-4fb7-b7c4-a99effc1a3ef - - - - -] cache.memcache_socket_timeout = 1.0 log_opt_values /usr/lib/python3/dist-packages/oslo_config/cfg.py:2609
2026-06-11 00:37:04.664 152993 DEBUG oslo_service.service [req-cf49fbf3-f83f-4fb7-b7c4-a99effc1a3ef - - - - -] cache.proxies = [] log_opt_values /usr/lib/python3/dist-packages/oslo_config/cfg.py:2609
2026-06-11 00:37:04.664 152993 DEBUG oslo_service.service [req-cf49fbf3-f83f-4fb7-b7c4-a99effc1a3ef - - - - -] cache.tls_allowed_ciphers = None log_opt_values /usr/lib/python3/dist-packages/oslo_config/cfg.py:2609
2026-06-11 00:37:04.664 152993 DEBUG oslo_service.service [req-cf49fbf3-f83f-4fb7-b7c4-a99effc1a3ef - - - - -] cache.tls_cafile = None log_opt_values /usr/lib/python3/dist-packages/oslo_config/cfg.py:2609
2026-06-11 00:37:04.664 153387 DEBUG nova.service [req-2665a963-e41c-4fe3-9e94-3bc28c738ece - - - - -] Join ServiceGroup membership for this service conductor start /usr/lib/python3/dist-packages/nova/service.py:199
2026-06-11 00:37:04.664 152993 DEBUG oslo_service.service [req-cf49fbf3-f83f-4fb7-b7c4-a99effc1a3ef - - - - -] cache.tls_certfile = None log_opt_values /usr/lib/python3/dist-packages/oslo_config/cfg.py:2609
2026-06-11 00:37:04.665 152993 DEBUG oslo_service.service [req-cf49fbf3-f83f-4fb7-b7c4-a99effc1a3ef - - - - -] cache.tls_enabled = False log_opt_values /usr/lib/python3/dist-packages/oslo_config/cfg.py:2609
2026-06-11 00:37:04.664 153387 DEBUG nova.servicegroup.drivers.db [req-2665a963-e41c-4fe3-9e94-3bc28c738ece - - - - -] DB_Driver: join new ServiceGroup member juju-12a9f7-0-lxd-7 to the conductor group, service = join /usr/lib/python3/dist-packages/nova/servicegroup/drivers/db.py:44
2026-06-11 00:37:04.665 152993 DEBUG oslo_service.service [req-cf49fbf3-f83f-4fb7-b7c4-a99effc1a3ef - - - - -] cache.tls_keyfile = None log_opt_values /usr/lib/python3/dist-packages/oslo_config/cfg.py:2609
2026-06-11 00:37:04.665 152993 DEBUG oslo_service.service [req-cf49fbf3-f83f-4fb7-b7c4-a99effc1a3ef - - - - -] cinder.auth_section = None log_opt_values /usr/lib/python3/dist-packages/oslo_config/cfg.py:2609
2026-06-11 00:37:04.665 152993 DEBUG oslo_service.service [req-cf49fbf3-f83f-4fb7-b7c4-a99effc1a3ef - - - - -] cinder.auth_type = None log_opt_values /usr/lib/python3/dist-packages/oslo_config/cfg.py:2609
2026-06-11 00:37:04.666 152993 DEBUG oslo_service.service [req-cf49fbf3-f83f-4fb7-b7c4-a99effc1a3ef - - - - -] cinder.cafile = None log_opt_values /usr/lib/python3/dist-packages/oslo_config/cfg.py:2609
2026-06-11 00:37:04.666 152993 DEBUG oslo_service.service [req-cf49fbf3-f83f-4fb7-b7c4-a99effc1a3ef - - - - -] cinder.catalog_info = volumev3::publicURL log_opt_values /usr/lib/python3/dist-packages/oslo_config/cfg.py:2609
2026-06-11 00:37:04.666 152993 DEBUG oslo_service.service [req-cf49fbf3-f83f-4fb7-b7c4-a99effc1a3ef - - - - -] cinder.certfile = None log_opt_values /usr/lib/python3/dist-packages/oslo_config/cfg.py:2609
2026-06-11 00:37:04.666 152993 DEBUG oslo_service.service [req-cf49fbf3-f83f-4fb7-b7c4-a99effc1a3ef - - - - -] cinder.collect_timing = False log_opt_values /usr/lib/python3/dist-packages/oslo_config/cfg.py:2609
2026-06-11 00:37:04.667 152993 DEBUG oslo_service.service [req-cf49fbf3-f83f-4fb7-b7c4-a99effc1a3ef - - - - -] cinder.cross_az_attach = True log_opt_values /usr/lib/python3/dist-packages/oslo_config/cfg.py:2609
2026-06-11 00:37:04.667 153387 DEBUG oslo_messaging._drivers.amqpdriver [-] AMQPListener connection timeout poll /usr/lib/python3/dist-packages/oslo_messaging/_drivers/amqpdriver.py:360
2026-06-11 00:37:04.667 153387 DEBUG oslo_messaging._drivers.amqpdriver [-] Listener is running poll /usr/lib/python3/dist-packages/oslo_messaging/_drivers/amqpdriver.py:343
2026-06-11 00:37:04.667 152993 DEBUG oslo_service.service [req-cf49fbf3-f83f-4fb7-b7c4-a99effc1a3ef - - - - -] cinder.debug = False log_opt_values /usr/lib/python3/dist-packages/oslo_config/cfg.py:2609
2026-06-11 00:37:04.667 153387 DEBUG oslo_messaging._drivers.amqpdriver [-] AMQPListener connection consume poll /usr/lib/python3/dist-packages/oslo_messaging/_drivers/amqpdriver.py:357
2026-06-11 00:37:04.667 152993 DEBUG oslo_service.service [req-cf49fbf3-f83f-4fb7-b7c4-a99effc1a3ef - - - - -] cinder.endpoint_template = None log_opt_values /usr/lib/python3/dist-packages/oslo_config/cfg.py:2609
2026-06-11 00:37:04.668 152993 DEBUG oslo_service.service [req-cf49fbf3-f83f-4fb7-b7c4-a99effc1a3ef - - - - -] cinder.http_retries = 3 log_opt_values /usr/lib/python3/dist-packages/oslo_config/cfg.py:2609
2026-06-11 00:37:04.668 152993 DEBUG oslo_service.service [req-cf49fbf3-f83f-4fb7-b7c4-a99effc1a3ef - - - - -] cinder.insecure = False log_opt_values /usr/lib/python3/dist-packages/oslo_config/cfg.py:2609
2026-06-11 00:37:04.668 152993 DEBUG oslo_service.service [req-cf49fbf3-f83f-4fb7-b7c4-a99effc1a3ef - - - - -] cinder.keyfile = None log_opt_values /usr/lib/python3/dist-packages/oslo_config/cfg.py:2609
2026-06-11 00:37:04.668 152993 DEBUG oslo_service.service [req-cf49fbf3-f83f-4fb7-b7c4-a99effc1a3ef - - - - -] cinder.os_region_name = None log_opt_values /usr/lib/python3/dist-packages/oslo_config/cfg.py:2609
2026-06-11 00:37:04.669 152993 DEBUG oslo_service.service [req-cf49fbf3-f83f-4fb7-b7c4-a99effc1a3ef - - - - -] cinder.split_loggers = False log_opt_values /usr/lib/python3/dist-packages/oslo_config/cfg.py:2609
2026-06-11 00:37:04.669 152993 DEBUG oslo_service.service [req-cf49fbf3-f83f-4fb7-b7c4-a99effc1a3ef - - - - -] cinder.timeout = None log_opt_values /usr/lib/python3/dist-packages/oslo_config/cfg.py:2609
2026-06-11 00:37:04.669 152993 DEBUG oslo_service.service [req-cf49fbf3-f83f-4fb7-b7c4-a99effc1a3ef - - - - -] compute.consecutive_build_service_disable_threshold = 10 log_opt_values /usr/lib/python3/dist-packages/oslo_config/cfg.py:2609
2026-06-11 00:37:04.669 152993 DEBUG oslo_service.service [req-cf49fbf3-f83f-4fb7-b7c4-a99effc1a3ef - - - - -] compute.cpu_dedicated_set = None log_opt_values /usr/lib/python3/dist-packages/oslo_config/cfg.py:2609
2026-06-11 00:37:04.669 152993 DEBUG oslo_service.service [req-cf49fbf3-f83f-4fb7-b7c4-a99effc1a3ef - - - - -] compute.cpu_shared_set = None log_opt_values /usr/lib/python3/dist-packages/oslo_config/cfg.py:2609
2026-06-11 00:37:04.670 152993 DEBUG oslo_service.service [req-cf49fbf3-f83f-4fb7-b7c4-a99effc1a3ef - - - - -] compute.image_type_exclude_list = [] log_opt_values /usr/lib/python3/dist-packages/oslo_config/cfg.py:2609
2026-06-11 00:37:04.670 152993 DEBUG oslo_service.service [req-cf49fbf3-f83f-4fb7-b7c4-a99effc1a3ef - - - - -] compute.live_migration_wait_for_vif_plug = True log_opt_values /usr/lib/python3/dist-packages/oslo_config/cfg.py:2609
2026-06-11 00:37:04.670 152993 DEBUG oslo_service.service [req-cf49fbf3-f83f-4fb7-b7c4-a99effc1a3ef - - - - -] compute.max_concurrent_disk_ops = 0 log_opt_values /usr/lib/python3/dist-packages/oslo_config/cfg.py:2609
2026-06-11 00:37:04.670 152993 DEBUG oslo_service.service [req-cf49fbf3-f83f-4fb7-b7c4-a99effc1a3ef - - - - -] compute.max_disk_devices_to_attach = -1 log_opt_values /usr/lib/python3/dist-packages/oslo_config/cfg.py:2609
2026-06-11 00:37:04.671 152993 DEBUG oslo_service.service [req-cf49fbf3-f83f-4fb7-b7c4-a99effc1a3ef - - - - -] compute.packing_host_numa_cells_allocation_strategy = True log_opt_values /usr/lib/python3/dist-packages/oslo_config/cfg.py:2609
2026-06-11 00:37:04.671 152993 DEBUG oslo_service.service [req-cf49fbf3-f83f-4fb7-b7c4-a99effc1a3ef - - - - -] compute.provider_config_location = /etc/nova/provider_config/ log_opt_values /usr/lib/python3/dist-packages/oslo_config/cfg.py:2609
2026-06-11 00:37:04.671 152993 DEBUG oslo_service.service [req-cf49fbf3-f83f-4fb7-b7c4-a99effc1a3ef - - - - -] compute.resource_provider_association_refresh = 300 log_opt_values /usr/lib/python3/dist-packages/oslo_config/cfg.py:2609
2026-06-11 00:37:04.671 152993 DEBUG oslo_service.service [req-cf49fbf3-f83f-4fb7-b7c4-a99effc1a3ef - - - - -] compute.shutdown_retry_interval = 10 log_opt_values /usr/lib/python3/dist-packages/oslo_config/cfg.py:2609
2026-06-11 00:37:04.671 152993 DEBUG oslo_service.service [req-cf49fbf3-f83f-4fb7-b7c4-a99effc1a3ef - - - - -] compute.vmdk_allowed_types = ['streamOptimized', 'monolithicSparse'] log_opt_values /usr/lib/python3/dist-packages/oslo_config/cfg.py:2609
2026-06-11 00:37:04.672 152993 DEBUG oslo_service.service [req-cf49fbf3-f83f-4fb7-b7c4-a99effc1a3ef - - - - -] conductor.workers = 4 log_opt_values /usr/lib/python3/dist-packages/oslo_config/cfg.py:2609
2026-06-11 00:37:04.672 152993 DEBUG oslo_service.service [req-cf49fbf3-f83f-4fb7-b7c4-a99effc1a3ef - - - - -] console.allowed_origins = [] log_opt_values /usr/lib/python3/dist-packages/oslo_config/cfg.py:2609
2026-06-11 00:37:04.672 152993 DEBUG oslo_service.service [req-cf49fbf3-f83f-4fb7-b7c4-a99effc1a3ef - - - - -] console.ssl_ciphers = None log_opt_values /usr/lib/python3/dist-packages/oslo_config/cfg.py:2609
2026-06-11 00:37:04.673 152993 DEBUG oslo_service.service [req-cf49fbf3-f83f-4fb7-b7c4-a99effc1a3ef - - - - -] console.ssl_minimum_version = default log_opt_values /usr/lib/python3/dist-packages/oslo_config/cfg.py:2609
2026-06-11 00:37:04.673 152993 DEBUG oslo_service.service [req-cf49fbf3-f83f-4fb7-b7c4-a99effc1a3ef - - - - -] consoleauth.token_ttl = 600 log_opt_values /usr/lib/python3/dist-packages/oslo_config/cfg.py:2609
2026-06-11 00:37:04.673 152993 DEBUG oslo_service.service [req-cf49fbf3-f83f-4fb7-b7c4-a99effc1a3ef - - - - -] cyborg.cafile = None log_opt_values /usr/lib/python3/dist-packages/oslo_config/cfg.py:2609
2026-06-11 00:37:04.673 152993 DEBUG oslo_service.service [req-cf49fbf3-f83f-4fb7-b7c4-a99effc1a3ef - - - - -] cyborg.certfile = None log_opt_values /usr/lib/python3/dist-packages/oslo_config/cfg.py:2609
2026-06-11 00:37:04.674 152993 DEBUG oslo_service.service [req-cf49fbf3-f83f-4fb7-b7c4-a99effc1a3ef - - - - -] cyborg.collect_timing = False log_opt_values /usr/lib/python3/dist-packages/oslo_config/cfg.py:2609
2026-06-11 00:37:04.674 153389 DEBUG nova.service [req-3d8dc501-a162-448d-96eb-810b1d1feb9e - - - - -] Creating RPC server for service conductor start /usr/lib/python3/dist-packages/nova/service.py:182
2026-06-11 00:37:04.674 152993 DEBUG oslo_service.service [req-cf49fbf3-f83f-4fb7-b7c4-a99effc1a3ef - - - - -] cyborg.connect_retries = None log_opt_values /usr/lib/python3/dist-packages/oslo_config/cfg.py:2609
2026-06-11 00:37:04.674 152993 DEBUG oslo_service.service [req-cf49fbf3-f83f-4fb7-b7c4-a99effc1a3ef - - - - -] cyborg.connect_retry_delay = None log_opt_values /usr/lib/python3/dist-packages/oslo_config/cfg.py:2609
2026-06-11 00:37:04.674 152993 DEBUG oslo_service.service [req-cf49fbf3-f83f-4fb7-b7c4-a99effc1a3ef - - - - -] cyborg.endpoint_override = None log_opt_values /usr/lib/python3/dist-packages/oslo_config/cfg.py:2609
2026-06-11 00:37:04.675 152993 DEBUG oslo_service.service [req-cf49fbf3-f83f-4fb7-b7c4-a99effc1a3ef - - - - -] cyborg.insecure = False log_opt_values /usr/lib/python3/dist-packages/oslo_config/cfg.py:2609
2026-06-11 00:37:04.675 152993 DEBUG oslo_service.service [req-cf49fbf3-f83f-4fb7-b7c4-a99effc1a3ef - - - - -] cyborg.keyfile = None log_opt_values /usr/lib/python3/dist-packages/oslo_config/cfg.py:2609
2026-06-11 00:37:04.675 152993 DEBUG oslo_service.service [req-cf49fbf3-f83f-4fb7-b7c4-a99effc1a3ef - - - - -] cyborg.max_version = None log_opt_values /usr/lib/python3/dist-packages/oslo_config/cfg.py:2609
2026-06-11 00:37:04.675 152993 DEBUG oslo_service.service [req-cf49fbf3-f83f-4fb7-b7c4-a99effc1a3ef - - - - -] cyborg.min_version = None log_opt_values /usr/lib/python3/dist-packages/oslo_config/cfg.py:2609
2026-06-11 00:37:04.676 152993 DEBUG oslo_service.service [req-cf49fbf3-f83f-4fb7-b7c4-a99effc1a3ef - - - - -] cyborg.region_name = None log_opt_values /usr/lib/python3/dist-packages/oslo_config/cfg.py:2609
2026-06-11 00:37:04.676 152993 DEBUG oslo_service.service [req-cf49fbf3-f83f-4fb7-b7c4-a99effc1a3ef - - - - -] cyborg.service_name = None log_opt_values /usr/lib/python3/dist-packages/oslo_config/cfg.py:2609
2026-06-11 00:37:04.676 152993 DEBUG oslo_service.service [req-cf49fbf3-f83f-4fb7-b7c4-a99effc1a3ef - - - - -] cyborg.service_type = accelerator log_opt_values /usr/lib/python3/dist-packages/oslo_config/cfg.py:2609
2026-06-11 00:37:04.676 152993 DEBUG oslo_service.service [req-cf49fbf3-f83f-4fb7-b7c4-a99effc1a3ef - - - - -] cyborg.split_loggers = False log_opt_values /usr/lib/python3/dist-packages/oslo_config/cfg.py:2609
2026-06-11 00:37:04.676 152993 DEBUG oslo_service.service [req-cf49fbf3-f83f-4fb7-b7c4-a99effc1a3ef - - - - -] cyborg.status_code_retries = None log_opt_values /usr/lib/python3/dist-packages/oslo_config/cfg.py:2609
2026-06-11 00:37:04.677 152993 DEBUG oslo_service.service [req-cf49fbf3-f83f-4fb7-b7c4-a99effc1a3ef - - - - -] cyborg.status_code_retry_delay = None log_opt_values /usr/lib/python3/dist-packages/oslo_config/cfg.py:2609
2026-06-11 00:37:04.677 152993 DEBUG oslo_service.service [req-cf49fbf3-f83f-4fb7-b7c4-a99effc1a3ef - - - - -] cyborg.timeout = None log_opt_values /usr/lib/python3/dist-packages/oslo_config/cfg.py:2609
2026-06-11 00:37:04.677 152993 DEBUG oslo_service.service [req-cf49fbf3-f83f-4fb7-b7c4-a99effc1a3ef - - - - -] cyborg.valid_interfaces = ['internal', 'public'] log_opt_values /usr/lib/python3/dist-packages/oslo_config/cfg.py:2609
2026-06-11 00:37:04.677 152993 DEBUG oslo_service.service [req-cf49fbf3-f83f-4fb7-b7c4-a99effc1a3ef - - - - -] cyborg.version = None log_opt_values /usr/lib/python3/dist-packages/oslo_config/cfg.py:2609
2026-06-11 00:37:04.677 152993 DEBUG oslo_service.service [req-cf49fbf3-f83f-4fb7-b7c4-a99effc1a3ef - - - - -] database.backend = sqlalchemy log_opt_values /usr/lib/python3/dist-packages/oslo_config/cfg.py:2609
2026-06-11 00:37:04.678 152993 DEBUG oslo_service.service [req-cf49fbf3-f83f-4fb7-b7c4-a99effc1a3ef - - - - -] database.connection = **** log_opt_values /usr/lib/python3/dist-packages/oslo_config/cfg.py:2609
2026-06-11 00:37:04.678 152993 DEBUG oslo_service.service [req-cf49fbf3-f83f-4fb7-b7c4-a99effc1a3ef - - - - -] database.connection_debug = 0 log_opt_values /usr/lib/python3/dist-packages/oslo_config/cfg.py:2609
2026-06-11 00:37:04.678 152993 DEBUG oslo_service.service [req-cf49fbf3-f83f-4fb7-b7c4-a99effc1a3ef - - - - -] database.connection_parameters = log_opt_values /usr/lib/python3/dist-packages/oslo_config/cfg.py:2609
2026-06-11 00:37:04.678 153388 DEBUG oslo_messaging._drivers.amqpdriver [-] Listener is running poll /usr/lib/python3/dist-packages/oslo_messaging/_drivers/amqpdriver.py:343
2026-06-11 00:37:04.679 152993 DEBUG oslo_service.service [req-cf49fbf3-f83f-4fb7-b7c4-a99effc1a3ef - - - - -] database.connection_recycle_time = 3600 log_opt_values /usr/lib/python3/dist-packages/oslo_config/cfg.py:2609
2026-06-11 00:37:04.679 153388 DEBUG oslo_messaging._drivers.amqpdriver [-] AMQPListener connection consume poll /usr/lib/python3/dist-packages/oslo_messaging/_drivers/amqpdriver.py:357
2026-06-11 00:37:04.679 152993 DEBUG oslo_service.service [req-cf49fbf3-f83f-4fb7-b7c4-a99effc1a3ef - - - - -] database.connection_trace = False log_opt_values /usr/lib/python3/dist-packages/oslo_config/cfg.py:2609
2026-06-11 00:37:04.679 152993 DEBUG oslo_service.service [req-cf49fbf3-f83f-4fb7-b7c4-a99effc1a3ef - - - - -] database.db_inc_retry_interval = True log_opt_values /usr/lib/python3/dist-packages/oslo_config/cfg.py:2609
2026-06-11 00:37:04.679 153388 DEBUG nova.service [req-a5bcfc75-4d5e-4802-b873-b308ca821c19 - - - - -] Join ServiceGroup membership for this service conductor start /usr/lib/python3/dist-packages/nova/service.py:199
2026-06-11 00:37:04.679 152993 DEBUG oslo_service.service [req-cf49fbf3-f83f-4fb7-b7c4-a99effc1a3ef - - - - -] database.db_max_retries = 20 log_opt_values /usr/lib/python3/dist-packages/oslo_config/cfg.py:2609
2026-06-11 00:37:04.680 152993 DEBUG oslo_service.service [req-cf49fbf3-f83f-4fb7-b7c4-a99effc1a3ef - - - - -] database.db_max_retry_interval = 10 log_opt_values /usr/lib/python3/dist-packages/oslo_config/cfg.py:2609
2026-06-11 00:37:04.679 153388 DEBUG nova.servicegroup.drivers.db [req-a5bcfc75-4d5e-4802-b873-b308ca821c19 - - - - -] DB_Driver: join new ServiceGroup member juju-12a9f7-0-lxd-7 to the conductor group, service = join /usr/lib/python3/dist-packages/nova/servicegroup/drivers/db.py:44
2026-06-11 00:37:04.680 152993 DEBUG oslo_service.service [req-cf49fbf3-f83f-4fb7-b7c4-a99effc1a3ef - - - - -] database.db_retry_interval = 1 log_opt_values /usr/lib/python3/dist-packages/oslo_config/cfg.py:2609
2026-06-11 00:37:04.680 152993 DEBUG oslo_service.service [req-cf49fbf3-f83f-4fb7-b7c4-a99effc1a3ef - - - - -] database.max_overflow = 50 log_opt_values /usr/lib/python3/dist-packages/oslo_config/cfg.py:2609
2026-06-11 00:37:04.680 152993 DEBUG oslo_service.service [req-cf49fbf3-f83f-4fb7-b7c4-a99effc1a3ef - - - - -] database.max_pool_size = 4 log_opt_values /usr/lib/python3/dist-packages/oslo_config/cfg.py:2609
2026-06-11 00:37:04.680 152993 DEBUG oslo_service.service [req-cf49fbf3-f83f-4fb7-b7c4-a99effc1a3ef - - - - -] database.max_retries = 10 log_opt_values /usr/lib/python3/dist-packages/oslo_config/cfg.py:2609
2026-06-11 00:37:04.681 152993 DEBUG oslo_service.service [req-cf49fbf3-f83f-4fb7-b7c4-a99effc1a3ef - - - - -] database.mysql_enable_ndb = False log_opt_values /usr/lib/python3/dist-packages/oslo_config/cfg.py:2609
2026-06-11 00:37:04.681 152993 DEBUG oslo_service.service [req-cf49fbf3-f83f-4fb7-b7c4-a99effc1a3ef - - - - -] database.mysql_sql_mode = TRADITIONAL log_opt_values /usr/lib/python3/dist-packages/oslo_config/cfg.py:2609
2026-06-11 00:37:04.681 152993 DEBUG oslo_service.service [req-cf49fbf3-f83f-4fb7-b7c4-a99effc1a3ef - - - - -] database.pool_timeout = None log_opt_values /usr/lib/python3/dist-packages/oslo_config/cfg.py:2609
2026-06-11 00:37:04.681 152993 DEBUG oslo_service.service [req-cf49fbf3-f83f-4fb7-b7c4-a99effc1a3ef - - - - -] database.retry_interval = 10 log_opt_values /usr/lib/python3/dist-packages/oslo_config/cfg.py:2609
2026-06-11 00:37:04.681 152993 DEBUG oslo_service.service [req-cf49fbf3-f83f-4fb7-b7c4-a99effc1a3ef - - - - -] database.slave_connection = **** log_opt_values /usr/lib/python3/dist-packages/oslo_config/cfg.py:2609
2026-06-11 00:37:04.681 152993 DEBUG oslo_service.service [req-cf49fbf3-f83f-4fb7-b7c4-a99effc1a3ef - - - - -] database.sqlite_synchronous = True log_opt_values /usr/lib/python3/dist-packages/oslo_config/cfg.py:2609
2026-06-11 00:37:04.681 152993 DEBUG oslo_service.service [req-cf49fbf3-f83f-4fb7-b7c4-a99effc1a3ef - - - - -] database.use_db_reconnect = False log_opt_values /usr/lib/python3/dist-packages/oslo_config/cfg.py:2609
2026-06-11 00:37:04.682 152993 DEBUG oslo_service.service [req-cf49fbf3-f83f-4fb7-b7c4-a99effc1a3ef - - - - -] api_database.backend = sqlalchemy log_opt_values /usr/lib/python3/dist-packages/oslo_config/cfg.py:2609
2026-06-11 00:37:04.682 152993 DEBUG oslo_service.service [req-cf49fbf3-f83f-4fb7-b7c4-a99effc1a3ef - - - - -] api_database.connection = **** log_opt_values /usr/lib/python3/dist-packages/oslo_config/cfg.py:2609
2026-06-11 00:37:04.682 152993 DEBUG oslo_service.service [req-cf49fbf3-f83f-4fb7-b7c4-a99effc1a3ef - - - - -] api_database.connection_debug = 0 log_opt_values /usr/lib/python3/dist-packages/oslo_config/cfg.py:2609
2026-06-11 00:37:04.682 153388 DEBUG oslo_messaging._drivers.amqpdriver [-] AMQPListener connection timeout poll /usr/lib/python3/dist-packages/oslo_messaging/_drivers/amqpdriver.py:360
2026-06-11 00:37:04.682 152993 DEBUG oslo_service.service [req-cf49fbf3-f83f-4fb7-b7c4-a99effc1a3ef - - - - -] api_database.connection_parameters = log_opt_values /usr/lib/python3/dist-packages/oslo_config/cfg.py:2609
2026-06-11 00:37:04.682 153388 DEBUG oslo_messaging._drivers.amqpdriver [-] Listener is running poll /usr/lib/python3/dist-packages/oslo_messaging/_drivers/amqpdriver.py:343
2026-06-11 00:37:04.682 152993 DEBUG oslo_service.service [req-cf49fbf3-f83f-4fb7-b7c4-a99effc1a3ef - - - - -] api_database.connection_recycle_time = 3600 log_opt_values /usr/lib/python3/dist-packages/oslo_config/cfg.py:2609
2026-06-11 00:37:04.683 153388 DEBUG oslo_messaging._drivers.amqpdriver [-] AMQPListener connection consume poll /usr/lib/python3/dist-packages/oslo_messaging/_drivers/amqpdriver.py:357
2026-06-11 00:37:04.683 152993 DEBUG oslo_service.service [req-cf49fbf3-f83f-4fb7-b7c4-a99effc1a3ef - - - - -] api_database.connection_trace = False log_opt_values /usr/lib/python3/dist-packages/oslo_config/cfg.py:2609
2026-06-11 00:37:04.683 152993 DEBUG oslo_service.service [req-cf49fbf3-f83f-4fb7-b7c4-a99effc1a3ef - - - - -] api_database.db_inc_retry_interval = True log_opt_values /usr/lib/python3/dist-packages/oslo_config/cfg.py:2609
2026-06-11 00:37:04.683 152993 DEBUG oslo_service.service [req-cf49fbf3-f83f-4fb7-b7c4-a99effc1a3ef - - - - -] api_database.db_max_retries = 20 log_opt_values /usr/lib/python3/dist-packages/oslo_config/cfg.py:2609
2026-06-11 00:37:04.683 152993 DEBUG oslo_service.service [req-cf49fbf3-f83f-4fb7-b7c4-a99effc1a3ef - - - - -] api_database.db_max_retry_interval = 10 log_opt_values /usr/lib/python3/dist-packages/oslo_config/cfg.py:2609
2026-06-11 00:37:04.683 152993 DEBUG oslo_service.service [req-cf49fbf3-f83f-4fb7-b7c4-a99effc1a3ef - - - - -] api_database.db_retry_interval = 1 log_opt_values /usr/lib/python3/dist-packages/oslo_config/cfg.py:2609
2026-06-11 00:37:04.684 152993 DEBUG oslo_service.service [req-cf49fbf3-f83f-4fb7-b7c4-a99effc1a3ef - - - - -] api_database.max_overflow = 50 log_opt_values /usr/lib/python3/dist-packages/oslo_config/cfg.py:2609
2026-06-11 00:37:04.684 152993 DEBUG oslo_service.service [req-cf49fbf3-f83f-4fb7-b7c4-a99effc1a3ef - - - - -] api_database.max_pool_size = 4 log_opt_values /usr/lib/python3/dist-packages/oslo_config/cfg.py:2609
2026-06-11 00:37:04.684 152993 DEBUG oslo_service.service [req-cf49fbf3-f83f-4fb7-b7c4-a99effc1a3ef - - - - -] api_database.max_retries = 10 log_opt_values /usr/lib/python3/dist-packages/oslo_config/cfg.py:2609
2026-06-11 00:37:04.684 152993 DEBUG oslo_service.service [req-cf49fbf3-f83f-4fb7-b7c4-a99effc1a3ef - - - - -] api_database.mysql_enable_ndb = False log_opt_values /usr/lib/python3/dist-packages/oslo_config/cfg.py:2609
2026-06-11 00:37:04.684 152993 DEBUG oslo_service.service [req-cf49fbf3-f83f-4fb7-b7c4-a99effc1a3ef - - - - -] api_database.mysql_sql_mode = TRADITIONAL log_opt_values /usr/lib/python3/dist-packages/oslo_config/cfg.py:2609
2026-06-11 00:37:04.685 152993 DEBUG oslo_service.service [req-cf49fbf3-f83f-4fb7-b7c4-a99effc1a3ef - - - - -] api_database.pool_timeout = None log_opt_values /usr/lib/python3/dist-packages/oslo_config/cfg.py:2609
2026-06-11 00:37:04.685 152993 DEBUG oslo_service.service [req-cf49fbf3-f83f-4fb7-b7c4-a99effc1a3ef - - - - -] api_database.retry_interval = 10 log_opt_values /usr/lib/python3/dist-packages/oslo_config/cfg.py:2609
2026-06-11 00:37:04.685 152993 DEBUG oslo_service.service [req-cf49fbf3-f83f-4fb7-b7c4-a99effc1a3ef - - - - -] api_database.slave_connection = **** log_opt_values /usr/lib/python3/dist-packages/oslo_config/cfg.py:2609
2026-06-11 00:37:04.685 152993 DEBUG oslo_service.service [req-cf49fbf3-f83f-4fb7-b7c4-a99effc1a3ef - - - - -] api_database.sqlite_synchronous = True log_opt_values /usr/lib/python3/dist-packages/oslo_config/cfg.py:2609
2026-06-11 00:37:04.685 152993 DEBUG oslo_service.service [req-cf49fbf3-f83f-4fb7-b7c4-a99effc1a3ef - - - - -] devices.enabled_mdev_types = [] log_opt_values /usr/lib/python3/dist-packages/oslo_config/cfg.py:2609
2026-06-11 00:37:04.686 152993 DEBUG oslo_service.service [req-cf49fbf3-f83f-4fb7-b7c4-a99effc1a3ef - - - - -] ephemeral_storage_encryption.cipher = aes-xts-plain64 log_opt_values /usr/lib/python3/dist-packages/oslo_config/cfg.py:2609
2026-06-11 00:37:04.686 152993 DEBUG oslo_service.service [req-cf49fbf3-f83f-4fb7-b7c4-a99effc1a3ef - - - - -] ephemeral_storage_encryption.enabled = False log_opt_values /usr/lib/python3/dist-packages/oslo_config/cfg.py:2609
2026-06-11 00:37:04.686 152993 DEBUG oslo_service.service [req-cf49fbf3-f83f-4fb7-b7c4-a99effc1a3ef - - - - -] ephemeral_storage_encryption.key_size = 512 log_opt_values /usr/lib/python3/dist-packages/oslo_config/cfg.py:2609
2026-06-11 00:37:04.686 152993 WARNING oslo_config.cfg [req-cf49fbf3-f83f-4fb7-b7c4-a99effc1a3ef - - - - -] Deprecated: Option "api_servers" from group "glance" is deprecated for removal ( Support for image service configuration via standard keystoneauth1 Adapter options was added in the 17.0.0 Queens release. The api_servers option was retained temporarily to allow consumers time to cut over to a real load balancing solution. ). Its value may be silently ignored in the future.
2026-06-11 00:37:04.687 152993 DEBUG oslo_service.service [req-cf49fbf3-f83f-4fb7-b7c4-a99effc1a3ef - - - - -] glance.api_servers = ['http://252.129.19.190:9292'] log_opt_values /usr/lib/python3/dist-packages/oslo_config/cfg.py:2609
2026-06-11 00:37:04.687 152993 DEBUG oslo_service.service [req-cf49fbf3-f83f-4fb7-b7c4-a99effc1a3ef - - - - -] glance.cafile = None log_opt_values /usr/lib/python3/dist-packages/oslo_config/cfg.py:2609
2026-06-11 00:37:04.687 152993 DEBUG oslo_service.service [req-cf49fbf3-f83f-4fb7-b7c4-a99effc1a3ef - - - - -] glance.certfile = None log_opt_values /usr/lib/python3/dist-packages/oslo_config/cfg.py:2609
2026-06-11 00:37:04.687 152993 DEBUG oslo_service.service [req-cf49fbf3-f83f-4fb7-b7c4-a99effc1a3ef - - - - -] glance.collect_timing = False log_opt_values /usr/lib/python3/dist-packages/oslo_config/cfg.py:2609
2026-06-11 00:37:04.687 152993 DEBUG oslo_service.service [req-cf49fbf3-f83f-4fb7-b7c4-a99effc1a3ef - - - - -] glance.connect_retries = None log_opt_values /usr/lib/python3/dist-packages/oslo_config/cfg.py:2609
2026-06-11 00:37:04.688 152993 DEBUG oslo_service.service [req-cf49fbf3-f83f-4fb7-b7c4-a99effc1a3ef - - - - -] glance.connect_retry_delay = None log_opt_values /usr/lib/python3/dist-packages/oslo_config/cfg.py:2609
2026-06-11 00:37:04.688 152993 DEBUG oslo_service.service [req-cf49fbf3-f83f-4fb7-b7c4-a99effc1a3ef - - - - -] glance.debug = False log_opt_values /usr/lib/python3/dist-packages/oslo_config/cfg.py:2609
2026-06-11 00:37:04.688 152993 DEBUG oslo_service.service [req-cf49fbf3-f83f-4fb7-b7c4-a99effc1a3ef - - - - -] glance.default_trusted_certificate_ids = [] log_opt_values /usr/lib/python3/dist-packages/oslo_config/cfg.py:2609
2026-06-11 00:37:04.689 152993 DEBUG oslo_service.service [req-cf49fbf3-f83f-4fb7-b7c4-a99effc1a3ef - - - - -] glance.enable_certificate_validation = False log_opt_values /usr/lib/python3/dist-packages/oslo_config/cfg.py:2609
2026-06-11 00:37:04.689 152993 DEBUG oslo_service.service [req-cf49fbf3-f83f-4fb7-b7c4-a99effc1a3ef - - - - -] glance.enable_rbd_download = False log_opt_values /usr/lib/python3/dist-packages/oslo_config/cfg.py:2609
2026-06-11 00:37:04.689 152993 DEBUG oslo_service.service [req-cf49fbf3-f83f-4fb7-b7c4-a99effc1a3ef - - - - -] glance.endpoint_override = None log_opt_values /usr/lib/python3/dist-packages/oslo_config/cfg.py:2609
2026-06-11 00:37:04.689 152993 DEBUG oslo_service.service [req-cf49fbf3-f83f-4fb7-b7c4-a99effc1a3ef - - - - -] glance.insecure = False log_opt_values /usr/lib/python3/dist-packages/oslo_config/cfg.py:2609
2026-06-11 00:37:04.689 152993 DEBUG oslo_service.service [req-cf49fbf3-f83f-4fb7-b7c4-a99effc1a3ef - - - - -] glance.keyfile = None log_opt_values /usr/lib/python3/dist-packages/oslo_config/cfg.py:2609
2026-06-11 00:37:04.690 152993 DEBUG oslo_service.service [req-cf49fbf3-f83f-4fb7-b7c4-a99effc1a3ef - - - - -] glance.max_version = None log_opt_values /usr/lib/python3/dist-packages/oslo_config/cfg.py:2609
2026-06-11 00:37:04.690 152993 DEBUG oslo_service.service [req-cf49fbf3-f83f-4fb7-b7c4-a99effc1a3ef - - - - -] glance.min_version = None log_opt_values /usr/lib/python3/dist-packages/oslo_config/cfg.py:2609
2026-06-11 00:37:04.690 152993 DEBUG oslo_service.service [req-cf49fbf3-f83f-4fb7-b7c4-a99effc1a3ef - - - - -] glance.num_retries = 3 log_opt_values /usr/lib/python3/dist-packages/oslo_config/cfg.py:2609
2026-06-11 00:37:04.690 152993 DEBUG oslo_service.service [req-cf49fbf3-f83f-4fb7-b7c4-a99effc1a3ef - - - - -] glance.rbd_ceph_conf = log_opt_values /usr/lib/python3/dist-packages/oslo_config/cfg.py:2609
2026-06-11 00:37:04.690 152993 DEBUG oslo_service.service [req-cf49fbf3-f83f-4fb7-b7c4-a99effc1a3ef - - - - -] glance.rbd_connect_timeout = 5 log_opt_values /usr/lib/python3/dist-packages/oslo_config/cfg.py:2609
2026-06-11 00:37:04.691 152993 DEBUG oslo_service.service [req-cf49fbf3-f83f-4fb7-b7c4-a99effc1a3ef - - - - -] glance.rbd_pool = log_opt_values /usr/lib/python3/dist-packages/oslo_config/cfg.py:2609
2026-06-11 00:37:04.691 152993 DEBUG oslo_service.service [req-cf49fbf3-f83f-4fb7-b7c4-a99effc1a3ef - - - - -] glance.rbd_user = log_opt_values /usr/lib/python3/dist-packages/oslo_config/cfg.py:2609
2026-06-11 00:37:04.691 152993 DEBUG oslo_service.service [req-cf49fbf3-f83f-4fb7-b7c4-a99effc1a3ef - - - - -] glance.region_name = None log_opt_values /usr/lib/python3/dist-packages/oslo_config/cfg.py:2609
2026-06-11 00:37:04.691 152993 DEBUG oslo_service.service [req-cf49fbf3-f83f-4fb7-b7c4-a99effc1a3ef - - - - -] glance.service_name = None log_opt_values /usr/lib/python3/dist-packages/oslo_config/cfg.py:2609
2026-06-11 00:37:04.692 152993 DEBUG oslo_service.service [req-cf49fbf3-f83f-4fb7-b7c4-a99effc1a3ef - - - - -] glance.service_type = image log_opt_values /usr/lib/python3/dist-packages/oslo_config/cfg.py:2609
2026-06-11 00:37:04.692 152993 DEBUG oslo_service.service [req-cf49fbf3-f83f-4fb7-b7c4-a99effc1a3ef - - - - -] glance.split_loggers = False log_opt_values /usr/lib/python3/dist-packages/oslo_config/cfg.py:2609
2026-06-11 00:37:04.692 152993 DEBUG oslo_service.service [req-cf49fbf3-f83f-4fb7-b7c4-a99effc1a3ef - - - - -] glance.status_code_retries = None log_opt_values /usr/lib/python3/dist-packages/oslo_config/cfg.py:2609
2026-06-11 00:37:04.692 152993 DEBUG oslo_service.service [req-cf49fbf3-f83f-4fb7-b7c4-a99effc1a3ef - - - - -] glance.status_code_retry_delay = None log_opt_values /usr/lib/python3/dist-packages/oslo_config/cfg.py:2609
