2026-06-11 00:34:50.442 126798 DEBUG oslo_service.service [req-f4acde02-956f-4ed0-abd6-53fa17913497 - - - - -] oslo_limit.keyfile = None log_opt_values /usr/lib/python3/dist-packages/oslo_config/cfg.py:2609
2026-06-11 00:34:50.442 126798 DEBUG oslo_service.service [req-f4acde02-956f-4ed0-abd6-53fa17913497 - - - - -] oslo_limit.max_version = None log_opt_values /usr/lib/python3/dist-packages/oslo_config/cfg.py:2609
2026-06-11 00:34:50.442 126798 DEBUG oslo_service.service [req-f4acde02-956f-4ed0-abd6-53fa17913497 - - - - -] oslo_limit.min_version = None log_opt_values /usr/lib/python3/dist-packages/oslo_config/cfg.py:2609
2026-06-11 00:34:50.443 126798 DEBUG oslo_service.service [req-f4acde02-956f-4ed0-abd6-53fa17913497 - - - - -] oslo_limit.region_name = None log_opt_values /usr/lib/python3/dist-packages/oslo_config/cfg.py:2609
2026-06-11 00:34:50.443 126798 DEBUG oslo_service.service [req-f4acde02-956f-4ed0-abd6-53fa17913497 - - - - -] oslo_limit.service_name = None log_opt_values /usr/lib/python3/dist-packages/oslo_config/cfg.py:2609
2026-06-11 00:34:50.443 126798 DEBUG oslo_service.service [req-f4acde02-956f-4ed0-abd6-53fa17913497 - - - - -] oslo_limit.service_type = None log_opt_values /usr/lib/python3/dist-packages/oslo_config/cfg.py:2609
2026-06-11 00:34:50.443 126798 DEBUG oslo_service.service [req-f4acde02-956f-4ed0-abd6-53fa17913497 - - - - -] oslo_limit.split_loggers = False log_opt_values /usr/lib/python3/dist-packages/oslo_config/cfg.py:2609
2026-06-11 00:34:50.443 126798 DEBUG oslo_service.service [req-f4acde02-956f-4ed0-abd6-53fa17913497 - - - - -] oslo_limit.status_code_retries = None log_opt_values /usr/lib/python3/dist-packages/oslo_config/cfg.py:2609
2026-06-11 00:34:50.443 126798 DEBUG oslo_service.service [req-f4acde02-956f-4ed0-abd6-53fa17913497 - - - - -] oslo_limit.status_code_retry_delay = None log_opt_values /usr/lib/python3/dist-packages/oslo_config/cfg.py:2609
2026-06-11 00:34:50.443 126798 DEBUG oslo_service.service [req-f4acde02-956f-4ed0-abd6-53fa17913497 - - - - -] oslo_limit.timeout = None log_opt_values /usr/lib/python3/dist-packages/oslo_config/cfg.py:2609
2026-06-11 00:34:50.444 126798 DEBUG oslo_service.service [req-f4acde02-956f-4ed0-abd6-53fa17913497 - - - - -] oslo_limit.valid_interfaces = None log_opt_values /usr/lib/python3/dist-packages/oslo_config/cfg.py:2609
2026-06-11 00:34:50.444 126798 DEBUG oslo_service.service [req-f4acde02-956f-4ed0-abd6-53fa17913497 - - - - -] oslo_limit.version = None log_opt_values /usr/lib/python3/dist-packages/oslo_config/cfg.py:2609
2026-06-11 00:34:50.444 126798 DEBUG oslo_service.service [req-f4acde02-956f-4ed0-abd6-53fa17913497 - - - - -] oslo_reports.file_event_handler = None log_opt_values /usr/lib/python3/dist-packages/oslo_config/cfg.py:2609
2026-06-11 00:34:50.444 126798 DEBUG oslo_service.service [req-f4acde02-956f-4ed0-abd6-53fa17913497 - - - - -] oslo_reports.file_event_handler_interval = 1 log_opt_values /usr/lib/python3/dist-packages/oslo_config/cfg.py:2609
2026-06-11 00:34:50.444 126798 DEBUG oslo_service.service [req-f4acde02-956f-4ed0-abd6-53fa17913497 - - - - -] oslo_reports.log_dir = None log_opt_values /usr/lib/python3/dist-packages/oslo_config/cfg.py:2609
2026-06-11 00:34:50.444 126798 DEBUG oslo_service.service [req-f4acde02-956f-4ed0-abd6-53fa17913497 - - - - -] ******************************************************************************** log_opt_values /usr/lib/python3/dist-packages/oslo_config/cfg.py:2613
2026-06-11 00:34:51.356 127715 DEBUG oslo_messaging._drivers.amqpdriver [-] AMQPListener connection timeout poll /usr/lib/python3/dist-packages/oslo_messaging/_drivers/amqpdriver.py:360
2026-06-11 00:34:51.356 127715 DEBUG oslo_messaging._drivers.amqpdriver [-] Listener is running poll /usr/lib/python3/dist-packages/oslo_messaging/_drivers/amqpdriver.py:343
2026-06-11 00:34:51.356 127715 DEBUG oslo_messaging._drivers.amqpdriver [-] AMQPListener connection consume poll /usr/lib/python3/dist-packages/oslo_messaging/_drivers/amqpdriver.py:357
2026-06-11 00:34:51.359 127721 DEBUG oslo_messaging._drivers.amqpdriver [-] AMQPListener connection timeout poll /usr/lib/python3/dist-packages/oslo_messaging/_drivers/amqpdriver.py:360
2026-06-11 00:34:51.359 127721 DEBUG oslo_messaging._drivers.amqpdriver [-] Listener is running poll /usr/lib/python3/dist-packages/oslo_messaging/_drivers/amqpdriver.py:343
2026-06-11 00:34:51.359 127721 DEBUG oslo_messaging._drivers.amqpdriver [-] AMQPListener connection consume poll /usr/lib/python3/dist-packages/oslo_messaging/_drivers/amqpdriver.py:357
2026-06-11 00:34:51.367 127722 DEBUG oslo_messaging._drivers.amqpdriver [-] AMQPListener connection timeout poll /usr/lib/python3/dist-packages/oslo_messaging/_drivers/amqpdriver.py:360
2026-06-11 00:34:51.367 127722 DEBUG oslo_messaging._drivers.amqpdriver [-] Listener is running poll /usr/lib/python3/dist-packages/oslo_messaging/_drivers/amqpdriver.py:343
2026-06-11 00:34:51.367 127722 DEBUG oslo_messaging._drivers.amqpdriver [-] AMQPListener connection consume poll /usr/lib/python3/dist-packages/oslo_messaging/_drivers/amqpdriver.py:357
2026-06-11 00:34:51.379 127720 DEBUG oslo_messaging._drivers.amqpdriver [-] AMQPListener connection timeout poll /usr/lib/python3/dist-packages/oslo_messaging/_drivers/amqpdriver.py:360
2026-06-11 00:34:51.379 127720 DEBUG oslo_messaging._drivers.amqpdriver [-] Listener is running poll /usr/lib/python3/dist-packages/oslo_messaging/_drivers/amqpdriver.py:343
2026-06-11 00:34:51.380 127720 DEBUG oslo_messaging._drivers.amqpdriver [-] AMQPListener connection consume poll /usr/lib/python3/dist-packages/oslo_messaging/_drivers/amqpdriver.py:357
2026-06-11 00:34:53.359 127715 DEBUG oslo_messaging._drivers.amqpdriver [-] AMQPListener connection timeout poll /usr/lib/python3/dist-packages/oslo_messaging/_drivers/amqpdriver.py:360
2026-06-11 00:34:53.360 127715 DEBUG oslo_messaging._drivers.amqpdriver [-] Listener is running poll /usr/lib/python3/dist-packages/oslo_messaging/_drivers/amqpdriver.py:343
2026-06-11 00:34:53.360 127715 DEBUG oslo_messaging._drivers.amqpdriver [-] AMQPListener connection consume poll /usr/lib/python3/dist-packages/oslo_messaging/_drivers/amqpdriver.py:357
2026-06-11 00:34:53.366 127721 DEBUG oslo_messaging._drivers.amqpdriver [-] AMQPListener connection timeout poll /usr/lib/python3/dist-packages/oslo_messaging/_drivers/amqpdriver.py:360
2026-06-11 00:34:53.366 127721 DEBUG oslo_messaging._drivers.amqpdriver [-] Listener is running poll /usr/lib/python3/dist-packages/oslo_messaging/_drivers/amqpdriver.py:343
2026-06-11 00:34:53.366 127721 DEBUG oslo_messaging._drivers.amqpdriver [-] AMQPListener connection consume poll /usr/lib/python3/dist-packages/oslo_messaging/_drivers/amqpdriver.py:357
2026-06-11 00:34:53.369 127722 DEBUG oslo_messaging._drivers.amqpdriver [-] AMQPListener connection timeout poll /usr/lib/python3/dist-packages/oslo_messaging/_drivers/amqpdriver.py:360
2026-06-11 00:34:53.370 127722 DEBUG oslo_messaging._drivers.amqpdriver [-] Listener is running poll /usr/lib/python3/dist-packages/oslo_messaging/_drivers/amqpdriver.py:343
2026-06-11 00:34:53.370 127722 DEBUG oslo_messaging._drivers.amqpdriver [-] AMQPListener connection consume poll /usr/lib/python3/dist-packages/oslo_messaging/_drivers/amqpdriver.py:357
2026-06-11 00:34:53.382 127720 DEBUG oslo_messaging._drivers.amqpdriver [-] AMQPListener connection timeout poll /usr/lib/python3/dist-packages/oslo_messaging/_drivers/amqpdriver.py:360
2026-06-11 00:34:53.382 127720 DEBUG oslo_messaging._drivers.amqpdriver [-] Listener is running poll /usr/lib/python3/dist-packages/oslo_messaging/_drivers/amqpdriver.py:343
2026-06-11 00:34:53.382 127720 DEBUG oslo_messaging._drivers.amqpdriver [-] AMQPListener connection consume poll /usr/lib/python3/dist-packages/oslo_messaging/_drivers/amqpdriver.py:357
2026-06-11 00:34:57.333 126798 INFO oslo_service.service [req-f4acde02-956f-4ed0-abd6-53fa17913497 - - - - -] Caught SIGTERM, stopping children
2026-06-11 00:34:57.334 126798 DEBUG oslo_concurrency.lockutils [req-f4acde02-956f-4ed0-abd6-53fa17913497 - - - - -] Acquired lock "singleton_lock" lock /usr/lib/python3/dist-packages/oslo_concurrency/lockutils.py:294
2026-06-11 00:34:57.334 126798 DEBUG oslo_concurrency.lockutils [req-f4acde02-956f-4ed0-abd6-53fa17913497 - - - - -] Releasing lock "singleton_lock" lock /usr/lib/python3/dist-packages/oslo_concurrency/lockutils.py:312
2026-06-11 00:34:57.334 126798 DEBUG oslo_service.service [req-f4acde02-956f-4ed0-abd6-53fa17913497 - - - - -] Stop services. stop /usr/lib/python3/dist-packages/oslo_service/service.py:695
2026-06-11 00:34:57.334 126798 DEBUG oslo_service.service [req-f4acde02-956f-4ed0-abd6-53fa17913497 - - - - -] Killing children. stop /usr/lib/python3/dist-packages/oslo_service/service.py:700
2026-06-11 00:34:57.335 126798 INFO oslo_service.service [req-f4acde02-956f-4ed0-abd6-53fa17913497 - - - - -] Waiting on 4 children to exit
2026-06-11 00:34:57.345 126798 INFO oslo_service.service [req-f4acde02-956f-4ed0-abd6-53fa17913497 - - - - -] Child 127715 killed by signal 15
2026-06-11 00:34:57.345 126798 INFO oslo_service.service [req-f4acde02-956f-4ed0-abd6-53fa17913497 - - - - -] Child 127720 killed by signal 15
2026-06-11 00:34:57.348 126798 INFO oslo_service.service [req-f4acde02-956f-4ed0-abd6-53fa17913497 - - - - -] Child 127722 killed by signal 15
2026-06-11 00:34:57.351 126798 INFO oslo_service.service [req-f4acde02-956f-4ed0-abd6-53fa17913497 - - - - -] Child 127721 killed by signal 15
2026-06-11 00:35:01.741 130687 DEBUG oslo_db.sqlalchemy.engines [req-8320cf35-a306-42fc-970f-f01aea1e969e - - - - -] MySQL server mode set to STRICT_TRANS_TABLES,STRICT_ALL_TABLES,NO_ZERO_IN_DATE,NO_ZERO_DATE,ERROR_FOR_DIVISION_BY_ZERO,TRADITIONAL,NO_ENGINE_SUBSTITUTION _check_effective_sql_mode /usr/lib/python3/dist-packages/oslo_db/sqlalchemy/engines.py:314
2026-06-11 00:35:01.863 130687 DEBUG nova.context [req-8320cf35-a306-42fc-970f-f01aea1e969e - - - - -] Found 2 cells: 00000000-0000-0000-0000-000000000000(cell0),88cd5233-f546-41c4-8d35-e34a3462a2bd(cell1) load_cells /usr/lib/python3/dist-packages/nova/context.py:464
2026-06-11 00:35:01.866 130687 DEBUG oslo_concurrency.lockutils [req-8320cf35-a306-42fc-970f-f01aea1e969e - - - - -] Lock "00000000-0000-0000-0000-000000000000" acquired by "nova.context.set_target_cell..get_or_set_cached_cell_and_set_connections" :: waited 0.000s inner /usr/lib/python3/dist-packages/oslo_concurrency/lockutils.py:386
2026-06-11 00:35:01.867 130687 DEBUG oslo_concurrency.lockutils [req-8320cf35-a306-42fc-970f-f01aea1e969e - - - - -] Lock "00000000-0000-0000-0000-000000000000" "released" by "nova.context.set_target_cell..get_or_set_cached_cell_and_set_connections" :: held 0.001s inner /usr/lib/python3/dist-packages/oslo_concurrency/lockutils.py:400
2026-06-11 00:35:01.868 130687 DEBUG oslo_concurrency.lockutils [req-8320cf35-a306-42fc-970f-f01aea1e969e - - - - -] Lock "88cd5233-f546-41c4-8d35-e34a3462a2bd" acquired by "nova.context.set_target_cell..get_or_set_cached_cell_and_set_connections" :: waited 0.000s inner /usr/lib/python3/dist-packages/oslo_concurrency/lockutils.py:386
2026-06-11 00:35:01.871 130687 DEBUG oslo_concurrency.lockutils [req-8320cf35-a306-42fc-970f-f01aea1e969e - - - - -] Lock "88cd5233-f546-41c4-8d35-e34a3462a2bd" "released" by "nova.context.set_target_cell..get_or_set_cached_cell_and_set_connections" :: held 0.003s inner /usr/lib/python3/dist-packages/oslo_concurrency/lockutils.py:400
2026-06-11 00:35:01.879 130687 DEBUG oslo_db.sqlalchemy.engines [req-8320cf35-a306-42fc-970f-f01aea1e969e - - - - -] MySQL server mode set to STRICT_TRANS_TABLES,STRICT_ALL_TABLES,NO_ZERO_IN_DATE,NO_ZERO_DATE,ERROR_FOR_DIVISION_BY_ZERO,TRADITIONAL,NO_ENGINE_SUBSTITUTION _check_effective_sql_mode /usr/lib/python3/dist-packages/oslo_db/sqlalchemy/engines.py:314
2026-06-11 00:35:01.880 130687 DEBUG oslo_db.sqlalchemy.engines [req-8320cf35-a306-42fc-970f-f01aea1e969e - - - - -] MySQL server mode set to STRICT_TRANS_TABLES,STRICT_ALL_TABLES,NO_ZERO_IN_DATE,NO_ZERO_DATE,ERROR_FOR_DIVISION_BY_ZERO,TRADITIONAL,NO_ENGINE_SUBSTITUTION _check_effective_sql_mode /usr/lib/python3/dist-packages/oslo_db/sqlalchemy/engines.py:314
2026-06-11 00:35:01.977 130687 DEBUG oslo_concurrency.lockutils [req-8320cf35-a306-42fc-970f-f01aea1e969e - - - - -] Acquired lock "singleton_lock" lock /usr/lib/python3/dist-packages/oslo_concurrency/lockutils.py:294
2026-06-11 00:35:01.977 130687 DEBUG oslo_concurrency.lockutils [req-8320cf35-a306-42fc-970f-f01aea1e969e - - - - -] Releasing lock "singleton_lock" lock /usr/lib/python3/dist-packages/oslo_concurrency/lockutils.py:312
2026-06-11 00:35:01.978 130687 INFO oslo_service.service [req-8320cf35-a306-42fc-970f-f01aea1e969e - - - - -] Starting 4 workers
2026-06-11 00:35:01.982 130687 DEBUG oslo_service.service [req-8320cf35-a306-42fc-970f-f01aea1e969e - - - - -] Started child 131559 _start_child /usr/lib/python3/dist-packages/oslo_service/service.py:575
2026-06-11 00:35:01.988 131559 INFO nova.service [-] Starting conductor node (version 25.2.1)
2026-06-11 00:35:01.989 130687 DEBUG oslo_service.service [req-8320cf35-a306-42fc-970f-f01aea1e969e - - - - -] Started child 131560 _start_child /usr/lib/python3/dist-packages/oslo_service/service.py:575
2026-06-11 00:35:01.995 131560 INFO nova.service [-] Starting conductor node (version 25.2.1)
2026-06-11 00:35:01.996 130687 DEBUG oslo_service.service [req-8320cf35-a306-42fc-970f-f01aea1e969e - - - - -] Started child 131562 _start_child /usr/lib/python3/dist-packages/oslo_service/service.py:575
2026-06-11 00:35:02.003 131559 DEBUG oslo_db.sqlalchemy.engines [req-a8eb4b89-b34a-411a-9778-0d79de457d58 - - - - -] MySQL server mode set to STRICT_TRANS_TABLES,STRICT_ALL_TABLES,NO_ZERO_IN_DATE,NO_ZERO_DATE,ERROR_FOR_DIVISION_BY_ZERO,TRADITIONAL,NO_ENGINE_SUBSTITUTION _check_effective_sql_mode /usr/lib/python3/dist-packages/oslo_db/sqlalchemy/engines.py:314
2026-06-11 00:35:02.003 130687 DEBUG oslo_service.service [req-8320cf35-a306-42fc-970f-f01aea1e969e - - - - -] Started child 131568 _start_child /usr/lib/python3/dist-packages/oslo_service/service.py:575
2026-06-11 00:35:02.010 131568 INFO nova.service [-] Starting conductor node (version 25.2.1)
2026-06-11 00:35:02.005 131562 INFO nova.service [-] Starting conductor node (version 25.2.1)
2026-06-11 00:35:02.011 130687 DEBUG oslo_service.service [req-8320cf35-a306-42fc-970f-f01aea1e969e - - - - -] Full set of CONF: wait /usr/lib/python3/dist-packages/oslo_service/service.py:649
2026-06-11 00:35:02.012 130687 DEBUG oslo_service.service [req-8320cf35-a306-42fc-970f-f01aea1e969e - - - - -] ******************************************************************************** log_opt_values /usr/lib/python3/dist-packages/oslo_config/cfg.py:2589
2026-06-11 00:35:02.012 130687 DEBUG oslo_service.service [req-8320cf35-a306-42fc-970f-f01aea1e969e - - - - -] Configuration options gathered from: log_opt_values /usr/lib/python3/dist-packages/oslo_config/cfg.py:2590
2026-06-11 00:35:02.012 130687 DEBUG oslo_service.service [req-8320cf35-a306-42fc-970f-f01aea1e969e - - - - -] command line args: ['--config-file=/etc/nova/nova.conf', '--log-file=/var/log/nova/nova-conductor.log'] log_opt_values /usr/lib/python3/dist-packages/oslo_config/cfg.py:2591
2026-06-11 00:35:02.011 131560 DEBUG oslo_db.sqlalchemy.engines [req-ed41abd4-8ff9-48b6-97ab-65beec3bdb26 - - - - -] MySQL server mode set to STRICT_TRANS_TABLES,STRICT_ALL_TABLES,NO_ZERO_IN_DATE,NO_ZERO_DATE,ERROR_FOR_DIVISION_BY_ZERO,TRADITIONAL,NO_ENGINE_SUBSTITUTION _check_effective_sql_mode /usr/lib/python3/dist-packages/oslo_db/sqlalchemy/engines.py:314
2026-06-11 00:35:02.013 130687 DEBUG oslo_service.service [req-8320cf35-a306-42fc-970f-f01aea1e969e - - - - -] config files: ['/etc/nova/nova.conf'] log_opt_values /usr/lib/python3/dist-packages/oslo_config/cfg.py:2592
2026-06-11 00:35:02.013 130687 DEBUG oslo_service.service [req-8320cf35-a306-42fc-970f-f01aea1e969e - - - - -] ================================================================================ log_opt_values /usr/lib/python3/dist-packages/oslo_config/cfg.py:2594
2026-06-11 00:35:02.013 130687 DEBUG oslo_service.service [req-8320cf35-a306-42fc-970f-f01aea1e969e - - - - -] allow_resize_to_same_host = False log_opt_values /usr/lib/python3/dist-packages/oslo_config/cfg.py:2602
2026-06-11 00:35:02.014 130687 DEBUG oslo_service.service [req-8320cf35-a306-42fc-970f-f01aea1e969e - - - - -] arq_binding_timeout = 300 log_opt_values /usr/lib/python3/dist-packages/oslo_config/cfg.py:2602
2026-06-11 00:35:02.014 130687 DEBUG oslo_service.service [req-8320cf35-a306-42fc-970f-f01aea1e969e - - - - -] block_device_allocate_retries = 60 log_opt_values /usr/lib/python3/dist-packages/oslo_config/cfg.py:2602
2026-06-11 00:35:02.015 130687 DEBUG oslo_service.service [req-8320cf35-a306-42fc-970f-f01aea1e969e - - - - -] block_device_allocate_retries_interval = 3 log_opt_values /usr/lib/python3/dist-packages/oslo_config/cfg.py:2602
2026-06-11 00:35:02.015 130687 DEBUG oslo_service.service [req-8320cf35-a306-42fc-970f-f01aea1e969e - - - - -] cert = self.pem log_opt_values /usr/lib/python3/dist-packages/oslo_config/cfg.py:2602
2026-06-11 00:35:02.015 130687 DEBUG oslo_service.service [req-8320cf35-a306-42fc-970f-f01aea1e969e - - - - -] compute_driver = libvirt.LibvirtDriver log_opt_values /usr/lib/python3/dist-packages/oslo_config/cfg.py:2602
2026-06-11 00:35:02.016 130687 DEBUG oslo_service.service [req-8320cf35-a306-42fc-970f-f01aea1e969e - - - - -] compute_monitors = [] log_opt_values /usr/lib/python3/dist-packages/oslo_config/cfg.py:2602
2026-06-11 00:35:02.016 130687 DEBUG oslo_service.service [req-8320cf35-a306-42fc-970f-f01aea1e969e - - - - -] config_dir = [] log_opt_values /usr/lib/python3/dist-packages/oslo_config/cfg.py:2602
2026-06-11 00:35:02.017 130687 DEBUG oslo_service.service [req-8320cf35-a306-42fc-970f-f01aea1e969e - - - - -] config_drive_format = iso9660 log_opt_values /usr/lib/python3/dist-packages/oslo_config/cfg.py:2602
2026-06-11 00:35:02.017 130687 DEBUG oslo_service.service [req-8320cf35-a306-42fc-970f-f01aea1e969e - - - - -] config_file = ['/etc/nova/nova.conf'] log_opt_values /usr/lib/python3/dist-packages/oslo_config/cfg.py:2602
2026-06-11 00:35:02.018 130687 DEBUG oslo_service.service [req-8320cf35-a306-42fc-970f-f01aea1e969e - - - - -] config_source = [] log_opt_values /usr/lib/python3/dist-packages/oslo_config/cfg.py:2602
2026-06-11 00:35:02.018 130687 DEBUG oslo_service.service [req-8320cf35-a306-42fc-970f-f01aea1e969e - - - - -] console_host = juju-12a9f7-0-lxd-7 log_opt_values /usr/lib/python3/dist-packages/oslo_config/cfg.py:2602
2026-06-11 00:35:02.019 130687 DEBUG oslo_service.service [req-8320cf35-a306-42fc-970f-f01aea1e969e - - - - -] control_exchange = nova log_opt_values /usr/lib/python3/dist-packages/oslo_config/cfg.py:2602
2026-06-11 00:35:02.019 130687 DEBUG oslo_service.service [req-8320cf35-a306-42fc-970f-f01aea1e969e - - - - -] cpu_allocation_ratio = 2.0 log_opt_values /usr/lib/python3/dist-packages/oslo_config/cfg.py:2602
2026-06-11 00:35:02.019 130687 DEBUG oslo_service.service [req-8320cf35-a306-42fc-970f-f01aea1e969e - - - - -] daemon = False log_opt_values /usr/lib/python3/dist-packages/oslo_config/cfg.py:2602
2026-06-11 00:35:02.020 130687 DEBUG oslo_service.service [req-8320cf35-a306-42fc-970f-f01aea1e969e - - - - -] debug = True log_opt_values /usr/lib/python3/dist-packages/oslo_config/cfg.py:2602
2026-06-11 00:35:02.020 130687 DEBUG oslo_service.service [req-8320cf35-a306-42fc-970f-f01aea1e969e - - - - -] default_access_ip_network_name = None log_opt_values /usr/lib/python3/dist-packages/oslo_config/cfg.py:2602
2026-06-11 00:35:02.021 130687 DEBUG oslo_service.service [req-8320cf35-a306-42fc-970f-f01aea1e969e - - - - -] default_availability_zone = nova log_opt_values /usr/lib/python3/dist-packages/oslo_config/cfg.py:2602
2026-06-11 00:35:02.021 130687 DEBUG oslo_service.service [req-8320cf35-a306-42fc-970f-f01aea1e969e - - - - -] default_ephemeral_format = None log_opt_values /usr/lib/python3/dist-packages/oslo_config/cfg.py:2602
2026-06-11 00:35:02.021 130687 DEBUG oslo_service.service [req-8320cf35-a306-42fc-970f-f01aea1e969e - - - - -] default_log_levels = ['amqp=WARN', 'amqplib=WARN', 'boto=WARN', 'qpid=WARN', 'sqlalchemy=WARN', 'suds=INFO', 'oslo.messaging=INFO', 'oslo_messaging=DEBUG', 'iso8601=WARN', 'requests.packages.urllib3.connectionpool=WARN', 'urllib3.connectionpool=WARN', 'websocket=WARN', 'requests.packages.urllib3.util.retry=WARN', 'urllib3.util.retry=WARN', 'keystonemiddleware=WARN', 'routes.middleware=WARN', 'stevedore=WARN', 'taskflow=WARN', 'keystoneauth=WARN', 'oslo.cache=INFO', 'dogpile.core.dogpile=INFO', 'glanceclient=WARN', 'oslo.privsep.daemon=INFO'] log_opt_values /usr/lib/python3/dist-packages/oslo_config/cfg.py:2602
2026-06-11 00:35:02.022 130687 DEBUG oslo_service.service [req-8320cf35-a306-42fc-970f-f01aea1e969e - - - - -] default_schedule_zone = None log_opt_values /usr/lib/python3/dist-packages/oslo_config/cfg.py:2602
2026-06-11 00:35:02.022 130687 DEBUG oslo_service.service [req-8320cf35-a306-42fc-970f-f01aea1e969e - - - - -] disk_allocation_ratio = 1.0 log_opt_values /usr/lib/python3/dist-packages/oslo_config/cfg.py:2602
2026-06-11 00:35:02.022 130687 DEBUG oslo_service.service [req-8320cf35-a306-42fc-970f-f01aea1e969e - - - - -] enable_new_services = True log_opt_values /usr/lib/python3/dist-packages/oslo_config/cfg.py:2602
2026-06-11 00:35:02.024 131559 DEBUG nova.service [req-a8eb4b89-b34a-411a-9778-0d79de457d58 - - - - -] Creating RPC server for service conductor start /usr/lib/python3/dist-packages/nova/service.py:182
2026-06-11 00:35:02.025 130687 DEBUG oslo_service.service [req-8320cf35-a306-42fc-970f-f01aea1e969e - - - - -] enabled_apis = ['osapi_compute', 'metadata'] log_opt_values /usr/lib/python3/dist-packages/oslo_config/cfg.py:2602
2026-06-11 00:35:02.026 130687 DEBUG oslo_service.service [req-8320cf35-a306-42fc-970f-f01aea1e969e - - - - -] enabled_ssl_apis = [] log_opt_values /usr/lib/python3/dist-packages/oslo_config/cfg.py:2602
2026-06-11 00:35:02.025 131568 DEBUG oslo_db.sqlalchemy.engines [req-dfb20e62-e8a9-47ba-aa15-29da37a48013 - - - - -] MySQL server mode set to STRICT_TRANS_TABLES,STRICT_ALL_TABLES,NO_ZERO_IN_DATE,NO_ZERO_DATE,ERROR_FOR_DIVISION_BY_ZERO,TRADITIONAL,NO_ENGINE_SUBSTITUTION _check_effective_sql_mode /usr/lib/python3/dist-packages/oslo_db/sqlalchemy/engines.py:314
2026-06-11 00:35:02.026 130687 DEBUG oslo_service.service [req-8320cf35-a306-42fc-970f-f01aea1e969e - - - - -] fatal_deprecations = False log_opt_values /usr/lib/python3/dist-packages/oslo_config/cfg.py:2602
2026-06-11 00:35:02.027 130687 DEBUG oslo_service.service [req-8320cf35-a306-42fc-970f-f01aea1e969e - - - - -] flat_injected = False log_opt_values /usr/lib/python3/dist-packages/oslo_config/cfg.py:2602
2026-06-11 00:35:02.027 130687 DEBUG oslo_service.service [req-8320cf35-a306-42fc-970f-f01aea1e969e - - - - -] force_config_drive = False log_opt_values /usr/lib/python3/dist-packages/oslo_config/cfg.py:2602
2026-06-11 00:35:02.027 130687 DEBUG oslo_service.service [req-8320cf35-a306-42fc-970f-f01aea1e969e - - - - -] force_raw_images = True log_opt_values /usr/lib/python3/dist-packages/oslo_config/cfg.py:2602
2026-06-11 00:35:02.027 130687 DEBUG oslo_service.service [req-8320cf35-a306-42fc-970f-f01aea1e969e - - - - -] graceful_shutdown_timeout = 60 log_opt_values /usr/lib/python3/dist-packages/oslo_config/cfg.py:2602
2026-06-11 00:35:02.028 130687 DEBUG oslo_service.service [req-8320cf35-a306-42fc-970f-f01aea1e969e - - - - -] heal_instance_info_cache_interval = 60 log_opt_values /usr/lib/python3/dist-packages/oslo_config/cfg.py:2602
2026-06-11 00:35:02.028 130687 DEBUG oslo_service.service [req-8320cf35-a306-42fc-970f-f01aea1e969e - - - - -] host = juju-12a9f7-0-lxd-7 log_opt_values /usr/lib/python3/dist-packages/oslo_config/cfg.py:2602
2026-06-11 00:35:02.029 130687 DEBUG oslo_service.service [req-8320cf35-a306-42fc-970f-f01aea1e969e - - - - -] initial_cpu_allocation_ratio = 16.0 log_opt_values /usr/lib/python3/dist-packages/oslo_config/cfg.py:2602
2026-06-11 00:35:02.029 130687 DEBUG oslo_service.service [req-8320cf35-a306-42fc-970f-f01aea1e969e - - - - -] initial_disk_allocation_ratio = 1.0 log_opt_values /usr/lib/python3/dist-packages/oslo_config/cfg.py:2602
2026-06-11 00:35:02.029 130687 DEBUG oslo_service.service [req-8320cf35-a306-42fc-970f-f01aea1e969e - - - - -] initial_ram_allocation_ratio = 1.5 log_opt_values /usr/lib/python3/dist-packages/oslo_config/cfg.py:2602
2026-06-11 00:35:02.030 130687 DEBUG oslo_service.service [req-8320cf35-a306-42fc-970f-f01aea1e969e - - - - -] injected_network_template = /usr/lib/python3/dist-packages/nova/virt/interfaces.template log_opt_values /usr/lib/python3/dist-packages/oslo_config/cfg.py:2602
2026-06-11 00:35:02.031 130687 DEBUG oslo_service.service [req-8320cf35-a306-42fc-970f-f01aea1e969e - - - - -] instance_build_timeout = 0 log_opt_values /usr/lib/python3/dist-packages/oslo_config/cfg.py:2602
2026-06-11 00:35:02.031 130687 DEBUG oslo_service.service [req-8320cf35-a306-42fc-970f-f01aea1e969e - - - - -] instance_delete_interval = 300 log_opt_values /usr/lib/python3/dist-packages/oslo_config/cfg.py:2602
2026-06-11 00:35:02.031 130687 DEBUG oslo_service.service [req-8320cf35-a306-42fc-970f-f01aea1e969e - - - - -] instance_format = [instance: %(uuid)s] log_opt_values /usr/lib/python3/dist-packages/oslo_config/cfg.py:2602
2026-06-11 00:35:02.031 130687 DEBUG oslo_service.service [req-8320cf35-a306-42fc-970f-f01aea1e969e - - - - -] instance_name_template = instance-%08x log_opt_values /usr/lib/python3/dist-packages/oslo_config/cfg.py:2602
2026-06-11 00:35:02.032 130687 DEBUG oslo_service.service [req-8320cf35-a306-42fc-970f-f01aea1e969e - - - - -] instance_usage_audit = False log_opt_values /usr/lib/python3/dist-packages/oslo_config/cfg.py:2602
2026-06-11 00:35:02.032 130687 DEBUG oslo_service.service [req-8320cf35-a306-42fc-970f-f01aea1e969e - - - - -] instance_usage_audit_period = month log_opt_values /usr/lib/python3/dist-packages/oslo_config/cfg.py:2602
2026-06-11 00:35:02.033 130687 DEBUG oslo_service.service [req-8320cf35-a306-42fc-970f-f01aea1e969e - - - - -] instance_uuid_format = [instance: %(uuid)s] log_opt_values /usr/lib/python3/dist-packages/oslo_config/cfg.py:2602
2026-06-11 00:35:02.033 130687 DEBUG oslo_service.service [req-8320cf35-a306-42fc-970f-f01aea1e969e - - - - -] instances_path = /var/lib/nova/instances log_opt_values /usr/lib/python3/dist-packages/oslo_config/cfg.py:2602
2026-06-11 00:35:02.033 130687 DEBUG oslo_service.service [req-8320cf35-a306-42fc-970f-f01aea1e969e - - - - -] internal_service_availability_zone = internal log_opt_values /usr/lib/python3/dist-packages/oslo_config/cfg.py:2602
2026-06-11 00:35:02.034 130687 DEBUG oslo_service.service [req-8320cf35-a306-42fc-970f-f01aea1e969e - - - - -] key = None log_opt_values /usr/lib/python3/dist-packages/oslo_config/cfg.py:2602
2026-06-11 00:35:02.034 130687 DEBUG oslo_service.service [req-8320cf35-a306-42fc-970f-f01aea1e969e - - - - -] live_migration_retry_count = 30 log_opt_values /usr/lib/python3/dist-packages/oslo_config/cfg.py:2602
2026-06-11 00:35:02.034 130687 DEBUG oslo_service.service [req-8320cf35-a306-42fc-970f-f01aea1e969e - - - - -] log_config_append = None log_opt_values /usr/lib/python3/dist-packages/oslo_config/cfg.py:2602
2026-06-11 00:35:02.034 130687 DEBUG oslo_service.service [req-8320cf35-a306-42fc-970f-f01aea1e969e - - - - -] log_date_format = %Y-%m-%d %H:%M:%S log_opt_values /usr/lib/python3/dist-packages/oslo_config/cfg.py:2602
2026-06-11 00:35:02.034 130687 DEBUG oslo_service.service [req-8320cf35-a306-42fc-970f-f01aea1e969e - - - - -] log_dir = /var/log/nova log_opt_values /usr/lib/python3/dist-packages/oslo_config/cfg.py:2602
2026-06-11 00:35:02.035 130687 DEBUG oslo_service.service [req-8320cf35-a306-42fc-970f-f01aea1e969e - - - - -] log_file = /var/log/nova/nova-conductor.log log_opt_values /usr/lib/python3/dist-packages/oslo_config/cfg.py:2602
2026-06-11 00:35:02.035 130687 DEBUG oslo_service.service [req-8320cf35-a306-42fc-970f-f01aea1e969e - - - - -] log_options = True log_opt_values /usr/lib/python3/dist-packages/oslo_config/cfg.py:2602
2026-06-11 00:35:02.035 130687 DEBUG oslo_service.service [req-8320cf35-a306-42fc-970f-f01aea1e969e - - - - -] log_rotate_interval = 1 log_opt_values /usr/lib/python3/dist-packages/oslo_config/cfg.py:2602
2026-06-11 00:35:02.035 130687 DEBUG oslo_service.service [req-8320cf35-a306-42fc-970f-f01aea1e969e - - - - -] log_rotate_interval_type = days log_opt_values /usr/lib/python3/dist-packages/oslo_config/cfg.py:2602
2026-06-11 00:35:02.035 130687 DEBUG oslo_service.service [req-8320cf35-a306-42fc-970f-f01aea1e969e - - - - -] log_rotation_type = none log_opt_values /usr/lib/python3/dist-packages/oslo_config/cfg.py:2602
2026-06-11 00:35:02.035 130687 DEBUG oslo_service.service [req-8320cf35-a306-42fc-970f-f01aea1e969e - - - - -] logging_context_format_string = %(asctime)s.%(msecs)03d %(process)d %(levelname)s %(name)s [%(request_id)s %(user_identity)s] %(instance)s%(message)s log_opt_values /usr/lib/python3/dist-packages/oslo_config/cfg.py:2602
2026-06-11 00:35:02.036 130687 DEBUG oslo_service.service [req-8320cf35-a306-42fc-970f-f01aea1e969e - - - - -] logging_debug_format_suffix = %(funcName)s %(pathname)s:%(lineno)d log_opt_values /usr/lib/python3/dist-packages/oslo_config/cfg.py:2602
2026-06-11 00:35:02.036 130687 DEBUG oslo_service.service [req-8320cf35-a306-42fc-970f-f01aea1e969e - - - - -] logging_default_format_string = %(asctime)s.%(msecs)03d %(process)d %(levelname)s %(name)s [-] %(instance)s%(message)s log_opt_values /usr/lib/python3/dist-packages/oslo_config/cfg.py:2602
2026-06-11 00:35:02.036 130687 DEBUG oslo_service.service [req-8320cf35-a306-42fc-970f-f01aea1e969e - - - - -] logging_exception_prefix = %(asctime)s.%(msecs)03d %(process)d ERROR %(name)s %(instance)s log_opt_values /usr/lib/python3/dist-packages/oslo_config/cfg.py:2602
2026-06-11 00:35:02.036 131560 DEBUG nova.service [req-ed41abd4-8ff9-48b6-97ab-65beec3bdb26 - - - - -] Creating RPC server for service conductor start /usr/lib/python3/dist-packages/nova/service.py:182
2026-06-11 00:35:02.036 130687 DEBUG oslo_service.service [req-8320cf35-a306-42fc-970f-f01aea1e969e - - - - -] logging_user_identity_format = %(user)s %(project)s %(domain)s %(user_domain)s %(project_domain)s log_opt_values /usr/lib/python3/dist-packages/oslo_config/cfg.py:2602
2026-06-11 00:35:02.037 130687 DEBUG oslo_service.service [req-8320cf35-a306-42fc-970f-f01aea1e969e - - - - -] long_rpc_timeout = 1800 log_opt_values /usr/lib/python3/dist-packages/oslo_config/cfg.py:2602
2026-06-11 00:35:02.037 130687 DEBUG oslo_service.service [req-8320cf35-a306-42fc-970f-f01aea1e969e - - - - -] max_concurrent_builds = 10 log_opt_values /usr/lib/python3/dist-packages/oslo_config/cfg.py:2602
2026-06-11 00:35:02.037 130687 DEBUG oslo_service.service [req-8320cf35-a306-42fc-970f-f01aea1e969e - - - - -] max_concurrent_live_migrations = 1 log_opt_values /usr/lib/python3/dist-packages/oslo_config/cfg.py:2602
2026-06-11 00:35:02.037 130687 DEBUG oslo_service.service [req-8320cf35-a306-42fc-970f-f01aea1e969e - - - - -] max_concurrent_snapshots = 5 log_opt_values /usr/lib/python3/dist-packages/oslo_config/cfg.py:2602
2026-06-11 00:35:02.037 130687 DEBUG oslo_service.service [req-8320cf35-a306-42fc-970f-f01aea1e969e - - - - -] max_local_block_devices = 3 log_opt_values /usr/lib/python3/dist-packages/oslo_config/cfg.py:2602
2026-06-11 00:35:02.038 130687 DEBUG oslo_service.service [req-8320cf35-a306-42fc-970f-f01aea1e969e - - - - -] max_logfile_count = 30 log_opt_values /usr/lib/python3/dist-packages/oslo_config/cfg.py:2602
2026-06-11 00:35:02.038 130687 DEBUG oslo_service.service [req-8320cf35-a306-42fc-970f-f01aea1e969e - - - - -] max_logfile_size_mb = 200 log_opt_values /usr/lib/python3/dist-packages/oslo_config/cfg.py:2602
2026-06-11 00:35:02.038 130687 DEBUG oslo_service.service [req-8320cf35-a306-42fc-970f-f01aea1e969e - - - - -] maximum_instance_delete_attempts = 5 log_opt_values /usr/lib/python3/dist-packages/oslo_config/cfg.py:2602
2026-06-11 00:35:02.038 130687 DEBUG oslo_service.service [req-8320cf35-a306-42fc-970f-f01aea1e969e - - - - -] metadata_listen = 0.0.0.0 log_opt_values /usr/lib/python3/dist-packages/oslo_config/cfg.py:2602
2026-06-11 00:35:02.039 130687 DEBUG oslo_service.service [req-8320cf35-a306-42fc-970f-f01aea1e969e - - - - -] metadata_listen_port = 8765 log_opt_values /usr/lib/python3/dist-packages/oslo_config/cfg.py:2602
2026-06-11 00:35:02.039 130687 DEBUG oslo_service.service [req-8320cf35-a306-42fc-970f-f01aea1e969e - - - - -] metadata_workers = None log_opt_values /usr/lib/python3/dist-packages/oslo_config/cfg.py:2602
2026-06-11 00:35:02.039 130687 DEBUG oslo_service.service [req-8320cf35-a306-42fc-970f-f01aea1e969e - - - - -] migrate_max_retries = -1 log_opt_values /usr/lib/python3/dist-packages/oslo_config/cfg.py:2602
2026-06-11 00:35:02.041 131562 DEBUG oslo_db.sqlalchemy.engines [req-2790aeb3-46aa-4574-8901-a173eb5f2f7e - - - - -] MySQL server mode set to STRICT_TRANS_TABLES,STRICT_ALL_TABLES,NO_ZERO_IN_DATE,NO_ZERO_DATE,ERROR_FOR_DIVISION_BY_ZERO,TRADITIONAL,NO_ENGINE_SUBSTITUTION _check_effective_sql_mode /usr/lib/python3/dist-packages/oslo_db/sqlalchemy/engines.py:314
2026-06-11 00:35:02.041 130687 DEBUG oslo_service.service [req-8320cf35-a306-42fc-970f-f01aea1e969e - - - - -] mkisofs_cmd = genisoimage log_opt_values /usr/lib/python3/dist-packages/oslo_config/cfg.py:2602
2026-06-11 00:35:02.042 130687 DEBUG oslo_service.service [req-8320cf35-a306-42fc-970f-f01aea1e969e - - - - -] my_block_storage_ip = 252.129.58.83 log_opt_values /usr/lib/python3/dist-packages/oslo_config/cfg.py:2602
2026-06-11 00:35:02.043 130687 DEBUG oslo_service.service [req-8320cf35-a306-42fc-970f-f01aea1e969e - - - - -] my_ip = 252.129.58.83 log_opt_values /usr/lib/python3/dist-packages/oslo_config/cfg.py:2602
2026-06-11 00:35:02.046 131568 DEBUG nova.service [req-dfb20e62-e8a9-47ba-aa15-29da37a48013 - - - - -] Creating RPC server for service conductor start /usr/lib/python3/dist-packages/nova/service.py:182
2026-06-11 00:35:02.043 130687 DEBUG oslo_service.service [req-8320cf35-a306-42fc-970f-f01aea1e969e - - - - -] network_allocate_retries = 0 log_opt_values /usr/lib/python3/dist-packages/oslo_config/cfg.py:2602
2026-06-11 00:35:02.049 130687 DEBUG oslo_service.service [req-8320cf35-a306-42fc-970f-f01aea1e969e - - - - -] non_inheritable_image_properties = ['cache_in_nova', 'bittorrent'] log_opt_values /usr/lib/python3/dist-packages/oslo_config/cfg.py:2602
2026-06-11 00:35:02.050 130687 DEBUG oslo_service.service [req-8320cf35-a306-42fc-970f-f01aea1e969e - - - - -] osapi_compute_listen = 0.0.0.0 log_opt_values /usr/lib/python3/dist-packages/oslo_config/cfg.py:2602
2026-06-11 00:35:02.055 130687 DEBUG oslo_service.service [req-8320cf35-a306-42fc-970f-f01aea1e969e - - - - -] osapi_compute_listen_port = 8764 log_opt_values /usr/lib/python3/dist-packages/oslo_config/cfg.py:2602
2026-06-11 00:35:02.055 130687 DEBUG oslo_service.service [req-8320cf35-a306-42fc-970f-f01aea1e969e - - - - -] osapi_compute_unique_server_name_scope = log_opt_values /usr/lib/python3/dist-packages/oslo_config/cfg.py:2602
2026-06-11 00:35:02.056 130687 DEBUG oslo_service.service [req-8320cf35-a306-42fc-970f-f01aea1e969e - - - - -] osapi_compute_workers = 4 log_opt_values /usr/lib/python3/dist-packages/oslo_config/cfg.py:2602
2026-06-11 00:35:02.056 130687 DEBUG oslo_service.service [req-8320cf35-a306-42fc-970f-f01aea1e969e - - - - -] password_length = 12 log_opt_values /usr/lib/python3/dist-packages/oslo_config/cfg.py:2602
2026-06-11 00:35:02.056 130687 DEBUG oslo_service.service [req-8320cf35-a306-42fc-970f-f01aea1e969e - - - - -] periodic_enable = True log_opt_values /usr/lib/python3/dist-packages/oslo_config/cfg.py:2602
2026-06-11 00:35:02.056 130687 DEBUG oslo_service.service [req-8320cf35-a306-42fc-970f-f01aea1e969e - - - - -] periodic_fuzzy_delay = 60 log_opt_values /usr/lib/python3/dist-packages/oslo_config/cfg.py:2602
2026-06-11 00:35:02.057 130687 DEBUG oslo_service.service [req-8320cf35-a306-42fc-970f-f01aea1e969e - - - - -] pointer_model = usbtablet log_opt_values /usr/lib/python3/dist-packages/oslo_config/cfg.py:2602
2026-06-11 00:35:02.057 130687 DEBUG oslo_service.service [req-8320cf35-a306-42fc-970f-f01aea1e969e - - - - -] preallocate_images = none log_opt_values /usr/lib/python3/dist-packages/oslo_config/cfg.py:2602
2026-06-11 00:35:02.058 130687 DEBUG oslo_service.service [req-8320cf35-a306-42fc-970f-f01aea1e969e - - - - -] publish_errors = False log_opt_values /usr/lib/python3/dist-packages/oslo_config/cfg.py:2602
2026-06-11 00:35:02.058 130687 DEBUG oslo_service.service [req-8320cf35-a306-42fc-970f-f01aea1e969e - - - - -] pybasedir = /usr/lib/python3/dist-packages log_opt_values /usr/lib/python3/dist-packages/oslo_config/cfg.py:2602
2026-06-11 00:35:02.058 130687 DEBUG oslo_service.service [req-8320cf35-a306-42fc-970f-f01aea1e969e - - - - -] ram_allocation_ratio = 0.98 log_opt_values /usr/lib/python3/dist-packages/oslo_config/cfg.py:2602
2026-06-11 00:35:02.058 130687 DEBUG oslo_service.service [req-8320cf35-a306-42fc-970f-f01aea1e969e - - - - -] rate_limit_burst = 0 log_opt_values /usr/lib/python3/dist-packages/oslo_config/cfg.py:2602
2026-06-11 00:35:02.059 130687 DEBUG oslo_service.service [req-8320cf35-a306-42fc-970f-f01aea1e969e - - - - -] rate_limit_except_level = CRITICAL log_opt_values /usr/lib/python3/dist-packages/oslo_config/cfg.py:2602
2026-06-11 00:35:02.059 130687 DEBUG oslo_service.service [req-8320cf35-a306-42fc-970f-f01aea1e969e - - - - -] rate_limit_interval = 0 log_opt_values /usr/lib/python3/dist-packages/oslo_config/cfg.py:2602
2026-06-11 00:35:02.059 130687 DEBUG oslo_service.service [req-8320cf35-a306-42fc-970f-f01aea1e969e - - - - -] reboot_timeout = 0 log_opt_values /usr/lib/python3/dist-packages/oslo_config/cfg.py:2602
2026-06-11 00:35:02.060 130687 DEBUG oslo_service.service [req-8320cf35-a306-42fc-970f-f01aea1e969e - - - - -] reclaim_instance_interval = 0 log_opt_values /usr/lib/python3/dist-packages/oslo_config/cfg.py:2602
2026-06-11 00:35:02.060 130687 DEBUG oslo_service.service [req-8320cf35-a306-42fc-970f-f01aea1e969e - - - - -] record = None log_opt_values /usr/lib/python3/dist-packages/oslo_config/cfg.py:2602
2026-06-11 00:35:02.060 130687 DEBUG oslo_service.service [req-8320cf35-a306-42fc-970f-f01aea1e969e - - - - -] report_interval = 10 log_opt_values /usr/lib/python3/dist-packages/oslo_config/cfg.py:2602
2026-06-11 00:35:02.061 130687 DEBUG oslo_service.service [req-8320cf35-a306-42fc-970f-f01aea1e969e - - - - -] rescue_timeout = 0 log_opt_values /usr/lib/python3/dist-packages/oslo_config/cfg.py:2602
2026-06-11 00:35:02.061 130687 DEBUG oslo_service.service [req-8320cf35-a306-42fc-970f-f01aea1e969e - - - - -] reserved_host_cpus = 0 log_opt_values /usr/lib/python3/dist-packages/oslo_config/cfg.py:2602
2026-06-11 00:35:02.061 130687 DEBUG oslo_service.service [req-8320cf35-a306-42fc-970f-f01aea1e969e - - - - -] reserved_host_disk_mb = 0 log_opt_values /usr/lib/python3/dist-packages/oslo_config/cfg.py:2602
2026-06-11 00:35:02.063 130687 DEBUG oslo_service.service [req-8320cf35-a306-42fc-970f-f01aea1e969e - - - - -] reserved_host_memory_mb = 512 log_opt_values /usr/lib/python3/dist-packages/oslo_config/cfg.py:2602
2026-06-11 00:35:02.064 130687 DEBUG oslo_service.service [req-8320cf35-a306-42fc-970f-f01aea1e969e - - - - -] reserved_huge_pages = None log_opt_values /usr/lib/python3/dist-packages/oslo_config/cfg.py:2602
2026-06-11 00:35:02.064 130687 DEBUG oslo_service.service [req-8320cf35-a306-42fc-970f-f01aea1e969e - - - - -] resize_confirm_window = 0 log_opt_values /usr/lib/python3/dist-packages/oslo_config/cfg.py:2602
2026-06-11 00:35:02.064 130687 DEBUG oslo_service.service [req-8320cf35-a306-42fc-970f-f01aea1e969e - - - - -] resize_fs_using_block_device = False log_opt_values /usr/lib/python3/dist-packages/oslo_config/cfg.py:2602
2026-06-11 00:35:02.064 130687 DEBUG oslo_service.service [req-8320cf35-a306-42fc-970f-f01aea1e969e - - - - -] resume_guests_state_on_host_boot = False log_opt_values /usr/lib/python3/dist-packages/oslo_config/cfg.py:2602
2026-06-11 00:35:02.064 131559 DEBUG oslo_messaging._drivers.amqpdriver [-] Listener is running poll /usr/lib/python3/dist-packages/oslo_messaging/_drivers/amqpdriver.py:343
2026-06-11 00:35:02.065 131559 DEBUG oslo_messaging._drivers.amqpdriver [-] AMQPListener connection consume poll /usr/lib/python3/dist-packages/oslo_messaging/_drivers/amqpdriver.py:357
2026-06-11 00:35:02.065 130687 DEBUG oslo_service.service [req-8320cf35-a306-42fc-970f-f01aea1e969e - - - - -] rootwrap_config = /etc/nova/rootwrap.conf log_opt_values /usr/lib/python3/dist-packages/oslo_config/cfg.py:2602
2026-06-11 00:35:02.065 130687 DEBUG oslo_service.service [req-8320cf35-a306-42fc-970f-f01aea1e969e - - - - -] rpc_response_timeout = 60 log_opt_values /usr/lib/python3/dist-packages/oslo_config/cfg.py:2602
2026-06-11 00:35:02.065 130687 DEBUG oslo_service.service [req-8320cf35-a306-42fc-970f-f01aea1e969e - - - - -] run_external_periodic_tasks = True log_opt_values /usr/lib/python3/dist-packages/oslo_config/cfg.py:2602
2026-06-11 00:35:02.065 130687 DEBUG oslo_service.service [req-8320cf35-a306-42fc-970f-f01aea1e969e - - - - -] running_deleted_instance_action = reap log_opt_values /usr/lib/python3/dist-packages/oslo_config/cfg.py:2602
2026-06-11 00:35:02.066 130687 DEBUG oslo_service.service [req-8320cf35-a306-42fc-970f-f01aea1e969e - - - - -] running_deleted_instance_poll_interval = 1800 log_opt_values /usr/lib/python3/dist-packages/oslo_config/cfg.py:2602
2026-06-11 00:35:02.066 130687 DEBUG oslo_service.service [req-8320cf35-a306-42fc-970f-f01aea1e969e - - - - -] running_deleted_instance_timeout = 0 log_opt_values /usr/lib/python3/dist-packages/oslo_config/cfg.py:2602
2026-06-11 00:35:02.066 130687 DEBUG oslo_service.service [req-8320cf35-a306-42fc-970f-f01aea1e969e - - - - -] scheduler_instance_sync_interval = 120 log_opt_values /usr/lib/python3/dist-packages/oslo_config/cfg.py:2602
2026-06-11 00:35:02.066 130687 DEBUG oslo_service.service [req-8320cf35-a306-42fc-970f-f01aea1e969e - - - - -] service_down_time = 60 log_opt_values /usr/lib/python3/dist-packages/oslo_config/cfg.py:2602
2026-06-11 00:35:02.067 130687 DEBUG oslo_service.service [req-8320cf35-a306-42fc-970f-f01aea1e969e - - - - -] servicegroup_driver = db log_opt_values /usr/lib/python3/dist-packages/oslo_config/cfg.py:2602
2026-06-11 00:35:02.067 130687 DEBUG oslo_service.service [req-8320cf35-a306-42fc-970f-f01aea1e969e - - - - -] shelved_offload_time = 0 log_opt_values /usr/lib/python3/dist-packages/oslo_config/cfg.py:2602
2026-06-11 00:35:02.067 130687 DEBUG oslo_service.service [req-8320cf35-a306-42fc-970f-f01aea1e969e - - - - -] shelved_poll_interval = 3600 log_opt_values /usr/lib/python3/dist-packages/oslo_config/cfg.py:2602
2026-06-11 00:35:02.067 130687 DEBUG oslo_service.service [req-8320cf35-a306-42fc-970f-f01aea1e969e - - - - -] shutdown_timeout = 60 log_opt_values /usr/lib/python3/dist-packages/oslo_config/cfg.py:2602
2026-06-11 00:35:02.067 130687 DEBUG oslo_service.service [req-8320cf35-a306-42fc-970f-f01aea1e969e - - - - -] source_is_ipv6 = False log_opt_values /usr/lib/python3/dist-packages/oslo_config/cfg.py:2602
2026-06-11 00:35:02.068 130687 DEBUG oslo_service.service [req-8320cf35-a306-42fc-970f-f01aea1e969e - - - - -] ssl_only = False log_opt_values /usr/lib/python3/dist-packages/oslo_config/cfg.py:2602
2026-06-11 00:35:02.068 130687 DEBUG oslo_service.service [req-8320cf35-a306-42fc-970f-f01aea1e969e - - - - -] state_path = /var/lib/nova log_opt_values /usr/lib/python3/dist-packages/oslo_config/cfg.py:2602
2026-06-11 00:35:02.068 130687 DEBUG oslo_service.service [req-8320cf35-a306-42fc-970f-f01aea1e969e - - - - -] sync_power_state_interval = 600 log_opt_values /usr/lib/python3/dist-packages/oslo_config/cfg.py:2602
2026-06-11 00:35:02.068 131559 DEBUG nova.service [req-a8eb4b89-b34a-411a-9778-0d79de457d58 - - - - -] Join ServiceGroup membership for this service conductor start /usr/lib/python3/dist-packages/nova/service.py:199
2026-06-11 00:35:02.069 130687 DEBUG oslo_service.service [req-8320cf35-a306-42fc-970f-f01aea1e969e - - - - -] sync_power_state_pool_size = 1000 log_opt_values /usr/lib/python3/dist-packages/oslo_config/cfg.py:2602
2026-06-11 00:35:02.069 130687 DEBUG oslo_service.service [req-8320cf35-a306-42fc-970f-f01aea1e969e - - - - -] syslog_log_facility = LOG_USER log_opt_values /usr/lib/python3/dist-packages/oslo_config/cfg.py:2602
2026-06-11 00:35:02.069 131559 DEBUG nova.servicegroup.drivers.db [req-a8eb4b89-b34a-411a-9778-0d79de457d58 - - - - -] DB_Driver: join new ServiceGroup member juju-12a9f7-0-lxd-7 to the conductor group, service = join /usr/lib/python3/dist-packages/nova/servicegroup/drivers/db.py:44
2026-06-11 00:35:02.069 130687 DEBUG oslo_service.service [req-8320cf35-a306-42fc-970f-f01aea1e969e - - - - -] tempdir = None log_opt_values /usr/lib/python3/dist-packages/oslo_config/cfg.py:2602
2026-06-11 00:35:02.069 130687 DEBUG oslo_service.service [req-8320cf35-a306-42fc-970f-f01aea1e969e - - - - -] timeout_nbd = 10 log_opt_values /usr/lib/python3/dist-packages/oslo_config/cfg.py:2602
2026-06-11 00:35:02.070 130687 DEBUG oslo_service.service [req-8320cf35-a306-42fc-970f-f01aea1e969e - - - - -] transport_url = **** log_opt_values /usr/lib/python3/dist-packages/oslo_config/cfg.py:2602
2026-06-11 00:35:02.070 130687 DEBUG oslo_service.service [req-8320cf35-a306-42fc-970f-f01aea1e969e - - - - -] update_resources_interval = 0 log_opt_values /usr/lib/python3/dist-packages/oslo_config/cfg.py:2602
2026-06-11 00:35:02.070 130687 DEBUG oslo_service.service [req-8320cf35-a306-42fc-970f-f01aea1e969e - - - - -] use_cow_images = True log_opt_values /usr/lib/python3/dist-packages/oslo_config/cfg.py:2602
2026-06-11 00:35:02.070 130687 DEBUG oslo_service.service [req-8320cf35-a306-42fc-970f-f01aea1e969e - - - - -] use_eventlog = False log_opt_values /usr/lib/python3/dist-packages/oslo_config/cfg.py:2602
2026-06-11 00:35:02.071 130687 DEBUG oslo_service.service [req-8320cf35-a306-42fc-970f-f01aea1e969e - - - - -] use_journal = False log_opt_values /usr/lib/python3/dist-packages/oslo_config/cfg.py:2602
2026-06-11 00:35:02.071 130687 DEBUG oslo_service.service [req-8320cf35-a306-42fc-970f-f01aea1e969e - - - - -] use_json = False log_opt_values /usr/lib/python3/dist-packages/oslo_config/cfg.py:2602
2026-06-11 00:35:02.071 130687 DEBUG oslo_service.service [req-8320cf35-a306-42fc-970f-f01aea1e969e - - - - -] use_rootwrap_daemon = False log_opt_values /usr/lib/python3/dist-packages/oslo_config/cfg.py:2602
2026-06-11 00:35:02.071 130687 DEBUG oslo_service.service [req-8320cf35-a306-42fc-970f-f01aea1e969e - - - - -] use_stderr = False log_opt_values /usr/lib/python3/dist-packages/oslo_config/cfg.py:2602
2026-06-11 00:35:02.072 130687 DEBUG oslo_service.service [req-8320cf35-a306-42fc-970f-f01aea1e969e - - - - -] use_syslog = False log_opt_values /usr/lib/python3/dist-packages/oslo_config/cfg.py:2602
2026-06-11 00:35:02.072 130687 DEBUG oslo_service.service [req-8320cf35-a306-42fc-970f-f01aea1e969e - - - - -] vcpu_pin_set = None log_opt_values /usr/lib/python3/dist-packages/oslo_config/cfg.py:2602
2026-06-11 00:35:02.072 131559 DEBUG oslo_messaging._drivers.amqpdriver [-] AMQPListener connection timeout poll /usr/lib/python3/dist-packages/oslo_messaging/_drivers/amqpdriver.py:360
2026-06-11 00:35:02.072 130687 DEBUG oslo_service.service [req-8320cf35-a306-42fc-970f-f01aea1e969e - - - - -] vif_plugging_is_fatal = True log_opt_values /usr/lib/python3/dist-packages/oslo_config/cfg.py:2602
2026-06-11 00:35:02.072 131559 DEBUG oslo_messaging._drivers.amqpdriver [-] Listener is running poll /usr/lib/python3/dist-packages/oslo_messaging/_drivers/amqpdriver.py:343
2026-06-11 00:35:02.072 130687 DEBUG oslo_service.service [req-8320cf35-a306-42fc-970f-f01aea1e969e - - - - -] vif_plugging_timeout = 300 log_opt_values /usr/lib/python3/dist-packages/oslo_config/cfg.py:2602
2026-06-11 00:35:02.072 131559 DEBUG oslo_messaging._drivers.amqpdriver [-] AMQPListener connection consume poll /usr/lib/python3/dist-packages/oslo_messaging/_drivers/amqpdriver.py:357
2026-06-11 00:35:02.072 130687 DEBUG oslo_service.service [req-8320cf35-a306-42fc-970f-f01aea1e969e - - - - -] virt_mkfs = [] log_opt_values /usr/lib/python3/dist-packages/oslo_config/cfg.py:2602
2026-06-11 00:35:02.073 130687 DEBUG oslo_service.service [req-8320cf35-a306-42fc-970f-f01aea1e969e - - - - -] volume_usage_poll_interval = 0 log_opt_values /usr/lib/python3/dist-packages/oslo_config/cfg.py:2602
2026-06-11 00:35:02.073 130687 DEBUG oslo_service.service [req-8320cf35-a306-42fc-970f-f01aea1e969e - - - - -] watch_log_file = False log_opt_values /usr/lib/python3/dist-packages/oslo_config/cfg.py:2602
2026-06-11 00:35:02.073 130687 DEBUG oslo_service.service [req-8320cf35-a306-42fc-970f-f01aea1e969e - - - - -] web = /usr/share/spice-html5 log_opt_values /usr/lib/python3/dist-packages/oslo_config/cfg.py:2602
2026-06-11 00:35:02.073 130687 DEBUG oslo_service.service [req-8320cf35-a306-42fc-970f-f01aea1e969e - - - - -] oslo_concurrency.disable_process_locking = False log_opt_values /usr/lib/python3/dist-packages/oslo_config/cfg.py:2609
2026-06-11 00:35:02.074 130687 DEBUG oslo_service.service [req-8320cf35-a306-42fc-970f-f01aea1e969e - - - - -] oslo_concurrency.lock_path = /var/lock/nova log_opt_values /usr/lib/python3/dist-packages/oslo_config/cfg.py:2609
2026-06-11 00:35:02.072 131562 DEBUG nova.service [req-2790aeb3-46aa-4574-8901-a173eb5f2f7e - - - - -] Creating RPC server for service conductor start /usr/lib/python3/dist-packages/nova/service.py:182
