2026-06-11 01:44:15.190 72036 DEBUG oslo_service.service [-] clients_designate.cert_file = None log_opt_values /usr/lib/python3/dist-packages/oslo_config/cfg.py:2609
2026-06-11 01:44:15.190 72036 DEBUG oslo_service.service [-] clients_designate.endpoint_type = None log_opt_values /usr/lib/python3/dist-packages/oslo_config/cfg.py:2609
2026-06-11 01:44:15.190 72036 DEBUG oslo_service.service [-] clients_designate.insecure = None log_opt_values /usr/lib/python3/dist-packages/oslo_config/cfg.py:2609
2026-06-11 01:44:15.190 72036 DEBUG oslo_service.service [-] clients_designate.key_file = None log_opt_values /usr/lib/python3/dist-packages/oslo_config/cfg.py:2609
2026-06-11 01:44:15.190 72036 DEBUG oslo_service.service [-] clients_glance.ca_file = None log_opt_values /usr/lib/python3/dist-packages/oslo_config/cfg.py:2609
2026-06-11 01:44:15.191 72036 DEBUG oslo_service.service [-] clients_glance.cert_file = None log_opt_values /usr/lib/python3/dist-packages/oslo_config/cfg.py:2609
2026-06-11 01:44:15.191 72036 DEBUG oslo_service.service [-] clients_glance.endpoint_type = None log_opt_values /usr/lib/python3/dist-packages/oslo_config/cfg.py:2609
2026-06-11 01:44:15.191 72036 DEBUG oslo_service.service [-] clients_glance.insecure = None log_opt_values /usr/lib/python3/dist-packages/oslo_config/cfg.py:2609
2026-06-11 01:44:15.191 72036 DEBUG oslo_service.service [-] clients_glance.key_file = None log_opt_values /usr/lib/python3/dist-packages/oslo_config/cfg.py:2609
2026-06-11 01:44:15.191 72036 DEBUG oslo_service.service [-] clients_heat.ca_file = None log_opt_values /usr/lib/python3/dist-packages/oslo_config/cfg.py:2609
2026-06-11 01:44:15.192 72036 DEBUG oslo_service.service [-] clients_heat.cert_file = None log_opt_values /usr/lib/python3/dist-packages/oslo_config/cfg.py:2609
2026-06-11 01:44:15.193 72036 DEBUG oslo_service.service [-] clients_heat.endpoint_type = None log_opt_values /usr/lib/python3/dist-packages/oslo_config/cfg.py:2609
2026-06-11 01:44:15.193 72036 DEBUG oslo_service.service [-] clients_heat.insecure = None log_opt_values /usr/lib/python3/dist-packages/oslo_config/cfg.py:2609
2026-06-11 01:44:15.193 72036 DEBUG oslo_service.service [-] clients_heat.key_file = None log_opt_values /usr/lib/python3/dist-packages/oslo_config/cfg.py:2609
2026-06-11 01:44:15.193 72036 DEBUG oslo_service.service [-] clients_heat.url = log_opt_values /usr/lib/python3/dist-packages/oslo_config/cfg.py:2609
2026-06-11 01:44:15.193 72036 DEBUG oslo_service.service [-] clients_keystone.auth_uri = http://252.129.240.105:5050 log_opt_values /usr/lib/python3/dist-packages/oslo_config/cfg.py:2609
2026-06-11 01:44:15.193 72036 DEBUG oslo_service.service [-] clients_keystone.ca_file = None log_opt_values /usr/lib/python3/dist-packages/oslo_config/cfg.py:2609
2026-06-11 01:44:15.193 72036 DEBUG oslo_service.service [-] clients_keystone.cert_file = None log_opt_values /usr/lib/python3/dist-packages/oslo_config/cfg.py:2609
2026-06-11 01:44:15.194 72036 DEBUG oslo_service.service [-] clients_keystone.endpoint_type = None log_opt_values /usr/lib/python3/dist-packages/oslo_config/cfg.py:2609
2026-06-11 01:44:15.194 72036 DEBUG oslo_service.service [-] clients_keystone.insecure = None log_opt_values /usr/lib/python3/dist-packages/oslo_config/cfg.py:2609
2026-06-11 01:44:15.194 72370 INFO heat.engine.worker [-] Starting engine_worker (1.4) in engine 25d98634-5523-4f85-9072-c2642b3a6754.
2026-06-11 01:44:15.194 72036 DEBUG oslo_service.service [-] clients_keystone.key_file = None log_opt_values /usr/lib/python3/dist-packages/oslo_config/cfg.py:2609
2026-06-11 01:44:15.194 72036 DEBUG oslo_service.service [-] clients_magnum.ca_file = None log_opt_values /usr/lib/python3/dist-packages/oslo_config/cfg.py:2609
2026-06-11 01:44:15.194 72036 DEBUG oslo_service.service [-] clients_magnum.cert_file = None log_opt_values /usr/lib/python3/dist-packages/oslo_config/cfg.py:2609
2026-06-11 01:44:15.195 72036 DEBUG oslo_service.service [-] clients_magnum.endpoint_type = None log_opt_values /usr/lib/python3/dist-packages/oslo_config/cfg.py:2609
2026-06-11 01:44:15.195 72036 DEBUG oslo_service.service [-] clients_magnum.insecure = None log_opt_values /usr/lib/python3/dist-packages/oslo_config/cfg.py:2609
2026-06-11 01:44:15.195 72036 DEBUG oslo_service.service [-] clients_magnum.key_file = None log_opt_values /usr/lib/python3/dist-packages/oslo_config/cfg.py:2609
2026-06-11 01:44:15.196 72036 DEBUG oslo_service.service [-] clients_manila.ca_file = None log_opt_values /usr/lib/python3/dist-packages/oslo_config/cfg.py:2609
2026-06-11 01:44:15.197 72036 DEBUG oslo_service.service [-] clients_manila.cert_file = None log_opt_values /usr/lib/python3/dist-packages/oslo_config/cfg.py:2609
2026-06-11 01:44:15.197 72036 DEBUG oslo_service.service [-] clients_manila.endpoint_type = None log_opt_values /usr/lib/python3/dist-packages/oslo_config/cfg.py:2609
2026-06-11 01:44:15.197 72036 DEBUG oslo_service.service [-] clients_manila.insecure = None log_opt_values /usr/lib/python3/dist-packages/oslo_config/cfg.py:2609
2026-06-11 01:44:15.197 72036 DEBUG oslo_service.service [-] clients_manila.key_file = None log_opt_values /usr/lib/python3/dist-packages/oslo_config/cfg.py:2609
2026-06-11 01:44:15.202 72036 DEBUG oslo_service.service [-] clients_mistral.ca_file = None log_opt_values /usr/lib/python3/dist-packages/oslo_config/cfg.py:2609
2026-06-11 01:44:15.202 72036 DEBUG oslo_service.service [-] clients_mistral.cert_file = None log_opt_values /usr/lib/python3/dist-packages/oslo_config/cfg.py:2609
2026-06-11 01:44:15.202 72036 DEBUG oslo_service.service [-] clients_mistral.endpoint_type = None log_opt_values /usr/lib/python3/dist-packages/oslo_config/cfg.py:2609
2026-06-11 01:44:15.202 72036 DEBUG oslo_service.service [-] clients_mistral.insecure = None log_opt_values /usr/lib/python3/dist-packages/oslo_config/cfg.py:2609
2026-06-11 01:44:15.202 72036 DEBUG oslo_service.service [-] clients_mistral.key_file = None log_opt_values /usr/lib/python3/dist-packages/oslo_config/cfg.py:2609
2026-06-11 01:44:15.202 72036 DEBUG oslo_service.service [-] clients_monasca.ca_file = None log_opt_values /usr/lib/python3/dist-packages/oslo_config/cfg.py:2609
2026-06-11 01:44:15.202 72036 DEBUG oslo_service.service [-] clients_monasca.cert_file = None log_opt_values /usr/lib/python3/dist-packages/oslo_config/cfg.py:2609
2026-06-11 01:44:15.203 72036 DEBUG oslo_service.service [-] clients_monasca.endpoint_type = None log_opt_values /usr/lib/python3/dist-packages/oslo_config/cfg.py:2609
2026-06-11 01:44:15.203 72036 DEBUG oslo_service.service [-] clients_monasca.insecure = None log_opt_values /usr/lib/python3/dist-packages/oslo_config/cfg.py:2609
2026-06-11 01:44:15.203 72036 DEBUG oslo_service.service [-] clients_monasca.key_file = None log_opt_values /usr/lib/python3/dist-packages/oslo_config/cfg.py:2609
2026-06-11 01:44:15.203 72036 DEBUG oslo_service.service [-] clients_neutron.ca_file = None log_opt_values /usr/lib/python3/dist-packages/oslo_config/cfg.py:2609
2026-06-11 01:44:15.203 72036 DEBUG oslo_service.service [-] clients_neutron.cert_file = None log_opt_values /usr/lib/python3/dist-packages/oslo_config/cfg.py:2609
2026-06-11 01:44:15.203 72036 DEBUG oslo_service.service [-] clients_neutron.endpoint_type = None log_opt_values /usr/lib/python3/dist-packages/oslo_config/cfg.py:2609
2026-06-11 01:44:15.203 72036 DEBUG oslo_service.service [-] clients_neutron.insecure = None log_opt_values /usr/lib/python3/dist-packages/oslo_config/cfg.py:2609
2026-06-11 01:44:15.203 72036 DEBUG oslo_service.service [-] clients_neutron.key_file = None log_opt_values /usr/lib/python3/dist-packages/oslo_config/cfg.py:2609
2026-06-11 01:44:15.204 72036 DEBUG oslo_service.service [-] clients_nova.ca_file = None log_opt_values /usr/lib/python3/dist-packages/oslo_config/cfg.py:2609
2026-06-11 01:44:15.204 72036 DEBUG oslo_service.service [-] clients_nova.cert_file = None log_opt_values /usr/lib/python3/dist-packages/oslo_config/cfg.py:2609
2026-06-11 01:44:15.204 72036 DEBUG oslo_service.service [-] clients_nova.endpoint_type = None log_opt_values /usr/lib/python3/dist-packages/oslo_config/cfg.py:2609
2026-06-11 01:44:15.204 72036 DEBUG oslo_service.service [-] clients_nova.http_log_debug = False log_opt_values /usr/lib/python3/dist-packages/oslo_config/cfg.py:2609
2026-06-11 01:44:15.204 72036 DEBUG oslo_service.service [-] clients_nova.insecure = None log_opt_values /usr/lib/python3/dist-packages/oslo_config/cfg.py:2609
2026-06-11 01:44:15.204 72036 DEBUG oslo_service.service [-] clients_nova.key_file = None log_opt_values /usr/lib/python3/dist-packages/oslo_config/cfg.py:2609
2026-06-11 01:44:15.204 72036 DEBUG oslo_service.service [-] clients_octavia.ca_file = None log_opt_values /usr/lib/python3/dist-packages/oslo_config/cfg.py:2609
2026-06-11 01:44:15.204 72036 DEBUG oslo_service.service [-] clients_octavia.cert_file = None log_opt_values /usr/lib/python3/dist-packages/oslo_config/cfg.py:2609
2026-06-11 01:44:15.204 72036 DEBUG oslo_service.service [-] clients_octavia.endpoint_type = None log_opt_values /usr/lib/python3/dist-packages/oslo_config/cfg.py:2609
2026-06-11 01:44:15.204 72036 DEBUG oslo_service.service [-] clients_octavia.insecure = None log_opt_values /usr/lib/python3/dist-packages/oslo_config/cfg.py:2609
2026-06-11 01:44:15.205 72036 DEBUG oslo_service.service [-] clients_octavia.key_file = None log_opt_values /usr/lib/python3/dist-packages/oslo_config/cfg.py:2609
2026-06-11 01:44:15.205 72036 DEBUG oslo_service.service [-] clients_sahara.ca_file = None log_opt_values /usr/lib/python3/dist-packages/oslo_config/cfg.py:2609
2026-06-11 01:44:15.205 72036 DEBUG oslo_service.service [-] clients_sahara.cert_file = None log_opt_values /usr/lib/python3/dist-packages/oslo_config/cfg.py:2609
2026-06-11 01:44:15.205 72036 DEBUG oslo_service.service [-] clients_sahara.endpoint_type = None log_opt_values /usr/lib/python3/dist-packages/oslo_config/cfg.py:2609
2026-06-11 01:44:15.207 72036 DEBUG oslo_service.service [-] clients_sahara.insecure = None log_opt_values /usr/lib/python3/dist-packages/oslo_config/cfg.py:2609
2026-06-11 01:44:15.207 72036 DEBUG oslo_service.service [-] clients_sahara.key_file = None log_opt_values /usr/lib/python3/dist-packages/oslo_config/cfg.py:2609
2026-06-11 01:44:15.209 72036 DEBUG oslo_service.service [-] clients_senlin.ca_file = None log_opt_values /usr/lib/python3/dist-packages/oslo_config/cfg.py:2609
2026-06-11 01:44:15.209 72036 DEBUG oslo_service.service [-] clients_senlin.cert_file = None log_opt_values /usr/lib/python3/dist-packages/oslo_config/cfg.py:2609
2026-06-11 01:44:15.209 72036 DEBUG oslo_service.service [-] clients_senlin.endpoint_type = None log_opt_values /usr/lib/python3/dist-packages/oslo_config/cfg.py:2609
2026-06-11 01:44:15.210 72036 DEBUG oslo_service.service [-] clients_senlin.insecure = None log_opt_values /usr/lib/python3/dist-packages/oslo_config/cfg.py:2609
2026-06-11 01:44:15.210 72036 DEBUG oslo_service.service [-] clients_senlin.key_file = None log_opt_values /usr/lib/python3/dist-packages/oslo_config/cfg.py:2609
2026-06-11 01:44:15.210 72036 DEBUG oslo_service.service [-] clients_swift.ca_file = None log_opt_values /usr/lib/python3/dist-packages/oslo_config/cfg.py:2609
2026-06-11 01:44:15.211 72036 DEBUG oslo_service.service [-] clients_swift.cert_file = None log_opt_values /usr/lib/python3/dist-packages/oslo_config/cfg.py:2609
2026-06-11 01:44:15.211 72036 DEBUG oslo_service.service [-] clients_swift.endpoint_type = None log_opt_values /usr/lib/python3/dist-packages/oslo_config/cfg.py:2609
2026-06-11 01:44:15.211 72036 DEBUG oslo_service.service [-] clients_swift.insecure = None log_opt_values /usr/lib/python3/dist-packages/oslo_config/cfg.py:2609
2026-06-11 01:44:15.211 72036 DEBUG oslo_service.service [-] clients_swift.key_file = None log_opt_values /usr/lib/python3/dist-packages/oslo_config/cfg.py:2609
2026-06-11 01:44:15.214 72036 DEBUG oslo_service.service [-] clients_trove.ca_file = None log_opt_values /usr/lib/python3/dist-packages/oslo_config/cfg.py:2609
2026-06-11 01:44:15.216 72036 DEBUG oslo_service.service [-] clients_trove.cert_file = None log_opt_values /usr/lib/python3/dist-packages/oslo_config/cfg.py:2609
2026-06-11 01:44:15.216 72036 DEBUG oslo_service.service [-] clients_trove.endpoint_type = None log_opt_values /usr/lib/python3/dist-packages/oslo_config/cfg.py:2609
2026-06-11 01:44:15.216 72036 DEBUG oslo_service.service [-] clients_trove.insecure = None log_opt_values /usr/lib/python3/dist-packages/oslo_config/cfg.py:2609
2026-06-11 01:44:15.216 72036 DEBUG oslo_service.service [-] clients_trove.key_file = None log_opt_values /usr/lib/python3/dist-packages/oslo_config/cfg.py:2609
2026-06-11 01:44:15.216 72036 DEBUG oslo_service.service [-] clients_vitrage.ca_file = None log_opt_values /usr/lib/python3/dist-packages/oslo_config/cfg.py:2609
2026-06-11 01:44:15.217 72036 DEBUG oslo_service.service [-] clients_vitrage.cert_file = None log_opt_values /usr/lib/python3/dist-packages/oslo_config/cfg.py:2609
2026-06-11 01:44:15.217 72036 DEBUG oslo_service.service [-] clients_vitrage.endpoint_type = None log_opt_values /usr/lib/python3/dist-packages/oslo_config/cfg.py:2609
2026-06-11 01:44:15.217 72036 DEBUG oslo_service.service [-] clients_vitrage.insecure = None log_opt_values /usr/lib/python3/dist-packages/oslo_config/cfg.py:2609
2026-06-11 01:44:15.217 72036 DEBUG oslo_service.service [-] clients_vitrage.key_file = None log_opt_values /usr/lib/python3/dist-packages/oslo_config/cfg.py:2609
2026-06-11 01:44:15.217 72036 DEBUG oslo_service.service [-] clients_zaqar.ca_file = None log_opt_values /usr/lib/python3/dist-packages/oslo_config/cfg.py:2609
2026-06-11 01:44:15.217 72036 DEBUG oslo_service.service [-] clients_zaqar.cert_file = None log_opt_values /usr/lib/python3/dist-packages/oslo_config/cfg.py:2609
2026-06-11 01:44:15.217 72036 DEBUG oslo_service.service [-] clients_zaqar.endpoint_type = None log_opt_values /usr/lib/python3/dist-packages/oslo_config/cfg.py:2609
2026-06-11 01:44:15.217 72036 DEBUG oslo_service.service [-] clients_zaqar.insecure = None log_opt_values /usr/lib/python3/dist-packages/oslo_config/cfg.py:2609
2026-06-11 01:44:15.217 72036 DEBUG oslo_service.service [-] clients_zaqar.key_file = None log_opt_values /usr/lib/python3/dist-packages/oslo_config/cfg.py:2609
2026-06-11 01:44:15.218 72036 DEBUG oslo_service.service [-] database.backend = sqlalchemy log_opt_values /usr/lib/python3/dist-packages/oslo_config/cfg.py:2609
2026-06-11 01:44:15.218 72036 DEBUG oslo_service.service [-] database.connection = **** log_opt_values /usr/lib/python3/dist-packages/oslo_config/cfg.py:2609
2026-06-11 01:44:15.218 72036 DEBUG oslo_service.service [-] database.connection_debug = 0 log_opt_values /usr/lib/python3/dist-packages/oslo_config/cfg.py:2609
2026-06-11 01:44:15.218 72036 DEBUG oslo_service.service [-] database.connection_parameters = log_opt_values /usr/lib/python3/dist-packages/oslo_config/cfg.py:2609
2026-06-11 01:44:15.219 72036 DEBUG oslo_service.service [-] database.connection_recycle_time = 3600 log_opt_values /usr/lib/python3/dist-packages/oslo_config/cfg.py:2609
2026-06-11 01:44:15.219 72036 DEBUG oslo_service.service [-] database.connection_trace = False log_opt_values /usr/lib/python3/dist-packages/oslo_config/cfg.py:2609
2026-06-11 01:44:15.219 72036 DEBUG oslo_service.service [-] database.db_inc_retry_interval = True log_opt_values /usr/lib/python3/dist-packages/oslo_config/cfg.py:2609
2026-06-11 01:44:15.219 72036 DEBUG oslo_service.service [-] database.db_max_retries = 20 log_opt_values /usr/lib/python3/dist-packages/oslo_config/cfg.py:2609
2026-06-11 01:44:15.219 72036 DEBUG oslo_service.service [-] database.db_max_retry_interval = 10 log_opt_values /usr/lib/python3/dist-packages/oslo_config/cfg.py:2609
2026-06-11 01:44:15.219 72036 DEBUG oslo_service.service [-] database.db_retry_interval = 1 log_opt_values /usr/lib/python3/dist-packages/oslo_config/cfg.py:2609
2026-06-11 01:44:15.219 72036 DEBUG oslo_service.service [-] database.max_overflow = 50 log_opt_values /usr/lib/python3/dist-packages/oslo_config/cfg.py:2609
2026-06-11 01:44:15.220 72036 DEBUG oslo_service.service [-] database.max_pool_size = 5 log_opt_values /usr/lib/python3/dist-packages/oslo_config/cfg.py:2609
2026-06-11 01:44:15.220 72036 DEBUG oslo_service.service [-] database.max_retries = 10 log_opt_values /usr/lib/python3/dist-packages/oslo_config/cfg.py:2609
2026-06-11 01:44:15.220 72036 DEBUG oslo_service.service [-] database.mysql_enable_ndb = False log_opt_values /usr/lib/python3/dist-packages/oslo_config/cfg.py:2609
2026-06-11 01:44:15.220 72036 DEBUG oslo_service.service [-] database.mysql_sql_mode = TRADITIONAL log_opt_values /usr/lib/python3/dist-packages/oslo_config/cfg.py:2609
2026-06-11 01:44:15.220 72036 DEBUG oslo_service.service [-] database.pool_timeout = None log_opt_values /usr/lib/python3/dist-packages/oslo_config/cfg.py:2609
2026-06-11 01:44:15.221 72036 DEBUG oslo_service.service [-] database.retry_interval = 10 log_opt_values /usr/lib/python3/dist-packages/oslo_config/cfg.py:2609
2026-06-11 01:44:15.221 72036 DEBUG oslo_service.service [-] database.slave_connection = **** log_opt_values /usr/lib/python3/dist-packages/oslo_config/cfg.py:2609
2026-06-11 01:44:15.221 72036 DEBUG oslo_service.service [-] database.sqlite_synchronous = True log_opt_values /usr/lib/python3/dist-packages/oslo_config/cfg.py:2609
2026-06-11 01:44:15.221 72036 DEBUG oslo_service.service [-] database.use_db_reconnect = False log_opt_values /usr/lib/python3/dist-packages/oslo_config/cfg.py:2609
2026-06-11 01:44:15.221 72036 DEBUG oslo_service.service [-] oslo_messaging_metrics.metrics_buffer_size = 1000 log_opt_values /usr/lib/python3/dist-packages/oslo_config/cfg.py:2609
2026-06-11 01:44:15.221 72036 DEBUG oslo_service.service [-] oslo_messaging_metrics.metrics_enabled = False log_opt_values /usr/lib/python3/dist-packages/oslo_config/cfg.py:2609
2026-06-11 01:44:15.221 72036 DEBUG oslo_service.service [-] oslo_messaging_metrics.metrics_process_name = log_opt_values /usr/lib/python3/dist-packages/oslo_config/cfg.py:2609
2026-06-11 01:44:15.221 72036 DEBUG oslo_service.service [-] oslo_messaging_metrics.metrics_socket_file = /var/tmp/metrics_collector.sock log_opt_values /usr/lib/python3/dist-packages/oslo_config/cfg.py:2609
2026-06-11 01:44:15.222 72036 DEBUG oslo_service.service [-] oslo_messaging_metrics.metrics_thread_stop_timeout = 10 log_opt_values /usr/lib/python3/dist-packages/oslo_config/cfg.py:2609
2026-06-11 01:44:15.222 72036 DEBUG oslo_service.service [-] oslo_policy.enforce_new_defaults = False log_opt_values /usr/lib/python3/dist-packages/oslo_config/cfg.py:2609
2026-06-11 01:44:15.222 72036 DEBUG oslo_service.service [-] oslo_policy.enforce_scope = False log_opt_values /usr/lib/python3/dist-packages/oslo_config/cfg.py:2609
2026-06-11 01:44:15.223 72036 DEBUG oslo_service.service [-] oslo_policy.policy_default_rule = default log_opt_values /usr/lib/python3/dist-packages/oslo_config/cfg.py:2609
2026-06-11 01:44:15.223 72036 DEBUG oslo_service.service [-] oslo_policy.policy_dirs = ['policy.d'] log_opt_values /usr/lib/python3/dist-packages/oslo_config/cfg.py:2609
2026-06-11 01:44:15.223 72036 DEBUG oslo_service.service [-] oslo_policy.policy_file = policy.yaml log_opt_values /usr/lib/python3/dist-packages/oslo_config/cfg.py:2609
2026-06-11 01:44:15.223 72036 DEBUG oslo_service.service [-] oslo_policy.remote_content_type = application/x-www-form-urlencoded log_opt_values /usr/lib/python3/dist-packages/oslo_config/cfg.py:2609
2026-06-11 01:44:15.224 72036 DEBUG oslo_service.service [-] oslo_policy.remote_ssl_ca_crt_file = None log_opt_values /usr/lib/python3/dist-packages/oslo_config/cfg.py:2609
2026-06-11 01:44:15.225 72036 DEBUG oslo_service.service [-] oslo_policy.remote_ssl_client_crt_file = None log_opt_values /usr/lib/python3/dist-packages/oslo_config/cfg.py:2609
2026-06-11 01:44:15.226 72036 DEBUG oslo_service.service [-] oslo_policy.remote_ssl_client_key_file = None log_opt_values /usr/lib/python3/dist-packages/oslo_config/cfg.py:2609
2026-06-11 01:44:15.226 72036 DEBUG oslo_service.service [-] oslo_policy.remote_ssl_verify_server_crt = False log_opt_values /usr/lib/python3/dist-packages/oslo_config/cfg.py:2609
2026-06-11 01:44:15.226 72036 DEBUG oslo_service.service [-] trustee.auth_section = None log_opt_values /usr/lib/python3/dist-packages/oslo_config/cfg.py:2609
2026-06-11 01:44:15.228 72036 WARNING oslo_config.cfg [-] Deprecated: Option "auth_plugin" from group "trustee" is deprecated. Use option "auth_type" from group "trustee".
2026-06-11 01:44:15.228 72036 DEBUG oslo_service.service [-] trustee.auth_type = password log_opt_values /usr/lib/python3/dist-packages/oslo_config/cfg.py:2609
2026-06-11 01:44:15.229 72036 DEBUG oslo_service.service [-] oslo_versionedobjects.fatal_exception_format_errors = False log_opt_values /usr/lib/python3/dist-packages/oslo_config/cfg.py:2609
2026-06-11 01:44:15.229 72036 DEBUG oslo_service.service [-] oslo_messaging_rabbit.amqp_auto_delete = False log_opt_values /usr/lib/python3/dist-packages/oslo_config/cfg.py:2609
2026-06-11 01:44:15.229 72036 DEBUG oslo_service.service [-] oslo_messaging_rabbit.amqp_durable_queues = False log_opt_values /usr/lib/python3/dist-packages/oslo_config/cfg.py:2609
2026-06-11 01:44:15.229 72036 DEBUG oslo_service.service [-] oslo_messaging_rabbit.conn_pool_min_size = 2 log_opt_values /usr/lib/python3/dist-packages/oslo_config/cfg.py:2609
2026-06-11 01:44:15.229 72036 DEBUG oslo_service.service [-] oslo_messaging_rabbit.conn_pool_ttl = 1200 log_opt_values /usr/lib/python3/dist-packages/oslo_config/cfg.py:2609
2026-06-11 01:44:15.229 72036 DEBUG oslo_service.service [-] oslo_messaging_rabbit.direct_mandatory_flag = True log_opt_values /usr/lib/python3/dist-packages/oslo_config/cfg.py:2609
2026-06-11 01:44:15.229 72036 DEBUG oslo_service.service [-] oslo_messaging_rabbit.enable_cancel_on_failover = False log_opt_values /usr/lib/python3/dist-packages/oslo_config/cfg.py:2609
2026-06-11 01:44:15.230 72036 DEBUG oslo_service.service [-] oslo_messaging_rabbit.heartbeat_in_pthread = False log_opt_values /usr/lib/python3/dist-packages/oslo_config/cfg.py:2609
2026-06-11 01:44:15.230 72036 DEBUG oslo_service.service [-] oslo_messaging_rabbit.heartbeat_rate = 2 log_opt_values /usr/lib/python3/dist-packages/oslo_config/cfg.py:2609
2026-06-11 01:44:15.230 72036 DEBUG oslo_service.service [-] oslo_messaging_rabbit.heartbeat_timeout_threshold = 60 log_opt_values /usr/lib/python3/dist-packages/oslo_config/cfg.py:2609
2026-06-11 01:44:15.230 72036 DEBUG oslo_service.service [-] oslo_messaging_rabbit.kombu_compression = None log_opt_values /usr/lib/python3/dist-packages/oslo_config/cfg.py:2609
2026-06-11 01:44:15.230 72036 DEBUG oslo_service.service [-] oslo_messaging_rabbit.kombu_failover_strategy = round-robin log_opt_values /usr/lib/python3/dist-packages/oslo_config/cfg.py:2609
2026-06-11 01:44:15.230 72036 DEBUG oslo_service.service [-] oslo_messaging_rabbit.kombu_missing_consumer_retry_timeout = 60 log_opt_values /usr/lib/python3/dist-packages/oslo_config/cfg.py:2609
2026-06-11 01:44:15.230 72036 DEBUG oslo_service.service [-] oslo_messaging_rabbit.kombu_reconnect_delay = 1.0 log_opt_values /usr/lib/python3/dist-packages/oslo_config/cfg.py:2609
2026-06-11 01:44:15.231 72036 DEBUG oslo_service.service [-] oslo_messaging_rabbit.rabbit_ha_queues = False log_opt_values /usr/lib/python3/dist-packages/oslo_config/cfg.py:2609
2026-06-11 01:44:15.231 72036 DEBUG oslo_service.service [-] oslo_messaging_rabbit.rabbit_interval_max = 30 log_opt_values /usr/lib/python3/dist-packages/oslo_config/cfg.py:2609
2026-06-11 01:44:15.231 72036 DEBUG oslo_service.service [-] oslo_messaging_rabbit.rabbit_login_method = AMQPLAIN log_opt_values /usr/lib/python3/dist-packages/oslo_config/cfg.py:2609
2026-06-11 01:44:15.231 72036 DEBUG oslo_service.service [-] oslo_messaging_rabbit.rabbit_qos_prefetch_count = 0 log_opt_values /usr/lib/python3/dist-packages/oslo_config/cfg.py:2609
2026-06-11 01:44:15.231 72036 DEBUG oslo_service.service [-] oslo_messaging_rabbit.rabbit_quorum_queue = False log_opt_values /usr/lib/python3/dist-packages/oslo_config/cfg.py:2609
2026-06-11 01:44:15.231 72036 DEBUG oslo_service.service [-] oslo_messaging_rabbit.rabbit_retry_backoff = 2 log_opt_values /usr/lib/python3/dist-packages/oslo_config/cfg.py:2609
2026-06-11 01:44:15.231 72036 DEBUG oslo_service.service [-] oslo_messaging_rabbit.rabbit_retry_interval = 1 log_opt_values /usr/lib/python3/dist-packages/oslo_config/cfg.py:2609
2026-06-11 01:44:15.231 72036 DEBUG oslo_service.service [-] oslo_messaging_rabbit.rabbit_transient_queues_ttl = 1800 log_opt_values /usr/lib/python3/dist-packages/oslo_config/cfg.py:2609
2026-06-11 01:44:15.231 72036 DEBUG oslo_service.service [-] oslo_messaging_rabbit.rpc_conn_pool_size = 30 log_opt_values /usr/lib/python3/dist-packages/oslo_config/cfg.py:2609
2026-06-11 01:44:15.232 72036 DEBUG oslo_service.service [-] oslo_messaging_rabbit.ssl = False log_opt_values /usr/lib/python3/dist-packages/oslo_config/cfg.py:2609
2026-06-11 01:44:15.232 72036 DEBUG oslo_service.service [-] oslo_messaging_rabbit.ssl_ca_file = log_opt_values /usr/lib/python3/dist-packages/oslo_config/cfg.py:2609
2026-06-11 01:44:15.232 72036 DEBUG oslo_service.service [-] oslo_messaging_rabbit.ssl_cert_file = log_opt_values /usr/lib/python3/dist-packages/oslo_config/cfg.py:2609
2026-06-11 01:44:15.232 72036 DEBUG oslo_service.service [-] oslo_messaging_rabbit.ssl_key_file = log_opt_values /usr/lib/python3/dist-packages/oslo_config/cfg.py:2609
2026-06-11 01:44:15.232 72036 DEBUG oslo_service.service [-] oslo_messaging_rabbit.ssl_version = log_opt_values /usr/lib/python3/dist-packages/oslo_config/cfg.py:2609
2026-06-11 01:44:15.232 72036 DEBUG oslo_service.service [-] oslo_messaging_notifications.driver = [] log_opt_values /usr/lib/python3/dist-packages/oslo_config/cfg.py:2609
2026-06-11 01:44:15.232 72036 DEBUG oslo_service.service [-] oslo_messaging_notifications.retry = -1 log_opt_values /usr/lib/python3/dist-packages/oslo_config/cfg.py:2609
2026-06-11 01:44:15.233 72036 DEBUG oslo_service.service [-] oslo_messaging_notifications.topics = ['notifications'] log_opt_values /usr/lib/python3/dist-packages/oslo_config/cfg.py:2609
2026-06-11 01:44:15.233 72036 DEBUG oslo_service.service [-] oslo_messaging_notifications.transport_url = **** log_opt_values /usr/lib/python3/dist-packages/oslo_config/cfg.py:2609
2026-06-11 01:44:15.233 72036 DEBUG oslo_service.service [-] cache.backend = dogpile.cache.null log_opt_values /usr/lib/python3/dist-packages/oslo_config/cfg.py:2609
2026-06-11 01:44:15.233 72036 DEBUG oslo_service.service [-] cache.backend_argument = **** log_opt_values /usr/lib/python3/dist-packages/oslo_config/cfg.py:2609
2026-06-11 01:44:15.234 72036 DEBUG oslo_service.service [-] cache.config_prefix = cache.oslo log_opt_values /usr/lib/python3/dist-packages/oslo_config/cfg.py:2609
2026-06-11 01:44:15.234 72036 DEBUG oslo_service.service [-] cache.debug_cache_backend = False log_opt_values /usr/lib/python3/dist-packages/oslo_config/cfg.py:2609
2026-06-11 01:44:15.234 72036 DEBUG oslo_service.service [-] cache.enabled = False log_opt_values /usr/lib/python3/dist-packages/oslo_config/cfg.py:2609
2026-06-11 01:44:15.235 72036 DEBUG oslo_service.service [-] cache.expiration_time = 600 log_opt_values /usr/lib/python3/dist-packages/oslo_config/cfg.py:2609
2026-06-11 01:44:15.235 72036 DEBUG oslo_service.service [-] cache.memcache_dead_retry = 300 log_opt_values /usr/lib/python3/dist-packages/oslo_config/cfg.py:2609
2026-06-11 01:44:15.235 72036 DEBUG oslo_service.service [-] cache.memcache_pool_connection_get_timeout = 10 log_opt_values /usr/lib/python3/dist-packages/oslo_config/cfg.py:2609
2026-06-11 01:44:15.235 72036 DEBUG oslo_service.service [-] cache.memcache_pool_flush_on_reconnect = False log_opt_values /usr/lib/python3/dist-packages/oslo_config/cfg.py:2609
2026-06-11 01:44:15.235 72036 DEBUG oslo_service.service [-] cache.memcache_pool_maxsize = 10 log_opt_values /usr/lib/python3/dist-packages/oslo_config/cfg.py:2609
2026-06-11 01:44:15.235 72036 DEBUG oslo_service.service [-] cache.memcache_pool_unused_timeout = 60 log_opt_values /usr/lib/python3/dist-packages/oslo_config/cfg.py:2609
2026-06-11 01:44:15.237 72036 DEBUG oslo_service.service [-] cache.memcache_servers = ['localhost:11211'] log_opt_values /usr/lib/python3/dist-packages/oslo_config/cfg.py:2609
2026-06-11 01:44:15.237 72036 DEBUG oslo_service.service [-] cache.memcache_socket_timeout = 1.0 log_opt_values /usr/lib/python3/dist-packages/oslo_config/cfg.py:2609
2026-06-11 01:44:15.238 72036 DEBUG oslo_service.service [-] cache.proxies = [] log_opt_values /usr/lib/python3/dist-packages/oslo_config/cfg.py:2609
2026-06-11 01:44:15.239 72036 DEBUG oslo_service.service [-] cache.tls_allowed_ciphers = None log_opt_values /usr/lib/python3/dist-packages/oslo_config/cfg.py:2609
2026-06-11 01:44:15.239 72036 DEBUG oslo_service.service [-] cache.tls_cafile = None log_opt_values /usr/lib/python3/dist-packages/oslo_config/cfg.py:2609
2026-06-11 01:44:15.239 72036 DEBUG oslo_service.service [-] cache.tls_certfile = None log_opt_values /usr/lib/python3/dist-packages/oslo_config/cfg.py:2609
2026-06-11 01:44:15.240 72036 DEBUG oslo_service.service [-] cache.tls_enabled = False log_opt_values /usr/lib/python3/dist-packages/oslo_config/cfg.py:2609
2026-06-11 01:44:15.240 72036 DEBUG oslo_service.service [-] cache.tls_keyfile = None log_opt_values /usr/lib/python3/dist-packages/oslo_config/cfg.py:2609
2026-06-11 01:44:15.240 72036 DEBUG oslo_service.service [-] constraint_validation_cache.caching = True log_opt_values /usr/lib/python3/dist-packages/oslo_config/cfg.py:2609
2026-06-11 01:44:15.240 72036 DEBUG oslo_service.service [-] constraint_validation_cache.expiration_time = 60 log_opt_values /usr/lib/python3/dist-packages/oslo_config/cfg.py:2609
2026-06-11 01:44:15.240 72036 DEBUG oslo_service.service [-] service_extension_cache.caching = True log_opt_values /usr/lib/python3/dist-packages/oslo_config/cfg.py:2609
2026-06-11 01:44:15.241 72036 DEBUG oslo_service.service [-] service_extension_cache.expiration_time = 3600 log_opt_values /usr/lib/python3/dist-packages/oslo_config/cfg.py:2609
2026-06-11 01:44:15.241 72036 DEBUG oslo_service.service [-] resource_finder_cache.caching = True log_opt_values /usr/lib/python3/dist-packages/oslo_config/cfg.py:2609
2026-06-11 01:44:15.241 72036 DEBUG oslo_service.service [-] resource_finder_cache.expiration_time = 3600 log_opt_values /usr/lib/python3/dist-packages/oslo_config/cfg.py:2609
2026-06-11 01:44:15.241 72036 DEBUG oslo_service.service [-] yaql.limit_iterators = 200 log_opt_values /usr/lib/python3/dist-packages/oslo_config/cfg.py:2609
2026-06-11 01:44:15.241 72036 DEBUG oslo_service.service [-] yaql.memory_quota = 10000 log_opt_values /usr/lib/python3/dist-packages/oslo_config/cfg.py:2609
2026-06-11 01:44:15.241 72036 DEBUG oslo_service.service [-] ******************************************************************************** log_opt_values /usr/lib/python3/dist-packages/oslo_config/cfg.py:2613
2026-06-11 01:44:15.282 72369 DEBUG oslo_db.sqlalchemy.engines [req-3a974c81-1b45-4489-8186-dde2c4bd3976 - - - - -] MySQL server mode set to STRICT_TRANS_TABLES,STRICT_ALL_TABLES,NO_ZERO_IN_DATE,NO_ZERO_DATE,ERROR_FOR_DIVISION_BY_ZERO,TRADITIONAL,NO_ENGINE_SUBSTITUTION _check_effective_sql_mode /usr/lib/python3/dist-packages/oslo_db/sqlalchemy/engines.py:314
2026-06-11 01:44:15.287 72368 DEBUG oslo_db.sqlalchemy.engines [req-c1df0c16-3c85-473c-a162-4415018747d7 - - - - -] MySQL server mode set to STRICT_TRANS_TABLES,STRICT_ALL_TABLES,NO_ZERO_IN_DATE,NO_ZERO_DATE,ERROR_FOR_DIVISION_BY_ZERO,TRADITIONAL,NO_ENGINE_SUBSTITUTION _check_effective_sql_mode /usr/lib/python3/dist-packages/oslo_db/sqlalchemy/engines.py:314
2026-06-11 01:44:15.294 72367 DEBUG oslo_db.sqlalchemy.engines [req-ab1f708a-f8f9-4f6b-97a2-69bb990a2e05 - - - - -] MySQL server mode set to STRICT_TRANS_TABLES,STRICT_ALL_TABLES,NO_ZERO_IN_DATE,NO_ZERO_DATE,ERROR_FOR_DIVISION_BY_ZERO,TRADITIONAL,NO_ENGINE_SUBSTITUTION _check_effective_sql_mode /usr/lib/python3/dist-packages/oslo_db/sqlalchemy/engines.py:314
2026-06-11 01:44:15.296 72370 DEBUG oslo_db.sqlalchemy.engines [req-ba263a73-db27-4808-8ea7-ea4fc8f07667 - - - - -] MySQL server mode set to STRICT_TRANS_TABLES,STRICT_ALL_TABLES,NO_ZERO_IN_DATE,NO_ZERO_DATE,ERROR_FOR_DIVISION_BY_ZERO,TRADITIONAL,NO_ENGINE_SUBSTITUTION _check_effective_sql_mode /usr/lib/python3/dist-packages/oslo_db/sqlalchemy/engines.py:314
2026-06-11 01:44:15.385 72369 DEBUG heat.engine.service [req-945f28b0-80d8-4894-86e5-55c75a42c05a - - - - -] Service da516ede-dbef-4e24-8aaa-e105dfc88c09 is started service_manage_report /usr/lib/python3/dist-packages/heat/engine/service.py:2363
2026-06-11 01:44:15.393 72370 DEBUG heat.engine.service [req-a90ecd0d-5e32-4ce0-bf12-5f0275236b5c - - - - -] Service 0436adda-02f5-454e-b3b4-e4db22bd53fb is started service_manage_report /usr/lib/python3/dist-packages/heat/engine/service.py:2363
2026-06-11 01:44:15.409 72368 DEBUG heat.engine.service [req-11760528-bc08-4577-a905-75f29dc4fa37 - - - - -] Service e1d6f543-dcb5-423d-98a9-da78e3bbc40d is started service_manage_report /usr/lib/python3/dist-packages/heat/engine/service.py:2363
2026-06-11 01:44:15.410 72369 DEBUG heat.engine.service [req-945f28b0-80d8-4894-86e5-55c75a42c05a - - - - -] Service da516ede-dbef-4e24-8aaa-e105dfc88c09 is updated service_manage_report /usr/lib/python3/dist-packages/heat/engine/service.py:2370
2026-06-11 01:44:15.421 72370 DEBUG heat.engine.service [req-a90ecd0d-5e32-4ce0-bf12-5f0275236b5c - - - - -] Service 0436adda-02f5-454e-b3b4-e4db22bd53fb is updated service_manage_report /usr/lib/python3/dist-packages/heat/engine/service.py:2370
2026-06-11 01:44:15.424 72367 DEBUG heat.engine.service [req-f5136651-dba7-4624-aa88-c94108dc04ef - - - - -] Service c5a53f71-d39e-4350-8b12-d3c5574ebb60 is started service_manage_report /usr/lib/python3/dist-packages/heat/engine/service.py:2363
2026-06-11 01:44:15.435 72368 DEBUG heat.engine.service [req-11760528-bc08-4577-a905-75f29dc4fa37 - - - - -] Service e1d6f543-dcb5-423d-98a9-da78e3bbc40d is updated service_manage_report /usr/lib/python3/dist-packages/heat/engine/service.py:2370
2026-06-11 01:44:15.442 72367 DEBUG heat.engine.service [req-f5136651-dba7-4624-aa88-c94108dc04ef - - - - -] Service c5a53f71-d39e-4350-8b12-d3c5574ebb60 is updated service_manage_report /usr/lib/python3/dist-packages/heat/engine/service.py:2370
2026-06-11 01:45:15.370 72369 DEBUG heat.engine.service [req-b00f331f-3572-4ccf-be38-47b186be7c19 - - - - -] Service da516ede-dbef-4e24-8aaa-e105dfc88c09 is updated service_manage_report /usr/lib/python3/dist-packages/heat/engine/service.py:2370
2026-06-11 01:45:15.378 72370 DEBUG heat.engine.service [req-d540a7c0-713b-45ef-8af4-62298b725993 - - - - -] Service 0436adda-02f5-454e-b3b4-e4db22bd53fb is updated service_manage_report /usr/lib/python3/dist-packages/heat/engine/service.py:2370
2026-06-11 01:45:15.390 72368 DEBUG heat.engine.service [req-83844eb9-1a2b-4a56-93fa-58ff0ce3890d - - - - -] Service e1d6f543-dcb5-423d-98a9-da78e3bbc40d is updated service_manage_report /usr/lib/python3/dist-packages/heat/engine/service.py:2370
2026-06-11 01:45:15.409 72367 DEBUG heat.engine.service [req-086fb482-ed15-429a-b6b7-fd7f15faf871 - - - - -] Service c5a53f71-d39e-4350-8b12-d3c5574ebb60 is updated service_manage_report /usr/lib/python3/dist-packages/heat/engine/service.py:2370
2026-06-11 01:46:15.366 72369 DEBUG heat.engine.service [req-f48eee8d-25cd-47bb-9e04-1d91e908d315 - - - - -] Service da516ede-dbef-4e24-8aaa-e105dfc88c09 is updated service_manage_report /usr/lib/python3/dist-packages/heat/engine/service.py:2370
2026-06-11 01:46:15.373 72370 DEBUG heat.engine.service [req-8a4870e6-913b-4ad9-9c0d-3d74eac636b3 - - - - -] Service 0436adda-02f5-454e-b3b4-e4db22bd53fb is updated service_manage_report /usr/lib/python3/dist-packages/heat/engine/service.py:2370
2026-06-11 01:46:15.385 72368 DEBUG heat.engine.service [req-99191ac0-a3a1-4f66-a647-7097d23225ea - - - - -] Service e1d6f543-dcb5-423d-98a9-da78e3bbc40d is updated service_manage_report /usr/lib/python3/dist-packages/heat/engine/service.py:2370
2026-06-11 01:46:15.404 72367 DEBUG heat.engine.service [req-77184a6b-16a4-4adc-9a1c-7bc9f78ed9f0 - - - - -] Service c5a53f71-d39e-4350-8b12-d3c5574ebb60 is updated service_manage_report /usr/lib/python3/dist-packages/heat/engine/service.py:2370
2026-06-11 01:47:15.362 72369 DEBUG heat.engine.service [req-602b3ae8-bcc7-46b4-8365-6e25aebfbb2a - - - - -] Service da516ede-dbef-4e24-8aaa-e105dfc88c09 is updated service_manage_report /usr/lib/python3/dist-packages/heat/engine/service.py:2370
2026-06-11 01:47:15.377 72370 DEBUG heat.engine.service [req-f9af60f8-edf8-4a6e-a4b0-b96a73681d26 - - - - -] Service 0436adda-02f5-454e-b3b4-e4db22bd53fb is updated service_manage_report /usr/lib/python3/dist-packages/heat/engine/service.py:2370
2026-06-11 01:47:15.390 72368 DEBUG heat.engine.service [req-0ea6ad3f-8528-4502-a72b-51dfd65cf88a - - - - -] Service e1d6f543-dcb5-423d-98a9-da78e3bbc40d is updated service_manage_report /usr/lib/python3/dist-packages/heat/engine/service.py:2370
2026-06-11 01:47:15.409 72367 DEBUG heat.engine.service [req-4bc181a3-d2f8-4898-9a71-800719378350 - - - - -] Service c5a53f71-d39e-4350-8b12-d3c5574ebb60 is updated service_manage_report /usr/lib/python3/dist-packages/heat/engine/service.py:2370
2026-06-11 01:48:15.358 72369 DEBUG heat.engine.service [req-998752b9-a588-4975-b768-7a0ff33a79f8 - - - - -] Service da516ede-dbef-4e24-8aaa-e105dfc88c09 is updated service_manage_report /usr/lib/python3/dist-packages/heat/engine/service.py:2370
2026-06-11 01:48:15.384 72370 DEBUG heat.engine.service [req-2112ff96-d261-4f0b-9725-a53eda3eccfd - - - - -] Service 0436adda-02f5-454e-b3b4-e4db22bd53fb is updated service_manage_report /usr/lib/python3/dist-packages/heat/engine/service.py:2370
2026-06-11 01:48:15.393 72368 DEBUG heat.engine.service [req-e9577f86-84c1-41c0-8a97-5ee95bad61c1 - - - - -] Service e1d6f543-dcb5-423d-98a9-da78e3bbc40d is updated service_manage_report /usr/lib/python3/dist-packages/heat/engine/service.py:2370
2026-06-11 01:48:15.414 72367 DEBUG heat.engine.service [req-63eb28bd-8c44-4f8b-bddd-d021bda1b89a - - - - -] Service c5a53f71-d39e-4350-8b12-d3c5574ebb60 is updated service_manage_report /usr/lib/python3/dist-packages/heat/engine/service.py:2370
2026-06-11 01:49:15.352 72369 DEBUG heat.engine.service [req-9e47fd1f-7186-43d2-bc00-6a24f16152d4 - - - - -] Service da516ede-dbef-4e24-8aaa-e105dfc88c09 is updated service_manage_report /usr/lib/python3/dist-packages/heat/engine/service.py:2370
2026-06-11 01:49:15.379 72370 DEBUG heat.engine.service [req-1f137991-d163-4059-ad38-ab98cdd61719 - - - - -] Service 0436adda-02f5-454e-b3b4-e4db22bd53fb is updated service_manage_report /usr/lib/python3/dist-packages/heat/engine/service.py:2370
2026-06-11 01:49:15.398 72368 DEBUG heat.engine.service [req-e6a266d9-3e47-40e8-a664-385afc040866 - - - - -] Service e1d6f543-dcb5-423d-98a9-da78e3bbc40d is updated service_manage_report /usr/lib/python3/dist-packages/heat/engine/service.py:2370
2026-06-11 01:49:15.418 72367 DEBUG heat.engine.service [req-da331814-315c-4a7b-8ef6-e3c8ef98e045 - - - - -] Service c5a53f71-d39e-4350-8b12-d3c5574ebb60 is updated service_manage_report /usr/lib/python3/dist-packages/heat/engine/service.py:2370
2026-06-11 01:50:15.366 72369 DEBUG heat.engine.service [req-e1c965e0-c6de-4203-a8d2-5968ba83139a - - - - -] Service da516ede-dbef-4e24-8aaa-e105dfc88c09 is updated service_manage_report /usr/lib/python3/dist-packages/heat/engine/service.py:2370
2026-06-11 01:50:15.387 72370 DEBUG heat.engine.service [req-ae288155-fcf7-4695-953f-41929b28bf56 - - - - -] Service 0436adda-02f5-454e-b3b4-e4db22bd53fb is updated service_manage_report /usr/lib/python3/dist-packages/heat/engine/service.py:2370
2026-06-11 01:50:15.406 72368 DEBUG heat.engine.service [req-8baac471-7327-46cf-b74a-a0dba93377ad - - - - -] Service e1d6f543-dcb5-423d-98a9-da78e3bbc40d is updated service_manage_report /usr/lib/python3/dist-packages/heat/engine/service.py:2370
2026-06-11 01:50:15.423 72367 DEBUG heat.engine.service [req-1f3542ad-f92c-4bc8-b0d9-3f72ee5d7765 - - - - -] Service c5a53f71-d39e-4350-8b12-d3c5574ebb60 is updated service_manage_report /usr/lib/python3/dist-packages/heat/engine/service.py:2370
2026-06-11 01:51:15.361 72369 DEBUG heat.engine.service [req-104370c5-376c-4143-b18f-535b7c1a6860 - - - - -] Service da516ede-dbef-4e24-8aaa-e105dfc88c09 is updated service_manage_report /usr/lib/python3/dist-packages/heat/engine/service.py:2370
2026-06-11 01:51:15.384 72370 DEBUG heat.engine.service [req-f85909fc-6f52-4b5a-8bbd-6b016e5642fe - - - - -] Service 0436adda-02f5-454e-b3b4-e4db22bd53fb is updated service_manage_report /usr/lib/python3/dist-packages/heat/engine/service.py:2370
2026-06-11 01:51:15.400 72368 DEBUG heat.engine.service [req-1685bd00-365d-42e9-944c-1abd87f2b82a - - - - -] Service e1d6f543-dcb5-423d-98a9-da78e3bbc40d is updated service_manage_report /usr/lib/python3/dist-packages/heat/engine/service.py:2370
2026-06-11 01:51:15.427 72367 DEBUG heat.engine.service [req-d4d85cc0-7619-4740-92c8-eab4bcb265cf - - - - -] Service c5a53f71-d39e-4350-8b12-d3c5574ebb60 is updated service_manage_report /usr/lib/python3/dist-packages/heat/engine/service.py:2370
2026-06-11 01:52:15.367 72369 DEBUG heat.engine.service [req-fb0f9dee-a009-461b-aee7-6dfc45a6f5d7 - - - - -] Service da516ede-dbef-4e24-8aaa-e105dfc88c09 is updated service_manage_report /usr/lib/python3/dist-packages/heat/engine/service.py:2370
2026-06-11 01:52:15.382 72370 DEBUG heat.engine.service [req-d38e932d-20f1-4548-af27-ec5be47c705a - - - - -] Service 0436adda-02f5-454e-b3b4-e4db22bd53fb is updated service_manage_report /usr/lib/python3/dist-packages/heat/engine/service.py:2370
2026-06-11 01:52:15.408 72368 DEBUG heat.engine.service [req-7b21890a-8c73-4b18-b24b-dccf4485c0d1 - - - - -] Service e1d6f543-dcb5-423d-98a9-da78e3bbc40d is updated service_manage_report /usr/lib/python3/dist-packages/heat/engine/service.py:2370
2026-06-11 01:52:15.430 72367 DEBUG heat.engine.service [req-b4c4085c-fc32-474d-8232-fa0338013f9d - - - - -] Service c5a53f71-d39e-4350-8b12-d3c5574ebb60 is updated service_manage_report /usr/lib/python3/dist-packages/heat/engine/service.py:2370
2026-06-11 01:53:15.362 72369 DEBUG heat.engine.service [req-93ce9397-23e1-44c0-8de1-aeedb30741cd - - - - -] Service da516ede-dbef-4e24-8aaa-e105dfc88c09 is updated service_manage_report /usr/lib/python3/dist-packages/heat/engine/service.py:2370
2026-06-11 01:53:15.376 72370 DEBUG heat.engine.service [req-0a154145-37e0-4e49-a8a9-cf23205ac875 - - - - -] Service 0436adda-02f5-454e-b3b4-e4db22bd53fb is updated service_manage_report /usr/lib/python3/dist-packages/heat/engine/service.py:2370
2026-06-11 01:53:15.402 72368 DEBUG heat.engine.service [req-92676f44-c506-4140-9381-e2554847e4b6 - - - - -] Service e1d6f543-dcb5-423d-98a9-da78e3bbc40d is updated service_manage_report /usr/lib/python3/dist-packages/heat/engine/service.py:2370
2026-06-11 01:53:15.435 72367 DEBUG heat.engine.service [req-cb3cf348-b538-4148-8a86-c161bbc88d1b - - - - -] Service c5a53f71-d39e-4350-8b12-d3c5574ebb60 is updated service_manage_report /usr/lib/python3/dist-packages/heat/engine/service.py:2370
2026-06-11 01:54:15.370 72369 DEBUG heat.engine.service [req-dbe5128a-2c9c-4bac-a723-5382c38107d5 - - - - -] Service da516ede-dbef-4e24-8aaa-e105dfc88c09 is updated service_manage_report /usr/lib/python3/dist-packages/heat/engine/service.py:2370
2026-06-11 01:54:15.382 72370 DEBUG heat.engine.service [req-192a0b26-3967-489c-bcb3-aea9b267972e - - - - -] Service 0436adda-02f5-454e-b3b4-e4db22bd53fb is updated service_manage_report /usr/lib/python3/dist-packages/heat/engine/service.py:2370
2026-06-11 01:54:15.407 72368 DEBUG heat.engine.service [req-c0e91fa1-4a21-4ff2-bce7-9f8c00181b4c - - - - -] Service e1d6f543-dcb5-423d-98a9-da78e3bbc40d is updated service_manage_report /usr/lib/python3/dist-packages/heat/engine/service.py:2370
2026-06-11 01:54:15.442 72367 DEBUG heat.engine.service [req-5c0111bb-6c7a-4972-aa7d-ca04772046ed - - - - -] Service c5a53f71-d39e-4350-8b12-d3c5574ebb60 is updated service_manage_report /usr/lib/python3/dist-packages/heat/engine/service.py:2370
2026-06-11 01:55:15.365 72369 DEBUG heat.engine.service [req-a3f83c89-0b92-4ed1-bdff-ad4e9153b718 - - - - -] Service da516ede-dbef-4e24-8aaa-e105dfc88c09 is updated service_manage_report /usr/lib/python3/dist-packages/heat/engine/service.py:2370
2026-06-11 01:55:15.376 72370 DEBUG heat.engine.service [req-0f9f9433-93ff-460e-a942-526439a24ca9 - - - - -] Service 0436adda-02f5-454e-b3b4-e4db22bd53fb is updated service_manage_report /usr/lib/python3/dist-packages/heat/engine/service.py:2370
2026-06-11 01:55:15.409 72368 DEBUG heat.engine.service [req-f1c1c65d-2fe9-4152-b193-3d9a158a8946 - - - - -] Service e1d6f543-dcb5-423d-98a9-da78e3bbc40d is updated service_manage_report /usr/lib/python3/dist-packages/heat/engine/service.py:2370
2026-06-11 01:55:15.438 72367 DEBUG heat.engine.service [req-a2ce3d2f-a230-4760-b396-2fdc22e7003c - - - - -] Service c5a53f71-d39e-4350-8b12-d3c5574ebb60 is updated service_manage_report /usr/lib/python3/dist-packages/heat/engine/service.py:2370
2026-06-11 01:56:15.371 72369 DEBUG heat.engine.service [req-5b9608c1-de7d-41a1-bc88-658f2ccdb995 - - - - -] Service da516ede-dbef-4e24-8aaa-e105dfc88c09 is updated service_manage_report /usr/lib/python3/dist-packages/heat/engine/service.py:2370
2026-06-11 01:56:15.382 72370 DEBUG heat.engine.service [req-6e8b6eb4-a850-4766-b29b-b96da02eca6c - - - - -] Service 0436adda-02f5-454e-b3b4-e4db22bd53fb is updated service_manage_report /usr/lib/python3/dist-packages/heat/engine/service.py:2370
2026-06-11 01:56:15.413 72368 DEBUG heat.engine.service [req-c82e1a9b-75f0-4241-bc3a-94a12e3a6142 - - - - -] Service e1d6f543-dcb5-423d-98a9-da78e3bbc40d is updated service_manage_report /usr/lib/python3/dist-packages/heat/engine/service.py:2370
2026-06-11 01:56:15.436 72367 DEBUG heat.engine.service [req-90ef8c18-79aa-48c0-afae-b3df04a20c0f - - - - -] Service c5a53f71-d39e-4350-8b12-d3c5574ebb60 is updated service_manage_report /usr/lib/python3/dist-packages/heat/engine/service.py:2370
2026-06-11 01:57:15.365 72369 DEBUG heat.engine.service [req-e4664b2f-a0d6-4ed4-871c-61b47ee4e84d - - - - -] Service da516ede-dbef-4e24-8aaa-e105dfc88c09 is updated service_manage_report /usr/lib/python3/dist-packages/heat/engine/service.py:2370
2026-06-11 01:57:15.378 72370 DEBUG heat.engine.service [req-9c005980-7768-46af-b594-f985d36b0879 - - - - -] Service 0436adda-02f5-454e-b3b4-e4db22bd53fb is updated service_manage_report /usr/lib/python3/dist-packages/heat/engine/service.py:2370
2026-06-11 01:57:15.417 72368 DEBUG heat.engine.service [req-a71b2339-dd6c-4eac-848a-f243cb2e2375 - - - - -] Service e1d6f543-dcb5-423d-98a9-da78e3bbc40d is updated service_manage_report /usr/lib/python3/dist-packages/heat/engine/service.py:2370
2026-06-11 01:57:15.434 72367 DEBUG heat.engine.service [req-d4937840-0c7f-4edb-8a19-31a470ddfe8d - - - - -] Service c5a53f71-d39e-4350-8b12-d3c5574ebb60 is updated service_manage_report /usr/lib/python3/dist-packages/heat/engine/service.py:2370
2026-06-11 01:58:15.370 72369 DEBUG heat.engine.service [req-123c84c3-4f68-406d-a939-e707a7cd7736 - - - - -] Service da516ede-dbef-4e24-8aaa-e105dfc88c09 is updated service_manage_report /usr/lib/python3/dist-packages/heat/engine/service.py:2370
2026-06-11 01:58:15.383 72370 DEBUG heat.engine.service [req-d109ffca-8df6-4552-a057-1a407f78ae67 - - - - -] Service 0436adda-02f5-454e-b3b4-e4db22bd53fb is updated service_manage_report /usr/lib/python3/dist-packages/heat/engine/service.py:2370
2026-06-11 01:58:15.426 72368 DEBUG heat.engine.service [req-6cea344d-5670-48c9-911c-459d8aa14bf6 - - - - -] Service e1d6f543-dcb5-423d-98a9-da78e3bbc40d is updated service_manage_report /usr/lib/python3/dist-packages/heat/engine/service.py:2370
2026-06-11 01:58:15.429 72367 DEBUG heat.engine.service [req-6c3603c4-553a-4475-9294-4d5c0fd0ae61 - - - - -] Service c5a53f71-d39e-4350-8b12-d3c5574ebb60 is updated service_manage_report /usr/lib/python3/dist-packages/heat/engine/service.py:2370
2026-06-11 01:59:15.375 72369 DEBUG heat.engine.service [req-7894a60d-b8af-4bd8-b06f-24149863c5fb - - - - -] Service da516ede-dbef-4e24-8aaa-e105dfc88c09 is updated service_manage_report /usr/lib/python3/dist-packages/heat/engine/service.py:2370
2026-06-11 01:59:15.388 72370 DEBUG heat.engine.service [req-c1968629-70b2-43f1-b260-4d7c5964ef41 - - - - -] Service 0436adda-02f5-454e-b3b4-e4db22bd53fb is updated service_manage_report /usr/lib/python3/dist-packages/heat/engine/service.py:2370
2026-06-11 01:59:15.422 72368 DEBUG heat.engine.service [req-156daf20-e4e8-43a3-9dbb-4ee89a688b24 - - - - -] Service e1d6f543-dcb5-423d-98a9-da78e3bbc40d is updated service_manage_report /usr/lib/python3/dist-packages/heat/engine/service.py:2370
2026-06-11 01:59:15.432 72367 DEBUG heat.engine.service [req-44b37ce5-b55e-4ed3-a35a-07361752a881 - - - - -] Service c5a53f71-d39e-4350-8b12-d3c5574ebb60 is updated service_manage_report /usr/lib/python3/dist-packages/heat/engine/service.py:2370
2026-06-11 02:00:15.379 72369 DEBUG heat.engine.service [req-cb1779f6-e10c-4e37-ae92-f086ccdec76c - - - - -] Service da516ede-dbef-4e24-8aaa-e105dfc88c09 is updated service_manage_report /usr/lib/python3/dist-packages/heat/engine/service.py:2370
2026-06-11 02:00:15.395 72370 DEBUG heat.engine.service [req-bc4c5926-9dc5-4172-9322-9661242af052 - - - - -] Service 0436adda-02f5-454e-b3b4-e4db22bd53fb is updated service_manage_report /usr/lib/python3/dist-packages/heat/engine/service.py:2370
