2026-06-11 00:34:06.438 39349 DEBUG oslo_service.service [-] heat_api_cloudwatch.workers = 1 log_opt_values /usr/lib/python3/dist-packages/oslo_config/cfg.py:2609
2026-06-11 00:34:06.439 39349 DEBUG oslo_service.service [-] eventlet_opts.client_socket_timeout = 900 log_opt_values /usr/lib/python3/dist-packages/oslo_config/cfg.py:2609
2026-06-11 00:34:06.439 39349 DEBUG oslo_service.service [-] eventlet_opts.wsgi_keep_alive = True log_opt_values /usr/lib/python3/dist-packages/oslo_config/cfg.py:2609
2026-06-11 00:34:06.440 39349 DEBUG oslo_service.service [-] paste_deploy.api_paste_config = /etc/heat/api-paste.ini log_opt_values /usr/lib/python3/dist-packages/oslo_config/cfg.py:2609
2026-06-11 00:34:06.440 39349 DEBUG oslo_service.service [-] paste_deploy.flavor = None log_opt_values /usr/lib/python3/dist-packages/oslo_config/cfg.py:2609
2026-06-11 00:34:06.440 39349 DEBUG oslo_service.service [-] auth_password.allowed_auth_uris = [] log_opt_values /usr/lib/python3/dist-packages/oslo_config/cfg.py:2609
2026-06-11 00:34:06.440 39349 DEBUG oslo_service.service [-] auth_password.multi_cloud = False log_opt_values /usr/lib/python3/dist-packages/oslo_config/cfg.py:2609
2026-06-11 00:34:06.444 39349 DEBUG oslo_service.service [-] revision.heat_revision = unknown log_opt_values /usr/lib/python3/dist-packages/oslo_config/cfg.py:2609
2026-06-11 00:34:06.444 39349 DEBUG oslo_service.service [-] volumes.backups_enabled = True log_opt_values /usr/lib/python3/dist-packages/oslo_config/cfg.py:2609
2026-06-11 00:34:06.444 39349 DEBUG oslo_service.service [-] noauth.token_response = log_opt_values /usr/lib/python3/dist-packages/oslo_config/cfg.py:2609
2026-06-11 00:34:06.445 39349 DEBUG oslo_service.service [-] clients.ca_file = None log_opt_values /usr/lib/python3/dist-packages/oslo_config/cfg.py:2609
2026-06-11 00:34:06.445 39349 DEBUG oslo_service.service [-] clients.cert_file = None log_opt_values /usr/lib/python3/dist-packages/oslo_config/cfg.py:2609
2026-06-11 00:34:06.445 39349 DEBUG oslo_service.service [-] clients.endpoint_type = publicURL log_opt_values /usr/lib/python3/dist-packages/oslo_config/cfg.py:2609
2026-06-11 00:34:06.445 39349 DEBUG oslo_service.service [-] clients.insecure = False log_opt_values /usr/lib/python3/dist-packages/oslo_config/cfg.py:2609
2026-06-11 00:34:06.445 39349 DEBUG oslo_service.service [-] clients.key_file = None log_opt_values /usr/lib/python3/dist-packages/oslo_config/cfg.py:2609
2026-06-11 00:34:06.445 39349 DEBUG oslo_service.service [-] clients_aodh.ca_file = None log_opt_values /usr/lib/python3/dist-packages/oslo_config/cfg.py:2609
2026-06-11 00:34:06.446 39349 DEBUG oslo_service.service [-] clients_aodh.cert_file = None log_opt_values /usr/lib/python3/dist-packages/oslo_config/cfg.py:2609
2026-06-11 00:34:06.446 39349 DEBUG oslo_service.service [-] clients_aodh.endpoint_type = None log_opt_values /usr/lib/python3/dist-packages/oslo_config/cfg.py:2609
2026-06-11 00:34:06.446 39349 DEBUG oslo_service.service [-] clients_aodh.insecure = None log_opt_values /usr/lib/python3/dist-packages/oslo_config/cfg.py:2609
2026-06-11 00:34:06.446 39349 DEBUG oslo_service.service [-] clients_aodh.key_file = None log_opt_values /usr/lib/python3/dist-packages/oslo_config/cfg.py:2609
2026-06-11 00:34:06.446 39349 DEBUG oslo_service.service [-] clients_barbican.ca_file = None log_opt_values /usr/lib/python3/dist-packages/oslo_config/cfg.py:2609
2026-06-11 00:34:06.450 39349 DEBUG oslo_service.service [-] clients_barbican.cert_file = None log_opt_values /usr/lib/python3/dist-packages/oslo_config/cfg.py:2609
2026-06-11 00:34:06.450 39349 DEBUG oslo_service.service [-] clients_barbican.endpoint_type = None log_opt_values /usr/lib/python3/dist-packages/oslo_config/cfg.py:2609
2026-06-11 00:34:06.450 39349 DEBUG oslo_service.service [-] clients_barbican.insecure = None log_opt_values /usr/lib/python3/dist-packages/oslo_config/cfg.py:2609
2026-06-11 00:34:06.450 39349 DEBUG oslo_service.service [-] clients_barbican.key_file = None log_opt_values /usr/lib/python3/dist-packages/oslo_config/cfg.py:2609
2026-06-11 00:34:06.450 39349 DEBUG oslo_service.service [-] clients_cinder.ca_file = None log_opt_values /usr/lib/python3/dist-packages/oslo_config/cfg.py:2609
2026-06-11 00:34:06.450 39349 DEBUG oslo_service.service [-] clients_cinder.cert_file = None log_opt_values /usr/lib/python3/dist-packages/oslo_config/cfg.py:2609
2026-06-11 00:34:06.450 39349 DEBUG oslo_service.service [-] clients_cinder.endpoint_type = None log_opt_values /usr/lib/python3/dist-packages/oslo_config/cfg.py:2609
2026-06-11 00:34:06.450 39349 DEBUG oslo_service.service [-] clients_cinder.http_log_debug = False log_opt_values /usr/lib/python3/dist-packages/oslo_config/cfg.py:2609
2026-06-11 00:34:06.452 39349 DEBUG oslo_service.service [-] clients_cinder.insecure = None log_opt_values /usr/lib/python3/dist-packages/oslo_config/cfg.py:2609
2026-06-11 00:34:06.452 39349 DEBUG oslo_service.service [-] clients_cinder.key_file = None log_opt_values /usr/lib/python3/dist-packages/oslo_config/cfg.py:2609
2026-06-11 00:34:06.452 39349 DEBUG oslo_service.service [-] clients_designate.ca_file = None log_opt_values /usr/lib/python3/dist-packages/oslo_config/cfg.py:2609
2026-06-11 00:34:06.452 39349 DEBUG oslo_service.service [-] clients_designate.cert_file = None log_opt_values /usr/lib/python3/dist-packages/oslo_config/cfg.py:2609
2026-06-11 00:34:06.452 39349 DEBUG oslo_service.service [-] clients_designate.endpoint_type = None log_opt_values /usr/lib/python3/dist-packages/oslo_config/cfg.py:2609
2026-06-11 00:34:06.452 39349 DEBUG oslo_service.service [-] clients_designate.insecure = None log_opt_values /usr/lib/python3/dist-packages/oslo_config/cfg.py:2609
2026-06-11 00:34:06.452 39349 DEBUG oslo_service.service [-] clients_designate.key_file = None log_opt_values /usr/lib/python3/dist-packages/oslo_config/cfg.py:2609
2026-06-11 00:34:06.452 39349 DEBUG oslo_service.service [-] clients_glance.ca_file = None log_opt_values /usr/lib/python3/dist-packages/oslo_config/cfg.py:2609
2026-06-11 00:34:06.452 39349 DEBUG oslo_service.service [-] clients_glance.cert_file = None log_opt_values /usr/lib/python3/dist-packages/oslo_config/cfg.py:2609
2026-06-11 00:34:06.453 39349 DEBUG oslo_service.service [-] clients_glance.endpoint_type = None log_opt_values /usr/lib/python3/dist-packages/oslo_config/cfg.py:2609
2026-06-11 00:34:06.453 39349 DEBUG oslo_service.service [-] clients_glance.insecure = None log_opt_values /usr/lib/python3/dist-packages/oslo_config/cfg.py:2609
2026-06-11 00:34:06.453 39349 DEBUG oslo_service.service [-] clients_glance.key_file = None log_opt_values /usr/lib/python3/dist-packages/oslo_config/cfg.py:2609
2026-06-11 00:34:06.453 39349 DEBUG oslo_service.service [-] clients_heat.ca_file = None log_opt_values /usr/lib/python3/dist-packages/oslo_config/cfg.py:2609
2026-06-11 00:34:06.453 39349 DEBUG oslo_service.service [-] clients_heat.cert_file = None log_opt_values /usr/lib/python3/dist-packages/oslo_config/cfg.py:2609
2026-06-11 00:34:06.453 39349 DEBUG oslo_service.service [-] clients_heat.endpoint_type = None log_opt_values /usr/lib/python3/dist-packages/oslo_config/cfg.py:2609
2026-06-11 00:34:06.453 39349 DEBUG oslo_service.service [-] clients_heat.insecure = None log_opt_values /usr/lib/python3/dist-packages/oslo_config/cfg.py:2609
2026-06-11 00:34:06.453 39349 DEBUG oslo_service.service [-] clients_heat.key_file = None log_opt_values /usr/lib/python3/dist-packages/oslo_config/cfg.py:2609
2026-06-11 00:34:06.454 39349 DEBUG oslo_service.service [-] clients_heat.url = log_opt_values /usr/lib/python3/dist-packages/oslo_config/cfg.py:2609
2026-06-11 00:34:06.454 39349 DEBUG oslo_service.service [-] clients_keystone.auth_uri = http://252.129.240.105:5050 log_opt_values /usr/lib/python3/dist-packages/oslo_config/cfg.py:2609
2026-06-11 00:34:06.454 39349 DEBUG oslo_service.service [-] clients_keystone.ca_file = None log_opt_values /usr/lib/python3/dist-packages/oslo_config/cfg.py:2609
2026-06-11 00:34:06.454 39349 DEBUG oslo_service.service [-] clients_keystone.cert_file = None log_opt_values /usr/lib/python3/dist-packages/oslo_config/cfg.py:2609
2026-06-11 00:34:06.454 39349 DEBUG oslo_service.service [-] clients_keystone.endpoint_type = None log_opt_values /usr/lib/python3/dist-packages/oslo_config/cfg.py:2609
2026-06-11 00:34:06.454 39349 DEBUG oslo_service.service [-] clients_keystone.insecure = None log_opt_values /usr/lib/python3/dist-packages/oslo_config/cfg.py:2609
2026-06-11 00:34:06.454 39349 DEBUG oslo_service.service [-] clients_keystone.key_file = None log_opt_values /usr/lib/python3/dist-packages/oslo_config/cfg.py:2609
2026-06-11 00:34:06.455 39349 DEBUG oslo_service.service [-] clients_magnum.ca_file = None log_opt_values /usr/lib/python3/dist-packages/oslo_config/cfg.py:2609
2026-06-11 00:34:06.455 39349 DEBUG oslo_service.service [-] clients_magnum.cert_file = None log_opt_values /usr/lib/python3/dist-packages/oslo_config/cfg.py:2609
2026-06-11 00:34:06.455 39349 DEBUG oslo_service.service [-] clients_magnum.endpoint_type = None log_opt_values /usr/lib/python3/dist-packages/oslo_config/cfg.py:2609
2026-06-11 00:34:06.456 39349 DEBUG oslo_service.service [-] clients_magnum.insecure = None log_opt_values /usr/lib/python3/dist-packages/oslo_config/cfg.py:2609
2026-06-11 00:34:06.456 39349 DEBUG oslo_service.service [-] clients_magnum.key_file = None log_opt_values /usr/lib/python3/dist-packages/oslo_config/cfg.py:2609
2026-06-11 00:34:06.456 39349 DEBUG oslo_service.service [-] clients_manila.ca_file = None log_opt_values /usr/lib/python3/dist-packages/oslo_config/cfg.py:2609
2026-06-11 00:34:06.456 39349 DEBUG oslo_service.service [-] clients_manila.cert_file = None log_opt_values /usr/lib/python3/dist-packages/oslo_config/cfg.py:2609
2026-06-11 00:34:06.456 39349 DEBUG oslo_service.service [-] clients_manila.endpoint_type = None log_opt_values /usr/lib/python3/dist-packages/oslo_config/cfg.py:2609
2026-06-11 00:34:06.457 39349 DEBUG oslo_service.service [-] clients_manila.insecure = None log_opt_values /usr/lib/python3/dist-packages/oslo_config/cfg.py:2609
2026-06-11 00:34:06.457 39349 DEBUG oslo_service.service [-] clients_manila.key_file = None log_opt_values /usr/lib/python3/dist-packages/oslo_config/cfg.py:2609
2026-06-11 00:34:06.457 39349 DEBUG oslo_service.service [-] clients_mistral.ca_file = None log_opt_values /usr/lib/python3/dist-packages/oslo_config/cfg.py:2609
2026-06-11 00:34:06.457 39349 DEBUG oslo_service.service [-] clients_mistral.cert_file = None log_opt_values /usr/lib/python3/dist-packages/oslo_config/cfg.py:2609
2026-06-11 00:34:06.457 39349 DEBUG oslo_service.service [-] clients_mistral.endpoint_type = None log_opt_values /usr/lib/python3/dist-packages/oslo_config/cfg.py:2609
2026-06-11 00:34:06.458 39349 DEBUG oslo_service.service [-] clients_mistral.insecure = None log_opt_values /usr/lib/python3/dist-packages/oslo_config/cfg.py:2609
2026-06-11 00:34:06.458 39349 DEBUG oslo_service.service [-] clients_mistral.key_file = None log_opt_values /usr/lib/python3/dist-packages/oslo_config/cfg.py:2609
2026-06-11 00:34:06.458 39349 DEBUG oslo_service.service [-] clients_monasca.ca_file = None log_opt_values /usr/lib/python3/dist-packages/oslo_config/cfg.py:2609
2026-06-11 00:34:06.458 39349 DEBUG oslo_service.service [-] clients_monasca.cert_file = None log_opt_values /usr/lib/python3/dist-packages/oslo_config/cfg.py:2609
2026-06-11 00:34:06.458 39349 DEBUG oslo_service.service [-] clients_monasca.endpoint_type = None log_opt_values /usr/lib/python3/dist-packages/oslo_config/cfg.py:2609
2026-06-11 00:34:06.458 39349 DEBUG oslo_service.service [-] clients_monasca.insecure = None log_opt_values /usr/lib/python3/dist-packages/oslo_config/cfg.py:2609
2026-06-11 00:34:06.458 39349 DEBUG oslo_service.service [-] clients_monasca.key_file = None log_opt_values /usr/lib/python3/dist-packages/oslo_config/cfg.py:2609
2026-06-11 00:34:06.459 39349 DEBUG oslo_service.service [-] clients_neutron.ca_file = None log_opt_values /usr/lib/python3/dist-packages/oslo_config/cfg.py:2609
2026-06-11 00:34:06.459 39349 DEBUG oslo_service.service [-] clients_neutron.cert_file = None log_opt_values /usr/lib/python3/dist-packages/oslo_config/cfg.py:2609
2026-06-11 00:34:06.459 39349 DEBUG oslo_service.service [-] clients_neutron.endpoint_type = None log_opt_values /usr/lib/python3/dist-packages/oslo_config/cfg.py:2609
2026-06-11 00:34:06.460 39349 DEBUG oslo_service.service [-] clients_neutron.insecure = None log_opt_values /usr/lib/python3/dist-packages/oslo_config/cfg.py:2609
2026-06-11 00:34:06.460 39349 DEBUG oslo_service.service [-] clients_neutron.key_file = None log_opt_values /usr/lib/python3/dist-packages/oslo_config/cfg.py:2609
2026-06-11 00:34:06.460 39349 DEBUG oslo_service.service [-] clients_nova.ca_file = None log_opt_values /usr/lib/python3/dist-packages/oslo_config/cfg.py:2609
2026-06-11 00:34:06.461 39349 DEBUG oslo_service.service [-] clients_nova.cert_file = None log_opt_values /usr/lib/python3/dist-packages/oslo_config/cfg.py:2609
2026-06-11 00:34:06.461 39349 DEBUG oslo_service.service [-] clients_nova.endpoint_type = None log_opt_values /usr/lib/python3/dist-packages/oslo_config/cfg.py:2609
2026-06-11 00:34:06.461 39349 DEBUG oslo_service.service [-] clients_nova.http_log_debug = False log_opt_values /usr/lib/python3/dist-packages/oslo_config/cfg.py:2609
2026-06-11 00:34:06.461 39349 DEBUG oslo_service.service [-] clients_nova.insecure = None log_opt_values /usr/lib/python3/dist-packages/oslo_config/cfg.py:2609
2026-06-11 00:34:06.462 39349 DEBUG oslo_service.service [-] clients_nova.key_file = None log_opt_values /usr/lib/python3/dist-packages/oslo_config/cfg.py:2609
2026-06-11 00:34:06.462 39349 DEBUG oslo_service.service [-] clients_octavia.ca_file = None log_opt_values /usr/lib/python3/dist-packages/oslo_config/cfg.py:2609
2026-06-11 00:34:06.462 39349 DEBUG oslo_service.service [-] clients_octavia.cert_file = None log_opt_values /usr/lib/python3/dist-packages/oslo_config/cfg.py:2609
2026-06-11 00:34:06.462 39349 DEBUG oslo_service.service [-] clients_octavia.endpoint_type = None log_opt_values /usr/lib/python3/dist-packages/oslo_config/cfg.py:2609
2026-06-11 00:34:06.462 39349 DEBUG oslo_service.service [-] clients_octavia.insecure = None log_opt_values /usr/lib/python3/dist-packages/oslo_config/cfg.py:2609
2026-06-11 00:34:06.463 39349 DEBUG oslo_service.service [-] clients_octavia.key_file = None log_opt_values /usr/lib/python3/dist-packages/oslo_config/cfg.py:2609
2026-06-11 00:34:06.463 39349 DEBUG oslo_service.service [-] clients_sahara.ca_file = None log_opt_values /usr/lib/python3/dist-packages/oslo_config/cfg.py:2609
2026-06-11 00:34:06.463 39349 DEBUG oslo_service.service [-] clients_sahara.cert_file = None log_opt_values /usr/lib/python3/dist-packages/oslo_config/cfg.py:2609
2026-06-11 00:34:06.463 39349 DEBUG oslo_service.service [-] clients_sahara.endpoint_type = None log_opt_values /usr/lib/python3/dist-packages/oslo_config/cfg.py:2609
2026-06-11 00:34:06.463 39349 DEBUG oslo_service.service [-] clients_sahara.insecure = None log_opt_values /usr/lib/python3/dist-packages/oslo_config/cfg.py:2609
2026-06-11 00:34:06.463 39349 DEBUG oslo_service.service [-] clients_sahara.key_file = None log_opt_values /usr/lib/python3/dist-packages/oslo_config/cfg.py:2609
2026-06-11 00:34:06.464 39349 DEBUG oslo_service.service [-] clients_senlin.ca_file = None log_opt_values /usr/lib/python3/dist-packages/oslo_config/cfg.py:2609
2026-06-11 00:34:06.464 39349 DEBUG oslo_service.service [-] clients_senlin.cert_file = None log_opt_values /usr/lib/python3/dist-packages/oslo_config/cfg.py:2609
2026-06-11 00:34:06.464 39349 DEBUG oslo_service.service [-] clients_senlin.endpoint_type = None log_opt_values /usr/lib/python3/dist-packages/oslo_config/cfg.py:2609
2026-06-11 00:34:06.464 39349 DEBUG oslo_service.service [-] clients_senlin.insecure = None log_opt_values /usr/lib/python3/dist-packages/oslo_config/cfg.py:2609
2026-06-11 00:34:06.464 39349 DEBUG oslo_service.service [-] clients_senlin.key_file = None log_opt_values /usr/lib/python3/dist-packages/oslo_config/cfg.py:2609
2026-06-11 00:34:06.464 39349 DEBUG oslo_service.service [-] clients_swift.ca_file = None log_opt_values /usr/lib/python3/dist-packages/oslo_config/cfg.py:2609
2026-06-11 00:34:06.464 39349 DEBUG oslo_service.service [-] clients_swift.cert_file = None log_opt_values /usr/lib/python3/dist-packages/oslo_config/cfg.py:2609
2026-06-11 00:34:06.465 39349 DEBUG oslo_service.service [-] clients_swift.endpoint_type = None log_opt_values /usr/lib/python3/dist-packages/oslo_config/cfg.py:2609
2026-06-11 00:34:06.465 39349 DEBUG oslo_service.service [-] clients_swift.insecure = None log_opt_values /usr/lib/python3/dist-packages/oslo_config/cfg.py:2609
2026-06-11 00:34:06.465 39349 DEBUG oslo_service.service [-] clients_swift.key_file = None log_opt_values /usr/lib/python3/dist-packages/oslo_config/cfg.py:2609
2026-06-11 00:34:06.465 39349 DEBUG oslo_service.service [-] clients_trove.ca_file = None log_opt_values /usr/lib/python3/dist-packages/oslo_config/cfg.py:2609
2026-06-11 00:34:06.465 39349 DEBUG oslo_service.service [-] clients_trove.cert_file = None log_opt_values /usr/lib/python3/dist-packages/oslo_config/cfg.py:2609
2026-06-11 00:34:06.466 39349 DEBUG oslo_service.service [-] clients_trove.endpoint_type = None log_opt_values /usr/lib/python3/dist-packages/oslo_config/cfg.py:2609
2026-06-11 00:34:06.466 39349 DEBUG oslo_service.service [-] clients_trove.insecure = None log_opt_values /usr/lib/python3/dist-packages/oslo_config/cfg.py:2609
2026-06-11 00:34:06.467 39349 DEBUG oslo_service.service [-] clients_trove.key_file = None log_opt_values /usr/lib/python3/dist-packages/oslo_config/cfg.py:2609
2026-06-11 00:34:06.467 39349 DEBUG oslo_service.service [-] clients_vitrage.ca_file = None log_opt_values /usr/lib/python3/dist-packages/oslo_config/cfg.py:2609
2026-06-11 00:34:06.467 39349 DEBUG oslo_service.service [-] clients_vitrage.cert_file = None log_opt_values /usr/lib/python3/dist-packages/oslo_config/cfg.py:2609
2026-06-11 00:34:06.467 39349 DEBUG oslo_service.service [-] clients_vitrage.endpoint_type = None log_opt_values /usr/lib/python3/dist-packages/oslo_config/cfg.py:2609
2026-06-11 00:34:06.469 39349 DEBUG oslo_service.service [-] clients_vitrage.insecure = None log_opt_values /usr/lib/python3/dist-packages/oslo_config/cfg.py:2609
2026-06-11 00:34:06.469 39349 DEBUG oslo_service.service [-] clients_vitrage.key_file = None log_opt_values /usr/lib/python3/dist-packages/oslo_config/cfg.py:2609
2026-06-11 00:34:06.469 39349 DEBUG oslo_service.service [-] clients_zaqar.ca_file = None log_opt_values /usr/lib/python3/dist-packages/oslo_config/cfg.py:2609
2026-06-11 00:34:06.469 39349 DEBUG oslo_service.service [-] clients_zaqar.cert_file = None log_opt_values /usr/lib/python3/dist-packages/oslo_config/cfg.py:2609
2026-06-11 00:34:06.469 39349 DEBUG oslo_service.service [-] clients_zaqar.endpoint_type = None log_opt_values /usr/lib/python3/dist-packages/oslo_config/cfg.py:2609
2026-06-11 00:34:06.469 39349 DEBUG oslo_service.service [-] clients_zaqar.insecure = None log_opt_values /usr/lib/python3/dist-packages/oslo_config/cfg.py:2609
2026-06-11 00:34:06.469 39349 DEBUG oslo_service.service [-] clients_zaqar.key_file = None log_opt_values /usr/lib/python3/dist-packages/oslo_config/cfg.py:2609
2026-06-11 00:34:06.470 39349 DEBUG oslo_service.service [-] database.backend = sqlalchemy log_opt_values /usr/lib/python3/dist-packages/oslo_config/cfg.py:2609
2026-06-11 00:34:06.470 39349 DEBUG oslo_service.service [-] database.connection = **** log_opt_values /usr/lib/python3/dist-packages/oslo_config/cfg.py:2609
2026-06-11 00:34:06.470 39349 DEBUG oslo_service.service [-] database.connection_debug = 0 log_opt_values /usr/lib/python3/dist-packages/oslo_config/cfg.py:2609
2026-06-11 00:34:06.471 39349 DEBUG oslo_service.service [-] database.connection_parameters = log_opt_values /usr/lib/python3/dist-packages/oslo_config/cfg.py:2609
2026-06-11 00:34:06.471 39349 DEBUG oslo_service.service [-] database.connection_recycle_time = 3600 log_opt_values /usr/lib/python3/dist-packages/oslo_config/cfg.py:2609
2026-06-11 00:34:06.471 39349 DEBUG oslo_service.service [-] database.connection_trace = False log_opt_values /usr/lib/python3/dist-packages/oslo_config/cfg.py:2609
2026-06-11 00:34:06.471 39349 DEBUG oslo_service.service [-] database.db_inc_retry_interval = True log_opt_values /usr/lib/python3/dist-packages/oslo_config/cfg.py:2609
2026-06-11 00:34:06.471 39349 DEBUG oslo_service.service [-] database.db_max_retries = 20 log_opt_values /usr/lib/python3/dist-packages/oslo_config/cfg.py:2609
2026-06-11 00:34:06.471 39349 DEBUG oslo_service.service [-] database.db_max_retry_interval = 10 log_opt_values /usr/lib/python3/dist-packages/oslo_config/cfg.py:2609
2026-06-11 00:34:06.471 39349 DEBUG oslo_service.service [-] database.db_retry_interval = 1 log_opt_values /usr/lib/python3/dist-packages/oslo_config/cfg.py:2609
2026-06-11 00:34:06.472 39349 DEBUG oslo_service.service [-] database.max_overflow = 50 log_opt_values /usr/lib/python3/dist-packages/oslo_config/cfg.py:2609
2026-06-11 00:34:06.472 39349 DEBUG oslo_service.service [-] database.max_pool_size = 5 log_opt_values /usr/lib/python3/dist-packages/oslo_config/cfg.py:2609
2026-06-11 00:34:06.472 39349 DEBUG oslo_service.service [-] database.max_retries = 10 log_opt_values /usr/lib/python3/dist-packages/oslo_config/cfg.py:2609
2026-06-11 00:34:06.472 39349 DEBUG oslo_service.service [-] database.mysql_enable_ndb = False log_opt_values /usr/lib/python3/dist-packages/oslo_config/cfg.py:2609
2026-06-11 00:34:06.472 39349 DEBUG oslo_service.service [-] database.mysql_sql_mode = TRADITIONAL log_opt_values /usr/lib/python3/dist-packages/oslo_config/cfg.py:2609
2026-06-11 00:34:06.473 39349 DEBUG oslo_service.service [-] database.pool_timeout = None log_opt_values /usr/lib/python3/dist-packages/oslo_config/cfg.py:2609
2026-06-11 00:34:06.473 39349 DEBUG oslo_service.service [-] database.retry_interval = 10 log_opt_values /usr/lib/python3/dist-packages/oslo_config/cfg.py:2609
2026-06-11 00:34:06.473 39349 DEBUG oslo_service.service [-] database.slave_connection = **** log_opt_values /usr/lib/python3/dist-packages/oslo_config/cfg.py:2609
2026-06-11 00:34:06.473 39349 DEBUG oslo_service.service [-] database.sqlite_synchronous = True log_opt_values /usr/lib/python3/dist-packages/oslo_config/cfg.py:2609
2026-06-11 00:34:06.474 39349 DEBUG oslo_service.service [-] database.use_db_reconnect = False log_opt_values /usr/lib/python3/dist-packages/oslo_config/cfg.py:2609
2026-06-11 00:34:06.474 39349 DEBUG oslo_service.service [-] oslo_messaging_metrics.metrics_buffer_size = 1000 log_opt_values /usr/lib/python3/dist-packages/oslo_config/cfg.py:2609
2026-06-11 00:34:06.474 39349 DEBUG oslo_service.service [-] oslo_messaging_metrics.metrics_enabled = False log_opt_values /usr/lib/python3/dist-packages/oslo_config/cfg.py:2609
2026-06-11 00:34:06.475 39349 DEBUG oslo_service.service [-] oslo_messaging_metrics.metrics_process_name = log_opt_values /usr/lib/python3/dist-packages/oslo_config/cfg.py:2609
2026-06-11 00:34:06.476 39349 DEBUG oslo_service.service [-] oslo_messaging_metrics.metrics_socket_file = /var/tmp/metrics_collector.sock log_opt_values /usr/lib/python3/dist-packages/oslo_config/cfg.py:2609
2026-06-11 00:34:06.476 39349 DEBUG oslo_service.service [-] oslo_messaging_metrics.metrics_thread_stop_timeout = 10 log_opt_values /usr/lib/python3/dist-packages/oslo_config/cfg.py:2609
2026-06-11 00:34:06.476 39349 DEBUG oslo_service.service [-] oslo_policy.enforce_new_defaults = False log_opt_values /usr/lib/python3/dist-packages/oslo_config/cfg.py:2609
2026-06-11 00:34:06.476 39349 DEBUG oslo_service.service [-] oslo_policy.enforce_scope = False log_opt_values /usr/lib/python3/dist-packages/oslo_config/cfg.py:2609
2026-06-11 00:34:06.477 39349 DEBUG oslo_service.service [-] oslo_policy.policy_default_rule = default log_opt_values /usr/lib/python3/dist-packages/oslo_config/cfg.py:2609
2026-06-11 00:34:06.477 39349 DEBUG oslo_service.service [-] oslo_policy.policy_dirs = ['policy.d'] log_opt_values /usr/lib/python3/dist-packages/oslo_config/cfg.py:2609
2026-06-11 00:34:06.477 39349 DEBUG oslo_service.service [-] oslo_policy.policy_file = policy.yaml log_opt_values /usr/lib/python3/dist-packages/oslo_config/cfg.py:2609
2026-06-11 00:34:06.477 39349 DEBUG oslo_service.service [-] oslo_policy.remote_content_type = application/x-www-form-urlencoded log_opt_values /usr/lib/python3/dist-packages/oslo_config/cfg.py:2609
2026-06-11 00:34:06.477 39349 DEBUG oslo_service.service [-] oslo_policy.remote_ssl_ca_crt_file = None log_opt_values /usr/lib/python3/dist-packages/oslo_config/cfg.py:2609
2026-06-11 00:34:06.478 39349 DEBUG oslo_service.service [-] oslo_policy.remote_ssl_client_crt_file = None log_opt_values /usr/lib/python3/dist-packages/oslo_config/cfg.py:2609
2026-06-11 00:34:06.482 39349 DEBUG oslo_service.service [-] oslo_policy.remote_ssl_client_key_file = None log_opt_values /usr/lib/python3/dist-packages/oslo_config/cfg.py:2609
2026-06-11 00:34:06.482 39349 DEBUG oslo_service.service [-] oslo_policy.remote_ssl_verify_server_crt = False log_opt_values /usr/lib/python3/dist-packages/oslo_config/cfg.py:2609
2026-06-11 00:34:06.483 39349 DEBUG oslo_service.service [-] trustee.auth_section = None log_opt_values /usr/lib/python3/dist-packages/oslo_config/cfg.py:2609
2026-06-11 00:34:06.483 39349 WARNING oslo_config.cfg [-] Deprecated: Option "auth_plugin" from group "trustee" is deprecated. Use option "auth_type" from group "trustee".
2026-06-11 00:34:06.484 39349 DEBUG oslo_service.service [-] trustee.auth_type = password log_opt_values /usr/lib/python3/dist-packages/oslo_config/cfg.py:2609
2026-06-11 00:34:06.484 39349 DEBUG oslo_service.service [-] oslo_versionedobjects.fatal_exception_format_errors = False log_opt_values /usr/lib/python3/dist-packages/oslo_config/cfg.py:2609
2026-06-11 00:34:06.484 39349 DEBUG oslo_service.service [-] oslo_messaging_rabbit.amqp_auto_delete = False log_opt_values /usr/lib/python3/dist-packages/oslo_config/cfg.py:2609
2026-06-11 00:34:06.484 39349 DEBUG oslo_service.service [-] oslo_messaging_rabbit.amqp_durable_queues = False log_opt_values /usr/lib/python3/dist-packages/oslo_config/cfg.py:2609
2026-06-11 00:34:06.485 39349 DEBUG oslo_service.service [-] oslo_messaging_rabbit.conn_pool_min_size = 2 log_opt_values /usr/lib/python3/dist-packages/oslo_config/cfg.py:2609
2026-06-11 00:34:06.485 39349 DEBUG oslo_service.service [-] oslo_messaging_rabbit.conn_pool_ttl = 1200 log_opt_values /usr/lib/python3/dist-packages/oslo_config/cfg.py:2609
2026-06-11 00:34:06.485 39349 DEBUG oslo_service.service [-] oslo_messaging_rabbit.direct_mandatory_flag = True log_opt_values /usr/lib/python3/dist-packages/oslo_config/cfg.py:2609
2026-06-11 00:34:06.485 39349 DEBUG oslo_service.service [-] oslo_messaging_rabbit.enable_cancel_on_failover = False log_opt_values /usr/lib/python3/dist-packages/oslo_config/cfg.py:2609
2026-06-11 00:34:06.486 39349 DEBUG oslo_service.service [-] oslo_messaging_rabbit.heartbeat_in_pthread = False log_opt_values /usr/lib/python3/dist-packages/oslo_config/cfg.py:2609
2026-06-11 00:34:06.486 39349 DEBUG oslo_service.service [-] oslo_messaging_rabbit.heartbeat_rate = 2 log_opt_values /usr/lib/python3/dist-packages/oslo_config/cfg.py:2609
2026-06-11 00:34:06.486 39349 DEBUG oslo_service.service [-] oslo_messaging_rabbit.heartbeat_timeout_threshold = 60 log_opt_values /usr/lib/python3/dist-packages/oslo_config/cfg.py:2609
2026-06-11 00:34:06.486 39349 DEBUG oslo_service.service [-] oslo_messaging_rabbit.kombu_compression = None log_opt_values /usr/lib/python3/dist-packages/oslo_config/cfg.py:2609
2026-06-11 00:34:06.486 39349 DEBUG oslo_service.service [-] oslo_messaging_rabbit.kombu_failover_strategy = round-robin log_opt_values /usr/lib/python3/dist-packages/oslo_config/cfg.py:2609
2026-06-11 00:34:06.486 39349 DEBUG oslo_service.service [-] oslo_messaging_rabbit.kombu_missing_consumer_retry_timeout = 60 log_opt_values /usr/lib/python3/dist-packages/oslo_config/cfg.py:2609
2026-06-11 00:34:06.487 39349 DEBUG oslo_service.service [-] oslo_messaging_rabbit.kombu_reconnect_delay = 1.0 log_opt_values /usr/lib/python3/dist-packages/oslo_config/cfg.py:2609
2026-06-11 00:34:06.487 39349 DEBUG oslo_service.service [-] oslo_messaging_rabbit.rabbit_ha_queues = False log_opt_values /usr/lib/python3/dist-packages/oslo_config/cfg.py:2609
2026-06-11 00:34:06.487 39349 DEBUG oslo_service.service [-] oslo_messaging_rabbit.rabbit_interval_max = 30 log_opt_values /usr/lib/python3/dist-packages/oslo_config/cfg.py:2609
2026-06-11 00:34:06.487 39349 DEBUG oslo_service.service [-] oslo_messaging_rabbit.rabbit_login_method = AMQPLAIN log_opt_values /usr/lib/python3/dist-packages/oslo_config/cfg.py:2609
2026-06-11 00:34:06.487 39349 DEBUG oslo_service.service [-] oslo_messaging_rabbit.rabbit_qos_prefetch_count = 0 log_opt_values /usr/lib/python3/dist-packages/oslo_config/cfg.py:2609
2026-06-11 00:34:06.487 39349 DEBUG oslo_service.service [-] oslo_messaging_rabbit.rabbit_quorum_queue = False log_opt_values /usr/lib/python3/dist-packages/oslo_config/cfg.py:2609
2026-06-11 00:34:06.487 39349 DEBUG oslo_service.service [-] oslo_messaging_rabbit.rabbit_retry_backoff = 2 log_opt_values /usr/lib/python3/dist-packages/oslo_config/cfg.py:2609
2026-06-11 00:34:06.488 39349 DEBUG oslo_service.service [-] oslo_messaging_rabbit.rabbit_retry_interval = 1 log_opt_values /usr/lib/python3/dist-packages/oslo_config/cfg.py:2609
2026-06-11 00:34:06.488 39349 DEBUG oslo_service.service [-] oslo_messaging_rabbit.rabbit_transient_queues_ttl = 1800 log_opt_values /usr/lib/python3/dist-packages/oslo_config/cfg.py:2609
2026-06-11 00:34:06.488 39349 DEBUG oslo_service.service [-] oslo_messaging_rabbit.rpc_conn_pool_size = 30 log_opt_values /usr/lib/python3/dist-packages/oslo_config/cfg.py:2609
2026-06-11 00:34:06.489 39349 DEBUG oslo_service.service [-] oslo_messaging_rabbit.ssl = False log_opt_values /usr/lib/python3/dist-packages/oslo_config/cfg.py:2609
2026-06-11 00:34:06.490 39349 DEBUG oslo_service.service [-] oslo_messaging_rabbit.ssl_ca_file = log_opt_values /usr/lib/python3/dist-packages/oslo_config/cfg.py:2609
2026-06-11 00:34:06.491 39349 DEBUG oslo_service.service [-] oslo_messaging_rabbit.ssl_cert_file = log_opt_values /usr/lib/python3/dist-packages/oslo_config/cfg.py:2609
2026-06-11 00:34:06.492 39349 DEBUG oslo_service.service [-] oslo_messaging_rabbit.ssl_key_file = log_opt_values /usr/lib/python3/dist-packages/oslo_config/cfg.py:2609
2026-06-11 00:34:06.492 39349 DEBUG oslo_service.service [-] oslo_messaging_rabbit.ssl_version = log_opt_values /usr/lib/python3/dist-packages/oslo_config/cfg.py:2609
2026-06-11 00:34:06.492 39349 DEBUG oslo_service.service [-] oslo_messaging_notifications.driver = [] log_opt_values /usr/lib/python3/dist-packages/oslo_config/cfg.py:2609
2026-06-11 00:34:06.493 39349 DEBUG oslo_service.service [-] oslo_messaging_notifications.retry = -1 log_opt_values /usr/lib/python3/dist-packages/oslo_config/cfg.py:2609
2026-06-11 00:34:06.493 39349 DEBUG oslo_service.service [-] oslo_messaging_notifications.topics = ['notifications'] log_opt_values /usr/lib/python3/dist-packages/oslo_config/cfg.py:2609
2026-06-11 00:34:06.493 39349 DEBUG oslo_service.service [-] oslo_messaging_notifications.transport_url = **** log_opt_values /usr/lib/python3/dist-packages/oslo_config/cfg.py:2609
2026-06-11 00:34:06.494 39349 DEBUG oslo_service.service [-] cache.backend = dogpile.cache.null log_opt_values /usr/lib/python3/dist-packages/oslo_config/cfg.py:2609
2026-06-11 00:34:06.494 39349 DEBUG oslo_service.service [-] cache.backend_argument = **** log_opt_values /usr/lib/python3/dist-packages/oslo_config/cfg.py:2609
2026-06-11 00:34:06.494 39349 DEBUG oslo_service.service [-] cache.config_prefix = cache.oslo log_opt_values /usr/lib/python3/dist-packages/oslo_config/cfg.py:2609
2026-06-11 00:34:06.494 39349 DEBUG oslo_service.service [-] cache.debug_cache_backend = False log_opt_values /usr/lib/python3/dist-packages/oslo_config/cfg.py:2609
2026-06-11 00:34:06.494 39349 DEBUG oslo_service.service [-] cache.enabled = False log_opt_values /usr/lib/python3/dist-packages/oslo_config/cfg.py:2609
2026-06-11 00:34:06.494 39349 DEBUG oslo_service.service [-] cache.expiration_time = 600 log_opt_values /usr/lib/python3/dist-packages/oslo_config/cfg.py:2609
2026-06-11 00:34:06.494 39349 DEBUG oslo_service.service [-] cache.memcache_dead_retry = 300 log_opt_values /usr/lib/python3/dist-packages/oslo_config/cfg.py:2609
2026-06-11 00:34:06.495 39349 DEBUG oslo_service.service [-] cache.memcache_pool_connection_get_timeout = 10 log_opt_values /usr/lib/python3/dist-packages/oslo_config/cfg.py:2609
2026-06-11 00:34:06.495 39349 DEBUG oslo_service.service [-] cache.memcache_pool_flush_on_reconnect = False log_opt_values /usr/lib/python3/dist-packages/oslo_config/cfg.py:2609
2026-06-11 00:34:06.495 39349 DEBUG oslo_service.service [-] cache.memcache_pool_maxsize = 10 log_opt_values /usr/lib/python3/dist-packages/oslo_config/cfg.py:2609
2026-06-11 00:34:06.495 39349 DEBUG oslo_service.service [-] cache.memcache_pool_unused_timeout = 60 log_opt_values /usr/lib/python3/dist-packages/oslo_config/cfg.py:2609
2026-06-11 00:34:06.495 39349 DEBUG oslo_service.service [-] cache.memcache_servers = ['localhost:11211'] log_opt_values /usr/lib/python3/dist-packages/oslo_config/cfg.py:2609
2026-06-11 00:34:06.496 39349 DEBUG oslo_service.service [-] cache.memcache_socket_timeout = 1.0 log_opt_values /usr/lib/python3/dist-packages/oslo_config/cfg.py:2609
2026-06-11 00:34:06.496 39349 DEBUG oslo_service.service [-] cache.proxies = [] log_opt_values /usr/lib/python3/dist-packages/oslo_config/cfg.py:2609
2026-06-11 00:34:06.496 39349 DEBUG oslo_service.service [-] cache.tls_allowed_ciphers = None log_opt_values /usr/lib/python3/dist-packages/oslo_config/cfg.py:2609
2026-06-11 00:34:06.496 39349 DEBUG oslo_service.service [-] cache.tls_cafile = None log_opt_values /usr/lib/python3/dist-packages/oslo_config/cfg.py:2609
2026-06-11 00:34:06.496 39349 DEBUG oslo_service.service [-] cache.tls_certfile = None log_opt_values /usr/lib/python3/dist-packages/oslo_config/cfg.py:2609
2026-06-11 00:34:06.496 39349 DEBUG oslo_service.service [-] cache.tls_enabled = False log_opt_values /usr/lib/python3/dist-packages/oslo_config/cfg.py:2609
2026-06-11 00:34:06.496 39349 DEBUG oslo_service.service [-] cache.tls_keyfile = None log_opt_values /usr/lib/python3/dist-packages/oslo_config/cfg.py:2609
2026-06-11 00:34:06.496 39349 DEBUG oslo_service.service [-] constraint_validation_cache.caching = True log_opt_values /usr/lib/python3/dist-packages/oslo_config/cfg.py:2609
2026-06-11 00:34:06.497 39349 DEBUG oslo_service.service [-] constraint_validation_cache.expiration_time = 60 log_opt_values /usr/lib/python3/dist-packages/oslo_config/cfg.py:2609
2026-06-11 00:34:06.497 39349 DEBUG oslo_service.service [-] service_extension_cache.caching = True log_opt_values /usr/lib/python3/dist-packages/oslo_config/cfg.py:2609
2026-06-11 00:34:06.497 39349 DEBUG oslo_service.service [-] service_extension_cache.expiration_time = 3600 log_opt_values /usr/lib/python3/dist-packages/oslo_config/cfg.py:2609
2026-06-11 00:34:06.498 39349 DEBUG oslo_service.service [-] resource_finder_cache.caching = True log_opt_values /usr/lib/python3/dist-packages/oslo_config/cfg.py:2609
2026-06-11 00:34:06.498 39349 DEBUG oslo_service.service [-] resource_finder_cache.expiration_time = 3600 log_opt_values /usr/lib/python3/dist-packages/oslo_config/cfg.py:2609
2026-06-11 00:34:06.499 39349 DEBUG oslo_service.service [-] yaql.limit_iterators = 200 log_opt_values /usr/lib/python3/dist-packages/oslo_config/cfg.py:2609
2026-06-11 00:34:06.499 39349 DEBUG oslo_service.service [-] yaql.memory_quota = 10000 log_opt_values /usr/lib/python3/dist-packages/oslo_config/cfg.py:2609
2026-06-11 00:34:06.499 39349 DEBUG oslo_service.service [-] ******************************************************************************** log_opt_values /usr/lib/python3/dist-packages/oslo_config/cfg.py:2613
2026-06-11 00:34:06.502 39561 INFO heat.engine.worker [-] Starting engine_worker (1.4) in engine 808e4df4-2703-4398-9fda-c46d04c28595.
2026-06-11 00:34:06.538 39560 DEBUG oslo_db.sqlalchemy.engines [req-18581d06-c353-4695-8f31-70bc457c4419 - - - - -] MySQL server mode set to STRICT_TRANS_TABLES,STRICT_ALL_TABLES,NO_ZERO_IN_DATE,NO_ZERO_DATE,ERROR_FOR_DIVISION_BY_ZERO,TRADITIONAL,NO_ENGINE_SUBSTITUTION _check_effective_sql_mode /usr/lib/python3/dist-packages/oslo_db/sqlalchemy/engines.py:314
2026-06-11 00:34:06.542 39558 DEBUG oslo_db.sqlalchemy.engines [req-acde9181-3f22-407c-9ee0-8eccbd4827e6 - - - - -] MySQL server mode set to STRICT_TRANS_TABLES,STRICT_ALL_TABLES,NO_ZERO_IN_DATE,NO_ZERO_DATE,ERROR_FOR_DIVISION_BY_ZERO,TRADITIONAL,NO_ENGINE_SUBSTITUTION _check_effective_sql_mode /usr/lib/python3/dist-packages/oslo_db/sqlalchemy/engines.py:314
2026-06-11 00:34:06.575 39559 DEBUG oslo_db.sqlalchemy.engines [req-cfa7f9d3-cecc-45c1-acca-fb2deed971da - - - - -] MySQL server mode set to STRICT_TRANS_TABLES,STRICT_ALL_TABLES,NO_ZERO_IN_DATE,NO_ZERO_DATE,ERROR_FOR_DIVISION_BY_ZERO,TRADITIONAL,NO_ENGINE_SUBSTITUTION _check_effective_sql_mode /usr/lib/python3/dist-packages/oslo_db/sqlalchemy/engines.py:314
2026-06-11 00:34:06.599 39561 DEBUG oslo_db.sqlalchemy.engines [req-6522947d-bf2d-4935-a37d-cd7026445f01 - - - - -] MySQL server mode set to STRICT_TRANS_TABLES,STRICT_ALL_TABLES,NO_ZERO_IN_DATE,NO_ZERO_DATE,ERROR_FOR_DIVISION_BY_ZERO,TRADITIONAL,NO_ENGINE_SUBSTITUTION _check_effective_sql_mode /usr/lib/python3/dist-packages/oslo_db/sqlalchemy/engines.py:314
2026-06-11 00:34:06.648 39558 DEBUG heat.engine.service [req-d9540ab0-8400-46e2-b816-53d3ef79e66d - - - - -] Service 1adeaa70-a4b9-4f26-a712-3d0a92ad5e65 is started service_manage_report /usr/lib/python3/dist-packages/heat/engine/service.py:2363
2026-06-11 00:34:06.670 39559 DEBUG heat.engine.service [req-edc2bb75-b45b-42b1-a946-34a96f288d8a - - - - -] Service ad0a703c-ab4f-49de-beab-d499cdd4a18f is started service_manage_report /usr/lib/python3/dist-packages/heat/engine/service.py:2363
2026-06-11 00:34:06.677 39558 DEBUG heat.engine.service [req-d9540ab0-8400-46e2-b816-53d3ef79e66d - - - - -] Service 1adeaa70-a4b9-4f26-a712-3d0a92ad5e65 is updated service_manage_report /usr/lib/python3/dist-packages/heat/engine/service.py:2370
2026-06-11 00:34:06.694 39559 DEBUG heat.engine.service [req-edc2bb75-b45b-42b1-a946-34a96f288d8a - - - - -] Service ad0a703c-ab4f-49de-beab-d499cdd4a18f is updated service_manage_report /usr/lib/python3/dist-packages/heat/engine/service.py:2370
2026-06-11 00:34:06.704 39560 DEBUG heat.engine.service [req-51fb462d-eab8-4bde-9234-953e6f46646f - - - - -] Service 5f1bb93b-69e1-48cf-a823-d1497b52f779 is started service_manage_report /usr/lib/python3/dist-packages/heat/engine/service.py:2363
2026-06-11 00:34:06.726 39560 DEBUG heat.engine.service [req-51fb462d-eab8-4bde-9234-953e6f46646f - - - - -] Service 5f1bb93b-69e1-48cf-a823-d1497b52f779 is updated service_manage_report /usr/lib/python3/dist-packages/heat/engine/service.py:2370
2026-06-11 00:34:06.763 39561 DEBUG heat.engine.service [req-1805206f-261e-45c9-931b-d68e30264406 - - - - -] Service 341617b1-8461-4d77-9c28-12c9fa255da1 is started service_manage_report /usr/lib/python3/dist-packages/heat/engine/service.py:2363
2026-06-11 00:34:06.778 39561 DEBUG heat.engine.service [req-1805206f-261e-45c9-931b-d68e30264406 - - - - -] Service 341617b1-8461-4d77-9c28-12c9fa255da1 is updated service_manage_report /usr/lib/python3/dist-packages/heat/engine/service.py:2370
2026-06-11 00:35:06.615 39558 DEBUG heat.engine.service [req-24124172-29f7-4af3-959a-0b92ac0c195f - - - - -] Service 1adeaa70-a4b9-4f26-a712-3d0a92ad5e65 is updated service_manage_report /usr/lib/python3/dist-packages/heat/engine/service.py:2370
2026-06-11 00:35:06.650 39559 DEBUG heat.engine.service [req-001f72f2-6381-4410-ae24-d2e02c730e99 - - - - -] Service ad0a703c-ab4f-49de-beab-d499cdd4a18f is updated service_manage_report /usr/lib/python3/dist-packages/heat/engine/service.py:2370
2026-06-11 00:35:06.671 39560 DEBUG heat.engine.service [req-7c1f69fc-6c58-48d0-9f3c-5a01fe38d851 - - - - -] Service 5f1bb93b-69e1-48cf-a823-d1497b52f779 is updated service_manage_report /usr/lib/python3/dist-packages/heat/engine/service.py:2370
2026-06-11 00:35:06.733 39561 DEBUG heat.engine.service [req-79f78b96-1c9e-4c48-92f1-1f95314a3df5 - - - - -] Service 341617b1-8461-4d77-9c28-12c9fa255da1 is updated service_manage_report /usr/lib/python3/dist-packages/heat/engine/service.py:2370
2026-06-11 00:36:06.612 39558 DEBUG heat.engine.service [req-88ecc0cf-2b8d-4fb9-acae-498003770291 - - - - -] Service 1adeaa70-a4b9-4f26-a712-3d0a92ad5e65 is updated service_manage_report /usr/lib/python3/dist-packages/heat/engine/service.py:2370
2026-06-11 00:36:06.654 39559 DEBUG heat.engine.service [req-8d77ef2c-4adf-4419-9154-6bcdb8640c50 - - - - -] Service ad0a703c-ab4f-49de-beab-d499cdd4a18f is updated service_manage_report /usr/lib/python3/dist-packages/heat/engine/service.py:2370
2026-06-11 00:36:06.676 39560 DEBUG heat.engine.service [req-d33821ae-3319-448e-ade6-f571ae39d828 - - - - -] Service 5f1bb93b-69e1-48cf-a823-d1497b52f779 is updated service_manage_report /usr/lib/python3/dist-packages/heat/engine/service.py:2370
2026-06-11 00:36:06.737 39561 DEBUG heat.engine.service [req-1790dfc1-a7f2-4747-9bf7-fa537a1078df - - - - -] Service 341617b1-8461-4d77-9c28-12c9fa255da1 is updated service_manage_report /usr/lib/python3/dist-packages/heat/engine/service.py:2370
2026-06-11 00:37:06.611 39558 DEBUG heat.engine.service [req-17bf83d5-f842-4442-82b5-acaa38c5fc52 - - - - -] Service 1adeaa70-a4b9-4f26-a712-3d0a92ad5e65 is updated service_manage_report /usr/lib/python3/dist-packages/heat/engine/service.py:2370
2026-06-11 00:37:06.658 39559 DEBUG heat.engine.service [req-440b9f30-7684-4cd1-89f7-64d789ff8907 - - - - -] Service ad0a703c-ab4f-49de-beab-d499cdd4a18f is updated service_manage_report /usr/lib/python3/dist-packages/heat/engine/service.py:2370
2026-06-11 00:37:06.680 39560 DEBUG heat.engine.service [req-eb073be6-b940-4d35-93fd-863f22ffda27 - - - - -] Service 5f1bb93b-69e1-48cf-a823-d1497b52f779 is updated service_manage_report /usr/lib/python3/dist-packages/heat/engine/service.py:2370
2026-06-11 00:37:06.743 39561 DEBUG heat.engine.service [req-b3da833d-ee88-4613-b240-30e091d7695b - - - - -] Service 341617b1-8461-4d77-9c28-12c9fa255da1 is updated service_manage_report /usr/lib/python3/dist-packages/heat/engine/service.py:2370
2026-06-11 00:38:06.605 39558 DEBUG heat.engine.service [req-628a0f24-32c8-41f9-9c4c-2fe91d55f812 - - - - -] Service 1adeaa70-a4b9-4f26-a712-3d0a92ad5e65 is updated service_manage_report /usr/lib/python3/dist-packages/heat/engine/service.py:2370
2026-06-11 00:38:06.665 39559 DEBUG heat.engine.service [req-fc627d22-38b9-448c-b349-295c28204668 - - - - -] Service ad0a703c-ab4f-49de-beab-d499cdd4a18f is updated service_manage_report /usr/lib/python3/dist-packages/heat/engine/service.py:2370
2026-06-11 00:38:06.685 39560 DEBUG heat.engine.service [req-19ccb84f-fa9e-417b-a7e6-bba1629fd278 - - - - -] Service 5f1bb93b-69e1-48cf-a823-d1497b52f779 is updated service_manage_report /usr/lib/python3/dist-packages/heat/engine/service.py:2370
2026-06-11 00:38:06.749 39561 DEBUG heat.engine.service [req-505242a8-4562-485f-97b0-672886c32a4f - - - - -] Service 341617b1-8461-4d77-9c28-12c9fa255da1 is updated service_manage_report /usr/lib/python3/dist-packages/heat/engine/service.py:2370
2026-06-11 00:39:06.615 39558 DEBUG heat.engine.service [req-4dadd078-f535-45c3-8957-e9db98dd19d4 - - - - -] Service 1adeaa70-a4b9-4f26-a712-3d0a92ad5e65 is updated service_manage_report /usr/lib/python3/dist-packages/heat/engine/service.py:2370
2026-06-11 00:39:06.660 39559 DEBUG heat.engine.service [req-0cd2fc18-f280-4713-b9a4-5b46b77b6286 - - - - -] Service ad0a703c-ab4f-49de-beab-d499cdd4a18f is updated service_manage_report /usr/lib/python3/dist-packages/heat/engine/service.py:2370
2026-06-11 00:39:06.693 39560 DEBUG heat.engine.service [req-e8f00a67-d252-4ec2-8847-de6130d50839 - - - - -] Service 5f1bb93b-69e1-48cf-a823-d1497b52f779 is updated service_manage_report /usr/lib/python3/dist-packages/heat/engine/service.py:2370
2026-06-11 00:39:06.744 39561 DEBUG heat.engine.service [req-ccec739c-acd1-44fb-986f-ca9043a3b153 - - - - -] Service 341617b1-8461-4d77-9c28-12c9fa255da1 is updated service_manage_report /usr/lib/python3/dist-packages/heat/engine/service.py:2370
2026-06-11 00:40:06.608 39558 DEBUG heat.engine.service [req-8bf678da-fe8a-472d-aa14-d6c806e2b857 - - - - -] Service 1adeaa70-a4b9-4f26-a712-3d0a92ad5e65 is updated service_manage_report /usr/lib/python3/dist-packages/heat/engine/service.py:2370
2026-06-11 00:40:06.664 39559 DEBUG heat.engine.service [req-2baa99bd-3620-4fee-85ae-617710d108f7 - - - - -] Service ad0a703c-ab4f-49de-beab-d499cdd4a18f is updated service_manage_report /usr/lib/python3/dist-packages/heat/engine/service.py:2370
2026-06-11 00:40:06.689 39560 DEBUG heat.engine.service [req-7509655e-de5d-4db6-a229-ab407df358de - - - - -] Service 5f1bb93b-69e1-48cf-a823-d1497b52f779 is updated service_manage_report /usr/lib/python3/dist-packages/heat/engine/service.py:2370
2026-06-11 00:40:06.748 39561 DEBUG heat.engine.service [req-afbe9d5a-eeb3-47dc-9aab-dc6957e240f6 - - - - -] Service 341617b1-8461-4d77-9c28-12c9fa255da1 is updated service_manage_report /usr/lib/python3/dist-packages/heat/engine/service.py:2370
2026-06-11 00:41:06.617 39558 DEBUG heat.engine.service [req-c401b3f1-cf87-4e18-b1f1-c9100f302173 - - - - -] Service 1adeaa70-a4b9-4f26-a712-3d0a92ad5e65 is updated service_manage_report /usr/lib/python3/dist-packages/heat/engine/service.py:2370
2026-06-11 00:41:06.669 39559 DEBUG heat.engine.service [req-cd2b2b63-1048-4f5c-a2f3-bbd4d0c653b9 - - - - -] Service ad0a703c-ab4f-49de-beab-d499cdd4a18f is updated service_manage_report /usr/lib/python3/dist-packages/heat/engine/service.py:2370
2026-06-11 00:41:06.694 39560 DEBUG heat.engine.service [req-b829a2c0-2929-4eff-9967-aa543e0f6c64 - - - - -] Service 5f1bb93b-69e1-48cf-a823-d1497b52f779 is updated service_manage_report /usr/lib/python3/dist-packages/heat/engine/service.py:2370
2026-06-11 00:41:06.752 39561 DEBUG heat.engine.service [req-3f4d39ea-5146-4c9c-bd8f-1256b19e1c6a - - - - -] Service 341617b1-8461-4d77-9c28-12c9fa255da1 is updated service_manage_report /usr/lib/python3/dist-packages/heat/engine/service.py:2370
2026-06-11 00:42:06.613 39558 DEBUG heat.engine.service [req-8b9be9b0-ef2e-4cbd-bb23-2c7a73c14dd5 - - - - -] Service 1adeaa70-a4b9-4f26-a712-3d0a92ad5e65 is updated service_manage_report /usr/lib/python3/dist-packages/heat/engine/service.py:2370
2026-06-11 00:42:06.674 39559 DEBUG heat.engine.service [req-8b4eb742-cc22-4746-ab42-4ba50c42db8d - - - - -] Service ad0a703c-ab4f-49de-beab-d499cdd4a18f is updated service_manage_report /usr/lib/python3/dist-packages/heat/engine/service.py:2370
2026-06-11 00:42:06.698 39560 DEBUG heat.engine.service [req-2f8cafd2-f69b-4aa5-b3dc-adfe0bed3093 - - - - -] Service 5f1bb93b-69e1-48cf-a823-d1497b52f779 is updated service_manage_report /usr/lib/python3/dist-packages/heat/engine/service.py:2370
2026-06-11 00:42:06.757 39561 DEBUG heat.engine.service [req-780b3f40-92ac-48b3-8cc0-79311e110296 - - - - -] Service 341617b1-8461-4d77-9c28-12c9fa255da1 is updated service_manage_report /usr/lib/python3/dist-packages/heat/engine/service.py:2370
2026-06-11 00:43:06.609 39558 DEBUG heat.engine.service [req-51c4950f-0da6-4779-9d93-b67a66e908d8 - - - - -] Service 1adeaa70-a4b9-4f26-a712-3d0a92ad5e65 is updated service_manage_report /usr/lib/python3/dist-packages/heat/engine/service.py:2370
2026-06-11 00:43:06.680 39559 DEBUG heat.engine.service [req-8974503d-f78f-42fc-a1f8-b2851c0f6377 - - - - -] Service ad0a703c-ab4f-49de-beab-d499cdd4a18f is updated service_manage_report /usr/lib/python3/dist-packages/heat/engine/service.py:2370
2026-06-11 00:43:06.705 39560 DEBUG heat.engine.service [req-00e9733a-1b89-4a91-a1b9-5be28caee80a - - - - -] Service 5f1bb93b-69e1-48cf-a823-d1497b52f779 is updated service_manage_report /usr/lib/python3/dist-packages/heat/engine/service.py:2370
2026-06-11 00:43:06.763 39561 DEBUG heat.engine.service [req-7010f3bf-6124-47d2-b3fa-d1a83969a734 - - - - -] Service 341617b1-8461-4d77-9c28-12c9fa255da1 is updated service_manage_report /usr/lib/python3/dist-packages/heat/engine/service.py:2370
2026-06-11 00:44:06.614 39558 DEBUG heat.engine.service [req-3a8610b7-ce9c-4487-8702-895e5e52228c - - - - -] Service 1adeaa70-a4b9-4f26-a712-3d0a92ad5e65 is updated service_manage_report /usr/lib/python3/dist-packages/heat/engine/service.py:2370
2026-06-11 00:44:06.674 39559 DEBUG heat.engine.service [req-53063935-fbd3-4d05-936c-85c541df2c6b - - - - -] Service ad0a703c-ab4f-49de-beab-d499cdd4a18f is updated service_manage_report /usr/lib/python3/dist-packages/heat/engine/service.py:2370
2026-06-11 00:44:06.702 39560 DEBUG heat.engine.service [req-7c176930-9e6f-4b0a-b5e4-c4c5e67ad599 - - - - -] Service 5f1bb93b-69e1-48cf-a823-d1497b52f779 is updated service_manage_report /usr/lib/python3/dist-packages/heat/engine/service.py:2370
2026-06-11 00:44:06.757 39561 DEBUG heat.engine.service [req-5aeb6791-c316-454e-bbb2-3b7c66d66bfe - - - - -] Service 341617b1-8461-4d77-9c28-12c9fa255da1 is updated service_manage_report /usr/lib/python3/dist-packages/heat/engine/service.py:2370
2026-06-11 00:45:06.619 39558 DEBUG heat.engine.service [req-8e3de4a9-cbb4-4115-87f5-5fd7a573f9ae - - - - -] Service 1adeaa70-a4b9-4f26-a712-3d0a92ad5e65 is updated service_manage_report /usr/lib/python3/dist-packages/heat/engine/service.py:2370
