2026-06-08 00:34:33.624 135391 DEBUG oslo_messaging._drivers.amqpdriver [-] Listener is running poll /usr/lib/python3/dist-packages/oslo_messaging/_drivers/amqpdriver.py:343
2026-06-08 00:34:33.624 135391 DEBUG oslo_messaging._drivers.amqpdriver [-] AMQPListener connection consume poll /usr/lib/python3/dist-packages/oslo_messaging/_drivers/amqpdriver.py:357
2026-06-08 00:34:33.638 135395 DEBUG oslo_messaging._drivers.amqpdriver [-] Listener is running poll /usr/lib/python3/dist-packages/oslo_messaging/_drivers/amqpdriver.py:343
2026-06-08 00:34:33.639 135395 DEBUG oslo_messaging._drivers.amqpdriver [-] AMQPListener connection consume poll /usr/lib/python3/dist-packages/oslo_messaging/_drivers/amqpdriver.py:357
2026-06-08 00:34:33.639 135395 DEBUG nova.service [req-d96ba9b9-30e9-41e8-aff6-d6513742be49 - - - - -] Join ServiceGroup membership for this service scheduler start /usr/lib/python3/dist-packages/nova/service.py:199
2026-06-08 00:34:33.639 135395 DEBUG nova.servicegroup.drivers.db [req-d96ba9b9-30e9-41e8-aff6-d6513742be49 - - - - -] DB_Driver: join new ServiceGroup member juju-41701f-0-lxd-7 to the scheduler group, service = join /usr/lib/python3/dist-packages/nova/servicegroup/drivers/db.py:44
2026-06-08 00:34:33.642 135395 DEBUG oslo_messaging._drivers.amqpdriver [-] AMQPListener connection timeout poll /usr/lib/python3/dist-packages/oslo_messaging/_drivers/amqpdriver.py:360
2026-06-08 00:34:33.642 135395 DEBUG oslo_messaging._drivers.amqpdriver [-] Listener is running poll /usr/lib/python3/dist-packages/oslo_messaging/_drivers/amqpdriver.py:343
2026-06-08 00:34:33.642 135395 DEBUG oslo_messaging._drivers.amqpdriver [-] AMQPListener connection consume poll /usr/lib/python3/dist-packages/oslo_messaging/_drivers/amqpdriver.py:357
2026-06-08 00:34:34.622 135393 DEBUG oslo_messaging._drivers.amqpdriver [-] AMQPListener connection timeout poll /usr/lib/python3/dist-packages/oslo_messaging/_drivers/amqpdriver.py:360
2026-06-08 00:34:34.623 135393 DEBUG oslo_messaging._drivers.amqpdriver [-] Listener is running poll /usr/lib/python3/dist-packages/oslo_messaging/_drivers/amqpdriver.py:343
2026-06-08 00:34:34.623 135393 DEBUG oslo_messaging._drivers.amqpdriver [-] AMQPListener connection consume poll /usr/lib/python3/dist-packages/oslo_messaging/_drivers/amqpdriver.py:357
2026-06-08 00:34:34.624 135402 DEBUG oslo_messaging._drivers.amqpdriver [-] AMQPListener connection timeout poll /usr/lib/python3/dist-packages/oslo_messaging/_drivers/amqpdriver.py:360
2026-06-08 00:34:34.625 135402 DEBUG oslo_messaging._drivers.amqpdriver [-] Listener is running poll /usr/lib/python3/dist-packages/oslo_messaging/_drivers/amqpdriver.py:343
2026-06-08 00:34:34.625 135402 DEBUG oslo_messaging._drivers.amqpdriver [-] AMQPListener connection consume poll /usr/lib/python3/dist-packages/oslo_messaging/_drivers/amqpdriver.py:357
2026-06-08 00:34:34.626 135391 DEBUG oslo_messaging._drivers.amqpdriver [-] AMQPListener connection timeout poll /usr/lib/python3/dist-packages/oslo_messaging/_drivers/amqpdriver.py:360
2026-06-08 00:34:34.626 135391 DEBUG oslo_messaging._drivers.amqpdriver [-] Listener is running poll /usr/lib/python3/dist-packages/oslo_messaging/_drivers/amqpdriver.py:343
2026-06-08 00:34:34.626 135391 DEBUG oslo_messaging._drivers.amqpdriver [-] AMQPListener connection consume poll /usr/lib/python3/dist-packages/oslo_messaging/_drivers/amqpdriver.py:357
2026-06-08 00:34:34.642 135395 DEBUG oslo_messaging._drivers.amqpdriver [-] AMQPListener connection timeout poll /usr/lib/python3/dist-packages/oslo_messaging/_drivers/amqpdriver.py:360
2026-06-08 00:34:34.643 135395 DEBUG oslo_messaging._drivers.amqpdriver [-] Listener is running poll /usr/lib/python3/dist-packages/oslo_messaging/_drivers/amqpdriver.py:343
2026-06-08 00:34:34.643 135395 DEBUG oslo_messaging._drivers.amqpdriver [-] AMQPListener connection consume poll /usr/lib/python3/dist-packages/oslo_messaging/_drivers/amqpdriver.py:357
2026-06-08 00:34:36.624 135393 DEBUG oslo_messaging._drivers.amqpdriver [-] AMQPListener connection timeout poll /usr/lib/python3/dist-packages/oslo_messaging/_drivers/amqpdriver.py:360
2026-06-08 00:34:36.624 135393 DEBUG oslo_messaging._drivers.amqpdriver [-] Listener is running poll /usr/lib/python3/dist-packages/oslo_messaging/_drivers/amqpdriver.py:343
2026-06-08 00:34:36.625 135393 DEBUG oslo_messaging._drivers.amqpdriver [-] AMQPListener connection consume poll /usr/lib/python3/dist-packages/oslo_messaging/_drivers/amqpdriver.py:357
2026-06-08 00:34:36.625 135391 DEBUG oslo_service.periodic_task [req-ae526f10-6022-46ec-8a63-f046d8118dc6 - - - - -] Running periodic task SchedulerManager._discover_hosts_in_cells run_periodic_tasks /usr/lib/python3/dist-packages/oslo_service/periodic_task.py:210
2026-06-08 00:34:36.626 135391 DEBUG oslo_db.sqlalchemy.engines [req-ae526f10-6022-46ec-8a63-f046d8118dc6 - - - - -] Parent process 134442 forked (135391) with an open database connection, which is being discarded and recreated. checkout /usr/lib/python3/dist-packages/oslo_db/sqlalchemy/engines.py:413
2026-06-08 00:34:36.627 135391 DEBUG oslo_messaging._drivers.amqpdriver [-] AMQPListener connection timeout poll /usr/lib/python3/dist-packages/oslo_messaging/_drivers/amqpdriver.py:360
2026-06-08 00:34:36.627 135391 DEBUG oslo_messaging._drivers.amqpdriver [-] Listener is running poll /usr/lib/python3/dist-packages/oslo_messaging/_drivers/amqpdriver.py:343
2026-06-08 00:34:36.627 135391 DEBUG oslo_messaging._drivers.amqpdriver [-] AMQPListener connection consume poll /usr/lib/python3/dist-packages/oslo_messaging/_drivers/amqpdriver.py:357
2026-06-08 00:34:36.627 135402 DEBUG oslo_messaging._drivers.amqpdriver [-] AMQPListener connection timeout poll /usr/lib/python3/dist-packages/oslo_messaging/_drivers/amqpdriver.py:360
2026-06-08 00:34:36.628 135402 DEBUG oslo_messaging._drivers.amqpdriver [-] Listener is running poll /usr/lib/python3/dist-packages/oslo_messaging/_drivers/amqpdriver.py:343
2026-06-08 00:34:36.628 135402 DEBUG oslo_messaging._drivers.amqpdriver [-] AMQPListener connection consume poll /usr/lib/python3/dist-packages/oslo_messaging/_drivers/amqpdriver.py:357
2026-06-08 00:34:36.641 135391 DEBUG oslo_concurrency.lockutils [req-ae526f10-6022-46ec-8a63-f046d8118dc6 - - - - -] Lock "b94f3628-078b-46f5-9188-9e853daeb18d" acquired by "nova.context.set_target_cell..get_or_set_cached_cell_and_set_connections" :: waited 0.000s inner /usr/lib/python3/dist-packages/oslo_concurrency/lockutils.py:386
2026-06-08 00:34:36.643 135391 DEBUG oslo_concurrency.lockutils [req-ae526f10-6022-46ec-8a63-f046d8118dc6 - - - - -] Lock "b94f3628-078b-46f5-9188-9e853daeb18d" "released" by "nova.context.set_target_cell..get_or_set_cached_cell_and_set_connections" :: held 0.002s inner /usr/lib/python3/dist-packages/oslo_concurrency/lockutils.py:400
2026-06-08 00:34:36.644 135395 DEBUG oslo_messaging._drivers.amqpdriver [-] AMQPListener connection timeout poll /usr/lib/python3/dist-packages/oslo_messaging/_drivers/amqpdriver.py:360
2026-06-08 00:34:36.644 135395 DEBUG oslo_messaging._drivers.amqpdriver [-] Listener is running poll /usr/lib/python3/dist-packages/oslo_messaging/_drivers/amqpdriver.py:343
2026-06-08 00:34:36.645 135395 DEBUG oslo_messaging._drivers.amqpdriver [-] AMQPListener connection consume poll /usr/lib/python3/dist-packages/oslo_messaging/_drivers/amqpdriver.py:357
2026-06-08 00:34:36.649 135391 DEBUG oslo_db.sqlalchemy.engines [req-ae526f10-6022-46ec-8a63-f046d8118dc6 - - - - -] MySQL server mode set to STRICT_TRANS_TABLES,STRICT_ALL_TABLES,NO_ZERO_IN_DATE,NO_ZERO_DATE,ERROR_FOR_DIVISION_BY_ZERO,TRADITIONAL,NO_ENGINE_SUBSTITUTION _check_effective_sql_mode /usr/lib/python3/dist-packages/oslo_db/sqlalchemy/engines.py:314
2026-06-08 00:34:40.626 135393 DEBUG oslo_messaging._drivers.amqpdriver [-] AMQPListener connection timeout poll /usr/lib/python3/dist-packages/oslo_messaging/_drivers/amqpdriver.py:360
2026-06-08 00:34:40.627 135393 DEBUG oslo_messaging._drivers.amqpdriver [-] Listener is running poll /usr/lib/python3/dist-packages/oslo_messaging/_drivers/amqpdriver.py:343
2026-06-08 00:34:40.627 135393 DEBUG oslo_messaging._drivers.amqpdriver [-] AMQPListener connection consume poll /usr/lib/python3/dist-packages/oslo_messaging/_drivers/amqpdriver.py:357
2026-06-08 00:34:40.629 135391 DEBUG oslo_messaging._drivers.amqpdriver [-] AMQPListener connection timeout poll /usr/lib/python3/dist-packages/oslo_messaging/_drivers/amqpdriver.py:360
2026-06-08 00:34:40.629 135391 DEBUG oslo_messaging._drivers.amqpdriver [-] Listener is running poll /usr/lib/python3/dist-packages/oslo_messaging/_drivers/amqpdriver.py:343
2026-06-08 00:34:40.629 135391 DEBUG oslo_messaging._drivers.amqpdriver [-] AMQPListener connection consume poll /usr/lib/python3/dist-packages/oslo_messaging/_drivers/amqpdriver.py:357
2026-06-08 00:34:40.630 135402 DEBUG oslo_messaging._drivers.amqpdriver [-] AMQPListener connection timeout poll /usr/lib/python3/dist-packages/oslo_messaging/_drivers/amqpdriver.py:360
2026-06-08 00:34:40.631 135402 DEBUG oslo_messaging._drivers.amqpdriver [-] Listener is running poll /usr/lib/python3/dist-packages/oslo_messaging/_drivers/amqpdriver.py:343
2026-06-08 00:34:40.631 135402 DEBUG oslo_messaging._drivers.amqpdriver [-] AMQPListener connection consume poll /usr/lib/python3/dist-packages/oslo_messaging/_drivers/amqpdriver.py:357
2026-06-08 00:34:40.647 135395 DEBUG oslo_messaging._drivers.amqpdriver [-] AMQPListener connection timeout poll /usr/lib/python3/dist-packages/oslo_messaging/_drivers/amqpdriver.py:360
2026-06-08 00:34:40.647 135395 DEBUG oslo_messaging._drivers.amqpdriver [-] Listener is running poll /usr/lib/python3/dist-packages/oslo_messaging/_drivers/amqpdriver.py:343
2026-06-08 00:34:40.647 135395 DEBUG oslo_messaging._drivers.amqpdriver [-] AMQPListener connection consume poll /usr/lib/python3/dist-packages/oslo_messaging/_drivers/amqpdriver.py:357
2026-06-08 00:34:48.623 135402 DEBUG oslo_service.periodic_task [req-1d1ac5f6-e14a-4233-a705-62d33fae7aa5 - - - - -] Running periodic task SchedulerManager._discover_hosts_in_cells run_periodic_tasks /usr/lib/python3/dist-packages/oslo_service/periodic_task.py:210
2026-06-08 00:34:48.624 135402 DEBUG oslo_db.sqlalchemy.engines [req-1d1ac5f6-e14a-4233-a705-62d33fae7aa5 - - - - -] Parent process 134442 forked (135402) with an open database connection, which is being discarded and recreated. checkout /usr/lib/python3/dist-packages/oslo_db/sqlalchemy/engines.py:413
2026-06-08 00:34:48.630 135393 DEBUG oslo_messaging._drivers.amqpdriver [-] AMQPListener connection timeout poll /usr/lib/python3/dist-packages/oslo_messaging/_drivers/amqpdriver.py:360
2026-06-08 00:34:48.630 135393 DEBUG oslo_messaging._drivers.amqpdriver [-] Listener is running poll /usr/lib/python3/dist-packages/oslo_messaging/_drivers/amqpdriver.py:343
2026-06-08 00:34:48.630 135393 DEBUG oslo_messaging._drivers.amqpdriver [-] AMQPListener connection consume poll /usr/lib/python3/dist-packages/oslo_messaging/_drivers/amqpdriver.py:357
2026-06-08 00:34:48.630 135391 DEBUG oslo_messaging._drivers.amqpdriver [-] AMQPListener connection timeout poll /usr/lib/python3/dist-packages/oslo_messaging/_drivers/amqpdriver.py:360
2026-06-08 00:34:48.632 135391 DEBUG oslo_messaging._drivers.amqpdriver [-] Listener is running poll /usr/lib/python3/dist-packages/oslo_messaging/_drivers/amqpdriver.py:343
2026-06-08 00:34:48.632 135402 DEBUG oslo_messaging._drivers.amqpdriver [-] AMQPListener connection timeout poll /usr/lib/python3/dist-packages/oslo_messaging/_drivers/amqpdriver.py:360
2026-06-08 00:34:48.632 135391 DEBUG oslo_messaging._drivers.amqpdriver [-] AMQPListener connection consume poll /usr/lib/python3/dist-packages/oslo_messaging/_drivers/amqpdriver.py:357
2026-06-08 00:34:48.632 135402 DEBUG oslo_messaging._drivers.amqpdriver [-] Listener is running poll /usr/lib/python3/dist-packages/oslo_messaging/_drivers/amqpdriver.py:343
2026-06-08 00:34:48.632 135402 DEBUG oslo_messaging._drivers.amqpdriver [-] AMQPListener connection consume poll /usr/lib/python3/dist-packages/oslo_messaging/_drivers/amqpdriver.py:357
2026-06-08 00:34:48.637 135402 DEBUG oslo_concurrency.lockutils [req-1d1ac5f6-e14a-4233-a705-62d33fae7aa5 - - - - -] Lock "b94f3628-078b-46f5-9188-9e853daeb18d" acquired by "nova.context.set_target_cell..get_or_set_cached_cell_and_set_connections" :: waited 0.000s inner /usr/lib/python3/dist-packages/oslo_concurrency/lockutils.py:386
2026-06-08 00:34:48.640 135402 DEBUG oslo_concurrency.lockutils [req-1d1ac5f6-e14a-4233-a705-62d33fae7aa5 - - - - -] Lock "b94f3628-078b-46f5-9188-9e853daeb18d" "released" by "nova.context.set_target_cell..get_or_set_cached_cell_and_set_connections" :: held 0.002s inner /usr/lib/python3/dist-packages/oslo_concurrency/lockutils.py:400
2026-06-08 00:34:48.646 135402 DEBUG oslo_db.sqlalchemy.engines [req-1d1ac5f6-e14a-4233-a705-62d33fae7aa5 - - - - -] MySQL server mode set to STRICT_TRANS_TABLES,STRICT_ALL_TABLES,NO_ZERO_IN_DATE,NO_ZERO_DATE,ERROR_FOR_DIVISION_BY_ZERO,TRADITIONAL,NO_ENGINE_SUBSTITUTION _check_effective_sql_mode /usr/lib/python3/dist-packages/oslo_db/sqlalchemy/engines.py:314
2026-06-08 00:34:48.652 135395 DEBUG oslo_messaging._drivers.amqpdriver [-] AMQPListener connection timeout poll /usr/lib/python3/dist-packages/oslo_messaging/_drivers/amqpdriver.py:360
2026-06-08 00:34:48.652 135395 DEBUG oslo_messaging._drivers.amqpdriver [-] Listener is running poll /usr/lib/python3/dist-packages/oslo_messaging/_drivers/amqpdriver.py:343
2026-06-08 00:34:48.652 135395 DEBUG oslo_messaging._drivers.amqpdriver [-] AMQPListener connection consume poll /usr/lib/python3/dist-packages/oslo_messaging/_drivers/amqpdriver.py:357
2026-06-08 00:34:48.695 135402 INFO nova.scheduler.manager [req-1d1ac5f6-e14a-4233-a705-62d33fae7aa5 - - - - -] Discovered 1 new hosts: cell1:cn-jenkins-deploy-platform-juju-os-710-1
2026-06-08 00:34:58.951 134442 INFO oslo_service.service [req-66fb502f-4ba9-4e01-be96-8d641ec8551f - - - - -] Caught SIGTERM, stopping children
2026-06-08 00:34:58.951 134442 DEBUG oslo_concurrency.lockutils [req-66fb502f-4ba9-4e01-be96-8d641ec8551f - - - - -] Acquired lock "singleton_lock" lock /usr/lib/python3/dist-packages/oslo_concurrency/lockutils.py:294
2026-06-08 00:34:58.951 134442 DEBUG oslo_concurrency.lockutils [req-66fb502f-4ba9-4e01-be96-8d641ec8551f - - - - -] Releasing lock "singleton_lock" lock /usr/lib/python3/dist-packages/oslo_concurrency/lockutils.py:312
2026-06-08 00:34:58.952 134442 DEBUG oslo_service.service [req-66fb502f-4ba9-4e01-be96-8d641ec8551f - - - - -] Stop services. stop /usr/lib/python3/dist-packages/oslo_service/service.py:695
2026-06-08 00:34:58.952 134442 DEBUG oslo_service.service [req-66fb502f-4ba9-4e01-be96-8d641ec8551f - - - - -] Killing children. stop /usr/lib/python3/dist-packages/oslo_service/service.py:700
2026-06-08 00:34:58.953 134442 INFO oslo_service.service [req-66fb502f-4ba9-4e01-be96-8d641ec8551f - - - - -] Waiting on 4 children to exit
2026-06-08 00:34:58.957 134442 INFO oslo_service.service [req-66fb502f-4ba9-4e01-be96-8d641ec8551f - - - - -] Child 135393 killed by signal 15
2026-06-08 00:34:58.958 134442 INFO oslo_service.service [req-66fb502f-4ba9-4e01-be96-8d641ec8551f - - - - -] Child 135402 killed by signal 15
2026-06-08 00:34:58.961 134442 INFO oslo_service.service [req-66fb502f-4ba9-4e01-be96-8d641ec8551f - - - - -] Child 135391 killed by signal 15
2026-06-08 00:34:58.962 134442 INFO oslo_service.service [req-66fb502f-4ba9-4e01-be96-8d641ec8551f - - - - -] Child 135395 killed by signal 15
2026-06-08 00:35:00.568 145223 DEBUG oslo_db.sqlalchemy.engines [req-53f63943-a8c7-49ad-aa6a-ec9cdb2fbc77 - - - - -] MySQL server mode set to STRICT_TRANS_TABLES,STRICT_ALL_TABLES,NO_ZERO_IN_DATE,NO_ZERO_DATE,ERROR_FOR_DIVISION_BY_ZERO,TRADITIONAL,NO_ENGINE_SUBSTITUTION _check_effective_sql_mode /usr/lib/python3/dist-packages/oslo_db/sqlalchemy/engines.py:314
2026-06-08 00:35:00.600 145223 DEBUG nova.scheduler.host_manager [req-53f63943-a8c7-49ad-aa6a-ec9cdb2fbc77 - - - - -] Found 1 cells: b94f3628-078b-46f5-9188-9e853daeb18d refresh_cells_caches /usr/lib/python3/dist-packages/nova/scheduler/host_manager.py:730
2026-06-08 00:35:00.600 145223 DEBUG nova.scheduler.host_manager [req-53f63943-a8c7-49ad-aa6a-ec9cdb2fbc77 - - - - -] Found 0 disabled cells: refresh_cells_caches /usr/lib/python3/dist-packages/nova/scheduler/host_manager.py:742
2026-06-08 00:35:00.606 145223 WARNING nova.scheduler.filters.availability_zone_filter [req-53f63943-a8c7-49ad-aa6a-ec9cdb2fbc77 - - - - -] The 'AvailabilityZoneFilter' is deprecated since the 24.0.0 (Xena) release. Since the 18.0.0 (Rocky) release, nova has supported mapping AZs to placement aggregates. The feature is enabled by the 'query_placement_for_availability_zone' config option and is now enabled by default. As such, the 'AvailabilityZoneFilter' is no longer required. Nova is currently configured to use both placement and the AvailabilityZoneFilter for AZ enforcement.
2026-06-08 00:35:00.687 145223 DEBUG nova.scheduler.host_manager [req-53f63943-a8c7-49ad-aa6a-ec9cdb2fbc77 - - - - -] START:_async_init_instance_info _async_init_instance_info /usr/lib/python3/dist-packages/nova/scheduler/host_manager.py:411
2026-06-08 00:35:00.689 145223 DEBUG oslo_concurrency.lockutils [req-e279789d-47c4-4fde-b02b-3ad4d3e06a13 - - - - -] Lock "b94f3628-078b-46f5-9188-9e853daeb18d" acquired by "nova.context.set_target_cell..get_or_set_cached_cell_and_set_connections" :: waited 0.000s inner /usr/lib/python3/dist-packages/oslo_concurrency/lockutils.py:386
2026-06-08 00:35:00.690 145223 DEBUG oslo_concurrency.lockutils [req-e279789d-47c4-4fde-b02b-3ad4d3e06a13 - - - - -] Lock "b94f3628-078b-46f5-9188-9e853daeb18d" "released" by "nova.context.set_target_cell..get_or_set_cached_cell_and_set_connections" :: held 0.001s inner /usr/lib/python3/dist-packages/oslo_concurrency/lockutils.py:400
2026-06-08 00:35:00.697 145223 DEBUG oslo_db.sqlalchemy.engines [req-e279789d-47c4-4fde-b02b-3ad4d3e06a13 - - - - -] MySQL server mode set to STRICT_TRANS_TABLES,STRICT_ALL_TABLES,NO_ZERO_IN_DATE,NO_ZERO_DATE,ERROR_FOR_DIVISION_BY_ZERO,TRADITIONAL,NO_ENGINE_SUBSTITUTION _check_effective_sql_mode /usr/lib/python3/dist-packages/oslo_db/sqlalchemy/engines.py:314
2026-06-08 00:35:00.711 145223 DEBUG nova.scheduler.host_manager [req-e279789d-47c4-4fde-b02b-3ad4d3e06a13 - - - - -] Total number of compute nodes: 1 _async_init_instance_info /usr/lib/python3/dist-packages/nova/scheduler/host_manager.py:424
2026-06-08 00:35:00.712 145223 DEBUG oslo_concurrency.lockutils [req-e279789d-47c4-4fde-b02b-3ad4d3e06a13 - - - - -] Lock "b94f3628-078b-46f5-9188-9e853daeb18d" acquired by "nova.context.set_target_cell..get_or_set_cached_cell_and_set_connections" :: waited 0.000s inner /usr/lib/python3/dist-packages/oslo_concurrency/lockutils.py:386
2026-06-08 00:35:00.712 145223 DEBUG oslo_concurrency.lockutils [req-e279789d-47c4-4fde-b02b-3ad4d3e06a13 - - - - -] Lock "b94f3628-078b-46f5-9188-9e853daeb18d" "released" by "nova.context.set_target_cell..get_or_set_cached_cell_and_set_connections" :: held 0.000s inner /usr/lib/python3/dist-packages/oslo_concurrency/lockutils.py:400
2026-06-08 00:35:00.786 145223 DEBUG nova.scheduler.host_manager [req-e279789d-47c4-4fde-b02b-3ad4d3e06a13 - - - - -] Adding 0 instances for hosts 10-20 _async_init_instance_info /usr/lib/python3/dist-packages/nova/scheduler/host_manager.py:443
2026-06-08 00:35:00.786 145223 DEBUG nova.scheduler.host_manager [req-e279789d-47c4-4fde-b02b-3ad4d3e06a13 - - - - -] END:_async_init_instance_info _async_init_instance_info /usr/lib/python3/dist-packages/nova/scheduler/host_manager.py:454
2026-06-08 00:35:00.996 145223 DEBUG nova.context [req-53f63943-a8c7-49ad-aa6a-ec9cdb2fbc77 - - - - -] Found 2 cells: 00000000-0000-0000-0000-000000000000(cell0),b94f3628-078b-46f5-9188-9e853daeb18d(cell1) load_cells /usr/lib/python3/dist-packages/nova/context.py:464
2026-06-08 00:35:00.996 145223 DEBUG oslo_concurrency.lockutils [req-f1cf158a-d85b-44a9-b6ed-eff6aab9c568 - - - - -] Lock "00000000-0000-0000-0000-000000000000" acquired by "nova.context.set_target_cell..get_or_set_cached_cell_and_set_connections" :: waited 0.000s inner /usr/lib/python3/dist-packages/oslo_concurrency/lockutils.py:386
2026-06-08 00:35:00.997 145223 DEBUG oslo_concurrency.lockutils [req-f1cf158a-d85b-44a9-b6ed-eff6aab9c568 - - - - -] Lock "00000000-0000-0000-0000-000000000000" "released" by "nova.context.set_target_cell..get_or_set_cached_cell_and_set_connections" :: held 0.001s inner /usr/lib/python3/dist-packages/oslo_concurrency/lockutils.py:400
2026-06-08 00:35:00.997 145223 DEBUG oslo_concurrency.lockutils [req-f1cf158a-d85b-44a9-b6ed-eff6aab9c568 - - - - -] Lock "b94f3628-078b-46f5-9188-9e853daeb18d" acquired by "nova.context.set_target_cell..get_or_set_cached_cell_and_set_connections" :: waited 0.000s inner /usr/lib/python3/dist-packages/oslo_concurrency/lockutils.py:386
2026-06-08 00:35:00.998 145223 DEBUG oslo_concurrency.lockutils [req-f1cf158a-d85b-44a9-b6ed-eff6aab9c568 - - - - -] Lock "b94f3628-078b-46f5-9188-9e853daeb18d" "released" by "nova.context.set_target_cell..get_or_set_cached_cell_and_set_connections" :: held 0.000s inner /usr/lib/python3/dist-packages/oslo_concurrency/lockutils.py:400
2026-06-08 00:35:01.010 145223 DEBUG oslo_db.sqlalchemy.engines [req-f1cf158a-d85b-44a9-b6ed-eff6aab9c568 - - - - -] MySQL server mode set to STRICT_TRANS_TABLES,STRICT_ALL_TABLES,NO_ZERO_IN_DATE,NO_ZERO_DATE,ERROR_FOR_DIVISION_BY_ZERO,TRADITIONAL,NO_ENGINE_SUBSTITUTION _check_effective_sql_mode /usr/lib/python3/dist-packages/oslo_db/sqlalchemy/engines.py:314
2026-06-08 00:35:01.019 145223 DEBUG oslo_concurrency.lockutils [req-f1cf158a-d85b-44a9-b6ed-eff6aab9c568 - - - - -] Acquired lock "singleton_lock" lock /usr/lib/python3/dist-packages/oslo_concurrency/lockutils.py:294
2026-06-08 00:35:01.020 145223 DEBUG oslo_concurrency.lockutils [req-f1cf158a-d85b-44a9-b6ed-eff6aab9c568 - - - - -] Releasing lock "singleton_lock" lock /usr/lib/python3/dist-packages/oslo_concurrency/lockutils.py:312
2026-06-08 00:35:01.021 145223 INFO oslo_service.service [req-f1cf158a-d85b-44a9-b6ed-eff6aab9c568 - - - - -] Starting 4 workers
2026-06-08 00:35:01.028 145223 DEBUG oslo_service.service [req-f1cf158a-d85b-44a9-b6ed-eff6aab9c568 - - - - -] Started child 145548 _start_child /usr/lib/python3/dist-packages/oslo_service/service.py:575
2026-06-08 00:35:01.032 145548 INFO nova.service [-] Starting scheduler node (version 25.2.1)
2026-06-08 00:35:01.036 145223 DEBUG oslo_service.service [req-f1cf158a-d85b-44a9-b6ed-eff6aab9c568 - - - - -] Started child 145554 _start_child /usr/lib/python3/dist-packages/oslo_service/service.py:575
2026-06-08 00:35:01.041 145554 INFO nova.service [-] Starting scheduler node (version 25.2.1)
2026-06-08 00:35:01.043 145548 DEBUG oslo_db.sqlalchemy.engines [req-40a4c1b5-1cab-407f-8497-a33f9ba1df75 - - - - -] MySQL server mode set to STRICT_TRANS_TABLES,STRICT_ALL_TABLES,NO_ZERO_IN_DATE,NO_ZERO_DATE,ERROR_FOR_DIVISION_BY_ZERO,TRADITIONAL,NO_ENGINE_SUBSTITUTION _check_effective_sql_mode /usr/lib/python3/dist-packages/oslo_db/sqlalchemy/engines.py:314
2026-06-08 00:35:01.044 145223 DEBUG oslo_service.service [req-f1cf158a-d85b-44a9-b6ed-eff6aab9c568 - - - - -] Started child 145555 _start_child /usr/lib/python3/dist-packages/oslo_service/service.py:575
2026-06-08 00:35:01.051 145555 INFO nova.service [-] Starting scheduler node (version 25.2.1)
2026-06-08 00:35:01.052 145554 DEBUG oslo_db.sqlalchemy.engines [req-b3b9e43a-0440-43b3-8f30-6891f349aa40 - - - - -] MySQL server mode set to STRICT_TRANS_TABLES,STRICT_ALL_TABLES,NO_ZERO_IN_DATE,NO_ZERO_DATE,ERROR_FOR_DIVISION_BY_ZERO,TRADITIONAL,NO_ENGINE_SUBSTITUTION _check_effective_sql_mode /usr/lib/python3/dist-packages/oslo_db/sqlalchemy/engines.py:314
2026-06-08 00:35:01.052 145223 DEBUG oslo_service.service [req-f1cf158a-d85b-44a9-b6ed-eff6aab9c568 - - - - -] Started child 145556 _start_child /usr/lib/python3/dist-packages/oslo_service/service.py:575
2026-06-08 00:35:01.054 145223 DEBUG oslo_service.service [req-f1cf158a-d85b-44a9-b6ed-eff6aab9c568 - - - - -] Full set of CONF: wait /usr/lib/python3/dist-packages/oslo_service/service.py:649
2026-06-08 00:35:01.055 145223 DEBUG oslo_service.service [req-f1cf158a-d85b-44a9-b6ed-eff6aab9c568 - - - - -] ******************************************************************************** log_opt_values /usr/lib/python3/dist-packages/oslo_config/cfg.py:2589
2026-06-08 00:35:01.055 145223 DEBUG oslo_service.service [req-f1cf158a-d85b-44a9-b6ed-eff6aab9c568 - - - - -] Configuration options gathered from: log_opt_values /usr/lib/python3/dist-packages/oslo_config/cfg.py:2590
2026-06-08 00:35:01.055 145223 DEBUG oslo_service.service [req-f1cf158a-d85b-44a9-b6ed-eff6aab9c568 - - - - -] command line args: ['--config-file=/etc/nova/nova.conf', '--log-file=/var/log/nova/nova-scheduler.log'] log_opt_values /usr/lib/python3/dist-packages/oslo_config/cfg.py:2591
2026-06-08 00:35:01.055 145223 DEBUG oslo_service.service [req-f1cf158a-d85b-44a9-b6ed-eff6aab9c568 - - - - -] config files: ['/etc/nova/nova.conf'] log_opt_values /usr/lib/python3/dist-packages/oslo_config/cfg.py:2592
2026-06-08 00:35:01.055 145223 DEBUG oslo_service.service [req-f1cf158a-d85b-44a9-b6ed-eff6aab9c568 - - - - -] ================================================================================ log_opt_values /usr/lib/python3/dist-packages/oslo_config/cfg.py:2594
2026-06-08 00:35:01.056 145223 DEBUG oslo_service.service [req-f1cf158a-d85b-44a9-b6ed-eff6aab9c568 - - - - -] allow_resize_to_same_host = False log_opt_values /usr/lib/python3/dist-packages/oslo_config/cfg.py:2602
2026-06-08 00:35:01.056 145223 DEBUG oslo_service.service [req-f1cf158a-d85b-44a9-b6ed-eff6aab9c568 - - - - -] arq_binding_timeout = 300 log_opt_values /usr/lib/python3/dist-packages/oslo_config/cfg.py:2602
2026-06-08 00:35:01.056 145223 DEBUG oslo_service.service [req-f1cf158a-d85b-44a9-b6ed-eff6aab9c568 - - - - -] block_device_allocate_retries = 60 log_opt_values /usr/lib/python3/dist-packages/oslo_config/cfg.py:2602
2026-06-08 00:35:01.056 145223 DEBUG oslo_service.service [req-f1cf158a-d85b-44a9-b6ed-eff6aab9c568 - - - - -] block_device_allocate_retries_interval = 3 log_opt_values /usr/lib/python3/dist-packages/oslo_config/cfg.py:2602
2026-06-08 00:35:01.056 145223 DEBUG oslo_service.service [req-f1cf158a-d85b-44a9-b6ed-eff6aab9c568 - - - - -] cert = self.pem log_opt_values /usr/lib/python3/dist-packages/oslo_config/cfg.py:2602
2026-06-08 00:35:01.057 145223 DEBUG oslo_service.service [req-f1cf158a-d85b-44a9-b6ed-eff6aab9c568 - - - - -] compute_driver = libvirt.LibvirtDriver log_opt_values /usr/lib/python3/dist-packages/oslo_config/cfg.py:2602
2026-06-08 00:35:01.056 145556 INFO nova.service [-] Starting scheduler node (version 25.2.1)
2026-06-08 00:35:01.057 145223 DEBUG oslo_service.service [req-f1cf158a-d85b-44a9-b6ed-eff6aab9c568 - - - - -] compute_monitors = [] log_opt_values /usr/lib/python3/dist-packages/oslo_config/cfg.py:2602
2026-06-08 00:35:01.057 145223 DEBUG oslo_service.service [req-f1cf158a-d85b-44a9-b6ed-eff6aab9c568 - - - - -] config_dir = [] log_opt_values /usr/lib/python3/dist-packages/oslo_config/cfg.py:2602
2026-06-08 00:35:01.057 145223 DEBUG oslo_service.service [req-f1cf158a-d85b-44a9-b6ed-eff6aab9c568 - - - - -] config_drive_format = iso9660 log_opt_values /usr/lib/python3/dist-packages/oslo_config/cfg.py:2602
2026-06-08 00:35:01.057 145223 DEBUG oslo_service.service [req-f1cf158a-d85b-44a9-b6ed-eff6aab9c568 - - - - -] config_file = ['/etc/nova/nova.conf'] log_opt_values /usr/lib/python3/dist-packages/oslo_config/cfg.py:2602
2026-06-08 00:35:01.058 145223 DEBUG oslo_service.service [req-f1cf158a-d85b-44a9-b6ed-eff6aab9c568 - - - - -] config_source = [] log_opt_values /usr/lib/python3/dist-packages/oslo_config/cfg.py:2602
2026-06-08 00:35:01.058 145223 DEBUG oslo_service.service [req-f1cf158a-d85b-44a9-b6ed-eff6aab9c568 - - - - -] console_host = juju-41701f-0-lxd-7 log_opt_values /usr/lib/python3/dist-packages/oslo_config/cfg.py:2602
2026-06-08 00:35:01.058 145223 DEBUG oslo_service.service [req-f1cf158a-d85b-44a9-b6ed-eff6aab9c568 - - - - -] control_exchange = nova log_opt_values /usr/lib/python3/dist-packages/oslo_config/cfg.py:2602
2026-06-08 00:35:01.058 145548 DEBUG nova.service [req-40a4c1b5-1cab-407f-8497-a33f9ba1df75 - - - - -] Creating RPC server for service scheduler start /usr/lib/python3/dist-packages/nova/service.py:182
2026-06-08 00:35:01.058 145223 DEBUG oslo_service.service [req-f1cf158a-d85b-44a9-b6ed-eff6aab9c568 - - - - -] cpu_allocation_ratio = 2.0 log_opt_values /usr/lib/python3/dist-packages/oslo_config/cfg.py:2602
2026-06-08 00:35:01.059 145223 DEBUG oslo_service.service [req-f1cf158a-d85b-44a9-b6ed-eff6aab9c568 - - - - -] daemon = False log_opt_values /usr/lib/python3/dist-packages/oslo_config/cfg.py:2602
2026-06-08 00:35:01.059 145223 DEBUG oslo_service.service [req-f1cf158a-d85b-44a9-b6ed-eff6aab9c568 - - - - -] debug = True log_opt_values /usr/lib/python3/dist-packages/oslo_config/cfg.py:2602
2026-06-08 00:35:01.059 145223 DEBUG oslo_service.service [req-f1cf158a-d85b-44a9-b6ed-eff6aab9c568 - - - - -] default_access_ip_network_name = None log_opt_values /usr/lib/python3/dist-packages/oslo_config/cfg.py:2602
2026-06-08 00:35:01.059 145223 DEBUG oslo_service.service [req-f1cf158a-d85b-44a9-b6ed-eff6aab9c568 - - - - -] default_availability_zone = nova log_opt_values /usr/lib/python3/dist-packages/oslo_config/cfg.py:2602
2026-06-08 00:35:01.059 145223 DEBUG oslo_service.service [req-f1cf158a-d85b-44a9-b6ed-eff6aab9c568 - - - - -] default_ephemeral_format = None log_opt_values /usr/lib/python3/dist-packages/oslo_config/cfg.py:2602
2026-06-08 00:35:01.059 145223 DEBUG oslo_service.service [req-f1cf158a-d85b-44a9-b6ed-eff6aab9c568 - - - - -] default_log_levels = ['amqp=WARN', 'amqplib=WARN', 'boto=WARN', 'qpid=WARN', 'sqlalchemy=WARN', 'suds=INFO', 'oslo.messaging=INFO', 'oslo_messaging=DEBUG', 'iso8601=WARN', 'requests.packages.urllib3.connectionpool=WARN', 'urllib3.connectionpool=WARN', 'websocket=WARN', 'requests.packages.urllib3.util.retry=WARN', 'urllib3.util.retry=WARN', 'keystonemiddleware=WARN', 'routes.middleware=WARN', 'stevedore=WARN', 'taskflow=WARN', 'keystoneauth=WARN', 'oslo.cache=INFO', 'dogpile.core.dogpile=INFO', 'glanceclient=WARN', 'oslo.privsep.daemon=INFO'] log_opt_values /usr/lib/python3/dist-packages/oslo_config/cfg.py:2602
2026-06-08 00:35:01.060 145223 DEBUG oslo_service.service [req-f1cf158a-d85b-44a9-b6ed-eff6aab9c568 - - - - -] default_schedule_zone = None log_opt_values /usr/lib/python3/dist-packages/oslo_config/cfg.py:2602
2026-06-08 00:35:01.060 145223 DEBUG oslo_service.service [req-f1cf158a-d85b-44a9-b6ed-eff6aab9c568 - - - - -] disk_allocation_ratio = 1.0 log_opt_values /usr/lib/python3/dist-packages/oslo_config/cfg.py:2602
2026-06-08 00:35:01.060 145223 DEBUG oslo_service.service [req-f1cf158a-d85b-44a9-b6ed-eff6aab9c568 - - - - -] enable_new_services = True log_opt_values /usr/lib/python3/dist-packages/oslo_config/cfg.py:2602
2026-06-08 00:35:01.060 145223 DEBUG oslo_service.service [req-f1cf158a-d85b-44a9-b6ed-eff6aab9c568 - - - - -] enabled_apis = ['osapi_compute', 'metadata'] log_opt_values /usr/lib/python3/dist-packages/oslo_config/cfg.py:2602
2026-06-08 00:35:01.060 145223 DEBUG oslo_service.service [req-f1cf158a-d85b-44a9-b6ed-eff6aab9c568 - - - - -] enabled_ssl_apis = [] log_opt_values /usr/lib/python3/dist-packages/oslo_config/cfg.py:2602
2026-06-08 00:35:01.061 145223 DEBUG oslo_service.service [req-f1cf158a-d85b-44a9-b6ed-eff6aab9c568 - - - - -] fatal_deprecations = False log_opt_values /usr/lib/python3/dist-packages/oslo_config/cfg.py:2602
2026-06-08 00:35:01.061 145223 DEBUG oslo_service.service [req-f1cf158a-d85b-44a9-b6ed-eff6aab9c568 - - - - -] flat_injected = False log_opt_values /usr/lib/python3/dist-packages/oslo_config/cfg.py:2602
2026-06-08 00:35:01.061 145223 DEBUG oslo_service.service [req-f1cf158a-d85b-44a9-b6ed-eff6aab9c568 - - - - -] force_config_drive = False log_opt_values /usr/lib/python3/dist-packages/oslo_config/cfg.py:2602
2026-06-08 00:35:01.061 145223 DEBUG oslo_service.service [req-f1cf158a-d85b-44a9-b6ed-eff6aab9c568 - - - - -] force_raw_images = True log_opt_values /usr/lib/python3/dist-packages/oslo_config/cfg.py:2602
2026-06-08 00:35:01.061 145223 DEBUG oslo_service.service [req-f1cf158a-d85b-44a9-b6ed-eff6aab9c568 - - - - -] graceful_shutdown_timeout = 60 log_opt_values /usr/lib/python3/dist-packages/oslo_config/cfg.py:2602
2026-06-08 00:35:01.061 145223 DEBUG oslo_service.service [req-f1cf158a-d85b-44a9-b6ed-eff6aab9c568 - - - - -] heal_instance_info_cache_interval = 60 log_opt_values /usr/lib/python3/dist-packages/oslo_config/cfg.py:2602
2026-06-08 00:35:01.062 145223 DEBUG oslo_service.service [req-f1cf158a-d85b-44a9-b6ed-eff6aab9c568 - - - - -] host = juju-41701f-0-lxd-7 log_opt_values /usr/lib/python3/dist-packages/oslo_config/cfg.py:2602
2026-06-08 00:35:01.062 145223 DEBUG oslo_service.service [req-f1cf158a-d85b-44a9-b6ed-eff6aab9c568 - - - - -] initial_cpu_allocation_ratio = 16.0 log_opt_values /usr/lib/python3/dist-packages/oslo_config/cfg.py:2602
2026-06-08 00:35:01.062 145223 DEBUG oslo_service.service [req-f1cf158a-d85b-44a9-b6ed-eff6aab9c568 - - - - -] initial_disk_allocation_ratio = 1.0 log_opt_values /usr/lib/python3/dist-packages/oslo_config/cfg.py:2602
2026-06-08 00:35:01.062 145223 DEBUG oslo_service.service [req-f1cf158a-d85b-44a9-b6ed-eff6aab9c568 - - - - -] initial_ram_allocation_ratio = 1.5 log_opt_values /usr/lib/python3/dist-packages/oslo_config/cfg.py:2602
2026-06-08 00:35:01.063 145223 DEBUG oslo_service.service [req-f1cf158a-d85b-44a9-b6ed-eff6aab9c568 - - - - -] injected_network_template = /usr/lib/python3/dist-packages/nova/virt/interfaces.template log_opt_values /usr/lib/python3/dist-packages/oslo_config/cfg.py:2602
2026-06-08 00:35:01.063 145223 DEBUG oslo_service.service [req-f1cf158a-d85b-44a9-b6ed-eff6aab9c568 - - - - -] instance_build_timeout = 0 log_opt_values /usr/lib/python3/dist-packages/oslo_config/cfg.py:2602
2026-06-08 00:35:01.063 145223 DEBUG oslo_service.service [req-f1cf158a-d85b-44a9-b6ed-eff6aab9c568 - - - - -] instance_delete_interval = 300 log_opt_values /usr/lib/python3/dist-packages/oslo_config/cfg.py:2602
2026-06-08 00:35:01.063 145223 DEBUG oslo_service.service [req-f1cf158a-d85b-44a9-b6ed-eff6aab9c568 - - - - -] instance_format = [instance: %(uuid)s] log_opt_values /usr/lib/python3/dist-packages/oslo_config/cfg.py:2602
2026-06-08 00:35:01.063 145223 DEBUG oslo_service.service [req-f1cf158a-d85b-44a9-b6ed-eff6aab9c568 - - - - -] instance_name_template = instance-%08x log_opt_values /usr/lib/python3/dist-packages/oslo_config/cfg.py:2602
2026-06-08 00:35:01.063 145223 DEBUG oslo_service.service [req-f1cf158a-d85b-44a9-b6ed-eff6aab9c568 - - - - -] instance_usage_audit = False log_opt_values /usr/lib/python3/dist-packages/oslo_config/cfg.py:2602
2026-06-08 00:35:01.064 145223 DEBUG oslo_service.service [req-f1cf158a-d85b-44a9-b6ed-eff6aab9c568 - - - - -] instance_usage_audit_period = month log_opt_values /usr/lib/python3/dist-packages/oslo_config/cfg.py:2602
2026-06-08 00:35:01.064 145223 DEBUG oslo_service.service [req-f1cf158a-d85b-44a9-b6ed-eff6aab9c568 - - - - -] instance_uuid_format = [instance: %(uuid)s] log_opt_values /usr/lib/python3/dist-packages/oslo_config/cfg.py:2602
2026-06-08 00:35:01.064 145223 DEBUG oslo_service.service [req-f1cf158a-d85b-44a9-b6ed-eff6aab9c568 - - - - -] instances_path = /var/lib/nova/instances log_opt_values /usr/lib/python3/dist-packages/oslo_config/cfg.py:2602
2026-06-08 00:35:01.064 145223 DEBUG oslo_service.service [req-f1cf158a-d85b-44a9-b6ed-eff6aab9c568 - - - - -] internal_service_availability_zone = internal log_opt_values /usr/lib/python3/dist-packages/oslo_config/cfg.py:2602
2026-06-08 00:35:01.065 145223 DEBUG oslo_service.service [req-f1cf158a-d85b-44a9-b6ed-eff6aab9c568 - - - - -] key = None log_opt_values /usr/lib/python3/dist-packages/oslo_config/cfg.py:2602
2026-06-08 00:35:01.065 145223 DEBUG oslo_service.service [req-f1cf158a-d85b-44a9-b6ed-eff6aab9c568 - - - - -] live_migration_retry_count = 30 log_opt_values /usr/lib/python3/dist-packages/oslo_config/cfg.py:2602
2026-06-08 00:35:01.065 145223 DEBUG oslo_service.service [req-f1cf158a-d85b-44a9-b6ed-eff6aab9c568 - - - - -] log_config_append = None log_opt_values /usr/lib/python3/dist-packages/oslo_config/cfg.py:2602
2026-06-08 00:35:01.065 145555 DEBUG oslo_db.sqlalchemy.engines [req-d5101ac2-8d3d-4a21-aa67-787a15ae7c7c - - - - -] MySQL server mode set to STRICT_TRANS_TABLES,STRICT_ALL_TABLES,NO_ZERO_IN_DATE,NO_ZERO_DATE,ERROR_FOR_DIVISION_BY_ZERO,TRADITIONAL,NO_ENGINE_SUBSTITUTION _check_effective_sql_mode /usr/lib/python3/dist-packages/oslo_db/sqlalchemy/engines.py:314
2026-06-08 00:35:01.065 145223 DEBUG oslo_service.service [req-f1cf158a-d85b-44a9-b6ed-eff6aab9c568 - - - - -] log_date_format = %Y-%m-%d %H:%M:%S log_opt_values /usr/lib/python3/dist-packages/oslo_config/cfg.py:2602
2026-06-08 00:35:01.065 145223 DEBUG oslo_service.service [req-f1cf158a-d85b-44a9-b6ed-eff6aab9c568 - - - - -] log_dir = /var/log/nova log_opt_values /usr/lib/python3/dist-packages/oslo_config/cfg.py:2602
2026-06-08 00:35:01.065 145223 DEBUG oslo_service.service [req-f1cf158a-d85b-44a9-b6ed-eff6aab9c568 - - - - -] log_file = /var/log/nova/nova-scheduler.log log_opt_values /usr/lib/python3/dist-packages/oslo_config/cfg.py:2602
2026-06-08 00:35:01.066 145223 DEBUG oslo_service.service [req-f1cf158a-d85b-44a9-b6ed-eff6aab9c568 - - - - -] log_options = True log_opt_values /usr/lib/python3/dist-packages/oslo_config/cfg.py:2602
2026-06-08 00:35:01.066 145223 DEBUG oslo_service.service [req-f1cf158a-d85b-44a9-b6ed-eff6aab9c568 - - - - -] log_rotate_interval = 1 log_opt_values /usr/lib/python3/dist-packages/oslo_config/cfg.py:2602
2026-06-08 00:35:01.066 145223 DEBUG oslo_service.service [req-f1cf158a-d85b-44a9-b6ed-eff6aab9c568 - - - - -] log_rotate_interval_type = days log_opt_values /usr/lib/python3/dist-packages/oslo_config/cfg.py:2602
2026-06-08 00:35:01.066 145223 DEBUG oslo_service.service [req-f1cf158a-d85b-44a9-b6ed-eff6aab9c568 - - - - -] log_rotation_type = none log_opt_values /usr/lib/python3/dist-packages/oslo_config/cfg.py:2602
2026-06-08 00:35:01.066 145223 DEBUG oslo_service.service [req-f1cf158a-d85b-44a9-b6ed-eff6aab9c568 - - - - -] logging_context_format_string = %(asctime)s.%(msecs)03d %(process)d %(levelname)s %(name)s [%(request_id)s %(user_identity)s] %(instance)s%(message)s log_opt_values /usr/lib/python3/dist-packages/oslo_config/cfg.py:2602
2026-06-08 00:35:01.066 145223 DEBUG oslo_service.service [req-f1cf158a-d85b-44a9-b6ed-eff6aab9c568 - - - - -] logging_debug_format_suffix = %(funcName)s %(pathname)s:%(lineno)d log_opt_values /usr/lib/python3/dist-packages/oslo_config/cfg.py:2602
2026-06-08 00:35:01.066 145223 DEBUG oslo_service.service [req-f1cf158a-d85b-44a9-b6ed-eff6aab9c568 - - - - -] logging_default_format_string = %(asctime)s.%(msecs)03d %(process)d %(levelname)s %(name)s [-] %(instance)s%(message)s log_opt_values /usr/lib/python3/dist-packages/oslo_config/cfg.py:2602
2026-06-08 00:35:01.067 145223 DEBUG oslo_service.service [req-f1cf158a-d85b-44a9-b6ed-eff6aab9c568 - - - - -] logging_exception_prefix = %(asctime)s.%(msecs)03d %(process)d ERROR %(name)s %(instance)s log_opt_values /usr/lib/python3/dist-packages/oslo_config/cfg.py:2602
2026-06-08 00:35:01.067 145223 DEBUG oslo_service.service [req-f1cf158a-d85b-44a9-b6ed-eff6aab9c568 - - - - -] logging_user_identity_format = %(user)s %(project)s %(domain)s %(user_domain)s %(project_domain)s log_opt_values /usr/lib/python3/dist-packages/oslo_config/cfg.py:2602
2026-06-08 00:35:01.067 145223 DEBUG oslo_service.service [req-f1cf158a-d85b-44a9-b6ed-eff6aab9c568 - - - - -] long_rpc_timeout = 1800 log_opt_values /usr/lib/python3/dist-packages/oslo_config/cfg.py:2602
2026-06-08 00:35:01.067 145223 DEBUG oslo_service.service [req-f1cf158a-d85b-44a9-b6ed-eff6aab9c568 - - - - -] max_concurrent_builds = 10 log_opt_values /usr/lib/python3/dist-packages/oslo_config/cfg.py:2602
2026-06-08 00:35:01.067 145223 DEBUG oslo_service.service [req-f1cf158a-d85b-44a9-b6ed-eff6aab9c568 - - - - -] max_concurrent_live_migrations = 1 log_opt_values /usr/lib/python3/dist-packages/oslo_config/cfg.py:2602
2026-06-08 00:35:01.067 145223 DEBUG oslo_service.service [req-f1cf158a-d85b-44a9-b6ed-eff6aab9c568 - - - - -] max_concurrent_snapshots = 5 log_opt_values /usr/lib/python3/dist-packages/oslo_config/cfg.py:2602
2026-06-08 00:35:01.067 145556 DEBUG oslo_db.sqlalchemy.engines [req-8e837457-c888-4653-b264-a1907fa08ef9 - - - - -] MySQL server mode set to STRICT_TRANS_TABLES,STRICT_ALL_TABLES,NO_ZERO_IN_DATE,NO_ZERO_DATE,ERROR_FOR_DIVISION_BY_ZERO,TRADITIONAL,NO_ENGINE_SUBSTITUTION _check_effective_sql_mode /usr/lib/python3/dist-packages/oslo_db/sqlalchemy/engines.py:314
2026-06-08 00:35:01.068 145223 DEBUG oslo_service.service [req-f1cf158a-d85b-44a9-b6ed-eff6aab9c568 - - - - -] max_local_block_devices = 3 log_opt_values /usr/lib/python3/dist-packages/oslo_config/cfg.py:2602
2026-06-08 00:35:01.068 145223 DEBUG oslo_service.service [req-f1cf158a-d85b-44a9-b6ed-eff6aab9c568 - - - - -] max_logfile_count = 30 log_opt_values /usr/lib/python3/dist-packages/oslo_config/cfg.py:2602
2026-06-08 00:35:01.068 145223 DEBUG oslo_service.service [req-f1cf158a-d85b-44a9-b6ed-eff6aab9c568 - - - - -] max_logfile_size_mb = 200 log_opt_values /usr/lib/python3/dist-packages/oslo_config/cfg.py:2602
2026-06-08 00:35:01.068 145223 DEBUG oslo_service.service [req-f1cf158a-d85b-44a9-b6ed-eff6aab9c568 - - - - -] maximum_instance_delete_attempts = 5 log_opt_values /usr/lib/python3/dist-packages/oslo_config/cfg.py:2602
2026-06-08 00:35:01.068 145223 DEBUG oslo_service.service [req-f1cf158a-d85b-44a9-b6ed-eff6aab9c568 - - - - -] metadata_listen = 0.0.0.0 log_opt_values /usr/lib/python3/dist-packages/oslo_config/cfg.py:2602
2026-06-08 00:35:01.068 145223 DEBUG oslo_service.service [req-f1cf158a-d85b-44a9-b6ed-eff6aab9c568 - - - - -] metadata_listen_port = 8765 log_opt_values /usr/lib/python3/dist-packages/oslo_config/cfg.py:2602
2026-06-08 00:35:01.069 145223 DEBUG oslo_service.service [req-f1cf158a-d85b-44a9-b6ed-eff6aab9c568 - - - - -] metadata_workers = None log_opt_values /usr/lib/python3/dist-packages/oslo_config/cfg.py:2602
2026-06-08 00:35:01.069 145223 DEBUG oslo_service.service [req-f1cf158a-d85b-44a9-b6ed-eff6aab9c568 - - - - -] migrate_max_retries = -1 log_opt_values /usr/lib/python3/dist-packages/oslo_config/cfg.py:2602
2026-06-08 00:35:01.069 145223 DEBUG oslo_service.service [req-f1cf158a-d85b-44a9-b6ed-eff6aab9c568 - - - - -] mkisofs_cmd = genisoimage log_opt_values /usr/lib/python3/dist-packages/oslo_config/cfg.py:2602
2026-06-08 00:35:01.069 145223 DEBUG oslo_service.service [req-f1cf158a-d85b-44a9-b6ed-eff6aab9c568 - - - - -] my_block_storage_ip = 252.129.61.175 log_opt_values /usr/lib/python3/dist-packages/oslo_config/cfg.py:2602
2026-06-08 00:35:01.069 145223 DEBUG oslo_service.service [req-f1cf158a-d85b-44a9-b6ed-eff6aab9c568 - - - - -] my_ip = 252.129.61.175 log_opt_values /usr/lib/python3/dist-packages/oslo_config/cfg.py:2602
2026-06-08 00:35:01.069 145554 DEBUG nova.service [req-b3b9e43a-0440-43b3-8f30-6891f349aa40 - - - - -] Creating RPC server for service scheduler start /usr/lib/python3/dist-packages/nova/service.py:182
2026-06-08 00:35:01.069 145223 DEBUG oslo_service.service [req-f1cf158a-d85b-44a9-b6ed-eff6aab9c568 - - - - -] network_allocate_retries = 0 log_opt_values /usr/lib/python3/dist-packages/oslo_config/cfg.py:2602
2026-06-08 00:35:01.070 145223 DEBUG oslo_service.service [req-f1cf158a-d85b-44a9-b6ed-eff6aab9c568 - - - - -] non_inheritable_image_properties = ['cache_in_nova', 'bittorrent'] log_opt_values /usr/lib/python3/dist-packages/oslo_config/cfg.py:2602
2026-06-08 00:35:01.070 145223 DEBUG oslo_service.service [req-f1cf158a-d85b-44a9-b6ed-eff6aab9c568 - - - - -] osapi_compute_listen = 0.0.0.0 log_opt_values /usr/lib/python3/dist-packages/oslo_config/cfg.py:2602
2026-06-08 00:35:01.070 145223 DEBUG oslo_service.service [req-f1cf158a-d85b-44a9-b6ed-eff6aab9c568 - - - - -] osapi_compute_listen_port = 8764 log_opt_values /usr/lib/python3/dist-packages/oslo_config/cfg.py:2602
2026-06-08 00:35:01.070 145223 DEBUG oslo_service.service [req-f1cf158a-d85b-44a9-b6ed-eff6aab9c568 - - - - -] osapi_compute_unique_server_name_scope = log_opt_values /usr/lib/python3/dist-packages/oslo_config/cfg.py:2602
2026-06-08 00:35:01.070 145223 DEBUG oslo_service.service [req-f1cf158a-d85b-44a9-b6ed-eff6aab9c568 - - - - -] osapi_compute_workers = 4 log_opt_values /usr/lib/python3/dist-packages/oslo_config/cfg.py:2602
2026-06-08 00:35:01.071 145223 DEBUG oslo_service.service [req-f1cf158a-d85b-44a9-b6ed-eff6aab9c568 - - - - -] password_length = 12 log_opt_values /usr/lib/python3/dist-packages/oslo_config/cfg.py:2602
2026-06-08 00:35:01.071 145223 DEBUG oslo_service.service [req-f1cf158a-d85b-44a9-b6ed-eff6aab9c568 - - - - -] periodic_enable = True log_opt_values /usr/lib/python3/dist-packages/oslo_config/cfg.py:2602
2026-06-08 00:35:01.071 145223 DEBUG oslo_service.service [req-f1cf158a-d85b-44a9-b6ed-eff6aab9c568 - - - - -] periodic_fuzzy_delay = 60 log_opt_values /usr/lib/python3/dist-packages/oslo_config/cfg.py:2602
2026-06-08 00:35:01.071 145223 DEBUG oslo_service.service [req-f1cf158a-d85b-44a9-b6ed-eff6aab9c568 - - - - -] pointer_model = usbtablet log_opt_values /usr/lib/python3/dist-packages/oslo_config/cfg.py:2602
2026-06-08 00:35:01.071 145223 DEBUG oslo_service.service [req-f1cf158a-d85b-44a9-b6ed-eff6aab9c568 - - - - -] preallocate_images = none log_opt_values /usr/lib/python3/dist-packages/oslo_config/cfg.py:2602
2026-06-08 00:35:01.071 145223 DEBUG oslo_service.service [req-f1cf158a-d85b-44a9-b6ed-eff6aab9c568 - - - - -] publish_errors = False log_opt_values /usr/lib/python3/dist-packages/oslo_config/cfg.py:2602
2026-06-08 00:35:01.071 145223 DEBUG oslo_service.service [req-f1cf158a-d85b-44a9-b6ed-eff6aab9c568 - - - - -] pybasedir = /usr/lib/python3/dist-packages log_opt_values /usr/lib/python3/dist-packages/oslo_config/cfg.py:2602
2026-06-08 00:35:01.072 145223 DEBUG oslo_service.service [req-f1cf158a-d85b-44a9-b6ed-eff6aab9c568 - - - - -] ram_allocation_ratio = 0.98 log_opt_values /usr/lib/python3/dist-packages/oslo_config/cfg.py:2602
2026-06-08 00:35:01.072 145223 DEBUG oslo_service.service [req-f1cf158a-d85b-44a9-b6ed-eff6aab9c568 - - - - -] rate_limit_burst = 0 log_opt_values /usr/lib/python3/dist-packages/oslo_config/cfg.py:2602
2026-06-08 00:35:01.072 145223 DEBUG oslo_service.service [req-f1cf158a-d85b-44a9-b6ed-eff6aab9c568 - - - - -] rate_limit_except_level = CRITICAL log_opt_values /usr/lib/python3/dist-packages/oslo_config/cfg.py:2602
2026-06-08 00:35:01.072 145223 DEBUG oslo_service.service [req-f1cf158a-d85b-44a9-b6ed-eff6aab9c568 - - - - -] rate_limit_interval = 0 log_opt_values /usr/lib/python3/dist-packages/oslo_config/cfg.py:2602
2026-06-08 00:35:01.072 145223 DEBUG oslo_service.service [req-f1cf158a-d85b-44a9-b6ed-eff6aab9c568 - - - - -] reboot_timeout = 0 log_opt_values /usr/lib/python3/dist-packages/oslo_config/cfg.py:2602
2026-06-08 00:35:01.072 145223 DEBUG oslo_service.service [req-f1cf158a-d85b-44a9-b6ed-eff6aab9c568 - - - - -] reclaim_instance_interval = 0 log_opt_values /usr/lib/python3/dist-packages/oslo_config/cfg.py:2602
2026-06-08 00:35:01.073 145223 DEBUG oslo_service.service [req-f1cf158a-d85b-44a9-b6ed-eff6aab9c568 - - - - -] record = None log_opt_values /usr/lib/python3/dist-packages/oslo_config/cfg.py:2602
2026-06-08 00:35:01.073 145223 DEBUG oslo_service.service [req-f1cf158a-d85b-44a9-b6ed-eff6aab9c568 - - - - -] report_interval = 10 log_opt_values /usr/lib/python3/dist-packages/oslo_config/cfg.py:2602
2026-06-08 00:35:01.073 145223 DEBUG oslo_service.service [req-f1cf158a-d85b-44a9-b6ed-eff6aab9c568 - - - - -] rescue_timeout = 0 log_opt_values /usr/lib/python3/dist-packages/oslo_config/cfg.py:2602
2026-06-08 00:35:01.073 145223 DEBUG oslo_service.service [req-f1cf158a-d85b-44a9-b6ed-eff6aab9c568 - - - - -] reserved_host_cpus = 0 log_opt_values /usr/lib/python3/dist-packages/oslo_config/cfg.py:2602
2026-06-08 00:35:01.074 145223 DEBUG oslo_service.service [req-f1cf158a-d85b-44a9-b6ed-eff6aab9c568 - - - - -] reserved_host_disk_mb = 0 log_opt_values /usr/lib/python3/dist-packages/oslo_config/cfg.py:2602
2026-06-08 00:35:01.074 145223 DEBUG oslo_service.service [req-f1cf158a-d85b-44a9-b6ed-eff6aab9c568 - - - - -] reserved_host_memory_mb = 512 log_opt_values /usr/lib/python3/dist-packages/oslo_config/cfg.py:2602
2026-06-08 00:35:01.074 145223 DEBUG oslo_service.service [req-f1cf158a-d85b-44a9-b6ed-eff6aab9c568 - - - - -] reserved_huge_pages = None log_opt_values /usr/lib/python3/dist-packages/oslo_config/cfg.py:2602
2026-06-08 00:35:01.074 145223 DEBUG oslo_service.service [req-f1cf158a-d85b-44a9-b6ed-eff6aab9c568 - - - - -] resize_confirm_window = 0 log_opt_values /usr/lib/python3/dist-packages/oslo_config/cfg.py:2602
2026-06-08 00:35:01.074 145223 DEBUG oslo_service.service [req-f1cf158a-d85b-44a9-b6ed-eff6aab9c568 - - - - -] resize_fs_using_block_device = False log_opt_values /usr/lib/python3/dist-packages/oslo_config/cfg.py:2602
2026-06-08 00:35:01.074 145223 DEBUG oslo_service.service [req-f1cf158a-d85b-44a9-b6ed-eff6aab9c568 - - - - -] resume_guests_state_on_host_boot = False log_opt_values /usr/lib/python3/dist-packages/oslo_config/cfg.py:2602
2026-06-08 00:35:01.075 145223 DEBUG oslo_service.service [req-f1cf158a-d85b-44a9-b6ed-eff6aab9c568 - - - - -] rootwrap_config = /etc/nova/rootwrap.conf log_opt_values /usr/lib/python3/dist-packages/oslo_config/cfg.py:2602
2026-06-08 00:35:01.075 145223 DEBUG oslo_service.service [req-f1cf158a-d85b-44a9-b6ed-eff6aab9c568 - - - - -] run_external_periodic_tasks = True log_opt_values /usr/lib/python3/dist-packages/oslo_config/cfg.py:2602
