2026-06-08 00:32:50.493 39144 DEBUG oslo_service.service [-] clients_glance.endpoint_type = None log_opt_values /usr/lib/python3/dist-packages/oslo_config/cfg.py:2609
2026-06-08 00:32:50.494 39144 DEBUG oslo_service.service [-] clients_glance.insecure = None log_opt_values /usr/lib/python3/dist-packages/oslo_config/cfg.py:2609
2026-06-08 00:32:50.505 39144 DEBUG oslo_service.service [-] clients_glance.key_file = None log_opt_values /usr/lib/python3/dist-packages/oslo_config/cfg.py:2609
2026-06-08 00:32:50.505 39144 DEBUG oslo_service.service [-] clients_heat.ca_file = None log_opt_values /usr/lib/python3/dist-packages/oslo_config/cfg.py:2609
2026-06-08 00:32:50.505 39144 DEBUG oslo_service.service [-] clients_heat.cert_file = None log_opt_values /usr/lib/python3/dist-packages/oslo_config/cfg.py:2609
2026-06-08 00:32:50.506 39144 DEBUG oslo_service.service [-] clients_heat.endpoint_type = None log_opt_values /usr/lib/python3/dist-packages/oslo_config/cfg.py:2609
2026-06-08 00:32:50.506 39144 DEBUG oslo_service.service [-] clients_heat.insecure = None log_opt_values /usr/lib/python3/dist-packages/oslo_config/cfg.py:2609
2026-06-08 00:32:50.506 39144 DEBUG oslo_service.service [-] clients_heat.key_file = None log_opt_values /usr/lib/python3/dist-packages/oslo_config/cfg.py:2609
2026-06-08 00:32:50.506 39144 DEBUG oslo_service.service [-] clients_heat.url = log_opt_values /usr/lib/python3/dist-packages/oslo_config/cfg.py:2609
2026-06-08 00:32:50.506 39144 DEBUG oslo_service.service [-] clients_keystone.auth_uri = http://252.129.0.208:5050 log_opt_values /usr/lib/python3/dist-packages/oslo_config/cfg.py:2609
2026-06-08 00:32:50.506 39144 DEBUG oslo_service.service [-] clients_keystone.ca_file = None log_opt_values /usr/lib/python3/dist-packages/oslo_config/cfg.py:2609
2026-06-08 00:32:50.506 39144 DEBUG oslo_service.service [-] clients_keystone.cert_file = None log_opt_values /usr/lib/python3/dist-packages/oslo_config/cfg.py:2609
2026-06-08 00:32:50.507 39144 DEBUG oslo_service.service [-] clients_keystone.endpoint_type = None log_opt_values /usr/lib/python3/dist-packages/oslo_config/cfg.py:2609
2026-06-08 00:32:50.507 39144 DEBUG oslo_service.service [-] clients_keystone.insecure = None log_opt_values /usr/lib/python3/dist-packages/oslo_config/cfg.py:2609
2026-06-08 00:32:50.507 39144 DEBUG oslo_service.service [-] clients_keystone.key_file = None log_opt_values /usr/lib/python3/dist-packages/oslo_config/cfg.py:2609
2026-06-08 00:32:50.507 39144 DEBUG oslo_service.service [-] clients_magnum.ca_file = None log_opt_values /usr/lib/python3/dist-packages/oslo_config/cfg.py:2609
2026-06-08 00:32:50.507 39144 DEBUG oslo_service.service [-] clients_magnum.cert_file = None log_opt_values /usr/lib/python3/dist-packages/oslo_config/cfg.py:2609
2026-06-08 00:32:50.507 39144 DEBUG oslo_service.service [-] clients_magnum.endpoint_type = None log_opt_values /usr/lib/python3/dist-packages/oslo_config/cfg.py:2609
2026-06-08 00:32:50.507 39144 DEBUG oslo_service.service [-] clients_magnum.insecure = None log_opt_values /usr/lib/python3/dist-packages/oslo_config/cfg.py:2609
2026-06-08 00:32:50.507 39144 DEBUG oslo_service.service [-] clients_magnum.key_file = None log_opt_values /usr/lib/python3/dist-packages/oslo_config/cfg.py:2609
2026-06-08 00:32:50.507 39144 DEBUG oslo_service.service [-] clients_manila.ca_file = None log_opt_values /usr/lib/python3/dist-packages/oslo_config/cfg.py:2609
2026-06-08 00:32:50.507 39144 DEBUG oslo_service.service [-] clients_manila.cert_file = None log_opt_values /usr/lib/python3/dist-packages/oslo_config/cfg.py:2609
2026-06-08 00:32:50.508 39144 DEBUG oslo_service.service [-] clients_manila.endpoint_type = None log_opt_values /usr/lib/python3/dist-packages/oslo_config/cfg.py:2609
2026-06-08 00:32:50.508 39144 DEBUG oslo_service.service [-] clients_manila.insecure = None log_opt_values /usr/lib/python3/dist-packages/oslo_config/cfg.py:2609
2026-06-08 00:32:50.508 39144 DEBUG oslo_service.service [-] clients_manila.key_file = None log_opt_values /usr/lib/python3/dist-packages/oslo_config/cfg.py:2609
2026-06-08 00:32:50.508 39144 DEBUG oslo_service.service [-] clients_mistral.ca_file = None log_opt_values /usr/lib/python3/dist-packages/oslo_config/cfg.py:2609
2026-06-08 00:32:50.508 39144 DEBUG oslo_service.service [-] clients_mistral.cert_file = None log_opt_values /usr/lib/python3/dist-packages/oslo_config/cfg.py:2609
2026-06-08 00:32:50.508 39144 DEBUG oslo_service.service [-] clients_mistral.endpoint_type = None log_opt_values /usr/lib/python3/dist-packages/oslo_config/cfg.py:2609
2026-06-08 00:32:50.508 39144 DEBUG oslo_service.service [-] clients_mistral.insecure = None log_opt_values /usr/lib/python3/dist-packages/oslo_config/cfg.py:2609
2026-06-08 00:32:50.508 39144 DEBUG oslo_service.service [-] clients_mistral.key_file = None log_opt_values /usr/lib/python3/dist-packages/oslo_config/cfg.py:2609
2026-06-08 00:32:50.529 39144 DEBUG oslo_service.service [-] clients_monasca.ca_file = None log_opt_values /usr/lib/python3/dist-packages/oslo_config/cfg.py:2609
2026-06-08 00:32:50.530 39144 DEBUG oslo_service.service [-] clients_monasca.cert_file = None log_opt_values /usr/lib/python3/dist-packages/oslo_config/cfg.py:2609
2026-06-08 00:32:50.531 39144 DEBUG oslo_service.service [-] clients_monasca.endpoint_type = None log_opt_values /usr/lib/python3/dist-packages/oslo_config/cfg.py:2609
2026-06-08 00:32:50.531 39144 DEBUG oslo_service.service [-] clients_monasca.insecure = None log_opt_values /usr/lib/python3/dist-packages/oslo_config/cfg.py:2609
2026-06-08 00:32:50.531 39144 DEBUG oslo_service.service [-] clients_monasca.key_file = None log_opt_values /usr/lib/python3/dist-packages/oslo_config/cfg.py:2609
2026-06-08 00:32:50.531 39144 DEBUG oslo_service.service [-] clients_neutron.ca_file = None log_opt_values /usr/lib/python3/dist-packages/oslo_config/cfg.py:2609
2026-06-08 00:32:50.531 39144 DEBUG oslo_service.service [-] clients_neutron.cert_file = None log_opt_values /usr/lib/python3/dist-packages/oslo_config/cfg.py:2609
2026-06-08 00:32:50.531 39144 DEBUG oslo_service.service [-] clients_neutron.endpoint_type = None log_opt_values /usr/lib/python3/dist-packages/oslo_config/cfg.py:2609
2026-06-08 00:32:50.532 39144 DEBUG oslo_service.service [-] clients_neutron.insecure = None log_opt_values /usr/lib/python3/dist-packages/oslo_config/cfg.py:2609
2026-06-08 00:32:50.532 39144 DEBUG oslo_service.service [-] clients_neutron.key_file = None log_opt_values /usr/lib/python3/dist-packages/oslo_config/cfg.py:2609
2026-06-08 00:32:50.532 39144 DEBUG oslo_service.service [-] clients_nova.ca_file = None log_opt_values /usr/lib/python3/dist-packages/oslo_config/cfg.py:2609
2026-06-08 00:32:50.532 39144 DEBUG oslo_service.service [-] clients_nova.cert_file = None log_opt_values /usr/lib/python3/dist-packages/oslo_config/cfg.py:2609
2026-06-08 00:32:50.532 39144 DEBUG oslo_service.service [-] clients_nova.endpoint_type = None log_opt_values /usr/lib/python3/dist-packages/oslo_config/cfg.py:2609
2026-06-08 00:32:50.532 39144 DEBUG oslo_service.service [-] clients_nova.http_log_debug = False log_opt_values /usr/lib/python3/dist-packages/oslo_config/cfg.py:2609
2026-06-08 00:32:50.532 39144 DEBUG oslo_service.service [-] clients_nova.insecure = None log_opt_values /usr/lib/python3/dist-packages/oslo_config/cfg.py:2609
2026-06-08 00:32:50.533 39144 DEBUG oslo_service.service [-] clients_nova.key_file = None log_opt_values /usr/lib/python3/dist-packages/oslo_config/cfg.py:2609
2026-06-08 00:32:50.533 39144 DEBUG oslo_service.service [-] clients_octavia.ca_file = None log_opt_values /usr/lib/python3/dist-packages/oslo_config/cfg.py:2609
2026-06-08 00:32:50.533 39144 DEBUG oslo_service.service [-] clients_octavia.cert_file = None log_opt_values /usr/lib/python3/dist-packages/oslo_config/cfg.py:2609
2026-06-08 00:32:50.534 39144 DEBUG oslo_service.service [-] clients_octavia.endpoint_type = None log_opt_values /usr/lib/python3/dist-packages/oslo_config/cfg.py:2609
2026-06-08 00:32:50.534 39144 DEBUG oslo_service.service [-] clients_octavia.insecure = None log_opt_values /usr/lib/python3/dist-packages/oslo_config/cfg.py:2609
2026-06-08 00:32:50.534 39144 DEBUG oslo_service.service [-] clients_octavia.key_file = None log_opt_values /usr/lib/python3/dist-packages/oslo_config/cfg.py:2609
2026-06-08 00:32:50.534 39144 DEBUG oslo_service.service [-] clients_sahara.ca_file = None log_opt_values /usr/lib/python3/dist-packages/oslo_config/cfg.py:2609
2026-06-08 00:32:50.534 39144 DEBUG oslo_service.service [-] clients_sahara.cert_file = None log_opt_values /usr/lib/python3/dist-packages/oslo_config/cfg.py:2609
2026-06-08 00:32:50.534 39144 DEBUG oslo_service.service [-] clients_sahara.endpoint_type = None log_opt_values /usr/lib/python3/dist-packages/oslo_config/cfg.py:2609
2026-06-08 00:32:50.535 39144 DEBUG oslo_service.service [-] clients_sahara.insecure = None log_opt_values /usr/lib/python3/dist-packages/oslo_config/cfg.py:2609
2026-06-08 00:32:50.535 39144 DEBUG oslo_service.service [-] clients_sahara.key_file = None log_opt_values /usr/lib/python3/dist-packages/oslo_config/cfg.py:2609
2026-06-08 00:32:50.535 39144 DEBUG oslo_service.service [-] clients_senlin.ca_file = None log_opt_values /usr/lib/python3/dist-packages/oslo_config/cfg.py:2609
2026-06-08 00:32:50.535 39144 DEBUG oslo_service.service [-] clients_senlin.cert_file = None log_opt_values /usr/lib/python3/dist-packages/oslo_config/cfg.py:2609
2026-06-08 00:32:50.536 39144 DEBUG oslo_service.service [-] clients_senlin.endpoint_type = None log_opt_values /usr/lib/python3/dist-packages/oslo_config/cfg.py:2609
2026-06-08 00:32:50.536 39144 DEBUG oslo_service.service [-] clients_senlin.insecure = None log_opt_values /usr/lib/python3/dist-packages/oslo_config/cfg.py:2609
2026-06-08 00:32:50.536 39144 DEBUG oslo_service.service [-] clients_senlin.key_file = None log_opt_values /usr/lib/python3/dist-packages/oslo_config/cfg.py:2609
2026-06-08 00:32:50.536 39144 DEBUG oslo_service.service [-] clients_swift.ca_file = None log_opt_values /usr/lib/python3/dist-packages/oslo_config/cfg.py:2609
2026-06-08 00:32:50.536 39144 DEBUG oslo_service.service [-] clients_swift.cert_file = None log_opt_values /usr/lib/python3/dist-packages/oslo_config/cfg.py:2609
2026-06-08 00:32:50.536 39144 DEBUG oslo_service.service [-] clients_swift.endpoint_type = None log_opt_values /usr/lib/python3/dist-packages/oslo_config/cfg.py:2609
2026-06-08 00:32:50.536 39144 DEBUG oslo_service.service [-] clients_swift.insecure = None log_opt_values /usr/lib/python3/dist-packages/oslo_config/cfg.py:2609
2026-06-08 00:32:50.537 39144 DEBUG oslo_service.service [-] clients_swift.key_file = None log_opt_values /usr/lib/python3/dist-packages/oslo_config/cfg.py:2609
2026-06-08 00:32:50.538 39144 DEBUG oslo_service.service [-] clients_trove.ca_file = None log_opt_values /usr/lib/python3/dist-packages/oslo_config/cfg.py:2609
2026-06-08 00:32:50.540 39144 DEBUG oslo_service.service [-] clients_trove.cert_file = None log_opt_values /usr/lib/python3/dist-packages/oslo_config/cfg.py:2609
2026-06-08 00:32:50.541 39144 DEBUG oslo_service.service [-] clients_trove.endpoint_type = None log_opt_values /usr/lib/python3/dist-packages/oslo_config/cfg.py:2609
2026-06-08 00:32:50.541 39144 DEBUG oslo_service.service [-] clients_trove.insecure = None log_opt_values /usr/lib/python3/dist-packages/oslo_config/cfg.py:2609
2026-06-08 00:32:50.541 39144 DEBUG oslo_service.service [-] clients_trove.key_file = None log_opt_values /usr/lib/python3/dist-packages/oslo_config/cfg.py:2609
2026-06-08 00:32:50.542 39144 DEBUG oslo_service.service [-] clients_vitrage.ca_file = None log_opt_values /usr/lib/python3/dist-packages/oslo_config/cfg.py:2609
2026-06-08 00:32:50.542 39144 DEBUG oslo_service.service [-] clients_vitrage.cert_file = None log_opt_values /usr/lib/python3/dist-packages/oslo_config/cfg.py:2609
2026-06-08 00:32:50.542 39144 DEBUG oslo_service.service [-] clients_vitrage.endpoint_type = None log_opt_values /usr/lib/python3/dist-packages/oslo_config/cfg.py:2609
2026-06-08 00:32:50.543 39144 DEBUG oslo_service.service [-] clients_vitrage.insecure = None log_opt_values /usr/lib/python3/dist-packages/oslo_config/cfg.py:2609
2026-06-08 00:32:50.544 39144 DEBUG oslo_service.service [-] clients_vitrage.key_file = None log_opt_values /usr/lib/python3/dist-packages/oslo_config/cfg.py:2609
2026-06-08 00:32:50.545 39144 DEBUG oslo_service.service [-] clients_zaqar.ca_file = None log_opt_values /usr/lib/python3/dist-packages/oslo_config/cfg.py:2609
2026-06-08 00:32:50.545 39144 DEBUG oslo_service.service [-] clients_zaqar.cert_file = None log_opt_values /usr/lib/python3/dist-packages/oslo_config/cfg.py:2609
2026-06-08 00:32:50.545 39144 DEBUG oslo_service.service [-] clients_zaqar.endpoint_type = None log_opt_values /usr/lib/python3/dist-packages/oslo_config/cfg.py:2609
2026-06-08 00:32:50.545 39144 DEBUG oslo_service.service [-] clients_zaqar.insecure = None log_opt_values /usr/lib/python3/dist-packages/oslo_config/cfg.py:2609
2026-06-08 00:32:50.545 39144 DEBUG oslo_service.service [-] clients_zaqar.key_file = None log_opt_values /usr/lib/python3/dist-packages/oslo_config/cfg.py:2609
2026-06-08 00:32:50.546 39144 DEBUG oslo_service.service [-] database.backend = sqlalchemy log_opt_values /usr/lib/python3/dist-packages/oslo_config/cfg.py:2609
2026-06-08 00:32:50.546 39144 DEBUG oslo_service.service [-] database.connection = **** log_opt_values /usr/lib/python3/dist-packages/oslo_config/cfg.py:2609
2026-06-08 00:32:50.546 39144 DEBUG oslo_service.service [-] database.connection_debug = 0 log_opt_values /usr/lib/python3/dist-packages/oslo_config/cfg.py:2609
2026-06-08 00:32:50.546 39144 DEBUG oslo_service.service [-] database.connection_parameters = log_opt_values /usr/lib/python3/dist-packages/oslo_config/cfg.py:2609
2026-06-08 00:32:50.546 39144 DEBUG oslo_service.service [-] database.connection_recycle_time = 3600 log_opt_values /usr/lib/python3/dist-packages/oslo_config/cfg.py:2609
2026-06-08 00:32:50.546 39144 DEBUG oslo_service.service [-] database.connection_trace = False log_opt_values /usr/lib/python3/dist-packages/oslo_config/cfg.py:2609
2026-06-08 00:32:50.546 39144 DEBUG oslo_service.service [-] database.db_inc_retry_interval = True log_opt_values /usr/lib/python3/dist-packages/oslo_config/cfg.py:2609
2026-06-08 00:32:50.547 39144 DEBUG oslo_service.service [-] database.db_max_retries = 20 log_opt_values /usr/lib/python3/dist-packages/oslo_config/cfg.py:2609
2026-06-08 00:32:50.547 39144 DEBUG oslo_service.service [-] database.db_max_retry_interval = 10 log_opt_values /usr/lib/python3/dist-packages/oslo_config/cfg.py:2609
2026-06-08 00:32:50.548 39144 DEBUG oslo_service.service [-] database.db_retry_interval = 1 log_opt_values /usr/lib/python3/dist-packages/oslo_config/cfg.py:2609
2026-06-08 00:32:50.548 39144 DEBUG oslo_service.service [-] database.max_overflow = 50 log_opt_values /usr/lib/python3/dist-packages/oslo_config/cfg.py:2609
2026-06-08 00:32:50.548 39144 DEBUG oslo_service.service [-] database.max_pool_size = 5 log_opt_values /usr/lib/python3/dist-packages/oslo_config/cfg.py:2609
2026-06-08 00:32:50.548 39144 DEBUG oslo_service.service [-] database.max_retries = 10 log_opt_values /usr/lib/python3/dist-packages/oslo_config/cfg.py:2609
2026-06-08 00:32:50.548 39144 DEBUG oslo_service.service [-] database.mysql_enable_ndb = False log_opt_values /usr/lib/python3/dist-packages/oslo_config/cfg.py:2609
2026-06-08 00:32:50.548 39144 DEBUG oslo_service.service [-] database.mysql_sql_mode = TRADITIONAL log_opt_values /usr/lib/python3/dist-packages/oslo_config/cfg.py:2609
2026-06-08 00:32:50.548 39144 DEBUG oslo_service.service [-] database.pool_timeout = None log_opt_values /usr/lib/python3/dist-packages/oslo_config/cfg.py:2609
2026-06-08 00:32:50.549 39144 DEBUG oslo_service.service [-] database.retry_interval = 10 log_opt_values /usr/lib/python3/dist-packages/oslo_config/cfg.py:2609
2026-06-08 00:32:50.549 39144 DEBUG oslo_service.service [-] database.slave_connection = **** log_opt_values /usr/lib/python3/dist-packages/oslo_config/cfg.py:2609
2026-06-08 00:32:50.549 39144 DEBUG oslo_service.service [-] database.sqlite_synchronous = True log_opt_values /usr/lib/python3/dist-packages/oslo_config/cfg.py:2609
2026-06-08 00:32:50.549 39144 DEBUG oslo_service.service [-] database.use_db_reconnect = False log_opt_values /usr/lib/python3/dist-packages/oslo_config/cfg.py:2609
2026-06-08 00:32:50.549 39144 DEBUG oslo_service.service [-] oslo_messaging_metrics.metrics_buffer_size = 1000 log_opt_values /usr/lib/python3/dist-packages/oslo_config/cfg.py:2609
2026-06-08 00:32:50.549 39144 DEBUG oslo_service.service [-] oslo_messaging_metrics.metrics_enabled = False log_opt_values /usr/lib/python3/dist-packages/oslo_config/cfg.py:2609
2026-06-08 00:32:50.549 39144 DEBUG oslo_service.service [-] oslo_messaging_metrics.metrics_process_name = log_opt_values /usr/lib/python3/dist-packages/oslo_config/cfg.py:2609
2026-06-08 00:32:50.550 39144 DEBUG oslo_service.service [-] oslo_messaging_metrics.metrics_socket_file = /var/tmp/metrics_collector.sock log_opt_values /usr/lib/python3/dist-packages/oslo_config/cfg.py:2609
2026-06-08 00:32:50.550 39144 DEBUG oslo_service.service [-] oslo_messaging_metrics.metrics_thread_stop_timeout = 10 log_opt_values /usr/lib/python3/dist-packages/oslo_config/cfg.py:2609
2026-06-08 00:32:50.550 39144 DEBUG oslo_service.service [-] oslo_policy.enforce_new_defaults = False log_opt_values /usr/lib/python3/dist-packages/oslo_config/cfg.py:2609
2026-06-08 00:32:50.550 39144 DEBUG oslo_service.service [-] oslo_policy.enforce_scope = False log_opt_values /usr/lib/python3/dist-packages/oslo_config/cfg.py:2609
2026-06-08 00:32:50.550 39144 DEBUG oslo_service.service [-] oslo_policy.policy_default_rule = default log_opt_values /usr/lib/python3/dist-packages/oslo_config/cfg.py:2609
2026-06-08 00:32:50.550 39144 DEBUG oslo_service.service [-] oslo_policy.policy_dirs = ['policy.d'] log_opt_values /usr/lib/python3/dist-packages/oslo_config/cfg.py:2609
2026-06-08 00:32:50.551 39144 DEBUG oslo_service.service [-] oslo_policy.policy_file = policy.yaml log_opt_values /usr/lib/python3/dist-packages/oslo_config/cfg.py:2609
2026-06-08 00:32:50.551 39144 DEBUG oslo_service.service [-] oslo_policy.remote_content_type = application/x-www-form-urlencoded log_opt_values /usr/lib/python3/dist-packages/oslo_config/cfg.py:2609
2026-06-08 00:32:50.551 39144 DEBUG oslo_service.service [-] oslo_policy.remote_ssl_ca_crt_file = None log_opt_values /usr/lib/python3/dist-packages/oslo_config/cfg.py:2609
2026-06-08 00:32:50.551 39144 DEBUG oslo_service.service [-] oslo_policy.remote_ssl_client_crt_file = None log_opt_values /usr/lib/python3/dist-packages/oslo_config/cfg.py:2609
2026-06-08 00:32:50.551 39144 DEBUG oslo_service.service [-] oslo_policy.remote_ssl_client_key_file = None log_opt_values /usr/lib/python3/dist-packages/oslo_config/cfg.py:2609
2026-06-08 00:32:50.551 39144 DEBUG oslo_service.service [-] oslo_policy.remote_ssl_verify_server_crt = False log_opt_values /usr/lib/python3/dist-packages/oslo_config/cfg.py:2609
2026-06-08 00:32:50.551 39144 DEBUG oslo_service.service [-] trustee.auth_section = None log_opt_values /usr/lib/python3/dist-packages/oslo_config/cfg.py:2609
2026-06-08 00:32:50.552 39144 WARNING oslo_config.cfg [-] Deprecated: Option "auth_plugin" from group "trustee" is deprecated. Use option "auth_type" from group "trustee".
2026-06-08 00:32:50.552 39144 DEBUG oslo_service.service [-] trustee.auth_type = password log_opt_values /usr/lib/python3/dist-packages/oslo_config/cfg.py:2609
2026-06-08 00:32:50.552 39144 DEBUG oslo_service.service [-] oslo_versionedobjects.fatal_exception_format_errors = False log_opt_values /usr/lib/python3/dist-packages/oslo_config/cfg.py:2609
2026-06-08 00:32:50.552 39144 DEBUG oslo_service.service [-] oslo_messaging_rabbit.amqp_auto_delete = False log_opt_values /usr/lib/python3/dist-packages/oslo_config/cfg.py:2609
2026-06-08 00:32:50.552 39144 DEBUG oslo_service.service [-] oslo_messaging_rabbit.amqp_durable_queues = False log_opt_values /usr/lib/python3/dist-packages/oslo_config/cfg.py:2609
2026-06-08 00:32:50.553 39144 DEBUG oslo_service.service [-] oslo_messaging_rabbit.conn_pool_min_size = 2 log_opt_values /usr/lib/python3/dist-packages/oslo_config/cfg.py:2609
2026-06-08 00:32:50.553 39144 DEBUG oslo_service.service [-] oslo_messaging_rabbit.conn_pool_ttl = 1200 log_opt_values /usr/lib/python3/dist-packages/oslo_config/cfg.py:2609
2026-06-08 00:32:50.553 39144 DEBUG oslo_service.service [-] oslo_messaging_rabbit.direct_mandatory_flag = True log_opt_values /usr/lib/python3/dist-packages/oslo_config/cfg.py:2609
2026-06-08 00:32:50.553 39144 DEBUG oslo_service.service [-] oslo_messaging_rabbit.enable_cancel_on_failover = False log_opt_values /usr/lib/python3/dist-packages/oslo_config/cfg.py:2609
2026-06-08 00:32:50.553 39144 DEBUG oslo_service.service [-] oslo_messaging_rabbit.heartbeat_in_pthread = False log_opt_values /usr/lib/python3/dist-packages/oslo_config/cfg.py:2609
2026-06-08 00:32:50.553 39144 DEBUG oslo_service.service [-] oslo_messaging_rabbit.heartbeat_rate = 2 log_opt_values /usr/lib/python3/dist-packages/oslo_config/cfg.py:2609
2026-06-08 00:32:50.553 39144 DEBUG oslo_service.service [-] oslo_messaging_rabbit.heartbeat_timeout_threshold = 60 log_opt_values /usr/lib/python3/dist-packages/oslo_config/cfg.py:2609
2026-06-08 00:32:50.553 39144 DEBUG oslo_service.service [-] oslo_messaging_rabbit.kombu_compression = None log_opt_values /usr/lib/python3/dist-packages/oslo_config/cfg.py:2609
2026-06-08 00:32:50.554 39144 DEBUG oslo_service.service [-] oslo_messaging_rabbit.kombu_failover_strategy = round-robin log_opt_values /usr/lib/python3/dist-packages/oslo_config/cfg.py:2609
2026-06-08 00:32:50.554 39144 DEBUG oslo_service.service [-] oslo_messaging_rabbit.kombu_missing_consumer_retry_timeout = 60 log_opt_values /usr/lib/python3/dist-packages/oslo_config/cfg.py:2609
2026-06-08 00:32:50.554 39144 DEBUG oslo_service.service [-] oslo_messaging_rabbit.kombu_reconnect_delay = 1.0 log_opt_values /usr/lib/python3/dist-packages/oslo_config/cfg.py:2609
2026-06-08 00:32:50.554 39144 DEBUG oslo_service.service [-] oslo_messaging_rabbit.rabbit_ha_queues = False log_opt_values /usr/lib/python3/dist-packages/oslo_config/cfg.py:2609
2026-06-08 00:32:50.554 39144 DEBUG oslo_service.service [-] oslo_messaging_rabbit.rabbit_interval_max = 30 log_opt_values /usr/lib/python3/dist-packages/oslo_config/cfg.py:2609
2026-06-08 00:32:50.554 39144 DEBUG oslo_service.service [-] oslo_messaging_rabbit.rabbit_login_method = AMQPLAIN log_opt_values /usr/lib/python3/dist-packages/oslo_config/cfg.py:2609
2026-06-08 00:32:50.554 39144 DEBUG oslo_service.service [-] oslo_messaging_rabbit.rabbit_qos_prefetch_count = 0 log_opt_values /usr/lib/python3/dist-packages/oslo_config/cfg.py:2609
2026-06-08 00:32:50.555 39144 DEBUG oslo_service.service [-] oslo_messaging_rabbit.rabbit_quorum_queue = False log_opt_values /usr/lib/python3/dist-packages/oslo_config/cfg.py:2609
2026-06-08 00:32:50.555 39144 DEBUG oslo_service.service [-] oslo_messaging_rabbit.rabbit_retry_backoff = 2 log_opt_values /usr/lib/python3/dist-packages/oslo_config/cfg.py:2609
2026-06-08 00:32:50.555 39144 DEBUG oslo_service.service [-] oslo_messaging_rabbit.rabbit_retry_interval = 1 log_opt_values /usr/lib/python3/dist-packages/oslo_config/cfg.py:2609
2026-06-08 00:32:50.555 39144 DEBUG oslo_service.service [-] oslo_messaging_rabbit.rabbit_transient_queues_ttl = 1800 log_opt_values /usr/lib/python3/dist-packages/oslo_config/cfg.py:2609
2026-06-08 00:32:50.555 39144 DEBUG oslo_service.service [-] oslo_messaging_rabbit.rpc_conn_pool_size = 30 log_opt_values /usr/lib/python3/dist-packages/oslo_config/cfg.py:2609
2026-06-08 00:32:50.555 39144 DEBUG oslo_service.service [-] oslo_messaging_rabbit.ssl = False log_opt_values /usr/lib/python3/dist-packages/oslo_config/cfg.py:2609
2026-06-08 00:32:50.555 39144 DEBUG oslo_service.service [-] oslo_messaging_rabbit.ssl_ca_file = log_opt_values /usr/lib/python3/dist-packages/oslo_config/cfg.py:2609
2026-06-08 00:32:50.555 39144 DEBUG oslo_service.service [-] oslo_messaging_rabbit.ssl_cert_file = log_opt_values /usr/lib/python3/dist-packages/oslo_config/cfg.py:2609
2026-06-08 00:32:50.556 39144 DEBUG oslo_service.service [-] oslo_messaging_rabbit.ssl_key_file = log_opt_values /usr/lib/python3/dist-packages/oslo_config/cfg.py:2609
2026-06-08 00:32:50.556 39144 DEBUG oslo_service.service [-] oslo_messaging_rabbit.ssl_version = log_opt_values /usr/lib/python3/dist-packages/oslo_config/cfg.py:2609
2026-06-08 00:32:50.556 39144 DEBUG oslo_service.service [-] oslo_messaging_notifications.driver = [] log_opt_values /usr/lib/python3/dist-packages/oslo_config/cfg.py:2609
2026-06-08 00:32:50.556 39144 DEBUG oslo_service.service [-] oslo_messaging_notifications.retry = -1 log_opt_values /usr/lib/python3/dist-packages/oslo_config/cfg.py:2609
2026-06-08 00:32:50.556 39144 DEBUG oslo_service.service [-] oslo_messaging_notifications.topics = ['notifications'] log_opt_values /usr/lib/python3/dist-packages/oslo_config/cfg.py:2609
2026-06-08 00:32:50.557 39144 DEBUG oslo_service.service [-] oslo_messaging_notifications.transport_url = **** log_opt_values /usr/lib/python3/dist-packages/oslo_config/cfg.py:2609
2026-06-08 00:32:50.557 39144 DEBUG oslo_service.service [-] cache.backend = dogpile.cache.null log_opt_values /usr/lib/python3/dist-packages/oslo_config/cfg.py:2609
2026-06-08 00:32:50.557 39144 DEBUG oslo_service.service [-] cache.backend_argument = **** log_opt_values /usr/lib/python3/dist-packages/oslo_config/cfg.py:2609
2026-06-08 00:32:50.557 39144 DEBUG oslo_service.service [-] cache.config_prefix = cache.oslo log_opt_values /usr/lib/python3/dist-packages/oslo_config/cfg.py:2609
2026-06-08 00:32:50.557 39144 DEBUG oslo_service.service [-] cache.debug_cache_backend = False log_opt_values /usr/lib/python3/dist-packages/oslo_config/cfg.py:2609
2026-06-08 00:32:50.557 39144 DEBUG oslo_service.service [-] cache.enabled = False log_opt_values /usr/lib/python3/dist-packages/oslo_config/cfg.py:2609
2026-06-08 00:32:50.557 39144 DEBUG oslo_service.service [-] cache.expiration_time = 600 log_opt_values /usr/lib/python3/dist-packages/oslo_config/cfg.py:2609
2026-06-08 00:32:50.557 39144 DEBUG oslo_service.service [-] cache.memcache_dead_retry = 300 log_opt_values /usr/lib/python3/dist-packages/oslo_config/cfg.py:2609
2026-06-08 00:32:50.558 39144 DEBUG oslo_service.service [-] cache.memcache_pool_connection_get_timeout = 10 log_opt_values /usr/lib/python3/dist-packages/oslo_config/cfg.py:2609
2026-06-08 00:32:50.558 39144 DEBUG oslo_service.service [-] cache.memcache_pool_flush_on_reconnect = False log_opt_values /usr/lib/python3/dist-packages/oslo_config/cfg.py:2609
2026-06-08 00:32:50.558 39144 DEBUG oslo_service.service [-] cache.memcache_pool_maxsize = 10 log_opt_values /usr/lib/python3/dist-packages/oslo_config/cfg.py:2609
2026-06-08 00:32:50.558 39144 DEBUG oslo_service.service [-] cache.memcache_pool_unused_timeout = 60 log_opt_values /usr/lib/python3/dist-packages/oslo_config/cfg.py:2609
2026-06-08 00:32:50.558 39144 DEBUG oslo_service.service [-] cache.memcache_servers = ['localhost:11211'] log_opt_values /usr/lib/python3/dist-packages/oslo_config/cfg.py:2609
2026-06-08 00:32:50.558 39144 DEBUG oslo_service.service [-] cache.memcache_socket_timeout = 1.0 log_opt_values /usr/lib/python3/dist-packages/oslo_config/cfg.py:2609
2026-06-08 00:32:50.558 39144 DEBUG oslo_service.service [-] cache.proxies = [] log_opt_values /usr/lib/python3/dist-packages/oslo_config/cfg.py:2609
2026-06-08 00:32:50.558 39144 DEBUG oslo_service.service [-] cache.tls_allowed_ciphers = None log_opt_values /usr/lib/python3/dist-packages/oslo_config/cfg.py:2609
2026-06-08 00:32:50.558 39144 DEBUG oslo_service.service [-] cache.tls_cafile = None log_opt_values /usr/lib/python3/dist-packages/oslo_config/cfg.py:2609
2026-06-08 00:32:50.559 39144 DEBUG oslo_service.service [-] cache.tls_certfile = None log_opt_values /usr/lib/python3/dist-packages/oslo_config/cfg.py:2609
2026-06-08 00:32:50.559 39144 DEBUG oslo_service.service [-] cache.tls_enabled = False log_opt_values /usr/lib/python3/dist-packages/oslo_config/cfg.py:2609
2026-06-08 00:32:50.559 39144 DEBUG oslo_service.service [-] cache.tls_keyfile = None log_opt_values /usr/lib/python3/dist-packages/oslo_config/cfg.py:2609
2026-06-08 00:32:50.559 39144 DEBUG oslo_service.service [-] constraint_validation_cache.caching = True log_opt_values /usr/lib/python3/dist-packages/oslo_config/cfg.py:2609
2026-06-08 00:32:50.559 39144 DEBUG oslo_service.service [-] constraint_validation_cache.expiration_time = 60 log_opt_values /usr/lib/python3/dist-packages/oslo_config/cfg.py:2609
2026-06-08 00:32:50.559 39144 DEBUG oslo_service.service [-] service_extension_cache.caching = True log_opt_values /usr/lib/python3/dist-packages/oslo_config/cfg.py:2609
2026-06-08 00:32:50.559 39144 DEBUG oslo_service.service [-] service_extension_cache.expiration_time = 3600 log_opt_values /usr/lib/python3/dist-packages/oslo_config/cfg.py:2609
2026-06-08 00:32:50.559 39144 DEBUG oslo_service.service [-] resource_finder_cache.caching = True log_opt_values /usr/lib/python3/dist-packages/oslo_config/cfg.py:2609
2026-06-08 00:32:50.560 39144 DEBUG oslo_service.service [-] resource_finder_cache.expiration_time = 3600 log_opt_values /usr/lib/python3/dist-packages/oslo_config/cfg.py:2609
2026-06-08 00:32:50.560 39144 DEBUG oslo_service.service [-] yaql.limit_iterators = 200 log_opt_values /usr/lib/python3/dist-packages/oslo_config/cfg.py:2609
2026-06-08 00:32:50.560 39144 DEBUG oslo_service.service [-] yaql.memory_quota = 10000 log_opt_values /usr/lib/python3/dist-packages/oslo_config/cfg.py:2609
2026-06-08 00:32:50.560 39144 DEBUG oslo_service.service [-] ******************************************************************************** log_opt_values /usr/lib/python3/dist-packages/oslo_config/cfg.py:2613
2026-06-08 00:32:50.597 39362 DEBUG oslo_db.sqlalchemy.engines [req-04bbe66a-7998-42d6-bbd3-a4832756f189 - - - - -] MySQL server mode set to STRICT_TRANS_TABLES,STRICT_ALL_TABLES,NO_ZERO_IN_DATE,NO_ZERO_DATE,ERROR_FOR_DIVISION_BY_ZERO,TRADITIONAL,NO_ENGINE_SUBSTITUTION _check_effective_sql_mode /usr/lib/python3/dist-packages/oslo_db/sqlalchemy/engines.py:314
2026-06-08 00:32:50.601 39361 DEBUG oslo_db.sqlalchemy.engines [req-8e64702f-a201-4ffe-a9e2-cda76fe0e74e - - - - -] MySQL server mode set to STRICT_TRANS_TABLES,STRICT_ALL_TABLES,NO_ZERO_IN_DATE,NO_ZERO_DATE,ERROR_FOR_DIVISION_BY_ZERO,TRADITIONAL,NO_ENGINE_SUBSTITUTION _check_effective_sql_mode /usr/lib/python3/dist-packages/oslo_db/sqlalchemy/engines.py:314
2026-06-08 00:32:50.604 39363 DEBUG oslo_db.sqlalchemy.engines [req-6d904a7d-9f34-491f-8f68-bd7cee2691cb - - - - -] MySQL server mode set to STRICT_TRANS_TABLES,STRICT_ALL_TABLES,NO_ZERO_IN_DATE,NO_ZERO_DATE,ERROR_FOR_DIVISION_BY_ZERO,TRADITIONAL,NO_ENGINE_SUBSTITUTION _check_effective_sql_mode /usr/lib/python3/dist-packages/oslo_db/sqlalchemy/engines.py:314
2026-06-08 00:32:50.606 39360 DEBUG oslo_db.sqlalchemy.engines [req-c32516d7-3040-4e05-a611-4eaf45b9b7d6 - - - - -] MySQL server mode set to STRICT_TRANS_TABLES,STRICT_ALL_TABLES,NO_ZERO_IN_DATE,NO_ZERO_DATE,ERROR_FOR_DIVISION_BY_ZERO,TRADITIONAL,NO_ENGINE_SUBSTITUTION _check_effective_sql_mode /usr/lib/python3/dist-packages/oslo_db/sqlalchemy/engines.py:314
2026-06-08 00:32:50.713 39363 DEBUG heat.engine.service [req-b90470cc-d14b-41a8-9f01-6bcf56172e6f - - - - -] Service 47d24516-7751-4ae8-a08e-686a385eca8e is started service_manage_report /usr/lib/python3/dist-packages/heat/engine/service.py:2363
2026-06-08 00:32:50.730 39361 DEBUG heat.engine.service [req-9d517e14-d1da-44b8-9f8d-37375266f483 - - - - -] Service 9472e12d-b73e-4d16-b932-11bd6254fd3e is started service_manage_report /usr/lib/python3/dist-packages/heat/engine/service.py:2363
2026-06-08 00:32:50.731 39362 DEBUG heat.engine.service [req-48a71848-1efb-4569-96a5-ca819dae7044 - - - - -] Service a6f7dce6-523e-4435-8c6b-de335c9c7f05 is started service_manage_report /usr/lib/python3/dist-packages/heat/engine/service.py:2363
2026-06-08 00:32:50.732 39363 DEBUG heat.engine.service [req-b90470cc-d14b-41a8-9f01-6bcf56172e6f - - - - -] Service 47d24516-7751-4ae8-a08e-686a385eca8e is updated service_manage_report /usr/lib/python3/dist-packages/heat/engine/service.py:2370
2026-06-08 00:32:50.748 39362 DEBUG heat.engine.service [req-48a71848-1efb-4569-96a5-ca819dae7044 - - - - -] Service a6f7dce6-523e-4435-8c6b-de335c9c7f05 is updated service_manage_report /usr/lib/python3/dist-packages/heat/engine/service.py:2370
2026-06-08 00:32:50.748 39360 DEBUG heat.engine.service [req-0a61cbb8-7e25-4708-87ee-8a33ac0c385d - - - - -] Service 8373553a-04be-4f77-a703-66b2d5abb98b is started service_manage_report /usr/lib/python3/dist-packages/heat/engine/service.py:2363
2026-06-08 00:32:50.764 39361 DEBUG heat.engine.service [req-9d517e14-d1da-44b8-9f8d-37375266f483 - - - - -] Service 9472e12d-b73e-4d16-b932-11bd6254fd3e is updated service_manage_report /usr/lib/python3/dist-packages/heat/engine/service.py:2370
2026-06-08 00:32:50.773 39360 DEBUG heat.engine.service [req-0a61cbb8-7e25-4708-87ee-8a33ac0c385d - - - - -] Service 8373553a-04be-4f77-a703-66b2d5abb98b is updated service_manage_report /usr/lib/python3/dist-packages/heat/engine/service.py:2370
2026-06-08 00:33:50.681 39361 DEBUG heat.engine.service [req-5182c218-d131-4c84-b241-312de0544aa6 - - - - -] Service 9472e12d-b73e-4d16-b932-11bd6254fd3e is updated service_manage_report /usr/lib/python3/dist-packages/heat/engine/service.py:2370
2026-06-08 00:33:50.686 39363 DEBUG heat.engine.service [req-676101c1-5f4b-4080-9dc8-bb934a81601d - - - - -] Service 47d24516-7751-4ae8-a08e-686a385eca8e is updated service_manage_report /usr/lib/python3/dist-packages/heat/engine/service.py:2370
2026-06-08 00:33:50.712 39362 DEBUG heat.engine.service [req-de017d6b-aec8-4666-866d-23af127879c8 - - - - -] Service a6f7dce6-523e-4435-8c6b-de335c9c7f05 is updated service_manage_report /usr/lib/python3/dist-packages/heat/engine/service.py:2370
2026-06-08 00:33:50.739 39360 DEBUG heat.engine.service [req-2bc1fc67-38b6-4b07-acc8-6fcdadf841f4 - - - - -] Service 8373553a-04be-4f77-a703-66b2d5abb98b is updated service_manage_report /usr/lib/python3/dist-packages/heat/engine/service.py:2370
2026-06-08 00:34:50.674 39361 DEBUG heat.engine.service [req-f86df197-aa1d-4bb2-87c8-bfa14ca3b176 - - - - -] Service 9472e12d-b73e-4d16-b932-11bd6254fd3e is updated service_manage_report /usr/lib/python3/dist-packages/heat/engine/service.py:2370
2026-06-08 00:34:50.688 39363 DEBUG heat.engine.service [req-73ee79b6-ee1f-40e9-a911-fd6952c6664a - - - - -] Service 47d24516-7751-4ae8-a08e-686a385eca8e is updated service_manage_report /usr/lib/python3/dist-packages/heat/engine/service.py:2370
2026-06-08 00:34:50.718 39362 DEBUG heat.engine.service [req-1c9f8f67-6816-417c-be9a-cd2c8d597a35 - - - - -] Service a6f7dce6-523e-4435-8c6b-de335c9c7f05 is updated service_manage_report /usr/lib/python3/dist-packages/heat/engine/service.py:2370
2026-06-08 00:34:50.741 39360 DEBUG heat.engine.service [req-26d7bed6-f53f-40c1-b20b-07b75baaaf1b - - - - -] Service 8373553a-04be-4f77-a703-66b2d5abb98b is updated service_manage_report /usr/lib/python3/dist-packages/heat/engine/service.py:2370
2026-06-08 00:35:50.679 39361 DEBUG heat.engine.service [req-dcaa5ed0-ca9e-45bd-a7f5-f1fe65f06314 - - - - -] Service 9472e12d-b73e-4d16-b932-11bd6254fd3e is updated service_manage_report /usr/lib/python3/dist-packages/heat/engine/service.py:2370
2026-06-08 00:35:50.694 39363 DEBUG heat.engine.service [req-82dae820-625a-4b05-af37-69e075a43fdd - - - - -] Service 47d24516-7751-4ae8-a08e-686a385eca8e is updated service_manage_report /usr/lib/python3/dist-packages/heat/engine/service.py:2370
2026-06-08 00:35:50.711 39362 DEBUG heat.engine.service [req-648190a8-54fd-4726-991f-803493bd6b10 - - - - -] Service a6f7dce6-523e-4435-8c6b-de335c9c7f05 is updated service_manage_report /usr/lib/python3/dist-packages/heat/engine/service.py:2370
2026-06-08 00:35:50.743 39360 DEBUG heat.engine.service [req-738a95ed-e141-48b0-8cd2-f84162e77e69 - - - - -] Service 8373553a-04be-4f77-a703-66b2d5abb98b is updated service_manage_report /usr/lib/python3/dist-packages/heat/engine/service.py:2370
2026-06-08 00:36:50.683 39361 DEBUG heat.engine.service [req-fec01d33-62b0-4159-99e4-635939ed81df - - - - -] Service 9472e12d-b73e-4d16-b932-11bd6254fd3e is updated service_manage_report /usr/lib/python3/dist-packages/heat/engine/service.py:2370
2026-06-08 00:36:50.687 39363 DEBUG heat.engine.service [req-299085d6-8b21-451a-af88-45b59847e324 - - - - -] Service 47d24516-7751-4ae8-a08e-686a385eca8e is updated service_manage_report /usr/lib/python3/dist-packages/heat/engine/service.py:2370
2026-06-08 00:36:50.715 39362 DEBUG heat.engine.service [req-31b5ae75-9264-4455-b007-344269312b2d - - - - -] Service a6f7dce6-523e-4435-8c6b-de335c9c7f05 is updated service_manage_report /usr/lib/python3/dist-packages/heat/engine/service.py:2370
2026-06-08 00:36:50.748 39360 DEBUG heat.engine.service [req-bfef8396-f24c-4dfe-a1e6-d25601fdf3ea - - - - -] Service 8373553a-04be-4f77-a703-66b2d5abb98b is updated service_manage_report /usr/lib/python3/dist-packages/heat/engine/service.py:2370
2026-06-08 00:37:50.687 39361 DEBUG heat.engine.service [req-f4ddf72f-b981-4bfd-bf53-7f5cec3c3a2a - - - - -] Service 9472e12d-b73e-4d16-b932-11bd6254fd3e is updated service_manage_report /usr/lib/python3/dist-packages/heat/engine/service.py:2370
2026-06-08 00:37:50.690 39363 DEBUG heat.engine.service [req-1dabe68d-acc5-44c2-8de0-4222eee33255 - - - - -] Service 47d24516-7751-4ae8-a08e-686a385eca8e is updated service_manage_report /usr/lib/python3/dist-packages/heat/engine/service.py:2370
2026-06-08 00:37:50.718 39362 DEBUG heat.engine.service [req-dacbefbe-d95a-4b23-8673-0d4efa71023f - - - - -] Service a6f7dce6-523e-4435-8c6b-de335c9c7f05 is updated service_manage_report /usr/lib/python3/dist-packages/heat/engine/service.py:2370
2026-06-08 00:37:50.751 39360 DEBUG heat.engine.service [req-0d550152-7e10-4f85-851e-6e52529ae20c - - - - -] Service 8373553a-04be-4f77-a703-66b2d5abb98b is updated service_manage_report /usr/lib/python3/dist-packages/heat/engine/service.py:2370
2026-06-08 00:38:50.691 39361 DEBUG heat.engine.service [req-8d441876-aad5-4b1e-b85b-396160faa97d - - - - -] Service 9472e12d-b73e-4d16-b932-11bd6254fd3e is updated service_manage_report /usr/lib/python3/dist-packages/heat/engine/service.py:2370
2026-06-08 00:38:50.694 39363 DEBUG heat.engine.service [req-a54192b3-462b-4bb1-add4-121d8e759bf9 - - - - -] Service 47d24516-7751-4ae8-a08e-686a385eca8e is updated service_manage_report /usr/lib/python3/dist-packages/heat/engine/service.py:2370
2026-06-08 00:38:50.722 39362 DEBUG heat.engine.service [req-baa67d1e-c5b7-46a4-a0c4-7c8e62df193e - - - - -] Service a6f7dce6-523e-4435-8c6b-de335c9c7f05 is updated service_manage_report /usr/lib/python3/dist-packages/heat/engine/service.py:2370
2026-06-08 00:38:50.754 39360 DEBUG heat.engine.service [req-3b464577-7e06-47ab-8867-12a145efc989 - - - - -] Service 8373553a-04be-4f77-a703-66b2d5abb98b is updated service_manage_report /usr/lib/python3/dist-packages/heat/engine/service.py:2370
2026-06-08 00:39:50.696 39361 DEBUG heat.engine.service [req-731a7076-4c18-4309-97aa-6be917d0b40b - - - - -] Service 9472e12d-b73e-4d16-b932-11bd6254fd3e is updated service_manage_report /usr/lib/python3/dist-packages/heat/engine/service.py:2370
2026-06-08 00:39:50.698 39363 DEBUG heat.engine.service [req-988ee021-3f58-446f-809a-38f77ea1d6ed - - - - -] Service 47d24516-7751-4ae8-a08e-686a385eca8e is updated service_manage_report /usr/lib/python3/dist-packages/heat/engine/service.py:2370
2026-06-08 00:39:50.725 39362 DEBUG heat.engine.service [req-e71a3304-d6ff-456f-82c2-a9f2296c53cd - - - - -] Service a6f7dce6-523e-4435-8c6b-de335c9c7f05 is updated service_manage_report /usr/lib/python3/dist-packages/heat/engine/service.py:2370
2026-06-08 00:39:50.758 39360 DEBUG heat.engine.service [req-50bebf17-a9e2-4141-bf3e-ae15aaae2248 - - - - -] Service 8373553a-04be-4f77-a703-66b2d5abb98b is updated service_manage_report /usr/lib/python3/dist-packages/heat/engine/service.py:2370
2026-06-08 00:40:50.699 39361 DEBUG heat.engine.service [req-33e4c633-4c9d-409d-a679-83611bbc87e3 - - - - -] Service 9472e12d-b73e-4d16-b932-11bd6254fd3e is updated service_manage_report /usr/lib/python3/dist-packages/heat/engine/service.py:2370
2026-06-08 00:40:50.701 39363 DEBUG heat.engine.service [req-d0ce7ceb-515c-45ed-a926-ee4827eb3abe - - - - -] Service 47d24516-7751-4ae8-a08e-686a385eca8e is updated service_manage_report /usr/lib/python3/dist-packages/heat/engine/service.py:2370
2026-06-08 00:40:50.729 39362 DEBUG heat.engine.service [req-f3bcfd5f-6f1d-46ad-b5dc-2530d7cfdd5f - - - - -] Service a6f7dce6-523e-4435-8c6b-de335c9c7f05 is updated service_manage_report /usr/lib/python3/dist-packages/heat/engine/service.py:2370
2026-06-08 00:40:50.763 39360 DEBUG heat.engine.service [req-fb33b867-8e80-40c1-8d43-59cfdb4ac27e - - - - -] Service 8373553a-04be-4f77-a703-66b2d5abb98b is updated service_manage_report /usr/lib/python3/dist-packages/heat/engine/service.py:2370
2026-06-08 00:41:50.702 39361 DEBUG heat.engine.service [req-f33f3b9d-ac47-4ea4-b82d-7f5a9e138394 - - - - -] Service 9472e12d-b73e-4d16-b932-11bd6254fd3e is updated service_manage_report /usr/lib/python3/dist-packages/heat/engine/service.py:2370
2026-06-08 00:41:50.706 39363 DEBUG heat.engine.service [req-ce49f64f-2c4f-4b40-a10b-b928e72fcc6e - - - - -] Service 47d24516-7751-4ae8-a08e-686a385eca8e is updated service_manage_report /usr/lib/python3/dist-packages/heat/engine/service.py:2370
2026-06-08 00:41:50.732 39362 DEBUG heat.engine.service [req-000e238c-f745-40cf-b731-77cc8366b7a5 - - - - -] Service a6f7dce6-523e-4435-8c6b-de335c9c7f05 is updated service_manage_report /usr/lib/python3/dist-packages/heat/engine/service.py:2370
2026-06-08 00:41:50.767 39360 DEBUG heat.engine.service [req-9a2a6050-c191-4d48-9fea-19163f16b3fd - - - - -] Service 8373553a-04be-4f77-a703-66b2d5abb98b is updated service_manage_report /usr/lib/python3/dist-packages/heat/engine/service.py:2370
2026-06-08 00:42:50.706 39361 DEBUG heat.engine.service [req-9ccaecb4-9b5f-4754-a7be-218d501f8247 - - - - -] Service 9472e12d-b73e-4d16-b932-11bd6254fd3e is updated service_manage_report /usr/lib/python3/dist-packages/heat/engine/service.py:2370
2026-06-08 00:42:50.709 39363 DEBUG heat.engine.service [req-196d9c12-c913-4732-befc-567f8e8bb040 - - - - -] Service 47d24516-7751-4ae8-a08e-686a385eca8e is updated service_manage_report /usr/lib/python3/dist-packages/heat/engine/service.py:2370
2026-06-08 00:42:50.735 39362 DEBUG heat.engine.service [req-682307f8-bc4d-4abd-b76c-fe15dfac56e2 - - - - -] Service a6f7dce6-523e-4435-8c6b-de335c9c7f05 is updated service_manage_report /usr/lib/python3/dist-packages/heat/engine/service.py:2370
2026-06-08 00:42:50.769 39360 DEBUG heat.engine.service [req-e313a625-2c35-4b81-b128-50a442a3ff0c - - - - -] Service 8373553a-04be-4f77-a703-66b2d5abb98b is updated service_manage_report /usr/lib/python3/dist-packages/heat/engine/service.py:2370
2026-06-08 00:43:50.713 39361 DEBUG heat.engine.service [req-ce327689-2793-49ae-9609-0918e765f9f5 - - - - -] Service 9472e12d-b73e-4d16-b932-11bd6254fd3e is updated service_manage_report /usr/lib/python3/dist-packages/heat/engine/service.py:2370
2026-06-08 00:43:50.716 39363 DEBUG heat.engine.service [req-02118ef4-9e89-4693-8cfc-af67358cf4cf - - - - -] Service 47d24516-7751-4ae8-a08e-686a385eca8e is updated service_manage_report /usr/lib/python3/dist-packages/heat/engine/service.py:2370
2026-06-08 00:43:50.739 39362 DEBUG heat.engine.service [req-2e79a6ce-5da7-4d51-8d3d-0cba1fa91830 - - - - -] Service a6f7dce6-523e-4435-8c6b-de335c9c7f05 is updated service_manage_report /usr/lib/python3/dist-packages/heat/engine/service.py:2370
2026-06-08 00:43:50.772 39360 DEBUG heat.engine.service [req-b4f2499b-6ca4-4bce-8bbf-009a59b908c9 - - - - -] Service 8373553a-04be-4f77-a703-66b2d5abb98b is updated service_manage_report /usr/lib/python3/dist-packages/heat/engine/service.py:2370
2026-06-08 00:44:50.706 39361 DEBUG heat.engine.service [req-e4237990-d51d-4a99-9e78-c14a188ebc76 - - - - -] Service 9472e12d-b73e-4d16-b932-11bd6254fd3e is updated service_manage_report /usr/lib/python3/dist-packages/heat/engine/service.py:2370
2026-06-08 00:44:50.709 39363 DEBUG heat.engine.service [req-fd168bc3-488b-4732-8248-215348e53217 - - - - -] Service 47d24516-7751-4ae8-a08e-686a385eca8e is updated service_manage_report /usr/lib/python3/dist-packages/heat/engine/service.py:2370
2026-06-08 00:44:50.742 39362 DEBUG heat.engine.service [req-7492fe7b-ba50-4e15-8abf-b72a3c99a3c4 - - - - -] Service a6f7dce6-523e-4435-8c6b-de335c9c7f05 is updated service_manage_report /usr/lib/python3/dist-packages/heat/engine/service.py:2370
2026-06-08 00:44:50.774 39360 DEBUG heat.engine.service [req-318c129e-ef8c-465a-896b-dfa3afbad366 - - - - -] Service 8373553a-04be-4f77-a703-66b2d5abb98b is updated service_manage_report /usr/lib/python3/dist-packages/heat/engine/service.py:2370
2026-06-08 00:45:50.711 39361 DEBUG heat.engine.service [req-6b7005f8-a874-41b1-b732-e65f7d153f15 - - - - -] Service 9472e12d-b73e-4d16-b932-11bd6254fd3e is updated service_manage_report /usr/lib/python3/dist-packages/heat/engine/service.py:2370
2026-06-08 00:45:50.713 39363 DEBUG heat.engine.service [req-26f4a93a-6d1d-4142-b8c0-26b0a3acb986 - - - - -] Service 47d24516-7751-4ae8-a08e-686a385eca8e is updated service_manage_report /usr/lib/python3/dist-packages/heat/engine/service.py:2370
2026-06-08 00:45:50.745 39362 DEBUG heat.engine.service [req-ae30504b-bb35-41ae-9caf-5d47740dd4f9 - - - - -] Service a6f7dce6-523e-4435-8c6b-de335c9c7f05 is updated service_manage_report /usr/lib/python3/dist-packages/heat/engine/service.py:2370
2026-06-08 00:45:50.778 39360 DEBUG heat.engine.service [req-4808cf03-22fb-4e03-b610-70fabf1fb56d - - - - -] Service 8373553a-04be-4f77-a703-66b2d5abb98b is updated service_manage_report /usr/lib/python3/dist-packages/heat/engine/service.py:2370
2026-06-08 00:46:50.717 39361 DEBUG heat.engine.service [req-2e90854b-3a88-4c11-8134-8f5cb9d5d921 - - - - -] Service 9472e12d-b73e-4d16-b932-11bd6254fd3e is updated service_manage_report /usr/lib/python3/dist-packages/heat/engine/service.py:2370
2026-06-08 00:46:50.719 39363 DEBUG heat.engine.service [req-3e999993-2d96-4190-9f13-9a9ee76634c0 - - - - -] Service 47d24516-7751-4ae8-a08e-686a385eca8e is updated service_manage_report /usr/lib/python3/dist-packages/heat/engine/service.py:2370
2026-06-08 00:46:50.750 39362 DEBUG heat.engine.service [req-8a95d104-0604-47ce-ae77-4d48518b37e6 - - - - -] Service a6f7dce6-523e-4435-8c6b-de335c9c7f05 is updated service_manage_report /usr/lib/python3/dist-packages/heat/engine/service.py:2370
2026-06-08 00:46:50.781 39360 DEBUG heat.engine.service [req-99c84f09-30ee-4f68-9ddc-7b3d1219aff3 - - - - -] Service 8373553a-04be-4f77-a703-66b2d5abb98b is updated service_manage_report /usr/lib/python3/dist-packages/heat/engine/service.py:2370
2026-06-08 00:47:50.713 39363 DEBUG heat.engine.service [req-e7ba9d48-4f7b-4800-b451-a5e48cd7ca33 - - - - -] Service 47d24516-7751-4ae8-a08e-686a385eca8e is updated service_manage_report /usr/lib/python3/dist-packages/heat/engine/service.py:2370
2026-06-08 00:47:50.721 39361 DEBUG heat.engine.service [req-390acca1-d98f-47af-b4a4-d16c05f48c66 - - - - -] Service 9472e12d-b73e-4d16-b932-11bd6254fd3e is updated service_manage_report /usr/lib/python3/dist-packages/heat/engine/service.py:2370
2026-06-08 00:47:50.753 39362 DEBUG heat.engine.service [req-6b4290ec-e78f-4e66-9dad-cbc86a543446 - - - - -] Service a6f7dce6-523e-4435-8c6b-de335c9c7f05 is updated service_manage_report /usr/lib/python3/dist-packages/heat/engine/service.py:2370
2026-06-08 00:47:50.783 39360 DEBUG heat.engine.service [req-711a8012-99b8-4df0-b979-dbc13b6f03f6 - - - - -] Service 8373553a-04be-4f77-a703-66b2d5abb98b is updated service_manage_report /usr/lib/python3/dist-packages/heat/engine/service.py:2370
2026-06-08 00:48:50.715 39363 DEBUG heat.engine.service [req-8b3fddbb-933f-4465-8bde-aad2c70d9d9e - - - - -] Service 47d24516-7751-4ae8-a08e-686a385eca8e is updated service_manage_report /usr/lib/python3/dist-packages/heat/engine/service.py:2370
2026-06-08 00:48:50.722 39361 DEBUG heat.engine.service [req-47c3a6fc-8e61-499e-a790-4bdfcb805469 - - - - -] Service 9472e12d-b73e-4d16-b932-11bd6254fd3e is updated service_manage_report /usr/lib/python3/dist-packages/heat/engine/service.py:2370
2026-06-08 00:48:50.756 39362 DEBUG heat.engine.service [req-1fef1bba-2067-448b-ac9e-bebb065ed68e - - - - -] Service a6f7dce6-523e-4435-8c6b-de335c9c7f05 is updated service_manage_report /usr/lib/python3/dist-packages/heat/engine/service.py:2370
2026-06-08 00:48:50.787 39360 DEBUG heat.engine.service [req-229e1a61-302c-4188-be8d-71dac33213dc - - - - -] Service 8373553a-04be-4f77-a703-66b2d5abb98b is updated service_manage_report /usr/lib/python3/dist-packages/heat/engine/service.py:2370
2026-06-08 00:49:50.719 39363 DEBUG heat.engine.service [req-f5b949f6-787b-4160-a6fd-b9233bf16655 - - - - -] Service 47d24516-7751-4ae8-a08e-686a385eca8e is updated service_manage_report /usr/lib/python3/dist-packages/heat/engine/service.py:2370
2026-06-08 00:49:50.724 39361 DEBUG heat.engine.service [req-5c129148-9421-4528-8920-73d59fce5a8a - - - - -] Service 9472e12d-b73e-4d16-b932-11bd6254fd3e is updated service_manage_report /usr/lib/python3/dist-packages/heat/engine/service.py:2370
2026-06-08 00:49:50.758 39362 DEBUG heat.engine.service [req-107df3b5-b0dd-4a6b-882d-b5bbacaeea4d - - - - -] Service a6f7dce6-523e-4435-8c6b-de335c9c7f05 is updated service_manage_report /usr/lib/python3/dist-packages/heat/engine/service.py:2370
