2026-06-08 01:47:35.749 70893 DEBUG oslo_service.service [-] clients_glance.cert_file = None log_opt_values /usr/lib/python3/dist-packages/oslo_config/cfg.py:2609
2026-06-08 01:47:35.749 70893 DEBUG oslo_service.service [-] clients_glance.endpoint_type = None log_opt_values /usr/lib/python3/dist-packages/oslo_config/cfg.py:2609
2026-06-08 01:47:35.749 70893 DEBUG oslo_service.service [-] clients_glance.insecure = None log_opt_values /usr/lib/python3/dist-packages/oslo_config/cfg.py:2609
2026-06-08 01:47:35.749 70893 DEBUG oslo_service.service [-] clients_glance.key_file = None log_opt_values /usr/lib/python3/dist-packages/oslo_config/cfg.py:2609
2026-06-08 01:47:35.749 70893 DEBUG oslo_service.service [-] clients_heat.ca_file = None log_opt_values /usr/lib/python3/dist-packages/oslo_config/cfg.py:2609
2026-06-08 01:47:35.749 70893 DEBUG oslo_service.service [-] clients_heat.cert_file = None log_opt_values /usr/lib/python3/dist-packages/oslo_config/cfg.py:2609
2026-06-08 01:47:35.750 70893 DEBUG oslo_service.service [-] clients_heat.endpoint_type = None log_opt_values /usr/lib/python3/dist-packages/oslo_config/cfg.py:2609
2026-06-08 01:47:35.750 70893 DEBUG oslo_service.service [-] clients_heat.insecure = None log_opt_values /usr/lib/python3/dist-packages/oslo_config/cfg.py:2609
2026-06-08 01:47:35.750 70893 DEBUG oslo_service.service [-] clients_heat.key_file = None log_opt_values /usr/lib/python3/dist-packages/oslo_config/cfg.py:2609
2026-06-08 01:47:35.750 70893 DEBUG oslo_service.service [-] clients_heat.url = log_opt_values /usr/lib/python3/dist-packages/oslo_config/cfg.py:2609
2026-06-08 01:47:35.750 70893 DEBUG oslo_service.service [-] clients_keystone.auth_uri = http://252.129.0.208:5050 log_opt_values /usr/lib/python3/dist-packages/oslo_config/cfg.py:2609
2026-06-08 01:47:35.750 70893 DEBUG oslo_service.service [-] clients_keystone.ca_file = None log_opt_values /usr/lib/python3/dist-packages/oslo_config/cfg.py:2609
2026-06-08 01:47:35.750 70893 DEBUG oslo_service.service [-] clients_keystone.cert_file = None log_opt_values /usr/lib/python3/dist-packages/oslo_config/cfg.py:2609
2026-06-08 01:47:35.750 70893 DEBUG oslo_service.service [-] clients_keystone.endpoint_type = None log_opt_values /usr/lib/python3/dist-packages/oslo_config/cfg.py:2609
2026-06-08 01:47:35.750 70893 DEBUG oslo_service.service [-] clients_keystone.insecure = None log_opt_values /usr/lib/python3/dist-packages/oslo_config/cfg.py:2609
2026-06-08 01:47:35.750 70893 DEBUG oslo_service.service [-] clients_keystone.key_file = None log_opt_values /usr/lib/python3/dist-packages/oslo_config/cfg.py:2609
2026-06-08 01:47:35.751 70893 DEBUG oslo_service.service [-] clients_magnum.ca_file = None log_opt_values /usr/lib/python3/dist-packages/oslo_config/cfg.py:2609
2026-06-08 01:47:35.751 70893 DEBUG oslo_service.service [-] clients_magnum.cert_file = None log_opt_values /usr/lib/python3/dist-packages/oslo_config/cfg.py:2609
2026-06-08 01:47:35.751 70893 DEBUG oslo_service.service [-] clients_magnum.endpoint_type = None log_opt_values /usr/lib/python3/dist-packages/oslo_config/cfg.py:2609
2026-06-08 01:47:35.751 70893 DEBUG oslo_service.service [-] clients_magnum.insecure = None log_opt_values /usr/lib/python3/dist-packages/oslo_config/cfg.py:2609
2026-06-08 01:47:35.751 70893 DEBUG oslo_service.service [-] clients_magnum.key_file = None log_opt_values /usr/lib/python3/dist-packages/oslo_config/cfg.py:2609
2026-06-08 01:47:35.751 70893 DEBUG oslo_service.service [-] clients_manila.ca_file = None log_opt_values /usr/lib/python3/dist-packages/oslo_config/cfg.py:2609
2026-06-08 01:47:35.751 70893 DEBUG oslo_service.service [-] clients_manila.cert_file = None log_opt_values /usr/lib/python3/dist-packages/oslo_config/cfg.py:2609
2026-06-08 01:47:35.751 70893 DEBUG oslo_service.service [-] clients_manila.endpoint_type = None log_opt_values /usr/lib/python3/dist-packages/oslo_config/cfg.py:2609
2026-06-08 01:47:35.751 70893 DEBUG oslo_service.service [-] clients_manila.insecure = None log_opt_values /usr/lib/python3/dist-packages/oslo_config/cfg.py:2609
2026-06-08 01:47:35.752 70893 DEBUG oslo_service.service [-] clients_manila.key_file = None log_opt_values /usr/lib/python3/dist-packages/oslo_config/cfg.py:2609
2026-06-08 01:47:35.752 70893 DEBUG oslo_service.service [-] clients_mistral.ca_file = None log_opt_values /usr/lib/python3/dist-packages/oslo_config/cfg.py:2609
2026-06-08 01:47:35.752 70893 DEBUG oslo_service.service [-] clients_mistral.cert_file = None log_opt_values /usr/lib/python3/dist-packages/oslo_config/cfg.py:2609
2026-06-08 01:47:35.752 70893 DEBUG oslo_service.service [-] clients_mistral.endpoint_type = None log_opt_values /usr/lib/python3/dist-packages/oslo_config/cfg.py:2609
2026-06-08 01:47:35.752 70893 DEBUG oslo_service.service [-] clients_mistral.insecure = None log_opt_values /usr/lib/python3/dist-packages/oslo_config/cfg.py:2609
2026-06-08 01:47:35.752 70893 DEBUG oslo_service.service [-] clients_mistral.key_file = None log_opt_values /usr/lib/python3/dist-packages/oslo_config/cfg.py:2609
2026-06-08 01:47:35.752 70893 DEBUG oslo_service.service [-] clients_monasca.ca_file = None log_opt_values /usr/lib/python3/dist-packages/oslo_config/cfg.py:2609
2026-06-08 01:47:35.752 70893 DEBUG oslo_service.service [-] clients_monasca.cert_file = None log_opt_values /usr/lib/python3/dist-packages/oslo_config/cfg.py:2609
2026-06-08 01:47:35.752 70893 DEBUG oslo_service.service [-] clients_monasca.endpoint_type = None log_opt_values /usr/lib/python3/dist-packages/oslo_config/cfg.py:2609
2026-06-08 01:47:35.753 70893 DEBUG oslo_service.service [-] clients_monasca.insecure = None log_opt_values /usr/lib/python3/dist-packages/oslo_config/cfg.py:2609
2026-06-08 01:47:35.753 70893 DEBUG oslo_service.service [-] clients_monasca.key_file = None log_opt_values /usr/lib/python3/dist-packages/oslo_config/cfg.py:2609
2026-06-08 01:47:35.753 70893 DEBUG oslo_service.service [-] clients_neutron.ca_file = None log_opt_values /usr/lib/python3/dist-packages/oslo_config/cfg.py:2609
2026-06-08 01:47:35.753 70893 DEBUG oslo_service.service [-] clients_neutron.cert_file = None log_opt_values /usr/lib/python3/dist-packages/oslo_config/cfg.py:2609
2026-06-08 01:47:35.753 70893 DEBUG oslo_service.service [-] clients_neutron.endpoint_type = None log_opt_values /usr/lib/python3/dist-packages/oslo_config/cfg.py:2609
2026-06-08 01:47:35.753 70893 DEBUG oslo_service.service [-] clients_neutron.insecure = None log_opt_values /usr/lib/python3/dist-packages/oslo_config/cfg.py:2609
2026-06-08 01:47:35.753 70893 DEBUG oslo_service.service [-] clients_neutron.key_file = None log_opt_values /usr/lib/python3/dist-packages/oslo_config/cfg.py:2609
2026-06-08 01:47:35.753 70893 DEBUG oslo_service.service [-] clients_nova.ca_file = None log_opt_values /usr/lib/python3/dist-packages/oslo_config/cfg.py:2609
2026-06-08 01:47:35.753 70893 DEBUG oslo_service.service [-] clients_nova.cert_file = None log_opt_values /usr/lib/python3/dist-packages/oslo_config/cfg.py:2609
2026-06-08 01:47:35.753 70893 DEBUG oslo_service.service [-] clients_nova.endpoint_type = None log_opt_values /usr/lib/python3/dist-packages/oslo_config/cfg.py:2609
2026-06-08 01:47:35.754 70893 DEBUG oslo_service.service [-] clients_nova.http_log_debug = False log_opt_values /usr/lib/python3/dist-packages/oslo_config/cfg.py:2609
2026-06-08 01:47:35.754 70893 DEBUG oslo_service.service [-] clients_nova.insecure = None log_opt_values /usr/lib/python3/dist-packages/oslo_config/cfg.py:2609
2026-06-08 01:47:35.754 70893 DEBUG oslo_service.service [-] clients_nova.key_file = None log_opt_values /usr/lib/python3/dist-packages/oslo_config/cfg.py:2609
2026-06-08 01:47:35.754 70893 DEBUG oslo_service.service [-] clients_octavia.ca_file = None log_opt_values /usr/lib/python3/dist-packages/oslo_config/cfg.py:2609
2026-06-08 01:47:35.754 70893 DEBUG oslo_service.service [-] clients_octavia.cert_file = None log_opt_values /usr/lib/python3/dist-packages/oslo_config/cfg.py:2609
2026-06-08 01:47:35.754 70893 DEBUG oslo_service.service [-] clients_octavia.endpoint_type = None log_opt_values /usr/lib/python3/dist-packages/oslo_config/cfg.py:2609
2026-06-08 01:47:35.754 70893 DEBUG oslo_service.service [-] clients_octavia.insecure = None log_opt_values /usr/lib/python3/dist-packages/oslo_config/cfg.py:2609
2026-06-08 01:47:35.754 70893 DEBUG oslo_service.service [-] clients_octavia.key_file = None log_opt_values /usr/lib/python3/dist-packages/oslo_config/cfg.py:2609
2026-06-08 01:47:35.754 70893 DEBUG oslo_service.service [-] clients_sahara.ca_file = None log_opt_values /usr/lib/python3/dist-packages/oslo_config/cfg.py:2609
2026-06-08 01:47:35.755 70893 DEBUG oslo_service.service [-] clients_sahara.cert_file = None log_opt_values /usr/lib/python3/dist-packages/oslo_config/cfg.py:2609
2026-06-08 01:47:35.755 70893 DEBUG oslo_service.service [-] clients_sahara.endpoint_type = None log_opt_values /usr/lib/python3/dist-packages/oslo_config/cfg.py:2609
2026-06-08 01:47:35.755 70893 DEBUG oslo_service.service [-] clients_sahara.insecure = None log_opt_values /usr/lib/python3/dist-packages/oslo_config/cfg.py:2609
2026-06-08 01:47:35.755 70893 DEBUG oslo_service.service [-] clients_sahara.key_file = None log_opt_values /usr/lib/python3/dist-packages/oslo_config/cfg.py:2609
2026-06-08 01:47:35.755 70893 DEBUG oslo_service.service [-] clients_senlin.ca_file = None log_opt_values /usr/lib/python3/dist-packages/oslo_config/cfg.py:2609
2026-06-08 01:47:35.755 70893 DEBUG oslo_service.service [-] clients_senlin.cert_file = None log_opt_values /usr/lib/python3/dist-packages/oslo_config/cfg.py:2609
2026-06-08 01:47:35.755 70893 DEBUG oslo_service.service [-] clients_senlin.endpoint_type = None log_opt_values /usr/lib/python3/dist-packages/oslo_config/cfg.py:2609
2026-06-08 01:47:35.755 70893 DEBUG oslo_service.service [-] clients_senlin.insecure = None log_opt_values /usr/lib/python3/dist-packages/oslo_config/cfg.py:2609
2026-06-08 01:47:35.755 70893 DEBUG oslo_service.service [-] clients_senlin.key_file = None log_opt_values /usr/lib/python3/dist-packages/oslo_config/cfg.py:2609
2026-06-08 01:47:35.755 70893 DEBUG oslo_service.service [-] clients_swift.ca_file = None log_opt_values /usr/lib/python3/dist-packages/oslo_config/cfg.py:2609
2026-06-08 01:47:35.756 70893 DEBUG oslo_service.service [-] clients_swift.cert_file = None log_opt_values /usr/lib/python3/dist-packages/oslo_config/cfg.py:2609
2026-06-08 01:47:35.756 70893 DEBUG oslo_service.service [-] clients_swift.endpoint_type = None log_opt_values /usr/lib/python3/dist-packages/oslo_config/cfg.py:2609
2026-06-08 01:47:35.756 70893 DEBUG oslo_service.service [-] clients_swift.insecure = None log_opt_values /usr/lib/python3/dist-packages/oslo_config/cfg.py:2609
2026-06-08 01:47:35.756 70893 DEBUG oslo_service.service [-] clients_swift.key_file = None log_opt_values /usr/lib/python3/dist-packages/oslo_config/cfg.py:2609
2026-06-08 01:47:35.756 70893 DEBUG oslo_service.service [-] clients_trove.ca_file = None log_opt_values /usr/lib/python3/dist-packages/oslo_config/cfg.py:2609
2026-06-08 01:47:35.756 70893 DEBUG oslo_service.service [-] clients_trove.cert_file = None log_opt_values /usr/lib/python3/dist-packages/oslo_config/cfg.py:2609
2026-06-08 01:47:35.756 70893 DEBUG oslo_service.service [-] clients_trove.endpoint_type = None log_opt_values /usr/lib/python3/dist-packages/oslo_config/cfg.py:2609
2026-06-08 01:47:35.756 70893 DEBUG oslo_service.service [-] clients_trove.insecure = None log_opt_values /usr/lib/python3/dist-packages/oslo_config/cfg.py:2609
2026-06-08 01:47:35.756 70893 DEBUG oslo_service.service [-] clients_trove.key_file = None log_opt_values /usr/lib/python3/dist-packages/oslo_config/cfg.py:2609
2026-06-08 01:47:35.756 70893 DEBUG oslo_service.service [-] clients_vitrage.ca_file = None log_opt_values /usr/lib/python3/dist-packages/oslo_config/cfg.py:2609
2026-06-08 01:47:35.757 70893 DEBUG oslo_service.service [-] clients_vitrage.cert_file = None log_opt_values /usr/lib/python3/dist-packages/oslo_config/cfg.py:2609
2026-06-08 01:47:35.757 70893 DEBUG oslo_service.service [-] clients_vitrage.endpoint_type = None log_opt_values /usr/lib/python3/dist-packages/oslo_config/cfg.py:2609
2026-06-08 01:47:35.757 70893 DEBUG oslo_service.service [-] clients_vitrage.insecure = None log_opt_values /usr/lib/python3/dist-packages/oslo_config/cfg.py:2609
2026-06-08 01:47:35.757 70893 DEBUG oslo_service.service [-] clients_vitrage.key_file = None log_opt_values /usr/lib/python3/dist-packages/oslo_config/cfg.py:2609
2026-06-08 01:47:35.757 70893 DEBUG oslo_service.service [-] clients_zaqar.ca_file = None log_opt_values /usr/lib/python3/dist-packages/oslo_config/cfg.py:2609
2026-06-08 01:47:35.757 70893 DEBUG oslo_service.service [-] clients_zaqar.cert_file = None log_opt_values /usr/lib/python3/dist-packages/oslo_config/cfg.py:2609
2026-06-08 01:47:35.757 70893 DEBUG oslo_service.service [-] clients_zaqar.endpoint_type = None log_opt_values /usr/lib/python3/dist-packages/oslo_config/cfg.py:2609
2026-06-08 01:47:35.758 70893 DEBUG oslo_service.service [-] clients_zaqar.insecure = None log_opt_values /usr/lib/python3/dist-packages/oslo_config/cfg.py:2609
2026-06-08 01:47:35.758 70893 DEBUG oslo_service.service [-] clients_zaqar.key_file = None log_opt_values /usr/lib/python3/dist-packages/oslo_config/cfg.py:2609
2026-06-08 01:47:35.758 70893 DEBUG oslo_service.service [-] database.backend = sqlalchemy log_opt_values /usr/lib/python3/dist-packages/oslo_config/cfg.py:2609
2026-06-08 01:47:35.758 70893 DEBUG oslo_service.service [-] database.connection = **** log_opt_values /usr/lib/python3/dist-packages/oslo_config/cfg.py:2609
2026-06-08 01:47:35.759 70893 DEBUG oslo_service.service [-] database.connection_debug = 0 log_opt_values /usr/lib/python3/dist-packages/oslo_config/cfg.py:2609
2026-06-08 01:47:35.759 70893 DEBUG oslo_service.service [-] database.connection_parameters = log_opt_values /usr/lib/python3/dist-packages/oslo_config/cfg.py:2609
2026-06-08 01:47:35.759 70893 DEBUG oslo_service.service [-] database.connection_recycle_time = 3600 log_opt_values /usr/lib/python3/dist-packages/oslo_config/cfg.py:2609
2026-06-08 01:47:35.759 70893 DEBUG oslo_service.service [-] database.connection_trace = False log_opt_values /usr/lib/python3/dist-packages/oslo_config/cfg.py:2609
2026-06-08 01:47:35.759 70893 DEBUG oslo_service.service [-] database.db_inc_retry_interval = True log_opt_values /usr/lib/python3/dist-packages/oslo_config/cfg.py:2609
2026-06-08 01:47:35.759 70893 DEBUG oslo_service.service [-] database.db_max_retries = 20 log_opt_values /usr/lib/python3/dist-packages/oslo_config/cfg.py:2609
2026-06-08 01:47:35.759 70893 DEBUG oslo_service.service [-] database.db_max_retry_interval = 10 log_opt_values /usr/lib/python3/dist-packages/oslo_config/cfg.py:2609
2026-06-08 01:47:35.759 70893 DEBUG oslo_service.service [-] database.db_retry_interval = 1 log_opt_values /usr/lib/python3/dist-packages/oslo_config/cfg.py:2609
2026-06-08 01:47:35.760 70893 DEBUG oslo_service.service [-] database.max_overflow = 50 log_opt_values /usr/lib/python3/dist-packages/oslo_config/cfg.py:2609
2026-06-08 01:47:35.760 70893 DEBUG oslo_service.service [-] database.max_pool_size = 5 log_opt_values /usr/lib/python3/dist-packages/oslo_config/cfg.py:2609
2026-06-08 01:47:35.760 70893 DEBUG oslo_service.service [-] database.max_retries = 10 log_opt_values /usr/lib/python3/dist-packages/oslo_config/cfg.py:2609
2026-06-08 01:47:35.760 70893 DEBUG oslo_service.service [-] database.mysql_enable_ndb = False log_opt_values /usr/lib/python3/dist-packages/oslo_config/cfg.py:2609
2026-06-08 01:47:35.760 70893 DEBUG oslo_service.service [-] database.mysql_sql_mode = TRADITIONAL log_opt_values /usr/lib/python3/dist-packages/oslo_config/cfg.py:2609
2026-06-08 01:47:35.760 70893 DEBUG oslo_service.service [-] database.pool_timeout = None log_opt_values /usr/lib/python3/dist-packages/oslo_config/cfg.py:2609
2026-06-08 01:47:35.760 70893 DEBUG oslo_service.service [-] database.retry_interval = 10 log_opt_values /usr/lib/python3/dist-packages/oslo_config/cfg.py:2609
2026-06-08 01:47:35.760 70893 DEBUG oslo_service.service [-] database.slave_connection = **** log_opt_values /usr/lib/python3/dist-packages/oslo_config/cfg.py:2609
2026-06-08 01:47:35.760 70893 DEBUG oslo_service.service [-] database.sqlite_synchronous = True log_opt_values /usr/lib/python3/dist-packages/oslo_config/cfg.py:2609
2026-06-08 01:47:35.761 70893 DEBUG oslo_service.service [-] database.use_db_reconnect = False log_opt_values /usr/lib/python3/dist-packages/oslo_config/cfg.py:2609
2026-06-08 01:47:35.761 70893 DEBUG oslo_service.service [-] oslo_messaging_metrics.metrics_buffer_size = 1000 log_opt_values /usr/lib/python3/dist-packages/oslo_config/cfg.py:2609
2026-06-08 01:47:35.761 70893 DEBUG oslo_service.service [-] oslo_messaging_metrics.metrics_enabled = False log_opt_values /usr/lib/python3/dist-packages/oslo_config/cfg.py:2609
2026-06-08 01:47:35.761 70893 DEBUG oslo_service.service [-] oslo_messaging_metrics.metrics_process_name = log_opt_values /usr/lib/python3/dist-packages/oslo_config/cfg.py:2609
2026-06-08 01:47:35.761 70893 DEBUG oslo_service.service [-] oslo_messaging_metrics.metrics_socket_file = /var/tmp/metrics_collector.sock log_opt_values /usr/lib/python3/dist-packages/oslo_config/cfg.py:2609
2026-06-08 01:47:35.761 70893 DEBUG oslo_service.service [-] oslo_messaging_metrics.metrics_thread_stop_timeout = 10 log_opt_values /usr/lib/python3/dist-packages/oslo_config/cfg.py:2609
2026-06-08 01:47:35.761 70893 DEBUG oslo_service.service [-] oslo_policy.enforce_new_defaults = False log_opt_values /usr/lib/python3/dist-packages/oslo_config/cfg.py:2609
2026-06-08 01:47:35.761 70893 DEBUG oslo_service.service [-] oslo_policy.enforce_scope = False log_opt_values /usr/lib/python3/dist-packages/oslo_config/cfg.py:2609
2026-06-08 01:47:35.761 70893 DEBUG oslo_service.service [-] oslo_policy.policy_default_rule = default log_opt_values /usr/lib/python3/dist-packages/oslo_config/cfg.py:2609
2026-06-08 01:47:35.762 70893 DEBUG oslo_service.service [-] oslo_policy.policy_dirs = ['policy.d'] log_opt_values /usr/lib/python3/dist-packages/oslo_config/cfg.py:2609
2026-06-08 01:47:35.762 70893 DEBUG oslo_service.service [-] oslo_policy.policy_file = policy.yaml log_opt_values /usr/lib/python3/dist-packages/oslo_config/cfg.py:2609
2026-06-08 01:47:35.762 70893 DEBUG oslo_service.service [-] oslo_policy.remote_content_type = application/x-www-form-urlencoded log_opt_values /usr/lib/python3/dist-packages/oslo_config/cfg.py:2609
2026-06-08 01:47:35.762 70893 DEBUG oslo_service.service [-] oslo_policy.remote_ssl_ca_crt_file = None log_opt_values /usr/lib/python3/dist-packages/oslo_config/cfg.py:2609
2026-06-08 01:47:35.762 70893 DEBUG oslo_service.service [-] oslo_policy.remote_ssl_client_crt_file = None log_opt_values /usr/lib/python3/dist-packages/oslo_config/cfg.py:2609
2026-06-08 01:47:35.762 70893 DEBUG oslo_service.service [-] oslo_policy.remote_ssl_client_key_file = None log_opt_values /usr/lib/python3/dist-packages/oslo_config/cfg.py:2609
2026-06-08 01:47:35.763 71123 INFO heat.engine.worker [-] Starting engine_worker (1.4) in engine 3ad29282-4e7d-4951-8dce-c494c288ee80.
2026-06-08 01:47:35.763 70893 DEBUG oslo_service.service [-] oslo_policy.remote_ssl_verify_server_crt = False log_opt_values /usr/lib/python3/dist-packages/oslo_config/cfg.py:2609
2026-06-08 01:47:35.764 70893 DEBUG oslo_service.service [-] trustee.auth_section = None log_opt_values /usr/lib/python3/dist-packages/oslo_config/cfg.py:2609
2026-06-08 01:47:35.764 70893 WARNING oslo_config.cfg [-] Deprecated: Option "auth_plugin" from group "trustee" is deprecated. Use option "auth_type" from group "trustee".
2026-06-08 01:47:35.764 70893 DEBUG oslo_service.service [-] trustee.auth_type = password log_opt_values /usr/lib/python3/dist-packages/oslo_config/cfg.py:2609
2026-06-08 01:47:35.764 70893 DEBUG oslo_service.service [-] oslo_versionedobjects.fatal_exception_format_errors = False log_opt_values /usr/lib/python3/dist-packages/oslo_config/cfg.py:2609
2026-06-08 01:47:35.764 70893 DEBUG oslo_service.service [-] oslo_messaging_rabbit.amqp_auto_delete = False log_opt_values /usr/lib/python3/dist-packages/oslo_config/cfg.py:2609
2026-06-08 01:47:35.765 70893 DEBUG oslo_service.service [-] oslo_messaging_rabbit.amqp_durable_queues = False log_opt_values /usr/lib/python3/dist-packages/oslo_config/cfg.py:2609
2026-06-08 01:47:35.765 70893 DEBUG oslo_service.service [-] oslo_messaging_rabbit.conn_pool_min_size = 2 log_opt_values /usr/lib/python3/dist-packages/oslo_config/cfg.py:2609
2026-06-08 01:47:35.765 70893 DEBUG oslo_service.service [-] oslo_messaging_rabbit.conn_pool_ttl = 1200 log_opt_values /usr/lib/python3/dist-packages/oslo_config/cfg.py:2609
2026-06-08 01:47:35.765 70893 DEBUG oslo_service.service [-] oslo_messaging_rabbit.direct_mandatory_flag = True log_opt_values /usr/lib/python3/dist-packages/oslo_config/cfg.py:2609
2026-06-08 01:47:35.765 70893 DEBUG oslo_service.service [-] oslo_messaging_rabbit.enable_cancel_on_failover = False log_opt_values /usr/lib/python3/dist-packages/oslo_config/cfg.py:2609
2026-06-08 01:47:35.765 70893 DEBUG oslo_service.service [-] oslo_messaging_rabbit.heartbeat_in_pthread = False log_opt_values /usr/lib/python3/dist-packages/oslo_config/cfg.py:2609
2026-06-08 01:47:35.765 70893 DEBUG oslo_service.service [-] oslo_messaging_rabbit.heartbeat_rate = 2 log_opt_values /usr/lib/python3/dist-packages/oslo_config/cfg.py:2609
2026-06-08 01:47:35.765 71124 INFO heat.engine.worker [-] Starting engine_worker (1.4) in engine 1467ede9-9e2d-4be9-9882-24e8dae6537f.
2026-06-08 01:47:35.765 70893 DEBUG oslo_service.service [-] oslo_messaging_rabbit.heartbeat_timeout_threshold = 60 log_opt_values /usr/lib/python3/dist-packages/oslo_config/cfg.py:2609
2026-06-08 01:47:35.765 70893 DEBUG oslo_service.service [-] oslo_messaging_rabbit.kombu_compression = None log_opt_values /usr/lib/python3/dist-packages/oslo_config/cfg.py:2609
2026-06-08 01:47:35.766 70893 DEBUG oslo_service.service [-] oslo_messaging_rabbit.kombu_failover_strategy = round-robin log_opt_values /usr/lib/python3/dist-packages/oslo_config/cfg.py:2609
2026-06-08 01:47:35.766 70893 DEBUG oslo_service.service [-] oslo_messaging_rabbit.kombu_missing_consumer_retry_timeout = 60 log_opt_values /usr/lib/python3/dist-packages/oslo_config/cfg.py:2609
2026-06-08 01:47:35.766 70893 DEBUG oslo_service.service [-] oslo_messaging_rabbit.kombu_reconnect_delay = 1.0 log_opt_values /usr/lib/python3/dist-packages/oslo_config/cfg.py:2609
2026-06-08 01:47:35.766 70893 DEBUG oslo_service.service [-] oslo_messaging_rabbit.rabbit_ha_queues = False log_opt_values /usr/lib/python3/dist-packages/oslo_config/cfg.py:2609
2026-06-08 01:47:35.766 70893 DEBUG oslo_service.service [-] oslo_messaging_rabbit.rabbit_interval_max = 30 log_opt_values /usr/lib/python3/dist-packages/oslo_config/cfg.py:2609
2026-06-08 01:47:35.766 70893 DEBUG oslo_service.service [-] oslo_messaging_rabbit.rabbit_login_method = AMQPLAIN log_opt_values /usr/lib/python3/dist-packages/oslo_config/cfg.py:2609
2026-06-08 01:47:35.766 70893 DEBUG oslo_service.service [-] oslo_messaging_rabbit.rabbit_qos_prefetch_count = 0 log_opt_values /usr/lib/python3/dist-packages/oslo_config/cfg.py:2609
2026-06-08 01:47:35.766 70893 DEBUG oslo_service.service [-] oslo_messaging_rabbit.rabbit_quorum_queue = False log_opt_values /usr/lib/python3/dist-packages/oslo_config/cfg.py:2609
2026-06-08 01:47:35.766 70893 DEBUG oslo_service.service [-] oslo_messaging_rabbit.rabbit_retry_backoff = 2 log_opt_values /usr/lib/python3/dist-packages/oslo_config/cfg.py:2609
2026-06-08 01:47:35.767 70893 DEBUG oslo_service.service [-] oslo_messaging_rabbit.rabbit_retry_interval = 1 log_opt_values /usr/lib/python3/dist-packages/oslo_config/cfg.py:2609
2026-06-08 01:47:35.767 70893 DEBUG oslo_service.service [-] oslo_messaging_rabbit.rabbit_transient_queues_ttl = 1800 log_opt_values /usr/lib/python3/dist-packages/oslo_config/cfg.py:2609
2026-06-08 01:47:35.767 70893 DEBUG oslo_service.service [-] oslo_messaging_rabbit.rpc_conn_pool_size = 30 log_opt_values /usr/lib/python3/dist-packages/oslo_config/cfg.py:2609
2026-06-08 01:47:35.767 70893 DEBUG oslo_service.service [-] oslo_messaging_rabbit.ssl = False log_opt_values /usr/lib/python3/dist-packages/oslo_config/cfg.py:2609
2026-06-08 01:47:35.767 70893 DEBUG oslo_service.service [-] oslo_messaging_rabbit.ssl_ca_file = log_opt_values /usr/lib/python3/dist-packages/oslo_config/cfg.py:2609
2026-06-08 01:47:35.767 70893 DEBUG oslo_service.service [-] oslo_messaging_rabbit.ssl_cert_file = log_opt_values /usr/lib/python3/dist-packages/oslo_config/cfg.py:2609
2026-06-08 01:47:35.767 70893 DEBUG oslo_service.service [-] oslo_messaging_rabbit.ssl_key_file = log_opt_values /usr/lib/python3/dist-packages/oslo_config/cfg.py:2609
2026-06-08 01:47:35.767 70893 DEBUG oslo_service.service [-] oslo_messaging_rabbit.ssl_version = log_opt_values /usr/lib/python3/dist-packages/oslo_config/cfg.py:2609
2026-06-08 01:47:35.767 70893 DEBUG oslo_service.service [-] oslo_messaging_notifications.driver = [] log_opt_values /usr/lib/python3/dist-packages/oslo_config/cfg.py:2609
2026-06-08 01:47:35.768 70893 DEBUG oslo_service.service [-] oslo_messaging_notifications.retry = -1 log_opt_values /usr/lib/python3/dist-packages/oslo_config/cfg.py:2609
2026-06-08 01:47:35.768 70893 DEBUG oslo_service.service [-] oslo_messaging_notifications.topics = ['notifications'] log_opt_values /usr/lib/python3/dist-packages/oslo_config/cfg.py:2609
2026-06-08 01:47:35.768 70893 DEBUG oslo_service.service [-] oslo_messaging_notifications.transport_url = **** log_opt_values /usr/lib/python3/dist-packages/oslo_config/cfg.py:2609
2026-06-08 01:47:35.768 70893 DEBUG oslo_service.service [-] cache.backend = dogpile.cache.null log_opt_values /usr/lib/python3/dist-packages/oslo_config/cfg.py:2609
2026-06-08 01:47:35.768 70893 DEBUG oslo_service.service [-] cache.backend_argument = **** log_opt_values /usr/lib/python3/dist-packages/oslo_config/cfg.py:2609
2026-06-08 01:47:35.768 70893 DEBUG oslo_service.service [-] cache.config_prefix = cache.oslo log_opt_values /usr/lib/python3/dist-packages/oslo_config/cfg.py:2609
2026-06-08 01:47:35.768 70893 DEBUG oslo_service.service [-] cache.debug_cache_backend = False log_opt_values /usr/lib/python3/dist-packages/oslo_config/cfg.py:2609
2026-06-08 01:47:35.768 70893 DEBUG oslo_service.service [-] cache.enabled = False log_opt_values /usr/lib/python3/dist-packages/oslo_config/cfg.py:2609
2026-06-08 01:47:35.769 70893 DEBUG oslo_service.service [-] cache.expiration_time = 600 log_opt_values /usr/lib/python3/dist-packages/oslo_config/cfg.py:2609
2026-06-08 01:47:35.769 70893 DEBUG oslo_service.service [-] cache.memcache_dead_retry = 300 log_opt_values /usr/lib/python3/dist-packages/oslo_config/cfg.py:2609
2026-06-08 01:47:35.769 70893 DEBUG oslo_service.service [-] cache.memcache_pool_connection_get_timeout = 10 log_opt_values /usr/lib/python3/dist-packages/oslo_config/cfg.py:2609
2026-06-08 01:47:35.769 70893 DEBUG oslo_service.service [-] cache.memcache_pool_flush_on_reconnect = False log_opt_values /usr/lib/python3/dist-packages/oslo_config/cfg.py:2609
2026-06-08 01:47:35.769 70893 DEBUG oslo_service.service [-] cache.memcache_pool_maxsize = 10 log_opt_values /usr/lib/python3/dist-packages/oslo_config/cfg.py:2609
2026-06-08 01:47:35.769 70893 DEBUG oslo_service.service [-] cache.memcache_pool_unused_timeout = 60 log_opt_values /usr/lib/python3/dist-packages/oslo_config/cfg.py:2609
2026-06-08 01:47:35.769 70893 DEBUG oslo_service.service [-] cache.memcache_servers = ['localhost:11211'] log_opt_values /usr/lib/python3/dist-packages/oslo_config/cfg.py:2609
2026-06-08 01:47:35.769 70893 DEBUG oslo_service.service [-] cache.memcache_socket_timeout = 1.0 log_opt_values /usr/lib/python3/dist-packages/oslo_config/cfg.py:2609
2026-06-08 01:47:35.769 70893 DEBUG oslo_service.service [-] cache.proxies = [] log_opt_values /usr/lib/python3/dist-packages/oslo_config/cfg.py:2609
2026-06-08 01:47:35.770 70893 DEBUG oslo_service.service [-] cache.tls_allowed_ciphers = None log_opt_values /usr/lib/python3/dist-packages/oslo_config/cfg.py:2609
2026-06-08 01:47:35.770 70893 DEBUG oslo_service.service [-] cache.tls_cafile = None log_opt_values /usr/lib/python3/dist-packages/oslo_config/cfg.py:2609
2026-06-08 01:47:35.770 70893 DEBUG oslo_service.service [-] cache.tls_certfile = None log_opt_values /usr/lib/python3/dist-packages/oslo_config/cfg.py:2609
2026-06-08 01:47:35.770 70893 DEBUG oslo_service.service [-] cache.tls_enabled = False log_opt_values /usr/lib/python3/dist-packages/oslo_config/cfg.py:2609
2026-06-08 01:47:35.770 70893 DEBUG oslo_service.service [-] cache.tls_keyfile = None log_opt_values /usr/lib/python3/dist-packages/oslo_config/cfg.py:2609
2026-06-08 01:47:35.770 70893 DEBUG oslo_service.service [-] constraint_validation_cache.caching = True log_opt_values /usr/lib/python3/dist-packages/oslo_config/cfg.py:2609
2026-06-08 01:47:35.770 70893 DEBUG oslo_service.service [-] constraint_validation_cache.expiration_time = 60 log_opt_values /usr/lib/python3/dist-packages/oslo_config/cfg.py:2609
2026-06-08 01:47:35.770 70893 DEBUG oslo_service.service [-] service_extension_cache.caching = True log_opt_values /usr/lib/python3/dist-packages/oslo_config/cfg.py:2609
2026-06-08 01:47:35.770 70893 DEBUG oslo_service.service [-] service_extension_cache.expiration_time = 3600 log_opt_values /usr/lib/python3/dist-packages/oslo_config/cfg.py:2609
2026-06-08 01:47:35.771 70893 DEBUG oslo_service.service [-] resource_finder_cache.caching = True log_opt_values /usr/lib/python3/dist-packages/oslo_config/cfg.py:2609
2026-06-08 01:47:35.771 70893 DEBUG oslo_service.service [-] resource_finder_cache.expiration_time = 3600 log_opt_values /usr/lib/python3/dist-packages/oslo_config/cfg.py:2609
2026-06-08 01:47:35.771 70893 DEBUG oslo_service.service [-] yaql.limit_iterators = 200 log_opt_values /usr/lib/python3/dist-packages/oslo_config/cfg.py:2609
2026-06-08 01:47:35.771 70893 DEBUG oslo_service.service [-] yaql.memory_quota = 10000 log_opt_values /usr/lib/python3/dist-packages/oslo_config/cfg.py:2609
2026-06-08 01:47:35.771 70893 DEBUG oslo_service.service [-] ******************************************************************************** log_opt_values /usr/lib/python3/dist-packages/oslo_config/cfg.py:2613
2026-06-08 01:47:35.817 71121 DEBUG oslo_db.sqlalchemy.engines [req-df3536ec-fc62-4a0b-ac4c-78d9aee3e049 - - - - -] MySQL server mode set to STRICT_TRANS_TABLES,STRICT_ALL_TABLES,NO_ZERO_IN_DATE,NO_ZERO_DATE,ERROR_FOR_DIVISION_BY_ZERO,TRADITIONAL,NO_ENGINE_SUBSTITUTION _check_effective_sql_mode /usr/lib/python3/dist-packages/oslo_db/sqlalchemy/engines.py:314
2026-06-08 01:47:35.837 71122 DEBUG oslo_db.sqlalchemy.engines [req-4c6a95cd-8a5a-404a-a4bc-040838566f6f - - - - -] MySQL server mode set to STRICT_TRANS_TABLES,STRICT_ALL_TABLES,NO_ZERO_IN_DATE,NO_ZERO_DATE,ERROR_FOR_DIVISION_BY_ZERO,TRADITIONAL,NO_ENGINE_SUBSTITUTION _check_effective_sql_mode /usr/lib/python3/dist-packages/oslo_db/sqlalchemy/engines.py:314
2026-06-08 01:47:35.840 71123 DEBUG oslo_db.sqlalchemy.engines [req-53815203-3748-418f-882d-ea7a4cd818a6 - - - - -] MySQL server mode set to STRICT_TRANS_TABLES,STRICT_ALL_TABLES,NO_ZERO_IN_DATE,NO_ZERO_DATE,ERROR_FOR_DIVISION_BY_ZERO,TRADITIONAL,NO_ENGINE_SUBSTITUTION _check_effective_sql_mode /usr/lib/python3/dist-packages/oslo_db/sqlalchemy/engines.py:314
2026-06-08 01:47:35.846 71124 DEBUG oslo_db.sqlalchemy.engines [req-191ec853-c105-4e81-9801-26ed9905eab9 - - - - -] MySQL server mode set to STRICT_TRANS_TABLES,STRICT_ALL_TABLES,NO_ZERO_IN_DATE,NO_ZERO_DATE,ERROR_FOR_DIVISION_BY_ZERO,TRADITIONAL,NO_ENGINE_SUBSTITUTION _check_effective_sql_mode /usr/lib/python3/dist-packages/oslo_db/sqlalchemy/engines.py:314
2026-06-08 01:47:35.862 71121 DEBUG heat.engine.service [req-df3536ec-fc62-4a0b-ac4c-78d9aee3e049 - - - - -] Service 1bead6a0-fb18-4e9b-9ea7-4443f7b349af was aborted service_manage_cleanup /usr/lib/python3/dist-packages/heat/engine/service.py:2391
2026-06-08 01:47:35.879 71121 DEBUG heat.engine.service [req-df3536ec-fc62-4a0b-ac4c-78d9aee3e049 - - - - -] Service 34a488d9-a324-4df6-97fa-71ac330dbb6e was aborted service_manage_cleanup /usr/lib/python3/dist-packages/heat/engine/service.py:2391
2026-06-08 01:47:35.891 71122 DEBUG heat.engine.service [req-4c6a95cd-8a5a-404a-a4bc-040838566f6f - - - - -] Service 34a488d9-a324-4df6-97fa-71ac330dbb6e was aborted service_manage_cleanup /usr/lib/python3/dist-packages/heat/engine/service.py:2391
2026-06-08 01:47:35.891 71124 DEBUG heat.engine.service [req-191ec853-c105-4e81-9801-26ed9905eab9 - - - - -] Service 34a488d9-a324-4df6-97fa-71ac330dbb6e was aborted service_manage_cleanup /usr/lib/python3/dist-packages/heat/engine/service.py:2391
2026-06-08 01:47:35.892 71121 DEBUG heat.engine.service [req-df3536ec-fc62-4a0b-ac4c-78d9aee3e049 - - - - -] Service 40b0394b-edb6-493f-9075-a9f2cb0f71ce was aborted service_manage_cleanup /usr/lib/python3/dist-packages/heat/engine/service.py:2391
2026-06-08 01:47:35.899 71122 DEBUG heat.engine.service [req-4c6a95cd-8a5a-404a-a4bc-040838566f6f - - - - -] Service 40b0394b-edb6-493f-9075-a9f2cb0f71ce was aborted service_manage_cleanup /usr/lib/python3/dist-packages/heat/engine/service.py:2391
2026-06-08 01:47:35.902 71124 DEBUG heat.engine.service [req-191ec853-c105-4e81-9801-26ed9905eab9 - - - - -] Service 40b0394b-edb6-493f-9075-a9f2cb0f71ce was aborted service_manage_cleanup /usr/lib/python3/dist-packages/heat/engine/service.py:2391
2026-06-08 01:47:35.904 71121 DEBUG heat.engine.service [req-df3536ec-fc62-4a0b-ac4c-78d9aee3e049 - - - - -] Service 9231009e-8db6-4a9f-9bd4-56fe9a161342 was aborted service_manage_cleanup /usr/lib/python3/dist-packages/heat/engine/service.py:2391
2026-06-08 01:47:35.905 71122 DEBUG heat.engine.service [req-4c6a95cd-8a5a-404a-a4bc-040838566f6f - - - - -] Service 9231009e-8db6-4a9f-9bd4-56fe9a161342 was aborted service_manage_cleanup /usr/lib/python3/dist-packages/heat/engine/service.py:2391
2026-06-08 01:47:35.905 71123 DEBUG heat.engine.service [req-53815203-3748-418f-882d-ea7a4cd818a6 - - - - -] Service 40b0394b-edb6-493f-9075-a9f2cb0f71ce was aborted service_manage_cleanup /usr/lib/python3/dist-packages/heat/engine/service.py:2391
2026-06-08 01:47:35.907 71124 DEBUG heat.engine.service [req-191ec853-c105-4e81-9801-26ed9905eab9 - - - - -] Service 9231009e-8db6-4a9f-9bd4-56fe9a161342 was aborted service_manage_cleanup /usr/lib/python3/dist-packages/heat/engine/service.py:2391
2026-06-08 01:47:35.915 71123 DEBUG heat.engine.service [req-53815203-3748-418f-882d-ea7a4cd818a6 - - - - -] Service 9231009e-8db6-4a9f-9bd4-56fe9a161342 was aborted service_manage_cleanup /usr/lib/python3/dist-packages/heat/engine/service.py:2391
2026-06-08 01:47:35.940 71121 DEBUG heat.engine.service [req-57394981-4e1f-4f9c-900d-c0f9b0462d93 - - - - -] Service 5024a443-3f81-4c9e-bf16-edad9401d8f9 is started service_manage_report /usr/lib/python3/dist-packages/heat/engine/service.py:2363
2026-06-08 01:47:35.943 71123 DEBUG heat.engine.service [req-30708a69-b467-4b3a-bde3-af4272f8ac08 - - - - -] Service 5dde6599-b01d-494e-aed1-d283c5c37657 is started service_manage_report /usr/lib/python3/dist-packages/heat/engine/service.py:2363
2026-06-08 01:47:35.943 71124 DEBUG heat.engine.service [req-b119671c-a5da-4a1f-a1b4-43608ba80c86 - - - - -] Service 4bf8efaf-73fa-414a-b541-c719e3fab18a is started service_manage_report /usr/lib/python3/dist-packages/heat/engine/service.py:2363
2026-06-08 01:47:35.947 71122 DEBUG heat.engine.service [req-d5a5e2c9-14d2-4ba0-b379-f6e58394c1f5 - - - - -] Service d2d49c21-b99d-464e-924b-44bad8e16fc1 is started service_manage_report /usr/lib/python3/dist-packages/heat/engine/service.py:2363
2026-06-08 01:47:35.954 71121 DEBUG heat.engine.service [req-57394981-4e1f-4f9c-900d-c0f9b0462d93 - - - - -] Service 5024a443-3f81-4c9e-bf16-edad9401d8f9 is updated service_manage_report /usr/lib/python3/dist-packages/heat/engine/service.py:2370
2026-06-08 01:47:35.960 71123 DEBUG heat.engine.service [req-30708a69-b467-4b3a-bde3-af4272f8ac08 - - - - -] Service 5dde6599-b01d-494e-aed1-d283c5c37657 is updated service_manage_report /usr/lib/python3/dist-packages/heat/engine/service.py:2370
2026-06-08 01:47:35.963 71122 DEBUG heat.engine.service [req-d5a5e2c9-14d2-4ba0-b379-f6e58394c1f5 - - - - -] Service d2d49c21-b99d-464e-924b-44bad8e16fc1 is updated service_manage_report /usr/lib/python3/dist-packages/heat/engine/service.py:2370
2026-06-08 01:47:35.963 71124 DEBUG heat.engine.service [req-b119671c-a5da-4a1f-a1b4-43608ba80c86 - - - - -] Service 4bf8efaf-73fa-414a-b541-c719e3fab18a is updated service_manage_report /usr/lib/python3/dist-packages/heat/engine/service.py:2370
2026-06-08 01:48:35.937 71123 DEBUG heat.engine.service [req-eb871508-0016-474f-8290-723016af3531 - - - - -] Service 5dde6599-b01d-494e-aed1-d283c5c37657 is updated service_manage_report /usr/lib/python3/dist-packages/heat/engine/service.py:2370
2026-06-08 01:48:35.943 71124 DEBUG heat.engine.service [req-2cb525e5-f197-40bf-8d44-8dc250db4ee1 - - - - -] Service 4bf8efaf-73fa-414a-b541-c719e3fab18a is updated service_manage_report /usr/lib/python3/dist-packages/heat/engine/service.py:2370
2026-06-08 01:48:35.943 71121 DEBUG heat.engine.service [req-801dc3d1-31eb-4b95-a846-2432df4af19a - - - - -] Service 5024a443-3f81-4c9e-bf16-edad9401d8f9 is updated service_manage_report /usr/lib/python3/dist-packages/heat/engine/service.py:2370
2026-06-08 01:48:35.943 71122 DEBUG heat.engine.service [req-02611c3a-4f72-4b3a-befe-0f42c5ce3cd7 - - - - -] Service d2d49c21-b99d-464e-924b-44bad8e16fc1 is updated service_manage_report /usr/lib/python3/dist-packages/heat/engine/service.py:2370
2026-06-08 01:49:35.934 71123 DEBUG heat.engine.service [req-d66b43b1-b0cc-4c97-b9ce-126030477685 - - - - -] Service 5dde6599-b01d-494e-aed1-d283c5c37657 is updated service_manage_report /usr/lib/python3/dist-packages/heat/engine/service.py:2370
2026-06-08 01:49:35.938 71121 DEBUG heat.engine.service [req-ff1419eb-6f75-4a9f-ab6f-109215742c23 - - - - -] Service 5024a443-3f81-4c9e-bf16-edad9401d8f9 is updated service_manage_report /usr/lib/python3/dist-packages/heat/engine/service.py:2370
2026-06-08 01:49:35.942 71122 DEBUG heat.engine.service [req-b68bc0bb-f32c-49c3-9bdb-21bd7a8697db - - - - -] Service d2d49c21-b99d-464e-924b-44bad8e16fc1 is updated service_manage_report /usr/lib/python3/dist-packages/heat/engine/service.py:2370
2026-06-08 01:49:35.942 71124 DEBUG heat.engine.service [req-405806f0-ff88-4600-b07a-1e67e0d05c70 - - - - -] Service 4bf8efaf-73fa-414a-b541-c719e3fab18a is updated service_manage_report /usr/lib/python3/dist-packages/heat/engine/service.py:2370
2026-06-08 01:50:35.930 71123 DEBUG heat.engine.service [req-8747f8ed-617e-4f88-b8af-0b7c7e2d5a10 - - - - -] Service 5dde6599-b01d-494e-aed1-d283c5c37657 is updated service_manage_report /usr/lib/python3/dist-packages/heat/engine/service.py:2370
2026-06-08 01:50:35.935 71122 DEBUG heat.engine.service [req-64f6c6cc-df58-4992-9a90-b8ced52b85aa - - - - -] Service d2d49c21-b99d-464e-924b-44bad8e16fc1 is updated service_manage_report /usr/lib/python3/dist-packages/heat/engine/service.py:2370
2026-06-08 01:50:35.939 71124 DEBUG heat.engine.service [req-fad2323d-7e7d-4183-ae53-a319c093a3e8 - - - - -] Service 4bf8efaf-73fa-414a-b541-c719e3fab18a is updated service_manage_report /usr/lib/python3/dist-packages/heat/engine/service.py:2370
2026-06-08 01:50:35.941 71121 DEBUG heat.engine.service [req-b9994fb7-648b-4b6e-a0e3-47dc211b3158 - - - - -] Service 5024a443-3f81-4c9e-bf16-edad9401d8f9 is updated service_manage_report /usr/lib/python3/dist-packages/heat/engine/service.py:2370
2026-06-08 01:51:35.930 71123 DEBUG heat.engine.service [req-f0eadfac-f1de-4f50-b1ec-929f5968dc5e - - - - -] Service 5dde6599-b01d-494e-aed1-d283c5c37657 is updated service_manage_report /usr/lib/python3/dist-packages/heat/engine/service.py:2370
2026-06-08 01:51:35.939 71124 DEBUG heat.engine.service [req-bbec28c2-8e55-4823-b39c-5cd9e9c75333 - - - - -] Service 4bf8efaf-73fa-414a-b541-c719e3fab18a is updated service_manage_report /usr/lib/python3/dist-packages/heat/engine/service.py:2370
2026-06-08 01:51:35.948 71122 DEBUG heat.engine.service [req-0d8381b7-d4cf-490a-ae60-f9e56c0fd145 - - - - -] Service d2d49c21-b99d-464e-924b-44bad8e16fc1 is updated service_manage_report /usr/lib/python3/dist-packages/heat/engine/service.py:2370
2026-06-08 01:51:35.950 71121 DEBUG heat.engine.service [req-12f8e226-cd9c-4f7b-93a5-e5e5dcf612a8 - - - - -] Service 5024a443-3f81-4c9e-bf16-edad9401d8f9 is updated service_manage_report /usr/lib/python3/dist-packages/heat/engine/service.py:2370
2026-06-08 01:52:35.924 71123 DEBUG heat.engine.service [req-abc3af7f-54bf-47a2-b481-dfec67b67f53 - - - - -] Service 5dde6599-b01d-494e-aed1-d283c5c37657 is updated service_manage_report /usr/lib/python3/dist-packages/heat/engine/service.py:2370
2026-06-08 01:52:35.934 71124 DEBUG heat.engine.service [req-96e6ff97-6e43-455e-89a9-52276ee1b342 - - - - -] Service 4bf8efaf-73fa-414a-b541-c719e3fab18a is updated service_manage_report /usr/lib/python3/dist-packages/heat/engine/service.py:2370
2026-06-08 01:52:35.943 71122 DEBUG heat.engine.service [req-bf4568da-4d12-4b3b-94ee-8c310aeb9d84 - - - - -] Service d2d49c21-b99d-464e-924b-44bad8e16fc1 is updated service_manage_report /usr/lib/python3/dist-packages/heat/engine/service.py:2370
2026-06-08 01:52:35.944 71121 DEBUG heat.engine.service [req-cf3b12e7-867d-4b93-97c3-ca40b1e05158 - - - - -] Service 5024a443-3f81-4c9e-bf16-edad9401d8f9 is updated service_manage_report /usr/lib/python3/dist-packages/heat/engine/service.py:2370
2026-06-08 01:53:35.931 71123 DEBUG heat.engine.service [req-7cff7d9a-b87c-42e9-ac0a-9919bad00258 - - - - -] Service 5dde6599-b01d-494e-aed1-d283c5c37657 is updated service_manage_report /usr/lib/python3/dist-packages/heat/engine/service.py:2370
2026-06-08 01:53:35.938 71124 DEBUG heat.engine.service [req-d85b06df-644a-45fc-9369-be4fb105ad83 - - - - -] Service 4bf8efaf-73fa-414a-b541-c719e3fab18a is updated service_manage_report /usr/lib/python3/dist-packages/heat/engine/service.py:2370
2026-06-08 01:53:35.945 71122 DEBUG heat.engine.service [req-08f9d4f8-b5f3-48d6-a31e-09180b7b4e4a - - - - -] Service d2d49c21-b99d-464e-924b-44bad8e16fc1 is updated service_manage_report /usr/lib/python3/dist-packages/heat/engine/service.py:2370
2026-06-08 01:53:35.948 71121 DEBUG heat.engine.service [req-3b468a24-c488-403c-9fcd-3546afb79bda - - - - -] Service 5024a443-3f81-4c9e-bf16-edad9401d8f9 is updated service_manage_report /usr/lib/python3/dist-packages/heat/engine/service.py:2370
2026-06-08 01:54:35.926 71123 DEBUG heat.engine.service [req-f05f86da-6df1-4b49-8578-ce39279d0c6d - - - - -] Service 5dde6599-b01d-494e-aed1-d283c5c37657 is updated service_manage_report /usr/lib/python3/dist-packages/heat/engine/service.py:2370
2026-06-08 01:54:35.942 71124 DEBUG heat.engine.service [req-6dc17bc8-e457-4858-ab0c-55e691c9be4e - - - - -] Service 4bf8efaf-73fa-414a-b541-c719e3fab18a is updated service_manage_report /usr/lib/python3/dist-packages/heat/engine/service.py:2370
2026-06-08 01:54:35.949 71122 DEBUG heat.engine.service [req-c61b7db3-6bbe-45c9-87d6-1e149fea23ed - - - - -] Service d2d49c21-b99d-464e-924b-44bad8e16fc1 is updated service_manage_report /usr/lib/python3/dist-packages/heat/engine/service.py:2370
2026-06-08 01:54:35.951 71121 DEBUG heat.engine.service [req-4f0f91aa-1210-4563-a2fe-5e7bf5496547 - - - - -] Service 5024a443-3f81-4c9e-bf16-edad9401d8f9 is updated service_manage_report /usr/lib/python3/dist-packages/heat/engine/service.py:2370
2026-06-08 01:55:35.932 71123 DEBUG heat.engine.service [req-04d5f969-36cd-4965-a216-464f1122023b - - - - -] Service 5dde6599-b01d-494e-aed1-d283c5c37657 is updated service_manage_report /usr/lib/python3/dist-packages/heat/engine/service.py:2370
2026-06-08 01:55:35.946 71124 DEBUG heat.engine.service [req-ad8cb4e2-3854-4b46-bf5b-924f9c1388f7 - - - - -] Service 4bf8efaf-73fa-414a-b541-c719e3fab18a is updated service_manage_report /usr/lib/python3/dist-packages/heat/engine/service.py:2370
2026-06-08 01:55:35.954 71122 DEBUG heat.engine.service [req-6df49922-f69b-41eb-821e-71ea06dca332 - - - - -] Service d2d49c21-b99d-464e-924b-44bad8e16fc1 is updated service_manage_report /usr/lib/python3/dist-packages/heat/engine/service.py:2370
2026-06-08 01:55:35.955 71121 DEBUG heat.engine.service [req-6b63fd87-1963-418c-9caa-f5741dbead0a - - - - -] Service 5024a443-3f81-4c9e-bf16-edad9401d8f9 is updated service_manage_report /usr/lib/python3/dist-packages/heat/engine/service.py:2370
2026-06-08 01:56:35.926 71123 DEBUG heat.engine.service [req-87ffa3dc-7b0b-4443-9fbe-cc30990784fc - - - - -] Service 5dde6599-b01d-494e-aed1-d283c5c37657 is updated service_manage_report /usr/lib/python3/dist-packages/heat/engine/service.py:2370
2026-06-08 01:56:35.949 71124 DEBUG heat.engine.service [req-48eac419-d90b-4bd9-8e7e-5444dafec98e - - - - -] Service 4bf8efaf-73fa-414a-b541-c719e3fab18a is updated service_manage_report /usr/lib/python3/dist-packages/heat/engine/service.py:2370
2026-06-08 01:56:35.959 71121 DEBUG heat.engine.service [req-cb38578a-a686-48df-9982-1e6fce3d0430 - - - - -] Service 5024a443-3f81-4c9e-bf16-edad9401d8f9 is updated service_manage_report /usr/lib/python3/dist-packages/heat/engine/service.py:2370
2026-06-08 01:56:35.959 71122 DEBUG heat.engine.service [req-06547d00-bae3-46fa-aa85-101913526154 - - - - -] Service d2d49c21-b99d-464e-924b-44bad8e16fc1 is updated service_manage_report /usr/lib/python3/dist-packages/heat/engine/service.py:2370
2026-06-08 01:57:35.930 71123 DEBUG heat.engine.service [req-0562faa0-cc6e-49ec-a4c0-feacdb22f5e1 - - - - -] Service 5dde6599-b01d-494e-aed1-d283c5c37657 is updated service_manage_report /usr/lib/python3/dist-packages/heat/engine/service.py:2370
2026-06-08 01:57:35.953 71124 DEBUG heat.engine.service [req-abc62630-fb65-4257-a1f2-294c65757df9 - - - - -] Service 4bf8efaf-73fa-414a-b541-c719e3fab18a is updated service_manage_report /usr/lib/python3/dist-packages/heat/engine/service.py:2370
2026-06-08 01:57:35.962 71121 DEBUG heat.engine.service [req-2509d41f-a1f9-492a-96e7-196a971b100e - - - - -] Service 5024a443-3f81-4c9e-bf16-edad9401d8f9 is updated service_manage_report /usr/lib/python3/dist-packages/heat/engine/service.py:2370
2026-06-08 01:57:35.963 71122 DEBUG heat.engine.service [req-84fdca9b-8c29-40c4-92c8-7e1da84cfaeb - - - - -] Service d2d49c21-b99d-464e-924b-44bad8e16fc1 is updated service_manage_report /usr/lib/python3/dist-packages/heat/engine/service.py:2370
2026-06-08 01:58:35.937 71123 DEBUG heat.engine.service [req-0210e7cd-4582-4c8a-88be-b649611184ca - - - - -] Service 5dde6599-b01d-494e-aed1-d283c5c37657 is updated service_manage_report /usr/lib/python3/dist-packages/heat/engine/service.py:2370
2026-06-08 01:58:35.955 71124 DEBUG heat.engine.service [req-b336bdbd-b2b5-4224-acae-f715ccc06a2c - - - - -] Service 4bf8efaf-73fa-414a-b541-c719e3fab18a is updated service_manage_report /usr/lib/python3/dist-packages/heat/engine/service.py:2370
2026-06-08 01:58:35.966 71121 DEBUG heat.engine.service [req-5f34b5af-0f96-4c82-97a4-96bc930db587 - - - - -] Service 5024a443-3f81-4c9e-bf16-edad9401d8f9 is updated service_manage_report /usr/lib/python3/dist-packages/heat/engine/service.py:2370
2026-06-08 01:58:35.968 71122 DEBUG heat.engine.service [req-0cf36fa2-060e-416a-9041-de73b6bcdc13 - - - - -] Service d2d49c21-b99d-464e-924b-44bad8e16fc1 is updated service_manage_report /usr/lib/python3/dist-packages/heat/engine/service.py:2370
2026-06-08 01:59:35.932 71123 DEBUG heat.engine.service [req-525962a7-9132-46a8-8e7e-ad3aba48989f - - - - -] Service 5dde6599-b01d-494e-aed1-d283c5c37657 is updated service_manage_report /usr/lib/python3/dist-packages/heat/engine/service.py:2370
2026-06-08 01:59:35.958 71124 DEBUG heat.engine.service [req-aec01072-6520-4bae-9880-b7e7aa81333c - - - - -] Service 4bf8efaf-73fa-414a-b541-c719e3fab18a is updated service_manage_report /usr/lib/python3/dist-packages/heat/engine/service.py:2370
2026-06-08 01:59:35.968 71121 DEBUG heat.engine.service [req-25581cdb-5c82-4af7-9fb5-624e22c02e10 - - - - -] Service 5024a443-3f81-4c9e-bf16-edad9401d8f9 is updated service_manage_report /usr/lib/python3/dist-packages/heat/engine/service.py:2370
2026-06-08 01:59:35.972 71122 DEBUG heat.engine.service [req-704331ed-1da1-4696-93f6-9e6cea822936 - - - - -] Service d2d49c21-b99d-464e-924b-44bad8e16fc1 is updated service_manage_report /usr/lib/python3/dist-packages/heat/engine/service.py:2370
2026-06-08 02:00:35.936 71123 DEBUG heat.engine.service [req-e4c5b9e1-c347-4a16-8b8d-bafaa4e7631f - - - - -] Service 5dde6599-b01d-494e-aed1-d283c5c37657 is updated service_manage_report /usr/lib/python3/dist-packages/heat/engine/service.py:2370
2026-06-08 02:00:35.961 71124 DEBUG heat.engine.service [req-b8feee84-b193-45ce-8f70-6fd398a6de5d - - - - -] Service 4bf8efaf-73fa-414a-b541-c719e3fab18a is updated service_manage_report /usr/lib/python3/dist-packages/heat/engine/service.py:2370
2026-06-08 02:00:35.970 71121 DEBUG heat.engine.service [req-dfc3f1bd-beb1-45e0-8f6e-5e5a1305d4e8 - - - - -] Service 5024a443-3f81-4c9e-bf16-edad9401d8f9 is updated service_manage_report /usr/lib/python3/dist-packages/heat/engine/service.py:2370
2026-06-08 02:00:35.974 71122 DEBUG heat.engine.service [req-3341d398-27f1-4c80-bafd-7726ef56c94f - - - - -] Service d2d49c21-b99d-464e-924b-44bad8e16fc1 is updated service_manage_report /usr/lib/python3/dist-packages/heat/engine/service.py:2370
2026-06-08 02:01:35.943 71123 DEBUG heat.engine.service [req-d7e810aa-f52c-4abb-b733-18a95da95cf2 - - - - -] Service 5dde6599-b01d-494e-aed1-d283c5c37657 is updated service_manage_report /usr/lib/python3/dist-packages/heat/engine/service.py:2370
