2026-06-04 00:35:52.853 142463 DEBUG oslo_service.service [req-ed72ba15-92b9-43c8-a915-71b3202049ee - - - - -] vif_plugging_timeout = 300 log_opt_values /usr/lib/python3/dist-packages/oslo_config/cfg.py:2602
2026-06-04 00:35:52.853 142463 DEBUG oslo_service.service [req-ed72ba15-92b9-43c8-a915-71b3202049ee - - - - -] virt_mkfs = [] log_opt_values /usr/lib/python3/dist-packages/oslo_config/cfg.py:2602
2026-06-04 00:35:52.853 142463 DEBUG oslo_service.service [req-ed72ba15-92b9-43c8-a915-71b3202049ee - - - - -] volume_usage_poll_interval = 0 log_opt_values /usr/lib/python3/dist-packages/oslo_config/cfg.py:2602
2026-06-04 00:35:52.854 142463 DEBUG oslo_service.service [req-ed72ba15-92b9-43c8-a915-71b3202049ee - - - - -] watch_log_file = False log_opt_values /usr/lib/python3/dist-packages/oslo_config/cfg.py:2602
2026-06-04 00:35:52.854 142463 DEBUG oslo_service.service [req-ed72ba15-92b9-43c8-a915-71b3202049ee - - - - -] web = /usr/share/spice-html5 log_opt_values /usr/lib/python3/dist-packages/oslo_config/cfg.py:2602
2026-06-04 00:35:52.854 142463 DEBUG oslo_service.service [req-ed72ba15-92b9-43c8-a915-71b3202049ee - - - - -] oslo_concurrency.disable_process_locking = False log_opt_values /usr/lib/python3/dist-packages/oslo_config/cfg.py:2609
2026-06-04 00:35:52.854 142463 DEBUG oslo_service.service [req-ed72ba15-92b9-43c8-a915-71b3202049ee - - - - -] oslo_concurrency.lock_path = /var/lock/nova log_opt_values /usr/lib/python3/dist-packages/oslo_config/cfg.py:2609
2026-06-04 00:35:52.854 142463 DEBUG oslo_service.service [req-ed72ba15-92b9-43c8-a915-71b3202049ee - - - - -] oslo_messaging_metrics.metrics_buffer_size = 1000 log_opt_values /usr/lib/python3/dist-packages/oslo_config/cfg.py:2609
2026-06-04 00:35:52.854 142790 DEBUG nova.service [req-b01fb7fb-7a17-4a33-a302-558479dbe8f9 - - - - -] Creating RPC server for service conductor start /usr/lib/python3/dist-packages/nova/service.py:182
2026-06-04 00:35:52.854 142463 DEBUG oslo_service.service [req-ed72ba15-92b9-43c8-a915-71b3202049ee - - - - -] oslo_messaging_metrics.metrics_enabled = False log_opt_values /usr/lib/python3/dist-packages/oslo_config/cfg.py:2609
2026-06-04 00:35:52.855 142463 DEBUG oslo_service.service [req-ed72ba15-92b9-43c8-a915-71b3202049ee - - - - -] oslo_messaging_metrics.metrics_process_name = log_opt_values /usr/lib/python3/dist-packages/oslo_config/cfg.py:2609
2026-06-04 00:35:52.855 142463 DEBUG oslo_service.service [req-ed72ba15-92b9-43c8-a915-71b3202049ee - - - - -] oslo_messaging_metrics.metrics_socket_file = /var/tmp/metrics_collector.sock log_opt_values /usr/lib/python3/dist-packages/oslo_config/cfg.py:2609
2026-06-04 00:35:52.855 142463 DEBUG oslo_service.service [req-ed72ba15-92b9-43c8-a915-71b3202049ee - - - - -] oslo_messaging_metrics.metrics_thread_stop_timeout = 10 log_opt_values /usr/lib/python3/dist-packages/oslo_config/cfg.py:2609
2026-06-04 00:35:52.855 142463 WARNING oslo_config.cfg [req-ed72ba15-92b9-43c8-a915-71b3202049ee - - - - -] Deprecated: Option "auth_strategy" from group "api" is deprecated for removal ( The only non-default choice, ``noauth2``, is for internal development and testing purposes only and should not be used in deployments. This option and its middleware, NoAuthMiddleware[V2_18], will be removed in a future release. ). Its value may be silently ignored in the future.
2026-06-04 00:35:52.856 142463 DEBUG oslo_service.service [req-ed72ba15-92b9-43c8-a915-71b3202049ee - - - - -] api.auth_strategy = keystone log_opt_values /usr/lib/python3/dist-packages/oslo_config/cfg.py:2609
2026-06-04 00:35:52.856 142463 DEBUG oslo_service.service [req-ed72ba15-92b9-43c8-a915-71b3202049ee - - - - -] api.compute_link_prefix = None log_opt_values /usr/lib/python3/dist-packages/oslo_config/cfg.py:2609
2026-06-04 00:35:52.856 142463 DEBUG oslo_service.service [req-ed72ba15-92b9-43c8-a915-71b3202049ee - - - - -] api.config_drive_skip_versions = 1.0 2007-01-19 2007-03-01 2007-08-29 2007-10-10 2007-12-15 2008-02-01 2008-09-01 log_opt_values /usr/lib/python3/dist-packages/oslo_config/cfg.py:2609
2026-06-04 00:35:52.856 142463 DEBUG oslo_service.service [req-ed72ba15-92b9-43c8-a915-71b3202049ee - - - - -] api.dhcp_domain = novalocal log_opt_values /usr/lib/python3/dist-packages/oslo_config/cfg.py:2609
2026-06-04 00:35:52.856 142463 DEBUG oslo_service.service [req-ed72ba15-92b9-43c8-a915-71b3202049ee - - - - -] api.enable_instance_password = True log_opt_values /usr/lib/python3/dist-packages/oslo_config/cfg.py:2609
2026-06-04 00:35:52.857 142463 DEBUG oslo_service.service [req-ed72ba15-92b9-43c8-a915-71b3202049ee - - - - -] api.glance_link_prefix = None log_opt_values /usr/lib/python3/dist-packages/oslo_config/cfg.py:2609
2026-06-04 00:35:52.857 142463 DEBUG oslo_service.service [req-ed72ba15-92b9-43c8-a915-71b3202049ee - - - - -] api.instance_list_cells_batch_fixed_size = 100 log_opt_values /usr/lib/python3/dist-packages/oslo_config/cfg.py:2609
2026-06-04 00:35:52.857 142463 DEBUG oslo_service.service [req-ed72ba15-92b9-43c8-a915-71b3202049ee - - - - -] api.instance_list_cells_batch_strategy = distributed log_opt_values /usr/lib/python3/dist-packages/oslo_config/cfg.py:2609
2026-06-04 00:35:52.857 142463 DEBUG oslo_service.service [req-ed72ba15-92b9-43c8-a915-71b3202049ee - - - - -] api.instance_list_per_project_cells = False log_opt_values /usr/lib/python3/dist-packages/oslo_config/cfg.py:2609
2026-06-04 00:35:52.858 142463 DEBUG oslo_service.service [req-ed72ba15-92b9-43c8-a915-71b3202049ee - - - - -] api.list_records_by_skipping_down_cells = True log_opt_values /usr/lib/python3/dist-packages/oslo_config/cfg.py:2609
2026-06-04 00:35:52.858 142463 DEBUG oslo_service.service [req-ed72ba15-92b9-43c8-a915-71b3202049ee - - - - -] api.local_metadata_per_cell = False log_opt_values /usr/lib/python3/dist-packages/oslo_config/cfg.py:2609
2026-06-04 00:35:52.858 142463 DEBUG oslo_service.service [req-ed72ba15-92b9-43c8-a915-71b3202049ee - - - - -] api.max_limit = 1000 log_opt_values /usr/lib/python3/dist-packages/oslo_config/cfg.py:2609
2026-06-04 00:35:52.858 142463 DEBUG oslo_service.service [req-ed72ba15-92b9-43c8-a915-71b3202049ee - - - - -] api.metadata_cache_expiration = 15 log_opt_values /usr/lib/python3/dist-packages/oslo_config/cfg.py:2609
2026-06-04 00:35:52.858 142463 DEBUG oslo_service.service [req-ed72ba15-92b9-43c8-a915-71b3202049ee - - - - -] api.neutron_default_tenant_id = default log_opt_values /usr/lib/python3/dist-packages/oslo_config/cfg.py:2609
2026-06-04 00:35:52.858 142463 DEBUG oslo_service.service [req-ed72ba15-92b9-43c8-a915-71b3202049ee - - - - -] api.use_forwarded_for = False log_opt_values /usr/lib/python3/dist-packages/oslo_config/cfg.py:2609
2026-06-04 00:35:52.859 142463 DEBUG oslo_service.service [req-ed72ba15-92b9-43c8-a915-71b3202049ee - - - - -] api.use_neutron_default_nets = False log_opt_values /usr/lib/python3/dist-packages/oslo_config/cfg.py:2609
2026-06-04 00:35:52.859 142463 DEBUG oslo_service.service [req-ed72ba15-92b9-43c8-a915-71b3202049ee - - - - -] api.vendordata_dynamic_connect_timeout = 5 log_opt_values /usr/lib/python3/dist-packages/oslo_config/cfg.py:2609
2026-06-04 00:35:52.859 142463 DEBUG oslo_service.service [req-ed72ba15-92b9-43c8-a915-71b3202049ee - - - - -] api.vendordata_dynamic_failure_fatal = False log_opt_values /usr/lib/python3/dist-packages/oslo_config/cfg.py:2609
2026-06-04 00:35:52.859 142463 DEBUG oslo_service.service [req-ed72ba15-92b9-43c8-a915-71b3202049ee - - - - -] api.vendordata_dynamic_read_timeout = 5 log_opt_values /usr/lib/python3/dist-packages/oslo_config/cfg.py:2609
2026-06-04 00:35:52.859 142463 DEBUG oslo_service.service [req-ed72ba15-92b9-43c8-a915-71b3202049ee - - - - -] api.vendordata_dynamic_ssl_certfile = log_opt_values /usr/lib/python3/dist-packages/oslo_config/cfg.py:2609
2026-06-04 00:35:52.860 142463 DEBUG oslo_service.service [req-ed72ba15-92b9-43c8-a915-71b3202049ee - - - - -] api.vendordata_dynamic_targets = [] log_opt_values /usr/lib/python3/dist-packages/oslo_config/cfg.py:2609
2026-06-04 00:35:52.860 142463 DEBUG oslo_service.service [req-ed72ba15-92b9-43c8-a915-71b3202049ee - - - - -] api.vendordata_jsonfile_path = None log_opt_values /usr/lib/python3/dist-packages/oslo_config/cfg.py:2609
2026-06-04 00:35:52.860 142463 DEBUG oslo_service.service [req-ed72ba15-92b9-43c8-a915-71b3202049ee - - - - -] api.vendordata_providers = ['StaticJSON'] log_opt_values /usr/lib/python3/dist-packages/oslo_config/cfg.py:2609
2026-06-04 00:35:52.860 142463 DEBUG oslo_service.service [req-ed72ba15-92b9-43c8-a915-71b3202049ee - - - - -] cache.backend = dogpile.cache.null log_opt_values /usr/lib/python3/dist-packages/oslo_config/cfg.py:2609
2026-06-04 00:35:52.861 142463 DEBUG oslo_service.service [req-ed72ba15-92b9-43c8-a915-71b3202049ee - - - - -] cache.backend_argument = **** log_opt_values /usr/lib/python3/dist-packages/oslo_config/cfg.py:2609
2026-06-04 00:35:52.861 142463 DEBUG oslo_service.service [req-ed72ba15-92b9-43c8-a915-71b3202049ee - - - - -] cache.config_prefix = cache.oslo log_opt_values /usr/lib/python3/dist-packages/oslo_config/cfg.py:2609
2026-06-04 00:35:52.861 142463 DEBUG oslo_service.service [req-ed72ba15-92b9-43c8-a915-71b3202049ee - - - - -] cache.debug_cache_backend = False log_opt_values /usr/lib/python3/dist-packages/oslo_config/cfg.py:2609
2026-06-04 00:35:52.861 142463 DEBUG oslo_service.service [req-ed72ba15-92b9-43c8-a915-71b3202049ee - - - - -] cache.enabled = False log_opt_values /usr/lib/python3/dist-packages/oslo_config/cfg.py:2609
2026-06-04 00:35:52.861 142463 DEBUG oslo_service.service [req-ed72ba15-92b9-43c8-a915-71b3202049ee - - - - -] cache.expiration_time = 600 log_opt_values /usr/lib/python3/dist-packages/oslo_config/cfg.py:2609
2026-06-04 00:35:52.862 142463 DEBUG oslo_service.service [req-ed72ba15-92b9-43c8-a915-71b3202049ee - - - - -] cache.memcache_dead_retry = 300 log_opt_values /usr/lib/python3/dist-packages/oslo_config/cfg.py:2609
2026-06-04 00:35:52.862 142463 DEBUG oslo_service.service [req-ed72ba15-92b9-43c8-a915-71b3202049ee - - - - -] cache.memcache_pool_connection_get_timeout = 10 log_opt_values /usr/lib/python3/dist-packages/oslo_config/cfg.py:2609
2026-06-04 00:35:52.862 142791 DEBUG nova.service [req-4c825cdb-63d9-4978-b4e8-0131d733d92f - - - - -] Creating RPC server for service conductor start /usr/lib/python3/dist-packages/nova/service.py:182
2026-06-04 00:35:52.862 142463 DEBUG oslo_service.service [req-ed72ba15-92b9-43c8-a915-71b3202049ee - - - - -] cache.memcache_pool_flush_on_reconnect = False log_opt_values /usr/lib/python3/dist-packages/oslo_config/cfg.py:2609
2026-06-04 00:35:52.862 142463 DEBUG oslo_service.service [req-ed72ba15-92b9-43c8-a915-71b3202049ee - - - - -] cache.memcache_pool_maxsize = 10 log_opt_values /usr/lib/python3/dist-packages/oslo_config/cfg.py:2609
2026-06-04 00:35:52.862 142463 DEBUG oslo_service.service [req-ed72ba15-92b9-43c8-a915-71b3202049ee - - - - -] cache.memcache_pool_unused_timeout = 60 log_opt_values /usr/lib/python3/dist-packages/oslo_config/cfg.py:2609
2026-06-04 00:35:52.862 142463 DEBUG oslo_service.service [req-ed72ba15-92b9-43c8-a915-71b3202049ee - - - - -] cache.memcache_servers = ['localhost:11211'] log_opt_values /usr/lib/python3/dist-packages/oslo_config/cfg.py:2609
2026-06-04 00:35:52.863 142463 DEBUG oslo_service.service [req-ed72ba15-92b9-43c8-a915-71b3202049ee - - - - -] cache.memcache_socket_timeout = 1.0 log_opt_values /usr/lib/python3/dist-packages/oslo_config/cfg.py:2609
2026-06-04 00:35:52.863 142463 DEBUG oslo_service.service [req-ed72ba15-92b9-43c8-a915-71b3202049ee - - - - -] cache.proxies = [] log_opt_values /usr/lib/python3/dist-packages/oslo_config/cfg.py:2609
2026-06-04 00:35:52.863 142463 DEBUG oslo_service.service [req-ed72ba15-92b9-43c8-a915-71b3202049ee - - - - -] cache.tls_allowed_ciphers = None log_opt_values /usr/lib/python3/dist-packages/oslo_config/cfg.py:2609
2026-06-04 00:35:52.863 142463 DEBUG oslo_service.service [req-ed72ba15-92b9-43c8-a915-71b3202049ee - - - - -] cache.tls_cafile = None log_opt_values /usr/lib/python3/dist-packages/oslo_config/cfg.py:2609
2026-06-04 00:35:52.863 142463 DEBUG oslo_service.service [req-ed72ba15-92b9-43c8-a915-71b3202049ee - - - - -] cache.tls_certfile = None log_opt_values /usr/lib/python3/dist-packages/oslo_config/cfg.py:2609
2026-06-04 00:35:52.863 142463 DEBUG oslo_service.service [req-ed72ba15-92b9-43c8-a915-71b3202049ee - - - - -] cache.tls_enabled = False log_opt_values /usr/lib/python3/dist-packages/oslo_config/cfg.py:2609
2026-06-04 00:35:52.863 142463 DEBUG oslo_service.service [req-ed72ba15-92b9-43c8-a915-71b3202049ee - - - - -] cache.tls_keyfile = None log_opt_values /usr/lib/python3/dist-packages/oslo_config/cfg.py:2609
2026-06-04 00:35:52.864 142463 DEBUG oslo_service.service [req-ed72ba15-92b9-43c8-a915-71b3202049ee - - - - -] cinder.auth_section = None log_opt_values /usr/lib/python3/dist-packages/oslo_config/cfg.py:2609
2026-06-04 00:35:52.864 142463 DEBUG oslo_service.service [req-ed72ba15-92b9-43c8-a915-71b3202049ee - - - - -] cinder.auth_type = None log_opt_values /usr/lib/python3/dist-packages/oslo_config/cfg.py:2609
2026-06-04 00:35:52.864 142463 DEBUG oslo_service.service [req-ed72ba15-92b9-43c8-a915-71b3202049ee - - - - -] cinder.cafile = None log_opt_values /usr/lib/python3/dist-packages/oslo_config/cfg.py:2609
2026-06-04 00:35:52.864 142463 DEBUG oslo_service.service [req-ed72ba15-92b9-43c8-a915-71b3202049ee - - - - -] cinder.catalog_info = volumev3::publicURL log_opt_values /usr/lib/python3/dist-packages/oslo_config/cfg.py:2609
2026-06-04 00:35:52.864 142463 DEBUG oslo_service.service [req-ed72ba15-92b9-43c8-a915-71b3202049ee - - - - -] cinder.certfile = None log_opt_values /usr/lib/python3/dist-packages/oslo_config/cfg.py:2609
2026-06-04 00:35:52.864 142463 DEBUG oslo_service.service [req-ed72ba15-92b9-43c8-a915-71b3202049ee - - - - -] cinder.collect_timing = False log_opt_values /usr/lib/python3/dist-packages/oslo_config/cfg.py:2609
2026-06-04 00:35:52.865 142463 DEBUG oslo_service.service [req-ed72ba15-92b9-43c8-a915-71b3202049ee - - - - -] cinder.cross_az_attach = True log_opt_values /usr/lib/python3/dist-packages/oslo_config/cfg.py:2609
2026-06-04 00:35:52.865 142463 DEBUG oslo_service.service [req-ed72ba15-92b9-43c8-a915-71b3202049ee - - - - -] cinder.debug = False log_opt_values /usr/lib/python3/dist-packages/oslo_config/cfg.py:2609
2026-06-04 00:35:52.865 142463 DEBUG oslo_service.service [req-ed72ba15-92b9-43c8-a915-71b3202049ee - - - - -] cinder.endpoint_template = None log_opt_values /usr/lib/python3/dist-packages/oslo_config/cfg.py:2609
2026-06-04 00:35:52.865 142463 DEBUG oslo_service.service [req-ed72ba15-92b9-43c8-a915-71b3202049ee - - - - -] cinder.http_retries = 3 log_opt_values /usr/lib/python3/dist-packages/oslo_config/cfg.py:2609
2026-06-04 00:35:52.865 142463 DEBUG oslo_service.service [req-ed72ba15-92b9-43c8-a915-71b3202049ee - - - - -] cinder.insecure = False log_opt_values /usr/lib/python3/dist-packages/oslo_config/cfg.py:2609
2026-06-04 00:35:52.865 142463 DEBUG oslo_service.service [req-ed72ba15-92b9-43c8-a915-71b3202049ee - - - - -] cinder.keyfile = None log_opt_values /usr/lib/python3/dist-packages/oslo_config/cfg.py:2609
2026-06-04 00:35:52.866 142463 DEBUG oslo_service.service [req-ed72ba15-92b9-43c8-a915-71b3202049ee - - - - -] cinder.os_region_name = None log_opt_values /usr/lib/python3/dist-packages/oslo_config/cfg.py:2609
2026-06-04 00:35:52.866 142463 DEBUG oslo_service.service [req-ed72ba15-92b9-43c8-a915-71b3202049ee - - - - -] cinder.split_loggers = False log_opt_values /usr/lib/python3/dist-packages/oslo_config/cfg.py:2609
2026-06-04 00:35:52.866 142463 DEBUG oslo_service.service [req-ed72ba15-92b9-43c8-a915-71b3202049ee - - - - -] cinder.timeout = None log_opt_values /usr/lib/python3/dist-packages/oslo_config/cfg.py:2609
2026-06-04 00:35:52.866 142463 DEBUG oslo_service.service [req-ed72ba15-92b9-43c8-a915-71b3202049ee - - - - -] compute.consecutive_build_service_disable_threshold = 10 log_opt_values /usr/lib/python3/dist-packages/oslo_config/cfg.py:2609
2026-06-04 00:35:52.866 142463 DEBUG oslo_service.service [req-ed72ba15-92b9-43c8-a915-71b3202049ee - - - - -] compute.cpu_dedicated_set = None log_opt_values /usr/lib/python3/dist-packages/oslo_config/cfg.py:2609
2026-06-04 00:35:52.866 142463 DEBUG oslo_service.service [req-ed72ba15-92b9-43c8-a915-71b3202049ee - - - - -] compute.cpu_shared_set = None log_opt_values /usr/lib/python3/dist-packages/oslo_config/cfg.py:2609
2026-06-04 00:35:52.867 142463 DEBUG oslo_service.service [req-ed72ba15-92b9-43c8-a915-71b3202049ee - - - - -] compute.image_type_exclude_list = [] log_opt_values /usr/lib/python3/dist-packages/oslo_config/cfg.py:2609
2026-06-04 00:35:52.867 142463 DEBUG oslo_service.service [req-ed72ba15-92b9-43c8-a915-71b3202049ee - - - - -] compute.live_migration_wait_for_vif_plug = True log_opt_values /usr/lib/python3/dist-packages/oslo_config/cfg.py:2609
2026-06-04 00:35:52.867 142463 DEBUG oslo_service.service [req-ed72ba15-92b9-43c8-a915-71b3202049ee - - - - -] compute.max_concurrent_disk_ops = 0 log_opt_values /usr/lib/python3/dist-packages/oslo_config/cfg.py:2609
2026-06-04 00:35:52.867 142463 DEBUG oslo_service.service [req-ed72ba15-92b9-43c8-a915-71b3202049ee - - - - -] compute.max_disk_devices_to_attach = -1 log_opt_values /usr/lib/python3/dist-packages/oslo_config/cfg.py:2609
2026-06-04 00:35:52.867 142463 DEBUG oslo_service.service [req-ed72ba15-92b9-43c8-a915-71b3202049ee - - - - -] compute.packing_host_numa_cells_allocation_strategy = True log_opt_values /usr/lib/python3/dist-packages/oslo_config/cfg.py:2609
2026-06-04 00:35:52.867 142463 DEBUG oslo_service.service [req-ed72ba15-92b9-43c8-a915-71b3202049ee - - - - -] compute.provider_config_location = /etc/nova/provider_config/ log_opt_values /usr/lib/python3/dist-packages/oslo_config/cfg.py:2609
2026-06-04 00:35:52.868 142463 DEBUG oslo_service.service [req-ed72ba15-92b9-43c8-a915-71b3202049ee - - - - -] compute.resource_provider_association_refresh = 300 log_opt_values /usr/lib/python3/dist-packages/oslo_config/cfg.py:2609
2026-06-04 00:35:52.868 142463 DEBUG oslo_service.service [req-ed72ba15-92b9-43c8-a915-71b3202049ee - - - - -] compute.shutdown_retry_interval = 10 log_opt_values /usr/lib/python3/dist-packages/oslo_config/cfg.py:2609
2026-06-04 00:35:52.868 142463 DEBUG oslo_service.service [req-ed72ba15-92b9-43c8-a915-71b3202049ee - - - - -] compute.vmdk_allowed_types = ['streamOptimized', 'monolithicSparse'] log_opt_values /usr/lib/python3/dist-packages/oslo_config/cfg.py:2609
2026-06-04 00:35:52.868 142463 DEBUG oslo_service.service [req-ed72ba15-92b9-43c8-a915-71b3202049ee - - - - -] conductor.workers = 4 log_opt_values /usr/lib/python3/dist-packages/oslo_config/cfg.py:2609
2026-06-04 00:35:52.868 142463 DEBUG oslo_service.service [req-ed72ba15-92b9-43c8-a915-71b3202049ee - - - - -] console.allowed_origins = [] log_opt_values /usr/lib/python3/dist-packages/oslo_config/cfg.py:2609
2026-06-04 00:35:52.868 142463 DEBUG oslo_service.service [req-ed72ba15-92b9-43c8-a915-71b3202049ee - - - - -] console.ssl_ciphers = None log_opt_values /usr/lib/python3/dist-packages/oslo_config/cfg.py:2609
2026-06-04 00:35:52.869 142463 DEBUG oslo_service.service [req-ed72ba15-92b9-43c8-a915-71b3202049ee - - - - -] console.ssl_minimum_version = default log_opt_values /usr/lib/python3/dist-packages/oslo_config/cfg.py:2609
2026-06-04 00:35:52.869 142463 DEBUG oslo_service.service [req-ed72ba15-92b9-43c8-a915-71b3202049ee - - - - -] consoleauth.token_ttl = 600 log_opt_values /usr/lib/python3/dist-packages/oslo_config/cfg.py:2609
2026-06-04 00:35:52.869 142463 DEBUG oslo_service.service [req-ed72ba15-92b9-43c8-a915-71b3202049ee - - - - -] cyborg.cafile = None log_opt_values /usr/lib/python3/dist-packages/oslo_config/cfg.py:2609
2026-06-04 00:35:52.869 142463 DEBUG oslo_service.service [req-ed72ba15-92b9-43c8-a915-71b3202049ee - - - - -] cyborg.certfile = None log_opt_values /usr/lib/python3/dist-packages/oslo_config/cfg.py:2609
2026-06-04 00:35:52.869 142463 DEBUG oslo_service.service [req-ed72ba15-92b9-43c8-a915-71b3202049ee - - - - -] cyborg.collect_timing = False log_opt_values /usr/lib/python3/dist-packages/oslo_config/cfg.py:2609
2026-06-04 00:35:52.870 142463 DEBUG oslo_service.service [req-ed72ba15-92b9-43c8-a915-71b3202049ee - - - - -] cyborg.connect_retries = None log_opt_values /usr/lib/python3/dist-packages/oslo_config/cfg.py:2609
2026-06-04 00:35:52.870 142463 DEBUG oslo_service.service [req-ed72ba15-92b9-43c8-a915-71b3202049ee - - - - -] cyborg.connect_retry_delay = None log_opt_values /usr/lib/python3/dist-packages/oslo_config/cfg.py:2609
2026-06-04 00:35:52.870 142463 DEBUG oslo_service.service [req-ed72ba15-92b9-43c8-a915-71b3202049ee - - - - -] cyborg.endpoint_override = None log_opt_values /usr/lib/python3/dist-packages/oslo_config/cfg.py:2609
2026-06-04 00:35:52.870 142463 DEBUG oslo_service.service [req-ed72ba15-92b9-43c8-a915-71b3202049ee - - - - -] cyborg.insecure = False log_opt_values /usr/lib/python3/dist-packages/oslo_config/cfg.py:2609
2026-06-04 00:35:52.870 142463 DEBUG oslo_service.service [req-ed72ba15-92b9-43c8-a915-71b3202049ee - - - - -] cyborg.keyfile = None log_opt_values /usr/lib/python3/dist-packages/oslo_config/cfg.py:2609
2026-06-04 00:35:52.870 142463 DEBUG oslo_service.service [req-ed72ba15-92b9-43c8-a915-71b3202049ee - - - - -] cyborg.max_version = None log_opt_values /usr/lib/python3/dist-packages/oslo_config/cfg.py:2609
2026-06-04 00:35:52.870 142463 DEBUG oslo_service.service [req-ed72ba15-92b9-43c8-a915-71b3202049ee - - - - -] cyborg.min_version = None log_opt_values /usr/lib/python3/dist-packages/oslo_config/cfg.py:2609
2026-06-04 00:35:52.871 142463 DEBUG oslo_service.service [req-ed72ba15-92b9-43c8-a915-71b3202049ee - - - - -] cyborg.region_name = None log_opt_values /usr/lib/python3/dist-packages/oslo_config/cfg.py:2609
2026-06-04 00:35:52.871 142463 DEBUG oslo_service.service [req-ed72ba15-92b9-43c8-a915-71b3202049ee - - - - -] cyborg.service_name = None log_opt_values /usr/lib/python3/dist-packages/oslo_config/cfg.py:2609
2026-06-04 00:35:52.871 142463 DEBUG oslo_service.service [req-ed72ba15-92b9-43c8-a915-71b3202049ee - - - - -] cyborg.service_type = accelerator log_opt_values /usr/lib/python3/dist-packages/oslo_config/cfg.py:2609
2026-06-04 00:35:52.871 142463 DEBUG oslo_service.service [req-ed72ba15-92b9-43c8-a915-71b3202049ee - - - - -] cyborg.split_loggers = False log_opt_values /usr/lib/python3/dist-packages/oslo_config/cfg.py:2609
2026-06-04 00:35:52.871 142463 DEBUG oslo_service.service [req-ed72ba15-92b9-43c8-a915-71b3202049ee - - - - -] cyborg.status_code_retries = None log_opt_values /usr/lib/python3/dist-packages/oslo_config/cfg.py:2609
2026-06-04 00:35:52.871 142463 DEBUG oslo_service.service [req-ed72ba15-92b9-43c8-a915-71b3202049ee - - - - -] cyborg.status_code_retry_delay = None log_opt_values /usr/lib/python3/dist-packages/oslo_config/cfg.py:2609
2026-06-04 00:35:52.872 142463 DEBUG oslo_service.service [req-ed72ba15-92b9-43c8-a915-71b3202049ee - - - - -] cyborg.timeout = None log_opt_values /usr/lib/python3/dist-packages/oslo_config/cfg.py:2609
2026-06-04 00:35:52.872 142463 DEBUG oslo_service.service [req-ed72ba15-92b9-43c8-a915-71b3202049ee - - - - -] cyborg.valid_interfaces = ['internal', 'public'] log_opt_values /usr/lib/python3/dist-packages/oslo_config/cfg.py:2609
2026-06-04 00:35:52.872 142463 DEBUG oslo_service.service [req-ed72ba15-92b9-43c8-a915-71b3202049ee - - - - -] cyborg.version = None log_opt_values /usr/lib/python3/dist-packages/oslo_config/cfg.py:2609
2026-06-04 00:35:52.872 142463 DEBUG oslo_service.service [req-ed72ba15-92b9-43c8-a915-71b3202049ee - - - - -] database.backend = sqlalchemy log_opt_values /usr/lib/python3/dist-packages/oslo_config/cfg.py:2609
2026-06-04 00:35:52.872 142789 DEBUG oslo_messaging._drivers.amqpdriver [-] Listener is running poll /usr/lib/python3/dist-packages/oslo_messaging/_drivers/amqpdriver.py:343
2026-06-04 00:35:52.872 142463 DEBUG oslo_service.service [req-ed72ba15-92b9-43c8-a915-71b3202049ee - - - - -] database.connection = **** log_opt_values /usr/lib/python3/dist-packages/oslo_config/cfg.py:2609
2026-06-04 00:35:52.872 142789 DEBUG oslo_messaging._drivers.amqpdriver [-] AMQPListener connection consume poll /usr/lib/python3/dist-packages/oslo_messaging/_drivers/amqpdriver.py:357
2026-06-04 00:35:52.872 142463 DEBUG oslo_service.service [req-ed72ba15-92b9-43c8-a915-71b3202049ee - - - - -] database.connection_debug = 0 log_opt_values /usr/lib/python3/dist-packages/oslo_config/cfg.py:2609
2026-06-04 00:35:52.873 142463 DEBUG oslo_service.service [req-ed72ba15-92b9-43c8-a915-71b3202049ee - - - - -] database.connection_parameters = log_opt_values /usr/lib/python3/dist-packages/oslo_config/cfg.py:2609
2026-06-04 00:35:52.873 142463 DEBUG oslo_service.service [req-ed72ba15-92b9-43c8-a915-71b3202049ee - - - - -] database.connection_recycle_time = 3600 log_opt_values /usr/lib/python3/dist-packages/oslo_config/cfg.py:2609
2026-06-04 00:35:52.873 142463 DEBUG oslo_service.service [req-ed72ba15-92b9-43c8-a915-71b3202049ee - - - - -] database.connection_trace = False log_opt_values /usr/lib/python3/dist-packages/oslo_config/cfg.py:2609
2026-06-04 00:35:52.873 142463 DEBUG oslo_service.service [req-ed72ba15-92b9-43c8-a915-71b3202049ee - - - - -] database.db_inc_retry_interval = True log_opt_values /usr/lib/python3/dist-packages/oslo_config/cfg.py:2609
2026-06-04 00:35:52.873 142789 DEBUG nova.service [req-35b6e8fa-b114-41de-a5f6-26f33885590b - - - - -] Join ServiceGroup membership for this service conductor start /usr/lib/python3/dist-packages/nova/service.py:199
2026-06-04 00:35:52.873 142463 DEBUG oslo_service.service [req-ed72ba15-92b9-43c8-a915-71b3202049ee - - - - -] database.db_max_retries = 20 log_opt_values /usr/lib/python3/dist-packages/oslo_config/cfg.py:2609
2026-06-04 00:35:52.873 142463 DEBUG oslo_service.service [req-ed72ba15-92b9-43c8-a915-71b3202049ee - - - - -] database.db_max_retry_interval = 10 log_opt_values /usr/lib/python3/dist-packages/oslo_config/cfg.py:2609
2026-06-04 00:35:52.874 142463 DEBUG oslo_service.service [req-ed72ba15-92b9-43c8-a915-71b3202049ee - - - - -] database.db_retry_interval = 1 log_opt_values /usr/lib/python3/dist-packages/oslo_config/cfg.py:2609
2026-06-04 00:35:52.873 142789 DEBUG nova.servicegroup.drivers.db [req-35b6e8fa-b114-41de-a5f6-26f33885590b - - - - -] DB_Driver: join new ServiceGroup member juju-aed2f7-0-lxd-7 to the conductor group, service = join /usr/lib/python3/dist-packages/nova/servicegroup/drivers/db.py:44
2026-06-04 00:35:52.874 142463 DEBUG oslo_service.service [req-ed72ba15-92b9-43c8-a915-71b3202049ee - - - - -] database.max_overflow = 50 log_opt_values /usr/lib/python3/dist-packages/oslo_config/cfg.py:2609
2026-06-04 00:35:52.874 142463 DEBUG oslo_service.service [req-ed72ba15-92b9-43c8-a915-71b3202049ee - - - - -] database.max_pool_size = 4 log_opt_values /usr/lib/python3/dist-packages/oslo_config/cfg.py:2609
2026-06-04 00:35:52.874 142463 DEBUG oslo_service.service [req-ed72ba15-92b9-43c8-a915-71b3202049ee - - - - -] database.max_retries = 10 log_opt_values /usr/lib/python3/dist-packages/oslo_config/cfg.py:2609
2026-06-04 00:35:52.874 142463 DEBUG oslo_service.service [req-ed72ba15-92b9-43c8-a915-71b3202049ee - - - - -] database.mysql_enable_ndb = False log_opt_values /usr/lib/python3/dist-packages/oslo_config/cfg.py:2609
2026-06-04 00:35:52.874 142463 DEBUG oslo_service.service [req-ed72ba15-92b9-43c8-a915-71b3202049ee - - - - -] database.mysql_sql_mode = TRADITIONAL log_opt_values /usr/lib/python3/dist-packages/oslo_config/cfg.py:2609
2026-06-04 00:35:52.875 142463 DEBUG oslo_service.service [req-ed72ba15-92b9-43c8-a915-71b3202049ee - - - - -] database.pool_timeout = None log_opt_values /usr/lib/python3/dist-packages/oslo_config/cfg.py:2609
2026-06-04 00:35:52.875 142463 DEBUG oslo_service.service [req-ed72ba15-92b9-43c8-a915-71b3202049ee - - - - -] database.retry_interval = 10 log_opt_values /usr/lib/python3/dist-packages/oslo_config/cfg.py:2609
2026-06-04 00:35:52.875 142463 DEBUG oslo_service.service [req-ed72ba15-92b9-43c8-a915-71b3202049ee - - - - -] database.slave_connection = **** log_opt_values /usr/lib/python3/dist-packages/oslo_config/cfg.py:2609
2026-06-04 00:35:52.875 142789 DEBUG oslo_messaging._drivers.amqpdriver [-] received message msg_id: 41d2e1cb1d344fa98d1f82946e0c38b7 reply to reply_4699648d42a14e1cb2e7527e5d735fdb __call__ /usr/lib/python3/dist-packages/oslo_messaging/_drivers/amqpdriver.py:320
2026-06-04 00:35:52.875 142463 DEBUG oslo_service.service [req-ed72ba15-92b9-43c8-a915-71b3202049ee - - - - -] database.sqlite_synchronous = True log_opt_values /usr/lib/python3/dist-packages/oslo_config/cfg.py:2609
2026-06-04 00:35:52.875 142463 DEBUG oslo_service.service [req-ed72ba15-92b9-43c8-a915-71b3202049ee - - - - -] database.use_db_reconnect = False log_opt_values /usr/lib/python3/dist-packages/oslo_config/cfg.py:2609
2026-06-04 00:35:52.875 142463 DEBUG oslo_service.service [req-ed72ba15-92b9-43c8-a915-71b3202049ee - - - - -] api_database.backend = sqlalchemy log_opt_values /usr/lib/python3/dist-packages/oslo_config/cfg.py:2609
2026-06-04 00:35:52.876 142463 DEBUG oslo_service.service [req-ed72ba15-92b9-43c8-a915-71b3202049ee - - - - -] api_database.connection = **** log_opt_values /usr/lib/python3/dist-packages/oslo_config/cfg.py:2609
2026-06-04 00:35:52.876 142463 DEBUG oslo_service.service [req-ed72ba15-92b9-43c8-a915-71b3202049ee - - - - -] api_database.connection_debug = 0 log_opt_values /usr/lib/python3/dist-packages/oslo_config/cfg.py:2609
2026-06-04 00:35:52.876 142463 DEBUG oslo_service.service [req-ed72ba15-92b9-43c8-a915-71b3202049ee - - - - -] api_database.connection_parameters = log_opt_values /usr/lib/python3/dist-packages/oslo_config/cfg.py:2609
2026-06-04 00:35:52.876 142463 DEBUG oslo_service.service [req-ed72ba15-92b9-43c8-a915-71b3202049ee - - - - -] api_database.connection_recycle_time = 3600 log_opt_values /usr/lib/python3/dist-packages/oslo_config/cfg.py:2609
2026-06-04 00:35:52.876 142463 DEBUG oslo_service.service [req-ed72ba15-92b9-43c8-a915-71b3202049ee - - - - -] api_database.connection_trace = False log_opt_values /usr/lib/python3/dist-packages/oslo_config/cfg.py:2609
2026-06-04 00:35:52.876 142463 DEBUG oslo_service.service [req-ed72ba15-92b9-43c8-a915-71b3202049ee - - - - -] api_database.db_inc_retry_interval = True log_opt_values /usr/lib/python3/dist-packages/oslo_config/cfg.py:2609
2026-06-04 00:35:52.877 142463 DEBUG oslo_service.service [req-ed72ba15-92b9-43c8-a915-71b3202049ee - - - - -] api_database.db_max_retries = 20 log_opt_values /usr/lib/python3/dist-packages/oslo_config/cfg.py:2609
2026-06-04 00:35:52.877 142463 DEBUG oslo_service.service [req-ed72ba15-92b9-43c8-a915-71b3202049ee - - - - -] api_database.db_max_retry_interval = 10 log_opt_values /usr/lib/python3/dist-packages/oslo_config/cfg.py:2609
2026-06-04 00:35:52.877 142463 DEBUG oslo_service.service [req-ed72ba15-92b9-43c8-a915-71b3202049ee - - - - -] api_database.db_retry_interval = 1 log_opt_values /usr/lib/python3/dist-packages/oslo_config/cfg.py:2609
2026-06-04 00:35:52.877 142463 DEBUG oslo_service.service [req-ed72ba15-92b9-43c8-a915-71b3202049ee - - - - -] api_database.max_overflow = 50 log_opt_values /usr/lib/python3/dist-packages/oslo_config/cfg.py:2609
2026-06-04 00:35:52.877 142789 DEBUG oslo_messaging._drivers.amqpdriver [-] AMQPListener connection timeout poll /usr/lib/python3/dist-packages/oslo_messaging/_drivers/amqpdriver.py:360
2026-06-04 00:35:52.877 142789 DEBUG oslo_messaging._drivers.amqpdriver [-] Listener is running poll /usr/lib/python3/dist-packages/oslo_messaging/_drivers/amqpdriver.py:343
2026-06-04 00:35:52.877 142463 DEBUG oslo_service.service [req-ed72ba15-92b9-43c8-a915-71b3202049ee - - - - -] api_database.max_pool_size = 4 log_opt_values /usr/lib/python3/dist-packages/oslo_config/cfg.py:2609
2026-06-04 00:35:52.877 142463 DEBUG oslo_service.service [req-ed72ba15-92b9-43c8-a915-71b3202049ee - - - - -] api_database.max_retries = 10 log_opt_values /usr/lib/python3/dist-packages/oslo_config/cfg.py:2609
2026-06-04 00:35:52.877 142789 DEBUG oslo_messaging._drivers.amqpdriver [-] Poll the incoming message with unique_id: 1a71ae7b9232444aa57965c0c24d7c2a poll /usr/lib/python3/dist-packages/oslo_messaging/_drivers/amqpdriver.py:346
2026-06-04 00:35:52.878 142463 DEBUG oslo_service.service [req-ed72ba15-92b9-43c8-a915-71b3202049ee - - - - -] api_database.mysql_enable_ndb = False log_opt_values /usr/lib/python3/dist-packages/oslo_config/cfg.py:2609
2026-06-04 00:35:52.878 142463 DEBUG oslo_service.service [req-ed72ba15-92b9-43c8-a915-71b3202049ee - - - - -] api_database.mysql_sql_mode = TRADITIONAL log_opt_values /usr/lib/python3/dist-packages/oslo_config/cfg.py:2609
2026-06-04 00:35:52.878 142789 DEBUG oslo_messaging._drivers.amqpdriver [-] Listener is running poll /usr/lib/python3/dist-packages/oslo_messaging/_drivers/amqpdriver.py:343
2026-06-04 00:35:52.878 142463 DEBUG oslo_service.service [req-ed72ba15-92b9-43c8-a915-71b3202049ee - - - - -] api_database.pool_timeout = None log_opt_values /usr/lib/python3/dist-packages/oslo_config/cfg.py:2609
2026-06-04 00:35:52.878 142789 DEBUG oslo_messaging._drivers.amqpdriver [-] AMQPListener connection consume poll /usr/lib/python3/dist-packages/oslo_messaging/_drivers/amqpdriver.py:357
2026-06-04 00:35:52.878 142463 DEBUG oslo_service.service [req-ed72ba15-92b9-43c8-a915-71b3202049ee - - - - -] api_database.retry_interval = 10 log_opt_values /usr/lib/python3/dist-packages/oslo_config/cfg.py:2609
2026-06-04 00:35:52.878 142463 DEBUG oslo_service.service [req-ed72ba15-92b9-43c8-a915-71b3202049ee - - - - -] api_database.slave_connection = **** log_opt_values /usr/lib/python3/dist-packages/oslo_config/cfg.py:2609
2026-06-04 00:35:52.879 142463 DEBUG oslo_service.service [req-ed72ba15-92b9-43c8-a915-71b3202049ee - - - - -] api_database.sqlite_synchronous = True log_opt_values /usr/lib/python3/dist-packages/oslo_config/cfg.py:2609
2026-06-04 00:35:52.879 142463 DEBUG oslo_service.service [req-ed72ba15-92b9-43c8-a915-71b3202049ee - - - - -] devices.enabled_mdev_types = [] log_opt_values /usr/lib/python3/dist-packages/oslo_config/cfg.py:2609
2026-06-04 00:35:52.879 142463 DEBUG oslo_service.service [req-ed72ba15-92b9-43c8-a915-71b3202049ee - - - - -] ephemeral_storage_encryption.cipher = aes-xts-plain64 log_opt_values /usr/lib/python3/dist-packages/oslo_config/cfg.py:2609
2026-06-04 00:35:52.879 142463 DEBUG oslo_service.service [req-ed72ba15-92b9-43c8-a915-71b3202049ee - - - - -] ephemeral_storage_encryption.enabled = False log_opt_values /usr/lib/python3/dist-packages/oslo_config/cfg.py:2609
2026-06-04 00:35:52.879 142463 DEBUG oslo_service.service [req-ed72ba15-92b9-43c8-a915-71b3202049ee - - - - -] ephemeral_storage_encryption.key_size = 512 log_opt_values /usr/lib/python3/dist-packages/oslo_config/cfg.py:2609
2026-06-04 00:35:52.879 142463 WARNING oslo_config.cfg [req-ed72ba15-92b9-43c8-a915-71b3202049ee - - - - -] Deprecated: Option "api_servers" from group "glance" is deprecated for removal ( Support for image service configuration via standard keystoneauth1 Adapter options was added in the 17.0.0 Queens release. The api_servers option was retained temporarily to allow consumers time to cut over to a real load balancing solution. ). Its value may be silently ignored in the future.
2026-06-04 00:35:52.880 142463 DEBUG oslo_service.service [req-ed72ba15-92b9-43c8-a915-71b3202049ee - - - - -] glance.api_servers = ['http://252.129.95.75:9292'] log_opt_values /usr/lib/python3/dist-packages/oslo_config/cfg.py:2609
2026-06-04 00:35:52.880 142463 DEBUG oslo_service.service [req-ed72ba15-92b9-43c8-a915-71b3202049ee - - - - -] glance.cafile = None log_opt_values /usr/lib/python3/dist-packages/oslo_config/cfg.py:2609
2026-06-04 00:35:52.880 142463 DEBUG oslo_service.service [req-ed72ba15-92b9-43c8-a915-71b3202049ee - - - - -] glance.certfile = None log_opt_values /usr/lib/python3/dist-packages/oslo_config/cfg.py:2609
2026-06-04 00:35:52.880 142463 DEBUG oslo_service.service [req-ed72ba15-92b9-43c8-a915-71b3202049ee - - - - -] glance.collect_timing = False log_opt_values /usr/lib/python3/dist-packages/oslo_config/cfg.py:2609
2026-06-04 00:35:52.880 142463 DEBUG oslo_service.service [req-ed72ba15-92b9-43c8-a915-71b3202049ee - - - - -] glance.connect_retries = None log_opt_values /usr/lib/python3/dist-packages/oslo_config/cfg.py:2609
2026-06-04 00:35:52.881 142463 DEBUG oslo_service.service [req-ed72ba15-92b9-43c8-a915-71b3202049ee - - - - -] glance.connect_retry_delay = None log_opt_values /usr/lib/python3/dist-packages/oslo_config/cfg.py:2609
2026-06-04 00:35:52.881 142463 DEBUG oslo_service.service [req-ed72ba15-92b9-43c8-a915-71b3202049ee - - - - -] glance.debug = False log_opt_values /usr/lib/python3/dist-packages/oslo_config/cfg.py:2609
2026-06-04 00:35:52.881 142463 DEBUG oslo_service.service [req-ed72ba15-92b9-43c8-a915-71b3202049ee - - - - -] glance.default_trusted_certificate_ids = [] log_opt_values /usr/lib/python3/dist-packages/oslo_config/cfg.py:2609
2026-06-04 00:35:52.881 142463 DEBUG oslo_service.service [req-ed72ba15-92b9-43c8-a915-71b3202049ee - - - - -] glance.enable_certificate_validation = False log_opt_values /usr/lib/python3/dist-packages/oslo_config/cfg.py:2609
2026-06-04 00:35:52.881 142463 DEBUG oslo_service.service [req-ed72ba15-92b9-43c8-a915-71b3202049ee - - - - -] glance.enable_rbd_download = False log_opt_values /usr/lib/python3/dist-packages/oslo_config/cfg.py:2609
2026-06-04 00:35:52.881 142463 DEBUG oslo_service.service [req-ed72ba15-92b9-43c8-a915-71b3202049ee - - - - -] glance.endpoint_override = None log_opt_values /usr/lib/python3/dist-packages/oslo_config/cfg.py:2609
2026-06-04 00:35:52.882 142463 DEBUG oslo_service.service [req-ed72ba15-92b9-43c8-a915-71b3202049ee - - - - -] glance.insecure = False log_opt_values /usr/lib/python3/dist-packages/oslo_config/cfg.py:2609
2026-06-04 00:35:52.882 142463 DEBUG oslo_service.service [req-ed72ba15-92b9-43c8-a915-71b3202049ee - - - - -] glance.keyfile = None log_opt_values /usr/lib/python3/dist-packages/oslo_config/cfg.py:2609
2026-06-04 00:35:52.882 142463 DEBUG oslo_service.service [req-ed72ba15-92b9-43c8-a915-71b3202049ee - - - - -] glance.max_version = None log_opt_values /usr/lib/python3/dist-packages/oslo_config/cfg.py:2609
2026-06-04 00:35:52.882 142463 DEBUG oslo_service.service [req-ed72ba15-92b9-43c8-a915-71b3202049ee - - - - -] glance.min_version = None log_opt_values /usr/lib/python3/dist-packages/oslo_config/cfg.py:2609
2026-06-04 00:35:52.882 142463 DEBUG oslo_service.service [req-ed72ba15-92b9-43c8-a915-71b3202049ee - - - - -] glance.num_retries = 3 log_opt_values /usr/lib/python3/dist-packages/oslo_config/cfg.py:2609
2026-06-04 00:35:52.882 142463 DEBUG oslo_service.service [req-ed72ba15-92b9-43c8-a915-71b3202049ee - - - - -] glance.rbd_ceph_conf = log_opt_values /usr/lib/python3/dist-packages/oslo_config/cfg.py:2609
2026-06-04 00:35:52.883 142463 DEBUG oslo_service.service [req-ed72ba15-92b9-43c8-a915-71b3202049ee - - - - -] glance.rbd_connect_timeout = 5 log_opt_values /usr/lib/python3/dist-packages/oslo_config/cfg.py:2609
2026-06-04 00:35:52.883 142463 DEBUG oslo_service.service [req-ed72ba15-92b9-43c8-a915-71b3202049ee - - - - -] glance.rbd_pool = log_opt_values /usr/lib/python3/dist-packages/oslo_config/cfg.py:2609
2026-06-04 00:35:52.883 142463 DEBUG oslo_service.service [req-ed72ba15-92b9-43c8-a915-71b3202049ee - - - - -] glance.rbd_user = log_opt_values /usr/lib/python3/dist-packages/oslo_config/cfg.py:2609
2026-06-04 00:35:52.883 142463 DEBUG oslo_service.service [req-ed72ba15-92b9-43c8-a915-71b3202049ee - - - - -] glance.region_name = None log_opt_values /usr/lib/python3/dist-packages/oslo_config/cfg.py:2609
2026-06-04 00:35:52.883 142463 DEBUG oslo_service.service [req-ed72ba15-92b9-43c8-a915-71b3202049ee - - - - -] glance.service_name = None log_opt_values /usr/lib/python3/dist-packages/oslo_config/cfg.py:2609
2026-06-04 00:35:52.883 142463 DEBUG oslo_service.service [req-ed72ba15-92b9-43c8-a915-71b3202049ee - - - - -] glance.service_type = image log_opt_values /usr/lib/python3/dist-packages/oslo_config/cfg.py:2609
2026-06-04 00:35:52.884 142463 DEBUG oslo_service.service [req-ed72ba15-92b9-43c8-a915-71b3202049ee - - - - -] glance.split_loggers = False log_opt_values /usr/lib/python3/dist-packages/oslo_config/cfg.py:2609
2026-06-04 00:35:52.884 142463 DEBUG oslo_service.service [req-ed72ba15-92b9-43c8-a915-71b3202049ee - - - - -] glance.status_code_retries = None log_opt_values /usr/lib/python3/dist-packages/oslo_config/cfg.py:2609
2026-06-04 00:35:52.884 142463 DEBUG oslo_service.service [req-ed72ba15-92b9-43c8-a915-71b3202049ee - - - - -] glance.status_code_retry_delay = None log_opt_values /usr/lib/python3/dist-packages/oslo_config/cfg.py:2609
2026-06-04 00:35:52.884 142463 DEBUG oslo_service.service [req-ed72ba15-92b9-43c8-a915-71b3202049ee - - - - -] glance.timeout = None log_opt_values /usr/lib/python3/dist-packages/oslo_config/cfg.py:2609
2026-06-04 00:35:52.884 142463 DEBUG oslo_service.service [req-ed72ba15-92b9-43c8-a915-71b3202049ee - - - - -] glance.valid_interfaces = ['internal', 'public'] log_opt_values /usr/lib/python3/dist-packages/oslo_config/cfg.py:2609
2026-06-04 00:35:52.884 142463 DEBUG oslo_service.service [req-ed72ba15-92b9-43c8-a915-71b3202049ee - - - - -] glance.verify_glance_signatures = False log_opt_values /usr/lib/python3/dist-packages/oslo_config/cfg.py:2609
2026-06-04 00:35:52.885 142463 DEBUG oslo_service.service [req-ed72ba15-92b9-43c8-a915-71b3202049ee - - - - -] glance.version = None log_opt_values /usr/lib/python3/dist-packages/oslo_config/cfg.py:2609
2026-06-04 00:35:52.885 142463 DEBUG oslo_service.service [req-ed72ba15-92b9-43c8-a915-71b3202049ee - - - - -] guestfs.debug = False log_opt_values /usr/lib/python3/dist-packages/oslo_config/cfg.py:2609
2026-06-04 00:35:52.885 142463 DEBUG oslo_service.service [req-ed72ba15-92b9-43c8-a915-71b3202049ee - - - - -] hyperv.config_drive_cdrom = False log_opt_values /usr/lib/python3/dist-packages/oslo_config/cfg.py:2609
2026-06-04 00:35:52.885 142463 DEBUG oslo_service.service [req-ed72ba15-92b9-43c8-a915-71b3202049ee - - - - -] hyperv.config_drive_inject_password = False log_opt_values /usr/lib/python3/dist-packages/oslo_config/cfg.py:2609
2026-06-04 00:35:52.885 142463 DEBUG oslo_service.service [req-ed72ba15-92b9-43c8-a915-71b3202049ee - - - - -] hyperv.dynamic_memory_ratio = 1.0 log_opt_values /usr/lib/python3/dist-packages/oslo_config/cfg.py:2609
2026-06-04 00:35:52.885 142463 DEBUG oslo_service.service [req-ed72ba15-92b9-43c8-a915-71b3202049ee - - - - -] hyperv.enable_instance_metrics_collection = False log_opt_values /usr/lib/python3/dist-packages/oslo_config/cfg.py:2609
2026-06-04 00:35:52.885 142463 DEBUG oslo_service.service [req-ed72ba15-92b9-43c8-a915-71b3202049ee - - - - -] hyperv.enable_remotefx = False log_opt_values /usr/lib/python3/dist-packages/oslo_config/cfg.py:2609
2026-06-04 00:35:52.886 142463 DEBUG oslo_service.service [req-ed72ba15-92b9-43c8-a915-71b3202049ee - - - - -] hyperv.instances_path_share = log_opt_values /usr/lib/python3/dist-packages/oslo_config/cfg.py:2609
2026-06-04 00:35:52.886 142463 DEBUG oslo_service.service [req-ed72ba15-92b9-43c8-a915-71b3202049ee - - - - -] hyperv.iscsi_initiator_list = [] log_opt_values /usr/lib/python3/dist-packages/oslo_config/cfg.py:2609
2026-06-04 00:35:52.886 142463 DEBUG oslo_service.service [req-ed72ba15-92b9-43c8-a915-71b3202049ee - - - - -] hyperv.limit_cpu_features = False log_opt_values /usr/lib/python3/dist-packages/oslo_config/cfg.py:2609
2026-06-04 00:35:52.886 142463 DEBUG oslo_service.service [req-ed72ba15-92b9-43c8-a915-71b3202049ee - - - - -] hyperv.mounted_disk_query_retry_count = 10 log_opt_values /usr/lib/python3/dist-packages/oslo_config/cfg.py:2609
2026-06-04 00:35:52.886 142790 DEBUG oslo_messaging._drivers.amqpdriver [-] Listener is running poll /usr/lib/python3/dist-packages/oslo_messaging/_drivers/amqpdriver.py:343
2026-06-04 00:35:52.886 142463 DEBUG oslo_service.service [req-ed72ba15-92b9-43c8-a915-71b3202049ee - - - - -] hyperv.mounted_disk_query_retry_interval = 5 log_opt_values /usr/lib/python3/dist-packages/oslo_config/cfg.py:2609
2026-06-04 00:35:52.886 142788 DEBUG oslo_messaging._drivers.amqpdriver [-] Listener is running poll /usr/lib/python3/dist-packages/oslo_messaging/_drivers/amqpdriver.py:343
2026-06-04 00:35:52.886 142790 DEBUG oslo_messaging._drivers.amqpdriver [-] AMQPListener connection consume poll /usr/lib/python3/dist-packages/oslo_messaging/_drivers/amqpdriver.py:357
2026-06-04 00:35:52.887 142463 DEBUG oslo_service.service [req-ed72ba15-92b9-43c8-a915-71b3202049ee - - - - -] hyperv.power_state_check_timeframe = 60 log_opt_values /usr/lib/python3/dist-packages/oslo_config/cfg.py:2609
2026-06-04 00:35:52.887 142788 DEBUG oslo_messaging._drivers.amqpdriver [-] AMQPListener connection consume poll /usr/lib/python3/dist-packages/oslo_messaging/_drivers/amqpdriver.py:357
2026-06-04 00:35:52.887 142463 DEBUG oslo_service.service [req-ed72ba15-92b9-43c8-a915-71b3202049ee - - - - -] hyperv.power_state_event_polling_interval = 2 log_opt_values /usr/lib/python3/dist-packages/oslo_config/cfg.py:2609
2026-06-04 00:35:52.887 142463 DEBUG oslo_service.service [req-ed72ba15-92b9-43c8-a915-71b3202049ee - - - - -] hyperv.qemu_img_cmd = qemu-img.exe log_opt_values /usr/lib/python3/dist-packages/oslo_config/cfg.py:2609
2026-06-04 00:35:52.887 142463 DEBUG oslo_service.service [req-ed72ba15-92b9-43c8-a915-71b3202049ee - - - - -] hyperv.use_multipath_io = False log_opt_values /usr/lib/python3/dist-packages/oslo_config/cfg.py:2609
2026-06-04 00:35:52.887 142463 DEBUG oslo_service.service [req-ed72ba15-92b9-43c8-a915-71b3202049ee - - - - -] hyperv.volume_attach_retry_count = 10 log_opt_values /usr/lib/python3/dist-packages/oslo_config/cfg.py:2609
2026-06-04 00:35:52.887 142790 DEBUG nova.service [req-b01fb7fb-7a17-4a33-a302-558479dbe8f9 - - - - -] Join ServiceGroup membership for this service conductor start /usr/lib/python3/dist-packages/nova/service.py:199
2026-06-04 00:35:52.887 142463 DEBUG oslo_service.service [req-ed72ba15-92b9-43c8-a915-71b3202049ee - - - - -] hyperv.volume_attach_retry_interval = 5 log_opt_values /usr/lib/python3/dist-packages/oslo_config/cfg.py:2609
2026-06-04 00:35:52.887 142790 DEBUG nova.servicegroup.drivers.db [req-b01fb7fb-7a17-4a33-a302-558479dbe8f9 - - - - -] DB_Driver: join new ServiceGroup member juju-aed2f7-0-lxd-7 to the conductor group, service = join /usr/lib/python3/dist-packages/nova/servicegroup/drivers/db.py:44
2026-06-04 00:35:52.889 142788 DEBUG nova.service [req-805c7cbd-fd2c-44f3-900f-aaadef7c8ed6 - - - - -] Join ServiceGroup membership for this service conductor start /usr/lib/python3/dist-packages/nova/service.py:199
2026-06-04 00:35:52.889 142788 DEBUG nova.servicegroup.drivers.db [req-805c7cbd-fd2c-44f3-900f-aaadef7c8ed6 - - - - -] DB_Driver: join new ServiceGroup member juju-aed2f7-0-lxd-7 to the conductor group, service = join /usr/lib/python3/dist-packages/nova/servicegroup/drivers/db.py:44
2026-06-04 00:35:52.890 142788 DEBUG oslo_messaging._drivers.amqpdriver [-] AMQPListener connection timeout poll /usr/lib/python3/dist-packages/oslo_messaging/_drivers/amqpdriver.py:360
2026-06-04 00:35:52.890 142790 DEBUG oslo_messaging._drivers.amqpdriver [-] AMQPListener connection timeout poll /usr/lib/python3/dist-packages/oslo_messaging/_drivers/amqpdriver.py:360
2026-06-04 00:35:52.890 142788 DEBUG oslo_messaging._drivers.amqpdriver [-] Listener is running poll /usr/lib/python3/dist-packages/oslo_messaging/_drivers/amqpdriver.py:343
2026-06-04 00:35:52.890 142788 DEBUG oslo_messaging._drivers.amqpdriver [-] AMQPListener connection consume poll /usr/lib/python3/dist-packages/oslo_messaging/_drivers/amqpdriver.py:357
2026-06-04 00:35:52.890 142790 DEBUG oslo_messaging._drivers.amqpdriver [-] Listener is running poll /usr/lib/python3/dist-packages/oslo_messaging/_drivers/amqpdriver.py:343
2026-06-04 00:35:52.890 142790 DEBUG oslo_messaging._drivers.amqpdriver [-] AMQPListener connection consume poll /usr/lib/python3/dist-packages/oslo_messaging/_drivers/amqpdriver.py:357
2026-06-04 00:35:52.887 142463 DEBUG oslo_service.service [req-ed72ba15-92b9-43c8-a915-71b3202049ee - - - - -] hyperv.vswitch_name = None log_opt_values /usr/lib/python3/dist-packages/oslo_config/cfg.py:2609
2026-06-04 00:35:52.895 142463 DEBUG oslo_service.service [req-ed72ba15-92b9-43c8-a915-71b3202049ee - - - - -] hyperv.wait_soft_reboot_seconds = 60 log_opt_values /usr/lib/python3/dist-packages/oslo_config/cfg.py:2609
2026-06-04 00:35:52.896 142463 DEBUG oslo_service.service [req-ed72ba15-92b9-43c8-a915-71b3202049ee - - - - -] mks.enabled = False log_opt_values /usr/lib/python3/dist-packages/oslo_config/cfg.py:2609
2026-06-04 00:35:52.896 142791 DEBUG oslo_messaging._drivers.amqpdriver [-] Listener is running poll /usr/lib/python3/dist-packages/oslo_messaging/_drivers/amqpdriver.py:343
2026-06-04 00:35:52.896 142791 DEBUG oslo_messaging._drivers.amqpdriver [-] AMQPListener connection consume poll /usr/lib/python3/dist-packages/oslo_messaging/_drivers/amqpdriver.py:357
2026-06-04 00:35:52.896 142463 DEBUG oslo_service.service [req-ed72ba15-92b9-43c8-a915-71b3202049ee - - - - -] mks.mksproxy_base_url = http://127.0.0.1:6090/ log_opt_values /usr/lib/python3/dist-packages/oslo_config/cfg.py:2609
2026-06-04 00:35:52.897 142463 DEBUG oslo_service.service [req-ed72ba15-92b9-43c8-a915-71b3202049ee - - - - -] image_cache.manager_interval = 2400 log_opt_values /usr/lib/python3/dist-packages/oslo_config/cfg.py:2609
2026-06-04 00:35:52.897 142463 DEBUG oslo_service.service [req-ed72ba15-92b9-43c8-a915-71b3202049ee - - - - -] image_cache.precache_concurrency = 1 log_opt_values /usr/lib/python3/dist-packages/oslo_config/cfg.py:2609
