2026-06-04 00:37:17.701 142789 DEBUG oslo_messaging._drivers.amqpdriver [-] AMQPListener connection consume poll /usr/lib/python3/dist-packages/oslo_messaging/_drivers/amqpdriver.py:357
2026-06-04 00:37:17.767 142790 DEBUG oslo_messaging._drivers.amqpdriver [-] AMQPListener connection timeout poll /usr/lib/python3/dist-packages/oslo_messaging/_drivers/amqpdriver.py:360
2026-06-04 00:37:17.768 142790 DEBUG oslo_messaging._drivers.amqpdriver [-] Listener is running poll /usr/lib/python3/dist-packages/oslo_messaging/_drivers/amqpdriver.py:343
2026-06-04 00:37:17.768 142790 DEBUG oslo_messaging._drivers.amqpdriver [-] AMQPListener connection consume poll /usr/lib/python3/dist-packages/oslo_messaging/_drivers/amqpdriver.py:357
2026-06-04 00:37:17.785 142788 DEBUG oslo_messaging._drivers.amqpdriver [-] AMQPListener connection timeout poll /usr/lib/python3/dist-packages/oslo_messaging/_drivers/amqpdriver.py:360
2026-06-04 00:37:17.785 142788 DEBUG oslo_messaging._drivers.amqpdriver [-] Listener is running poll /usr/lib/python3/dist-packages/oslo_messaging/_drivers/amqpdriver.py:343
2026-06-04 00:37:17.785 142788 DEBUG oslo_messaging._drivers.amqpdriver [-] AMQPListener connection consume poll /usr/lib/python3/dist-packages/oslo_messaging/_drivers/amqpdriver.py:357
2026-06-04 00:37:17.849 142791 DEBUG oslo_messaging._drivers.amqpdriver [-] AMQPListener connection timeout poll /usr/lib/python3/dist-packages/oslo_messaging/_drivers/amqpdriver.py:360
2026-06-04 00:37:17.849 142791 DEBUG oslo_messaging._drivers.amqpdriver [-] Listener is running poll /usr/lib/python3/dist-packages/oslo_messaging/_drivers/amqpdriver.py:343
2026-06-04 00:37:17.849 142791 DEBUG oslo_messaging._drivers.amqpdriver [-] AMQPListener connection consume poll /usr/lib/python3/dist-packages/oslo_messaging/_drivers/amqpdriver.py:357
2026-06-04 00:37:21.704 142789 DEBUG oslo_messaging._drivers.amqpdriver [-] AMQPListener connection timeout poll /usr/lib/python3/dist-packages/oslo_messaging/_drivers/amqpdriver.py:360
2026-06-04 00:37:21.704 142789 DEBUG oslo_messaging._drivers.amqpdriver [-] Listener is running poll /usr/lib/python3/dist-packages/oslo_messaging/_drivers/amqpdriver.py:343
2026-06-04 00:37:21.705 142789 DEBUG oslo_messaging._drivers.amqpdriver [-] AMQPListener connection consume poll /usr/lib/python3/dist-packages/oslo_messaging/_drivers/amqpdriver.py:357
2026-06-04 00:37:21.771 142790 DEBUG oslo_messaging._drivers.amqpdriver [-] AMQPListener connection timeout poll /usr/lib/python3/dist-packages/oslo_messaging/_drivers/amqpdriver.py:360
2026-06-04 00:37:21.772 142790 DEBUG oslo_messaging._drivers.amqpdriver [-] Listener is running poll /usr/lib/python3/dist-packages/oslo_messaging/_drivers/amqpdriver.py:343
2026-06-04 00:37:21.772 142790 DEBUG oslo_messaging._drivers.amqpdriver [-] AMQPListener connection consume poll /usr/lib/python3/dist-packages/oslo_messaging/_drivers/amqpdriver.py:357
2026-06-04 00:37:21.787 142788 DEBUG oslo_messaging._drivers.amqpdriver [-] AMQPListener connection timeout poll /usr/lib/python3/dist-packages/oslo_messaging/_drivers/amqpdriver.py:360
2026-06-04 00:37:21.787 142788 DEBUG oslo_messaging._drivers.amqpdriver [-] Listener is running poll /usr/lib/python3/dist-packages/oslo_messaging/_drivers/amqpdriver.py:343
2026-06-04 00:37:21.788 142788 DEBUG oslo_messaging._drivers.amqpdriver [-] AMQPListener connection consume poll /usr/lib/python3/dist-packages/oslo_messaging/_drivers/amqpdriver.py:357
2026-06-04 00:37:21.852 142791 DEBUG oslo_messaging._drivers.amqpdriver [-] AMQPListener connection timeout poll /usr/lib/python3/dist-packages/oslo_messaging/_drivers/amqpdriver.py:360
2026-06-04 00:37:21.853 142791 DEBUG oslo_messaging._drivers.amqpdriver [-] Listener is running poll /usr/lib/python3/dist-packages/oslo_messaging/_drivers/amqpdriver.py:343
2026-06-04 00:37:21.853 142791 DEBUG oslo_messaging._drivers.amqpdriver [-] AMQPListener connection consume poll /usr/lib/python3/dist-packages/oslo_messaging/_drivers/amqpdriver.py:357
2026-06-04 00:37:22.188 142463 INFO oslo_service.service [req-ed72ba15-92b9-43c8-a915-71b3202049ee - - - - -] Caught SIGTERM, stopping children
2026-06-04 00:37:22.189 142463 DEBUG oslo_concurrency.lockutils [req-ed72ba15-92b9-43c8-a915-71b3202049ee - - - - -] Acquired lock "singleton_lock" lock /usr/lib/python3/dist-packages/oslo_concurrency/lockutils.py:294
2026-06-04 00:37:22.189 142463 DEBUG oslo_concurrency.lockutils [req-ed72ba15-92b9-43c8-a915-71b3202049ee - - - - -] Releasing lock "singleton_lock" lock /usr/lib/python3/dist-packages/oslo_concurrency/lockutils.py:312
2026-06-04 00:37:22.190 142463 DEBUG oslo_service.service [req-ed72ba15-92b9-43c8-a915-71b3202049ee - - - - -] Stop services. stop /usr/lib/python3/dist-packages/oslo_service/service.py:695
2026-06-04 00:37:22.190 142463 DEBUG oslo_service.service [req-ed72ba15-92b9-43c8-a915-71b3202049ee - - - - -] Killing children. stop /usr/lib/python3/dist-packages/oslo_service/service.py:700
2026-06-04 00:37:22.192 142463 INFO oslo_service.service [req-ed72ba15-92b9-43c8-a915-71b3202049ee - - - - -] Waiting on 4 children to exit
2026-06-04 00:37:22.198 142463 INFO oslo_service.service [req-ed72ba15-92b9-43c8-a915-71b3202049ee - - - - -] Child 142788 killed by signal 15
2026-06-04 00:37:22.198 142463 INFO oslo_service.service [req-ed72ba15-92b9-43c8-a915-71b3202049ee - - - - -] Child 142789 killed by signal 15
2026-06-04 00:37:22.198 142463 INFO oslo_service.service [req-ed72ba15-92b9-43c8-a915-71b3202049ee - - - - -] Child 142790 killed by signal 15
2026-06-04 00:37:22.199 142463 INFO oslo_service.service [req-ed72ba15-92b9-43c8-a915-71b3202049ee - - - - -] Child 142791 killed by signal 15
2026-06-04 00:37:24.260 153697 DEBUG oslo_db.sqlalchemy.engines [req-9a4a8b6b-93dc-40a1-8cc3-7071596497f6 - - - - -] MySQL server mode set to STRICT_TRANS_TABLES,STRICT_ALL_TABLES,NO_ZERO_IN_DATE,NO_ZERO_DATE,ERROR_FOR_DIVISION_BY_ZERO,TRADITIONAL,NO_ENGINE_SUBSTITUTION _check_effective_sql_mode /usr/lib/python3/dist-packages/oslo_db/sqlalchemy/engines.py:314
2026-06-04 00:37:24.394 153697 DEBUG nova.context [req-9a4a8b6b-93dc-40a1-8cc3-7071596497f6 - - - - -] Found 2 cells: 00000000-0000-0000-0000-000000000000(cell0),bc2873d0-e778-43fd-a2d2-92d6964c9cdf(cell1) load_cells /usr/lib/python3/dist-packages/nova/context.py:464
2026-06-04 00:37:24.397 153697 DEBUG oslo_concurrency.lockutils [req-9a4a8b6b-93dc-40a1-8cc3-7071596497f6 - - - - -] Lock "00000000-0000-0000-0000-000000000000" acquired by "nova.context.set_target_cell..get_or_set_cached_cell_and_set_connections" :: waited 0.000s inner /usr/lib/python3/dist-packages/oslo_concurrency/lockutils.py:386
2026-06-04 00:37:24.397 153697 DEBUG oslo_concurrency.lockutils [req-9a4a8b6b-93dc-40a1-8cc3-7071596497f6 - - - - -] Lock "00000000-0000-0000-0000-000000000000" "released" by "nova.context.set_target_cell..get_or_set_cached_cell_and_set_connections" :: held 0.001s inner /usr/lib/python3/dist-packages/oslo_concurrency/lockutils.py:400
2026-06-04 00:37:24.398 153697 DEBUG oslo_concurrency.lockutils [req-9a4a8b6b-93dc-40a1-8cc3-7071596497f6 - - - - -] Lock "bc2873d0-e778-43fd-a2d2-92d6964c9cdf" acquired by "nova.context.set_target_cell..get_or_set_cached_cell_and_set_connections" :: waited 0.000s inner /usr/lib/python3/dist-packages/oslo_concurrency/lockutils.py:386
2026-06-04 00:37:24.399 153697 DEBUG oslo_concurrency.lockutils [req-9a4a8b6b-93dc-40a1-8cc3-7071596497f6 - - - - -] Lock "bc2873d0-e778-43fd-a2d2-92d6964c9cdf" "released" by "nova.context.set_target_cell..get_or_set_cached_cell_and_set_connections" :: held 0.001s inner /usr/lib/python3/dist-packages/oslo_concurrency/lockutils.py:400
2026-06-04 00:37:24.417 153697 DEBUG oslo_db.sqlalchemy.engines [req-9a4a8b6b-93dc-40a1-8cc3-7071596497f6 - - - - -] MySQL server mode set to STRICT_TRANS_TABLES,STRICT_ALL_TABLES,NO_ZERO_IN_DATE,NO_ZERO_DATE,ERROR_FOR_DIVISION_BY_ZERO,TRADITIONAL,NO_ENGINE_SUBSTITUTION _check_effective_sql_mode /usr/lib/python3/dist-packages/oslo_db/sqlalchemy/engines.py:314
2026-06-04 00:37:24.423 153697 DEBUG oslo_db.sqlalchemy.engines [req-9a4a8b6b-93dc-40a1-8cc3-7071596497f6 - - - - -] MySQL server mode set to STRICT_TRANS_TABLES,STRICT_ALL_TABLES,NO_ZERO_IN_DATE,NO_ZERO_DATE,ERROR_FOR_DIVISION_BY_ZERO,TRADITIONAL,NO_ENGINE_SUBSTITUTION _check_effective_sql_mode /usr/lib/python3/dist-packages/oslo_db/sqlalchemy/engines.py:314
2026-06-04 00:37:24.511 153697 DEBUG oslo_concurrency.lockutils [req-9a4a8b6b-93dc-40a1-8cc3-7071596497f6 - - - - -] Acquired lock "singleton_lock" lock /usr/lib/python3/dist-packages/oslo_concurrency/lockutils.py:294
2026-06-04 00:37:24.512 153697 DEBUG oslo_concurrency.lockutils [req-9a4a8b6b-93dc-40a1-8cc3-7071596497f6 - - - - -] Releasing lock "singleton_lock" lock /usr/lib/python3/dist-packages/oslo_concurrency/lockutils.py:312
2026-06-04 00:37:24.512 153697 INFO oslo_service.service [req-9a4a8b6b-93dc-40a1-8cc3-7071596497f6 - - - - -] Starting 4 workers
2026-06-04 00:37:24.518 153697 DEBUG oslo_service.service [req-9a4a8b6b-93dc-40a1-8cc3-7071596497f6 - - - - -] Started child 154086 _start_child /usr/lib/python3/dist-packages/oslo_service/service.py:575
2026-06-04 00:37:24.524 154086 INFO nova.service [-] Starting conductor node (version 25.2.1)
2026-06-04 00:37:24.526 153697 DEBUG oslo_service.service [req-9a4a8b6b-93dc-40a1-8cc3-7071596497f6 - - - - -] Started child 154087 _start_child /usr/lib/python3/dist-packages/oslo_service/service.py:575
2026-06-04 00:37:24.532 154087 INFO nova.service [-] Starting conductor node (version 25.2.1)
2026-06-04 00:37:24.534 153697 DEBUG oslo_service.service [req-9a4a8b6b-93dc-40a1-8cc3-7071596497f6 - - - - -] Started child 154088 _start_child /usr/lib/python3/dist-packages/oslo_service/service.py:575
2026-06-04 00:37:24.539 154088 INFO nova.service [-] Starting conductor node (version 25.2.1)
2026-06-04 00:37:24.539 154086 DEBUG oslo_db.sqlalchemy.engines [req-1d04c485-bb58-4773-9cf5-3371c6d571e1 - - - - -] MySQL server mode set to STRICT_TRANS_TABLES,STRICT_ALL_TABLES,NO_ZERO_IN_DATE,NO_ZERO_DATE,ERROR_FOR_DIVISION_BY_ZERO,TRADITIONAL,NO_ENGINE_SUBSTITUTION _check_effective_sql_mode /usr/lib/python3/dist-packages/oslo_db/sqlalchemy/engines.py:314
2026-06-04 00:37:24.543 153697 DEBUG oslo_service.service [req-9a4a8b6b-93dc-40a1-8cc3-7071596497f6 - - - - -] Started child 154089 _start_child /usr/lib/python3/dist-packages/oslo_service/service.py:575
2026-06-04 00:37:24.546 153697 DEBUG oslo_service.service [req-9a4a8b6b-93dc-40a1-8cc3-7071596497f6 - - - - -] Full set of CONF: wait /usr/lib/python3/dist-packages/oslo_service/service.py:649
2026-06-04 00:37:24.547 153697 DEBUG oslo_service.service [req-9a4a8b6b-93dc-40a1-8cc3-7071596497f6 - - - - -] ******************************************************************************** log_opt_values /usr/lib/python3/dist-packages/oslo_config/cfg.py:2589
2026-06-04 00:37:24.547 153697 DEBUG oslo_service.service [req-9a4a8b6b-93dc-40a1-8cc3-7071596497f6 - - - - -] Configuration options gathered from: log_opt_values /usr/lib/python3/dist-packages/oslo_config/cfg.py:2590
2026-06-04 00:37:24.547 154087 DEBUG oslo_db.sqlalchemy.engines [req-43b8ad68-977e-4339-9691-e671655346ab - - - - -] MySQL server mode set to STRICT_TRANS_TABLES,STRICT_ALL_TABLES,NO_ZERO_IN_DATE,NO_ZERO_DATE,ERROR_FOR_DIVISION_BY_ZERO,TRADITIONAL,NO_ENGINE_SUBSTITUTION _check_effective_sql_mode /usr/lib/python3/dist-packages/oslo_db/sqlalchemy/engines.py:314
2026-06-04 00:37:24.547 153697 DEBUG oslo_service.service [req-9a4a8b6b-93dc-40a1-8cc3-7071596497f6 - - - - -] command line args: ['--config-file=/etc/nova/nova.conf', '--log-file=/var/log/nova/nova-conductor.log'] log_opt_values /usr/lib/python3/dist-packages/oslo_config/cfg.py:2591
2026-06-04 00:37:24.548 153697 DEBUG oslo_service.service [req-9a4a8b6b-93dc-40a1-8cc3-7071596497f6 - - - - -] config files: ['/etc/nova/nova.conf'] log_opt_values /usr/lib/python3/dist-packages/oslo_config/cfg.py:2592
2026-06-04 00:37:24.548 153697 DEBUG oslo_service.service [req-9a4a8b6b-93dc-40a1-8cc3-7071596497f6 - - - - -] ================================================================================ log_opt_values /usr/lib/python3/dist-packages/oslo_config/cfg.py:2594
2026-06-04 00:37:24.549 154089 INFO nova.service [-] Starting conductor node (version 25.2.1)
2026-06-04 00:37:24.549 153697 DEBUG oslo_service.service [req-9a4a8b6b-93dc-40a1-8cc3-7071596497f6 - - - - -] allow_resize_to_same_host = False log_opt_values /usr/lib/python3/dist-packages/oslo_config/cfg.py:2602
2026-06-04 00:37:24.550 153697 DEBUG oslo_service.service [req-9a4a8b6b-93dc-40a1-8cc3-7071596497f6 - - - - -] arq_binding_timeout = 300 log_opt_values /usr/lib/python3/dist-packages/oslo_config/cfg.py:2602
2026-06-04 00:37:24.550 153697 DEBUG oslo_service.service [req-9a4a8b6b-93dc-40a1-8cc3-7071596497f6 - - - - -] block_device_allocate_retries = 60 log_opt_values /usr/lib/python3/dist-packages/oslo_config/cfg.py:2602
2026-06-04 00:37:24.551 153697 DEBUG oslo_service.service [req-9a4a8b6b-93dc-40a1-8cc3-7071596497f6 - - - - -] block_device_allocate_retries_interval = 3 log_opt_values /usr/lib/python3/dist-packages/oslo_config/cfg.py:2602
2026-06-04 00:37:24.551 153697 DEBUG oslo_service.service [req-9a4a8b6b-93dc-40a1-8cc3-7071596497f6 - - - - -] cert = self.pem log_opt_values /usr/lib/python3/dist-packages/oslo_config/cfg.py:2602
2026-06-04 00:37:24.551 153697 DEBUG oslo_service.service [req-9a4a8b6b-93dc-40a1-8cc3-7071596497f6 - - - - -] compute_driver = libvirt.LibvirtDriver log_opt_values /usr/lib/python3/dist-packages/oslo_config/cfg.py:2602
2026-06-04 00:37:24.552 153697 DEBUG oslo_service.service [req-9a4a8b6b-93dc-40a1-8cc3-7071596497f6 - - - - -] compute_monitors = [] log_opt_values /usr/lib/python3/dist-packages/oslo_config/cfg.py:2602
2026-06-04 00:37:24.552 153697 DEBUG oslo_service.service [req-9a4a8b6b-93dc-40a1-8cc3-7071596497f6 - - - - -] config_dir = [] log_opt_values /usr/lib/python3/dist-packages/oslo_config/cfg.py:2602
2026-06-04 00:37:24.553 153697 DEBUG oslo_service.service [req-9a4a8b6b-93dc-40a1-8cc3-7071596497f6 - - - - -] config_drive_format = iso9660 log_opt_values /usr/lib/python3/dist-packages/oslo_config/cfg.py:2602
2026-06-04 00:37:24.553 153697 DEBUG oslo_service.service [req-9a4a8b6b-93dc-40a1-8cc3-7071596497f6 - - - - -] config_file = ['/etc/nova/nova.conf'] log_opt_values /usr/lib/python3/dist-packages/oslo_config/cfg.py:2602
2026-06-04 00:37:24.553 153697 DEBUG oslo_service.service [req-9a4a8b6b-93dc-40a1-8cc3-7071596497f6 - - - - -] config_source = [] log_opt_values /usr/lib/python3/dist-packages/oslo_config/cfg.py:2602
2026-06-04 00:37:24.554 153697 DEBUG oslo_service.service [req-9a4a8b6b-93dc-40a1-8cc3-7071596497f6 - - - - -] console_host = juju-aed2f7-0-lxd-7 log_opt_values /usr/lib/python3/dist-packages/oslo_config/cfg.py:2602
2026-06-04 00:37:24.554 153697 DEBUG oslo_service.service [req-9a4a8b6b-93dc-40a1-8cc3-7071596497f6 - - - - -] control_exchange = nova log_opt_values /usr/lib/python3/dist-packages/oslo_config/cfg.py:2602
2026-06-04 00:37:24.554 153697 DEBUG oslo_service.service [req-9a4a8b6b-93dc-40a1-8cc3-7071596497f6 - - - - -] cpu_allocation_ratio = 2.0 log_opt_values /usr/lib/python3/dist-packages/oslo_config/cfg.py:2602
2026-06-04 00:37:24.554 154088 DEBUG oslo_db.sqlalchemy.engines [req-d546e17a-0b8b-4a7c-8df2-61ae39e22131 - - - - -] MySQL server mode set to STRICT_TRANS_TABLES,STRICT_ALL_TABLES,NO_ZERO_IN_DATE,NO_ZERO_DATE,ERROR_FOR_DIVISION_BY_ZERO,TRADITIONAL,NO_ENGINE_SUBSTITUTION _check_effective_sql_mode /usr/lib/python3/dist-packages/oslo_db/sqlalchemy/engines.py:314
2026-06-04 00:37:24.554 153697 DEBUG oslo_service.service [req-9a4a8b6b-93dc-40a1-8cc3-7071596497f6 - - - - -] daemon = False log_opt_values /usr/lib/python3/dist-packages/oslo_config/cfg.py:2602
2026-06-04 00:37:24.555 153697 DEBUG oslo_service.service [req-9a4a8b6b-93dc-40a1-8cc3-7071596497f6 - - - - -] debug = True log_opt_values /usr/lib/python3/dist-packages/oslo_config/cfg.py:2602
2026-06-04 00:37:24.555 153697 DEBUG oslo_service.service [req-9a4a8b6b-93dc-40a1-8cc3-7071596497f6 - - - - -] default_access_ip_network_name = None log_opt_values /usr/lib/python3/dist-packages/oslo_config/cfg.py:2602
2026-06-04 00:37:24.555 153697 DEBUG oslo_service.service [req-9a4a8b6b-93dc-40a1-8cc3-7071596497f6 - - - - -] default_availability_zone = nova log_opt_values /usr/lib/python3/dist-packages/oslo_config/cfg.py:2602
2026-06-04 00:37:24.556 153697 DEBUG oslo_service.service [req-9a4a8b6b-93dc-40a1-8cc3-7071596497f6 - - - - -] default_ephemeral_format = None log_opt_values /usr/lib/python3/dist-packages/oslo_config/cfg.py:2602
2026-06-04 00:37:24.556 153697 DEBUG oslo_service.service [req-9a4a8b6b-93dc-40a1-8cc3-7071596497f6 - - - - -] default_log_levels = ['amqp=WARN', 'amqplib=WARN', 'boto=WARN', 'qpid=WARN', 'sqlalchemy=WARN', 'suds=INFO', 'oslo.messaging=INFO', 'oslo_messaging=DEBUG', 'iso8601=WARN', 'requests.packages.urllib3.connectionpool=WARN', 'urllib3.connectionpool=WARN', 'websocket=WARN', 'requests.packages.urllib3.util.retry=WARN', 'urllib3.util.retry=WARN', 'keystonemiddleware=WARN', 'routes.middleware=WARN', 'stevedore=WARN', 'taskflow=WARN', 'keystoneauth=WARN', 'oslo.cache=INFO', 'dogpile.core.dogpile=INFO', 'glanceclient=WARN', 'oslo.privsep.daemon=INFO'] log_opt_values /usr/lib/python3/dist-packages/oslo_config/cfg.py:2602
2026-06-04 00:37:24.556 153697 DEBUG oslo_service.service [req-9a4a8b6b-93dc-40a1-8cc3-7071596497f6 - - - - -] default_schedule_zone = None log_opt_values /usr/lib/python3/dist-packages/oslo_config/cfg.py:2602
2026-06-04 00:37:24.557 153697 DEBUG oslo_service.service [req-9a4a8b6b-93dc-40a1-8cc3-7071596497f6 - - - - -] disk_allocation_ratio = 1.0 log_opt_values /usr/lib/python3/dist-packages/oslo_config/cfg.py:2602
2026-06-04 00:37:24.557 153697 DEBUG oslo_service.service [req-9a4a8b6b-93dc-40a1-8cc3-7071596497f6 - - - - -] enable_new_services = True log_opt_values /usr/lib/python3/dist-packages/oslo_config/cfg.py:2602
2026-06-04 00:37:24.557 153697 DEBUG oslo_service.service [req-9a4a8b6b-93dc-40a1-8cc3-7071596497f6 - - - - -] enabled_apis = ['osapi_compute', 'metadata'] log_opt_values /usr/lib/python3/dist-packages/oslo_config/cfg.py:2602
2026-06-04 00:37:24.558 153697 DEBUG oslo_service.service [req-9a4a8b6b-93dc-40a1-8cc3-7071596497f6 - - - - -] enabled_ssl_apis = [] log_opt_values /usr/lib/python3/dist-packages/oslo_config/cfg.py:2602
2026-06-04 00:37:24.558 153697 DEBUG oslo_service.service [req-9a4a8b6b-93dc-40a1-8cc3-7071596497f6 - - - - -] fatal_deprecations = False log_opt_values /usr/lib/python3/dist-packages/oslo_config/cfg.py:2602
2026-06-04 00:37:24.558 154086 DEBUG nova.service [req-1d04c485-bb58-4773-9cf5-3371c6d571e1 - - - - -] Creating RPC server for service conductor start /usr/lib/python3/dist-packages/nova/service.py:182
2026-06-04 00:37:24.558 153697 DEBUG oslo_service.service [req-9a4a8b6b-93dc-40a1-8cc3-7071596497f6 - - - - -] flat_injected = False log_opt_values /usr/lib/python3/dist-packages/oslo_config/cfg.py:2602
2026-06-04 00:37:24.559 153697 DEBUG oslo_service.service [req-9a4a8b6b-93dc-40a1-8cc3-7071596497f6 - - - - -] force_config_drive = False log_opt_values /usr/lib/python3/dist-packages/oslo_config/cfg.py:2602
2026-06-04 00:37:24.559 153697 DEBUG oslo_service.service [req-9a4a8b6b-93dc-40a1-8cc3-7071596497f6 - - - - -] force_raw_images = True log_opt_values /usr/lib/python3/dist-packages/oslo_config/cfg.py:2602
2026-06-04 00:37:24.559 153697 DEBUG oslo_service.service [req-9a4a8b6b-93dc-40a1-8cc3-7071596497f6 - - - - -] graceful_shutdown_timeout = 60 log_opt_values /usr/lib/python3/dist-packages/oslo_config/cfg.py:2602
2026-06-04 00:37:24.560 153697 DEBUG oslo_service.service [req-9a4a8b6b-93dc-40a1-8cc3-7071596497f6 - - - - -] heal_instance_info_cache_interval = 60 log_opt_values /usr/lib/python3/dist-packages/oslo_config/cfg.py:2602
2026-06-04 00:37:24.560 153697 DEBUG oslo_service.service [req-9a4a8b6b-93dc-40a1-8cc3-7071596497f6 - - - - -] host = juju-aed2f7-0-lxd-7 log_opt_values /usr/lib/python3/dist-packages/oslo_config/cfg.py:2602
2026-06-04 00:37:24.561 153697 DEBUG oslo_service.service [req-9a4a8b6b-93dc-40a1-8cc3-7071596497f6 - - - - -] initial_cpu_allocation_ratio = 16.0 log_opt_values /usr/lib/python3/dist-packages/oslo_config/cfg.py:2602
2026-06-04 00:37:24.561 153697 DEBUG oslo_service.service [req-9a4a8b6b-93dc-40a1-8cc3-7071596497f6 - - - - -] initial_disk_allocation_ratio = 1.0 log_opt_values /usr/lib/python3/dist-packages/oslo_config/cfg.py:2602
2026-06-04 00:37:24.561 153697 DEBUG oslo_service.service [req-9a4a8b6b-93dc-40a1-8cc3-7071596497f6 - - - - -] initial_ram_allocation_ratio = 1.5 log_opt_values /usr/lib/python3/dist-packages/oslo_config/cfg.py:2602
2026-06-04 00:37:24.562 153697 DEBUG oslo_service.service [req-9a4a8b6b-93dc-40a1-8cc3-7071596497f6 - - - - -] injected_network_template = /usr/lib/python3/dist-packages/nova/virt/interfaces.template log_opt_values /usr/lib/python3/dist-packages/oslo_config/cfg.py:2602
2026-06-04 00:37:24.562 153697 DEBUG oslo_service.service [req-9a4a8b6b-93dc-40a1-8cc3-7071596497f6 - - - - -] instance_build_timeout = 0 log_opt_values /usr/lib/python3/dist-packages/oslo_config/cfg.py:2602
2026-06-04 00:37:24.562 153697 DEBUG oslo_service.service [req-9a4a8b6b-93dc-40a1-8cc3-7071596497f6 - - - - -] instance_delete_interval = 300 log_opt_values /usr/lib/python3/dist-packages/oslo_config/cfg.py:2602
2026-06-04 00:37:24.563 153697 DEBUG oslo_service.service [req-9a4a8b6b-93dc-40a1-8cc3-7071596497f6 - - - - -] instance_format = [instance: %(uuid)s] log_opt_values /usr/lib/python3/dist-packages/oslo_config/cfg.py:2602
2026-06-04 00:37:24.563 153697 DEBUG oslo_service.service [req-9a4a8b6b-93dc-40a1-8cc3-7071596497f6 - - - - -] instance_name_template = instance-%08x log_opt_values /usr/lib/python3/dist-packages/oslo_config/cfg.py:2602
2026-06-04 00:37:24.563 153697 DEBUG oslo_service.service [req-9a4a8b6b-93dc-40a1-8cc3-7071596497f6 - - - - -] instance_usage_audit = False log_opt_values /usr/lib/python3/dist-packages/oslo_config/cfg.py:2602
2026-06-04 00:37:24.564 153697 DEBUG oslo_service.service [req-9a4a8b6b-93dc-40a1-8cc3-7071596497f6 - - - - -] instance_usage_audit_period = month log_opt_values /usr/lib/python3/dist-packages/oslo_config/cfg.py:2602
2026-06-04 00:37:24.564 153697 DEBUG oslo_service.service [req-9a4a8b6b-93dc-40a1-8cc3-7071596497f6 - - - - -] instance_uuid_format = [instance: %(uuid)s] log_opt_values /usr/lib/python3/dist-packages/oslo_config/cfg.py:2602
2026-06-04 00:37:24.564 153697 DEBUG oslo_service.service [req-9a4a8b6b-93dc-40a1-8cc3-7071596497f6 - - - - -] instances_path = /var/lib/nova/instances log_opt_values /usr/lib/python3/dist-packages/oslo_config/cfg.py:2602
2026-06-04 00:37:24.565 153697 DEBUG oslo_service.service [req-9a4a8b6b-93dc-40a1-8cc3-7071596497f6 - - - - -] internal_service_availability_zone = internal log_opt_values /usr/lib/python3/dist-packages/oslo_config/cfg.py:2602
2026-06-04 00:37:24.565 153697 DEBUG oslo_service.service [req-9a4a8b6b-93dc-40a1-8cc3-7071596497f6 - - - - -] key = None log_opt_values /usr/lib/python3/dist-packages/oslo_config/cfg.py:2602
2026-06-04 00:37:24.566 153697 DEBUG oslo_service.service [req-9a4a8b6b-93dc-40a1-8cc3-7071596497f6 - - - - -] live_migration_retry_count = 30 log_opt_values /usr/lib/python3/dist-packages/oslo_config/cfg.py:2602
2026-06-04 00:37:24.566 153697 DEBUG oslo_service.service [req-9a4a8b6b-93dc-40a1-8cc3-7071596497f6 - - - - -] log_config_append = None log_opt_values /usr/lib/python3/dist-packages/oslo_config/cfg.py:2602
2026-06-04 00:37:24.566 153697 DEBUG oslo_service.service [req-9a4a8b6b-93dc-40a1-8cc3-7071596497f6 - - - - -] log_date_format = %Y-%m-%d %H:%M:%S log_opt_values /usr/lib/python3/dist-packages/oslo_config/cfg.py:2602
2026-06-04 00:37:24.566 153697 DEBUG oslo_service.service [req-9a4a8b6b-93dc-40a1-8cc3-7071596497f6 - - - - -] log_dir = /var/log/nova log_opt_values /usr/lib/python3/dist-packages/oslo_config/cfg.py:2602
2026-06-04 00:37:24.567 153697 DEBUG oslo_service.service [req-9a4a8b6b-93dc-40a1-8cc3-7071596497f6 - - - - -] log_file = /var/log/nova/nova-conductor.log log_opt_values /usr/lib/python3/dist-packages/oslo_config/cfg.py:2602
2026-06-04 00:37:24.567 153697 DEBUG oslo_service.service [req-9a4a8b6b-93dc-40a1-8cc3-7071596497f6 - - - - -] log_options = True log_opt_values /usr/lib/python3/dist-packages/oslo_config/cfg.py:2602
2026-06-04 00:37:24.567 153697 DEBUG oslo_service.service [req-9a4a8b6b-93dc-40a1-8cc3-7071596497f6 - - - - -] log_rotate_interval = 1 log_opt_values /usr/lib/python3/dist-packages/oslo_config/cfg.py:2602
2026-06-04 00:37:24.568 153697 DEBUG oslo_service.service [req-9a4a8b6b-93dc-40a1-8cc3-7071596497f6 - - - - -] log_rotate_interval_type = days log_opt_values /usr/lib/python3/dist-packages/oslo_config/cfg.py:2602
2026-06-04 00:37:24.568 153697 DEBUG oslo_service.service [req-9a4a8b6b-93dc-40a1-8cc3-7071596497f6 - - - - -] log_rotation_type = none log_opt_values /usr/lib/python3/dist-packages/oslo_config/cfg.py:2602
2026-06-04 00:37:24.568 153697 DEBUG oslo_service.service [req-9a4a8b6b-93dc-40a1-8cc3-7071596497f6 - - - - -] logging_context_format_string = %(asctime)s.%(msecs)03d %(process)d %(levelname)s %(name)s [%(request_id)s %(user_identity)s] %(instance)s%(message)s log_opt_values /usr/lib/python3/dist-packages/oslo_config/cfg.py:2602
2026-06-04 00:37:24.569 153697 DEBUG oslo_service.service [req-9a4a8b6b-93dc-40a1-8cc3-7071596497f6 - - - - -] logging_debug_format_suffix = %(funcName)s %(pathname)s:%(lineno)d log_opt_values /usr/lib/python3/dist-packages/oslo_config/cfg.py:2602
2026-06-04 00:37:24.570 154087 DEBUG nova.service [req-43b8ad68-977e-4339-9691-e671655346ab - - - - -] Creating RPC server for service conductor start /usr/lib/python3/dist-packages/nova/service.py:182
2026-06-04 00:37:24.571 154089 DEBUG oslo_db.sqlalchemy.engines [req-880afba7-b6d1-4ddb-b9cf-b30eb6a00fbd - - - - -] MySQL server mode set to STRICT_TRANS_TABLES,STRICT_ALL_TABLES,NO_ZERO_IN_DATE,NO_ZERO_DATE,ERROR_FOR_DIVISION_BY_ZERO,TRADITIONAL,NO_ENGINE_SUBSTITUTION _check_effective_sql_mode /usr/lib/python3/dist-packages/oslo_db/sqlalchemy/engines.py:314
2026-06-04 00:37:24.570 153697 DEBUG oslo_service.service [req-9a4a8b6b-93dc-40a1-8cc3-7071596497f6 - - - - -] logging_default_format_string = %(asctime)s.%(msecs)03d %(process)d %(levelname)s %(name)s [-] %(instance)s%(message)s log_opt_values /usr/lib/python3/dist-packages/oslo_config/cfg.py:2602
2026-06-04 00:37:24.572 153697 DEBUG oslo_service.service [req-9a4a8b6b-93dc-40a1-8cc3-7071596497f6 - - - - -] logging_exception_prefix = %(asctime)s.%(msecs)03d %(process)d ERROR %(name)s %(instance)s log_opt_values /usr/lib/python3/dist-packages/oslo_config/cfg.py:2602
2026-06-04 00:37:24.579 154088 DEBUG nova.service [req-d546e17a-0b8b-4a7c-8df2-61ae39e22131 - - - - -] Creating RPC server for service conductor start /usr/lib/python3/dist-packages/nova/service.py:182
2026-06-04 00:37:24.576 153697 DEBUG oslo_service.service [req-9a4a8b6b-93dc-40a1-8cc3-7071596497f6 - - - - -] logging_user_identity_format = %(user)s %(project)s %(domain)s %(user_domain)s %(project_domain)s log_opt_values /usr/lib/python3/dist-packages/oslo_config/cfg.py:2602
2026-06-04 00:37:24.588 153697 DEBUG oslo_service.service [req-9a4a8b6b-93dc-40a1-8cc3-7071596497f6 - - - - -] long_rpc_timeout = 1800 log_opt_values /usr/lib/python3/dist-packages/oslo_config/cfg.py:2602
2026-06-04 00:37:24.588 153697 DEBUG oslo_service.service [req-9a4a8b6b-93dc-40a1-8cc3-7071596497f6 - - - - -] max_concurrent_builds = 10 log_opt_values /usr/lib/python3/dist-packages/oslo_config/cfg.py:2602
2026-06-04 00:37:24.593 153697 DEBUG oslo_service.service [req-9a4a8b6b-93dc-40a1-8cc3-7071596497f6 - - - - -] max_concurrent_live_migrations = 1 log_opt_values /usr/lib/python3/dist-packages/oslo_config/cfg.py:2602
2026-06-04 00:37:24.593 153697 DEBUG oslo_service.service [req-9a4a8b6b-93dc-40a1-8cc3-7071596497f6 - - - - -] max_concurrent_snapshots = 5 log_opt_values /usr/lib/python3/dist-packages/oslo_config/cfg.py:2602
2026-06-04 00:37:24.593 153697 DEBUG oslo_service.service [req-9a4a8b6b-93dc-40a1-8cc3-7071596497f6 - - - - -] max_local_block_devices = 3 log_opt_values /usr/lib/python3/dist-packages/oslo_config/cfg.py:2602
2026-06-04 00:37:24.593 153697 DEBUG oslo_service.service [req-9a4a8b6b-93dc-40a1-8cc3-7071596497f6 - - - - -] max_logfile_count = 30 log_opt_values /usr/lib/python3/dist-packages/oslo_config/cfg.py:2602
2026-06-04 00:37:24.594 153697 DEBUG oslo_service.service [req-9a4a8b6b-93dc-40a1-8cc3-7071596497f6 - - - - -] max_logfile_size_mb = 200 log_opt_values /usr/lib/python3/dist-packages/oslo_config/cfg.py:2602
2026-06-04 00:37:24.594 153697 DEBUG oslo_service.service [req-9a4a8b6b-93dc-40a1-8cc3-7071596497f6 - - - - -] maximum_instance_delete_attempts = 5 log_opt_values /usr/lib/python3/dist-packages/oslo_config/cfg.py:2602
2026-06-04 00:37:24.594 153697 DEBUG oslo_service.service [req-9a4a8b6b-93dc-40a1-8cc3-7071596497f6 - - - - -] metadata_listen = 0.0.0.0 log_opt_values /usr/lib/python3/dist-packages/oslo_config/cfg.py:2602
2026-06-04 00:37:24.594 153697 DEBUG oslo_service.service [req-9a4a8b6b-93dc-40a1-8cc3-7071596497f6 - - - - -] metadata_listen_port = 8765 log_opt_values /usr/lib/python3/dist-packages/oslo_config/cfg.py:2602
2026-06-04 00:37:24.594 153697 DEBUG oslo_service.service [req-9a4a8b6b-93dc-40a1-8cc3-7071596497f6 - - - - -] metadata_workers = None log_opt_values /usr/lib/python3/dist-packages/oslo_config/cfg.py:2602
2026-06-04 00:37:24.595 153697 DEBUG oslo_service.service [req-9a4a8b6b-93dc-40a1-8cc3-7071596497f6 - - - - -] migrate_max_retries = -1 log_opt_values /usr/lib/python3/dist-packages/oslo_config/cfg.py:2602
2026-06-04 00:37:24.595 153697 DEBUG oslo_service.service [req-9a4a8b6b-93dc-40a1-8cc3-7071596497f6 - - - - -] mkisofs_cmd = genisoimage log_opt_values /usr/lib/python3/dist-packages/oslo_config/cfg.py:2602
2026-06-04 00:37:24.595 153697 DEBUG oslo_service.service [req-9a4a8b6b-93dc-40a1-8cc3-7071596497f6 - - - - -] my_block_storage_ip = 252.129.81.192 log_opt_values /usr/lib/python3/dist-packages/oslo_config/cfg.py:2602
2026-06-04 00:37:24.595 153697 DEBUG oslo_service.service [req-9a4a8b6b-93dc-40a1-8cc3-7071596497f6 - - - - -] my_ip = 252.129.81.192 log_opt_values /usr/lib/python3/dist-packages/oslo_config/cfg.py:2602
2026-06-04 00:37:24.598 153697 DEBUG oslo_service.service [req-9a4a8b6b-93dc-40a1-8cc3-7071596497f6 - - - - -] network_allocate_retries = 0 log_opt_values /usr/lib/python3/dist-packages/oslo_config/cfg.py:2602
2026-06-04 00:37:24.598 153697 DEBUG oslo_service.service [req-9a4a8b6b-93dc-40a1-8cc3-7071596497f6 - - - - -] non_inheritable_image_properties = ['cache_in_nova', 'bittorrent'] log_opt_values /usr/lib/python3/dist-packages/oslo_config/cfg.py:2602
2026-06-04 00:37:24.598 153697 DEBUG oslo_service.service [req-9a4a8b6b-93dc-40a1-8cc3-7071596497f6 - - - - -] osapi_compute_listen = 0.0.0.0 log_opt_values /usr/lib/python3/dist-packages/oslo_config/cfg.py:2602
2026-06-04 00:37:24.598 154087 DEBUG oslo_messaging._drivers.amqpdriver [-] Listener is running poll /usr/lib/python3/dist-packages/oslo_messaging/_drivers/amqpdriver.py:343
2026-06-04 00:37:24.598 154086 DEBUG oslo_messaging._drivers.amqpdriver [-] Listener is running poll /usr/lib/python3/dist-packages/oslo_messaging/_drivers/amqpdriver.py:343
2026-06-04 00:37:24.599 154087 DEBUG oslo_messaging._drivers.amqpdriver [-] AMQPListener connection consume poll /usr/lib/python3/dist-packages/oslo_messaging/_drivers/amqpdriver.py:357
2026-06-04 00:37:24.599 154087 DEBUG nova.service [req-43b8ad68-977e-4339-9691-e671655346ab - - - - -] Join ServiceGroup membership for this service conductor start /usr/lib/python3/dist-packages/nova/service.py:199
2026-06-04 00:37:24.600 154087 DEBUG nova.servicegroup.drivers.db [req-43b8ad68-977e-4339-9691-e671655346ab - - - - -] DB_Driver: join new ServiceGroup member juju-aed2f7-0-lxd-7 to the conductor group, service = join /usr/lib/python3/dist-packages/nova/servicegroup/drivers/db.py:44
2026-06-04 00:37:24.601 154087 DEBUG oslo_messaging._drivers.amqpdriver [-] received message msg_id: f1cf0522fa2c42538d26ceb5f0df4e0a reply to reply_63964f213ef5474790ecfa8c47a00744 __call__ /usr/lib/python3/dist-packages/oslo_messaging/_drivers/amqpdriver.py:320
2026-06-04 00:37:24.599 153697 DEBUG oslo_service.service [req-9a4a8b6b-93dc-40a1-8cc3-7071596497f6 - - - - -] osapi_compute_listen_port = 8764 log_opt_values /usr/lib/python3/dist-packages/oslo_config/cfg.py:2602
2026-06-04 00:37:24.602 153697 DEBUG oslo_service.service [req-9a4a8b6b-93dc-40a1-8cc3-7071596497f6 - - - - -] osapi_compute_unique_server_name_scope = log_opt_values /usr/lib/python3/dist-packages/oslo_config/cfg.py:2602
2026-06-04 00:37:24.602 153697 DEBUG oslo_service.service [req-9a4a8b6b-93dc-40a1-8cc3-7071596497f6 - - - - -] osapi_compute_workers = 4 log_opt_values /usr/lib/python3/dist-packages/oslo_config/cfg.py:2602
2026-06-04 00:37:24.602 153697 DEBUG oslo_service.service [req-9a4a8b6b-93dc-40a1-8cc3-7071596497f6 - - - - -] password_length = 12 log_opt_values /usr/lib/python3/dist-packages/oslo_config/cfg.py:2602
2026-06-04 00:37:24.602 153697 DEBUG oslo_service.service [req-9a4a8b6b-93dc-40a1-8cc3-7071596497f6 - - - - -] periodic_enable = True log_opt_values /usr/lib/python3/dist-packages/oslo_config/cfg.py:2602
2026-06-04 00:37:24.602 154086 DEBUG oslo_messaging._drivers.amqpdriver [-] AMQPListener connection consume poll /usr/lib/python3/dist-packages/oslo_messaging/_drivers/amqpdriver.py:357
2026-06-04 00:37:24.603 153697 DEBUG oslo_service.service [req-9a4a8b6b-93dc-40a1-8cc3-7071596497f6 - - - - -] periodic_fuzzy_delay = 60 log_opt_values /usr/lib/python3/dist-packages/oslo_config/cfg.py:2602
2026-06-04 00:37:24.603 153697 DEBUG oslo_service.service [req-9a4a8b6b-93dc-40a1-8cc3-7071596497f6 - - - - -] pointer_model = usbtablet log_opt_values /usr/lib/python3/dist-packages/oslo_config/cfg.py:2602
2026-06-04 00:37:24.603 153697 DEBUG oslo_service.service [req-9a4a8b6b-93dc-40a1-8cc3-7071596497f6 - - - - -] preallocate_images = none log_opt_values /usr/lib/python3/dist-packages/oslo_config/cfg.py:2602
2026-06-04 00:37:24.603 153697 DEBUG oslo_service.service [req-9a4a8b6b-93dc-40a1-8cc3-7071596497f6 - - - - -] publish_errors = False log_opt_values /usr/lib/python3/dist-packages/oslo_config/cfg.py:2602
2026-06-04 00:37:24.603 153697 DEBUG oslo_service.service [req-9a4a8b6b-93dc-40a1-8cc3-7071596497f6 - - - - -] pybasedir = /usr/lib/python3/dist-packages log_opt_values /usr/lib/python3/dist-packages/oslo_config/cfg.py:2602
2026-06-04 00:37:24.603 154087 DEBUG oslo_messaging._drivers.amqpdriver [-] AMQPListener connection timeout poll /usr/lib/python3/dist-packages/oslo_messaging/_drivers/amqpdriver.py:360
2026-06-04 00:37:24.603 154087 DEBUG oslo_messaging._drivers.amqpdriver [-] Listener is running poll /usr/lib/python3/dist-packages/oslo_messaging/_drivers/amqpdriver.py:343
2026-06-04 00:37:24.603 153697 DEBUG oslo_service.service [req-9a4a8b6b-93dc-40a1-8cc3-7071596497f6 - - - - -] ram_allocation_ratio = 0.98 log_opt_values /usr/lib/python3/dist-packages/oslo_config/cfg.py:2602
2026-06-04 00:37:24.604 154087 DEBUG oslo_messaging._drivers.amqpdriver [-] Poll the incoming message with unique_id: d9ef6e6763484260bd91df6da92b3593 poll /usr/lib/python3/dist-packages/oslo_messaging/_drivers/amqpdriver.py:346
2026-06-04 00:37:24.604 153697 DEBUG oslo_service.service [req-9a4a8b6b-93dc-40a1-8cc3-7071596497f6 - - - - -] rate_limit_burst = 0 log_opt_values /usr/lib/python3/dist-packages/oslo_config/cfg.py:2602
2026-06-04 00:37:24.604 154087 DEBUG oslo_messaging._drivers.amqpdriver [-] Listener is running poll /usr/lib/python3/dist-packages/oslo_messaging/_drivers/amqpdriver.py:343
2026-06-04 00:37:24.604 154087 DEBUG oslo_messaging._drivers.amqpdriver [-] AMQPListener connection consume poll /usr/lib/python3/dist-packages/oslo_messaging/_drivers/amqpdriver.py:357
2026-06-04 00:37:24.604 153697 DEBUG oslo_service.service [req-9a4a8b6b-93dc-40a1-8cc3-7071596497f6 - - - - -] rate_limit_except_level = CRITICAL log_opt_values /usr/lib/python3/dist-packages/oslo_config/cfg.py:2602
2026-06-04 00:37:24.605 153697 DEBUG oslo_service.service [req-9a4a8b6b-93dc-40a1-8cc3-7071596497f6 - - - - -] rate_limit_interval = 0 log_opt_values /usr/lib/python3/dist-packages/oslo_config/cfg.py:2602
2026-06-04 00:37:24.606 153697 DEBUG oslo_service.service [req-9a4a8b6b-93dc-40a1-8cc3-7071596497f6 - - - - -] reboot_timeout = 0 log_opt_values /usr/lib/python3/dist-packages/oslo_config/cfg.py:2602
2026-06-04 00:37:24.606 153697 DEBUG oslo_service.service [req-9a4a8b6b-93dc-40a1-8cc3-7071596497f6 - - - - -] reclaim_instance_interval = 0 log_opt_values /usr/lib/python3/dist-packages/oslo_config/cfg.py:2602
2026-06-04 00:37:24.606 153697 DEBUG oslo_service.service [req-9a4a8b6b-93dc-40a1-8cc3-7071596497f6 - - - - -] record = None log_opt_values /usr/lib/python3/dist-packages/oslo_config/cfg.py:2602
2026-06-04 00:37:24.606 153697 DEBUG oslo_service.service [req-9a4a8b6b-93dc-40a1-8cc3-7071596497f6 - - - - -] report_interval = 10 log_opt_values /usr/lib/python3/dist-packages/oslo_config/cfg.py:2602
2026-06-04 00:37:24.606 153697 DEBUG oslo_service.service [req-9a4a8b6b-93dc-40a1-8cc3-7071596497f6 - - - - -] rescue_timeout = 0 log_opt_values /usr/lib/python3/dist-packages/oslo_config/cfg.py:2602
2026-06-04 00:37:24.606 154086 DEBUG nova.service [req-1d04c485-bb58-4773-9cf5-3371c6d571e1 - - - - -] Join ServiceGroup membership for this service conductor start /usr/lib/python3/dist-packages/nova/service.py:199
2026-06-04 00:37:24.606 153697 DEBUG oslo_service.service [req-9a4a8b6b-93dc-40a1-8cc3-7071596497f6 - - - - -] reserved_host_cpus = 0 log_opt_values /usr/lib/python3/dist-packages/oslo_config/cfg.py:2602
2026-06-04 00:37:24.607 153697 DEBUG oslo_service.service [req-9a4a8b6b-93dc-40a1-8cc3-7071596497f6 - - - - -] reserved_host_disk_mb = 0 log_opt_values /usr/lib/python3/dist-packages/oslo_config/cfg.py:2602
2026-06-04 00:37:24.607 153697 DEBUG oslo_service.service [req-9a4a8b6b-93dc-40a1-8cc3-7071596497f6 - - - - -] reserved_host_memory_mb = 512 log_opt_values /usr/lib/python3/dist-packages/oslo_config/cfg.py:2602
2026-06-04 00:37:24.607 154086 DEBUG nova.servicegroup.drivers.db [req-1d04c485-bb58-4773-9cf5-3371c6d571e1 - - - - -] DB_Driver: join new ServiceGroup member juju-aed2f7-0-lxd-7 to the conductor group, service = join /usr/lib/python3/dist-packages/nova/servicegroup/drivers/db.py:44
2026-06-04 00:37:24.607 153697 DEBUG oslo_service.service [req-9a4a8b6b-93dc-40a1-8cc3-7071596497f6 - - - - -] reserved_huge_pages = None log_opt_values /usr/lib/python3/dist-packages/oslo_config/cfg.py:2602
2026-06-04 00:37:24.607 153697 DEBUG oslo_service.service [req-9a4a8b6b-93dc-40a1-8cc3-7071596497f6 - - - - -] resize_confirm_window = 0 log_opt_values /usr/lib/python3/dist-packages/oslo_config/cfg.py:2602
2026-06-04 00:37:24.607 153697 DEBUG oslo_service.service [req-9a4a8b6b-93dc-40a1-8cc3-7071596497f6 - - - - -] resize_fs_using_block_device = False log_opt_values /usr/lib/python3/dist-packages/oslo_config/cfg.py:2602
2026-06-04 00:37:24.607 153697 DEBUG oslo_service.service [req-9a4a8b6b-93dc-40a1-8cc3-7071596497f6 - - - - -] resume_guests_state_on_host_boot = False log_opt_values /usr/lib/python3/dist-packages/oslo_config/cfg.py:2602
2026-06-04 00:37:24.608 153697 DEBUG oslo_service.service [req-9a4a8b6b-93dc-40a1-8cc3-7071596497f6 - - - - -] rootwrap_config = /etc/nova/rootwrap.conf log_opt_values /usr/lib/python3/dist-packages/oslo_config/cfg.py:2602
2026-06-04 00:37:24.608 153697 DEBUG oslo_service.service [req-9a4a8b6b-93dc-40a1-8cc3-7071596497f6 - - - - -] rpc_response_timeout = 60 log_opt_values /usr/lib/python3/dist-packages/oslo_config/cfg.py:2602
2026-06-04 00:37:24.612 153697 DEBUG oslo_service.service [req-9a4a8b6b-93dc-40a1-8cc3-7071596497f6 - - - - -] run_external_periodic_tasks = True log_opt_values /usr/lib/python3/dist-packages/oslo_config/cfg.py:2602
2026-06-04 00:37:24.612 153697 DEBUG oslo_service.service [req-9a4a8b6b-93dc-40a1-8cc3-7071596497f6 - - - - -] running_deleted_instance_action = reap log_opt_values /usr/lib/python3/dist-packages/oslo_config/cfg.py:2602
2026-06-04 00:37:24.612 153697 DEBUG oslo_service.service [req-9a4a8b6b-93dc-40a1-8cc3-7071596497f6 - - - - -] running_deleted_instance_poll_interval = 1800 log_opt_values /usr/lib/python3/dist-packages/oslo_config/cfg.py:2602
2026-06-04 00:37:24.610 154086 DEBUG oslo_messaging._drivers.amqpdriver [-] AMQPListener connection timeout poll /usr/lib/python3/dist-packages/oslo_messaging/_drivers/amqpdriver.py:360
2026-06-04 00:37:24.612 153697 DEBUG oslo_service.service [req-9a4a8b6b-93dc-40a1-8cc3-7071596497f6 - - - - -] running_deleted_instance_timeout = 0 log_opt_values /usr/lib/python3/dist-packages/oslo_config/cfg.py:2602
2026-06-04 00:37:24.612 153697 DEBUG oslo_service.service [req-9a4a8b6b-93dc-40a1-8cc3-7071596497f6 - - - - -] scheduler_instance_sync_interval = 120 log_opt_values /usr/lib/python3/dist-packages/oslo_config/cfg.py:2602
2026-06-04 00:37:24.613 153697 DEBUG oslo_service.service [req-9a4a8b6b-93dc-40a1-8cc3-7071596497f6 - - - - -] service_down_time = 60 log_opt_values /usr/lib/python3/dist-packages/oslo_config/cfg.py:2602
2026-06-04 00:37:24.613 153697 DEBUG oslo_service.service [req-9a4a8b6b-93dc-40a1-8cc3-7071596497f6 - - - - -] servicegroup_driver = db log_opt_values /usr/lib/python3/dist-packages/oslo_config/cfg.py:2602
2026-06-04 00:37:24.613 154086 DEBUG oslo_messaging._drivers.amqpdriver [-] Listener is running poll /usr/lib/python3/dist-packages/oslo_messaging/_drivers/amqpdriver.py:343
2026-06-04 00:37:24.613 154086 DEBUG oslo_messaging._drivers.amqpdriver [-] AMQPListener connection consume poll /usr/lib/python3/dist-packages/oslo_messaging/_drivers/amqpdriver.py:357
2026-06-04 00:37:24.613 153697 DEBUG oslo_service.service [req-9a4a8b6b-93dc-40a1-8cc3-7071596497f6 - - - - -] shelved_offload_time = 0 log_opt_values /usr/lib/python3/dist-packages/oslo_config/cfg.py:2602
2026-06-04 00:37:24.613 153697 DEBUG oslo_service.service [req-9a4a8b6b-93dc-40a1-8cc3-7071596497f6 - - - - -] shelved_poll_interval = 3600 log_opt_values /usr/lib/python3/dist-packages/oslo_config/cfg.py:2602
2026-06-04 00:37:24.614 153697 DEBUG oslo_service.service [req-9a4a8b6b-93dc-40a1-8cc3-7071596497f6 - - - - -] shutdown_timeout = 60 log_opt_values /usr/lib/python3/dist-packages/oslo_config/cfg.py:2602
2026-06-04 00:37:24.614 153697 DEBUG oslo_service.service [req-9a4a8b6b-93dc-40a1-8cc3-7071596497f6 - - - - -] source_is_ipv6 = False log_opt_values /usr/lib/python3/dist-packages/oslo_config/cfg.py:2602
2026-06-04 00:37:24.614 153697 DEBUG oslo_service.service [req-9a4a8b6b-93dc-40a1-8cc3-7071596497f6 - - - - -] ssl_only = False log_opt_values /usr/lib/python3/dist-packages/oslo_config/cfg.py:2602
2026-06-04 00:37:24.614 153697 DEBUG oslo_service.service [req-9a4a8b6b-93dc-40a1-8cc3-7071596497f6 - - - - -] state_path = /var/lib/nova log_opt_values /usr/lib/python3/dist-packages/oslo_config/cfg.py:2602
2026-06-04 00:37:24.616 153697 DEBUG oslo_service.service [req-9a4a8b6b-93dc-40a1-8cc3-7071596497f6 - - - - -] sync_power_state_interval = 600 log_opt_values /usr/lib/python3/dist-packages/oslo_config/cfg.py:2602
2026-06-04 00:37:24.616 153697 DEBUG oslo_service.service [req-9a4a8b6b-93dc-40a1-8cc3-7071596497f6 - - - - -] sync_power_state_pool_size = 1000 log_opt_values /usr/lib/python3/dist-packages/oslo_config/cfg.py:2602
2026-06-04 00:37:24.616 153697 DEBUG oslo_service.service [req-9a4a8b6b-93dc-40a1-8cc3-7071596497f6 - - - - -] syslog_log_facility = LOG_USER log_opt_values /usr/lib/python3/dist-packages/oslo_config/cfg.py:2602
2026-06-04 00:37:24.616 153697 DEBUG oslo_service.service [req-9a4a8b6b-93dc-40a1-8cc3-7071596497f6 - - - - -] tempdir = None log_opt_values /usr/lib/python3/dist-packages/oslo_config/cfg.py:2602
2026-06-04 00:37:24.616 153697 DEBUG oslo_service.service [req-9a4a8b6b-93dc-40a1-8cc3-7071596497f6 - - - - -] timeout_nbd = 10 log_opt_values /usr/lib/python3/dist-packages/oslo_config/cfg.py:2602
2026-06-04 00:37:24.616 153697 DEBUG oslo_service.service [req-9a4a8b6b-93dc-40a1-8cc3-7071596497f6 - - - - -] transport_url = **** log_opt_values /usr/lib/python3/dist-packages/oslo_config/cfg.py:2602
2026-06-04 00:37:24.617 153697 DEBUG oslo_service.service [req-9a4a8b6b-93dc-40a1-8cc3-7071596497f6 - - - - -] update_resources_interval = 0 log_opt_values /usr/lib/python3/dist-packages/oslo_config/cfg.py:2602
2026-06-04 00:37:24.617 153697 DEBUG oslo_service.service [req-9a4a8b6b-93dc-40a1-8cc3-7071596497f6 - - - - -] use_cow_images = True log_opt_values /usr/lib/python3/dist-packages/oslo_config/cfg.py:2602
2026-06-04 00:37:24.617 153697 DEBUG oslo_service.service [req-9a4a8b6b-93dc-40a1-8cc3-7071596497f6 - - - - -] use_eventlog = False log_opt_values /usr/lib/python3/dist-packages/oslo_config/cfg.py:2602
2026-06-04 00:37:24.617 153697 DEBUG oslo_service.service [req-9a4a8b6b-93dc-40a1-8cc3-7071596497f6 - - - - -] use_journal = False log_opt_values /usr/lib/python3/dist-packages/oslo_config/cfg.py:2602
2026-06-04 00:37:24.617 153697 DEBUG oslo_service.service [req-9a4a8b6b-93dc-40a1-8cc3-7071596497f6 - - - - -] use_json = False log_opt_values /usr/lib/python3/dist-packages/oslo_config/cfg.py:2602
2026-06-04 00:37:24.617 153697 DEBUG oslo_service.service [req-9a4a8b6b-93dc-40a1-8cc3-7071596497f6 - - - - -] use_rootwrap_daemon = False log_opt_values /usr/lib/python3/dist-packages/oslo_config/cfg.py:2602
2026-06-04 00:37:24.618 153697 DEBUG oslo_service.service [req-9a4a8b6b-93dc-40a1-8cc3-7071596497f6 - - - - -] use_stderr = False log_opt_values /usr/lib/python3/dist-packages/oslo_config/cfg.py:2602
2026-06-04 00:37:24.618 153697 DEBUG oslo_service.service [req-9a4a8b6b-93dc-40a1-8cc3-7071596497f6 - - - - -] use_syslog = False log_opt_values /usr/lib/python3/dist-packages/oslo_config/cfg.py:2602
2026-06-04 00:37:24.618 153697 DEBUG oslo_service.service [req-9a4a8b6b-93dc-40a1-8cc3-7071596497f6 - - - - -] vcpu_pin_set = None log_opt_values /usr/lib/python3/dist-packages/oslo_config/cfg.py:2602
2026-06-04 00:37:24.618 153697 DEBUG oslo_service.service [req-9a4a8b6b-93dc-40a1-8cc3-7071596497f6 - - - - -] vif_plugging_is_fatal = True log_opt_values /usr/lib/python3/dist-packages/oslo_config/cfg.py:2602
2026-06-04 00:37:24.622 154088 DEBUG oslo_messaging._drivers.amqpdriver [-] Listener is running poll /usr/lib/python3/dist-packages/oslo_messaging/_drivers/amqpdriver.py:343
2026-06-04 00:37:24.623 154088 DEBUG oslo_messaging._drivers.amqpdriver [-] AMQPListener connection consume poll /usr/lib/python3/dist-packages/oslo_messaging/_drivers/amqpdriver.py:357
2026-06-04 00:37:24.623 153697 DEBUG oslo_service.service [req-9a4a8b6b-93dc-40a1-8cc3-7071596497f6 - - - - -] vif_plugging_timeout = 300 log_opt_values /usr/lib/python3/dist-packages/oslo_config/cfg.py:2602
2026-06-04 00:37:24.624 153697 DEBUG oslo_service.service [req-9a4a8b6b-93dc-40a1-8cc3-7071596497f6 - - - - -] virt_mkfs = [] log_opt_values /usr/lib/python3/dist-packages/oslo_config/cfg.py:2602
2026-06-04 00:37:24.624 153697 DEBUG oslo_service.service [req-9a4a8b6b-93dc-40a1-8cc3-7071596497f6 - - - - -] volume_usage_poll_interval = 0 log_opt_values /usr/lib/python3/dist-packages/oslo_config/cfg.py:2602
2026-06-04 00:37:24.624 153697 DEBUG oslo_service.service [req-9a4a8b6b-93dc-40a1-8cc3-7071596497f6 - - - - -] watch_log_file = False log_opt_values /usr/lib/python3/dist-packages/oslo_config/cfg.py:2602
2026-06-04 00:37:24.625 153697 DEBUG oslo_service.service [req-9a4a8b6b-93dc-40a1-8cc3-7071596497f6 - - - - -] web = /usr/share/spice-html5 log_opt_values /usr/lib/python3/dist-packages/oslo_config/cfg.py:2602
2026-06-04 00:37:24.625 153697 DEBUG oslo_service.service [req-9a4a8b6b-93dc-40a1-8cc3-7071596497f6 - - - - -] oslo_concurrency.disable_process_locking = False log_opt_values /usr/lib/python3/dist-packages/oslo_config/cfg.py:2609
2026-06-04 00:37:24.625 153697 DEBUG oslo_service.service [req-9a4a8b6b-93dc-40a1-8cc3-7071596497f6 - - - - -] oslo_concurrency.lock_path = /var/lock/nova log_opt_values /usr/lib/python3/dist-packages/oslo_config/cfg.py:2609
2026-06-04 00:37:24.625 154088 DEBUG nova.service [req-d546e17a-0b8b-4a7c-8df2-61ae39e22131 - - - - -] Join ServiceGroup membership for this service conductor start /usr/lib/python3/dist-packages/nova/service.py:199
2026-06-04 00:37:24.625 153697 DEBUG oslo_service.service [req-9a4a8b6b-93dc-40a1-8cc3-7071596497f6 - - - - -] oslo_messaging_metrics.metrics_buffer_size = 1000 log_opt_values /usr/lib/python3/dist-packages/oslo_config/cfg.py:2609
2026-06-04 00:37:24.625 154088 DEBUG nova.servicegroup.drivers.db [req-d546e17a-0b8b-4a7c-8df2-61ae39e22131 - - - - -] DB_Driver: join new ServiceGroup member juju-aed2f7-0-lxd-7 to the conductor group, service = join /usr/lib/python3/dist-packages/nova/servicegroup/drivers/db.py:44
2026-06-04 00:37:24.625 153697 DEBUG oslo_service.service [req-9a4a8b6b-93dc-40a1-8cc3-7071596497f6 - - - - -] oslo_messaging_metrics.metrics_enabled = False log_opt_values /usr/lib/python3/dist-packages/oslo_config/cfg.py:2609
2026-06-04 00:37:24.626 153697 DEBUG oslo_service.service [req-9a4a8b6b-93dc-40a1-8cc3-7071596497f6 - - - - -] oslo_messaging_metrics.metrics_process_name = log_opt_values /usr/lib/python3/dist-packages/oslo_config/cfg.py:2609
2026-06-04 00:37:24.626 153697 DEBUG oslo_service.service [req-9a4a8b6b-93dc-40a1-8cc3-7071596497f6 - - - - -] oslo_messaging_metrics.metrics_socket_file = /var/tmp/metrics_collector.sock log_opt_values /usr/lib/python3/dist-packages/oslo_config/cfg.py:2609
2026-06-04 00:37:24.626 153697 DEBUG oslo_service.service [req-9a4a8b6b-93dc-40a1-8cc3-7071596497f6 - - - - -] oslo_messaging_metrics.metrics_thread_stop_timeout = 10 log_opt_values /usr/lib/python3/dist-packages/oslo_config/cfg.py:2609
