2026-06-04 02:11:49.255 7 DEBUG oslo_service.service [-] ml2_type_gre.tunnel_id_ranges = [] log_opt_values /var/lib/kolla/venv/lib/python3.6/site-packages/oslo_config/cfg.py:2611
2026-06-04 02:11:49.255 7 DEBUG oslo_service.service [-] ml2_type_vlan.network_vlan_ranges = [] log_opt_values /var/lib/kolla/venv/lib/python3.6/site-packages/oslo_config/cfg.py:2611
2026-06-04 02:11:49.255 7 DEBUG oslo_service.service [-] ml2_type_vxlan.vni_ranges = [] log_opt_values /var/lib/kolla/venv/lib/python3.6/site-packages/oslo_config/cfg.py:2611
2026-06-04 02:11:49.255 7 DEBUG oslo_service.service [-] ml2_type_vxlan.vxlan_group = None log_opt_values /var/lib/kolla/venv/lib/python3.6/site-packages/oslo_config/cfg.py:2611
2026-06-04 02:11:49.255 7 DEBUG oslo_service.service [-] database.backend = sqlalchemy log_opt_values /var/lib/kolla/venv/lib/python3.6/site-packages/oslo_config/cfg.py:2611
2026-06-04 02:11:49.256 7 DEBUG oslo_service.service [-] database.connection = **** log_opt_values /var/lib/kolla/venv/lib/python3.6/site-packages/oslo_config/cfg.py:2611
2026-06-04 02:11:49.256 7 DEBUG oslo_service.service [-] database.connection_debug = 0 log_opt_values /var/lib/kolla/venv/lib/python3.6/site-packages/oslo_config/cfg.py:2611
2026-06-04 02:11:49.256 7 DEBUG oslo_service.service [-] database.connection_parameters = log_opt_values /var/lib/kolla/venv/lib/python3.6/site-packages/oslo_config/cfg.py:2611
2026-06-04 02:11:49.256 7 DEBUG oslo_service.service [-] database.connection_recycle_time = 10 log_opt_values /var/lib/kolla/venv/lib/python3.6/site-packages/oslo_config/cfg.py:2611
2026-06-04 02:11:49.256 7 DEBUG oslo_service.service [-] database.connection_trace = False log_opt_values /var/lib/kolla/venv/lib/python3.6/site-packages/oslo_config/cfg.py:2611
2026-06-04 02:11:49.256 7 DEBUG oslo_service.service [-] database.db_inc_retry_interval = True log_opt_values /var/lib/kolla/venv/lib/python3.6/site-packages/oslo_config/cfg.py:2611
2026-06-04 02:11:49.256 7 DEBUG oslo_service.service [-] database.db_max_retries = 20 log_opt_values /var/lib/kolla/venv/lib/python3.6/site-packages/oslo_config/cfg.py:2611
2026-06-04 02:11:49.256 7 DEBUG oslo_service.service [-] database.db_max_retry_interval = 10 log_opt_values /var/lib/kolla/venv/lib/python3.6/site-packages/oslo_config/cfg.py:2611
2026-06-04 02:11:49.256 7 DEBUG oslo_service.service [-] database.db_retry_interval = 1 log_opt_values /var/lib/kolla/venv/lib/python3.6/site-packages/oslo_config/cfg.py:2611
2026-06-04 02:11:49.256 7 DEBUG oslo_service.service [-] database.max_overflow = 50 log_opt_values /var/lib/kolla/venv/lib/python3.6/site-packages/oslo_config/cfg.py:2611
2026-06-04 02:11:49.256 7 DEBUG oslo_service.service [-] database.max_pool_size = 1 log_opt_values /var/lib/kolla/venv/lib/python3.6/site-packages/oslo_config/cfg.py:2611
2026-06-04 02:11:49.256 7 DEBUG oslo_service.service [-] database.max_retries = -1 log_opt_values /var/lib/kolla/venv/lib/python3.6/site-packages/oslo_config/cfg.py:2611
2026-06-04 02:11:49.256 7 DEBUG oslo_service.service [-] database.mysql_enable_ndb = False log_opt_values /var/lib/kolla/venv/lib/python3.6/site-packages/oslo_config/cfg.py:2611
2026-06-04 02:11:49.256 7 DEBUG oslo_service.service [-] database.mysql_sql_mode = TRADITIONAL log_opt_values /var/lib/kolla/venv/lib/python3.6/site-packages/oslo_config/cfg.py:2611
2026-06-04 02:11:49.256 7 DEBUG oslo_service.service [-] database.pool_timeout = None log_opt_values /var/lib/kolla/venv/lib/python3.6/site-packages/oslo_config/cfg.py:2611
2026-06-04 02:11:49.256 7 DEBUG oslo_service.service [-] database.retry_interval = 10 log_opt_values /var/lib/kolla/venv/lib/python3.6/site-packages/oslo_config/cfg.py:2611
2026-06-04 02:11:49.256 7 DEBUG oslo_service.service [-] database.slave_connection = **** log_opt_values /var/lib/kolla/venv/lib/python3.6/site-packages/oslo_config/cfg.py:2611
2026-06-04 02:11:49.257 7 DEBUG oslo_service.service [-] database.sqlite_synchronous = True log_opt_values /var/lib/kolla/venv/lib/python3.6/site-packages/oslo_config/cfg.py:2611
2026-06-04 02:11:49.257 7 DEBUG oslo_service.service [-] database.use_db_reconnect = False log_opt_values /var/lib/kolla/venv/lib/python3.6/site-packages/oslo_config/cfg.py:2611
2026-06-04 02:11:49.257 7 DEBUG oslo_service.service [-] ******************************************************************************** log_opt_values /var/lib/kolla/venv/lib/python3.6/site-packages/oslo_config/cfg.py:2613
2026-06-04 02:11:49.974 22 DEBUG neutron.wsgi [-] (22) accepted ('10.0.0.249', 42906) server /var/lib/kolla/venv/lib/python3.6/site-packages/eventlet/wsgi.py:1004
2026-06-04 02:11:49.982 22 INFO neutron.wsgi [-] 10.0.0.249 "GET / HTTP/1.1" status: 200 len: 228 time: 0.0062015
2026-06-04 02:11:52.005 24 DEBUG neutron.api.rpc.handlers.dhcp_rpc [req-78066ccf-9ee1-4c2e-bf7f-855ff262147a - - - - -] get_active_networks_info from cn-jenkins-deploy-platform-ansible-os-5887-1 get_active_networks_info /var/lib/kolla/venv/lib/python3.6/site-packages/neutron/api/rpc/handlers/dhcp_rpc.py:159
2026-06-04 02:11:52.028 28 DEBUG neutron_lib.callbacks.manager [req-610f7290-8aed-49a6-a07b-34945d0e67dd - - - - -] Publish callbacks ['neutron.services.segments.db._update_segment_host_mapping_for_agent-8777256342848', 'neutron.services.l3_router.l3_router_plugin.DVRResourceOperationHandler.create_fip_agent_gw_ports--9223372036854591627'] for agent (1155599e-9c5f-41da-98f8-580035362f84), after_create _notify_loop /var/lib/kolla/venv/lib/python3.6/site-packages/neutron_lib/callbacks/manager.py:177
2026-06-04 02:11:52.042 24 DEBUG neutron.scheduler.dhcp_agent_scheduler [req-78066ccf-9ee1-4c2e-bf7f-855ff262147a - - - - -] No non-hosted networks auto_schedule_networks /var/lib/kolla/venv/lib/python3.6/site-packages/neutron/scheduler/dhcp_agent_scheduler.py:60
2026-06-04 02:12:11.735 27 DEBUG neutron_lib.callbacks.manager [req-ccfbbbc3-dead-4c22-9955-a3ea610a4b36 - - - - -] Publish callbacks ['neutron.services.segments.db._update_segment_host_mapping_for_agent-8777256342848', 'neutron.services.l3_router.l3_router_plugin.DVRResourceOperationHandler.create_fip_agent_gw_ports--9223372036854591627'] for agent (aba44dd6-d13e-4507-84f4-3507ca82214c), after_create _notify_loop /var/lib/kolla/venv/lib/python3.6/site-packages/neutron_lib/callbacks/manager.py:177
2026-06-04 02:12:20.023 22 DEBUG neutron.wsgi [-] (22) accepted ('10.0.0.249', 38396) server /var/lib/kolla/venv/lib/python3.6/site-packages/eventlet/wsgi.py:1004
2026-06-04 02:12:20.027 22 INFO neutron.wsgi [-] 10.0.0.249 "GET / HTTP/1.1" status: 200 len: 228 time: 0.0030494
2026-06-04 02:12:22.016 26 DEBUG neutron_lib.callbacks.manager [req-eb9590d7-55ba-48c5-af9f-cb125628a861 - - - - -] Publish callbacks ['neutron.services.segments.db._update_segment_host_mapping_for_agent-8777256342848', 'neutron.plugins.ml2.plugin.Ml2Plugin._retry_binding_revived_agents--9223372036847142633'] for agent (1155599e-9c5f-41da-98f8-580035362f84), after_update _notify_loop /var/lib/kolla/venv/lib/python3.6/site-packages/neutron_lib/callbacks/manager.py:177
2026-06-04 02:12:30.216 29 DEBUG neutron.db.agents_db [req-b82fee20-bc34-483e-919f-606e46d2f644 - - - - -] Agent healthcheck: found 2 active agents agent_health_check /var/lib/kolla/venv/lib/python3.6/site-packages/neutron/db/agents_db.py:318
2026-06-04 02:12:41.702 24 DEBUG neutron_lib.callbacks.manager [req-ccfbbbc3-dead-4c22-9955-a3ea610a4b36 - - - - -] Publish callbacks ['neutron.services.segments.db._update_segment_host_mapping_for_agent-8777256342848', 'neutron.plugins.ml2.plugin.Ml2Plugin._retry_binding_revived_agents--9223372036847142633'] for agent (aba44dd6-d13e-4507-84f4-3507ca82214c), after_update _notify_loop /var/lib/kolla/venv/lib/python3.6/site-packages/neutron_lib/callbacks/manager.py:177
2026-06-04 02:12:50.072 22 DEBUG neutron.wsgi [-] (22) accepted ('10.0.0.249', 50612) server /var/lib/kolla/venv/lib/python3.6/site-packages/eventlet/wsgi.py:1004
2026-06-04 02:12:50.075 22 INFO neutron.wsgi [-] 10.0.0.249 "GET / HTTP/1.1" status: 200 len: 228 time: 0.0028896
2026-06-04 02:12:52.011 25 DEBUG neutron_lib.callbacks.manager [req-94c2b61e-ae24-4860-bb76-4265d79711b1 - - - - -] Publish callbacks ['neutron.services.segments.db._update_segment_host_mapping_for_agent-8777256342848', 'neutron.plugins.ml2.plugin.Ml2Plugin._retry_binding_revived_agents--9223372036847142633'] for agent (1155599e-9c5f-41da-98f8-580035362f84), after_update _notify_loop /var/lib/kolla/venv/lib/python3.6/site-packages/neutron_lib/callbacks/manager.py:177
2026-06-04 02:13:07.216 29 DEBUG neutron.db.agents_db [req-b82fee20-bc34-483e-919f-606e46d2f644 - - - - -] Agent healthcheck: found 2 active agents agent_health_check /var/lib/kolla/venv/lib/python3.6/site-packages/neutron/db/agents_db.py:318
2026-06-04 02:13:11.714 23 DEBUG neutron_lib.callbacks.manager [req-ccfbbbc3-dead-4c22-9955-a3ea610a4b36 - - - - -] Publish callbacks ['neutron.services.segments.db._update_segment_host_mapping_for_agent-8777256342848', 'neutron.plugins.ml2.plugin.Ml2Plugin._retry_binding_revived_agents--9223372036847142633'] for agent (aba44dd6-d13e-4507-84f4-3507ca82214c), after_update _notify_loop /var/lib/kolla/venv/lib/python3.6/site-packages/neutron_lib/callbacks/manager.py:177
2026-06-04 02:13:20.126 22 DEBUG neutron.wsgi [-] (22) accepted ('10.0.0.249', 44078) server /var/lib/kolla/venv/lib/python3.6/site-packages/eventlet/wsgi.py:1004
2026-06-04 02:13:20.130 22 INFO neutron.wsgi [-] 10.0.0.249 "GET / HTTP/1.1" status: 200 len: 228 time: 0.0034387
2026-06-04 02:13:21.995 28 DEBUG neutron_lib.callbacks.manager [req-059bd5fc-257c-47fa-a2a3-30a8dd4e97b8 - - - - -] Publish callbacks ['neutron.services.segments.db._update_segment_host_mapping_for_agent-8777256342848', 'neutron.plugins.ml2.plugin.Ml2Plugin._retry_binding_revived_agents--9223372036847142633'] for agent (1155599e-9c5f-41da-98f8-580035362f84), after_update _notify_loop /var/lib/kolla/venv/lib/python3.6/site-packages/neutron_lib/callbacks/manager.py:177
2026-06-04 02:13:41.704 27 DEBUG neutron_lib.callbacks.manager [req-ccfbbbc3-dead-4c22-9955-a3ea610a4b36 - - - - -] Publish callbacks ['neutron.services.segments.db._update_segment_host_mapping_for_agent-8777256342848', 'neutron.plugins.ml2.plugin.Ml2Plugin._retry_binding_revived_agents--9223372036847142633'] for agent (aba44dd6-d13e-4507-84f4-3507ca82214c), after_update _notify_loop /var/lib/kolla/venv/lib/python3.6/site-packages/neutron_lib/callbacks/manager.py:177
2026-06-04 02:13:44.214 29 DEBUG neutron.db.agents_db [req-b82fee20-bc34-483e-919f-606e46d2f644 - - - - -] Agent healthcheck: found 2 active agents agent_health_check /var/lib/kolla/venv/lib/python3.6/site-packages/neutron/db/agents_db.py:318
2026-06-04 02:13:50.173 22 DEBUG neutron.wsgi [-] (22) accepted ('10.0.0.249', 37798) server /var/lib/kolla/venv/lib/python3.6/site-packages/eventlet/wsgi.py:1004
2026-06-04 02:13:50.177 22 INFO neutron.wsgi [-] 10.0.0.249 "GET / HTTP/1.1" status: 200 len: 228 time: 0.0028539
2026-06-04 02:13:51.990 26 DEBUG neutron_lib.callbacks.manager [req-69c00d35-5602-4721-8b85-623ff12626f9 - - - - -] Publish callbacks ['neutron.services.segments.db._update_segment_host_mapping_for_agent-8777256342848', 'neutron.plugins.ml2.plugin.Ml2Plugin._retry_binding_revived_agents--9223372036847142633'] for agent (1155599e-9c5f-41da-98f8-580035362f84), after_update _notify_loop /var/lib/kolla/venv/lib/python3.6/site-packages/neutron_lib/callbacks/manager.py:177
2026-06-04 02:14:11.707 24 DEBUG neutron_lib.callbacks.manager [req-ccfbbbc3-dead-4c22-9955-a3ea610a4b36 - - - - -] Publish callbacks ['neutron.services.segments.db._update_segment_host_mapping_for_agent-8777256342848', 'neutron.plugins.ml2.plugin.Ml2Plugin._retry_binding_revived_agents--9223372036847142633'] for agent (aba44dd6-d13e-4507-84f4-3507ca82214c), after_update _notify_loop /var/lib/kolla/venv/lib/python3.6/site-packages/neutron_lib/callbacks/manager.py:177
2026-06-04 02:14:20.219 22 DEBUG neutron.wsgi [-] (22) accepted ('10.0.0.249', 38814) server /var/lib/kolla/venv/lib/python3.6/site-packages/eventlet/wsgi.py:1004
2026-06-04 02:14:20.224 22 INFO neutron.wsgi [-] 10.0.0.249 "GET / HTTP/1.1" status: 200 len: 228 time: 0.0046232
2026-06-04 02:14:21.221 29 DEBUG neutron.db.agents_db [req-b82fee20-bc34-483e-919f-606e46d2f644 - - - - -] Agent healthcheck: found 2 active agents agent_health_check /var/lib/kolla/venv/lib/python3.6/site-packages/neutron/db/agents_db.py:318
2026-06-04 02:14:21.996 25 DEBUG neutron_lib.callbacks.manager [req-4fbd4cbb-4482-4244-8fc1-8356fac15b41 - - - - -] Publish callbacks ['neutron.services.segments.db._update_segment_host_mapping_for_agent-8777256342848', 'neutron.plugins.ml2.plugin.Ml2Plugin._retry_binding_revived_agents--9223372036847142633'] for agent (1155599e-9c5f-41da-98f8-580035362f84), after_update _notify_loop /var/lib/kolla/venv/lib/python3.6/site-packages/neutron_lib/callbacks/manager.py:177
2026-06-04 02:14:41.708 23 DEBUG neutron_lib.callbacks.manager [req-ccfbbbc3-dead-4c22-9955-a3ea610a4b36 - - - - -] Publish callbacks ['neutron.services.segments.db._update_segment_host_mapping_for_agent-8777256342848', 'neutron.plugins.ml2.plugin.Ml2Plugin._retry_binding_revived_agents--9223372036847142633'] for agent (aba44dd6-d13e-4507-84f4-3507ca82214c), after_update _notify_loop /var/lib/kolla/venv/lib/python3.6/site-packages/neutron_lib/callbacks/manager.py:177
2026-06-04 02:14:50.273 22 DEBUG neutron.wsgi [-] (22) accepted ('10.0.0.249', 39828) server /var/lib/kolla/venv/lib/python3.6/site-packages/eventlet/wsgi.py:1004
2026-06-04 02:14:50.277 22 INFO neutron.wsgi [-] 10.0.0.249 "GET / HTTP/1.1" status: 200 len: 228 time: 0.0024807
2026-06-04 02:14:51.992 28 DEBUG neutron_lib.callbacks.manager [req-616e0b75-d8d5-4134-8723-35999c559f0b - - - - -] Publish callbacks ['neutron.services.segments.db._update_segment_host_mapping_for_agent-8777256342848', 'neutron.plugins.ml2.plugin.Ml2Plugin._retry_binding_revived_agents--9223372036847142633'] for agent (1155599e-9c5f-41da-98f8-580035362f84), after_update _notify_loop /var/lib/kolla/venv/lib/python3.6/site-packages/neutron_lib/callbacks/manager.py:177
2026-06-04 02:14:58.230 29 DEBUG neutron.db.agents_db [req-b82fee20-bc34-483e-919f-606e46d2f644 - - - - -] Agent healthcheck: found 2 active agents agent_health_check /var/lib/kolla/venv/lib/python3.6/site-packages/neutron/db/agents_db.py:318
2026-06-04 02:15:11.711 27 DEBUG neutron_lib.callbacks.manager [req-ccfbbbc3-dead-4c22-9955-a3ea610a4b36 - - - - -] Publish callbacks ['neutron.services.segments.db._update_segment_host_mapping_for_agent-8777256342848', 'neutron.plugins.ml2.plugin.Ml2Plugin._retry_binding_revived_agents--9223372036847142633'] for agent (aba44dd6-d13e-4507-84f4-3507ca82214c), after_update _notify_loop /var/lib/kolla/venv/lib/python3.6/site-packages/neutron_lib/callbacks/manager.py:177
2026-06-04 02:15:20.320 22 DEBUG neutron.wsgi [-] (22) accepted ('10.0.0.249', 46468) server /var/lib/kolla/venv/lib/python3.6/site-packages/eventlet/wsgi.py:1004
2026-06-04 02:15:20.324 22 INFO neutron.wsgi [-] 10.0.0.249 "GET / HTTP/1.1" status: 200 len: 228 time: 0.0032847
2026-06-04 02:15:21.999 26 DEBUG neutron_lib.callbacks.manager [req-3e215b25-24bc-45e0-bf42-b505ec322e61 - - - - -] Publish callbacks ['neutron.services.segments.db._update_segment_host_mapping_for_agent-8777256342848', 'neutron.plugins.ml2.plugin.Ml2Plugin._retry_binding_revived_agents--9223372036847142633'] for agent (1155599e-9c5f-41da-98f8-580035362f84), after_update _notify_loop /var/lib/kolla/venv/lib/python3.6/site-packages/neutron_lib/callbacks/manager.py:177
2026-06-04 02:15:35.237 29 DEBUG neutron.db.agents_db [req-b82fee20-bc34-483e-919f-606e46d2f644 - - - - -] Agent healthcheck: found 2 active agents agent_health_check /var/lib/kolla/venv/lib/python3.6/site-packages/neutron/db/agents_db.py:318
2026-06-04 02:15:41.713 24 DEBUG neutron_lib.callbacks.manager [req-ccfbbbc3-dead-4c22-9955-a3ea610a4b36 - - - - -] Publish callbacks ['neutron.services.segments.db._update_segment_host_mapping_for_agent-8777256342848', 'neutron.plugins.ml2.plugin.Ml2Plugin._retry_binding_revived_agents--9223372036847142633'] for agent (aba44dd6-d13e-4507-84f4-3507ca82214c), after_update _notify_loop /var/lib/kolla/venv/lib/python3.6/site-packages/neutron_lib/callbacks/manager.py:177
2026-06-04 02:15:50.367 22 DEBUG neutron.wsgi [-] (22) accepted ('10.0.0.249', 48156) server /var/lib/kolla/venv/lib/python3.6/site-packages/eventlet/wsgi.py:1004
2026-06-04 02:15:50.372 22 INFO neutron.wsgi [-] 10.0.0.249 "GET / HTTP/1.1" status: 200 len: 228 time: 0.0036323
2026-06-04 02:15:51.995 25 DEBUG neutron_lib.callbacks.manager [req-638225f9-6c4e-4f63-a291-a22a1071518e - - - - -] Publish callbacks ['neutron.services.segments.db._update_segment_host_mapping_for_agent-8777256342848', 'neutron.plugins.ml2.plugin.Ml2Plugin._retry_binding_revived_agents--9223372036847142633'] for agent (1155599e-9c5f-41da-98f8-580035362f84), after_update _notify_loop /var/lib/kolla/venv/lib/python3.6/site-packages/neutron_lib/callbacks/manager.py:177
2026-06-04 02:16:11.714 23 DEBUG neutron_lib.callbacks.manager [req-ccfbbbc3-dead-4c22-9955-a3ea610a4b36 - - - - -] Publish callbacks ['neutron.services.segments.db._update_segment_host_mapping_for_agent-8777256342848', 'neutron.plugins.ml2.plugin.Ml2Plugin._retry_binding_revived_agents--9223372036847142633'] for agent (aba44dd6-d13e-4507-84f4-3507ca82214c), after_update _notify_loop /var/lib/kolla/venv/lib/python3.6/site-packages/neutron_lib/callbacks/manager.py:177
2026-06-04 02:16:12.243 29 DEBUG neutron.db.agents_db [req-b82fee20-bc34-483e-919f-606e46d2f644 - - - - -] Agent healthcheck: found 2 active agents agent_health_check /var/lib/kolla/venv/lib/python3.6/site-packages/neutron/db/agents_db.py:318
2026-06-04 02:16:20.415 22 DEBUG neutron.wsgi [-] (22) accepted ('10.0.0.249', 39052) server /var/lib/kolla/venv/lib/python3.6/site-packages/eventlet/wsgi.py:1004
2026-06-04 02:16:20.418 22 INFO neutron.wsgi [-] 10.0.0.249 "GET / HTTP/1.1" status: 200 len: 228 time: 0.0025475
2026-06-04 02:16:22.047 28 DEBUG neutron_lib.callbacks.manager [req-d56fc432-a739-4965-a805-35c577bbdb3c - - - - -] Publish callbacks ['neutron.services.segments.db._update_segment_host_mapping_for_agent-8777256342848', 'neutron.plugins.ml2.plugin.Ml2Plugin._retry_binding_revived_agents--9223372036847142633'] for agent (1155599e-9c5f-41da-98f8-580035362f84), after_update _notify_loop /var/lib/kolla/venv/lib/python3.6/site-packages/neutron_lib/callbacks/manager.py:177
2026-06-04 02:16:41.717 27 DEBUG neutron_lib.callbacks.manager [req-ccfbbbc3-dead-4c22-9955-a3ea610a4b36 - - - - -] Publish callbacks ['neutron.services.segments.db._update_segment_host_mapping_for_agent-8777256342848', 'neutron.plugins.ml2.plugin.Ml2Plugin._retry_binding_revived_agents--9223372036847142633'] for agent (aba44dd6-d13e-4507-84f4-3507ca82214c), after_update _notify_loop /var/lib/kolla/venv/lib/python3.6/site-packages/neutron_lib/callbacks/manager.py:177
2026-06-04 02:16:49.247 29 DEBUG neutron.db.agents_db [req-b82fee20-bc34-483e-919f-606e46d2f644 - - - - -] Agent healthcheck: found 2 active agents agent_health_check /var/lib/kolla/venv/lib/python3.6/site-packages/neutron/db/agents_db.py:318
2026-06-04 02:16:50.462 22 DEBUG neutron.wsgi [-] (22) accepted ('10.0.0.249', 33460) server /var/lib/kolla/venv/lib/python3.6/site-packages/eventlet/wsgi.py:1004
2026-06-04 02:16:50.466 22 INFO neutron.wsgi [-] 10.0.0.249 "GET / HTTP/1.1" status: 200 len: 228 time: 0.0028262
2026-06-04 02:16:51.996 26 DEBUG neutron_lib.callbacks.manager [req-db9921b4-1a8c-49af-a4c2-253e335b41df - - - - -] Publish callbacks ['neutron.services.segments.db._update_segment_host_mapping_for_agent-8777256342848', 'neutron.plugins.ml2.plugin.Ml2Plugin._retry_binding_revived_agents--9223372036847142633'] for agent (1155599e-9c5f-41da-98f8-580035362f84), after_update _notify_loop /var/lib/kolla/venv/lib/python3.6/site-packages/neutron_lib/callbacks/manager.py:177
2026-06-04 02:17:11.721 24 DEBUG neutron_lib.callbacks.manager [req-ccfbbbc3-dead-4c22-9955-a3ea610a4b36 - - - - -] Publish callbacks ['neutron.services.segments.db._update_segment_host_mapping_for_agent-8777256342848', 'neutron.plugins.ml2.plugin.Ml2Plugin._retry_binding_revived_agents--9223372036847142633'] for agent (aba44dd6-d13e-4507-84f4-3507ca82214c), after_update _notify_loop /var/lib/kolla/venv/lib/python3.6/site-packages/neutron_lib/callbacks/manager.py:177
2026-06-04 02:17:20.508 22 DEBUG neutron.wsgi [-] (22) accepted ('10.0.0.249', 58876) server /var/lib/kolla/venv/lib/python3.6/site-packages/eventlet/wsgi.py:1004
2026-06-04 02:17:20.511 22 INFO neutron.wsgi [-] 10.0.0.249 "GET / HTTP/1.1" status: 200 len: 228 time: 0.0028179
2026-06-04 02:17:21.992 25 DEBUG neutron_lib.callbacks.manager [req-ad93a8eb-dc55-4c08-933f-cbfa84853ac7 - - - - -] Publish callbacks ['neutron.services.segments.db._update_segment_host_mapping_for_agent-8777256342848', 'neutron.plugins.ml2.plugin.Ml2Plugin._retry_binding_revived_agents--9223372036847142633'] for agent (1155599e-9c5f-41da-98f8-580035362f84), after_update _notify_loop /var/lib/kolla/venv/lib/python3.6/site-packages/neutron_lib/callbacks/manager.py:177
2026-06-04 02:17:26.253 29 DEBUG neutron.db.agents_db [req-b82fee20-bc34-483e-919f-606e46d2f644 - - - - -] Agent healthcheck: found 2 active agents agent_health_check /var/lib/kolla/venv/lib/python3.6/site-packages/neutron/db/agents_db.py:318
2026-06-04 02:17:41.721 23 DEBUG neutron_lib.callbacks.manager [req-ccfbbbc3-dead-4c22-9955-a3ea610a4b36 - - - - -] Publish callbacks ['neutron.services.segments.db._update_segment_host_mapping_for_agent-8777256342848', 'neutron.plugins.ml2.plugin.Ml2Plugin._retry_binding_revived_agents--9223372036847142633'] for agent (aba44dd6-d13e-4507-84f4-3507ca82214c), after_update _notify_loop /var/lib/kolla/venv/lib/python3.6/site-packages/neutron_lib/callbacks/manager.py:177
2026-06-04 02:17:50.557 22 DEBUG neutron.wsgi [-] (22) accepted ('10.0.0.249', 48754) server /var/lib/kolla/venv/lib/python3.6/site-packages/eventlet/wsgi.py:1004
2026-06-04 02:17:50.562 22 INFO neutron.wsgi [-] 10.0.0.249 "GET / HTTP/1.1" status: 200 len: 228 time: 0.0038817
2026-06-04 02:17:51.997 28 DEBUG neutron_lib.callbacks.manager [req-96b6eef0-45b9-4aff-a493-ff0aa23b65bc - - - - -] Publish callbacks ['neutron.services.segments.db._update_segment_host_mapping_for_agent-8777256342848', 'neutron.plugins.ml2.plugin.Ml2Plugin._retry_binding_revived_agents--9223372036847142633'] for agent (1155599e-9c5f-41da-98f8-580035362f84), after_update _notify_loop /var/lib/kolla/venv/lib/python3.6/site-packages/neutron_lib/callbacks/manager.py:177
2026-06-04 02:18:03.264 29 DEBUG neutron.db.agents_db [req-b82fee20-bc34-483e-919f-606e46d2f644 - - - - -] Agent healthcheck: found 2 active agents agent_health_check /var/lib/kolla/venv/lib/python3.6/site-packages/neutron/db/agents_db.py:318
2026-06-04 02:18:11.722 27 DEBUG neutron_lib.callbacks.manager [req-ccfbbbc3-dead-4c22-9955-a3ea610a4b36 - - - - -] Publish callbacks ['neutron.services.segments.db._update_segment_host_mapping_for_agent-8777256342848', 'neutron.plugins.ml2.plugin.Ml2Plugin._retry_binding_revived_agents--9223372036847142633'] for agent (aba44dd6-d13e-4507-84f4-3507ca82214c), after_update _notify_loop /var/lib/kolla/venv/lib/python3.6/site-packages/neutron_lib/callbacks/manager.py:177
2026-06-04 02:18:20.605 22 DEBUG neutron.wsgi [-] (22) accepted ('10.0.0.249', 48204) server /var/lib/kolla/venv/lib/python3.6/site-packages/eventlet/wsgi.py:1004
2026-06-04 02:18:20.608 22 INFO neutron.wsgi [-] 10.0.0.249 "GET / HTTP/1.1" status: 200 len: 228 time: 0.0026398
2026-06-04 02:18:21.993 26 DEBUG neutron_lib.callbacks.manager [req-9cab4221-ae8a-491b-9f55-97967cb597cb - - - - -] Publish callbacks ['neutron.services.segments.db._update_segment_host_mapping_for_agent-8777256342848', 'neutron.plugins.ml2.plugin.Ml2Plugin._retry_binding_revived_agents--9223372036847142633'] for agent (1155599e-9c5f-41da-98f8-580035362f84), after_update _notify_loop /var/lib/kolla/venv/lib/python3.6/site-packages/neutron_lib/callbacks/manager.py:177
2026-06-04 02:18:40.260 29 DEBUG neutron.db.agents_db [req-b82fee20-bc34-483e-919f-606e46d2f644 - - - - -] Agent healthcheck: found 2 active agents agent_health_check /var/lib/kolla/venv/lib/python3.6/site-packages/neutron/db/agents_db.py:318
2026-06-04 02:18:41.725 24 DEBUG neutron_lib.callbacks.manager [req-ccfbbbc3-dead-4c22-9955-a3ea610a4b36 - - - - -] Publish callbacks ['neutron.services.segments.db._update_segment_host_mapping_for_agent-8777256342848', 'neutron.plugins.ml2.plugin.Ml2Plugin._retry_binding_revived_agents--9223372036847142633'] for agent (aba44dd6-d13e-4507-84f4-3507ca82214c), after_update _notify_loop /var/lib/kolla/venv/lib/python3.6/site-packages/neutron_lib/callbacks/manager.py:177
2026-06-04 02:18:50.655 22 DEBUG neutron.wsgi [-] (22) accepted ('10.0.0.249', 38500) server /var/lib/kolla/venv/lib/python3.6/site-packages/eventlet/wsgi.py:1004
2026-06-04 02:18:50.659 22 INFO neutron.wsgi [-] 10.0.0.249 "GET / HTTP/1.1" status: 200 len: 228 time: 0.0032835
2026-06-04 02:18:51.989 25 DEBUG neutron_lib.callbacks.manager [req-2b325a5f-f42b-44f0-9ea8-4c4c51ad7fea - - - - -] Publish callbacks ['neutron.services.segments.db._update_segment_host_mapping_for_agent-8777256342848', 'neutron.plugins.ml2.plugin.Ml2Plugin._retry_binding_revived_agents--9223372036847142633'] for agent (1155599e-9c5f-41da-98f8-580035362f84), after_update _notify_loop /var/lib/kolla/venv/lib/python3.6/site-packages/neutron_lib/callbacks/manager.py:177
2026-06-04 02:19:11.760 23 DEBUG neutron_lib.callbacks.manager [req-ccfbbbc3-dead-4c22-9955-a3ea610a4b36 - - - - -] Publish callbacks ['neutron.services.segments.db._update_segment_host_mapping_for_agent-8777256342848', 'neutron.plugins.ml2.plugin.Ml2Plugin._retry_binding_revived_agents--9223372036847142633'] for agent (aba44dd6-d13e-4507-84f4-3507ca82214c), after_update _notify_loop /var/lib/kolla/venv/lib/python3.6/site-packages/neutron_lib/callbacks/manager.py:177
2026-06-04 02:19:17.266 29 DEBUG neutron.db.agents_db [req-b82fee20-bc34-483e-919f-606e46d2f644 - - - - -] Agent healthcheck: found 2 active agents agent_health_check /var/lib/kolla/venv/lib/python3.6/site-packages/neutron/db/agents_db.py:318
2026-06-04 02:19:20.715 22 DEBUG neutron.wsgi [-] (22) accepted ('10.0.0.249', 58944) server /var/lib/kolla/venv/lib/python3.6/site-packages/eventlet/wsgi.py:1004
2026-06-04 02:19:20.718 22 INFO neutron.wsgi [-] 10.0.0.249 "GET / HTTP/1.1" status: 200 len: 228 time: 0.0030477
2026-06-04 02:19:21.987 28 DEBUG neutron_lib.callbacks.manager [req-dfcf12e4-6835-40b3-9730-ff4a399183dc - - - - -] Publish callbacks ['neutron.services.segments.db._update_segment_host_mapping_for_agent-8777256342848', 'neutron.plugins.ml2.plugin.Ml2Plugin._retry_binding_revived_agents--9223372036847142633'] for agent (1155599e-9c5f-41da-98f8-580035362f84), after_update _notify_loop /var/lib/kolla/venv/lib/python3.6/site-packages/neutron_lib/callbacks/manager.py:177
2026-06-04 02:19:41.728 27 DEBUG neutron_lib.callbacks.manager [req-ccfbbbc3-dead-4c22-9955-a3ea610a4b36 - - - - -] Publish callbacks ['neutron.services.segments.db._update_segment_host_mapping_for_agent-8777256342848', 'neutron.plugins.ml2.plugin.Ml2Plugin._retry_binding_revived_agents--9223372036847142633'] for agent (aba44dd6-d13e-4507-84f4-3507ca82214c), after_update _notify_loop /var/lib/kolla/venv/lib/python3.6/site-packages/neutron_lib/callbacks/manager.py:177
2026-06-04 02:19:50.772 22 DEBUG neutron.wsgi [-] (22) accepted ('10.0.0.249', 50912) server /var/lib/kolla/venv/lib/python3.6/site-packages/eventlet/wsgi.py:1004
2026-06-04 02:19:50.776 22 INFO neutron.wsgi [-] 10.0.0.249 "GET / HTTP/1.1" status: 200 len: 228 time: 0.0030227
2026-06-04 02:19:51.983 26 DEBUG neutron_lib.callbacks.manager [req-9b3dc105-e6c8-464e-a44d-df8d70ce729e - - - - -] Publish callbacks ['neutron.services.segments.db._update_segment_host_mapping_for_agent-8777256342848', 'neutron.plugins.ml2.plugin.Ml2Plugin._retry_binding_revived_agents--9223372036847142633'] for agent (1155599e-9c5f-41da-98f8-580035362f84), after_update _notify_loop /var/lib/kolla/venv/lib/python3.6/site-packages/neutron_lib/callbacks/manager.py:177
2026-06-04 02:19:54.271 29 DEBUG neutron.db.agents_db [req-b82fee20-bc34-483e-919f-606e46d2f644 - - - - -] Agent healthcheck: found 2 active agents agent_health_check /var/lib/kolla/venv/lib/python3.6/site-packages/neutron/db/agents_db.py:318
2026-06-04 02:20:11.743 24 DEBUG neutron_lib.callbacks.manager [req-ccfbbbc3-dead-4c22-9955-a3ea610a4b36 - - - - -] Publish callbacks ['neutron.services.segments.db._update_segment_host_mapping_for_agent-8777256342848', 'neutron.plugins.ml2.plugin.Ml2Plugin._retry_binding_revived_agents--9223372036847142633'] for agent (aba44dd6-d13e-4507-84f4-3507ca82214c), after_update _notify_loop /var/lib/kolla/venv/lib/python3.6/site-packages/neutron_lib/callbacks/manager.py:177
2026-06-04 02:20:16.401 7 INFO oslo_service.service [-] Caught SIGTERM, stopping children
2026-06-04 02:20:16.402 7 DEBUG oslo_concurrency.lockutils [-] Acquired lock "singleton_lock" lock /var/lib/kolla/venv/lib/python3.6/site-packages/oslo_concurrency/lockutils.py:294
2026-06-04 02:20:16.402 7 DEBUG oslo_concurrency.lockutils [-] Releasing lock "singleton_lock" lock /var/lib/kolla/venv/lib/python3.6/site-packages/oslo_concurrency/lockutils.py:312
2026-06-04 02:20:16.403 7 DEBUG oslo_service.service [-] Stop services. stop /var/lib/kolla/venv/lib/python3.6/site-packages/oslo_service/service.py:695
2026-06-04 02:20:16.403 7 DEBUG neutron.service [-] calling RpcWorker stop() stop /var/lib/kolla/venv/lib/python3.6/site-packages/neutron/service.py:138
2026-06-04 02:20:16.403 7 DEBUG neutron.service [-] calling RpcWorker stop() stop /var/lib/kolla/venv/lib/python3.6/site-packages/neutron/service.py:138
2026-06-04 02:20:16.403 7 DEBUG oslo_service.service [-] Killing children. stop /var/lib/kolla/venv/lib/python3.6/site-packages/oslo_service/service.py:700
2026-06-04 02:20:16.403 7 INFO oslo_service.service [-] Waiting on 8 children to exit
2026-06-04 02:20:16.404 22 INFO neutron.wsgi [-] (22) wsgi exited, is_accepting=True
2026-06-04 02:20:16.404 24 DEBUG neutron.service [-] calling RpcWorker stop() stop /var/lib/kolla/venv/lib/python3.6/site-packages/neutron/service.py:138
2026-06-04 02:20:16.404 25 DEBUG neutron.service [-] calling RpcWorker stop() stop /var/lib/kolla/venv/lib/python3.6/site-packages/neutron/service.py:138
2026-06-04 02:20:16.404 28 DEBUG neutron.service [-] calling RpcWorker stop() stop /var/lib/kolla/venv/lib/python3.6/site-packages/neutron/service.py:138
2026-06-04 02:20:16.404 23 DEBUG neutron.service [-] calling RpcWorker stop() stop /var/lib/kolla/venv/lib/python3.6/site-packages/neutron/service.py:138
2026-06-04 02:20:16.404 22 DEBUG oslo_concurrency.lockutils [req-886f77c8-0c3b-4bd1-9c8a-069e932918f3 - - - - -] Acquired lock "singleton_lock" lock /var/lib/kolla/venv/lib/python3.6/site-packages/oslo_concurrency/lockutils.py:294
2026-06-04 02:20:16.404 24 DEBUG neutron.service [-] calling stop on stop /var/lib/kolla/venv/lib/python3.6/site-packages/neutron/service.py:141
2026-06-04 02:20:16.405 22 DEBUG oslo_concurrency.lockutils [req-886f77c8-0c3b-4bd1-9c8a-069e932918f3 - - - - -] Releasing lock "singleton_lock" lock /var/lib/kolla/venv/lib/python3.6/site-packages/oslo_concurrency/lockutils.py:312
2026-06-04 02:20:16.405 26 DEBUG neutron.service [-] calling RpcWorker stop() stop /var/lib/kolla/venv/lib/python3.6/site-packages/neutron/service.py:138
2026-06-04 02:20:16.404 25 DEBUG neutron.service [-] calling stop on stop /var/lib/kolla/venv/lib/python3.6/site-packages/neutron/service.py:141
2026-06-04 02:20:16.404 28 DEBUG neutron.service [-] calling stop on stop /var/lib/kolla/venv/lib/python3.6/site-packages/neutron/service.py:141
2026-06-04 02:20:16.406 29 DEBUG neutron.service [-] calling RpcWorker stop() stop /var/lib/kolla/venv/lib/python3.6/site-packages/neutron/service.py:138
2026-06-04 02:20:16.404 23 DEBUG neutron.service [-] calling stop on stop /var/lib/kolla/venv/lib/python3.6/site-packages/neutron/service.py:141
2026-06-04 02:20:16.406 29 DEBUG neutron.service [-] calling stop on stop /var/lib/kolla/venv/lib/python3.6/site-packages/neutron/service.py:141
2026-06-04 02:20:16.407 27 DEBUG neutron.service [-] calling RpcWorker stop() stop /var/lib/kolla/venv/lib/python3.6/site-packages/neutron/service.py:138
2026-06-04 02:20:16.406 26 DEBUG neutron.service [-] calling stop on stop /var/lib/kolla/venv/lib/python3.6/site-packages/neutron/service.py:141
2026-06-04 02:20:16.409 7 INFO oslo_service.service [-] Child 22 exited with status 0
2026-06-04 02:20:16.408 27 DEBUG neutron.service [-] calling stop on stop /var/lib/kolla/venv/lib/python3.6/site-packages/neutron/service.py:141
2026-06-04 02:20:20.180 26 DEBUG oslo_concurrency.lockutils [req-886f77c8-0c3b-4bd1-9c8a-069e932918f3 - - - - -] Acquired lock "singleton_lock" lock /var/lib/kolla/venv/lib/python3.6/site-packages/oslo_concurrency/lockutils.py:294
2026-06-04 02:20:20.180 26 DEBUG oslo_concurrency.lockutils [req-886f77c8-0c3b-4bd1-9c8a-069e932918f3 - - - - -] Releasing lock "singleton_lock" lock /var/lib/kolla/venv/lib/python3.6/site-packages/oslo_concurrency/lockutils.py:312
2026-06-04 02:20:20.181 26 DEBUG neutron.service [req-886f77c8-0c3b-4bd1-9c8a-069e932918f3 - - - - -] calling RpcWorker wait() _wait /var/lib/kolla/venv/lib/python3.6/site-packages/neutron/service.py:128
2026-06-04 02:20:20.181 26 DEBUG neutron.service [req-886f77c8-0c3b-4bd1-9c8a-069e932918f3 - - - - -] calling wait on _wait /var/lib/kolla/venv/lib/python3.6/site-packages/neutron/service.py:131
2026-06-04 02:20:20.187 26 WARNING amqp [req-886f77c8-0c3b-4bd1-9c8a-069e932918f3 - - - - -] Received method (60, 30) during closing channel 1. This method will be ignored
2026-06-04 02:20:20.188 26 DEBUG neutron.service [req-886f77c8-0c3b-4bd1-9c8a-069e932918f3 - - - - -] returning from RpcWorker wait() _wait /var/lib/kolla/venv/lib/python3.6/site-packages/neutron/service.py:135
2026-06-04 02:20:20.193 7 INFO oslo_service.service [-] Child 26 exited with status 0
2026-06-04 02:20:21.983 25 DEBUG neutron_lib.callbacks.manager [req-c14c1219-f86b-40dd-b3d9-2067fabb1fe7 - - - - -] Publish callbacks ['neutron.services.segments.db._update_segment_host_mapping_for_agent-8777256342848', 'neutron.plugins.ml2.plugin.Ml2Plugin._retry_binding_revived_agents--9223372036847142633'] for agent (1155599e-9c5f-41da-98f8-580035362f84), after_update _notify_loop /var/lib/kolla/venv/lib/python3.6/site-packages/neutron_lib/callbacks/manager.py:177
2026-06-04 02:20:24.217 24 DEBUG neutron.service [-] calling stop on stop /var/lib/kolla/venv/lib/python3.6/site-packages/neutron/service.py:141
2026-06-04 02:20:24.218 25 DEBUG neutron.service [-] calling stop on stop /var/lib/kolla/venv/lib/python3.6/site-packages/neutron/service.py:141
2026-06-04 02:20:24.221 23 DEBUG neutron.service [-] calling stop on stop /var/lib/kolla/venv/lib/python3.6/site-packages/neutron/service.py:141
2026-06-04 02:20:24.233 24 DEBUG neutron.service [-] calling stop on stop /var/lib/kolla/venv/lib/python3.6/site-packages/neutron/service.py:141
2026-06-04 02:20:24.234 23 DEBUG neutron.service [-] calling stop on stop /var/lib/kolla/venv/lib/python3.6/site-packages/neutron/service.py:141
2026-06-04 02:20:24.234 28 DEBUG oslo_concurrency.lockutils [req-886f77c8-0c3b-4bd1-9c8a-069e932918f3 - - - - -] Acquired lock "singleton_lock" lock /var/lib/kolla/venv/lib/python3.6/site-packages/oslo_concurrency/lockutils.py:294
2026-06-04 02:20:24.234 28 DEBUG oslo_concurrency.lockutils [req-886f77c8-0c3b-4bd1-9c8a-069e932918f3 - - - - -] Releasing lock "singleton_lock" lock /var/lib/kolla/venv/lib/python3.6/site-packages/oslo_concurrency/lockutils.py:312
2026-06-04 02:20:24.235 28 DEBUG neutron.service [req-886f77c8-0c3b-4bd1-9c8a-069e932918f3 - - - - -] calling RpcWorker wait() _wait /var/lib/kolla/venv/lib/python3.6/site-packages/neutron/service.py:128
2026-06-04 02:20:24.235 28 DEBUG neutron.service [req-886f77c8-0c3b-4bd1-9c8a-069e932918f3 - - - - -] calling wait on _wait /var/lib/kolla/venv/lib/python3.6/site-packages/neutron/service.py:131
2026-06-04 02:20:24.235 29 DEBUG oslo_concurrency.lockutils [req-886f77c8-0c3b-4bd1-9c8a-069e932918f3 - - - - -] Acquired lock "singleton_lock" lock /var/lib/kolla/venv/lib/python3.6/site-packages/oslo_concurrency/lockutils.py:294
2026-06-04 02:20:24.236 29 DEBUG oslo_concurrency.lockutils [req-886f77c8-0c3b-4bd1-9c8a-069e932918f3 - - - - -] Releasing lock "singleton_lock" lock /var/lib/kolla/venv/lib/python3.6/site-packages/oslo_concurrency/lockutils.py:312
2026-06-04 02:20:24.236 29 DEBUG neutron.service [req-886f77c8-0c3b-4bd1-9c8a-069e932918f3 - - - - -] calling RpcWorker wait() _wait /var/lib/kolla/venv/lib/python3.6/site-packages/neutron/service.py:128
2026-06-04 02:20:24.237 29 DEBUG neutron.service [req-886f77c8-0c3b-4bd1-9c8a-069e932918f3 - - - - -] calling wait on _wait /var/lib/kolla/venv/lib/python3.6/site-packages/neutron/service.py:131
2026-06-04 02:20:24.242 28 WARNING amqp [req-886f77c8-0c3b-4bd1-9c8a-069e932918f3 - - - - -] Received method (60, 30) during closing channel 1. This method will be ignored
2026-06-04 02:20:24.243 28 DEBUG neutron.service [req-886f77c8-0c3b-4bd1-9c8a-069e932918f3 - - - - -] returning from RpcWorker wait() _wait /var/lib/kolla/venv/lib/python3.6/site-packages/neutron/service.py:135
2026-06-04 02:20:24.245 25 DEBUG neutron.service [-] calling stop on stop /var/lib/kolla/venv/lib/python3.6/site-packages/neutron/service.py:141
2026-06-04 02:20:24.245 29 WARNING amqp [req-886f77c8-0c3b-4bd1-9c8a-069e932918f3 - - - - -] Received method (60, 30) during closing channel 1. This method will be ignored
2026-06-04 02:20:24.246 29 DEBUG neutron.service [req-886f77c8-0c3b-4bd1-9c8a-069e932918f3 - - - - -] returning from RpcWorker wait() _wait /var/lib/kolla/venv/lib/python3.6/site-packages/neutron/service.py:135
2026-06-04 02:20:24.250 7 INFO oslo_service.service [-] Child 28 exited with status 0
2026-06-04 02:20:24.253 7 INFO oslo_service.service [-] Child 29 exited with status 0
2026-06-04 02:20:24.254 27 DEBUG oslo_concurrency.lockutils [req-886f77c8-0c3b-4bd1-9c8a-069e932918f3 - - - - -] Acquired lock "singleton_lock" lock /var/lib/kolla/venv/lib/python3.6/site-packages/oslo_concurrency/lockutils.py:294
2026-06-04 02:20:24.255 27 DEBUG oslo_concurrency.lockutils [req-886f77c8-0c3b-4bd1-9c8a-069e932918f3 - - - - -] Releasing lock "singleton_lock" lock /var/lib/kolla/venv/lib/python3.6/site-packages/oslo_concurrency/lockutils.py:312
2026-06-04 02:20:24.255 27 DEBUG neutron.service [req-886f77c8-0c3b-4bd1-9c8a-069e932918f3 - - - - -] calling RpcWorker wait() _wait /var/lib/kolla/venv/lib/python3.6/site-packages/neutron/service.py:128
2026-06-04 02:20:24.255 27 DEBUG neutron.service [req-886f77c8-0c3b-4bd1-9c8a-069e932918f3 - - - - -] calling wait on _wait /var/lib/kolla/venv/lib/python3.6/site-packages/neutron/service.py:131
2026-06-04 02:20:24.260 27 WARNING amqp [req-886f77c8-0c3b-4bd1-9c8a-069e932918f3 - - - - -] Received method (60, 30) during closing channel 1. This method will be ignored
2026-06-04 02:20:24.261 27 DEBUG neutron.service [req-886f77c8-0c3b-4bd1-9c8a-069e932918f3 - - - - -] returning from RpcWorker wait() _wait /var/lib/kolla/venv/lib/python3.6/site-packages/neutron/service.py:135
2026-06-04 02:20:24.261 23 DEBUG neutron.service [-] calling stop on stop /var/lib/kolla/venv/lib/python3.6/site-packages/neutron/service.py:141
2026-06-04 02:20:24.266 7 INFO oslo_service.service [-] Child 27 exited with status 0
2026-06-04 02:20:24.278 23 DEBUG oslo_concurrency.lockutils [req-886f77c8-0c3b-4bd1-9c8a-069e932918f3 - - - - -] Acquired lock "singleton_lock" lock /var/lib/kolla/venv/lib/python3.6/site-packages/oslo_concurrency/lockutils.py:294
2026-06-04 02:20:24.278 23 DEBUG oslo_concurrency.lockutils [req-886f77c8-0c3b-4bd1-9c8a-069e932918f3 - - - - -] Releasing lock "singleton_lock" lock /var/lib/kolla/venv/lib/python3.6/site-packages/oslo_concurrency/lockutils.py:312
2026-06-04 02:20:24.278 23 DEBUG neutron.service [req-886f77c8-0c3b-4bd1-9c8a-069e932918f3 - - - - -] calling RpcWorker wait() _wait /var/lib/kolla/venv/lib/python3.6/site-packages/neutron/service.py:128
2026-06-04 02:20:24.278 23 DEBUG neutron.service [req-886f77c8-0c3b-4bd1-9c8a-069e932918f3 - - - - -] calling wait on _wait /var/lib/kolla/venv/lib/python3.6/site-packages/neutron/service.py:131
2026-06-04 02:20:24.285 23 WARNING amqp [req-886f77c8-0c3b-4bd1-9c8a-069e932918f3 - - - - -] Received method (60, 30) during closing channel 1. This method will be ignored
2026-06-04 02:20:24.286 23 DEBUG neutron.service [req-886f77c8-0c3b-4bd1-9c8a-069e932918f3 - - - - -] calling wait on _wait /var/lib/kolla/venv/lib/python3.6/site-packages/neutron/service.py:131
2026-06-04 02:20:24.290 23 WARNING amqp [req-886f77c8-0c3b-4bd1-9c8a-069e932918f3 - - - - -] Received method (60, 30) during closing channel 1. This method will be ignored
2026-06-04 02:20:24.291 23 DEBUG neutron.service [req-886f77c8-0c3b-4bd1-9c8a-069e932918f3 - - - - -] calling wait on _wait /var/lib/kolla/venv/lib/python3.6/site-packages/neutron/service.py:131
2026-06-04 02:20:24.295 23 WARNING amqp [req-886f77c8-0c3b-4bd1-9c8a-069e932918f3 - - - - -] Received method (60, 30) during closing channel 1. This method will be ignored
2026-06-04 02:20:24.296 23 DEBUG neutron.service [req-886f77c8-0c3b-4bd1-9c8a-069e932918f3 - - - - -] calling wait on _wait /var/lib/kolla/venv/lib/python3.6/site-packages/neutron/service.py:131
2026-06-04 02:20:24.301 23 WARNING amqp [req-886f77c8-0c3b-4bd1-9c8a-069e932918f3 - - - - -] Received method (60, 30) during closing channel 1. This method will be ignored
2026-06-04 02:20:24.301 23 DEBUG neutron.service [req-886f77c8-0c3b-4bd1-9c8a-069e932918f3 - - - - -] returning from RpcWorker wait() _wait /var/lib/kolla/venv/lib/python3.6/site-packages/neutron/service.py:135
2026-06-04 02:20:24.306 7 INFO oslo_service.service [-] Child 23 exited with status 0
2026-06-04 02:20:24.925 24 DEBUG neutron.service [-] calling stop on stop /var/lib/kolla/venv/lib/python3.6/site-packages/neutron/service.py:141
2026-06-04 02:20:26.076 25 DEBUG neutron.service [-] calling stop on stop /var/lib/kolla/venv/lib/python3.6/site-packages/neutron/service.py:141
2026-06-04 02:20:30.256 7 INFO neutron.common.config [-] Logging enabled!
2026-06-04 02:20:30.257 7 INFO neutron.common.config [-] /var/lib/kolla/venv/bin/neutron-server version 20.5.1.dev23
2026-06-04 02:20:30.257 7 DEBUG neutron.common.config [-] command line: /var/lib/kolla/venv/bin/neutron-server --config-file /etc/neutron/neutron.conf --config-file /etc/neutron/ContrailPlugin.ini --config-file /etc/neutron/api-paste.ini setup_logging /var/lib/kolla/venv/lib/python3.6/site-packages/neutron/common/config.py:115
2026-06-04 02:20:30.261 7 INFO neutron.common.config [-] Logging enabled!
2026-06-04 02:20:30.261 7 INFO neutron.common.config [-] /var/lib/kolla/venv/bin/neutron-server version 20.5.1.dev23
2026-06-04 02:20:30.261 7 DEBUG neutron.common.config [-] command line: /var/lib/kolla/venv/bin/neutron-server --config-file /etc/neutron/neutron.conf --config-file /etc/neutron/ContrailPlugin.ini --config-file /etc/neutron/api-paste.ini setup_logging /var/lib/kolla/venv/lib/python3.6/site-packages/neutron/common/config.py:115
2026-06-04 02:20:30.261 7 DEBUG neutron.common.config [-] ******************************************************************************** log_opt_values /var/lib/kolla/venv/lib/python3.6/site-packages/oslo_config/cfg.py:2589
2026-06-04 02:20:30.261 7 DEBUG neutron.common.config [-] Configuration options gathered from: log_opt_values /var/lib/kolla/venv/lib/python3.6/site-packages/oslo_config/cfg.py:2590
2026-06-04 02:20:30.261 7 DEBUG neutron.common.config [-] command line args: ['--config-file', '/etc/neutron/neutron.conf', '--config-file', '/etc/neutron/ContrailPlugin.ini', '--config-file', '/etc/neutron/api-paste.ini'] log_opt_values /var/lib/kolla/venv/lib/python3.6/site-packages/oslo_config/cfg.py:2591
2026-06-04 02:20:30.262 7 DEBUG neutron.common.config [-] config files: ['/etc/neutron/neutron.conf', '/etc/neutron/ContrailPlugin.ini', '/etc/neutron/api-paste.ini'] log_opt_values /var/lib/kolla/venv/lib/python3.6/site-packages/oslo_config/cfg.py:2593
2026-06-04 02:20:30.262 7 DEBUG neutron.common.config [-] ================================================================================ log_opt_values /var/lib/kolla/venv/lib/python3.6/site-packages/oslo_config/cfg.py:2594
2026-06-04 02:20:30.262 7 DEBUG neutron.common.config [-] allow_bulk = True log_opt_values /var/lib/kolla/venv/lib/python3.6/site-packages/oslo_config/cfg.py:2603
2026-06-04 02:20:30.263 7 WARNING oslo_config.cfg [-] Deprecated: Option "allow_overlapping_ips" from group "DEFAULT" is deprecated for removal. Its value may be silently ignored in the future.
2026-06-04 02:20:30.263 7 DEBUG neutron.common.config [-] allow_overlapping_ips = True log_opt_values /var/lib/kolla/venv/lib/python3.6/site-packages/oslo_config/cfg.py:2603
2026-06-04 02:20:30.263 7 DEBUG neutron.common.config [-] api_extensions_path = /opt/plugin/site-packages/neutron_plugin_contrail/extensions:/opt/plugin/site-packages/neutron_lbaas/extensions log_opt_values /var/lib/kolla/venv/lib/python3.6/site-packages/oslo_config/cfg.py:2603
2026-06-04 02:20:30.263 7 DEBUG neutron.common.config [-] api_paste_config = /etc/neutron/api-paste.ini log_opt_values /var/lib/kolla/venv/lib/python3.6/site-packages/oslo_config/cfg.py:2603
2026-06-04 02:20:30.263 7 DEBUG neutron.common.config [-] api_workers = 1 log_opt_values /var/lib/kolla/venv/lib/python3.6/site-packages/oslo_config/cfg.py:2603
2026-06-04 02:20:30.263 7 DEBUG neutron.common.config [-] auth_strategy = keystone log_opt_values /var/lib/kolla/venv/lib/python3.6/site-packages/oslo_config/cfg.py:2603
2026-06-04 02:20:30.263 7 DEBUG neutron.common.config [-] backlog = 4096 log_opt_values /var/lib/kolla/venv/lib/python3.6/site-packages/oslo_config/cfg.py:2603
2026-06-04 02:20:30.263 7 DEBUG neutron.common.config [-] base_mac = fa:16:3e:00:00:00 log_opt_values /var/lib/kolla/venv/lib/python3.6/site-packages/oslo_config/cfg.py:2603
2026-06-04 02:20:30.264 7 DEBUG neutron.common.config [-] bind_host = 10.0.0.249 log_opt_values /var/lib/kolla/venv/lib/python3.6/site-packages/oslo_config/cfg.py:2603
2026-06-04 02:20:30.264 7 DEBUG neutron.common.config [-] bind_port = 9696 log_opt_values /var/lib/kolla/venv/lib/python3.6/site-packages/oslo_config/cfg.py:2603
2026-06-04 02:20:30.264 7 DEBUG neutron.common.config [-] client_socket_timeout = 900 log_opt_values /var/lib/kolla/venv/lib/python3.6/site-packages/oslo_config/cfg.py:2603
2026-06-04 02:20:30.264 7 DEBUG neutron.common.config [-] config_dir = [] log_opt_values /var/lib/kolla/venv/lib/python3.6/site-packages/oslo_config/cfg.py:2603
2026-06-04 02:20:30.264 7 DEBUG neutron.common.config [-] config_file = ['/etc/neutron/neutron.conf', '/etc/neutron/ContrailPlugin.ini', '/etc/neutron/api-paste.ini'] log_opt_values /var/lib/kolla/venv/lib/python3.6/site-packages/oslo_config/cfg.py:2603
2026-06-04 02:20:30.264 7 DEBUG neutron.common.config [-] config_source = [] log_opt_values /var/lib/kolla/venv/lib/python3.6/site-packages/oslo_config/cfg.py:2603
2026-06-04 02:20:30.264 7 DEBUG neutron.common.config [-] control_exchange = neutron log_opt_values /var/lib/kolla/venv/lib/python3.6/site-packages/oslo_config/cfg.py:2603
2026-06-04 02:20:30.264 7 DEBUG neutron.common.config [-] core_plugin = neutron_plugin_contrail.plugins.opencontrail.contrail_plugin.NeutronPluginContrailCoreV2 log_opt_values /var/lib/kolla/venv/lib/python3.6/site-packages/oslo_config/cfg.py:2603
2026-06-04 02:20:30.265 7 DEBUG neutron.common.config [-] debug = True log_opt_values /var/lib/kolla/venv/lib/python3.6/site-packages/oslo_config/cfg.py:2603
2026-06-04 02:20:30.265 7 DEBUG neutron.common.config [-] default_availability_zones = [] log_opt_values /var/lib/kolla/venv/lib/python3.6/site-packages/oslo_config/cfg.py:2603
2026-06-04 02:20:30.265 7 DEBUG neutron.common.config [-] default_log_levels = ['amqp=WARN', 'amqplib=WARN', 'boto=WARN', 'qpid=WARN', 'sqlalchemy=WARN', 'suds=INFO', 'oslo.messaging=INFO', 'oslo_messaging=INFO', 'iso8601=WARN', 'requests.packages.urllib3.connectionpool=WARN', 'urllib3.connectionpool=WARN', 'websocket=WARN', 'requests.packages.urllib3.util.retry=WARN', 'urllib3.util.retry=WARN', 'keystonemiddleware=WARN', 'routes.middleware=WARN', 'stevedore=WARN', 'taskflow=WARN', 'keystoneauth=WARN', 'oslo.cache=INFO', 'oslo_policy=INFO', 'dogpile.core.dogpile=INFO', 'OFPHandler=INFO', 'OfctlService=INFO', 'os_ken.base.app_manager=INFO', 'os_ken.controller.controller=INFO'] log_opt_values /var/lib/kolla/venv/lib/python3.6/site-packages/oslo_config/cfg.py:2603
2026-06-04 02:20:30.265 7 DEBUG neutron.common.config [-] dhcp_agent_notification = True log_opt_values /var/lib/kolla/venv/lib/python3.6/site-packages/oslo_config/cfg.py:2603
2026-06-04 02:20:30.265 7 DEBUG neutron.common.config [-] dhcp_lease_duration = 86400 log_opt_values /var/lib/kolla/venv/lib/python3.6/site-packages/oslo_config/cfg.py:2603
2026-06-04 02:20:30.265 7 DEBUG neutron.common.config [-] dns_domain = openstacklocal log_opt_values /var/lib/kolla/venv/lib/python3.6/site-packages/oslo_config/cfg.py:2603
2026-06-04 02:20:30.265 7 DEBUG neutron.common.config [-] enable_traditional_dhcp = True log_opt_values /var/lib/kolla/venv/lib/python3.6/site-packages/oslo_config/cfg.py:2603
2026-06-04 02:20:30.265 7 DEBUG neutron.common.config [-] external_dns_driver = None log_opt_values /var/lib/kolla/venv/lib/python3.6/site-packages/oslo_config/cfg.py:2603
2026-06-04 02:20:30.265 7 DEBUG neutron.common.config [-] filter_validation = True log_opt_values /var/lib/kolla/venv/lib/python3.6/site-packages/oslo_config/cfg.py:2603
