2026-06-01 00:33:50.657 130776 DEBUG oslo_service.service [req-eabce816-787f-4f53-81e6-64e822d632b2 - - - - -] cyborg.collect_timing = False log_opt_values /usr/lib/python3/dist-packages/oslo_config/cfg.py:2609
2026-06-01 00:33:50.657 130776 DEBUG oslo_service.service [req-eabce816-787f-4f53-81e6-64e822d632b2 - - - - -] cyborg.connect_retries = None log_opt_values /usr/lib/python3/dist-packages/oslo_config/cfg.py:2609
2026-06-01 00:33:50.657 130776 DEBUG oslo_service.service [req-eabce816-787f-4f53-81e6-64e822d632b2 - - - - -] cyborg.connect_retry_delay = None log_opt_values /usr/lib/python3/dist-packages/oslo_config/cfg.py:2609
2026-06-01 00:33:50.658 130776 DEBUG oslo_service.service [req-eabce816-787f-4f53-81e6-64e822d632b2 - - - - -] cyborg.endpoint_override = None log_opt_values /usr/lib/python3/dist-packages/oslo_config/cfg.py:2609
2026-06-01 00:33:50.658 130776 DEBUG oslo_service.service [req-eabce816-787f-4f53-81e6-64e822d632b2 - - - - -] cyborg.insecure = False log_opt_values /usr/lib/python3/dist-packages/oslo_config/cfg.py:2609
2026-06-01 00:33:50.658 130776 DEBUG oslo_service.service [req-eabce816-787f-4f53-81e6-64e822d632b2 - - - - -] cyborg.keyfile = None log_opt_values /usr/lib/python3/dist-packages/oslo_config/cfg.py:2609
2026-06-01 00:33:50.658 130776 DEBUG oslo_service.service [req-eabce816-787f-4f53-81e6-64e822d632b2 - - - - -] cyborg.max_version = None log_opt_values /usr/lib/python3/dist-packages/oslo_config/cfg.py:2609
2026-06-01 00:33:50.658 130776 DEBUG oslo_service.service [req-eabce816-787f-4f53-81e6-64e822d632b2 - - - - -] cyborg.min_version = None log_opt_values /usr/lib/python3/dist-packages/oslo_config/cfg.py:2609
2026-06-01 00:33:50.658 130776 DEBUG oslo_service.service [req-eabce816-787f-4f53-81e6-64e822d632b2 - - - - -] cyborg.region_name = None log_opt_values /usr/lib/python3/dist-packages/oslo_config/cfg.py:2609
2026-06-01 00:33:50.659 130776 DEBUG oslo_service.service [req-eabce816-787f-4f53-81e6-64e822d632b2 - - - - -] cyborg.service_name = None log_opt_values /usr/lib/python3/dist-packages/oslo_config/cfg.py:2609
2026-06-01 00:33:50.659 130776 DEBUG oslo_service.service [req-eabce816-787f-4f53-81e6-64e822d632b2 - - - - -] cyborg.service_type = accelerator log_opt_values /usr/lib/python3/dist-packages/oslo_config/cfg.py:2609
2026-06-01 00:33:50.660 130776 DEBUG oslo_service.service [req-eabce816-787f-4f53-81e6-64e822d632b2 - - - - -] cyborg.split_loggers = False log_opt_values /usr/lib/python3/dist-packages/oslo_config/cfg.py:2609
2026-06-01 00:33:50.660 130776 DEBUG oslo_service.service [req-eabce816-787f-4f53-81e6-64e822d632b2 - - - - -] cyborg.status_code_retries = None log_opt_values /usr/lib/python3/dist-packages/oslo_config/cfg.py:2609
2026-06-01 00:33:50.660 130776 DEBUG oslo_service.service [req-eabce816-787f-4f53-81e6-64e822d632b2 - - - - -] cyborg.status_code_retry_delay = None log_opt_values /usr/lib/python3/dist-packages/oslo_config/cfg.py:2609
2026-06-01 00:33:50.661 130776 DEBUG oslo_service.service [req-eabce816-787f-4f53-81e6-64e822d632b2 - - - - -] cyborg.timeout = None log_opt_values /usr/lib/python3/dist-packages/oslo_config/cfg.py:2609
2026-06-01 00:33:50.661 130776 DEBUG oslo_service.service [req-eabce816-787f-4f53-81e6-64e822d632b2 - - - - -] cyborg.valid_interfaces = ['internal', 'public'] log_opt_values /usr/lib/python3/dist-packages/oslo_config/cfg.py:2609
2026-06-01 00:33:50.664 130776 DEBUG oslo_service.service [req-eabce816-787f-4f53-81e6-64e822d632b2 - - - - -] cyborg.version = None log_opt_values /usr/lib/python3/dist-packages/oslo_config/cfg.py:2609
2026-06-01 00:33:50.664 130776 DEBUG oslo_service.service [req-eabce816-787f-4f53-81e6-64e822d632b2 - - - - -] database.backend = sqlalchemy log_opt_values /usr/lib/python3/dist-packages/oslo_config/cfg.py:2609
2026-06-01 00:33:50.664 130776 DEBUG oslo_service.service [req-eabce816-787f-4f53-81e6-64e822d632b2 - - - - -] database.connection = **** log_opt_values /usr/lib/python3/dist-packages/oslo_config/cfg.py:2609
2026-06-01 00:33:50.666 130776 DEBUG oslo_service.service [req-eabce816-787f-4f53-81e6-64e822d632b2 - - - - -] database.connection_debug = 0 log_opt_values /usr/lib/python3/dist-packages/oslo_config/cfg.py:2609
2026-06-01 00:33:50.666 130776 DEBUG oslo_service.service [req-eabce816-787f-4f53-81e6-64e822d632b2 - - - - -] database.connection_parameters = log_opt_values /usr/lib/python3/dist-packages/oslo_config/cfg.py:2609
2026-06-01 00:33:50.667 130776 DEBUG oslo_service.service [req-eabce816-787f-4f53-81e6-64e822d632b2 - - - - -] database.connection_recycle_time = 3600 log_opt_values /usr/lib/python3/dist-packages/oslo_config/cfg.py:2609
2026-06-01 00:33:50.667 130776 DEBUG oslo_service.service [req-eabce816-787f-4f53-81e6-64e822d632b2 - - - - -] database.connection_trace = False log_opt_values /usr/lib/python3/dist-packages/oslo_config/cfg.py:2609
2026-06-01 00:33:50.668 130776 DEBUG oslo_service.service [req-eabce816-787f-4f53-81e6-64e822d632b2 - - - - -] database.db_inc_retry_interval = True log_opt_values /usr/lib/python3/dist-packages/oslo_config/cfg.py:2609
2026-06-01 00:33:50.668 130776 DEBUG oslo_service.service [req-eabce816-787f-4f53-81e6-64e822d632b2 - - - - -] database.db_max_retries = 20 log_opt_values /usr/lib/python3/dist-packages/oslo_config/cfg.py:2609
2026-06-01 00:33:50.668 130776 DEBUG oslo_service.service [req-eabce816-787f-4f53-81e6-64e822d632b2 - - - - -] database.db_max_retry_interval = 10 log_opt_values /usr/lib/python3/dist-packages/oslo_config/cfg.py:2609
2026-06-01 00:33:50.669 130776 DEBUG oslo_service.service [req-eabce816-787f-4f53-81e6-64e822d632b2 - - - - -] database.db_retry_interval = 1 log_opt_values /usr/lib/python3/dist-packages/oslo_config/cfg.py:2609
2026-06-01 00:33:50.669 130776 DEBUG oslo_service.service [req-eabce816-787f-4f53-81e6-64e822d632b2 - - - - -] database.max_overflow = 50 log_opt_values /usr/lib/python3/dist-packages/oslo_config/cfg.py:2609
2026-06-01 00:33:50.669 130776 DEBUG oslo_service.service [req-eabce816-787f-4f53-81e6-64e822d632b2 - - - - -] database.max_pool_size = 4 log_opt_values /usr/lib/python3/dist-packages/oslo_config/cfg.py:2609
2026-06-01 00:33:50.670 130776 DEBUG oslo_service.service [req-eabce816-787f-4f53-81e6-64e822d632b2 - - - - -] database.max_retries = 10 log_opt_values /usr/lib/python3/dist-packages/oslo_config/cfg.py:2609
2026-06-01 00:33:50.670 130776 DEBUG oslo_service.service [req-eabce816-787f-4f53-81e6-64e822d632b2 - - - - -] database.mysql_enable_ndb = False log_opt_values /usr/lib/python3/dist-packages/oslo_config/cfg.py:2609
2026-06-01 00:33:50.671 130776 DEBUG oslo_service.service [req-eabce816-787f-4f53-81e6-64e822d632b2 - - - - -] database.mysql_sql_mode = TRADITIONAL log_opt_values /usr/lib/python3/dist-packages/oslo_config/cfg.py:2609
2026-06-01 00:33:50.671 130776 DEBUG oslo_service.service [req-eabce816-787f-4f53-81e6-64e822d632b2 - - - - -] database.pool_timeout = None log_opt_values /usr/lib/python3/dist-packages/oslo_config/cfg.py:2609
2026-06-01 00:33:50.671 130776 DEBUG oslo_service.service [req-eabce816-787f-4f53-81e6-64e822d632b2 - - - - -] database.retry_interval = 10 log_opt_values /usr/lib/python3/dist-packages/oslo_config/cfg.py:2609
2026-06-01 00:33:50.671 130776 DEBUG oslo_service.service [req-eabce816-787f-4f53-81e6-64e822d632b2 - - - - -] database.slave_connection = **** log_opt_values /usr/lib/python3/dist-packages/oslo_config/cfg.py:2609
2026-06-01 00:33:50.672 130776 DEBUG oslo_service.service [req-eabce816-787f-4f53-81e6-64e822d632b2 - - - - -] database.sqlite_synchronous = True log_opt_values /usr/lib/python3/dist-packages/oslo_config/cfg.py:2609
2026-06-01 00:33:50.673 130776 DEBUG oslo_service.service [req-eabce816-787f-4f53-81e6-64e822d632b2 - - - - -] database.use_db_reconnect = False log_opt_values /usr/lib/python3/dist-packages/oslo_config/cfg.py:2609
2026-06-01 00:33:50.675 130776 DEBUG oslo_service.service [req-eabce816-787f-4f53-81e6-64e822d632b2 - - - - -] api_database.backend = sqlalchemy log_opt_values /usr/lib/python3/dist-packages/oslo_config/cfg.py:2609
2026-06-01 00:33:50.677 130776 DEBUG oslo_service.service [req-eabce816-787f-4f53-81e6-64e822d632b2 - - - - -] api_database.connection = **** log_opt_values /usr/lib/python3/dist-packages/oslo_config/cfg.py:2609
2026-06-01 00:33:50.677 130776 DEBUG oslo_service.service [req-eabce816-787f-4f53-81e6-64e822d632b2 - - - - -] api_database.connection_debug = 0 log_opt_values /usr/lib/python3/dist-packages/oslo_config/cfg.py:2609
2026-06-01 00:33:50.677 130776 DEBUG oslo_service.service [req-eabce816-787f-4f53-81e6-64e822d632b2 - - - - -] api_database.connection_parameters = log_opt_values /usr/lib/python3/dist-packages/oslo_config/cfg.py:2609
2026-06-01 00:33:50.678 130776 DEBUG oslo_service.service [req-eabce816-787f-4f53-81e6-64e822d632b2 - - - - -] api_database.connection_recycle_time = 3600 log_opt_values /usr/lib/python3/dist-packages/oslo_config/cfg.py:2609
2026-06-01 00:33:50.678 130776 DEBUG oslo_service.service [req-eabce816-787f-4f53-81e6-64e822d632b2 - - - - -] api_database.connection_trace = False log_opt_values /usr/lib/python3/dist-packages/oslo_config/cfg.py:2609
2026-06-01 00:33:50.678 130776 DEBUG oslo_service.service [req-eabce816-787f-4f53-81e6-64e822d632b2 - - - - -] api_database.db_inc_retry_interval = True log_opt_values /usr/lib/python3/dist-packages/oslo_config/cfg.py:2609
2026-06-01 00:33:50.679 130776 DEBUG oslo_service.service [req-eabce816-787f-4f53-81e6-64e822d632b2 - - - - -] api_database.db_max_retries = 20 log_opt_values /usr/lib/python3/dist-packages/oslo_config/cfg.py:2609
2026-06-01 00:33:50.679 130776 DEBUG oslo_service.service [req-eabce816-787f-4f53-81e6-64e822d632b2 - - - - -] api_database.db_max_retry_interval = 10 log_opt_values /usr/lib/python3/dist-packages/oslo_config/cfg.py:2609
2026-06-01 00:33:50.679 130776 DEBUG oslo_service.service [req-eabce816-787f-4f53-81e6-64e822d632b2 - - - - -] api_database.db_retry_interval = 1 log_opt_values /usr/lib/python3/dist-packages/oslo_config/cfg.py:2609
2026-06-01 00:33:50.679 130776 DEBUG oslo_service.service [req-eabce816-787f-4f53-81e6-64e822d632b2 - - - - -] api_database.max_overflow = 50 log_opt_values /usr/lib/python3/dist-packages/oslo_config/cfg.py:2609
2026-06-01 00:33:50.680 130776 DEBUG oslo_service.service [req-eabce816-787f-4f53-81e6-64e822d632b2 - - - - -] api_database.max_pool_size = 4 log_opt_values /usr/lib/python3/dist-packages/oslo_config/cfg.py:2609
2026-06-01 00:33:50.680 130776 DEBUG oslo_service.service [req-eabce816-787f-4f53-81e6-64e822d632b2 - - - - -] api_database.max_retries = 10 log_opt_values /usr/lib/python3/dist-packages/oslo_config/cfg.py:2609
2026-06-01 00:33:50.680 130776 DEBUG oslo_service.service [req-eabce816-787f-4f53-81e6-64e822d632b2 - - - - -] api_database.mysql_enable_ndb = False log_opt_values /usr/lib/python3/dist-packages/oslo_config/cfg.py:2609
2026-06-01 00:33:50.681 130776 DEBUG oslo_service.service [req-eabce816-787f-4f53-81e6-64e822d632b2 - - - - -] api_database.mysql_sql_mode = TRADITIONAL log_opt_values /usr/lib/python3/dist-packages/oslo_config/cfg.py:2609
2026-06-01 00:33:50.681 130776 DEBUG oslo_service.service [req-eabce816-787f-4f53-81e6-64e822d632b2 - - - - -] api_database.pool_timeout = None log_opt_values /usr/lib/python3/dist-packages/oslo_config/cfg.py:2609
2026-06-01 00:33:50.681 130776 DEBUG oslo_service.service [req-eabce816-787f-4f53-81e6-64e822d632b2 - - - - -] api_database.retry_interval = 10 log_opt_values /usr/lib/python3/dist-packages/oslo_config/cfg.py:2609
2026-06-01 00:33:50.681 130776 DEBUG oslo_service.service [req-eabce816-787f-4f53-81e6-64e822d632b2 - - - - -] api_database.slave_connection = **** log_opt_values /usr/lib/python3/dist-packages/oslo_config/cfg.py:2609
2026-06-01 00:33:50.682 130776 DEBUG oslo_service.service [req-eabce816-787f-4f53-81e6-64e822d632b2 - - - - -] api_database.sqlite_synchronous = True log_opt_values /usr/lib/python3/dist-packages/oslo_config/cfg.py:2609
2026-06-01 00:33:50.682 130776 DEBUG oslo_service.service [req-eabce816-787f-4f53-81e6-64e822d632b2 - - - - -] devices.enabled_mdev_types = [] log_opt_values /usr/lib/python3/dist-packages/oslo_config/cfg.py:2609
2026-06-01 00:33:50.682 130776 DEBUG oslo_service.service [req-eabce816-787f-4f53-81e6-64e822d632b2 - - - - -] ephemeral_storage_encryption.cipher = aes-xts-plain64 log_opt_values /usr/lib/python3/dist-packages/oslo_config/cfg.py:2609
2026-06-01 00:33:50.682 130776 DEBUG oslo_service.service [req-eabce816-787f-4f53-81e6-64e822d632b2 - - - - -] ephemeral_storage_encryption.enabled = False log_opt_values /usr/lib/python3/dist-packages/oslo_config/cfg.py:2609
2026-06-01 00:33:50.683 130776 DEBUG oslo_service.service [req-eabce816-787f-4f53-81e6-64e822d632b2 - - - - -] ephemeral_storage_encryption.key_size = 512 log_opt_values /usr/lib/python3/dist-packages/oslo_config/cfg.py:2609
2026-06-01 00:33:50.683 130776 WARNING oslo_config.cfg [req-eabce816-787f-4f53-81e6-64e822d632b2 - - - - -] Deprecated: Option "api_servers" from group "glance" is deprecated for removal ( Support for image service configuration via standard keystoneauth1 Adapter options was added in the 17.0.0 Queens release. The api_servers option was retained temporarily to allow consumers time to cut over to a real load balancing solution. ). Its value may be silently ignored in the future.
2026-06-01 00:33:50.683 130776 DEBUG oslo_service.service [req-eabce816-787f-4f53-81e6-64e822d632b2 - - - - -] glance.api_servers = ['http://252.129.56.60:9292'] log_opt_values /usr/lib/python3/dist-packages/oslo_config/cfg.py:2609
2026-06-01 00:33:50.683 130776 DEBUG oslo_service.service [req-eabce816-787f-4f53-81e6-64e822d632b2 - - - - -] glance.cafile = None log_opt_values /usr/lib/python3/dist-packages/oslo_config/cfg.py:2609
2026-06-01 00:33:50.684 130776 DEBUG oslo_service.service [req-eabce816-787f-4f53-81e6-64e822d632b2 - - - - -] glance.certfile = None log_opt_values /usr/lib/python3/dist-packages/oslo_config/cfg.py:2609
2026-06-01 00:33:50.684 130776 DEBUG oslo_service.service [req-eabce816-787f-4f53-81e6-64e822d632b2 - - - - -] glance.collect_timing = False log_opt_values /usr/lib/python3/dist-packages/oslo_config/cfg.py:2609
2026-06-01 00:33:50.684 130776 DEBUG oslo_service.service [req-eabce816-787f-4f53-81e6-64e822d632b2 - - - - -] glance.connect_retries = None log_opt_values /usr/lib/python3/dist-packages/oslo_config/cfg.py:2609
2026-06-01 00:33:50.684 130776 DEBUG oslo_service.service [req-eabce816-787f-4f53-81e6-64e822d632b2 - - - - -] glance.connect_retry_delay = None log_opt_values /usr/lib/python3/dist-packages/oslo_config/cfg.py:2609
2026-06-01 00:33:50.684 130776 DEBUG oslo_service.service [req-eabce816-787f-4f53-81e6-64e822d632b2 - - - - -] glance.debug = False log_opt_values /usr/lib/python3/dist-packages/oslo_config/cfg.py:2609
2026-06-01 00:33:50.684 130776 DEBUG oslo_service.service [req-eabce816-787f-4f53-81e6-64e822d632b2 - - - - -] glance.default_trusted_certificate_ids = [] log_opt_values /usr/lib/python3/dist-packages/oslo_config/cfg.py:2609
2026-06-01 00:33:50.685 130776 DEBUG oslo_service.service [req-eabce816-787f-4f53-81e6-64e822d632b2 - - - - -] glance.enable_certificate_validation = False log_opt_values /usr/lib/python3/dist-packages/oslo_config/cfg.py:2609
2026-06-01 00:33:50.685 130776 DEBUG oslo_service.service [req-eabce816-787f-4f53-81e6-64e822d632b2 - - - - -] glance.enable_rbd_download = False log_opt_values /usr/lib/python3/dist-packages/oslo_config/cfg.py:2609
2026-06-01 00:33:50.685 130776 DEBUG oslo_service.service [req-eabce816-787f-4f53-81e6-64e822d632b2 - - - - -] glance.endpoint_override = None log_opt_values /usr/lib/python3/dist-packages/oslo_config/cfg.py:2609
2026-06-01 00:33:50.685 130776 DEBUG oslo_service.service [req-eabce816-787f-4f53-81e6-64e822d632b2 - - - - -] glance.insecure = False log_opt_values /usr/lib/python3/dist-packages/oslo_config/cfg.py:2609
2026-06-01 00:33:50.686 130776 DEBUG oslo_service.service [req-eabce816-787f-4f53-81e6-64e822d632b2 - - - - -] glance.keyfile = None log_opt_values /usr/lib/python3/dist-packages/oslo_config/cfg.py:2609
2026-06-01 00:33:50.686 130776 DEBUG oslo_service.service [req-eabce816-787f-4f53-81e6-64e822d632b2 - - - - -] glance.max_version = None log_opt_values /usr/lib/python3/dist-packages/oslo_config/cfg.py:2609
2026-06-01 00:33:50.686 130776 DEBUG oslo_service.service [req-eabce816-787f-4f53-81e6-64e822d632b2 - - - - -] glance.min_version = None log_opt_values /usr/lib/python3/dist-packages/oslo_config/cfg.py:2609
2026-06-01 00:33:50.686 130776 DEBUG oslo_service.service [req-eabce816-787f-4f53-81e6-64e822d632b2 - - - - -] glance.num_retries = 3 log_opt_values /usr/lib/python3/dist-packages/oslo_config/cfg.py:2609
2026-06-01 00:33:50.686 130776 DEBUG oslo_service.service [req-eabce816-787f-4f53-81e6-64e822d632b2 - - - - -] glance.rbd_ceph_conf = log_opt_values /usr/lib/python3/dist-packages/oslo_config/cfg.py:2609
2026-06-01 00:33:50.687 130776 DEBUG oslo_service.service [req-eabce816-787f-4f53-81e6-64e822d632b2 - - - - -] glance.rbd_connect_timeout = 5 log_opt_values /usr/lib/python3/dist-packages/oslo_config/cfg.py:2609
2026-06-01 00:33:50.687 130776 DEBUG oslo_service.service [req-eabce816-787f-4f53-81e6-64e822d632b2 - - - - -] glance.rbd_pool = log_opt_values /usr/lib/python3/dist-packages/oslo_config/cfg.py:2609
2026-06-01 00:33:50.687 130776 DEBUG oslo_service.service [req-eabce816-787f-4f53-81e6-64e822d632b2 - - - - -] glance.rbd_user = log_opt_values /usr/lib/python3/dist-packages/oslo_config/cfg.py:2609
2026-06-01 00:33:50.687 130776 DEBUG oslo_service.service [req-eabce816-787f-4f53-81e6-64e822d632b2 - - - - -] glance.region_name = None log_opt_values /usr/lib/python3/dist-packages/oslo_config/cfg.py:2609
2026-06-01 00:33:50.688 130776 DEBUG oslo_service.service [req-eabce816-787f-4f53-81e6-64e822d632b2 - - - - -] glance.service_name = None log_opt_values /usr/lib/python3/dist-packages/oslo_config/cfg.py:2609
2026-06-01 00:33:50.688 130776 DEBUG oslo_service.service [req-eabce816-787f-4f53-81e6-64e822d632b2 - - - - -] glance.service_type = image log_opt_values /usr/lib/python3/dist-packages/oslo_config/cfg.py:2609
2026-06-01 00:33:50.688 130776 DEBUG oslo_service.service [req-eabce816-787f-4f53-81e6-64e822d632b2 - - - - -] glance.split_loggers = False log_opt_values /usr/lib/python3/dist-packages/oslo_config/cfg.py:2609
2026-06-01 00:33:50.688 132301 DEBUG oslo_messaging._drivers.amqpdriver [-] Listener is running poll /usr/lib/python3/dist-packages/oslo_messaging/_drivers/amqpdriver.py:343
2026-06-01 00:33:50.688 130776 DEBUG oslo_service.service [req-eabce816-787f-4f53-81e6-64e822d632b2 - - - - -] glance.status_code_retries = None log_opt_values /usr/lib/python3/dist-packages/oslo_config/cfg.py:2609
2026-06-01 00:33:50.688 132301 DEBUG oslo_messaging._drivers.amqpdriver [-] AMQPListener connection consume poll /usr/lib/python3/dist-packages/oslo_messaging/_drivers/amqpdriver.py:357
2026-06-01 00:33:50.688 130776 DEBUG oslo_service.service [req-eabce816-787f-4f53-81e6-64e822d632b2 - - - - -] glance.status_code_retry_delay = None log_opt_values /usr/lib/python3/dist-packages/oslo_config/cfg.py:2609
2026-06-01 00:33:50.689 130776 DEBUG oslo_service.service [req-eabce816-787f-4f53-81e6-64e822d632b2 - - - - -] glance.timeout = None log_opt_values /usr/lib/python3/dist-packages/oslo_config/cfg.py:2609
2026-06-01 00:33:50.688 132309 DEBUG oslo_messaging._drivers.amqpdriver [-] Listener is running poll /usr/lib/python3/dist-packages/oslo_messaging/_drivers/amqpdriver.py:343
2026-06-01 00:33:50.689 132309 DEBUG oslo_messaging._drivers.amqpdriver [-] AMQPListener connection consume poll /usr/lib/python3/dist-packages/oslo_messaging/_drivers/amqpdriver.py:357
2026-06-01 00:33:50.689 130776 DEBUG oslo_service.service [req-eabce816-787f-4f53-81e6-64e822d632b2 - - - - -] glance.valid_interfaces = ['internal', 'public'] log_opt_values /usr/lib/python3/dist-packages/oslo_config/cfg.py:2609
2026-06-01 00:33:50.689 130776 DEBUG oslo_service.service [req-eabce816-787f-4f53-81e6-64e822d632b2 - - - - -] glance.verify_glance_signatures = False log_opt_values /usr/lib/python3/dist-packages/oslo_config/cfg.py:2609
2026-06-01 00:33:50.689 130776 DEBUG oslo_service.service [req-eabce816-787f-4f53-81e6-64e822d632b2 - - - - -] glance.version = None log_opt_values /usr/lib/python3/dist-packages/oslo_config/cfg.py:2609
2026-06-01 00:33:50.689 132301 DEBUG nova.service [req-f43d79e8-137c-482e-9b28-3f2514f5a7ac - - - - -] Join ServiceGroup membership for this service conductor start /usr/lib/python3/dist-packages/nova/service.py:199
2026-06-01 00:33:50.689 130776 DEBUG oslo_service.service [req-eabce816-787f-4f53-81e6-64e822d632b2 - - - - -] guestfs.debug = False log_opt_values /usr/lib/python3/dist-packages/oslo_config/cfg.py:2609
2026-06-01 00:33:50.689 132301 DEBUG nova.servicegroup.drivers.db [req-f43d79e8-137c-482e-9b28-3f2514f5a7ac - - - - -] DB_Driver: join new ServiceGroup member juju-4691b1-0-lxd-7 to the conductor group, service = join /usr/lib/python3/dist-packages/nova/servicegroup/drivers/db.py:44
2026-06-01 00:33:50.690 130776 DEBUG oslo_service.service [req-eabce816-787f-4f53-81e6-64e822d632b2 - - - - -] hyperv.config_drive_cdrom = False log_opt_values /usr/lib/python3/dist-packages/oslo_config/cfg.py:2609
2026-06-01 00:33:50.689 132308 DEBUG oslo_messaging._drivers.amqpdriver [-] Listener is running poll /usr/lib/python3/dist-packages/oslo_messaging/_drivers/amqpdriver.py:343
2026-06-01 00:33:50.690 130776 DEBUG oslo_service.service [req-eabce816-787f-4f53-81e6-64e822d632b2 - - - - -] hyperv.config_drive_inject_password = False log_opt_values /usr/lib/python3/dist-packages/oslo_config/cfg.py:2609
2026-06-01 00:33:50.689 132309 DEBUG nova.service [req-3800c6d8-73d0-4b0a-8712-f0a5f767e06b - - - - -] Join ServiceGroup membership for this service conductor start /usr/lib/python3/dist-packages/nova/service.py:199
2026-06-01 00:33:50.690 130776 DEBUG oslo_service.service [req-eabce816-787f-4f53-81e6-64e822d632b2 - - - - -] hyperv.dynamic_memory_ratio = 1.0 log_opt_values /usr/lib/python3/dist-packages/oslo_config/cfg.py:2609
2026-06-01 00:33:50.690 130776 DEBUG oslo_service.service [req-eabce816-787f-4f53-81e6-64e822d632b2 - - - - -] hyperv.enable_instance_metrics_collection = False log_opt_values /usr/lib/python3/dist-packages/oslo_config/cfg.py:2609
2026-06-01 00:33:50.690 132308 DEBUG oslo_messaging._drivers.amqpdriver [-] AMQPListener connection consume poll /usr/lib/python3/dist-packages/oslo_messaging/_drivers/amqpdriver.py:357
2026-06-01 00:33:50.690 130776 DEBUG oslo_service.service [req-eabce816-787f-4f53-81e6-64e822d632b2 - - - - -] hyperv.enable_remotefx = False log_opt_values /usr/lib/python3/dist-packages/oslo_config/cfg.py:2609
2026-06-01 00:33:50.690 130776 DEBUG oslo_service.service [req-eabce816-787f-4f53-81e6-64e822d632b2 - - - - -] hyperv.instances_path_share = log_opt_values /usr/lib/python3/dist-packages/oslo_config/cfg.py:2609
2026-06-01 00:33:50.691 130776 DEBUG oslo_service.service [req-eabce816-787f-4f53-81e6-64e822d632b2 - - - - -] hyperv.iscsi_initiator_list = [] log_opt_values /usr/lib/python3/dist-packages/oslo_config/cfg.py:2609
2026-06-01 00:33:50.691 130776 DEBUG oslo_service.service [req-eabce816-787f-4f53-81e6-64e822d632b2 - - - - -] hyperv.limit_cpu_features = False log_opt_values /usr/lib/python3/dist-packages/oslo_config/cfg.py:2609
2026-06-01 00:33:50.691 130776 DEBUG oslo_service.service [req-eabce816-787f-4f53-81e6-64e822d632b2 - - - - -] hyperv.mounted_disk_query_retry_count = 10 log_opt_values /usr/lib/python3/dist-packages/oslo_config/cfg.py:2609
2026-06-01 00:33:50.691 130776 DEBUG oslo_service.service [req-eabce816-787f-4f53-81e6-64e822d632b2 - - - - -] hyperv.mounted_disk_query_retry_interval = 5 log_opt_values /usr/lib/python3/dist-packages/oslo_config/cfg.py:2609
2026-06-01 00:33:50.690 132309 DEBUG nova.servicegroup.drivers.db [req-3800c6d8-73d0-4b0a-8712-f0a5f767e06b - - - - -] DB_Driver: join new ServiceGroup member juju-4691b1-0-lxd-7 to the conductor group, service = join /usr/lib/python3/dist-packages/nova/servicegroup/drivers/db.py:44
2026-06-01 00:33:50.691 132308 DEBUG nova.service [req-c9027737-6306-496c-88f4-2d9fa864d656 - - - - -] Join ServiceGroup membership for this service conductor start /usr/lib/python3/dist-packages/nova/service.py:199
2026-06-01 00:33:50.691 130776 DEBUG oslo_service.service [req-eabce816-787f-4f53-81e6-64e822d632b2 - - - - -] hyperv.power_state_check_timeframe = 60 log_opt_values /usr/lib/python3/dist-packages/oslo_config/cfg.py:2609
2026-06-01 00:33:50.691 130776 DEBUG oslo_service.service [req-eabce816-787f-4f53-81e6-64e822d632b2 - - - - -] hyperv.power_state_event_polling_interval = 2 log_opt_values /usr/lib/python3/dist-packages/oslo_config/cfg.py:2609
2026-06-01 00:33:50.691 132308 DEBUG nova.servicegroup.drivers.db [req-c9027737-6306-496c-88f4-2d9fa864d656 - - - - -] DB_Driver: join new ServiceGroup member juju-4691b1-0-lxd-7 to the conductor group, service = join /usr/lib/python3/dist-packages/nova/servicegroup/drivers/db.py:44
2026-06-01 00:33:50.692 130776 DEBUG oslo_service.service [req-eabce816-787f-4f53-81e6-64e822d632b2 - - - - -] hyperv.qemu_img_cmd = qemu-img.exe log_opt_values /usr/lib/python3/dist-packages/oslo_config/cfg.py:2609
2026-06-01 00:33:50.692 130776 DEBUG oslo_service.service [req-eabce816-787f-4f53-81e6-64e822d632b2 - - - - -] hyperv.use_multipath_io = False log_opt_values /usr/lib/python3/dist-packages/oslo_config/cfg.py:2609
2026-06-01 00:33:50.692 130776 DEBUG oslo_service.service [req-eabce816-787f-4f53-81e6-64e822d632b2 - - - - -] hyperv.volume_attach_retry_count = 10 log_opt_values /usr/lib/python3/dist-packages/oslo_config/cfg.py:2609
2026-06-01 00:33:50.692 130776 DEBUG oslo_service.service [req-eabce816-787f-4f53-81e6-64e822d632b2 - - - - -] hyperv.volume_attach_retry_interval = 5 log_opt_values /usr/lib/python3/dist-packages/oslo_config/cfg.py:2609
2026-06-01 00:33:50.692 130776 DEBUG oslo_service.service [req-eabce816-787f-4f53-81e6-64e822d632b2 - - - - -] hyperv.vswitch_name = None log_opt_values /usr/lib/python3/dist-packages/oslo_config/cfg.py:2609
2026-06-01 00:33:50.692 132301 DEBUG oslo_messaging._drivers.amqpdriver [-] AMQPListener connection timeout poll /usr/lib/python3/dist-packages/oslo_messaging/_drivers/amqpdriver.py:360
2026-06-01 00:33:50.692 130776 DEBUG oslo_service.service [req-eabce816-787f-4f53-81e6-64e822d632b2 - - - - -] hyperv.wait_soft_reboot_seconds = 60 log_opt_values /usr/lib/python3/dist-packages/oslo_config/cfg.py:2609
2026-06-01 00:33:50.693 132301 DEBUG oslo_messaging._drivers.amqpdriver [-] Listener is running poll /usr/lib/python3/dist-packages/oslo_messaging/_drivers/amqpdriver.py:343
2026-06-01 00:33:50.693 130776 DEBUG oslo_service.service [req-eabce816-787f-4f53-81e6-64e822d632b2 - - - - -] mks.enabled = False log_opt_values /usr/lib/python3/dist-packages/oslo_config/cfg.py:2609
2026-06-01 00:33:50.693 132301 DEBUG oslo_messaging._drivers.amqpdriver [-] AMQPListener connection consume poll /usr/lib/python3/dist-packages/oslo_messaging/_drivers/amqpdriver.py:357
2026-06-01 00:33:50.693 130776 DEBUG oslo_service.service [req-eabce816-787f-4f53-81e6-64e822d632b2 - - - - -] mks.mksproxy_base_url = http://127.0.0.1:6090/ log_opt_values /usr/lib/python3/dist-packages/oslo_config/cfg.py:2609
2026-06-01 00:33:50.694 130776 DEBUG oslo_service.service [req-eabce816-787f-4f53-81e6-64e822d632b2 - - - - -] image_cache.manager_interval = 2400 log_opt_values /usr/lib/python3/dist-packages/oslo_config/cfg.py:2609
2026-06-01 00:33:50.694 130776 DEBUG oslo_service.service [req-eabce816-787f-4f53-81e6-64e822d632b2 - - - - -] image_cache.precache_concurrency = 1 log_opt_values /usr/lib/python3/dist-packages/oslo_config/cfg.py:2609
2026-06-01 00:33:50.694 130776 DEBUG oslo_service.service [req-eabce816-787f-4f53-81e6-64e822d632b2 - - - - -] image_cache.remove_unused_base_images = True log_opt_values /usr/lib/python3/dist-packages/oslo_config/cfg.py:2609
2026-06-01 00:33:50.694 132309 DEBUG oslo_messaging._drivers.amqpdriver [-] AMQPListener connection timeout poll /usr/lib/python3/dist-packages/oslo_messaging/_drivers/amqpdriver.py:360
2026-06-01 00:33:50.694 130776 DEBUG oslo_service.service [req-eabce816-787f-4f53-81e6-64e822d632b2 - - - - -] image_cache.remove_unused_original_minimum_age_seconds = 86400 log_opt_values /usr/lib/python3/dist-packages/oslo_config/cfg.py:2609
2026-06-01 00:33:50.694 132309 DEBUG oslo_messaging._drivers.amqpdriver [-] Listener is running poll /usr/lib/python3/dist-packages/oslo_messaging/_drivers/amqpdriver.py:343
2026-06-01 00:33:50.694 132309 DEBUG oslo_messaging._drivers.amqpdriver [-] AMQPListener connection consume poll /usr/lib/python3/dist-packages/oslo_messaging/_drivers/amqpdriver.py:357
2026-06-01 00:33:50.693 132303 DEBUG oslo_messaging._drivers.amqpdriver [-] Listener is running poll /usr/lib/python3/dist-packages/oslo_messaging/_drivers/amqpdriver.py:343
2026-06-01 00:33:50.695 132308 DEBUG oslo_messaging._drivers.amqpdriver [-] AMQPListener connection timeout poll /usr/lib/python3/dist-packages/oslo_messaging/_drivers/amqpdriver.py:360
2026-06-01 00:33:50.695 132308 DEBUG oslo_messaging._drivers.amqpdriver [-] Listener is running poll /usr/lib/python3/dist-packages/oslo_messaging/_drivers/amqpdriver.py:343
2026-06-01 00:33:50.695 132308 DEBUG oslo_messaging._drivers.amqpdriver [-] AMQPListener connection consume poll /usr/lib/python3/dist-packages/oslo_messaging/_drivers/amqpdriver.py:357
2026-06-01 00:33:50.695 130776 DEBUG oslo_service.service [req-eabce816-787f-4f53-81e6-64e822d632b2 - - - - -] image_cache.remove_unused_resized_minimum_age_seconds = 3600 log_opt_values /usr/lib/python3/dist-packages/oslo_config/cfg.py:2609
2026-06-01 00:33:50.695 130776 DEBUG oslo_service.service [req-eabce816-787f-4f53-81e6-64e822d632b2 - - - - -] image_cache.subdirectory_name = _base log_opt_values /usr/lib/python3/dist-packages/oslo_config/cfg.py:2609
2026-06-01 00:33:50.696 130776 DEBUG oslo_service.service [req-eabce816-787f-4f53-81e6-64e822d632b2 - - - - -] ironic.api_max_retries = 60 log_opt_values /usr/lib/python3/dist-packages/oslo_config/cfg.py:2609
2026-06-01 00:33:50.695 132303 DEBUG oslo_messaging._drivers.amqpdriver [-] AMQPListener connection consume poll /usr/lib/python3/dist-packages/oslo_messaging/_drivers/amqpdriver.py:357
2026-06-01 00:33:50.696 130776 DEBUG oslo_service.service [req-eabce816-787f-4f53-81e6-64e822d632b2 - - - - -] ironic.api_retry_interval = 2 log_opt_values /usr/lib/python3/dist-packages/oslo_config/cfg.py:2609
2026-06-01 00:33:50.697 130776 DEBUG oslo_service.service [req-eabce816-787f-4f53-81e6-64e822d632b2 - - - - -] ironic.auth_section = None log_opt_values /usr/lib/python3/dist-packages/oslo_config/cfg.py:2609
2026-06-01 00:33:50.698 130776 DEBUG oslo_service.service [req-eabce816-787f-4f53-81e6-64e822d632b2 - - - - -] ironic.auth_type = None log_opt_values /usr/lib/python3/dist-packages/oslo_config/cfg.py:2609
2026-06-01 00:33:50.698 130776 DEBUG oslo_service.service [req-eabce816-787f-4f53-81e6-64e822d632b2 - - - - -] ironic.cafile = None log_opt_values /usr/lib/python3/dist-packages/oslo_config/cfg.py:2609
2026-06-01 00:33:50.698 130776 DEBUG oslo_service.service [req-eabce816-787f-4f53-81e6-64e822d632b2 - - - - -] ironic.certfile = None log_opt_values /usr/lib/python3/dist-packages/oslo_config/cfg.py:2609
2026-06-01 00:33:50.698 130776 DEBUG oslo_service.service [req-eabce816-787f-4f53-81e6-64e822d632b2 - - - - -] ironic.collect_timing = False log_opt_values /usr/lib/python3/dist-packages/oslo_config/cfg.py:2609
2026-06-01 00:33:50.698 130776 DEBUG oslo_service.service [req-eabce816-787f-4f53-81e6-64e822d632b2 - - - - -] ironic.connect_retries = None log_opt_values /usr/lib/python3/dist-packages/oslo_config/cfg.py:2609
2026-06-01 00:33:50.699 130776 DEBUG oslo_service.service [req-eabce816-787f-4f53-81e6-64e822d632b2 - - - - -] ironic.connect_retry_delay = None log_opt_values /usr/lib/python3/dist-packages/oslo_config/cfg.py:2609
2026-06-01 00:33:50.699 130776 DEBUG oslo_service.service [req-eabce816-787f-4f53-81e6-64e822d632b2 - - - - -] ironic.endpoint_override = None log_opt_values /usr/lib/python3/dist-packages/oslo_config/cfg.py:2609
2026-06-01 00:33:50.700 130776 DEBUG oslo_service.service [req-eabce816-787f-4f53-81e6-64e822d632b2 - - - - -] ironic.insecure = False log_opt_values /usr/lib/python3/dist-packages/oslo_config/cfg.py:2609
2026-06-01 00:33:50.700 130776 DEBUG oslo_service.service [req-eabce816-787f-4f53-81e6-64e822d632b2 - - - - -] ironic.keyfile = None log_opt_values /usr/lib/python3/dist-packages/oslo_config/cfg.py:2609
2026-06-01 00:33:50.701 130776 DEBUG oslo_service.service [req-eabce816-787f-4f53-81e6-64e822d632b2 - - - - -] ironic.max_version = None log_opt_values /usr/lib/python3/dist-packages/oslo_config/cfg.py:2609
2026-06-01 00:33:50.701 132303 DEBUG nova.service [req-d18293ab-055f-4cb6-8626-3eb7adc0214e - - - - -] Join ServiceGroup membership for this service conductor start /usr/lib/python3/dist-packages/nova/service.py:199
2026-06-01 00:33:50.703 130776 DEBUG oslo_service.service [req-eabce816-787f-4f53-81e6-64e822d632b2 - - - - -] ironic.min_version = None log_opt_values /usr/lib/python3/dist-packages/oslo_config/cfg.py:2609
2026-06-01 00:33:50.704 130776 DEBUG oslo_service.service [req-eabce816-787f-4f53-81e6-64e822d632b2 - - - - -] ironic.partition_key = None log_opt_values /usr/lib/python3/dist-packages/oslo_config/cfg.py:2609
2026-06-01 00:33:50.704 130776 DEBUG oslo_service.service [req-eabce816-787f-4f53-81e6-64e822d632b2 - - - - -] ironic.peer_list = [] log_opt_values /usr/lib/python3/dist-packages/oslo_config/cfg.py:2609
2026-06-01 00:33:50.704 132303 DEBUG nova.servicegroup.drivers.db [req-d18293ab-055f-4cb6-8626-3eb7adc0214e - - - - -] DB_Driver: join new ServiceGroup member juju-4691b1-0-lxd-7 to the conductor group, service = join /usr/lib/python3/dist-packages/nova/servicegroup/drivers/db.py:44
2026-06-01 00:33:50.704 130776 DEBUG oslo_service.service [req-eabce816-787f-4f53-81e6-64e822d632b2 - - - - -] ironic.region_name = None log_opt_values /usr/lib/python3/dist-packages/oslo_config/cfg.py:2609
2026-06-01 00:33:50.704 130776 DEBUG oslo_service.service [req-eabce816-787f-4f53-81e6-64e822d632b2 - - - - -] ironic.serial_console_state_timeout = 10 log_opt_values /usr/lib/python3/dist-packages/oslo_config/cfg.py:2609
2026-06-01 00:33:50.704 130776 DEBUG oslo_service.service [req-eabce816-787f-4f53-81e6-64e822d632b2 - - - - -] ironic.service_name = None log_opt_values /usr/lib/python3/dist-packages/oslo_config/cfg.py:2609
2026-06-01 00:33:50.705 130776 DEBUG oslo_service.service [req-eabce816-787f-4f53-81e6-64e822d632b2 - - - - -] ironic.service_type = baremetal log_opt_values /usr/lib/python3/dist-packages/oslo_config/cfg.py:2609
2026-06-01 00:33:50.705 130776 DEBUG oslo_service.service [req-eabce816-787f-4f53-81e6-64e822d632b2 - - - - -] ironic.split_loggers = False log_opt_values /usr/lib/python3/dist-packages/oslo_config/cfg.py:2609
2026-06-01 00:33:50.705 130776 DEBUG oslo_service.service [req-eabce816-787f-4f53-81e6-64e822d632b2 - - - - -] ironic.status_code_retries = None log_opt_values /usr/lib/python3/dist-packages/oslo_config/cfg.py:2609
2026-06-01 00:33:50.705 130776 DEBUG oslo_service.service [req-eabce816-787f-4f53-81e6-64e822d632b2 - - - - -] ironic.status_code_retry_delay = None log_opt_values /usr/lib/python3/dist-packages/oslo_config/cfg.py:2609
2026-06-01 00:33:50.706 130776 DEBUG oslo_service.service [req-eabce816-787f-4f53-81e6-64e822d632b2 - - - - -] ironic.timeout = None log_opt_values /usr/lib/python3/dist-packages/oslo_config/cfg.py:2609
2026-06-01 00:33:50.706 130776 DEBUG oslo_service.service [req-eabce816-787f-4f53-81e6-64e822d632b2 - - - - -] ironic.valid_interfaces = ['internal', 'public'] log_opt_values /usr/lib/python3/dist-packages/oslo_config/cfg.py:2609
2026-06-01 00:33:50.706 130776 DEBUG oslo_service.service [req-eabce816-787f-4f53-81e6-64e822d632b2 - - - - -] ironic.version = None log_opt_values /usr/lib/python3/dist-packages/oslo_config/cfg.py:2609
2026-06-01 00:33:50.706 130776 DEBUG oslo_service.service [req-eabce816-787f-4f53-81e6-64e822d632b2 - - - - -] key_manager.backend = barbican log_opt_values /usr/lib/python3/dist-packages/oslo_config/cfg.py:2609
2026-06-01 00:33:50.707 130776 DEBUG oslo_service.service [req-eabce816-787f-4f53-81e6-64e822d632b2 - - - - -] key_manager.fixed_key = **** log_opt_values /usr/lib/python3/dist-packages/oslo_config/cfg.py:2609
2026-06-01 00:33:50.707 132303 DEBUG oslo_messaging._drivers.amqpdriver [-] AMQPListener connection timeout poll /usr/lib/python3/dist-packages/oslo_messaging/_drivers/amqpdriver.py:360
2026-06-01 00:33:50.708 132303 DEBUG oslo_messaging._drivers.amqpdriver [-] Listener is running poll /usr/lib/python3/dist-packages/oslo_messaging/_drivers/amqpdriver.py:343
2026-06-01 00:33:50.708 130776 DEBUG oslo_service.service [req-eabce816-787f-4f53-81e6-64e822d632b2 - - - - -] barbican.auth_endpoint = http://localhost/identity/v3 log_opt_values /usr/lib/python3/dist-packages/oslo_config/cfg.py:2609
2026-06-01 00:33:50.708 132303 DEBUG oslo_messaging._drivers.amqpdriver [-] AMQPListener connection consume poll /usr/lib/python3/dist-packages/oslo_messaging/_drivers/amqpdriver.py:357
2026-06-01 00:33:50.708 130776 DEBUG oslo_service.service [req-eabce816-787f-4f53-81e6-64e822d632b2 - - - - -] barbican.barbican_api_version = None log_opt_values /usr/lib/python3/dist-packages/oslo_config/cfg.py:2609
2026-06-01 00:33:50.709 130776 DEBUG oslo_service.service [req-eabce816-787f-4f53-81e6-64e822d632b2 - - - - -] barbican.barbican_endpoint = None log_opt_values /usr/lib/python3/dist-packages/oslo_config/cfg.py:2609
2026-06-01 00:33:50.709 130776 DEBUG oslo_service.service [req-eabce816-787f-4f53-81e6-64e822d632b2 - - - - -] barbican.barbican_endpoint_type = public log_opt_values /usr/lib/python3/dist-packages/oslo_config/cfg.py:2609
2026-06-01 00:33:50.712 130776 DEBUG oslo_service.service [req-eabce816-787f-4f53-81e6-64e822d632b2 - - - - -] barbican.barbican_region_name = None log_opt_values /usr/lib/python3/dist-packages/oslo_config/cfg.py:2609
2026-06-01 00:33:50.712 130776 DEBUG oslo_service.service [req-eabce816-787f-4f53-81e6-64e822d632b2 - - - - -] barbican.cafile = None log_opt_values /usr/lib/python3/dist-packages/oslo_config/cfg.py:2609
2026-06-01 00:33:50.713 130776 DEBUG oslo_service.service [req-eabce816-787f-4f53-81e6-64e822d632b2 - - - - -] barbican.certfile = None log_opt_values /usr/lib/python3/dist-packages/oslo_config/cfg.py:2609
2026-06-01 00:33:50.713 130776 DEBUG oslo_service.service [req-eabce816-787f-4f53-81e6-64e822d632b2 - - - - -] barbican.collect_timing = False log_opt_values /usr/lib/python3/dist-packages/oslo_config/cfg.py:2609
2026-06-01 00:33:50.713 130776 DEBUG oslo_service.service [req-eabce816-787f-4f53-81e6-64e822d632b2 - - - - -] barbican.insecure = False log_opt_values /usr/lib/python3/dist-packages/oslo_config/cfg.py:2609
2026-06-01 00:33:50.713 130776 DEBUG oslo_service.service [req-eabce816-787f-4f53-81e6-64e822d632b2 - - - - -] barbican.keyfile = None log_opt_values /usr/lib/python3/dist-packages/oslo_config/cfg.py:2609
2026-06-01 00:33:50.714 130776 DEBUG oslo_service.service [req-eabce816-787f-4f53-81e6-64e822d632b2 - - - - -] barbican.number_of_retries = 60 log_opt_values /usr/lib/python3/dist-packages/oslo_config/cfg.py:2609
2026-06-01 00:33:50.714 130776 DEBUG oslo_service.service [req-eabce816-787f-4f53-81e6-64e822d632b2 - - - - -] barbican.retry_delay = 1 log_opt_values /usr/lib/python3/dist-packages/oslo_config/cfg.py:2609
2026-06-01 00:33:50.714 130776 DEBUG oslo_service.service [req-eabce816-787f-4f53-81e6-64e822d632b2 - - - - -] barbican.send_service_user_token = False log_opt_values /usr/lib/python3/dist-packages/oslo_config/cfg.py:2609
2026-06-01 00:33:50.714 130776 DEBUG oslo_service.service [req-eabce816-787f-4f53-81e6-64e822d632b2 - - - - -] barbican.split_loggers = False log_opt_values /usr/lib/python3/dist-packages/oslo_config/cfg.py:2609
2026-06-01 00:33:50.715 130776 DEBUG oslo_service.service [req-eabce816-787f-4f53-81e6-64e822d632b2 - - - - -] barbican.timeout = None log_opt_values /usr/lib/python3/dist-packages/oslo_config/cfg.py:2609
2026-06-01 00:33:50.715 130776 DEBUG oslo_service.service [req-eabce816-787f-4f53-81e6-64e822d632b2 - - - - -] barbican.verify_ssl = True log_opt_values /usr/lib/python3/dist-packages/oslo_config/cfg.py:2609
2026-06-01 00:33:50.715 130776 DEBUG oslo_service.service [req-eabce816-787f-4f53-81e6-64e822d632b2 - - - - -] barbican.verify_ssl_path = None log_opt_values /usr/lib/python3/dist-packages/oslo_config/cfg.py:2609
2026-06-01 00:33:50.715 130776 DEBUG oslo_service.service [req-eabce816-787f-4f53-81e6-64e822d632b2 - - - - -] barbican_service_user.auth_section = None log_opt_values /usr/lib/python3/dist-packages/oslo_config/cfg.py:2609
2026-06-01 00:33:50.715 130776 DEBUG oslo_service.service [req-eabce816-787f-4f53-81e6-64e822d632b2 - - - - -] barbican_service_user.auth_type = None log_opt_values /usr/lib/python3/dist-packages/oslo_config/cfg.py:2609
2026-06-01 00:33:50.716 130776 DEBUG oslo_service.service [req-eabce816-787f-4f53-81e6-64e822d632b2 - - - - -] barbican_service_user.cafile = None log_opt_values /usr/lib/python3/dist-packages/oslo_config/cfg.py:2609
2026-06-01 00:33:50.716 130776 DEBUG oslo_service.service [req-eabce816-787f-4f53-81e6-64e822d632b2 - - - - -] barbican_service_user.certfile = None log_opt_values /usr/lib/python3/dist-packages/oslo_config/cfg.py:2609
2026-06-01 00:33:50.716 130776 DEBUG oslo_service.service [req-eabce816-787f-4f53-81e6-64e822d632b2 - - - - -] barbican_service_user.collect_timing = False log_opt_values /usr/lib/python3/dist-packages/oslo_config/cfg.py:2609
2026-06-01 00:33:50.718 130776 DEBUG oslo_service.service [req-eabce816-787f-4f53-81e6-64e822d632b2 - - - - -] barbican_service_user.insecure = False log_opt_values /usr/lib/python3/dist-packages/oslo_config/cfg.py:2609
2026-06-01 00:33:50.718 130776 DEBUG oslo_service.service [req-eabce816-787f-4f53-81e6-64e822d632b2 - - - - -] barbican_service_user.keyfile = None log_opt_values /usr/lib/python3/dist-packages/oslo_config/cfg.py:2609
2026-06-01 00:33:50.718 130776 DEBUG oslo_service.service [req-eabce816-787f-4f53-81e6-64e822d632b2 - - - - -] barbican_service_user.split_loggers = False log_opt_values /usr/lib/python3/dist-packages/oslo_config/cfg.py:2609
2026-06-01 00:33:50.719 130776 DEBUG oslo_service.service [req-eabce816-787f-4f53-81e6-64e822d632b2 - - - - -] barbican_service_user.timeout = None log_opt_values /usr/lib/python3/dist-packages/oslo_config/cfg.py:2609
2026-06-01 00:33:50.719 130776 DEBUG oslo_service.service [req-eabce816-787f-4f53-81e6-64e822d632b2 - - - - -] vault.approle_role_id = None log_opt_values /usr/lib/python3/dist-packages/oslo_config/cfg.py:2609
2026-06-01 00:33:50.719 130776 DEBUG oslo_service.service [req-eabce816-787f-4f53-81e6-64e822d632b2 - - - - -] vault.approle_secret_id = None log_opt_values /usr/lib/python3/dist-packages/oslo_config/cfg.py:2609
2026-06-01 00:33:50.719 130776 DEBUG oslo_service.service [req-eabce816-787f-4f53-81e6-64e822d632b2 - - - - -] vault.cafile = None log_opt_values /usr/lib/python3/dist-packages/oslo_config/cfg.py:2609
2026-06-01 00:33:50.720 130776 DEBUG oslo_service.service [req-eabce816-787f-4f53-81e6-64e822d632b2 - - - - -] vault.certfile = None log_opt_values /usr/lib/python3/dist-packages/oslo_config/cfg.py:2609
2026-06-01 00:33:50.720 130776 DEBUG oslo_service.service [req-eabce816-787f-4f53-81e6-64e822d632b2 - - - - -] vault.collect_timing = False log_opt_values /usr/lib/python3/dist-packages/oslo_config/cfg.py:2609
2026-06-01 00:33:50.720 130776 DEBUG oslo_service.service [req-eabce816-787f-4f53-81e6-64e822d632b2 - - - - -] vault.insecure = False log_opt_values /usr/lib/python3/dist-packages/oslo_config/cfg.py:2609
2026-06-01 00:33:50.720 130776 DEBUG oslo_service.service [req-eabce816-787f-4f53-81e6-64e822d632b2 - - - - -] vault.keyfile = None log_opt_values /usr/lib/python3/dist-packages/oslo_config/cfg.py:2609
2026-06-01 00:33:50.720 130776 DEBUG oslo_service.service [req-eabce816-787f-4f53-81e6-64e822d632b2 - - - - -] vault.kv_mountpoint = secret log_opt_values /usr/lib/python3/dist-packages/oslo_config/cfg.py:2609
2026-06-01 00:33:50.723 130776 DEBUG oslo_service.service [req-eabce816-787f-4f53-81e6-64e822d632b2 - - - - -] vault.kv_version = 2 log_opt_values /usr/lib/python3/dist-packages/oslo_config/cfg.py:2609
2026-06-01 00:33:50.723 130776 DEBUG oslo_service.service [req-eabce816-787f-4f53-81e6-64e822d632b2 - - - - -] vault.namespace = None log_opt_values /usr/lib/python3/dist-packages/oslo_config/cfg.py:2609
2026-06-01 00:33:50.723 130776 DEBUG oslo_service.service [req-eabce816-787f-4f53-81e6-64e822d632b2 - - - - -] vault.root_token_id = None log_opt_values /usr/lib/python3/dist-packages/oslo_config/cfg.py:2609
2026-06-01 00:33:50.723 130776 DEBUG oslo_service.service [req-eabce816-787f-4f53-81e6-64e822d632b2 - - - - -] vault.split_loggers = False log_opt_values /usr/lib/python3/dist-packages/oslo_config/cfg.py:2609
2026-06-01 00:33:50.724 130776 DEBUG oslo_service.service [req-eabce816-787f-4f53-81e6-64e822d632b2 - - - - -] vault.ssl_ca_crt_file = None log_opt_values /usr/lib/python3/dist-packages/oslo_config/cfg.py:2609
2026-06-01 00:33:50.724 130776 DEBUG oslo_service.service [req-eabce816-787f-4f53-81e6-64e822d632b2 - - - - -] vault.timeout = None log_opt_values /usr/lib/python3/dist-packages/oslo_config/cfg.py:2609
2026-06-01 00:33:50.724 130776 DEBUG oslo_service.service [req-eabce816-787f-4f53-81e6-64e822d632b2 - - - - -] vault.use_ssl = False log_opt_values /usr/lib/python3/dist-packages/oslo_config/cfg.py:2609
2026-06-01 00:33:50.724 130776 DEBUG oslo_service.service [req-eabce816-787f-4f53-81e6-64e822d632b2 - - - - -] vault.vault_url = http://127.0.0.1:8200 log_opt_values /usr/lib/python3/dist-packages/oslo_config/cfg.py:2609
2026-06-01 00:33:50.725 130776 DEBUG oslo_service.service [req-eabce816-787f-4f53-81e6-64e822d632b2 - - - - -] keystone.cafile = None log_opt_values /usr/lib/python3/dist-packages/oslo_config/cfg.py:2609
2026-06-01 00:33:50.725 130776 DEBUG oslo_service.service [req-eabce816-787f-4f53-81e6-64e822d632b2 - - - - -] keystone.certfile = None log_opt_values /usr/lib/python3/dist-packages/oslo_config/cfg.py:2609
2026-06-01 00:33:50.725 130776 DEBUG oslo_service.service [req-eabce816-787f-4f53-81e6-64e822d632b2 - - - - -] keystone.collect_timing = False log_opt_values /usr/lib/python3/dist-packages/oslo_config/cfg.py:2609
2026-06-01 00:33:50.725 130776 DEBUG oslo_service.service [req-eabce816-787f-4f53-81e6-64e822d632b2 - - - - -] keystone.connect_retries = None log_opt_values /usr/lib/python3/dist-packages/oslo_config/cfg.py:2609
2026-06-01 00:33:50.725 130776 DEBUG oslo_service.service [req-eabce816-787f-4f53-81e6-64e822d632b2 - - - - -] keystone.connect_retry_delay = None log_opt_values /usr/lib/python3/dist-packages/oslo_config/cfg.py:2609
2026-06-01 00:33:50.726 130776 DEBUG oslo_service.service [req-eabce816-787f-4f53-81e6-64e822d632b2 - - - - -] keystone.endpoint_override = None log_opt_values /usr/lib/python3/dist-packages/oslo_config/cfg.py:2609
2026-06-01 00:33:50.726 130776 DEBUG oslo_service.service [req-eabce816-787f-4f53-81e6-64e822d632b2 - - - - -] keystone.insecure = False log_opt_values /usr/lib/python3/dist-packages/oslo_config/cfg.py:2609
2026-06-01 00:33:50.726 130776 DEBUG oslo_service.service [req-eabce816-787f-4f53-81e6-64e822d632b2 - - - - -] keystone.keyfile = None log_opt_values /usr/lib/python3/dist-packages/oslo_config/cfg.py:2609
2026-06-01 00:33:50.726 130776 DEBUG oslo_service.service [req-eabce816-787f-4f53-81e6-64e822d632b2 - - - - -] keystone.max_version = None log_opt_values /usr/lib/python3/dist-packages/oslo_config/cfg.py:2609
2026-06-01 00:33:50.726 130776 DEBUG oslo_service.service [req-eabce816-787f-4f53-81e6-64e822d632b2 - - - - -] keystone.min_version = None log_opt_values /usr/lib/python3/dist-packages/oslo_config/cfg.py:2609
2026-06-01 00:33:50.726 130776 DEBUG oslo_service.service [req-eabce816-787f-4f53-81e6-64e822d632b2 - - - - -] keystone.region_name = None log_opt_values /usr/lib/python3/dist-packages/oslo_config/cfg.py:2609
2026-06-01 00:33:50.727 130776 DEBUG oslo_service.service [req-eabce816-787f-4f53-81e6-64e822d632b2 - - - - -] keystone.service_name = None log_opt_values /usr/lib/python3/dist-packages/oslo_config/cfg.py:2609
2026-06-01 00:33:50.727 130776 DEBUG oslo_service.service [req-eabce816-787f-4f53-81e6-64e822d632b2 - - - - -] keystone.service_type = identity log_opt_values /usr/lib/python3/dist-packages/oslo_config/cfg.py:2609
2026-06-01 00:33:50.727 130776 DEBUG oslo_service.service [req-eabce816-787f-4f53-81e6-64e822d632b2 - - - - -] keystone.split_loggers = False log_opt_values /usr/lib/python3/dist-packages/oslo_config/cfg.py:2609
2026-06-01 00:33:50.727 130776 DEBUG oslo_service.service [req-eabce816-787f-4f53-81e6-64e822d632b2 - - - - -] keystone.status_code_retries = None log_opt_values /usr/lib/python3/dist-packages/oslo_config/cfg.py:2609
2026-06-01 00:33:50.728 130776 DEBUG oslo_service.service [req-eabce816-787f-4f53-81e6-64e822d632b2 - - - - -] keystone.status_code_retry_delay = None log_opt_values /usr/lib/python3/dist-packages/oslo_config/cfg.py:2609
2026-06-01 00:33:50.728 130776 DEBUG oslo_service.service [req-eabce816-787f-4f53-81e6-64e822d632b2 - - - - -] keystone.timeout = None log_opt_values /usr/lib/python3/dist-packages/oslo_config/cfg.py:2609
2026-06-01 00:33:50.728 130776 DEBUG oslo_service.service [req-eabce816-787f-4f53-81e6-64e822d632b2 - - - - -] keystone.valid_interfaces = ['internal', 'public'] log_opt_values /usr/lib/python3/dist-packages/oslo_config/cfg.py:2609
