2026-06-01 00:35:08.467 136743 DEBUG oslo_service.service [req-fae89fd1-d825-404d-8d38-336554cc44aa - - - - -] internal_service_availability_zone = internal log_opt_values /usr/lib/python3/dist-packages/oslo_config/cfg.py:2602
2026-06-01 00:35:08.468 136743 DEBUG oslo_service.service [req-fae89fd1-d825-404d-8d38-336554cc44aa - - - - -] key = None log_opt_values /usr/lib/python3/dist-packages/oslo_config/cfg.py:2602
2026-06-01 00:35:08.468 136743 DEBUG oslo_service.service [req-fae89fd1-d825-404d-8d38-336554cc44aa - - - - -] live_migration_retry_count = 30 log_opt_values /usr/lib/python3/dist-packages/oslo_config/cfg.py:2602
2026-06-01 00:35:08.468 136743 DEBUG oslo_service.service [req-fae89fd1-d825-404d-8d38-336554cc44aa - - - - -] log_config_append = None log_opt_values /usr/lib/python3/dist-packages/oslo_config/cfg.py:2602
2026-06-01 00:35:08.468 136743 DEBUG oslo_service.service [req-fae89fd1-d825-404d-8d38-336554cc44aa - - - - -] log_date_format = %Y-%m-%d %H:%M:%S log_opt_values /usr/lib/python3/dist-packages/oslo_config/cfg.py:2602
2026-06-01 00:35:08.468 136743 DEBUG oslo_service.service [req-fae89fd1-d825-404d-8d38-336554cc44aa - - - - -] log_dir = /var/log/nova log_opt_values /usr/lib/python3/dist-packages/oslo_config/cfg.py:2602
2026-06-01 00:35:08.468 136743 DEBUG oslo_service.service [req-fae89fd1-d825-404d-8d38-336554cc44aa - - - - -] log_file = /var/log/nova/nova-conductor.log log_opt_values /usr/lib/python3/dist-packages/oslo_config/cfg.py:2602
2026-06-01 00:35:08.468 137660 DEBUG oslo_db.sqlalchemy.engines [req-0582ccd1-a23d-4e66-9a63-bff6f0986666 - - - - -] MySQL server mode set to STRICT_TRANS_TABLES,STRICT_ALL_TABLES,NO_ZERO_IN_DATE,NO_ZERO_DATE,ERROR_FOR_DIVISION_BY_ZERO,TRADITIONAL,NO_ENGINE_SUBSTITUTION _check_effective_sql_mode /usr/lib/python3/dist-packages/oslo_db/sqlalchemy/engines.py:314
2026-06-01 00:35:08.469 137654 DEBUG oslo_db.sqlalchemy.engines [req-48008603-931a-42f0-ba9f-a8a5c2256941 - - - - -] MySQL server mode set to STRICT_TRANS_TABLES,STRICT_ALL_TABLES,NO_ZERO_IN_DATE,NO_ZERO_DATE,ERROR_FOR_DIVISION_BY_ZERO,TRADITIONAL,NO_ENGINE_SUBSTITUTION _check_effective_sql_mode /usr/lib/python3/dist-packages/oslo_db/sqlalchemy/engines.py:314
2026-06-01 00:35:08.472 136743 DEBUG oslo_service.service [req-fae89fd1-d825-404d-8d38-336554cc44aa - - - - -] log_options = True log_opt_values /usr/lib/python3/dist-packages/oslo_config/cfg.py:2602
2026-06-01 00:35:08.473 136743 DEBUG oslo_service.service [req-fae89fd1-d825-404d-8d38-336554cc44aa - - - - -] log_rotate_interval = 1 log_opt_values /usr/lib/python3/dist-packages/oslo_config/cfg.py:2602
2026-06-01 00:35:08.473 136743 DEBUG oslo_service.service [req-fae89fd1-d825-404d-8d38-336554cc44aa - - - - -] log_rotate_interval_type = days log_opt_values /usr/lib/python3/dist-packages/oslo_config/cfg.py:2602
2026-06-01 00:35:08.473 136743 DEBUG oslo_service.service [req-fae89fd1-d825-404d-8d38-336554cc44aa - - - - -] log_rotation_type = none log_opt_values /usr/lib/python3/dist-packages/oslo_config/cfg.py:2602
2026-06-01 00:35:08.473 136743 DEBUG oslo_service.service [req-fae89fd1-d825-404d-8d38-336554cc44aa - - - - -] logging_context_format_string = %(asctime)s.%(msecs)03d %(process)d %(levelname)s %(name)s [%(request_id)s %(user_identity)s] %(instance)s%(message)s log_opt_values /usr/lib/python3/dist-packages/oslo_config/cfg.py:2602
2026-06-01 00:35:08.473 136743 DEBUG oslo_service.service [req-fae89fd1-d825-404d-8d38-336554cc44aa - - - - -] logging_debug_format_suffix = %(funcName)s %(pathname)s:%(lineno)d log_opt_values /usr/lib/python3/dist-packages/oslo_config/cfg.py:2602
2026-06-01 00:35:08.473 136743 DEBUG oslo_service.service [req-fae89fd1-d825-404d-8d38-336554cc44aa - - - - -] logging_default_format_string = %(asctime)s.%(msecs)03d %(process)d %(levelname)s %(name)s [-] %(instance)s%(message)s log_opt_values /usr/lib/python3/dist-packages/oslo_config/cfg.py:2602
2026-06-01 00:35:08.474 136743 DEBUG oslo_service.service [req-fae89fd1-d825-404d-8d38-336554cc44aa - - - - -] logging_exception_prefix = %(asctime)s.%(msecs)03d %(process)d ERROR %(name)s %(instance)s log_opt_values /usr/lib/python3/dist-packages/oslo_config/cfg.py:2602
2026-06-01 00:35:08.474 136743 DEBUG oslo_service.service [req-fae89fd1-d825-404d-8d38-336554cc44aa - - - - -] logging_user_identity_format = %(user)s %(project)s %(domain)s %(user_domain)s %(project_domain)s log_opt_values /usr/lib/python3/dist-packages/oslo_config/cfg.py:2602
2026-06-01 00:35:08.474 136743 DEBUG oslo_service.service [req-fae89fd1-d825-404d-8d38-336554cc44aa - - - - -] long_rpc_timeout = 1800 log_opt_values /usr/lib/python3/dist-packages/oslo_config/cfg.py:2602
2026-06-01 00:35:08.474 136743 DEBUG oslo_service.service [req-fae89fd1-d825-404d-8d38-336554cc44aa - - - - -] max_concurrent_builds = 10 log_opt_values /usr/lib/python3/dist-packages/oslo_config/cfg.py:2602
2026-06-01 00:35:08.474 136743 DEBUG oslo_service.service [req-fae89fd1-d825-404d-8d38-336554cc44aa - - - - -] max_concurrent_live_migrations = 1 log_opt_values /usr/lib/python3/dist-packages/oslo_config/cfg.py:2602
2026-06-01 00:35:08.475 136743 DEBUG oslo_service.service [req-fae89fd1-d825-404d-8d38-336554cc44aa - - - - -] max_concurrent_snapshots = 5 log_opt_values /usr/lib/python3/dist-packages/oslo_config/cfg.py:2602
2026-06-01 00:35:08.475 136743 DEBUG oslo_service.service [req-fae89fd1-d825-404d-8d38-336554cc44aa - - - - -] max_local_block_devices = 3 log_opt_values /usr/lib/python3/dist-packages/oslo_config/cfg.py:2602
2026-06-01 00:35:08.475 136743 DEBUG oslo_service.service [req-fae89fd1-d825-404d-8d38-336554cc44aa - - - - -] max_logfile_count = 30 log_opt_values /usr/lib/python3/dist-packages/oslo_config/cfg.py:2602
2026-06-01 00:35:08.477 136743 DEBUG oslo_service.service [req-fae89fd1-d825-404d-8d38-336554cc44aa - - - - -] max_logfile_size_mb = 200 log_opt_values /usr/lib/python3/dist-packages/oslo_config/cfg.py:2602
2026-06-01 00:35:08.477 136743 DEBUG oslo_service.service [req-fae89fd1-d825-404d-8d38-336554cc44aa - - - - -] maximum_instance_delete_attempts = 5 log_opt_values /usr/lib/python3/dist-packages/oslo_config/cfg.py:2602
2026-06-01 00:35:08.477 136743 DEBUG oslo_service.service [req-fae89fd1-d825-404d-8d38-336554cc44aa - - - - -] metadata_listen = 0.0.0.0 log_opt_values /usr/lib/python3/dist-packages/oslo_config/cfg.py:2602
2026-06-01 00:35:08.477 136743 DEBUG oslo_service.service [req-fae89fd1-d825-404d-8d38-336554cc44aa - - - - -] metadata_listen_port = 8765 log_opt_values /usr/lib/python3/dist-packages/oslo_config/cfg.py:2602
2026-06-01 00:35:08.477 136743 DEBUG oslo_service.service [req-fae89fd1-d825-404d-8d38-336554cc44aa - - - - -] metadata_workers = None log_opt_values /usr/lib/python3/dist-packages/oslo_config/cfg.py:2602
2026-06-01 00:35:08.478 136743 DEBUG oslo_service.service [req-fae89fd1-d825-404d-8d38-336554cc44aa - - - - -] migrate_max_retries = -1 log_opt_values /usr/lib/python3/dist-packages/oslo_config/cfg.py:2602
2026-06-01 00:35:08.477 137653 DEBUG nova.service [req-59d364d2-5dad-4bbf-8447-5032e8afd7e4 - - - - -] Creating RPC server for service conductor start /usr/lib/python3/dist-packages/nova/service.py:182
2026-06-01 00:35:08.478 136743 DEBUG oslo_service.service [req-fae89fd1-d825-404d-8d38-336554cc44aa - - - - -] mkisofs_cmd = genisoimage log_opt_values /usr/lib/python3/dist-packages/oslo_config/cfg.py:2602
2026-06-01 00:35:08.478 136743 DEBUG oslo_service.service [req-fae89fd1-d825-404d-8d38-336554cc44aa - - - - -] my_block_storage_ip = 252.129.105.239 log_opt_values /usr/lib/python3/dist-packages/oslo_config/cfg.py:2602
2026-06-01 00:35:08.478 136743 DEBUG oslo_service.service [req-fae89fd1-d825-404d-8d38-336554cc44aa - - - - -] my_ip = 252.129.105.239 log_opt_values /usr/lib/python3/dist-packages/oslo_config/cfg.py:2602
2026-06-01 00:35:08.478 136743 DEBUG oslo_service.service [req-fae89fd1-d825-404d-8d38-336554cc44aa - - - - -] network_allocate_retries = 0 log_opt_values /usr/lib/python3/dist-packages/oslo_config/cfg.py:2602
2026-06-01 00:35:08.479 136743 DEBUG oslo_service.service [req-fae89fd1-d825-404d-8d38-336554cc44aa - - - - -] non_inheritable_image_properties = ['cache_in_nova', 'bittorrent'] log_opt_values /usr/lib/python3/dist-packages/oslo_config/cfg.py:2602
2026-06-01 00:35:08.479 136743 DEBUG oslo_service.service [req-fae89fd1-d825-404d-8d38-336554cc44aa - - - - -] osapi_compute_listen = 0.0.0.0 log_opt_values /usr/lib/python3/dist-packages/oslo_config/cfg.py:2602
2026-06-01 00:35:08.479 136743 DEBUG oslo_service.service [req-fae89fd1-d825-404d-8d38-336554cc44aa - - - - -] osapi_compute_listen_port = 8764 log_opt_values /usr/lib/python3/dist-packages/oslo_config/cfg.py:2602
2026-06-01 00:35:08.479 136743 DEBUG oslo_service.service [req-fae89fd1-d825-404d-8d38-336554cc44aa - - - - -] osapi_compute_unique_server_name_scope = log_opt_values /usr/lib/python3/dist-packages/oslo_config/cfg.py:2602
2026-06-01 00:35:08.479 136743 DEBUG oslo_service.service [req-fae89fd1-d825-404d-8d38-336554cc44aa - - - - -] osapi_compute_workers = 4 log_opt_values /usr/lib/python3/dist-packages/oslo_config/cfg.py:2602
2026-06-01 00:35:08.480 136743 DEBUG oslo_service.service [req-fae89fd1-d825-404d-8d38-336554cc44aa - - - - -] password_length = 12 log_opt_values /usr/lib/python3/dist-packages/oslo_config/cfg.py:2602
2026-06-01 00:35:08.480 136743 DEBUG oslo_service.service [req-fae89fd1-d825-404d-8d38-336554cc44aa - - - - -] periodic_enable = True log_opt_values /usr/lib/python3/dist-packages/oslo_config/cfg.py:2602
2026-06-01 00:35:08.480 136743 DEBUG oslo_service.service [req-fae89fd1-d825-404d-8d38-336554cc44aa - - - - -] periodic_fuzzy_delay = 60 log_opt_values /usr/lib/python3/dist-packages/oslo_config/cfg.py:2602
2026-06-01 00:35:08.480 136743 DEBUG oslo_service.service [req-fae89fd1-d825-404d-8d38-336554cc44aa - - - - -] pointer_model = usbtablet log_opt_values /usr/lib/python3/dist-packages/oslo_config/cfg.py:2602
2026-06-01 00:35:08.480 136743 DEBUG oslo_service.service [req-fae89fd1-d825-404d-8d38-336554cc44aa - - - - -] preallocate_images = none log_opt_values /usr/lib/python3/dist-packages/oslo_config/cfg.py:2602
2026-06-01 00:35:08.480 136743 DEBUG oslo_service.service [req-fae89fd1-d825-404d-8d38-336554cc44aa - - - - -] publish_errors = False log_opt_values /usr/lib/python3/dist-packages/oslo_config/cfg.py:2602
2026-06-01 00:35:08.481 136743 DEBUG oslo_service.service [req-fae89fd1-d825-404d-8d38-336554cc44aa - - - - -] pybasedir = /usr/lib/python3/dist-packages log_opt_values /usr/lib/python3/dist-packages/oslo_config/cfg.py:2602
2026-06-01 00:35:08.481 136743 DEBUG oslo_service.service [req-fae89fd1-d825-404d-8d38-336554cc44aa - - - - -] ram_allocation_ratio = 0.98 log_opt_values /usr/lib/python3/dist-packages/oslo_config/cfg.py:2602
2026-06-01 00:35:08.481 136743 DEBUG oslo_service.service [req-fae89fd1-d825-404d-8d38-336554cc44aa - - - - -] rate_limit_burst = 0 log_opt_values /usr/lib/python3/dist-packages/oslo_config/cfg.py:2602
2026-06-01 00:35:08.481 136743 DEBUG oslo_service.service [req-fae89fd1-d825-404d-8d38-336554cc44aa - - - - -] rate_limit_except_level = CRITICAL log_opt_values /usr/lib/python3/dist-packages/oslo_config/cfg.py:2602
2026-06-01 00:35:08.481 136743 DEBUG oslo_service.service [req-fae89fd1-d825-404d-8d38-336554cc44aa - - - - -] rate_limit_interval = 0 log_opt_values /usr/lib/python3/dist-packages/oslo_config/cfg.py:2602
2026-06-01 00:35:08.481 136743 DEBUG oslo_service.service [req-fae89fd1-d825-404d-8d38-336554cc44aa - - - - -] reboot_timeout = 0 log_opt_values /usr/lib/python3/dist-packages/oslo_config/cfg.py:2602
2026-06-01 00:35:08.482 136743 DEBUG oslo_service.service [req-fae89fd1-d825-404d-8d38-336554cc44aa - - - - -] reclaim_instance_interval = 0 log_opt_values /usr/lib/python3/dist-packages/oslo_config/cfg.py:2602
2026-06-01 00:35:08.482 136743 DEBUG oslo_service.service [req-fae89fd1-d825-404d-8d38-336554cc44aa - - - - -] record = None log_opt_values /usr/lib/python3/dist-packages/oslo_config/cfg.py:2602
2026-06-01 00:35:08.482 136743 DEBUG oslo_service.service [req-fae89fd1-d825-404d-8d38-336554cc44aa - - - - -] report_interval = 10 log_opt_values /usr/lib/python3/dist-packages/oslo_config/cfg.py:2602
2026-06-01 00:35:08.482 136743 DEBUG oslo_service.service [req-fae89fd1-d825-404d-8d38-336554cc44aa - - - - -] rescue_timeout = 0 log_opt_values /usr/lib/python3/dist-packages/oslo_config/cfg.py:2602
2026-06-01 00:35:08.482 136743 DEBUG oslo_service.service [req-fae89fd1-d825-404d-8d38-336554cc44aa - - - - -] reserved_host_cpus = 0 log_opt_values /usr/lib/python3/dist-packages/oslo_config/cfg.py:2602
2026-06-01 00:35:08.482 136743 DEBUG oslo_service.service [req-fae89fd1-d825-404d-8d38-336554cc44aa - - - - -] reserved_host_disk_mb = 0 log_opt_values /usr/lib/python3/dist-packages/oslo_config/cfg.py:2602
2026-06-01 00:35:08.482 136743 DEBUG oslo_service.service [req-fae89fd1-d825-404d-8d38-336554cc44aa - - - - -] reserved_host_memory_mb = 512 log_opt_values /usr/lib/python3/dist-packages/oslo_config/cfg.py:2602
2026-06-01 00:35:08.483 136743 DEBUG oslo_service.service [req-fae89fd1-d825-404d-8d38-336554cc44aa - - - - -] reserved_huge_pages = None log_opt_values /usr/lib/python3/dist-packages/oslo_config/cfg.py:2602
2026-06-01 00:35:08.483 136743 DEBUG oslo_service.service [req-fae89fd1-d825-404d-8d38-336554cc44aa - - - - -] resize_confirm_window = 0 log_opt_values /usr/lib/python3/dist-packages/oslo_config/cfg.py:2602
2026-06-01 00:35:08.483 136743 DEBUG oslo_service.service [req-fae89fd1-d825-404d-8d38-336554cc44aa - - - - -] resize_fs_using_block_device = False log_opt_values /usr/lib/python3/dist-packages/oslo_config/cfg.py:2602
2026-06-01 00:35:08.484 136743 DEBUG oslo_service.service [req-fae89fd1-d825-404d-8d38-336554cc44aa - - - - -] resume_guests_state_on_host_boot = False log_opt_values /usr/lib/python3/dist-packages/oslo_config/cfg.py:2602
2026-06-01 00:35:08.484 136743 DEBUG oslo_service.service [req-fae89fd1-d825-404d-8d38-336554cc44aa - - - - -] rootwrap_config = /etc/nova/rootwrap.conf log_opt_values /usr/lib/python3/dist-packages/oslo_config/cfg.py:2602
2026-06-01 00:35:08.484 136743 DEBUG oslo_service.service [req-fae89fd1-d825-404d-8d38-336554cc44aa - - - - -] rpc_response_timeout = 60 log_opt_values /usr/lib/python3/dist-packages/oslo_config/cfg.py:2602
2026-06-01 00:35:08.484 136743 DEBUG oslo_service.service [req-fae89fd1-d825-404d-8d38-336554cc44aa - - - - -] run_external_periodic_tasks = True log_opt_values /usr/lib/python3/dist-packages/oslo_config/cfg.py:2602
2026-06-01 00:35:08.485 136743 DEBUG oslo_service.service [req-fae89fd1-d825-404d-8d38-336554cc44aa - - - - -] running_deleted_instance_action = reap log_opt_values /usr/lib/python3/dist-packages/oslo_config/cfg.py:2602
2026-06-01 00:35:08.485 136743 DEBUG oslo_service.service [req-fae89fd1-d825-404d-8d38-336554cc44aa - - - - -] running_deleted_instance_poll_interval = 1800 log_opt_values /usr/lib/python3/dist-packages/oslo_config/cfg.py:2602
2026-06-01 00:35:08.485 136743 DEBUG oslo_service.service [req-fae89fd1-d825-404d-8d38-336554cc44aa - - - - -] running_deleted_instance_timeout = 0 log_opt_values /usr/lib/python3/dist-packages/oslo_config/cfg.py:2602
2026-06-01 00:35:08.485 136743 DEBUG oslo_service.service [req-fae89fd1-d825-404d-8d38-336554cc44aa - - - - -] scheduler_instance_sync_interval = 120 log_opt_values /usr/lib/python3/dist-packages/oslo_config/cfg.py:2602
2026-06-01 00:35:08.485 136743 DEBUG oslo_service.service [req-fae89fd1-d825-404d-8d38-336554cc44aa - - - - -] service_down_time = 60 log_opt_values /usr/lib/python3/dist-packages/oslo_config/cfg.py:2602
2026-06-01 00:35:08.486 137660 DEBUG nova.service [req-0582ccd1-a23d-4e66-9a63-bff6f0986666 - - - - -] Creating RPC server for service conductor start /usr/lib/python3/dist-packages/nova/service.py:182
2026-06-01 00:35:08.487 136743 DEBUG oslo_service.service [req-fae89fd1-d825-404d-8d38-336554cc44aa - - - - -] servicegroup_driver = db log_opt_values /usr/lib/python3/dist-packages/oslo_config/cfg.py:2602
2026-06-01 00:35:08.487 136743 DEBUG oslo_service.service [req-fae89fd1-d825-404d-8d38-336554cc44aa - - - - -] shelved_offload_time = 0 log_opt_values /usr/lib/python3/dist-packages/oslo_config/cfg.py:2602
2026-06-01 00:35:08.487 136743 DEBUG oslo_service.service [req-fae89fd1-d825-404d-8d38-336554cc44aa - - - - -] shelved_poll_interval = 3600 log_opt_values /usr/lib/python3/dist-packages/oslo_config/cfg.py:2602
2026-06-01 00:35:08.487 136743 DEBUG oslo_service.service [req-fae89fd1-d825-404d-8d38-336554cc44aa - - - - -] shutdown_timeout = 60 log_opt_values /usr/lib/python3/dist-packages/oslo_config/cfg.py:2602
2026-06-01 00:35:08.488 136743 DEBUG oslo_service.service [req-fae89fd1-d825-404d-8d38-336554cc44aa - - - - -] source_is_ipv6 = False log_opt_values /usr/lib/python3/dist-packages/oslo_config/cfg.py:2602
2026-06-01 00:35:08.487 137654 DEBUG nova.service [req-48008603-931a-42f0-ba9f-a8a5c2256941 - - - - -] Creating RPC server for service conductor start /usr/lib/python3/dist-packages/nova/service.py:182
2026-06-01 00:35:08.488 136743 DEBUG oslo_service.service [req-fae89fd1-d825-404d-8d38-336554cc44aa - - - - -] ssl_only = False log_opt_values /usr/lib/python3/dist-packages/oslo_config/cfg.py:2602
2026-06-01 00:35:08.488 136743 DEBUG oslo_service.service [req-fae89fd1-d825-404d-8d38-336554cc44aa - - - - -] state_path = /var/lib/nova log_opt_values /usr/lib/python3/dist-packages/oslo_config/cfg.py:2602
2026-06-01 00:35:08.488 136743 DEBUG oslo_service.service [req-fae89fd1-d825-404d-8d38-336554cc44aa - - - - -] sync_power_state_interval = 600 log_opt_values /usr/lib/python3/dist-packages/oslo_config/cfg.py:2602
2026-06-01 00:35:08.488 136743 DEBUG oslo_service.service [req-fae89fd1-d825-404d-8d38-336554cc44aa - - - - -] sync_power_state_pool_size = 1000 log_opt_values /usr/lib/python3/dist-packages/oslo_config/cfg.py:2602
2026-06-01 00:35:08.488 136743 DEBUG oslo_service.service [req-fae89fd1-d825-404d-8d38-336554cc44aa - - - - -] syslog_log_facility = LOG_USER log_opt_values /usr/lib/python3/dist-packages/oslo_config/cfg.py:2602
2026-06-01 00:35:08.489 136743 DEBUG oslo_service.service [req-fae89fd1-d825-404d-8d38-336554cc44aa - - - - -] tempdir = None log_opt_values /usr/lib/python3/dist-packages/oslo_config/cfg.py:2602
2026-06-01 00:35:08.489 136743 DEBUG oslo_service.service [req-fae89fd1-d825-404d-8d38-336554cc44aa - - - - -] timeout_nbd = 10 log_opt_values /usr/lib/python3/dist-packages/oslo_config/cfg.py:2602
2026-06-01 00:35:08.489 136743 DEBUG oslo_service.service [req-fae89fd1-d825-404d-8d38-336554cc44aa - - - - -] transport_url = **** log_opt_values /usr/lib/python3/dist-packages/oslo_config/cfg.py:2602
2026-06-01 00:35:08.489 136743 DEBUG oslo_service.service [req-fae89fd1-d825-404d-8d38-336554cc44aa - - - - -] update_resources_interval = 0 log_opt_values /usr/lib/python3/dist-packages/oslo_config/cfg.py:2602
2026-06-01 00:35:08.489 136743 DEBUG oslo_service.service [req-fae89fd1-d825-404d-8d38-336554cc44aa - - - - -] use_cow_images = True log_opt_values /usr/lib/python3/dist-packages/oslo_config/cfg.py:2602
2026-06-01 00:35:08.490 136743 DEBUG oslo_service.service [req-fae89fd1-d825-404d-8d38-336554cc44aa - - - - -] use_eventlog = False log_opt_values /usr/lib/python3/dist-packages/oslo_config/cfg.py:2602
2026-06-01 00:35:08.490 136743 DEBUG oslo_service.service [req-fae89fd1-d825-404d-8d38-336554cc44aa - - - - -] use_journal = False log_opt_values /usr/lib/python3/dist-packages/oslo_config/cfg.py:2602
2026-06-01 00:35:08.490 136743 DEBUG oslo_service.service [req-fae89fd1-d825-404d-8d38-336554cc44aa - - - - -] use_json = False log_opt_values /usr/lib/python3/dist-packages/oslo_config/cfg.py:2602
2026-06-01 00:35:08.490 136743 DEBUG oslo_service.service [req-fae89fd1-d825-404d-8d38-336554cc44aa - - - - -] use_rootwrap_daemon = False log_opt_values /usr/lib/python3/dist-packages/oslo_config/cfg.py:2602
2026-06-01 00:35:08.490 136743 DEBUG oslo_service.service [req-fae89fd1-d825-404d-8d38-336554cc44aa - - - - -] use_stderr = False log_opt_values /usr/lib/python3/dist-packages/oslo_config/cfg.py:2602
2026-06-01 00:35:08.490 136743 DEBUG oslo_service.service [req-fae89fd1-d825-404d-8d38-336554cc44aa - - - - -] use_syslog = False log_opt_values /usr/lib/python3/dist-packages/oslo_config/cfg.py:2602
2026-06-01 00:35:08.491 136743 DEBUG oslo_service.service [req-fae89fd1-d825-404d-8d38-336554cc44aa - - - - -] vcpu_pin_set = None log_opt_values /usr/lib/python3/dist-packages/oslo_config/cfg.py:2602
2026-06-01 00:35:08.491 136743 DEBUG oslo_service.service [req-fae89fd1-d825-404d-8d38-336554cc44aa - - - - -] vif_plugging_is_fatal = True log_opt_values /usr/lib/python3/dist-packages/oslo_config/cfg.py:2602
2026-06-01 00:35:08.491 136743 DEBUG oslo_service.service [req-fae89fd1-d825-404d-8d38-336554cc44aa - - - - -] vif_plugging_timeout = 300 log_opt_values /usr/lib/python3/dist-packages/oslo_config/cfg.py:2602
2026-06-01 00:35:08.491 136743 DEBUG oslo_service.service [req-fae89fd1-d825-404d-8d38-336554cc44aa - - - - -] virt_mkfs = [] log_opt_values /usr/lib/python3/dist-packages/oslo_config/cfg.py:2602
2026-06-01 00:35:08.492 136743 DEBUG oslo_service.service [req-fae89fd1-d825-404d-8d38-336554cc44aa - - - - -] volume_usage_poll_interval = 0 log_opt_values /usr/lib/python3/dist-packages/oslo_config/cfg.py:2602
2026-06-01 00:35:08.492 136743 DEBUG oslo_service.service [req-fae89fd1-d825-404d-8d38-336554cc44aa - - - - -] watch_log_file = False log_opt_values /usr/lib/python3/dist-packages/oslo_config/cfg.py:2602
2026-06-01 00:35:08.492 136743 DEBUG oslo_service.service [req-fae89fd1-d825-404d-8d38-336554cc44aa - - - - -] web = /usr/share/spice-html5 log_opt_values /usr/lib/python3/dist-packages/oslo_config/cfg.py:2602
2026-06-01 00:35:08.492 136743 DEBUG oslo_service.service [req-fae89fd1-d825-404d-8d38-336554cc44aa - - - - -] oslo_concurrency.disable_process_locking = False log_opt_values /usr/lib/python3/dist-packages/oslo_config/cfg.py:2609
2026-06-01 00:35:08.493 136743 DEBUG oslo_service.service [req-fae89fd1-d825-404d-8d38-336554cc44aa - - - - -] oslo_concurrency.lock_path = /var/lock/nova log_opt_values /usr/lib/python3/dist-packages/oslo_config/cfg.py:2609
2026-06-01 00:35:08.493 136743 DEBUG oslo_service.service [req-fae89fd1-d825-404d-8d38-336554cc44aa - - - - -] oslo_messaging_metrics.metrics_buffer_size = 1000 log_opt_values /usr/lib/python3/dist-packages/oslo_config/cfg.py:2609
2026-06-01 00:35:08.493 136743 DEBUG oslo_service.service [req-fae89fd1-d825-404d-8d38-336554cc44aa - - - - -] oslo_messaging_metrics.metrics_enabled = False log_opt_values /usr/lib/python3/dist-packages/oslo_config/cfg.py:2609
2026-06-01 00:35:08.493 136743 DEBUG oslo_service.service [req-fae89fd1-d825-404d-8d38-336554cc44aa - - - - -] oslo_messaging_metrics.metrics_process_name = log_opt_values /usr/lib/python3/dist-packages/oslo_config/cfg.py:2609
2026-06-01 00:35:08.494 136743 DEBUG oslo_service.service [req-fae89fd1-d825-404d-8d38-336554cc44aa - - - - -] oslo_messaging_metrics.metrics_socket_file = /var/tmp/metrics_collector.sock log_opt_values /usr/lib/python3/dist-packages/oslo_config/cfg.py:2609
2026-06-01 00:35:08.494 136743 DEBUG oslo_service.service [req-fae89fd1-d825-404d-8d38-336554cc44aa - - - - -] oslo_messaging_metrics.metrics_thread_stop_timeout = 10 log_opt_values /usr/lib/python3/dist-packages/oslo_config/cfg.py:2609
2026-06-01 00:35:08.495 136743 WARNING oslo_config.cfg [req-fae89fd1-d825-404d-8d38-336554cc44aa - - - - -] Deprecated: Option "auth_strategy" from group "api" is deprecated for removal ( The only non-default choice, ``noauth2``, is for internal development and testing purposes only and should not be used in deployments. This option and its middleware, NoAuthMiddleware[V2_18], will be removed in a future release. ). Its value may be silently ignored in the future.
2026-06-01 00:35:08.495 136743 DEBUG oslo_service.service [req-fae89fd1-d825-404d-8d38-336554cc44aa - - - - -] api.auth_strategy = keystone log_opt_values /usr/lib/python3/dist-packages/oslo_config/cfg.py:2609
2026-06-01 00:35:08.495 136743 DEBUG oslo_service.service [req-fae89fd1-d825-404d-8d38-336554cc44aa - - - - -] api.compute_link_prefix = None log_opt_values /usr/lib/python3/dist-packages/oslo_config/cfg.py:2609
2026-06-01 00:35:08.495 136743 DEBUG oslo_service.service [req-fae89fd1-d825-404d-8d38-336554cc44aa - - - - -] api.config_drive_skip_versions = 1.0 2007-01-19 2007-03-01 2007-08-29 2007-10-10 2007-12-15 2008-02-01 2008-09-01 log_opt_values /usr/lib/python3/dist-packages/oslo_config/cfg.py:2609
2026-06-01 00:35:08.496 136743 DEBUG oslo_service.service [req-fae89fd1-d825-404d-8d38-336554cc44aa - - - - -] api.dhcp_domain = novalocal log_opt_values /usr/lib/python3/dist-packages/oslo_config/cfg.py:2609
2026-06-01 00:35:08.496 136743 DEBUG oslo_service.service [req-fae89fd1-d825-404d-8d38-336554cc44aa - - - - -] api.enable_instance_password = True log_opt_values /usr/lib/python3/dist-packages/oslo_config/cfg.py:2609
2026-06-01 00:35:08.497 136743 DEBUG oslo_service.service [req-fae89fd1-d825-404d-8d38-336554cc44aa - - - - -] api.glance_link_prefix = None log_opt_values /usr/lib/python3/dist-packages/oslo_config/cfg.py:2609
2026-06-01 00:35:08.497 136743 DEBUG oslo_service.service [req-fae89fd1-d825-404d-8d38-336554cc44aa - - - - -] api.instance_list_cells_batch_fixed_size = 100 log_opt_values /usr/lib/python3/dist-packages/oslo_config/cfg.py:2609
2026-06-01 00:35:08.498 136743 DEBUG oslo_service.service [req-fae89fd1-d825-404d-8d38-336554cc44aa - - - - -] api.instance_list_cells_batch_strategy = distributed log_opt_values /usr/lib/python3/dist-packages/oslo_config/cfg.py:2609
2026-06-01 00:35:08.498 136743 DEBUG oslo_service.service [req-fae89fd1-d825-404d-8d38-336554cc44aa - - - - -] api.instance_list_per_project_cells = False log_opt_values /usr/lib/python3/dist-packages/oslo_config/cfg.py:2609
2026-06-01 00:35:08.498 136743 DEBUG oslo_service.service [req-fae89fd1-d825-404d-8d38-336554cc44aa - - - - -] api.list_records_by_skipping_down_cells = True log_opt_values /usr/lib/python3/dist-packages/oslo_config/cfg.py:2609
2026-06-01 00:35:08.498 136743 DEBUG oslo_service.service [req-fae89fd1-d825-404d-8d38-336554cc44aa - - - - -] api.local_metadata_per_cell = False log_opt_values /usr/lib/python3/dist-packages/oslo_config/cfg.py:2609
2026-06-01 00:35:08.498 136743 DEBUG oslo_service.service [req-fae89fd1-d825-404d-8d38-336554cc44aa - - - - -] api.max_limit = 1000 log_opt_values /usr/lib/python3/dist-packages/oslo_config/cfg.py:2609
2026-06-01 00:35:08.498 136743 DEBUG oslo_service.service [req-fae89fd1-d825-404d-8d38-336554cc44aa - - - - -] api.metadata_cache_expiration = 15 log_opt_values /usr/lib/python3/dist-packages/oslo_config/cfg.py:2609
2026-06-01 00:35:08.499 136743 DEBUG oslo_service.service [req-fae89fd1-d825-404d-8d38-336554cc44aa - - - - -] api.neutron_default_tenant_id = default log_opt_values /usr/lib/python3/dist-packages/oslo_config/cfg.py:2609
2026-06-01 00:35:08.499 136743 DEBUG oslo_service.service [req-fae89fd1-d825-404d-8d38-336554cc44aa - - - - -] api.use_forwarded_for = False log_opt_values /usr/lib/python3/dist-packages/oslo_config/cfg.py:2609
2026-06-01 00:35:08.500 136743 DEBUG oslo_service.service [req-fae89fd1-d825-404d-8d38-336554cc44aa - - - - -] api.use_neutron_default_nets = False log_opt_values /usr/lib/python3/dist-packages/oslo_config/cfg.py:2609
2026-06-01 00:35:08.500 136743 DEBUG oslo_service.service [req-fae89fd1-d825-404d-8d38-336554cc44aa - - - - -] api.vendordata_dynamic_connect_timeout = 5 log_opt_values /usr/lib/python3/dist-packages/oslo_config/cfg.py:2609
2026-06-01 00:35:08.500 136743 DEBUG oslo_service.service [req-fae89fd1-d825-404d-8d38-336554cc44aa - - - - -] api.vendordata_dynamic_failure_fatal = False log_opt_values /usr/lib/python3/dist-packages/oslo_config/cfg.py:2609
2026-06-01 00:35:08.501 136743 DEBUG oslo_service.service [req-fae89fd1-d825-404d-8d38-336554cc44aa - - - - -] api.vendordata_dynamic_read_timeout = 5 log_opt_values /usr/lib/python3/dist-packages/oslo_config/cfg.py:2609
2026-06-01 00:35:08.501 136743 DEBUG oslo_service.service [req-fae89fd1-d825-404d-8d38-336554cc44aa - - - - -] api.vendordata_dynamic_ssl_certfile = log_opt_values /usr/lib/python3/dist-packages/oslo_config/cfg.py:2609
2026-06-01 00:35:08.501 136743 DEBUG oslo_service.service [req-fae89fd1-d825-404d-8d38-336554cc44aa - - - - -] api.vendordata_dynamic_targets = [] log_opt_values /usr/lib/python3/dist-packages/oslo_config/cfg.py:2609
2026-06-01 00:35:08.501 136743 DEBUG oslo_service.service [req-fae89fd1-d825-404d-8d38-336554cc44aa - - - - -] api.vendordata_jsonfile_path = None log_opt_values /usr/lib/python3/dist-packages/oslo_config/cfg.py:2609
2026-06-01 00:35:08.502 136743 DEBUG oslo_service.service [req-fae89fd1-d825-404d-8d38-336554cc44aa - - - - -] api.vendordata_providers = ['StaticJSON'] log_opt_values /usr/lib/python3/dist-packages/oslo_config/cfg.py:2609
2026-06-01 00:35:08.502 136743 DEBUG oslo_service.service [req-fae89fd1-d825-404d-8d38-336554cc44aa - - - - -] cache.backend = dogpile.cache.null log_opt_values /usr/lib/python3/dist-packages/oslo_config/cfg.py:2609
2026-06-01 00:35:08.502 136743 DEBUG oslo_service.service [req-fae89fd1-d825-404d-8d38-336554cc44aa - - - - -] cache.backend_argument = **** log_opt_values /usr/lib/python3/dist-packages/oslo_config/cfg.py:2609
2026-06-01 00:35:08.502 136743 DEBUG oslo_service.service [req-fae89fd1-d825-404d-8d38-336554cc44aa - - - - -] cache.config_prefix = cache.oslo log_opt_values /usr/lib/python3/dist-packages/oslo_config/cfg.py:2609
2026-06-01 00:35:08.502 136743 DEBUG oslo_service.service [req-fae89fd1-d825-404d-8d38-336554cc44aa - - - - -] cache.debug_cache_backend = False log_opt_values /usr/lib/python3/dist-packages/oslo_config/cfg.py:2609
2026-06-01 00:35:08.503 136743 DEBUG oslo_service.service [req-fae89fd1-d825-404d-8d38-336554cc44aa - - - - -] cache.enabled = False log_opt_values /usr/lib/python3/dist-packages/oslo_config/cfg.py:2609
2026-06-01 00:35:08.503 136743 DEBUG oslo_service.service [req-fae89fd1-d825-404d-8d38-336554cc44aa - - - - -] cache.expiration_time = 600 log_opt_values /usr/lib/python3/dist-packages/oslo_config/cfg.py:2609
2026-06-01 00:35:08.503 136743 DEBUG oslo_service.service [req-fae89fd1-d825-404d-8d38-336554cc44aa - - - - -] cache.memcache_dead_retry = 300 log_opt_values /usr/lib/python3/dist-packages/oslo_config/cfg.py:2609
2026-06-01 00:35:08.503 136743 DEBUG oslo_service.service [req-fae89fd1-d825-404d-8d38-336554cc44aa - - - - -] cache.memcache_pool_connection_get_timeout = 10 log_opt_values /usr/lib/python3/dist-packages/oslo_config/cfg.py:2609
2026-06-01 00:35:08.503 136743 DEBUG oslo_service.service [req-fae89fd1-d825-404d-8d38-336554cc44aa - - - - -] cache.memcache_pool_flush_on_reconnect = False log_opt_values /usr/lib/python3/dist-packages/oslo_config/cfg.py:2609
2026-06-01 00:35:08.504 136743 DEBUG oslo_service.service [req-fae89fd1-d825-404d-8d38-336554cc44aa - - - - -] cache.memcache_pool_maxsize = 10 log_opt_values /usr/lib/python3/dist-packages/oslo_config/cfg.py:2609
2026-06-01 00:35:08.504 136743 DEBUG oslo_service.service [req-fae89fd1-d825-404d-8d38-336554cc44aa - - - - -] cache.memcache_pool_unused_timeout = 60 log_opt_values /usr/lib/python3/dist-packages/oslo_config/cfg.py:2609
2026-06-01 00:35:08.504 136743 DEBUG oslo_service.service [req-fae89fd1-d825-404d-8d38-336554cc44aa - - - - -] cache.memcache_servers = ['localhost:11211'] log_opt_values /usr/lib/python3/dist-packages/oslo_config/cfg.py:2609
2026-06-01 00:35:08.504 136743 DEBUG oslo_service.service [req-fae89fd1-d825-404d-8d38-336554cc44aa - - - - -] cache.memcache_socket_timeout = 1.0 log_opt_values /usr/lib/python3/dist-packages/oslo_config/cfg.py:2609
2026-06-01 00:35:08.505 136743 DEBUG oslo_service.service [req-fae89fd1-d825-404d-8d38-336554cc44aa - - - - -] cache.proxies = [] log_opt_values /usr/lib/python3/dist-packages/oslo_config/cfg.py:2609
2026-06-01 00:35:08.505 136743 DEBUG oslo_service.service [req-fae89fd1-d825-404d-8d38-336554cc44aa - - - - -] cache.tls_allowed_ciphers = None log_opt_values /usr/lib/python3/dist-packages/oslo_config/cfg.py:2609
2026-06-01 00:35:08.505 136743 DEBUG oslo_service.service [req-fae89fd1-d825-404d-8d38-336554cc44aa - - - - -] cache.tls_cafile = None log_opt_values /usr/lib/python3/dist-packages/oslo_config/cfg.py:2609
2026-06-01 00:35:08.505 136743 DEBUG oslo_service.service [req-fae89fd1-d825-404d-8d38-336554cc44aa - - - - -] cache.tls_certfile = None log_opt_values /usr/lib/python3/dist-packages/oslo_config/cfg.py:2609
2026-06-01 00:35:08.505 136743 DEBUG oslo_service.service [req-fae89fd1-d825-404d-8d38-336554cc44aa - - - - -] cache.tls_enabled = False log_opt_values /usr/lib/python3/dist-packages/oslo_config/cfg.py:2609
2026-06-01 00:35:08.506 136743 DEBUG oslo_service.service [req-fae89fd1-d825-404d-8d38-336554cc44aa - - - - -] cache.tls_keyfile = None log_opt_values /usr/lib/python3/dist-packages/oslo_config/cfg.py:2609
2026-06-01 00:35:08.506 136743 DEBUG oslo_service.service [req-fae89fd1-d825-404d-8d38-336554cc44aa - - - - -] cinder.auth_section = None log_opt_values /usr/lib/python3/dist-packages/oslo_config/cfg.py:2609
2026-06-01 00:35:08.506 136743 DEBUG oslo_service.service [req-fae89fd1-d825-404d-8d38-336554cc44aa - - - - -] cinder.auth_type = None log_opt_values /usr/lib/python3/dist-packages/oslo_config/cfg.py:2609
2026-06-01 00:35:08.506 136743 DEBUG oslo_service.service [req-fae89fd1-d825-404d-8d38-336554cc44aa - - - - -] cinder.cafile = None log_opt_values /usr/lib/python3/dist-packages/oslo_config/cfg.py:2609
2026-06-01 00:35:08.507 136743 DEBUG oslo_service.service [req-fae89fd1-d825-404d-8d38-336554cc44aa - - - - -] cinder.catalog_info = volumev3::publicURL log_opt_values /usr/lib/python3/dist-packages/oslo_config/cfg.py:2609
2026-06-01 00:35:08.507 137653 DEBUG oslo_messaging._drivers.amqpdriver [-] Listener is running poll /usr/lib/python3/dist-packages/oslo_messaging/_drivers/amqpdriver.py:343
2026-06-01 00:35:08.507 137653 DEBUG oslo_messaging._drivers.amqpdriver [-] AMQPListener connection consume poll /usr/lib/python3/dist-packages/oslo_messaging/_drivers/amqpdriver.py:357
2026-06-01 00:35:08.507 136743 DEBUG oslo_service.service [req-fae89fd1-d825-404d-8d38-336554cc44aa - - - - -] cinder.certfile = None log_opt_values /usr/lib/python3/dist-packages/oslo_config/cfg.py:2609
2026-06-01 00:35:08.507 136743 DEBUG oslo_service.service [req-fae89fd1-d825-404d-8d38-336554cc44aa - - - - -] cinder.collect_timing = False log_opt_values /usr/lib/python3/dist-packages/oslo_config/cfg.py:2609
2026-06-01 00:35:08.507 136743 DEBUG oslo_service.service [req-fae89fd1-d825-404d-8d38-336554cc44aa - - - - -] cinder.cross_az_attach = True log_opt_values /usr/lib/python3/dist-packages/oslo_config/cfg.py:2609
2026-06-01 00:35:08.507 137653 DEBUG nova.service [req-59d364d2-5dad-4bbf-8447-5032e8afd7e4 - - - - -] Join ServiceGroup membership for this service conductor start /usr/lib/python3/dist-packages/nova/service.py:199
2026-06-01 00:35:08.508 136743 DEBUG oslo_service.service [req-fae89fd1-d825-404d-8d38-336554cc44aa - - - - -] cinder.debug = False log_opt_values /usr/lib/python3/dist-packages/oslo_config/cfg.py:2609
2026-06-01 00:35:08.508 136743 DEBUG oslo_service.service [req-fae89fd1-d825-404d-8d38-336554cc44aa - - - - -] cinder.endpoint_template = None log_opt_values /usr/lib/python3/dist-packages/oslo_config/cfg.py:2609
2026-06-01 00:35:08.508 137653 DEBUG nova.servicegroup.drivers.db [req-59d364d2-5dad-4bbf-8447-5032e8afd7e4 - - - - -] DB_Driver: join new ServiceGroup member juju-4691b1-0-lxd-7 to the conductor group, service = join /usr/lib/python3/dist-packages/nova/servicegroup/drivers/db.py:44
2026-06-01 00:35:08.508 136743 DEBUG oslo_service.service [req-fae89fd1-d825-404d-8d38-336554cc44aa - - - - -] cinder.http_retries = 3 log_opt_values /usr/lib/python3/dist-packages/oslo_config/cfg.py:2609
2026-06-01 00:35:08.508 136743 DEBUG oslo_service.service [req-fae89fd1-d825-404d-8d38-336554cc44aa - - - - -] cinder.insecure = False log_opt_values /usr/lib/python3/dist-packages/oslo_config/cfg.py:2609
2026-06-01 00:35:08.508 136743 DEBUG oslo_service.service [req-fae89fd1-d825-404d-8d38-336554cc44aa - - - - -] cinder.keyfile = None log_opt_values /usr/lib/python3/dist-packages/oslo_config/cfg.py:2609
2026-06-01 00:35:08.508 136743 DEBUG oslo_service.service [req-fae89fd1-d825-404d-8d38-336554cc44aa - - - - -] cinder.os_region_name = None log_opt_values /usr/lib/python3/dist-packages/oslo_config/cfg.py:2609
2026-06-01 00:35:08.509 136743 DEBUG oslo_service.service [req-fae89fd1-d825-404d-8d38-336554cc44aa - - - - -] cinder.split_loggers = False log_opt_values /usr/lib/python3/dist-packages/oslo_config/cfg.py:2609
2026-06-01 00:35:08.509 136743 DEBUG oslo_service.service [req-fae89fd1-d825-404d-8d38-336554cc44aa - - - - -] cinder.timeout = None log_opt_values /usr/lib/python3/dist-packages/oslo_config/cfg.py:2609
2026-06-01 00:35:08.509 136743 DEBUG oslo_service.service [req-fae89fd1-d825-404d-8d38-336554cc44aa - - - - -] compute.consecutive_build_service_disable_threshold = 10 log_opt_values /usr/lib/python3/dist-packages/oslo_config/cfg.py:2609
2026-06-01 00:35:08.509 136743 DEBUG oslo_service.service [req-fae89fd1-d825-404d-8d38-336554cc44aa - - - - -] compute.cpu_dedicated_set = None log_opt_values /usr/lib/python3/dist-packages/oslo_config/cfg.py:2609
2026-06-01 00:35:08.509 137653 DEBUG oslo_messaging._drivers.amqpdriver [-] received message msg_id: d6554c92df04418a9e05b951a07f8fd0 reply to reply_a9e9b2878b2a4629ae3700eec5473416 __call__ /usr/lib/python3/dist-packages/oslo_messaging/_drivers/amqpdriver.py:320
2026-06-01 00:35:08.509 136743 DEBUG oslo_service.service [req-fae89fd1-d825-404d-8d38-336554cc44aa - - - - -] compute.cpu_shared_set = None log_opt_values /usr/lib/python3/dist-packages/oslo_config/cfg.py:2609
2026-06-01 00:35:08.510 136743 DEBUG oslo_service.service [req-fae89fd1-d825-404d-8d38-336554cc44aa - - - - -] compute.image_type_exclude_list = [] log_opt_values /usr/lib/python3/dist-packages/oslo_config/cfg.py:2609
2026-06-01 00:35:08.510 136743 DEBUG oslo_service.service [req-fae89fd1-d825-404d-8d38-336554cc44aa - - - - -] compute.live_migration_wait_for_vif_plug = True log_opt_values /usr/lib/python3/dist-packages/oslo_config/cfg.py:2609
2026-06-01 00:35:08.510 136743 DEBUG oslo_service.service [req-fae89fd1-d825-404d-8d38-336554cc44aa - - - - -] compute.max_concurrent_disk_ops = 0 log_opt_values /usr/lib/python3/dist-packages/oslo_config/cfg.py:2609
2026-06-01 00:35:08.511 136743 DEBUG oslo_service.service [req-fae89fd1-d825-404d-8d38-336554cc44aa - - - - -] compute.max_disk_devices_to_attach = -1 log_opt_values /usr/lib/python3/dist-packages/oslo_config/cfg.py:2609
2026-06-01 00:35:08.511 136743 DEBUG oslo_service.service [req-fae89fd1-d825-404d-8d38-336554cc44aa - - - - -] compute.packing_host_numa_cells_allocation_strategy = True log_opt_values /usr/lib/python3/dist-packages/oslo_config/cfg.py:2609
2026-06-01 00:35:08.511 137653 DEBUG oslo_messaging._drivers.amqpdriver [-] AMQPListener connection timeout poll /usr/lib/python3/dist-packages/oslo_messaging/_drivers/amqpdriver.py:360
2026-06-01 00:35:08.511 136743 DEBUG oslo_service.service [req-fae89fd1-d825-404d-8d38-336554cc44aa - - - - -] compute.provider_config_location = /etc/nova/provider_config/ log_opt_values /usr/lib/python3/dist-packages/oslo_config/cfg.py:2609
2026-06-01 00:35:08.512 137653 DEBUG oslo_messaging._drivers.amqpdriver [-] Listener is running poll /usr/lib/python3/dist-packages/oslo_messaging/_drivers/amqpdriver.py:343
2026-06-01 00:35:08.512 137653 DEBUG oslo_messaging._drivers.amqpdriver [-] Poll the incoming message with unique_id: 345fe4bb2ce147888d3ebe236424ab17 poll /usr/lib/python3/dist-packages/oslo_messaging/_drivers/amqpdriver.py:346
2026-06-01 00:35:08.512 136743 DEBUG oslo_service.service [req-fae89fd1-d825-404d-8d38-336554cc44aa - - - - -] compute.resource_provider_association_refresh = 300 log_opt_values /usr/lib/python3/dist-packages/oslo_config/cfg.py:2609
2026-06-01 00:35:08.512 136743 DEBUG oslo_service.service [req-fae89fd1-d825-404d-8d38-336554cc44aa - - - - -] compute.shutdown_retry_interval = 10 log_opt_values /usr/lib/python3/dist-packages/oslo_config/cfg.py:2609
2026-06-01 00:35:08.512 136743 DEBUG oslo_service.service [req-fae89fd1-d825-404d-8d38-336554cc44aa - - - - -] compute.vmdk_allowed_types = ['streamOptimized', 'monolithicSparse'] log_opt_values /usr/lib/python3/dist-packages/oslo_config/cfg.py:2609
2026-06-01 00:35:08.512 137653 DEBUG oslo_messaging._drivers.amqpdriver [-] Listener is running poll /usr/lib/python3/dist-packages/oslo_messaging/_drivers/amqpdriver.py:343
2026-06-01 00:35:08.512 137653 DEBUG oslo_messaging._drivers.amqpdriver [-] AMQPListener connection consume poll /usr/lib/python3/dist-packages/oslo_messaging/_drivers/amqpdriver.py:357
2026-06-01 00:35:08.512 136743 DEBUG oslo_service.service [req-fae89fd1-d825-404d-8d38-336554cc44aa - - - - -] conductor.workers = 4 log_opt_values /usr/lib/python3/dist-packages/oslo_config/cfg.py:2609
2026-06-01 00:35:08.512 137647 DEBUG oslo_messaging._drivers.amqpdriver [-] Listener is running poll /usr/lib/python3/dist-packages/oslo_messaging/_drivers/amqpdriver.py:343
2026-06-01 00:35:08.512 136743 DEBUG oslo_service.service [req-fae89fd1-d825-404d-8d38-336554cc44aa - - - - -] console.allowed_origins = [] log_opt_values /usr/lib/python3/dist-packages/oslo_config/cfg.py:2609
2026-06-01 00:35:08.513 136743 DEBUG oslo_service.service [req-fae89fd1-d825-404d-8d38-336554cc44aa - - - - -] console.ssl_ciphers = None log_opt_values /usr/lib/python3/dist-packages/oslo_config/cfg.py:2609
2026-06-01 00:35:08.513 137647 DEBUG oslo_messaging._drivers.amqpdriver [-] AMQPListener connection consume poll /usr/lib/python3/dist-packages/oslo_messaging/_drivers/amqpdriver.py:357
2026-06-01 00:35:08.513 136743 DEBUG oslo_service.service [req-fae89fd1-d825-404d-8d38-336554cc44aa - - - - -] console.ssl_minimum_version = default log_opt_values /usr/lib/python3/dist-packages/oslo_config/cfg.py:2609
2026-06-01 00:35:08.513 136743 DEBUG oslo_service.service [req-fae89fd1-d825-404d-8d38-336554cc44aa - - - - -] consoleauth.token_ttl = 600 log_opt_values /usr/lib/python3/dist-packages/oslo_config/cfg.py:2609
2026-06-01 00:35:08.513 136743 DEBUG oslo_service.service [req-fae89fd1-d825-404d-8d38-336554cc44aa - - - - -] cyborg.cafile = None log_opt_values /usr/lib/python3/dist-packages/oslo_config/cfg.py:2609
2026-06-01 00:35:08.513 136743 DEBUG oslo_service.service [req-fae89fd1-d825-404d-8d38-336554cc44aa - - - - -] cyborg.certfile = None log_opt_values /usr/lib/python3/dist-packages/oslo_config/cfg.py:2609
2026-06-01 00:35:08.514 136743 DEBUG oslo_service.service [req-fae89fd1-d825-404d-8d38-336554cc44aa - - - - -] cyborg.collect_timing = False log_opt_values /usr/lib/python3/dist-packages/oslo_config/cfg.py:2609
2026-06-01 00:35:08.514 136743 DEBUG oslo_service.service [req-fae89fd1-d825-404d-8d38-336554cc44aa - - - - -] cyborg.connect_retries = None log_opt_values /usr/lib/python3/dist-packages/oslo_config/cfg.py:2609
2026-06-01 00:35:08.514 136743 DEBUG oslo_service.service [req-fae89fd1-d825-404d-8d38-336554cc44aa - - - - -] cyborg.connect_retry_delay = None log_opt_values /usr/lib/python3/dist-packages/oslo_config/cfg.py:2609
2026-06-01 00:35:08.514 136743 DEBUG oslo_service.service [req-fae89fd1-d825-404d-8d38-336554cc44aa - - - - -] cyborg.endpoint_override = None log_opt_values /usr/lib/python3/dist-packages/oslo_config/cfg.py:2609
2026-06-01 00:35:08.515 136743 DEBUG oslo_service.service [req-fae89fd1-d825-404d-8d38-336554cc44aa - - - - -] cyborg.insecure = False log_opt_values /usr/lib/python3/dist-packages/oslo_config/cfg.py:2609
2026-06-01 00:35:08.515 136743 DEBUG oslo_service.service [req-fae89fd1-d825-404d-8d38-336554cc44aa - - - - -] cyborg.keyfile = None log_opt_values /usr/lib/python3/dist-packages/oslo_config/cfg.py:2609
2026-06-01 00:35:08.515 136743 DEBUG oslo_service.service [req-fae89fd1-d825-404d-8d38-336554cc44aa - - - - -] cyborg.max_version = None log_opt_values /usr/lib/python3/dist-packages/oslo_config/cfg.py:2609
2026-06-01 00:35:08.516 136743 DEBUG oslo_service.service [req-fae89fd1-d825-404d-8d38-336554cc44aa - - - - -] cyborg.min_version = None log_opt_values /usr/lib/python3/dist-packages/oslo_config/cfg.py:2609
2026-06-01 00:35:08.516 137647 DEBUG nova.service [req-4e58d742-0cae-4123-8fb2-9eeb607bd947 - - - - -] Join ServiceGroup membership for this service conductor start /usr/lib/python3/dist-packages/nova/service.py:199
2026-06-01 00:35:08.516 137653 DEBUG oslo_messaging._drivers.amqpdriver [req-a3accd4b-0536-42bf-a44e-da4d8e26882b - - - - -] sending reply msg_id: d6554c92df04418a9e05b951a07f8fd0 reply queue: reply_a9e9b2878b2a4629ae3700eec5473416 time elapsed: 0.00684909599999628s _send_reply /usr/lib/python3/dist-packages/oslo_messaging/_drivers/amqpdriver.py:118
2026-06-01 00:35:08.516 136743 DEBUG oslo_service.service [req-fae89fd1-d825-404d-8d38-336554cc44aa - - - - -] cyborg.region_name = None log_opt_values /usr/lib/python3/dist-packages/oslo_config/cfg.py:2609
2026-06-01 00:35:08.517 137647 DEBUG nova.servicegroup.drivers.db [req-4e58d742-0cae-4123-8fb2-9eeb607bd947 - - - - -] DB_Driver: join new ServiceGroup member juju-4691b1-0-lxd-7 to the conductor group, service = join /usr/lib/python3/dist-packages/nova/servicegroup/drivers/db.py:44
2026-06-01 00:35:08.517 136743 DEBUG oslo_service.service [req-fae89fd1-d825-404d-8d38-336554cc44aa - - - - -] cyborg.service_name = None log_opt_values /usr/lib/python3/dist-packages/oslo_config/cfg.py:2609
2026-06-01 00:35:08.517 136743 DEBUG oslo_service.service [req-fae89fd1-d825-404d-8d38-336554cc44aa - - - - -] cyborg.service_type = accelerator log_opt_values /usr/lib/python3/dist-packages/oslo_config/cfg.py:2609
2026-06-01 00:35:08.517 137647 DEBUG oslo_messaging._drivers.amqpdriver [-] AMQPListener connection timeout poll /usr/lib/python3/dist-packages/oslo_messaging/_drivers/amqpdriver.py:360
2026-06-01 00:35:08.517 136743 DEBUG oslo_service.service [req-fae89fd1-d825-404d-8d38-336554cc44aa - - - - -] cyborg.split_loggers = False log_opt_values /usr/lib/python3/dist-packages/oslo_config/cfg.py:2609
2026-06-01 00:35:08.518 137647 DEBUG oslo_messaging._drivers.amqpdriver [-] Listener is running poll /usr/lib/python3/dist-packages/oslo_messaging/_drivers/amqpdriver.py:343
2026-06-01 00:35:08.518 137647 DEBUG oslo_messaging._drivers.amqpdriver [-] AMQPListener connection consume poll /usr/lib/python3/dist-packages/oslo_messaging/_drivers/amqpdriver.py:357
2026-06-01 00:35:08.518 136743 DEBUG oslo_service.service [req-fae89fd1-d825-404d-8d38-336554cc44aa - - - - -] cyborg.status_code_retries = None log_opt_values /usr/lib/python3/dist-packages/oslo_config/cfg.py:2609
2026-06-01 00:35:08.519 136743 DEBUG oslo_service.service [req-fae89fd1-d825-404d-8d38-336554cc44aa - - - - -] cyborg.status_code_retry_delay = None log_opt_values /usr/lib/python3/dist-packages/oslo_config/cfg.py:2609
2026-06-01 00:35:08.520 136743 DEBUG oslo_service.service [req-fae89fd1-d825-404d-8d38-336554cc44aa - - - - -] cyborg.timeout = None log_opt_values /usr/lib/python3/dist-packages/oslo_config/cfg.py:2609
2026-06-01 00:35:08.520 136743 DEBUG oslo_service.service [req-fae89fd1-d825-404d-8d38-336554cc44aa - - - - -] cyborg.valid_interfaces = ['internal', 'public'] log_opt_values /usr/lib/python3/dist-packages/oslo_config/cfg.py:2609
2026-06-01 00:35:08.521 136743 DEBUG oslo_service.service [req-fae89fd1-d825-404d-8d38-336554cc44aa - - - - -] cyborg.version = None log_opt_values /usr/lib/python3/dist-packages/oslo_config/cfg.py:2609
2026-06-01 00:35:08.521 136743 DEBUG oslo_service.service [req-fae89fd1-d825-404d-8d38-336554cc44aa - - - - -] database.backend = sqlalchemy log_opt_values /usr/lib/python3/dist-packages/oslo_config/cfg.py:2609
2026-06-01 00:35:08.521 136743 DEBUG oslo_service.service [req-fae89fd1-d825-404d-8d38-336554cc44aa - - - - -] database.connection = **** log_opt_values /usr/lib/python3/dist-packages/oslo_config/cfg.py:2609
2026-06-01 00:35:08.521 136743 DEBUG oslo_service.service [req-fae89fd1-d825-404d-8d38-336554cc44aa - - - - -] database.connection_debug = 0 log_opt_values /usr/lib/python3/dist-packages/oslo_config/cfg.py:2609
2026-06-01 00:35:08.521 136743 DEBUG oslo_service.service [req-fae89fd1-d825-404d-8d38-336554cc44aa - - - - -] database.connection_parameters = log_opt_values /usr/lib/python3/dist-packages/oslo_config/cfg.py:2609
2026-06-01 00:35:08.522 136743 DEBUG oslo_service.service [req-fae89fd1-d825-404d-8d38-336554cc44aa - - - - -] database.connection_recycle_time = 3600 log_opt_values /usr/lib/python3/dist-packages/oslo_config/cfg.py:2609
2026-06-01 00:35:08.521 137654 DEBUG oslo_messaging._drivers.amqpdriver [-] Listener is running poll /usr/lib/python3/dist-packages/oslo_messaging/_drivers/amqpdriver.py:343
2026-06-01 00:35:08.522 136743 DEBUG oslo_service.service [req-fae89fd1-d825-404d-8d38-336554cc44aa - - - - -] database.connection_trace = False log_opt_values /usr/lib/python3/dist-packages/oslo_config/cfg.py:2609
2026-06-01 00:35:08.522 137654 DEBUG oslo_messaging._drivers.amqpdriver [-] AMQPListener connection consume poll /usr/lib/python3/dist-packages/oslo_messaging/_drivers/amqpdriver.py:357
2026-06-01 00:35:08.522 136743 DEBUG oslo_service.service [req-fae89fd1-d825-404d-8d38-336554cc44aa - - - - -] database.db_inc_retry_interval = True log_opt_values /usr/lib/python3/dist-packages/oslo_config/cfg.py:2609
2026-06-01 00:35:08.522 136743 DEBUG oslo_service.service [req-fae89fd1-d825-404d-8d38-336554cc44aa - - - - -] database.db_max_retries = 20 log_opt_values /usr/lib/python3/dist-packages/oslo_config/cfg.py:2609
