2026-05-28 00:36:40.860 138925 DEBUG oslo_service.service [req-50a03ed0-8d06-4489-af0d-49753b5aff67 - - - - -] oslo_limit.cafile = None log_opt_values /usr/lib/python3/dist-packages/oslo_config/cfg.py:2609
2026-05-28 00:36:40.860 138925 DEBUG oslo_service.service [req-50a03ed0-8d06-4489-af0d-49753b5aff67 - - - - -] oslo_limit.certfile = None log_opt_values /usr/lib/python3/dist-packages/oslo_config/cfg.py:2609
2026-05-28 00:36:40.861 138925 DEBUG oslo_service.service [req-50a03ed0-8d06-4489-af0d-49753b5aff67 - - - - -] oslo_limit.collect_timing = False log_opt_values /usr/lib/python3/dist-packages/oslo_config/cfg.py:2609
2026-05-28 00:36:40.861 138925 DEBUG oslo_service.service [req-50a03ed0-8d06-4489-af0d-49753b5aff67 - - - - -] oslo_limit.connect_retries = None log_opt_values /usr/lib/python3/dist-packages/oslo_config/cfg.py:2609
2026-05-28 00:36:40.861 138925 DEBUG oslo_service.service [req-50a03ed0-8d06-4489-af0d-49753b5aff67 - - - - -] oslo_limit.connect_retry_delay = None log_opt_values /usr/lib/python3/dist-packages/oslo_config/cfg.py:2609
2026-05-28 00:36:40.861 138925 DEBUG oslo_service.service [req-50a03ed0-8d06-4489-af0d-49753b5aff67 - - - - -] oslo_limit.endpoint_id = None log_opt_values /usr/lib/python3/dist-packages/oslo_config/cfg.py:2609
2026-05-28 00:36:40.861 138925 DEBUG oslo_service.service [req-50a03ed0-8d06-4489-af0d-49753b5aff67 - - - - -] oslo_limit.endpoint_override = None log_opt_values /usr/lib/python3/dist-packages/oslo_config/cfg.py:2609
2026-05-28 00:36:40.861 138925 DEBUG oslo_service.service [req-50a03ed0-8d06-4489-af0d-49753b5aff67 - - - - -] oslo_limit.insecure = False log_opt_values /usr/lib/python3/dist-packages/oslo_config/cfg.py:2609
2026-05-28 00:36:40.862 138925 DEBUG oslo_service.service [req-50a03ed0-8d06-4489-af0d-49753b5aff67 - - - - -] oslo_limit.keyfile = None log_opt_values /usr/lib/python3/dist-packages/oslo_config/cfg.py:2609
2026-05-28 00:36:40.862 138925 DEBUG oslo_service.service [req-50a03ed0-8d06-4489-af0d-49753b5aff67 - - - - -] oslo_limit.max_version = None log_opt_values /usr/lib/python3/dist-packages/oslo_config/cfg.py:2609
2026-05-28 00:36:40.862 138925 DEBUG oslo_service.service [req-50a03ed0-8d06-4489-af0d-49753b5aff67 - - - - -] oslo_limit.min_version = None log_opt_values /usr/lib/python3/dist-packages/oslo_config/cfg.py:2609
2026-05-28 00:36:40.862 138925 DEBUG oslo_service.service [req-50a03ed0-8d06-4489-af0d-49753b5aff67 - - - - -] oslo_limit.region_name = None log_opt_values /usr/lib/python3/dist-packages/oslo_config/cfg.py:2609
2026-05-28 00:36:40.862 138925 DEBUG oslo_service.service [req-50a03ed0-8d06-4489-af0d-49753b5aff67 - - - - -] oslo_limit.service_name = None log_opt_values /usr/lib/python3/dist-packages/oslo_config/cfg.py:2609
2026-05-28 00:36:40.863 138925 DEBUG oslo_service.service [req-50a03ed0-8d06-4489-af0d-49753b5aff67 - - - - -] oslo_limit.service_type = None log_opt_values /usr/lib/python3/dist-packages/oslo_config/cfg.py:2609
2026-05-28 00:36:40.863 138925 DEBUG oslo_service.service [req-50a03ed0-8d06-4489-af0d-49753b5aff67 - - - - -] oslo_limit.split_loggers = False log_opt_values /usr/lib/python3/dist-packages/oslo_config/cfg.py:2609
2026-05-28 00:36:40.863 138925 DEBUG oslo_service.service [req-50a03ed0-8d06-4489-af0d-49753b5aff67 - - - - -] oslo_limit.status_code_retries = None log_opt_values /usr/lib/python3/dist-packages/oslo_config/cfg.py:2609
2026-05-28 00:36:40.863 138925 DEBUG oslo_service.service [req-50a03ed0-8d06-4489-af0d-49753b5aff67 - - - - -] oslo_limit.status_code_retry_delay = None log_opt_values /usr/lib/python3/dist-packages/oslo_config/cfg.py:2609
2026-05-28 00:36:40.863 138925 DEBUG oslo_service.service [req-50a03ed0-8d06-4489-af0d-49753b5aff67 - - - - -] oslo_limit.timeout = None log_opt_values /usr/lib/python3/dist-packages/oslo_config/cfg.py:2609
2026-05-28 00:36:40.864 138925 DEBUG oslo_service.service [req-50a03ed0-8d06-4489-af0d-49753b5aff67 - - - - -] oslo_limit.valid_interfaces = None log_opt_values /usr/lib/python3/dist-packages/oslo_config/cfg.py:2609
2026-05-28 00:36:40.864 138925 DEBUG oslo_service.service [req-50a03ed0-8d06-4489-af0d-49753b5aff67 - - - - -] oslo_limit.version = None log_opt_values /usr/lib/python3/dist-packages/oslo_config/cfg.py:2609
2026-05-28 00:36:40.864 138925 DEBUG oslo_service.service [req-50a03ed0-8d06-4489-af0d-49753b5aff67 - - - - -] oslo_reports.file_event_handler = None log_opt_values /usr/lib/python3/dist-packages/oslo_config/cfg.py:2609
2026-05-28 00:36:40.864 138925 DEBUG oslo_service.service [req-50a03ed0-8d06-4489-af0d-49753b5aff67 - - - - -] oslo_reports.file_event_handler_interval = 1 log_opt_values /usr/lib/python3/dist-packages/oslo_config/cfg.py:2609
2026-05-28 00:36:40.864 138925 DEBUG oslo_service.service [req-50a03ed0-8d06-4489-af0d-49753b5aff67 - - - - -] oslo_reports.log_dir = None log_opt_values /usr/lib/python3/dist-packages/oslo_config/cfg.py:2609
2026-05-28 00:36:40.864 138925 DEBUG oslo_service.service [req-50a03ed0-8d06-4489-af0d-49753b5aff67 - - - - -] ******************************************************************************** log_opt_values /usr/lib/python3/dist-packages/oslo_config/cfg.py:2613
2026-05-28 00:36:41.009 140521 DEBUG nova.service [req-fbc9b623-8cf4-48b6-932b-70bdfc03186b - - - - -] Creating RPC server for service scheduler start /usr/lib/python3/dist-packages/nova/service.py:182
2026-05-28 00:36:41.022 140539 DEBUG nova.service [req-029490c6-4043-425a-a13d-2ea1949cb2b0 - - - - -] Creating RPC server for service scheduler start /usr/lib/python3/dist-packages/nova/service.py:182
2026-05-28 00:36:41.022 140527 DEBUG nova.service [req-f49e7713-9e78-4108-bf79-ccdb9417631d - - - - -] Creating RPC server for service scheduler start /usr/lib/python3/dist-packages/nova/service.py:182
2026-05-28 00:36:41.025 140533 DEBUG nova.service [req-5723ca1b-464d-4a9c-a759-7c525311bfd8 - - - - -] Creating RPC server for service scheduler start /usr/lib/python3/dist-packages/nova/service.py:182
2026-05-28 00:36:41.052 140539 DEBUG oslo_messaging._drivers.amqpdriver [-] Listener is running poll /usr/lib/python3/dist-packages/oslo_messaging/_drivers/amqpdriver.py:343
2026-05-28 00:36:41.052 140539 DEBUG oslo_messaging._drivers.amqpdriver [-] AMQPListener connection consume poll /usr/lib/python3/dist-packages/oslo_messaging/_drivers/amqpdriver.py:357
2026-05-28 00:36:41.052 140521 DEBUG oslo_messaging._drivers.amqpdriver [-] Listener is running poll /usr/lib/python3/dist-packages/oslo_messaging/_drivers/amqpdriver.py:343
2026-05-28 00:36:41.053 140521 DEBUG oslo_messaging._drivers.amqpdriver [-] AMQPListener connection consume poll /usr/lib/python3/dist-packages/oslo_messaging/_drivers/amqpdriver.py:357
2026-05-28 00:36:41.053 140521 DEBUG nova.service [req-fbc9b623-8cf4-48b6-932b-70bdfc03186b - - - - -] Join ServiceGroup membership for this service scheduler start /usr/lib/python3/dist-packages/nova/service.py:199
2026-05-28 00:36:41.054 140521 DEBUG nova.servicegroup.drivers.db [req-fbc9b623-8cf4-48b6-932b-70bdfc03186b - - - - -] DB_Driver: join new ServiceGroup member juju-fc2495-0-lxd-7 to the scheduler group, service = join /usr/lib/python3/dist-packages/nova/servicegroup/drivers/db.py:44
2026-05-28 00:36:41.054 140539 DEBUG nova.service [req-029490c6-4043-425a-a13d-2ea1949cb2b0 - - - - -] Join ServiceGroup membership for this service scheduler start /usr/lib/python3/dist-packages/nova/service.py:199
2026-05-28 00:36:41.054 140527 DEBUG oslo_messaging._drivers.amqpdriver [-] Listener is running poll /usr/lib/python3/dist-packages/oslo_messaging/_drivers/amqpdriver.py:343
2026-05-28 00:36:41.055 140527 DEBUG oslo_messaging._drivers.amqpdriver [-] AMQPListener connection consume poll /usr/lib/python3/dist-packages/oslo_messaging/_drivers/amqpdriver.py:357
2026-05-28 00:36:41.056 140539 DEBUG nova.servicegroup.drivers.db [req-029490c6-4043-425a-a13d-2ea1949cb2b0 - - - - -] DB_Driver: join new ServiceGroup member juju-fc2495-0-lxd-7 to the scheduler group, service = join /usr/lib/python3/dist-packages/nova/servicegroup/drivers/db.py:44
2026-05-28 00:36:41.056 140521 DEBUG oslo_messaging._drivers.amqpdriver [-] AMQPListener connection timeout poll /usr/lib/python3/dist-packages/oslo_messaging/_drivers/amqpdriver.py:360
2026-05-28 00:36:41.056 140521 DEBUG oslo_messaging._drivers.amqpdriver [-] Listener is running poll /usr/lib/python3/dist-packages/oslo_messaging/_drivers/amqpdriver.py:343
2026-05-28 00:36:41.056 140521 DEBUG oslo_messaging._drivers.amqpdriver [-] AMQPListener connection consume poll /usr/lib/python3/dist-packages/oslo_messaging/_drivers/amqpdriver.py:357
2026-05-28 00:36:41.057 140527 DEBUG nova.service [req-f49e7713-9e78-4108-bf79-ccdb9417631d - - - - -] Join ServiceGroup membership for this service scheduler start /usr/lib/python3/dist-packages/nova/service.py:199
2026-05-28 00:36:41.058 140527 DEBUG nova.servicegroup.drivers.db [req-f49e7713-9e78-4108-bf79-ccdb9417631d - - - - -] DB_Driver: join new ServiceGroup member juju-fc2495-0-lxd-7 to the scheduler group, service = join /usr/lib/python3/dist-packages/nova/servicegroup/drivers/db.py:44
2026-05-28 00:36:41.058 140539 DEBUG oslo_messaging._drivers.amqpdriver [-] AMQPListener connection timeout poll /usr/lib/python3/dist-packages/oslo_messaging/_drivers/amqpdriver.py:360
2026-05-28 00:36:41.059 140539 DEBUG oslo_messaging._drivers.amqpdriver [-] Listener is running poll /usr/lib/python3/dist-packages/oslo_messaging/_drivers/amqpdriver.py:343
2026-05-28 00:36:41.060 140527 DEBUG oslo_messaging._drivers.amqpdriver [-] AMQPListener connection timeout poll /usr/lib/python3/dist-packages/oslo_messaging/_drivers/amqpdriver.py:360
2026-05-28 00:36:41.060 140527 DEBUG oslo_messaging._drivers.amqpdriver [-] Listener is running poll /usr/lib/python3/dist-packages/oslo_messaging/_drivers/amqpdriver.py:343
2026-05-28 00:36:41.060 140527 DEBUG oslo_messaging._drivers.amqpdriver [-] AMQPListener connection consume poll /usr/lib/python3/dist-packages/oslo_messaging/_drivers/amqpdriver.py:357
2026-05-28 00:36:41.059 140539 DEBUG oslo_messaging._drivers.amqpdriver [-] AMQPListener connection consume poll /usr/lib/python3/dist-packages/oslo_messaging/_drivers/amqpdriver.py:357
2026-05-28 00:36:41.064 140533 DEBUG oslo_messaging._drivers.amqpdriver [-] Listener is running poll /usr/lib/python3/dist-packages/oslo_messaging/_drivers/amqpdriver.py:343
2026-05-28 00:36:41.065 140533 DEBUG oslo_messaging._drivers.amqpdriver [-] AMQPListener connection consume poll /usr/lib/python3/dist-packages/oslo_messaging/_drivers/amqpdriver.py:357
2026-05-28 00:36:41.065 140533 DEBUG nova.service [req-5723ca1b-464d-4a9c-a759-7c525311bfd8 - - - - -] Join ServiceGroup membership for this service scheduler start /usr/lib/python3/dist-packages/nova/service.py:199
2026-05-28 00:36:41.066 140533 DEBUG nova.servicegroup.drivers.db [req-5723ca1b-464d-4a9c-a759-7c525311bfd8 - - - - -] DB_Driver: join new ServiceGroup member juju-fc2495-0-lxd-7 to the scheduler group, service = join /usr/lib/python3/dist-packages/nova/servicegroup/drivers/db.py:44
2026-05-28 00:36:41.068 140533 DEBUG oslo_messaging._drivers.amqpdriver [-] AMQPListener connection timeout poll /usr/lib/python3/dist-packages/oslo_messaging/_drivers/amqpdriver.py:360
2026-05-28 00:36:41.068 140533 DEBUG oslo_messaging._drivers.amqpdriver [-] Listener is running poll /usr/lib/python3/dist-packages/oslo_messaging/_drivers/amqpdriver.py:343
2026-05-28 00:36:41.068 140533 DEBUG oslo_messaging._drivers.amqpdriver [-] AMQPListener connection consume poll /usr/lib/python3/dist-packages/oslo_messaging/_drivers/amqpdriver.py:357
2026-05-28 00:36:42.057 140521 DEBUG oslo_messaging._drivers.amqpdriver [-] AMQPListener connection timeout poll /usr/lib/python3/dist-packages/oslo_messaging/_drivers/amqpdriver.py:360
2026-05-28 00:36:42.058 140521 DEBUG oslo_messaging._drivers.amqpdriver [-] Listener is running poll /usr/lib/python3/dist-packages/oslo_messaging/_drivers/amqpdriver.py:343
2026-05-28 00:36:42.058 140521 DEBUG oslo_messaging._drivers.amqpdriver [-] AMQPListener connection consume poll /usr/lib/python3/dist-packages/oslo_messaging/_drivers/amqpdriver.py:357
2026-05-28 00:36:42.062 140527 DEBUG oslo_messaging._drivers.amqpdriver [-] AMQPListener connection timeout poll /usr/lib/python3/dist-packages/oslo_messaging/_drivers/amqpdriver.py:360
2026-05-28 00:36:42.062 140527 DEBUG oslo_messaging._drivers.amqpdriver [-] Listener is running poll /usr/lib/python3/dist-packages/oslo_messaging/_drivers/amqpdriver.py:343
2026-05-28 00:36:42.063 140527 DEBUG oslo_messaging._drivers.amqpdriver [-] AMQPListener connection consume poll /usr/lib/python3/dist-packages/oslo_messaging/_drivers/amqpdriver.py:357
2026-05-28 00:36:42.062 140539 DEBUG oslo_messaging._drivers.amqpdriver [-] AMQPListener connection timeout poll /usr/lib/python3/dist-packages/oslo_messaging/_drivers/amqpdriver.py:360
2026-05-28 00:36:42.063 140539 DEBUG oslo_messaging._drivers.amqpdriver [-] Listener is running poll /usr/lib/python3/dist-packages/oslo_messaging/_drivers/amqpdriver.py:343
2026-05-28 00:36:42.063 140539 DEBUG oslo_messaging._drivers.amqpdriver [-] AMQPListener connection consume poll /usr/lib/python3/dist-packages/oslo_messaging/_drivers/amqpdriver.py:357
2026-05-28 00:36:42.069 140533 DEBUG oslo_messaging._drivers.amqpdriver [-] AMQPListener connection timeout poll /usr/lib/python3/dist-packages/oslo_messaging/_drivers/amqpdriver.py:360
2026-05-28 00:36:42.070 140533 DEBUG oslo_messaging._drivers.amqpdriver [-] Listener is running poll /usr/lib/python3/dist-packages/oslo_messaging/_drivers/amqpdriver.py:343
2026-05-28 00:36:42.070 140533 DEBUG oslo_messaging._drivers.amqpdriver [-] AMQPListener connection consume poll /usr/lib/python3/dist-packages/oslo_messaging/_drivers/amqpdriver.py:357
2026-05-28 00:36:44.060 140521 DEBUG oslo_messaging._drivers.amqpdriver [-] AMQPListener connection timeout poll /usr/lib/python3/dist-packages/oslo_messaging/_drivers/amqpdriver.py:360
2026-05-28 00:36:44.061 140521 DEBUG oslo_messaging._drivers.amqpdriver [-] Listener is running poll /usr/lib/python3/dist-packages/oslo_messaging/_drivers/amqpdriver.py:343
2026-05-28 00:36:44.061 140521 DEBUG oslo_messaging._drivers.amqpdriver [-] AMQPListener connection consume poll /usr/lib/python3/dist-packages/oslo_messaging/_drivers/amqpdriver.py:357
2026-05-28 00:36:44.065 140539 DEBUG oslo_messaging._drivers.amqpdriver [-] AMQPListener connection timeout poll /usr/lib/python3/dist-packages/oslo_messaging/_drivers/amqpdriver.py:360
2026-05-28 00:36:44.066 140539 DEBUG oslo_messaging._drivers.amqpdriver [-] Listener is running poll /usr/lib/python3/dist-packages/oslo_messaging/_drivers/amqpdriver.py:343
2026-05-28 00:36:44.066 140539 DEBUG oslo_messaging._drivers.amqpdriver [-] AMQPListener connection consume poll /usr/lib/python3/dist-packages/oslo_messaging/_drivers/amqpdriver.py:357
2026-05-28 00:36:44.065 140527 DEBUG oslo_messaging._drivers.amqpdriver [-] AMQPListener connection timeout poll /usr/lib/python3/dist-packages/oslo_messaging/_drivers/amqpdriver.py:360
2026-05-28 00:36:44.066 140527 DEBUG oslo_messaging._drivers.amqpdriver [-] Listener is running poll /usr/lib/python3/dist-packages/oslo_messaging/_drivers/amqpdriver.py:343
2026-05-28 00:36:44.066 140527 DEBUG oslo_messaging._drivers.amqpdriver [-] AMQPListener connection consume poll /usr/lib/python3/dist-packages/oslo_messaging/_drivers/amqpdriver.py:357
2026-05-28 00:36:44.071 140533 DEBUG oslo_messaging._drivers.amqpdriver [-] AMQPListener connection timeout poll /usr/lib/python3/dist-packages/oslo_messaging/_drivers/amqpdriver.py:360
2026-05-28 00:36:44.071 140533 DEBUG oslo_messaging._drivers.amqpdriver [-] Listener is running poll /usr/lib/python3/dist-packages/oslo_messaging/_drivers/amqpdriver.py:343
2026-05-28 00:36:44.072 140533 DEBUG oslo_messaging._drivers.amqpdriver [-] AMQPListener connection consume poll /usr/lib/python3/dist-packages/oslo_messaging/_drivers/amqpdriver.py:357
2026-05-28 00:36:48.064 140521 DEBUG oslo_messaging._drivers.amqpdriver [-] AMQPListener connection timeout poll /usr/lib/python3/dist-packages/oslo_messaging/_drivers/amqpdriver.py:360
2026-05-28 00:36:48.064 140521 DEBUG oslo_messaging._drivers.amqpdriver [-] Listener is running poll /usr/lib/python3/dist-packages/oslo_messaging/_drivers/amqpdriver.py:343
2026-05-28 00:36:48.064 140521 DEBUG oslo_messaging._drivers.amqpdriver [-] AMQPListener connection consume poll /usr/lib/python3/dist-packages/oslo_messaging/_drivers/amqpdriver.py:357
2026-05-28 00:36:48.069 140527 DEBUG oslo_messaging._drivers.amqpdriver [-] AMQPListener connection timeout poll /usr/lib/python3/dist-packages/oslo_messaging/_drivers/amqpdriver.py:360
2026-05-28 00:36:48.070 140527 DEBUG oslo_messaging._drivers.amqpdriver [-] Listener is running poll /usr/lib/python3/dist-packages/oslo_messaging/_drivers/amqpdriver.py:343
2026-05-28 00:36:48.070 140527 DEBUG oslo_messaging._drivers.amqpdriver [-] AMQPListener connection consume poll /usr/lib/python3/dist-packages/oslo_messaging/_drivers/amqpdriver.py:357
2026-05-28 00:36:48.071 140539 DEBUG oslo_messaging._drivers.amqpdriver [-] AMQPListener connection timeout poll /usr/lib/python3/dist-packages/oslo_messaging/_drivers/amqpdriver.py:360
2026-05-28 00:36:48.071 140539 DEBUG oslo_messaging._drivers.amqpdriver [-] Listener is running poll /usr/lib/python3/dist-packages/oslo_messaging/_drivers/amqpdriver.py:343
2026-05-28 00:36:48.071 140539 DEBUG oslo_messaging._drivers.amqpdriver [-] AMQPListener connection consume poll /usr/lib/python3/dist-packages/oslo_messaging/_drivers/amqpdriver.py:357
2026-05-28 00:36:48.073 140533 DEBUG oslo_messaging._drivers.amqpdriver [-] AMQPListener connection timeout poll /usr/lib/python3/dist-packages/oslo_messaging/_drivers/amqpdriver.py:360
2026-05-28 00:36:48.074 140533 DEBUG oslo_messaging._drivers.amqpdriver [-] Listener is running poll /usr/lib/python3/dist-packages/oslo_messaging/_drivers/amqpdriver.py:343
2026-05-28 00:36:48.074 140533 DEBUG oslo_messaging._drivers.amqpdriver [-] AMQPListener connection consume poll /usr/lib/python3/dist-packages/oslo_messaging/_drivers/amqpdriver.py:357
2026-05-28 00:36:56.065 140521 DEBUG oslo_messaging._drivers.amqpdriver [-] AMQPListener connection timeout poll /usr/lib/python3/dist-packages/oslo_messaging/_drivers/amqpdriver.py:360
2026-05-28 00:36:56.066 140521 DEBUG oslo_messaging._drivers.amqpdriver [-] Listener is running poll /usr/lib/python3/dist-packages/oslo_messaging/_drivers/amqpdriver.py:343
2026-05-28 00:36:56.067 140521 DEBUG oslo_messaging._drivers.amqpdriver [-] AMQPListener connection consume poll /usr/lib/python3/dist-packages/oslo_messaging/_drivers/amqpdriver.py:357
2026-05-28 00:36:56.071 140527 DEBUG oslo_messaging._drivers.amqpdriver [-] AMQPListener connection timeout poll /usr/lib/python3/dist-packages/oslo_messaging/_drivers/amqpdriver.py:360
2026-05-28 00:36:56.071 140527 DEBUG oslo_messaging._drivers.amqpdriver [-] Listener is running poll /usr/lib/python3/dist-packages/oslo_messaging/_drivers/amqpdriver.py:343
2026-05-28 00:36:56.071 140527 DEBUG oslo_messaging._drivers.amqpdriver [-] AMQPListener connection consume poll /usr/lib/python3/dist-packages/oslo_messaging/_drivers/amqpdriver.py:357
2026-05-28 00:36:56.072 140539 DEBUG oslo_messaging._drivers.amqpdriver [-] AMQPListener connection timeout poll /usr/lib/python3/dist-packages/oslo_messaging/_drivers/amqpdriver.py:360
2026-05-28 00:36:56.072 140539 DEBUG oslo_messaging._drivers.amqpdriver [-] Listener is running poll /usr/lib/python3/dist-packages/oslo_messaging/_drivers/amqpdriver.py:343
2026-05-28 00:36:56.072 140539 DEBUG oslo_messaging._drivers.amqpdriver [-] AMQPListener connection consume poll /usr/lib/python3/dist-packages/oslo_messaging/_drivers/amqpdriver.py:357
2026-05-28 00:36:56.075 140533 DEBUG oslo_messaging._drivers.amqpdriver [-] AMQPListener connection timeout poll /usr/lib/python3/dist-packages/oslo_messaging/_drivers/amqpdriver.py:360
2026-05-28 00:36:56.075 140533 DEBUG oslo_messaging._drivers.amqpdriver [-] Listener is running poll /usr/lib/python3/dist-packages/oslo_messaging/_drivers/amqpdriver.py:343
2026-05-28 00:36:56.075 140533 DEBUG oslo_messaging._drivers.amqpdriver [-] AMQPListener connection consume poll /usr/lib/python3/dist-packages/oslo_messaging/_drivers/amqpdriver.py:357
2026-05-28 00:37:00.070 140533 DEBUG oslo_service.periodic_task [req-c678fa00-d218-4bfb-b922-4553f29e8b1a - - - - -] Running periodic task SchedulerManager._discover_hosts_in_cells run_periodic_tasks /usr/lib/python3/dist-packages/oslo_service/periodic_task.py:210
2026-05-28 00:37:00.071 140533 DEBUG oslo_db.sqlalchemy.engines [req-c678fa00-d218-4bfb-b922-4553f29e8b1a - - - - -] Parent process 138925 forked (140533) with an open database connection, which is being discarded and recreated. checkout /usr/lib/python3/dist-packages/oslo_db/sqlalchemy/engines.py:413
2026-05-28 00:37:00.079 140533 DEBUG oslo_concurrency.lockutils [req-c678fa00-d218-4bfb-b922-4553f29e8b1a - - - - -] Lock "55fc864b-55d9-45e6-9355-49350482e807" acquired by "nova.context.set_target_cell..get_or_set_cached_cell_and_set_connections" :: waited 0.000s inner /usr/lib/python3/dist-packages/oslo_concurrency/lockutils.py:386
2026-05-28 00:37:00.080 140533 DEBUG oslo_concurrency.lockutils [req-c678fa00-d218-4bfb-b922-4553f29e8b1a - - - - -] Lock "55fc864b-55d9-45e6-9355-49350482e807" "released" by "nova.context.set_target_cell..get_or_set_cached_cell_and_set_connections" :: held 0.002s inner /usr/lib/python3/dist-packages/oslo_concurrency/lockutils.py:400
2026-05-28 00:37:00.085 140533 DEBUG oslo_db.sqlalchemy.engines [req-c678fa00-d218-4bfb-b922-4553f29e8b1a - - - - -] MySQL server mode set to STRICT_TRANS_TABLES,STRICT_ALL_TABLES,NO_ZERO_IN_DATE,NO_ZERO_DATE,ERROR_FOR_DIVISION_BY_ZERO,TRADITIONAL,NO_ENGINE_SUBSTITUTION _check_effective_sql_mode /usr/lib/python3/dist-packages/oslo_db/sqlalchemy/engines.py:314
2026-05-28 00:37:14.058 140521 DEBUG oslo_service.periodic_task [req-61d70af5-344c-4f25-94b7-5fa18b179dce - - - - -] Running periodic task SchedulerManager._discover_hosts_in_cells run_periodic_tasks /usr/lib/python3/dist-packages/oslo_service/periodic_task.py:210
2026-05-28 00:37:14.059 140521 DEBUG oslo_db.sqlalchemy.engines [req-61d70af5-344c-4f25-94b7-5fa18b179dce - - - - -] Parent process 138925 forked (140521) with an open database connection, which is being discarded and recreated. checkout /usr/lib/python3/dist-packages/oslo_db/sqlalchemy/engines.py:413
2026-05-28 00:37:14.061 140527 DEBUG oslo_service.periodic_task [req-74fd1161-f195-4abd-b748-dd7e68a7f184 - - - - -] Running periodic task SchedulerManager._discover_hosts_in_cells run_periodic_tasks /usr/lib/python3/dist-packages/oslo_service/periodic_task.py:210
2026-05-28 00:37:14.062 140527 DEBUG oslo_db.sqlalchemy.engines [req-74fd1161-f195-4abd-b748-dd7e68a7f184 - - - - -] Parent process 138925 forked (140527) with an open database connection, which is being discarded and recreated. checkout /usr/lib/python3/dist-packages/oslo_db/sqlalchemy/engines.py:413
2026-05-28 00:37:14.065 140521 DEBUG oslo_concurrency.lockutils [req-61d70af5-344c-4f25-94b7-5fa18b179dce - - - - -] Lock "55fc864b-55d9-45e6-9355-49350482e807" acquired by "nova.context.set_target_cell..get_or_set_cached_cell_and_set_connections" :: waited 0.000s inner /usr/lib/python3/dist-packages/oslo_concurrency/lockutils.py:386
2026-05-28 00:37:14.067 140521 DEBUG oslo_concurrency.lockutils [req-61d70af5-344c-4f25-94b7-5fa18b179dce - - - - -] Lock "55fc864b-55d9-45e6-9355-49350482e807" "released" by "nova.context.set_target_cell..get_or_set_cached_cell_and_set_connections" :: held 0.002s inner /usr/lib/python3/dist-packages/oslo_concurrency/lockutils.py:400
2026-05-28 00:37:14.068 140527 DEBUG oslo_concurrency.lockutils [req-74fd1161-f195-4abd-b748-dd7e68a7f184 - - - - -] Lock "55fc864b-55d9-45e6-9355-49350482e807" acquired by "nova.context.set_target_cell..get_or_set_cached_cell_and_set_connections" :: waited 0.000s inner /usr/lib/python3/dist-packages/oslo_concurrency/lockutils.py:386
2026-05-28 00:37:14.069 140527 DEBUG oslo_concurrency.lockutils [req-74fd1161-f195-4abd-b748-dd7e68a7f184 - - - - -] Lock "55fc864b-55d9-45e6-9355-49350482e807" "released" by "nova.context.set_target_cell..get_or_set_cached_cell_and_set_connections" :: held 0.002s inner /usr/lib/python3/dist-packages/oslo_concurrency/lockutils.py:400
2026-05-28 00:37:14.072 140521 DEBUG oslo_db.sqlalchemy.engines [req-61d70af5-344c-4f25-94b7-5fa18b179dce - - - - -] MySQL server mode set to STRICT_TRANS_TABLES,STRICT_ALL_TABLES,NO_ZERO_IN_DATE,NO_ZERO_DATE,ERROR_FOR_DIVISION_BY_ZERO,TRADITIONAL,NO_ENGINE_SUBSTITUTION _check_effective_sql_mode /usr/lib/python3/dist-packages/oslo_db/sqlalchemy/engines.py:314
2026-05-28 00:37:14.074 140527 DEBUG oslo_db.sqlalchemy.engines [req-74fd1161-f195-4abd-b748-dd7e68a7f184 - - - - -] MySQL server mode set to STRICT_TRANS_TABLES,STRICT_ALL_TABLES,NO_ZERO_IN_DATE,NO_ZERO_DATE,ERROR_FOR_DIVISION_BY_ZERO,TRADITIONAL,NO_ENGINE_SUBSTITUTION _check_effective_sql_mode /usr/lib/python3/dist-packages/oslo_db/sqlalchemy/engines.py:314
2026-05-28 00:37:26.035 140521 DEBUG oslo_messaging._drivers.amqpdriver [-] AMQPListener connection timeout poll /usr/lib/python3/dist-packages/oslo_messaging/_drivers/amqpdriver.py:360
2026-05-28 00:37:26.036 140521 DEBUG oslo_messaging._drivers.amqpdriver [-] Listener is running poll /usr/lib/python3/dist-packages/oslo_messaging/_drivers/amqpdriver.py:343
2026-05-28 00:37:26.036 140521 DEBUG oslo_messaging._drivers.amqpdriver [-] AMQPListener connection consume poll /usr/lib/python3/dist-packages/oslo_messaging/_drivers/amqpdriver.py:357
2026-05-28 00:37:26.045 140527 DEBUG oslo_messaging._drivers.amqpdriver [-] AMQPListener connection timeout poll /usr/lib/python3/dist-packages/oslo_messaging/_drivers/amqpdriver.py:360
2026-05-28 00:37:26.046 140527 DEBUG oslo_messaging._drivers.amqpdriver [-] Listener is running poll /usr/lib/python3/dist-packages/oslo_messaging/_drivers/amqpdriver.py:343
2026-05-28 00:37:26.046 140527 DEBUG oslo_messaging._drivers.amqpdriver [-] AMQPListener connection consume poll /usr/lib/python3/dist-packages/oslo_messaging/_drivers/amqpdriver.py:357
2026-05-28 00:37:26.048 140539 DEBUG oslo_messaging._drivers.amqpdriver [-] AMQPListener connection timeout poll /usr/lib/python3/dist-packages/oslo_messaging/_drivers/amqpdriver.py:360
2026-05-28 00:37:26.048 140539 DEBUG oslo_messaging._drivers.amqpdriver [-] Listener is running poll /usr/lib/python3/dist-packages/oslo_messaging/_drivers/amqpdriver.py:343
2026-05-28 00:37:26.048 140539 DEBUG oslo_messaging._drivers.amqpdriver [-] AMQPListener connection consume poll /usr/lib/python3/dist-packages/oslo_messaging/_drivers/amqpdriver.py:357
2026-05-28 00:37:26.067 140533 DEBUG oslo_messaging._drivers.amqpdriver [-] AMQPListener connection timeout poll /usr/lib/python3/dist-packages/oslo_messaging/_drivers/amqpdriver.py:360
2026-05-28 00:37:26.067 140533 DEBUG oslo_messaging._drivers.amqpdriver [-] Listener is running poll /usr/lib/python3/dist-packages/oslo_messaging/_drivers/amqpdriver.py:343
2026-05-28 00:37:26.067 140533 DEBUG oslo_messaging._drivers.amqpdriver [-] AMQPListener connection consume poll /usr/lib/python3/dist-packages/oslo_messaging/_drivers/amqpdriver.py:357
2026-05-28 00:37:30.102 140533 DEBUG oslo_service.periodic_task [req-c678fa00-d218-4bfb-b922-4553f29e8b1a - - - - -] Running periodic task SchedulerManager._discover_hosts_in_cells run_periodic_tasks /usr/lib/python3/dist-packages/oslo_service/periodic_task.py:210
2026-05-28 00:37:30.107 140533 DEBUG oslo_concurrency.lockutils [req-4488b0f6-de31-4708-a63b-6adbf6c903f2 - - - - -] Lock "55fc864b-55d9-45e6-9355-49350482e807" acquired by "nova.context.set_target_cell..get_or_set_cached_cell_and_set_connections" :: waited 0.000s inner /usr/lib/python3/dist-packages/oslo_concurrency/lockutils.py:386
2026-05-28 00:37:30.107 140533 DEBUG oslo_concurrency.lockutils [req-4488b0f6-de31-4708-a63b-6adbf6c903f2 - - - - -] Lock "55fc864b-55d9-45e6-9355-49350482e807" "released" by "nova.context.set_target_cell..get_or_set_cached_cell_and_set_connections" :: held 0.000s inner /usr/lib/python3/dist-packages/oslo_concurrency/lockutils.py:400
2026-05-28 00:37:35.058 140539 DEBUG oslo_service.periodic_task [req-3ced7239-7022-4099-8d28-2407b18dfe83 - - - - -] Running periodic task SchedulerManager._discover_hosts_in_cells run_periodic_tasks /usr/lib/python3/dist-packages/oslo_service/periodic_task.py:210
2026-05-28 00:37:35.059 140539 DEBUG oslo_db.sqlalchemy.engines [req-3ced7239-7022-4099-8d28-2407b18dfe83 - - - - -] Parent process 138925 forked (140539) with an open database connection, which is being discarded and recreated. checkout /usr/lib/python3/dist-packages/oslo_db/sqlalchemy/engines.py:413
2026-05-28 00:37:35.066 140539 DEBUG oslo_concurrency.lockutils [req-3ced7239-7022-4099-8d28-2407b18dfe83 - - - - -] Lock "55fc864b-55d9-45e6-9355-49350482e807" acquired by "nova.context.set_target_cell..get_or_set_cached_cell_and_set_connections" :: waited 0.000s inner /usr/lib/python3/dist-packages/oslo_concurrency/lockutils.py:386
2026-05-28 00:37:35.068 140539 DEBUG oslo_concurrency.lockutils [req-3ced7239-7022-4099-8d28-2407b18dfe83 - - - - -] Lock "55fc864b-55d9-45e6-9355-49350482e807" "released" by "nova.context.set_target_cell..get_or_set_cached_cell_and_set_connections" :: held 0.002s inner /usr/lib/python3/dist-packages/oslo_concurrency/lockutils.py:400
2026-05-28 00:37:35.074 140539 DEBUG oslo_db.sqlalchemy.engines [req-3ced7239-7022-4099-8d28-2407b18dfe83 - - - - -] MySQL server mode set to STRICT_TRANS_TABLES,STRICT_ALL_TABLES,NO_ZERO_IN_DATE,NO_ZERO_DATE,ERROR_FOR_DIVISION_BY_ZERO,TRADITIONAL,NO_ENGINE_SUBSTITUTION _check_effective_sql_mode /usr/lib/python3/dist-packages/oslo_db/sqlalchemy/engines.py:314
2026-05-28 00:37:44.087 140527 DEBUG oslo_service.periodic_task [req-74fd1161-f195-4abd-b748-dd7e68a7f184 - - - - -] Running periodic task SchedulerManager._discover_hosts_in_cells run_periodic_tasks /usr/lib/python3/dist-packages/oslo_service/periodic_task.py:210
2026-05-28 00:37:44.088 140521 DEBUG oslo_service.periodic_task [req-61d70af5-344c-4f25-94b7-5fa18b179dce - - - - -] Running periodic task SchedulerManager._discover_hosts_in_cells run_periodic_tasks /usr/lib/python3/dist-packages/oslo_service/periodic_task.py:210
2026-05-28 00:37:44.146 140521 DEBUG oslo_concurrency.lockutils [req-d768ad6b-9fe5-41cf-9e7b-9e7e022eaeed - - - - -] Lock "55fc864b-55d9-45e6-9355-49350482e807" acquired by "nova.context.set_target_cell..get_or_set_cached_cell_and_set_connections" :: waited 0.000s inner /usr/lib/python3/dist-packages/oslo_concurrency/lockutils.py:386
2026-05-28 00:37:44.147 140521 DEBUG oslo_concurrency.lockutils [req-d768ad6b-9fe5-41cf-9e7b-9e7e022eaeed - - - - -] Lock "55fc864b-55d9-45e6-9355-49350482e807" "released" by "nova.context.set_target_cell..get_or_set_cached_cell_and_set_connections" :: held 0.000s inner /usr/lib/python3/dist-packages/oslo_concurrency/lockutils.py:400
2026-05-28 00:37:44.147 140527 DEBUG oslo_concurrency.lockutils [req-5c451ebf-8ae0-484f-9a12-be7e36f7f7ee - - - - -] Lock "55fc864b-55d9-45e6-9355-49350482e807" acquired by "nova.context.set_target_cell..get_or_set_cached_cell_and_set_connections" :: waited 0.000s inner /usr/lib/python3/dist-packages/oslo_concurrency/lockutils.py:386
2026-05-28 00:37:44.147 140527 DEBUG oslo_concurrency.lockutils [req-5c451ebf-8ae0-484f-9a12-be7e36f7f7ee - - - - -] Lock "55fc864b-55d9-45e6-9355-49350482e807" "released" by "nova.context.set_target_cell..get_or_set_cached_cell_and_set_connections" :: held 0.000s inner /usr/lib/python3/dist-packages/oslo_concurrency/lockutils.py:400
2026-05-28 00:37:50.581 138925 INFO oslo_service.service [req-50a03ed0-8d06-4489-af0d-49753b5aff67 - - - - -] Caught SIGTERM, stopping children
2026-05-28 00:37:50.582 138925 DEBUG oslo_concurrency.lockutils [req-50a03ed0-8d06-4489-af0d-49753b5aff67 - - - - -] Acquired lock "singleton_lock" lock /usr/lib/python3/dist-packages/oslo_concurrency/lockutils.py:294
2026-05-28 00:37:50.582 138925 DEBUG oslo_concurrency.lockutils [req-50a03ed0-8d06-4489-af0d-49753b5aff67 - - - - -] Releasing lock "singleton_lock" lock /usr/lib/python3/dist-packages/oslo_concurrency/lockutils.py:312
2026-05-28 00:37:50.582 138925 DEBUG oslo_service.service [req-50a03ed0-8d06-4489-af0d-49753b5aff67 - - - - -] Stop services. stop /usr/lib/python3/dist-packages/oslo_service/service.py:695
2026-05-28 00:37:50.583 138925 DEBUG oslo_service.service [req-50a03ed0-8d06-4489-af0d-49753b5aff67 - - - - -] Killing children. stop /usr/lib/python3/dist-packages/oslo_service/service.py:700
2026-05-28 00:37:50.600 138925 INFO oslo_service.service [req-50a03ed0-8d06-4489-af0d-49753b5aff67 - - - - -] Waiting on 4 children to exit
2026-05-28 00:37:50.602 138925 INFO oslo_service.service [req-50a03ed0-8d06-4489-af0d-49753b5aff67 - - - - -] Child 140527 killed by signal 15
2026-05-28 00:37:50.602 138925 INFO oslo_service.service [req-50a03ed0-8d06-4489-af0d-49753b5aff67 - - - - -] Child 140533 killed by signal 15
2026-05-28 00:37:50.602 138925 INFO oslo_service.service [req-50a03ed0-8d06-4489-af0d-49753b5aff67 - - - - -] Child 140539 killed by signal 15
2026-05-28 00:37:50.606 138925 INFO oslo_service.service [req-50a03ed0-8d06-4489-af0d-49753b5aff67 - - - - -] Child 140521 killed by signal 15
2026-05-28 00:37:52.897 144768 DEBUG oslo_db.sqlalchemy.engines [req-e640ec4d-7864-434f-b2bc-bc0a11b833bd - - - - -] MySQL server mode set to STRICT_TRANS_TABLES,STRICT_ALL_TABLES,NO_ZERO_IN_DATE,NO_ZERO_DATE,ERROR_FOR_DIVISION_BY_ZERO,TRADITIONAL,NO_ENGINE_SUBSTITUTION _check_effective_sql_mode /usr/lib/python3/dist-packages/oslo_db/sqlalchemy/engines.py:314
2026-05-28 00:37:52.943 144768 DEBUG nova.scheduler.host_manager [req-e640ec4d-7864-434f-b2bc-bc0a11b833bd - - - - -] Found 1 cells: 55fc864b-55d9-45e6-9355-49350482e807 refresh_cells_caches /usr/lib/python3/dist-packages/nova/scheduler/host_manager.py:730
2026-05-28 00:37:52.944 144768 DEBUG nova.scheduler.host_manager [req-e640ec4d-7864-434f-b2bc-bc0a11b833bd - - - - -] Found 0 disabled cells: refresh_cells_caches /usr/lib/python3/dist-packages/nova/scheduler/host_manager.py:742
2026-05-28 00:37:52.950 144768 WARNING nova.scheduler.filters.availability_zone_filter [req-e640ec4d-7864-434f-b2bc-bc0a11b833bd - - - - -] The 'AvailabilityZoneFilter' is deprecated since the 24.0.0 (Xena) release. Since the 18.0.0 (Rocky) release, nova has supported mapping AZs to placement aggregates. The feature is enabled by the 'query_placement_for_availability_zone' config option and is now enabled by default. As such, the 'AvailabilityZoneFilter' is no longer required. Nova is currently configured to use both placement and the AvailabilityZoneFilter for AZ enforcement.
2026-05-28 00:37:53.040 144768 DEBUG nova.scheduler.host_manager [req-e640ec4d-7864-434f-b2bc-bc0a11b833bd - - - - -] START:_async_init_instance_info _async_init_instance_info /usr/lib/python3/dist-packages/nova/scheduler/host_manager.py:411
2026-05-28 00:37:53.042 144768 DEBUG oslo_concurrency.lockutils [req-181a7e06-47f0-4542-8223-dd57cee0d42c - - - - -] Lock "55fc864b-55d9-45e6-9355-49350482e807" acquired by "nova.context.set_target_cell..get_or_set_cached_cell_and_set_connections" :: waited 0.000s inner /usr/lib/python3/dist-packages/oslo_concurrency/lockutils.py:386
2026-05-28 00:37:53.044 144768 DEBUG oslo_concurrency.lockutils [req-181a7e06-47f0-4542-8223-dd57cee0d42c - - - - -] Lock "55fc864b-55d9-45e6-9355-49350482e807" "released" by "nova.context.set_target_cell..get_or_set_cached_cell_and_set_connections" :: held 0.001s inner /usr/lib/python3/dist-packages/oslo_concurrency/lockutils.py:400
2026-05-28 00:37:53.050 144768 DEBUG oslo_db.sqlalchemy.engines [req-181a7e06-47f0-4542-8223-dd57cee0d42c - - - - -] MySQL server mode set to STRICT_TRANS_TABLES,STRICT_ALL_TABLES,NO_ZERO_IN_DATE,NO_ZERO_DATE,ERROR_FOR_DIVISION_BY_ZERO,TRADITIONAL,NO_ENGINE_SUBSTITUTION _check_effective_sql_mode /usr/lib/python3/dist-packages/oslo_db/sqlalchemy/engines.py:314
2026-05-28 00:37:53.062 144768 DEBUG nova.scheduler.host_manager [req-181a7e06-47f0-4542-8223-dd57cee0d42c - - - - -] Total number of compute nodes: 0 _async_init_instance_info /usr/lib/python3/dist-packages/nova/scheduler/host_manager.py:424
2026-05-28 00:37:53.064 144768 DEBUG oslo_concurrency.lockutils [req-181a7e06-47f0-4542-8223-dd57cee0d42c - - - - -] Lock "55fc864b-55d9-45e6-9355-49350482e807" acquired by "nova.context.set_target_cell..get_or_set_cached_cell_and_set_connections" :: waited 0.000s inner /usr/lib/python3/dist-packages/oslo_concurrency/lockutils.py:386
2026-05-28 00:37:53.064 144768 DEBUG oslo_concurrency.lockutils [req-181a7e06-47f0-4542-8223-dd57cee0d42c - - - - -] Lock "55fc864b-55d9-45e6-9355-49350482e807" "released" by "nova.context.set_target_cell..get_or_set_cached_cell_and_set_connections" :: held 0.000s inner /usr/lib/python3/dist-packages/oslo_concurrency/lockutils.py:400
2026-05-28 00:37:53.132 144768 DEBUG nova.scheduler.host_manager [req-181a7e06-47f0-4542-8223-dd57cee0d42c - - - - -] Adding 0 instances for hosts 10-20 _async_init_instance_info /usr/lib/python3/dist-packages/nova/scheduler/host_manager.py:443
2026-05-28 00:37:53.133 144768 DEBUG nova.scheduler.host_manager [req-181a7e06-47f0-4542-8223-dd57cee0d42c - - - - -] END:_async_init_instance_info _async_init_instance_info /usr/lib/python3/dist-packages/nova/scheduler/host_manager.py:454
2026-05-28 00:37:54.952 144768 DEBUG nova.context [req-e640ec4d-7864-434f-b2bc-bc0a11b833bd - - - - -] Found 2 cells: 00000000-0000-0000-0000-000000000000(cell0),55fc864b-55d9-45e6-9355-49350482e807(cell1) load_cells /usr/lib/python3/dist-packages/nova/context.py:464
2026-05-28 00:37:54.953 144768 DEBUG oslo_concurrency.lockutils [req-90be5d49-ff7a-40dd-82f4-272dd7dbc359 - - - - -] Lock "00000000-0000-0000-0000-000000000000" acquired by "nova.context.set_target_cell..get_or_set_cached_cell_and_set_connections" :: waited 0.000s inner /usr/lib/python3/dist-packages/oslo_concurrency/lockutils.py:386
2026-05-28 00:37:54.954 144768 DEBUG oslo_concurrency.lockutils [req-90be5d49-ff7a-40dd-82f4-272dd7dbc359 - - - - -] Lock "00000000-0000-0000-0000-000000000000" "released" by "nova.context.set_target_cell..get_or_set_cached_cell_and_set_connections" :: held 0.001s inner /usr/lib/python3/dist-packages/oslo_concurrency/lockutils.py:400
2026-05-28 00:37:54.955 144768 DEBUG oslo_concurrency.lockutils [req-90be5d49-ff7a-40dd-82f4-272dd7dbc359 - - - - -] Lock "55fc864b-55d9-45e6-9355-49350482e807" acquired by "nova.context.set_target_cell..get_or_set_cached_cell_and_set_connections" :: waited 0.000s inner /usr/lib/python3/dist-packages/oslo_concurrency/lockutils.py:386
2026-05-28 00:37:54.955 144768 DEBUG oslo_concurrency.lockutils [req-90be5d49-ff7a-40dd-82f4-272dd7dbc359 - - - - -] Lock "55fc864b-55d9-45e6-9355-49350482e807" "released" by "nova.context.set_target_cell..get_or_set_cached_cell_and_set_connections" :: held 0.000s inner /usr/lib/python3/dist-packages/oslo_concurrency/lockutils.py:400
2026-05-28 00:37:54.966 144768 DEBUG oslo_db.sqlalchemy.engines [req-90be5d49-ff7a-40dd-82f4-272dd7dbc359 - - - - -] MySQL server mode set to STRICT_TRANS_TABLES,STRICT_ALL_TABLES,NO_ZERO_IN_DATE,NO_ZERO_DATE,ERROR_FOR_DIVISION_BY_ZERO,TRADITIONAL,NO_ENGINE_SUBSTITUTION _check_effective_sql_mode /usr/lib/python3/dist-packages/oslo_db/sqlalchemy/engines.py:314
2026-05-28 00:37:54.974 144768 DEBUG oslo_concurrency.lockutils [req-90be5d49-ff7a-40dd-82f4-272dd7dbc359 - - - - -] Acquired lock "singleton_lock" lock /usr/lib/python3/dist-packages/oslo_concurrency/lockutils.py:294
2026-05-28 00:37:54.975 144768 DEBUG oslo_concurrency.lockutils [req-90be5d49-ff7a-40dd-82f4-272dd7dbc359 - - - - -] Releasing lock "singleton_lock" lock /usr/lib/python3/dist-packages/oslo_concurrency/lockutils.py:312
2026-05-28 00:37:54.975 144768 INFO oslo_service.service [req-90be5d49-ff7a-40dd-82f4-272dd7dbc359 - - - - -] Starting 4 workers
2026-05-28 00:37:54.979 144768 DEBUG oslo_service.service [req-90be5d49-ff7a-40dd-82f4-272dd7dbc359 - - - - -] Started child 145564 _start_child /usr/lib/python3/dist-packages/oslo_service/service.py:575
2026-05-28 00:37:54.984 144768 DEBUG oslo_service.service [req-90be5d49-ff7a-40dd-82f4-272dd7dbc359 - - - - -] Started child 145565 _start_child /usr/lib/python3/dist-packages/oslo_service/service.py:575
2026-05-28 00:37:54.985 145564 INFO nova.service [-] Starting scheduler node (version 25.2.1)
2026-05-28 00:37:54.989 145565 INFO nova.service [-] Starting scheduler node (version 25.2.1)
2026-05-28 00:37:54.989 144768 DEBUG oslo_service.service [req-90be5d49-ff7a-40dd-82f4-272dd7dbc359 - - - - -] Started child 145571 _start_child /usr/lib/python3/dist-packages/oslo_service/service.py:575
2026-05-28 00:37:54.994 145571 INFO nova.service [-] Starting scheduler node (version 25.2.1)
2026-05-28 00:37:54.995 144768 DEBUG oslo_service.service [req-90be5d49-ff7a-40dd-82f4-272dd7dbc359 - - - - -] Started child 145572 _start_child /usr/lib/python3/dist-packages/oslo_service/service.py:575
2026-05-28 00:37:54.998 144768 DEBUG oslo_service.service [req-90be5d49-ff7a-40dd-82f4-272dd7dbc359 - - - - -] Full set of CONF: wait /usr/lib/python3/dist-packages/oslo_service/service.py:649
2026-05-28 00:37:54.999 145564 DEBUG oslo_db.sqlalchemy.engines [req-033d7ab0-b2c2-423d-b12d-c274153ddfbb - - - - -] MySQL server mode set to STRICT_TRANS_TABLES,STRICT_ALL_TABLES,NO_ZERO_IN_DATE,NO_ZERO_DATE,ERROR_FOR_DIVISION_BY_ZERO,TRADITIONAL,NO_ENGINE_SUBSTITUTION _check_effective_sql_mode /usr/lib/python3/dist-packages/oslo_db/sqlalchemy/engines.py:314
2026-05-28 00:37:54.999 144768 DEBUG oslo_service.service [req-90be5d49-ff7a-40dd-82f4-272dd7dbc359 - - - - -] ******************************************************************************** log_opt_values /usr/lib/python3/dist-packages/oslo_config/cfg.py:2589
2026-05-28 00:37:54.999 144768 DEBUG oslo_service.service [req-90be5d49-ff7a-40dd-82f4-272dd7dbc359 - - - - -] Configuration options gathered from: log_opt_values /usr/lib/python3/dist-packages/oslo_config/cfg.py:2590
2026-05-28 00:37:55.000 144768 DEBUG oslo_service.service [req-90be5d49-ff7a-40dd-82f4-272dd7dbc359 - - - - -] command line args: ['--config-file=/etc/nova/nova.conf', '--log-file=/var/log/nova/nova-scheduler.log'] log_opt_values /usr/lib/python3/dist-packages/oslo_config/cfg.py:2591
2026-05-28 00:37:55.000 144768 DEBUG oslo_service.service [req-90be5d49-ff7a-40dd-82f4-272dd7dbc359 - - - - -] config files: ['/etc/nova/nova.conf'] log_opt_values /usr/lib/python3/dist-packages/oslo_config/cfg.py:2592
2026-05-28 00:37:55.000 144768 DEBUG oslo_service.service [req-90be5d49-ff7a-40dd-82f4-272dd7dbc359 - - - - -] ================================================================================ log_opt_values /usr/lib/python3/dist-packages/oslo_config/cfg.py:2594
2026-05-28 00:37:55.000 144768 DEBUG oslo_service.service [req-90be5d49-ff7a-40dd-82f4-272dd7dbc359 - - - - -] allow_resize_to_same_host = False log_opt_values /usr/lib/python3/dist-packages/oslo_config/cfg.py:2602
2026-05-28 00:37:55.000 145572 INFO nova.service [-] Starting scheduler node (version 25.2.1)
2026-05-28 00:37:55.001 144768 DEBUG oslo_service.service [req-90be5d49-ff7a-40dd-82f4-272dd7dbc359 - - - - -] arq_binding_timeout = 300 log_opt_values /usr/lib/python3/dist-packages/oslo_config/cfg.py:2602
2026-05-28 00:37:55.001 144768 DEBUG oslo_service.service [req-90be5d49-ff7a-40dd-82f4-272dd7dbc359 - - - - -] block_device_allocate_retries = 60 log_opt_values /usr/lib/python3/dist-packages/oslo_config/cfg.py:2602
2026-05-28 00:37:55.001 144768 DEBUG oslo_service.service [req-90be5d49-ff7a-40dd-82f4-272dd7dbc359 - - - - -] block_device_allocate_retries_interval = 3 log_opt_values /usr/lib/python3/dist-packages/oslo_config/cfg.py:2602
2026-05-28 00:37:55.002 144768 DEBUG oslo_service.service [req-90be5d49-ff7a-40dd-82f4-272dd7dbc359 - - - - -] cert = self.pem log_opt_values /usr/lib/python3/dist-packages/oslo_config/cfg.py:2602
2026-05-28 00:37:55.004 144768 DEBUG oslo_service.service [req-90be5d49-ff7a-40dd-82f4-272dd7dbc359 - - - - -] compute_driver = libvirt.LibvirtDriver log_opt_values /usr/lib/python3/dist-packages/oslo_config/cfg.py:2602
2026-05-28 00:37:55.005 144768 DEBUG oslo_service.service [req-90be5d49-ff7a-40dd-82f4-272dd7dbc359 - - - - -] compute_monitors = [] log_opt_values /usr/lib/python3/dist-packages/oslo_config/cfg.py:2602
2026-05-28 00:37:55.005 145565 DEBUG oslo_db.sqlalchemy.engines [req-1bad1d62-042f-4c36-a9d6-c0bcc1e3f146 - - - - -] MySQL server mode set to STRICT_TRANS_TABLES,STRICT_ALL_TABLES,NO_ZERO_IN_DATE,NO_ZERO_DATE,ERROR_FOR_DIVISION_BY_ZERO,TRADITIONAL,NO_ENGINE_SUBSTITUTION _check_effective_sql_mode /usr/lib/python3/dist-packages/oslo_db/sqlalchemy/engines.py:314
2026-05-28 00:37:55.006 144768 DEBUG oslo_service.service [req-90be5d49-ff7a-40dd-82f4-272dd7dbc359 - - - - -] config_dir = [] log_opt_values /usr/lib/python3/dist-packages/oslo_config/cfg.py:2602
2026-05-28 00:37:55.008 144768 DEBUG oslo_service.service [req-90be5d49-ff7a-40dd-82f4-272dd7dbc359 - - - - -] config_drive_format = iso9660 log_opt_values /usr/lib/python3/dist-packages/oslo_config/cfg.py:2602
2026-05-28 00:37:55.008 144768 DEBUG oslo_service.service [req-90be5d49-ff7a-40dd-82f4-272dd7dbc359 - - - - -] config_file = ['/etc/nova/nova.conf'] log_opt_values /usr/lib/python3/dist-packages/oslo_config/cfg.py:2602
2026-05-28 00:37:55.008 145571 DEBUG oslo_db.sqlalchemy.engines [req-3ebfc631-f25a-4243-95a1-625c214fb75e - - - - -] MySQL server mode set to STRICT_TRANS_TABLES,STRICT_ALL_TABLES,NO_ZERO_IN_DATE,NO_ZERO_DATE,ERROR_FOR_DIVISION_BY_ZERO,TRADITIONAL,NO_ENGINE_SUBSTITUTION _check_effective_sql_mode /usr/lib/python3/dist-packages/oslo_db/sqlalchemy/engines.py:314
2026-05-28 00:37:55.008 144768 DEBUG oslo_service.service [req-90be5d49-ff7a-40dd-82f4-272dd7dbc359 - - - - -] config_source = [] log_opt_values /usr/lib/python3/dist-packages/oslo_config/cfg.py:2602
2026-05-28 00:37:55.009 144768 DEBUG oslo_service.service [req-90be5d49-ff7a-40dd-82f4-272dd7dbc359 - - - - -] console_host = juju-fc2495-0-lxd-7 log_opt_values /usr/lib/python3/dist-packages/oslo_config/cfg.py:2602
2026-05-28 00:37:55.009 144768 DEBUG oslo_service.service [req-90be5d49-ff7a-40dd-82f4-272dd7dbc359 - - - - -] control_exchange = nova log_opt_values /usr/lib/python3/dist-packages/oslo_config/cfg.py:2602
2026-05-28 00:37:55.009 144768 DEBUG oslo_service.service [req-90be5d49-ff7a-40dd-82f4-272dd7dbc359 - - - - -] cpu_allocation_ratio = 2.0 log_opt_values /usr/lib/python3/dist-packages/oslo_config/cfg.py:2602
2026-05-28 00:37:55.010 144768 DEBUG oslo_service.service [req-90be5d49-ff7a-40dd-82f4-272dd7dbc359 - - - - -] daemon = False log_opt_values /usr/lib/python3/dist-packages/oslo_config/cfg.py:2602
2026-05-28 00:37:55.010 144768 DEBUG oslo_service.service [req-90be5d49-ff7a-40dd-82f4-272dd7dbc359 - - - - -] debug = True log_opt_values /usr/lib/python3/dist-packages/oslo_config/cfg.py:2602
2026-05-28 00:37:55.010 144768 DEBUG oslo_service.service [req-90be5d49-ff7a-40dd-82f4-272dd7dbc359 - - - - -] default_access_ip_network_name = None log_opt_values /usr/lib/python3/dist-packages/oslo_config/cfg.py:2602
2026-05-28 00:37:55.011 144768 DEBUG oslo_service.service [req-90be5d49-ff7a-40dd-82f4-272dd7dbc359 - - - - -] default_availability_zone = nova log_opt_values /usr/lib/python3/dist-packages/oslo_config/cfg.py:2602
2026-05-28 00:37:55.011 144768 DEBUG oslo_service.service [req-90be5d49-ff7a-40dd-82f4-272dd7dbc359 - - - - -] default_ephemeral_format = None log_opt_values /usr/lib/python3/dist-packages/oslo_config/cfg.py:2602
2026-05-28 00:37:55.011 144768 DEBUG oslo_service.service [req-90be5d49-ff7a-40dd-82f4-272dd7dbc359 - - - - -] default_log_levels = ['amqp=WARN', 'amqplib=WARN', 'boto=WARN', 'qpid=WARN', 'sqlalchemy=WARN', 'suds=INFO', 'oslo.messaging=INFO', 'oslo_messaging=DEBUG', 'iso8601=WARN', 'requests.packages.urllib3.connectionpool=WARN', 'urllib3.connectionpool=WARN', 'websocket=WARN', 'requests.packages.urllib3.util.retry=WARN', 'urllib3.util.retry=WARN', 'keystonemiddleware=WARN', 'routes.middleware=WARN', 'stevedore=WARN', 'taskflow=WARN', 'keystoneauth=WARN', 'oslo.cache=INFO', 'dogpile.core.dogpile=INFO', 'glanceclient=WARN', 'oslo.privsep.daemon=INFO'] log_opt_values /usr/lib/python3/dist-packages/oslo_config/cfg.py:2602
2026-05-28 00:37:55.012 144768 DEBUG oslo_service.service [req-90be5d49-ff7a-40dd-82f4-272dd7dbc359 - - - - -] default_schedule_zone = None log_opt_values /usr/lib/python3/dist-packages/oslo_config/cfg.py:2602
2026-05-28 00:37:55.013 144768 DEBUG oslo_service.service [req-90be5d49-ff7a-40dd-82f4-272dd7dbc359 - - - - -] disk_allocation_ratio = 1.0 log_opt_values /usr/lib/python3/dist-packages/oslo_config/cfg.py:2602
2026-05-28 00:37:55.013 144768 DEBUG oslo_service.service [req-90be5d49-ff7a-40dd-82f4-272dd7dbc359 - - - - -] enable_new_services = True log_opt_values /usr/lib/python3/dist-packages/oslo_config/cfg.py:2602
2026-05-28 00:37:55.013 144768 DEBUG oslo_service.service [req-90be5d49-ff7a-40dd-82f4-272dd7dbc359 - - - - -] enabled_apis = ['osapi_compute', 'metadata'] log_opt_values /usr/lib/python3/dist-packages/oslo_config/cfg.py:2602
2026-05-28 00:37:55.014 144768 DEBUG oslo_service.service [req-90be5d49-ff7a-40dd-82f4-272dd7dbc359 - - - - -] enabled_ssl_apis = [] log_opt_values /usr/lib/python3/dist-packages/oslo_config/cfg.py:2602
2026-05-28 00:37:55.014 144768 DEBUG oslo_service.service [req-90be5d49-ff7a-40dd-82f4-272dd7dbc359 - - - - -] fatal_deprecations = False log_opt_values /usr/lib/python3/dist-packages/oslo_config/cfg.py:2602
2026-05-28 00:37:55.014 144768 DEBUG oslo_service.service [req-90be5d49-ff7a-40dd-82f4-272dd7dbc359 - - - - -] flat_injected = False log_opt_values /usr/lib/python3/dist-packages/oslo_config/cfg.py:2602
