2026-05-28 01:52:20.485 7 DEBUG oslo_service.service [-] ml2_type_gre.tunnel_id_ranges = [] log_opt_values /var/lib/kolla/venv/lib/python3.6/site-packages/oslo_config/cfg.py:2611
2026-05-28 01:52:20.486 7 DEBUG oslo_service.service [-] ml2_type_vlan.network_vlan_ranges = [] log_opt_values /var/lib/kolla/venv/lib/python3.6/site-packages/oslo_config/cfg.py:2611
2026-05-28 01:52:20.486 7 DEBUG oslo_service.service [-] ml2_type_vxlan.vni_ranges = [] log_opt_values /var/lib/kolla/venv/lib/python3.6/site-packages/oslo_config/cfg.py:2611
2026-05-28 01:52:20.486 7 DEBUG oslo_service.service [-] ml2_type_vxlan.vxlan_group = None log_opt_values /var/lib/kolla/venv/lib/python3.6/site-packages/oslo_config/cfg.py:2611
2026-05-28 01:52:20.486 7 DEBUG oslo_service.service [-] database.backend = sqlalchemy log_opt_values /var/lib/kolla/venv/lib/python3.6/site-packages/oslo_config/cfg.py:2611
2026-05-28 01:52:20.486 7 DEBUG oslo_service.service [-] database.connection = **** log_opt_values /var/lib/kolla/venv/lib/python3.6/site-packages/oslo_config/cfg.py:2611
2026-05-28 01:52:20.486 7 DEBUG oslo_service.service [-] database.connection_debug = 0 log_opt_values /var/lib/kolla/venv/lib/python3.6/site-packages/oslo_config/cfg.py:2611
2026-05-28 01:52:20.486 7 DEBUG oslo_service.service [-] database.connection_parameters = log_opt_values /var/lib/kolla/venv/lib/python3.6/site-packages/oslo_config/cfg.py:2611
2026-05-28 01:52:20.486 7 DEBUG oslo_service.service [-] database.connection_recycle_time = 10 log_opt_values /var/lib/kolla/venv/lib/python3.6/site-packages/oslo_config/cfg.py:2611
2026-05-28 01:52:20.486 7 DEBUG oslo_service.service [-] database.connection_trace = False log_opt_values /var/lib/kolla/venv/lib/python3.6/site-packages/oslo_config/cfg.py:2611
2026-05-28 01:52:20.486 7 DEBUG oslo_service.service [-] database.db_inc_retry_interval = True log_opt_values /var/lib/kolla/venv/lib/python3.6/site-packages/oslo_config/cfg.py:2611
2026-05-28 01:52:20.486 7 DEBUG oslo_service.service [-] database.db_max_retries = 20 log_opt_values /var/lib/kolla/venv/lib/python3.6/site-packages/oslo_config/cfg.py:2611
2026-05-28 01:52:20.486 7 DEBUG oslo_service.service [-] database.db_max_retry_interval = 10 log_opt_values /var/lib/kolla/venv/lib/python3.6/site-packages/oslo_config/cfg.py:2611
2026-05-28 01:52:20.486 7 DEBUG oslo_service.service [-] database.db_retry_interval = 1 log_opt_values /var/lib/kolla/venv/lib/python3.6/site-packages/oslo_config/cfg.py:2611
2026-05-28 01:52:20.486 7 DEBUG oslo_service.service [-] database.max_overflow = 50 log_opt_values /var/lib/kolla/venv/lib/python3.6/site-packages/oslo_config/cfg.py:2611
2026-05-28 01:52:20.486 7 DEBUG oslo_service.service [-] database.max_pool_size = 1 log_opt_values /var/lib/kolla/venv/lib/python3.6/site-packages/oslo_config/cfg.py:2611
2026-05-28 01:52:20.486 7 DEBUG oslo_service.service [-] database.max_retries = -1 log_opt_values /var/lib/kolla/venv/lib/python3.6/site-packages/oslo_config/cfg.py:2611
2026-05-28 01:52:20.486 7 DEBUG oslo_service.service [-] database.mysql_enable_ndb = False log_opt_values /var/lib/kolla/venv/lib/python3.6/site-packages/oslo_config/cfg.py:2611
2026-05-28 01:52:20.487 7 DEBUG oslo_service.service [-] database.mysql_sql_mode = TRADITIONAL log_opt_values /var/lib/kolla/venv/lib/python3.6/site-packages/oslo_config/cfg.py:2611
2026-05-28 01:52:20.487 7 DEBUG oslo_service.service [-] database.pool_timeout = None log_opt_values /var/lib/kolla/venv/lib/python3.6/site-packages/oslo_config/cfg.py:2611
2026-05-28 01:52:20.487 7 DEBUG oslo_service.service [-] database.retry_interval = 10 log_opt_values /var/lib/kolla/venv/lib/python3.6/site-packages/oslo_config/cfg.py:2611
2026-05-28 01:52:20.487 7 DEBUG oslo_service.service [-] database.slave_connection = **** log_opt_values /var/lib/kolla/venv/lib/python3.6/site-packages/oslo_config/cfg.py:2611
2026-05-28 01:52:20.487 7 DEBUG oslo_service.service [-] database.sqlite_synchronous = True log_opt_values /var/lib/kolla/venv/lib/python3.6/site-packages/oslo_config/cfg.py:2611
2026-05-28 01:52:20.487 7 DEBUG oslo_service.service [-] database.use_db_reconnect = False log_opt_values /var/lib/kolla/venv/lib/python3.6/site-packages/oslo_config/cfg.py:2611
2026-05-28 01:52:20.487 7 DEBUG oslo_service.service [-] ******************************************************************************** log_opt_values /var/lib/kolla/venv/lib/python3.6/site-packages/oslo_config/cfg.py:2613
2026-05-28 01:52:22.229 22 DEBUG neutron.wsgi [-] (22) accepted ('10.0.0.73', 34672) server /var/lib/kolla/venv/lib/python3.6/site-packages/eventlet/wsgi.py:1004
2026-05-28 01:52:22.235 22 INFO neutron.wsgi [-] 10.0.0.73 "GET / HTTP/1.1" status: 200 len: 227 time: 0.0046458
2026-05-28 01:52:24.107 23 DEBUG neutron.api.rpc.handlers.dhcp_rpc [req-b57dc031-0e2f-4a52-bf04-4798dc7ec262 - - - - -] get_active_networks_info from cn-jenkins-deploy-platform-ansible-os-5840-1 get_active_networks_info /var/lib/kolla/venv/lib/python3.6/site-packages/neutron/api/rpc/handlers/dhcp_rpc.py:159
2026-05-28 01:52:24.133 28 DEBUG neutron_lib.callbacks.manager [req-22211473-90de-4830-87d6-50762f1f3aff - - - - -] Publish callbacks ['neutron.services.segments.db._update_segment_host_mapping_for_agent-8772748778867', 'neutron.services.l3_router.l3_router_plugin.DVRResourceOperationHandler.create_fip_agent_gw_ports-1640707'] for agent (efa169c4-ea17-4df7-a30f-8429573a16c4), after_create _notify_loop /var/lib/kolla/venv/lib/python3.6/site-packages/neutron_lib/callbacks/manager.py:177
2026-05-28 01:52:24.149 23 DEBUG neutron.scheduler.dhcp_agent_scheduler [req-b57dc031-0e2f-4a52-bf04-4798dc7ec262 - - - - -] No non-hosted networks auto_schedule_networks /var/lib/kolla/venv/lib/python3.6/site-packages/neutron/scheduler/dhcp_agent_scheduler.py:60
2026-05-28 01:52:44.909 27 DEBUG neutron_lib.callbacks.manager [req-b81bcd1b-26d0-4483-ab64-ce528e36a805 - - - - -] Publish callbacks ['neutron.services.segments.db._update_segment_host_mapping_for_agent-8772748778867', 'neutron.services.l3_router.l3_router_plugin.DVRResourceOperationHandler.create_fip_agent_gw_ports-1640707'] for agent (cb0ce887-de4e-4cc0-9f05-f342023f7fce), after_create _notify_loop /var/lib/kolla/venv/lib/python3.6/site-packages/neutron_lib/callbacks/manager.py:177
2026-05-28 01:52:52.282 22 DEBUG neutron.wsgi [-] (22) accepted ('10.0.0.73', 48250) server /var/lib/kolla/venv/lib/python3.6/site-packages/eventlet/wsgi.py:1004
2026-05-28 01:52:52.285 22 INFO neutron.wsgi [-] 10.0.0.73 "GET / HTTP/1.1" status: 200 len: 227 time: 0.0028763
2026-05-28 01:52:54.124 26 DEBUG neutron_lib.callbacks.manager [req-5e847e44-a5de-44dd-a9d0-e86b3627913d - - - - -] Publish callbacks ['neutron.services.segments.db._update_segment_host_mapping_for_agent-8772748778867', 'neutron.plugins.ml2.plugin.Ml2Plugin._retry_binding_revived_agents-851166'] for agent (efa169c4-ea17-4df7-a30f-8429573a16c4), after_update _notify_loop /var/lib/kolla/venv/lib/python3.6/site-packages/neutron_lib/callbacks/manager.py:177
2026-05-28 01:53:05.450 29 DEBUG neutron.db.agents_db [req-c87f54ad-f85d-4314-ab30-42a71f70a0d6 - - - - -] Agent healthcheck: found 2 active agents agent_health_check /var/lib/kolla/venv/lib/python3.6/site-packages/neutron/db/agents_db.py:318
2026-05-28 01:53:14.888 24 DEBUG neutron_lib.callbacks.manager [req-b81bcd1b-26d0-4483-ab64-ce528e36a805 - - - - -] Publish callbacks ['neutron.services.segments.db._update_segment_host_mapping_for_agent-8772748778867', 'neutron.plugins.ml2.plugin.Ml2Plugin._retry_binding_revived_agents-851166'] for agent (cb0ce887-de4e-4cc0-9f05-f342023f7fce), after_update _notify_loop /var/lib/kolla/venv/lib/python3.6/site-packages/neutron_lib/callbacks/manager.py:177
2026-05-28 01:53:22.326 22 DEBUG neutron.wsgi [-] (22) accepted ('10.0.0.73', 46614) server /var/lib/kolla/venv/lib/python3.6/site-packages/eventlet/wsgi.py:1004
2026-05-28 01:53:22.331 22 INFO neutron.wsgi [-] 10.0.0.73 "GET / HTTP/1.1" status: 200 len: 227 time: 0.0029094
2026-05-28 01:53:24.131 25 DEBUG neutron_lib.callbacks.manager [req-7987d004-253f-4ca2-8607-7655d2b95187 - - - - -] Publish callbacks ['neutron.services.segments.db._update_segment_host_mapping_for_agent-8772748778867', 'neutron.plugins.ml2.plugin.Ml2Plugin._retry_binding_revived_agents-851166'] for agent (efa169c4-ea17-4df7-a30f-8429573a16c4), after_update _notify_loop /var/lib/kolla/venv/lib/python3.6/site-packages/neutron_lib/callbacks/manager.py:177
2026-05-28 01:53:42.439 29 DEBUG neutron.db.agents_db [req-c87f54ad-f85d-4314-ab30-42a71f70a0d6 - - - - -] Agent healthcheck: found 2 active agents agent_health_check /var/lib/kolla/venv/lib/python3.6/site-packages/neutron/db/agents_db.py:318
2026-05-28 01:53:44.879 23 DEBUG neutron_lib.callbacks.manager [req-b81bcd1b-26d0-4483-ab64-ce528e36a805 - - - - -] Publish callbacks ['neutron.services.segments.db._update_segment_host_mapping_for_agent-8772748778867', 'neutron.plugins.ml2.plugin.Ml2Plugin._retry_binding_revived_agents-851166'] for agent (cb0ce887-de4e-4cc0-9f05-f342023f7fce), after_update _notify_loop /var/lib/kolla/venv/lib/python3.6/site-packages/neutron_lib/callbacks/manager.py:177
2026-05-28 01:53:52.383 22 DEBUG neutron.wsgi [-] (22) accepted ('10.0.0.73', 44560) server /var/lib/kolla/venv/lib/python3.6/site-packages/eventlet/wsgi.py:1004
2026-05-28 01:53:52.387 22 INFO neutron.wsgi [-] 10.0.0.73 "GET / HTTP/1.1" status: 200 len: 227 time: 0.0037816
2026-05-28 01:53:54.109 28 DEBUG neutron_lib.callbacks.manager [req-eb7df5f6-4ec3-4527-a3d4-28a20ed33c81 - - - - -] Publish callbacks ['neutron.services.segments.db._update_segment_host_mapping_for_agent-8772748778867', 'neutron.plugins.ml2.plugin.Ml2Plugin._retry_binding_revived_agents-851166'] for agent (efa169c4-ea17-4df7-a30f-8429573a16c4), after_update _notify_loop /var/lib/kolla/venv/lib/python3.6/site-packages/neutron_lib/callbacks/manager.py:177
2026-05-28 01:54:14.885 27 DEBUG neutron_lib.callbacks.manager [req-b81bcd1b-26d0-4483-ab64-ce528e36a805 - - - - -] Publish callbacks ['neutron.services.segments.db._update_segment_host_mapping_for_agent-8772748778867', 'neutron.plugins.ml2.plugin.Ml2Plugin._retry_binding_revived_agents-851166'] for agent (cb0ce887-de4e-4cc0-9f05-f342023f7fce), after_update _notify_loop /var/lib/kolla/venv/lib/python3.6/site-packages/neutron_lib/callbacks/manager.py:177
2026-05-28 01:54:19.448 29 DEBUG neutron.db.agents_db [req-c87f54ad-f85d-4314-ab30-42a71f70a0d6 - - - - -] Agent healthcheck: found 2 active agents agent_health_check /var/lib/kolla/venv/lib/python3.6/site-packages/neutron/db/agents_db.py:318
2026-05-28 01:54:22.435 22 DEBUG neutron.wsgi [-] (22) accepted ('10.0.0.73', 52946) server /var/lib/kolla/venv/lib/python3.6/site-packages/eventlet/wsgi.py:1004
2026-05-28 01:54:22.439 22 INFO neutron.wsgi [-] 10.0.0.73 "GET / HTTP/1.1" status: 200 len: 227 time: 0.0031810
2026-05-28 01:54:24.104 26 DEBUG neutron_lib.callbacks.manager [req-aed5b0ce-7e62-4f1a-ac41-e9eb97155684 - - - - -] Publish callbacks ['neutron.services.segments.db._update_segment_host_mapping_for_agent-8772748778867', 'neutron.plugins.ml2.plugin.Ml2Plugin._retry_binding_revived_agents-851166'] for agent (efa169c4-ea17-4df7-a30f-8429573a16c4), after_update _notify_loop /var/lib/kolla/venv/lib/python3.6/site-packages/neutron_lib/callbacks/manager.py:177
2026-05-28 01:54:44.880 24 DEBUG neutron_lib.callbacks.manager [req-b81bcd1b-26d0-4483-ab64-ce528e36a805 - - - - -] Publish callbacks ['neutron.services.segments.db._update_segment_host_mapping_for_agent-8772748778867', 'neutron.plugins.ml2.plugin.Ml2Plugin._retry_binding_revived_agents-851166'] for agent (cb0ce887-de4e-4cc0-9f05-f342023f7fce), after_update _notify_loop /var/lib/kolla/venv/lib/python3.6/site-packages/neutron_lib/callbacks/manager.py:177
2026-05-28 01:54:52.486 22 DEBUG neutron.wsgi [-] (22) accepted ('10.0.0.73', 35280) server /var/lib/kolla/venv/lib/python3.6/site-packages/eventlet/wsgi.py:1004
2026-05-28 01:54:52.493 22 INFO neutron.wsgi [-] 10.0.0.73 "GET / HTTP/1.1" status: 200 len: 227 time: 0.0057826
2026-05-28 01:54:54.112 25 DEBUG neutron_lib.callbacks.manager [req-aa3d175b-1db2-4414-bf2f-3e145feb5d10 - - - - -] Publish callbacks ['neutron.services.segments.db._update_segment_host_mapping_for_agent-8772748778867', 'neutron.plugins.ml2.plugin.Ml2Plugin._retry_binding_revived_agents-851166'] for agent (efa169c4-ea17-4df7-a30f-8429573a16c4), after_update _notify_loop /var/lib/kolla/venv/lib/python3.6/site-packages/neutron_lib/callbacks/manager.py:177
2026-05-28 01:54:56.444 29 DEBUG neutron.db.agents_db [req-c87f54ad-f85d-4314-ab30-42a71f70a0d6 - - - - -] Agent healthcheck: found 2 active agents agent_health_check /var/lib/kolla/venv/lib/python3.6/site-packages/neutron/db/agents_db.py:318
2026-05-28 01:55:14.881 23 DEBUG neutron_lib.callbacks.manager [req-b81bcd1b-26d0-4483-ab64-ce528e36a805 - - - - -] Publish callbacks ['neutron.services.segments.db._update_segment_host_mapping_for_agent-8772748778867', 'neutron.plugins.ml2.plugin.Ml2Plugin._retry_binding_revived_agents-851166'] for agent (cb0ce887-de4e-4cc0-9f05-f342023f7fce), after_update _notify_loop /var/lib/kolla/venv/lib/python3.6/site-packages/neutron_lib/callbacks/manager.py:177
2026-05-28 01:55:22.544 22 DEBUG neutron.wsgi [-] (22) accepted ('10.0.0.73', 33634) server /var/lib/kolla/venv/lib/python3.6/site-packages/eventlet/wsgi.py:1004
2026-05-28 01:55:22.549 22 INFO neutron.wsgi [-] 10.0.0.73 "GET / HTTP/1.1" status: 200 len: 227 time: 0.0038640
2026-05-28 01:55:24.107 28 DEBUG neutron_lib.callbacks.manager [req-b3504719-1954-4e5f-99fc-290da565ed71 - - - - -] Publish callbacks ['neutron.services.segments.db._update_segment_host_mapping_for_agent-8772748778867', 'neutron.plugins.ml2.plugin.Ml2Plugin._retry_binding_revived_agents-851166'] for agent (efa169c4-ea17-4df7-a30f-8429573a16c4), after_update _notify_loop /var/lib/kolla/venv/lib/python3.6/site-packages/neutron_lib/callbacks/manager.py:177
2026-05-28 01:55:33.442 29 DEBUG neutron.db.agents_db [req-c87f54ad-f85d-4314-ab30-42a71f70a0d6 - - - - -] Agent healthcheck: found 2 active agents agent_health_check /var/lib/kolla/venv/lib/python3.6/site-packages/neutron/db/agents_db.py:318
2026-05-28 01:55:44.885 27 DEBUG neutron_lib.callbacks.manager [req-b81bcd1b-26d0-4483-ab64-ce528e36a805 - - - - -] Publish callbacks ['neutron.services.segments.db._update_segment_host_mapping_for_agent-8772748778867', 'neutron.plugins.ml2.plugin.Ml2Plugin._retry_binding_revived_agents-851166'] for agent (cb0ce887-de4e-4cc0-9f05-f342023f7fce), after_update _notify_loop /var/lib/kolla/venv/lib/python3.6/site-packages/neutron_lib/callbacks/manager.py:177
2026-05-28 01:55:52.599 22 DEBUG neutron.wsgi [-] (22) accepted ('10.0.0.73', 42978) server /var/lib/kolla/venv/lib/python3.6/site-packages/eventlet/wsgi.py:1004
2026-05-28 01:55:52.602 22 INFO neutron.wsgi [-] 10.0.0.73 "GET / HTTP/1.1" status: 200 len: 227 time: 0.0026183
2026-05-28 01:55:54.113 26 DEBUG neutron_lib.callbacks.manager [req-416fa13f-4665-4b3a-affd-5815ac3d1cd8 - - - - -] Publish callbacks ['neutron.services.segments.db._update_segment_host_mapping_for_agent-8772748778867', 'neutron.plugins.ml2.plugin.Ml2Plugin._retry_binding_revived_agents-851166'] for agent (efa169c4-ea17-4df7-a30f-8429573a16c4), after_update _notify_loop /var/lib/kolla/venv/lib/python3.6/site-packages/neutron_lib/callbacks/manager.py:177
2026-05-28 01:56:10.454 29 DEBUG neutron.db.agents_db [req-c87f54ad-f85d-4314-ab30-42a71f70a0d6 - - - - -] Agent healthcheck: found 2 active agents agent_health_check /var/lib/kolla/venv/lib/python3.6/site-packages/neutron/db/agents_db.py:318
2026-05-28 01:56:14.887 24 DEBUG neutron_lib.callbacks.manager [req-b81bcd1b-26d0-4483-ab64-ce528e36a805 - - - - -] Publish callbacks ['neutron.services.segments.db._update_segment_host_mapping_for_agent-8772748778867', 'neutron.plugins.ml2.plugin.Ml2Plugin._retry_binding_revived_agents-851166'] for agent (cb0ce887-de4e-4cc0-9f05-f342023f7fce), after_update _notify_loop /var/lib/kolla/venv/lib/python3.6/site-packages/neutron_lib/callbacks/manager.py:177
2026-05-28 01:56:22.647 22 DEBUG neutron.wsgi [-] (22) accepted ('10.0.0.73', 49118) server /var/lib/kolla/venv/lib/python3.6/site-packages/eventlet/wsgi.py:1004
2026-05-28 01:56:22.651 22 INFO neutron.wsgi [-] 10.0.0.73 "GET / HTTP/1.1" status: 200 len: 227 time: 0.0034747
2026-05-28 01:56:24.119 25 DEBUG neutron_lib.callbacks.manager [req-af8e5212-cd35-42f1-941b-460fdf415921 - - - - -] Publish callbacks ['neutron.services.segments.db._update_segment_host_mapping_for_agent-8772748778867', 'neutron.plugins.ml2.plugin.Ml2Plugin._retry_binding_revived_agents-851166'] for agent (efa169c4-ea17-4df7-a30f-8429573a16c4), after_update _notify_loop /var/lib/kolla/venv/lib/python3.6/site-packages/neutron_lib/callbacks/manager.py:177
2026-05-28 01:56:44.888 23 DEBUG neutron_lib.callbacks.manager [req-b81bcd1b-26d0-4483-ab64-ce528e36a805 - - - - -] Publish callbacks ['neutron.services.segments.db._update_segment_host_mapping_for_agent-8772748778867', 'neutron.plugins.ml2.plugin.Ml2Plugin._retry_binding_revived_agents-851166'] for agent (cb0ce887-de4e-4cc0-9f05-f342023f7fce), after_update _notify_loop /var/lib/kolla/venv/lib/python3.6/site-packages/neutron_lib/callbacks/manager.py:177
2026-05-28 01:56:47.453 29 DEBUG neutron.db.agents_db [req-c87f54ad-f85d-4314-ab30-42a71f70a0d6 - - - - -] Agent healthcheck: found 2 active agents agent_health_check /var/lib/kolla/venv/lib/python3.6/site-packages/neutron/db/agents_db.py:318
2026-05-28 01:56:52.696 22 DEBUG neutron.wsgi [-] (22) accepted ('10.0.0.73', 59678) server /var/lib/kolla/venv/lib/python3.6/site-packages/eventlet/wsgi.py:1004
2026-05-28 01:56:52.702 22 INFO neutron.wsgi [-] 10.0.0.73 "GET / HTTP/1.1" status: 200 len: 227 time: 0.0046427
2026-05-28 01:56:54.140 28 DEBUG neutron_lib.callbacks.manager [req-acd519a8-667b-4996-8179-f70b921dbe4d - - - - -] Publish callbacks ['neutron.services.segments.db._update_segment_host_mapping_for_agent-8772748778867', 'neutron.plugins.ml2.plugin.Ml2Plugin._retry_binding_revived_agents-851166'] for agent (efa169c4-ea17-4df7-a30f-8429573a16c4), after_update _notify_loop /var/lib/kolla/venv/lib/python3.6/site-packages/neutron_lib/callbacks/manager.py:177
2026-05-28 01:57:14.890 27 DEBUG neutron_lib.callbacks.manager [req-b81bcd1b-26d0-4483-ab64-ce528e36a805 - - - - -] Publish callbacks ['neutron.services.segments.db._update_segment_host_mapping_for_agent-8772748778867', 'neutron.plugins.ml2.plugin.Ml2Plugin._retry_binding_revived_agents-851166'] for agent (cb0ce887-de4e-4cc0-9f05-f342023f7fce), after_update _notify_loop /var/lib/kolla/venv/lib/python3.6/site-packages/neutron_lib/callbacks/manager.py:177
2026-05-28 01:57:22.746 22 DEBUG neutron.wsgi [-] (22) accepted ('10.0.0.73', 57294) server /var/lib/kolla/venv/lib/python3.6/site-packages/eventlet/wsgi.py:1004
2026-05-28 01:57:22.750 22 INFO neutron.wsgi [-] 10.0.0.73 "GET / HTTP/1.1" status: 200 len: 227 time: 0.0025918
2026-05-28 01:57:24.116 26 DEBUG neutron_lib.callbacks.manager [req-ba376d39-ea4c-401c-89c4-d8aa2a303b95 - - - - -] Publish callbacks ['neutron.services.segments.db._update_segment_host_mapping_for_agent-8772748778867', 'neutron.plugins.ml2.plugin.Ml2Plugin._retry_binding_revived_agents-851166'] for agent (efa169c4-ea17-4df7-a30f-8429573a16c4), after_update _notify_loop /var/lib/kolla/venv/lib/python3.6/site-packages/neutron_lib/callbacks/manager.py:177
2026-05-28 01:57:24.453 29 DEBUG neutron.db.agents_db [req-c87f54ad-f85d-4314-ab30-42a71f70a0d6 - - - - -] Agent healthcheck: found 2 active agents agent_health_check /var/lib/kolla/venv/lib/python3.6/site-packages/neutron/db/agents_db.py:318
2026-05-28 01:57:44.895 24 DEBUG neutron_lib.callbacks.manager [req-b81bcd1b-26d0-4483-ab64-ce528e36a805 - - - - -] Publish callbacks ['neutron.services.segments.db._update_segment_host_mapping_for_agent-8772748778867', 'neutron.plugins.ml2.plugin.Ml2Plugin._retry_binding_revived_agents-851166'] for agent (cb0ce887-de4e-4cc0-9f05-f342023f7fce), after_update _notify_loop /var/lib/kolla/venv/lib/python3.6/site-packages/neutron_lib/callbacks/manager.py:177
2026-05-28 01:57:52.800 22 DEBUG neutron.wsgi [-] (22) accepted ('10.0.0.73', 60314) server /var/lib/kolla/venv/lib/python3.6/site-packages/eventlet/wsgi.py:1004
2026-05-28 01:57:52.804 22 INFO neutron.wsgi [-] 10.0.0.73 "GET / HTTP/1.1" status: 200 len: 227 time: 0.0031953
2026-05-28 01:57:54.115 25 DEBUG neutron_lib.callbacks.manager [req-7f573076-f289-4a56-a77f-c1ee7ba3e746 - - - - -] Publish callbacks ['neutron.services.segments.db._update_segment_host_mapping_for_agent-8772748778867', 'neutron.plugins.ml2.plugin.Ml2Plugin._retry_binding_revived_agents-851166'] for agent (efa169c4-ea17-4df7-a30f-8429573a16c4), after_update _notify_loop /var/lib/kolla/venv/lib/python3.6/site-packages/neutron_lib/callbacks/manager.py:177
2026-05-28 01:58:01.450 29 DEBUG neutron.db.agents_db [req-c87f54ad-f85d-4314-ab30-42a71f70a0d6 - - - - -] Agent healthcheck: found 2 active agents agent_health_check /var/lib/kolla/venv/lib/python3.6/site-packages/neutron/db/agents_db.py:318
2026-05-28 01:58:14.897 23 DEBUG neutron_lib.callbacks.manager [req-b81bcd1b-26d0-4483-ab64-ce528e36a805 - - - - -] Publish callbacks ['neutron.services.segments.db._update_segment_host_mapping_for_agent-8772748778867', 'neutron.plugins.ml2.plugin.Ml2Plugin._retry_binding_revived_agents-851166'] for agent (cb0ce887-de4e-4cc0-9f05-f342023f7fce), after_update _notify_loop /var/lib/kolla/venv/lib/python3.6/site-packages/neutron_lib/callbacks/manager.py:177
2026-05-28 01:58:22.854 22 DEBUG neutron.wsgi [-] (22) accepted ('10.0.0.73', 48086) server /var/lib/kolla/venv/lib/python3.6/site-packages/eventlet/wsgi.py:1004
2026-05-28 01:58:22.857 22 INFO neutron.wsgi [-] 10.0.0.73 "GET / HTTP/1.1" status: 200 len: 227 time: 0.0025337
2026-05-28 01:58:24.111 28 DEBUG neutron_lib.callbacks.manager [req-5c9c02ca-bac3-4bf9-830a-4a9260c5632c - - - - -] Publish callbacks ['neutron.services.segments.db._update_segment_host_mapping_for_agent-8772748778867', 'neutron.plugins.ml2.plugin.Ml2Plugin._retry_binding_revived_agents-851166'] for agent (efa169c4-ea17-4df7-a30f-8429573a16c4), after_update _notify_loop /var/lib/kolla/venv/lib/python3.6/site-packages/neutron_lib/callbacks/manager.py:177
2026-05-28 01:58:38.448 29 DEBUG neutron.db.agents_db [req-c87f54ad-f85d-4314-ab30-42a71f70a0d6 - - - - -] Agent healthcheck: found 2 active agents agent_health_check /var/lib/kolla/venv/lib/python3.6/site-packages/neutron/db/agents_db.py:318
2026-05-28 01:58:44.901 27 DEBUG neutron_lib.callbacks.manager [req-b81bcd1b-26d0-4483-ab64-ce528e36a805 - - - - -] Publish callbacks ['neutron.services.segments.db._update_segment_host_mapping_for_agent-8772748778867', 'neutron.plugins.ml2.plugin.Ml2Plugin._retry_binding_revived_agents-851166'] for agent (cb0ce887-de4e-4cc0-9f05-f342023f7fce), after_update _notify_loop /var/lib/kolla/venv/lib/python3.6/site-packages/neutron_lib/callbacks/manager.py:177
2026-05-28 01:58:52.907 22 DEBUG neutron.wsgi [-] (22) accepted ('10.0.0.73', 54902) server /var/lib/kolla/venv/lib/python3.6/site-packages/eventlet/wsgi.py:1004
2026-05-28 01:58:52.910 22 INFO neutron.wsgi [-] 10.0.0.73 "GET / HTTP/1.1" status: 200 len: 227 time: 0.0024838
2026-05-28 01:58:54.107 26 DEBUG neutron_lib.callbacks.manager [req-9f3d9f65-605a-4e3f-9413-fdadd7f7f2d0 - - - - -] Publish callbacks ['neutron.services.segments.db._update_segment_host_mapping_for_agent-8772748778867', 'neutron.plugins.ml2.plugin.Ml2Plugin._retry_binding_revived_agents-851166'] for agent (efa169c4-ea17-4df7-a30f-8429573a16c4), after_update _notify_loop /var/lib/kolla/venv/lib/python3.6/site-packages/neutron_lib/callbacks/manager.py:177
2026-05-28 01:59:14.900 24 DEBUG neutron_lib.callbacks.manager [req-b81bcd1b-26d0-4483-ab64-ce528e36a805 - - - - -] Publish callbacks ['neutron.services.segments.db._update_segment_host_mapping_for_agent-8772748778867', 'neutron.plugins.ml2.plugin.Ml2Plugin._retry_binding_revived_agents-851166'] for agent (cb0ce887-de4e-4cc0-9f05-f342023f7fce), after_update _notify_loop /var/lib/kolla/venv/lib/python3.6/site-packages/neutron_lib/callbacks/manager.py:177
2026-05-28 01:59:15.447 29 DEBUG neutron.db.agents_db [req-c87f54ad-f85d-4314-ab30-42a71f70a0d6 - - - - -] Agent healthcheck: found 2 active agents agent_health_check /var/lib/kolla/venv/lib/python3.6/site-packages/neutron/db/agents_db.py:318
2026-05-28 01:59:22.954 22 DEBUG neutron.wsgi [-] (22) accepted ('10.0.0.73', 50984) server /var/lib/kolla/venv/lib/python3.6/site-packages/eventlet/wsgi.py:1004
2026-05-28 01:59:22.958 22 INFO neutron.wsgi [-] 10.0.0.73 "GET / HTTP/1.1" status: 200 len: 227 time: 0.0033381
2026-05-28 01:59:24.113 25 DEBUG neutron_lib.callbacks.manager [req-365f0f11-9737-4868-aafe-57290abedccf - - - - -] Publish callbacks ['neutron.services.segments.db._update_segment_host_mapping_for_agent-8772748778867', 'neutron.plugins.ml2.plugin.Ml2Plugin._retry_binding_revived_agents-851166'] for agent (efa169c4-ea17-4df7-a30f-8429573a16c4), after_update _notify_loop /var/lib/kolla/venv/lib/python3.6/site-packages/neutron_lib/callbacks/manager.py:177
2026-05-28 01:59:44.921 23 DEBUG neutron_lib.callbacks.manager [req-b81bcd1b-26d0-4483-ab64-ce528e36a805 - - - - -] Publish callbacks ['neutron.services.segments.db._update_segment_host_mapping_for_agent-8772748778867', 'neutron.plugins.ml2.plugin.Ml2Plugin._retry_binding_revived_agents-851166'] for agent (cb0ce887-de4e-4cc0-9f05-f342023f7fce), after_update _notify_loop /var/lib/kolla/venv/lib/python3.6/site-packages/neutron_lib/callbacks/manager.py:177
2026-05-28 01:59:52.446 29 DEBUG neutron.db.agents_db [req-c87f54ad-f85d-4314-ab30-42a71f70a0d6 - - - - -] Agent healthcheck: found 2 active agents agent_health_check /var/lib/kolla/venv/lib/python3.6/site-packages/neutron/db/agents_db.py:318
2026-05-28 01:59:53.012 22 DEBUG neutron.wsgi [-] (22) accepted ('10.0.0.73', 47818) server /var/lib/kolla/venv/lib/python3.6/site-packages/eventlet/wsgi.py:1004
2026-05-28 01:59:53.018 22 INFO neutron.wsgi [-] 10.0.0.73 "GET / HTTP/1.1" status: 200 len: 227 time: 0.0030224
2026-05-28 01:59:54.114 28 DEBUG neutron_lib.callbacks.manager [req-d606da51-6e47-4b40-9b09-545971c780f1 - - - - -] Publish callbacks ['neutron.services.segments.db._update_segment_host_mapping_for_agent-8772748778867', 'neutron.plugins.ml2.plugin.Ml2Plugin._retry_binding_revived_agents-851166'] for agent (efa169c4-ea17-4df7-a30f-8429573a16c4), after_update _notify_loop /var/lib/kolla/venv/lib/python3.6/site-packages/neutron_lib/callbacks/manager.py:177
2026-05-28 02:00:14.907 27 DEBUG neutron_lib.callbacks.manager [req-b81bcd1b-26d0-4483-ab64-ce528e36a805 - - - - -] Publish callbacks ['neutron.services.segments.db._update_segment_host_mapping_for_agent-8772748778867', 'neutron.plugins.ml2.plugin.Ml2Plugin._retry_binding_revived_agents-851166'] for agent (cb0ce887-de4e-4cc0-9f05-f342023f7fce), after_update _notify_loop /var/lib/kolla/venv/lib/python3.6/site-packages/neutron_lib/callbacks/manager.py:177
2026-05-28 02:00:23.069 22 DEBUG neutron.wsgi [-] (22) accepted ('10.0.0.73', 55804) server /var/lib/kolla/venv/lib/python3.6/site-packages/eventlet/wsgi.py:1004
2026-05-28 02:00:23.074 22 INFO neutron.wsgi [-] 10.0.0.73 "GET / HTTP/1.1" status: 200 len: 227 time: 0.0027437
2026-05-28 02:00:24.112 26 DEBUG neutron_lib.callbacks.manager [req-d013398b-92b3-4be3-8ec7-62a296844b6f - - - - -] Publish callbacks ['neutron.services.segments.db._update_segment_host_mapping_for_agent-8772748778867', 'neutron.plugins.ml2.plugin.Ml2Plugin._retry_binding_revived_agents-851166'] for agent (efa169c4-ea17-4df7-a30f-8429573a16c4), after_update _notify_loop /var/lib/kolla/venv/lib/python3.6/site-packages/neutron_lib/callbacks/manager.py:177
2026-05-28 02:00:29.445 29 DEBUG neutron.db.agents_db [req-c87f54ad-f85d-4314-ab30-42a71f70a0d6 - - - - -] Agent healthcheck: found 2 active agents agent_health_check /var/lib/kolla/venv/lib/python3.6/site-packages/neutron/db/agents_db.py:318
2026-05-28 02:00:44.907 24 DEBUG neutron_lib.callbacks.manager [req-b81bcd1b-26d0-4483-ab64-ce528e36a805 - - - - -] Publish callbacks ['neutron.services.segments.db._update_segment_host_mapping_for_agent-8772748778867', 'neutron.plugins.ml2.plugin.Ml2Plugin._retry_binding_revived_agents-851166'] for agent (cb0ce887-de4e-4cc0-9f05-f342023f7fce), after_update _notify_loop /var/lib/kolla/venv/lib/python3.6/site-packages/neutron_lib/callbacks/manager.py:177
2026-05-28 02:00:51.733 7 INFO oslo_service.service [-] Caught SIGTERM, stopping children
2026-05-28 02:00:51.733 7 DEBUG oslo_concurrency.lockutils [-] Acquired lock "singleton_lock" lock /var/lib/kolla/venv/lib/python3.6/site-packages/oslo_concurrency/lockutils.py:294
2026-05-28 02:00:51.734 7 DEBUG oslo_concurrency.lockutils [-] Releasing lock "singleton_lock" lock /var/lib/kolla/venv/lib/python3.6/site-packages/oslo_concurrency/lockutils.py:312
2026-05-28 02:00:51.734 7 DEBUG oslo_service.service [-] Stop services. stop /var/lib/kolla/venv/lib/python3.6/site-packages/oslo_service/service.py:695
2026-05-28 02:00:51.734 7 DEBUG neutron.service [-] calling RpcWorker stop() stop /var/lib/kolla/venv/lib/python3.6/site-packages/neutron/service.py:138
2026-05-28 02:00:51.734 7 DEBUG neutron.service [-] calling RpcWorker stop() stop /var/lib/kolla/venv/lib/python3.6/site-packages/neutron/service.py:138
2026-05-28 02:00:51.734 7 DEBUG oslo_service.service [-] Killing children. stop /var/lib/kolla/venv/lib/python3.6/site-packages/oslo_service/service.py:700
2026-05-28 02:00:51.734 7 INFO oslo_service.service [-] Waiting on 8 children to exit
2026-05-28 02:00:51.735 29 DEBUG neutron.service [-] calling RpcWorker stop() stop /var/lib/kolla/venv/lib/python3.6/site-packages/neutron/service.py:138
2026-05-28 02:00:51.735 29 DEBUG neutron.service [-] calling stop on stop /var/lib/kolla/venv/lib/python3.6/site-packages/neutron/service.py:141
2026-05-28 02:00:51.736 25 DEBUG neutron.service [-] calling RpcWorker stop() stop /var/lib/kolla/venv/lib/python3.6/site-packages/neutron/service.py:138
2026-05-28 02:00:51.738 22 INFO neutron.wsgi [-] (22) wsgi exited, is_accepting=True
2026-05-28 02:00:51.738 22 DEBUG oslo_concurrency.lockutils [req-f61694ed-d1a8-4872-925b-47869eedc467 - - - - -] Acquired lock "singleton_lock" lock /var/lib/kolla/venv/lib/python3.6/site-packages/oslo_concurrency/lockutils.py:294
2026-05-28 02:00:51.737 25 DEBUG neutron.service [-] calling stop on stop /var/lib/kolla/venv/lib/python3.6/site-packages/neutron/service.py:141
2026-05-28 02:00:51.739 22 DEBUG oslo_concurrency.lockutils [req-f61694ed-d1a8-4872-925b-47869eedc467 - - - - -] Releasing lock "singleton_lock" lock /var/lib/kolla/venv/lib/python3.6/site-packages/oslo_concurrency/lockutils.py:312
2026-05-28 02:00:51.739 24 DEBUG neutron.service [-] calling RpcWorker stop() stop /var/lib/kolla/venv/lib/python3.6/site-packages/neutron/service.py:138
2026-05-28 02:00:51.740 23 DEBUG neutron.service [-] calling RpcWorker stop() stop /var/lib/kolla/venv/lib/python3.6/site-packages/neutron/service.py:138
2026-05-28 02:00:51.741 23 DEBUG neutron.service [-] calling stop on stop /var/lib/kolla/venv/lib/python3.6/site-packages/neutron/service.py:141
2026-05-28 02:00:51.739 24 DEBUG neutron.service [-] calling stop on stop /var/lib/kolla/venv/lib/python3.6/site-packages/neutron/service.py:141
2026-05-28 02:00:51.743 7 INFO oslo_service.service [-] Child 22 exited with status 0
2026-05-28 02:00:51.743 27 DEBUG neutron.service [-] calling RpcWorker stop() stop /var/lib/kolla/venv/lib/python3.6/site-packages/neutron/service.py:138
2026-05-28 02:00:51.743 26 DEBUG neutron.service [-] calling RpcWorker stop() stop /var/lib/kolla/venv/lib/python3.6/site-packages/neutron/service.py:138
2026-05-28 02:00:51.744 28 DEBUG neutron.service [-] calling RpcWorker stop() stop /var/lib/kolla/venv/lib/python3.6/site-packages/neutron/service.py:138
2026-05-28 02:00:51.743 27 DEBUG neutron.service [-] calling stop on stop /var/lib/kolla/venv/lib/python3.6/site-packages/neutron/service.py:141
2026-05-28 02:00:51.743 26 DEBUG neutron.service [-] calling stop on stop /var/lib/kolla/venv/lib/python3.6/site-packages/neutron/service.py:141
2026-05-28 02:00:51.745 28 DEBUG neutron.service [-] calling stop on stop /var/lib/kolla/venv/lib/python3.6/site-packages/neutron/service.py:141
2026-05-28 02:00:52.311 26 DEBUG oslo_concurrency.lockutils [req-f61694ed-d1a8-4872-925b-47869eedc467 - - - - -] Acquired lock "singleton_lock" lock /var/lib/kolla/venv/lib/python3.6/site-packages/oslo_concurrency/lockutils.py:294
2026-05-28 02:00:52.311 26 DEBUG oslo_concurrency.lockutils [req-f61694ed-d1a8-4872-925b-47869eedc467 - - - - -] Releasing lock "singleton_lock" lock /var/lib/kolla/venv/lib/python3.6/site-packages/oslo_concurrency/lockutils.py:312
2026-05-28 02:00:52.311 26 DEBUG neutron.service [req-f61694ed-d1a8-4872-925b-47869eedc467 - - - - -] calling RpcWorker wait() _wait /var/lib/kolla/venv/lib/python3.6/site-packages/neutron/service.py:128
2026-05-28 02:00:52.312 26 DEBUG neutron.service [req-f61694ed-d1a8-4872-925b-47869eedc467 - - - - -] calling wait on _wait /var/lib/kolla/venv/lib/python3.6/site-packages/neutron/service.py:131
2026-05-28 02:00:52.319 26 WARNING amqp [req-f61694ed-d1a8-4872-925b-47869eedc467 - - - - -] Received method (60, 30) during closing channel 1. This method will be ignored
2026-05-28 02:00:52.321 26 DEBUG neutron.service [req-f61694ed-d1a8-4872-925b-47869eedc467 - - - - -] returning from RpcWorker wait() _wait /var/lib/kolla/venv/lib/python3.6/site-packages/neutron/service.py:135
2026-05-28 02:00:52.327 7 INFO oslo_service.service [-] Child 26 exited with status 0
2026-05-28 02:00:54.107 25 DEBUG neutron_lib.callbacks.manager [req-970885f5-38c7-42e4-8fc7-064adc490cf3 - - - - -] Publish callbacks ['neutron.services.segments.db._update_segment_host_mapping_for_agent-8772748778867', 'neutron.plugins.ml2.plugin.Ml2Plugin._retry_binding_revived_agents-851166'] for agent (efa169c4-ea17-4df7-a30f-8429573a16c4), after_update _notify_loop /var/lib/kolla/venv/lib/python3.6/site-packages/neutron_lib/callbacks/manager.py:177
2026-05-28 02:00:55.423 23 DEBUG neutron.service [-] calling stop on stop /var/lib/kolla/venv/lib/python3.6/site-packages/neutron/service.py:141
2026-05-28 02:00:55.429 25 DEBUG neutron.service [-] calling stop on stop /var/lib/kolla/venv/lib/python3.6/site-packages/neutron/service.py:141
2026-05-28 02:00:55.429 24 DEBUG neutron.service [-] calling stop on stop /var/lib/kolla/venv/lib/python3.6/site-packages/neutron/service.py:141
2026-05-28 02:00:55.438 27 DEBUG oslo_concurrency.lockutils [req-f61694ed-d1a8-4872-925b-47869eedc467 - - - - -] Acquired lock "singleton_lock" lock /var/lib/kolla/venv/lib/python3.6/site-packages/oslo_concurrency/lockutils.py:294
2026-05-28 02:00:55.438 27 DEBUG oslo_concurrency.lockutils [req-f61694ed-d1a8-4872-925b-47869eedc467 - - - - -] Releasing lock "singleton_lock" lock /var/lib/kolla/venv/lib/python3.6/site-packages/oslo_concurrency/lockutils.py:312
2026-05-28 02:00:55.439 27 DEBUG neutron.service [req-f61694ed-d1a8-4872-925b-47869eedc467 - - - - -] calling RpcWorker wait() _wait /var/lib/kolla/venv/lib/python3.6/site-packages/neutron/service.py:128
2026-05-28 02:00:55.439 27 DEBUG neutron.service [req-f61694ed-d1a8-4872-925b-47869eedc467 - - - - -] calling wait on _wait /var/lib/kolla/venv/lib/python3.6/site-packages/neutron/service.py:131
2026-05-28 02:00:55.445 27 WARNING amqp [req-f61694ed-d1a8-4872-925b-47869eedc467 - - - - -] Received method (60, 30) during closing channel 1. This method will be ignored
2026-05-28 02:00:55.446 23 DEBUG neutron.service [-] calling stop on stop /var/lib/kolla/venv/lib/python3.6/site-packages/neutron/service.py:141
2026-05-28 02:00:55.447 29 DEBUG oslo_concurrency.lockutils [req-f61694ed-d1a8-4872-925b-47869eedc467 - - - - -] Acquired lock "singleton_lock" lock /var/lib/kolla/venv/lib/python3.6/site-packages/oslo_concurrency/lockutils.py:294
2026-05-28 02:00:55.447 28 DEBUG oslo_concurrency.lockutils [req-f61694ed-d1a8-4872-925b-47869eedc467 - - - - -] Acquired lock "singleton_lock" lock /var/lib/kolla/venv/lib/python3.6/site-packages/oslo_concurrency/lockutils.py:294
2026-05-28 02:00:55.448 28 DEBUG oslo_concurrency.lockutils [req-f61694ed-d1a8-4872-925b-47869eedc467 - - - - -] Releasing lock "singleton_lock" lock /var/lib/kolla/venv/lib/python3.6/site-packages/oslo_concurrency/lockutils.py:312
2026-05-28 02:00:55.448 29 DEBUG oslo_concurrency.lockutils [req-f61694ed-d1a8-4872-925b-47869eedc467 - - - - -] Releasing lock "singleton_lock" lock /var/lib/kolla/venv/lib/python3.6/site-packages/oslo_concurrency/lockutils.py:312
2026-05-28 02:00:55.448 28 DEBUG neutron.service [req-f61694ed-d1a8-4872-925b-47869eedc467 - - - - -] calling RpcWorker wait() _wait /var/lib/kolla/venv/lib/python3.6/site-packages/neutron/service.py:128
2026-05-28 02:00:55.448 29 DEBUG neutron.service [req-f61694ed-d1a8-4872-925b-47869eedc467 - - - - -] calling RpcWorker wait() _wait /var/lib/kolla/venv/lib/python3.6/site-packages/neutron/service.py:128
2026-05-28 02:00:55.448 28 DEBUG neutron.service [req-f61694ed-d1a8-4872-925b-47869eedc467 - - - - -] calling wait on _wait /var/lib/kolla/venv/lib/python3.6/site-packages/neutron/service.py:131
2026-05-28 02:00:55.448 29 DEBUG neutron.service [req-f61694ed-d1a8-4872-925b-47869eedc467 - - - - -] calling wait on _wait /var/lib/kolla/venv/lib/python3.6/site-packages/neutron/service.py:131
2026-05-28 02:00:55.449 27 DEBUG neutron.service [req-f61694ed-d1a8-4872-925b-47869eedc467 - - - - -] returning from RpcWorker wait() _wait /var/lib/kolla/venv/lib/python3.6/site-packages/neutron/service.py:135
2026-05-28 02:00:55.453 24 DEBUG neutron.service [-] calling stop on stop /var/lib/kolla/venv/lib/python3.6/site-packages/neutron/service.py:141
2026-05-28 02:00:55.453 7 INFO oslo_service.service [-] Child 27 exited with status 0
2026-05-28 02:00:55.454 28 WARNING amqp [req-f61694ed-d1a8-4872-925b-47869eedc467 - - - - -] Received method (60, 30) during closing channel 1. This method will be ignored
2026-05-28 02:00:55.455 25 DEBUG neutron.service [-] calling stop on stop /var/lib/kolla/venv/lib/python3.6/site-packages/neutron/service.py:141
2026-05-28 02:00:55.456 28 DEBUG neutron.service [req-f61694ed-d1a8-4872-925b-47869eedc467 - - - - -] returning from RpcWorker wait() _wait /var/lib/kolla/venv/lib/python3.6/site-packages/neutron/service.py:135
2026-05-28 02:00:55.459 7 INFO oslo_service.service [-] Child 28 exited with status 0
2026-05-28 02:00:55.462 29 WARNING amqp [req-f61694ed-d1a8-4872-925b-47869eedc467 - - - - -] Received method (60, 30) during closing channel 1. This method will be ignored
2026-05-28 02:00:55.463 29 DEBUG neutron.service [req-f61694ed-d1a8-4872-925b-47869eedc467 - - - - -] returning from RpcWorker wait() _wait /var/lib/kolla/venv/lib/python3.6/site-packages/neutron/service.py:135
2026-05-28 02:00:55.470 7 INFO oslo_service.service [-] Child 29 exited with status 0
2026-05-28 02:00:55.474 23 DEBUG neutron.service [-] calling stop on stop /var/lib/kolla/venv/lib/python3.6/site-packages/neutron/service.py:141
2026-05-28 02:00:55.495 23 DEBUG oslo_concurrency.lockutils [req-f61694ed-d1a8-4872-925b-47869eedc467 - - - - -] Acquired lock "singleton_lock" lock /var/lib/kolla/venv/lib/python3.6/site-packages/oslo_concurrency/lockutils.py:294
2026-05-28 02:00:55.496 23 DEBUG oslo_concurrency.lockutils [req-f61694ed-d1a8-4872-925b-47869eedc467 - - - - -] Releasing lock "singleton_lock" lock /var/lib/kolla/venv/lib/python3.6/site-packages/oslo_concurrency/lockutils.py:312
2026-05-28 02:00:55.496 23 DEBUG neutron.service [req-f61694ed-d1a8-4872-925b-47869eedc467 - - - - -] calling RpcWorker wait() _wait /var/lib/kolla/venv/lib/python3.6/site-packages/neutron/service.py:128
2026-05-28 02:00:55.497 23 DEBUG neutron.service [req-f61694ed-d1a8-4872-925b-47869eedc467 - - - - -] calling wait on _wait /var/lib/kolla/venv/lib/python3.6/site-packages/neutron/service.py:131
2026-05-28 02:00:55.503 23 WARNING amqp [req-f61694ed-d1a8-4872-925b-47869eedc467 - - - - -] Received method (60, 30) during closing channel 1. This method will be ignored
2026-05-28 02:00:55.504 23 DEBUG neutron.service [req-f61694ed-d1a8-4872-925b-47869eedc467 - - - - -] calling wait on _wait /var/lib/kolla/venv/lib/python3.6/site-packages/neutron/service.py:131
2026-05-28 02:00:55.510 23 WARNING amqp [req-f61694ed-d1a8-4872-925b-47869eedc467 - - - - -] Received method (60, 30) during closing channel 1. This method will be ignored
2026-05-28 02:00:55.511 23 DEBUG neutron.service [req-f61694ed-d1a8-4872-925b-47869eedc467 - - - - -] calling wait on _wait /var/lib/kolla/venv/lib/python3.6/site-packages/neutron/service.py:131
2026-05-28 02:00:55.516 23 WARNING amqp [req-f61694ed-d1a8-4872-925b-47869eedc467 - - - - -] Received method (60, 30) during closing channel 1. This method will be ignored
2026-05-28 02:00:55.517 23 DEBUG neutron.service [req-f61694ed-d1a8-4872-925b-47869eedc467 - - - - -] calling wait on _wait /var/lib/kolla/venv/lib/python3.6/site-packages/neutron/service.py:131
2026-05-28 02:00:55.522 23 WARNING amqp [req-f61694ed-d1a8-4872-925b-47869eedc467 - - - - -] Received method (60, 30) during closing channel 1. This method will be ignored
2026-05-28 02:00:55.523 23 DEBUG neutron.service [req-f61694ed-d1a8-4872-925b-47869eedc467 - - - - -] returning from RpcWorker wait() _wait /var/lib/kolla/venv/lib/python3.6/site-packages/neutron/service.py:135
2026-05-28 02:00:55.530 7 INFO oslo_service.service [-] Child 23 exited with status 0
2026-05-28 02:00:56.157 25 DEBUG neutron.service [-] calling stop on stop /var/lib/kolla/venv/lib/python3.6/site-packages/neutron/service.py:141
2026-05-28 02:00:58.103 24 DEBUG neutron.service [-] calling stop on stop /var/lib/kolla/venv/lib/python3.6/site-packages/neutron/service.py:141
2026-05-28 02:01:00.488 25 DEBUG oslo_concurrency.lockutils [req-f61694ed-d1a8-4872-925b-47869eedc467 - - - - -] Acquired lock "singleton_lock" lock /var/lib/kolla/venv/lib/python3.6/site-packages/oslo_concurrency/lockutils.py:294
2026-05-28 02:01:00.489 25 DEBUG oslo_concurrency.lockutils [req-f61694ed-d1a8-4872-925b-47869eedc467 - - - - -] Releasing lock "singleton_lock" lock /var/lib/kolla/venv/lib/python3.6/site-packages/oslo_concurrency/lockutils.py:312
2026-05-28 02:01:00.490 24 DEBUG oslo_concurrency.lockutils [req-f61694ed-d1a8-4872-925b-47869eedc467 - - - - -] Acquired lock "singleton_lock" lock /var/lib/kolla/venv/lib/python3.6/site-packages/oslo_concurrency/lockutils.py:294
2026-05-28 02:01:00.490 25 DEBUG neutron.service [req-f61694ed-d1a8-4872-925b-47869eedc467 - - - - -] calling RpcWorker wait() _wait /var/lib/kolla/venv/lib/python3.6/site-packages/neutron/service.py:128
2026-05-28 02:01:00.491 25 DEBUG neutron.service [req-f61694ed-d1a8-4872-925b-47869eedc467 - - - - -] calling wait on _wait /var/lib/kolla/venv/lib/python3.6/site-packages/neutron/service.py:131
2026-05-28 02:01:00.490 24 DEBUG oslo_concurrency.lockutils [req-f61694ed-d1a8-4872-925b-47869eedc467 - - - - -] Releasing lock "singleton_lock" lock /var/lib/kolla/venv/lib/python3.6/site-packages/oslo_concurrency/lockutils.py:312
2026-05-28 02:01:00.491 24 DEBUG neutron.service [req-f61694ed-d1a8-4872-925b-47869eedc467 - - - - -] calling RpcWorker wait() _wait /var/lib/kolla/venv/lib/python3.6/site-packages/neutron/service.py:128
2026-05-28 02:01:00.492 24 DEBUG neutron.service [req-f61694ed-d1a8-4872-925b-47869eedc467 - - - - -] calling wait on _wait /var/lib/kolla/venv/lib/python3.6/site-packages/neutron/service.py:131
2026-05-28 02:01:00.498 25 WARNING amqp [req-f61694ed-d1a8-4872-925b-47869eedc467 - - - - -] Received method (60, 30) during closing channel 1. This method will be ignored
2026-05-28 02:01:00.500 24 WARNING amqp [req-f61694ed-d1a8-4872-925b-47869eedc467 - - - - -] Received method (60, 30) during closing channel 1. This method will be ignored
2026-05-28 02:01:00.501 24 DEBUG neutron.service [req-f61694ed-d1a8-4872-925b-47869eedc467 - - - - -] calling wait on _wait /var/lib/kolla/venv/lib/python3.6/site-packages/neutron/service.py:131
2026-05-28 02:01:00.501 25 DEBUG neutron.service [req-f61694ed-d1a8-4872-925b-47869eedc467 - - - - -] calling wait on _wait /var/lib/kolla/venv/lib/python3.6/site-packages/neutron/service.py:131
2026-05-28 02:01:00.508 25 WARNING amqp [req-f61694ed-d1a8-4872-925b-47869eedc467 - - - - -] Received method (60, 30) during closing channel 1. This method will be ignored
2026-05-28 02:01:00.509 25 DEBUG neutron.service [req-f61694ed-d1a8-4872-925b-47869eedc467 - - - - -] calling wait on _wait /var/lib/kolla/venv/lib/python3.6/site-packages/neutron/service.py:131
2026-05-28 02:01:00.511 24 WARNING amqp [req-f61694ed-d1a8-4872-925b-47869eedc467 - - - - -] Received method (60, 30) during closing channel 1. This method will be ignored
2026-05-28 02:01:00.511 24 DEBUG neutron.service [req-f61694ed-d1a8-4872-925b-47869eedc467 - - - - -] calling wait on _wait /var/lib/kolla/venv/lib/python3.6/site-packages/neutron/service.py:131
2026-05-28 02:01:00.514 25 WARNING amqp [req-f61694ed-d1a8-4872-925b-47869eedc467 - - - - -] Received method (60, 30) during closing channel 1. This method will be ignored
2026-05-28 02:01:00.515 25 DEBUG neutron.service [req-f61694ed-d1a8-4872-925b-47869eedc467 - - - - -] calling wait on _wait /var/lib/kolla/venv/lib/python3.6/site-packages/neutron/service.py:131
2026-05-28 02:01:00.518 24 WARNING amqp [req-f61694ed-d1a8-4872-925b-47869eedc467 - - - - -] Received method (60, 30) during closing channel 1. This method will be ignored
2026-05-28 02:01:00.518 24 DEBUG neutron.service [req-f61694ed-d1a8-4872-925b-47869eedc467 - - - - -] calling wait on _wait /var/lib/kolla/venv/lib/python3.6/site-packages/neutron/service.py:131
2026-05-28 02:01:00.521 25 WARNING amqp [req-f61694ed-d1a8-4872-925b-47869eedc467 - - - - -] Received method (60, 30) during closing channel 1. This method will be ignored
2026-05-28 02:01:00.521 25 DEBUG neutron.service [req-f61694ed-d1a8-4872-925b-47869eedc467 - - - - -] returning from RpcWorker wait() _wait /var/lib/kolla/venv/lib/python3.6/site-packages/neutron/service.py:135
2026-05-28 02:01:00.524 24 WARNING amqp [req-f61694ed-d1a8-4872-925b-47869eedc467 - - - - -] Received method (60, 30) during closing channel 1. This method will be ignored
2026-05-28 02:01:00.526 24 DEBUG neutron.service [req-f61694ed-d1a8-4872-925b-47869eedc467 - - - - -] returning from RpcWorker wait() _wait /var/lib/kolla/venv/lib/python3.6/site-packages/neutron/service.py:135
2026-05-28 02:01:00.528 7 INFO oslo_service.service [-] Child 25 exited with status 0
2026-05-28 02:01:00.532 7 INFO oslo_service.service [-] Child 24 exited with status 0
2026-05-28 02:01:00.532 7 INFO oslo_service.service [-] Wait called after thread killed. Cleaning up.
2026-05-28 02:01:00.532 7 DEBUG oslo_service.service [-] Stop services. stop /var/lib/kolla/venv/lib/python3.6/site-packages/oslo_service/service.py:695
2026-05-28 02:01:00.532 7 DEBUG oslo_service.service [-] Killing children. stop /var/lib/kolla/venv/lib/python3.6/site-packages/oslo_service/service.py:700
2026-05-28 02:01:04.993 7 INFO neutron.common.config [-] Logging enabled!
2026-05-28 02:01:04.993 7 INFO neutron.common.config [-] /var/lib/kolla/venv/bin/neutron-server version 20.5.1.dev23
2026-05-28 02:01:04.993 7 DEBUG neutron.common.config [-] command line: /var/lib/kolla/venv/bin/neutron-server --config-file /etc/neutron/neutron.conf --config-file /etc/neutron/ContrailPlugin.ini --config-file /etc/neutron/api-paste.ini setup_logging /var/lib/kolla/venv/lib/python3.6/site-packages/neutron/common/config.py:115
2026-05-28 02:01:05.003 7 INFO neutron.common.config [-] Logging enabled!
2026-05-28 02:01:05.003 7 INFO neutron.common.config [-] /var/lib/kolla/venv/bin/neutron-server version 20.5.1.dev23
2026-05-28 02:01:05.003 7 DEBUG neutron.common.config [-] command line: /var/lib/kolla/venv/bin/neutron-server --config-file /etc/neutron/neutron.conf --config-file /etc/neutron/ContrailPlugin.ini --config-file /etc/neutron/api-paste.ini setup_logging /var/lib/kolla/venv/lib/python3.6/site-packages/neutron/common/config.py:115
2026-05-28 02:01:05.004 7 DEBUG neutron.common.config [-] ******************************************************************************** log_opt_values /var/lib/kolla/venv/lib/python3.6/site-packages/oslo_config/cfg.py:2589
2026-05-28 02:01:05.004 7 DEBUG neutron.common.config [-] Configuration options gathered from: log_opt_values /var/lib/kolla/venv/lib/python3.6/site-packages/oslo_config/cfg.py:2590
2026-05-28 02:01:05.004 7 DEBUG neutron.common.config [-] command line args: ['--config-file', '/etc/neutron/neutron.conf', '--config-file', '/etc/neutron/ContrailPlugin.ini', '--config-file', '/etc/neutron/api-paste.ini'] log_opt_values /var/lib/kolla/venv/lib/python3.6/site-packages/oslo_config/cfg.py:2591
2026-05-28 02:01:05.005 7 DEBUG neutron.common.config [-] config files: ['/etc/neutron/neutron.conf', '/etc/neutron/ContrailPlugin.ini', '/etc/neutron/api-paste.ini'] log_opt_values /var/lib/kolla/venv/lib/python3.6/site-packages/oslo_config/cfg.py:2593
2026-05-28 02:01:05.005 7 DEBUG neutron.common.config [-] ================================================================================ log_opt_values /var/lib/kolla/venv/lib/python3.6/site-packages/oslo_config/cfg.py:2594
2026-05-28 02:01:05.005 7 DEBUG neutron.common.config [-] allow_bulk = True log_opt_values /var/lib/kolla/venv/lib/python3.6/site-packages/oslo_config/cfg.py:2603
2026-05-28 02:01:05.005 7 WARNING oslo_config.cfg [-] Deprecated: Option "allow_overlapping_ips" from group "DEFAULT" is deprecated for removal. Its value may be silently ignored in the future.
2026-05-28 02:01:05.005 7 DEBUG neutron.common.config [-] allow_overlapping_ips = True log_opt_values /var/lib/kolla/venv/lib/python3.6/site-packages/oslo_config/cfg.py:2603
