2026-05-25 01:52:56.135 7 DEBUG oslo_service.service [-] ml2_type_gre.tunnel_id_ranges = [] log_opt_values /var/lib/kolla/venv/lib/python3.6/site-packages/oslo_config/cfg.py:2611
2026-05-25 01:52:56.135 7 DEBUG oslo_service.service [-] ml2_type_vlan.network_vlan_ranges = [] log_opt_values /var/lib/kolla/venv/lib/python3.6/site-packages/oslo_config/cfg.py:2611
2026-05-25 01:52:56.135 7 DEBUG oslo_service.service [-] ml2_type_vxlan.vni_ranges = [] log_opt_values /var/lib/kolla/venv/lib/python3.6/site-packages/oslo_config/cfg.py:2611
2026-05-25 01:52:56.135 7 DEBUG oslo_service.service [-] ml2_type_vxlan.vxlan_group = None log_opt_values /var/lib/kolla/venv/lib/python3.6/site-packages/oslo_config/cfg.py:2611
2026-05-25 01:52:56.135 7 DEBUG oslo_service.service [-] database.backend = sqlalchemy log_opt_values /var/lib/kolla/venv/lib/python3.6/site-packages/oslo_config/cfg.py:2611
2026-05-25 01:52:56.135 7 DEBUG oslo_service.service [-] database.connection = **** log_opt_values /var/lib/kolla/venv/lib/python3.6/site-packages/oslo_config/cfg.py:2611
2026-05-25 01:52:56.136 7 DEBUG oslo_service.service [-] database.connection_debug = 0 log_opt_values /var/lib/kolla/venv/lib/python3.6/site-packages/oslo_config/cfg.py:2611
2026-05-25 01:52:56.136 7 DEBUG oslo_service.service [-] database.connection_parameters = log_opt_values /var/lib/kolla/venv/lib/python3.6/site-packages/oslo_config/cfg.py:2611
2026-05-25 01:52:56.136 7 DEBUG oslo_service.service [-] database.connection_recycle_time = 10 log_opt_values /var/lib/kolla/venv/lib/python3.6/site-packages/oslo_config/cfg.py:2611
2026-05-25 01:52:56.136 7 DEBUG oslo_service.service [-] database.connection_trace = False log_opt_values /var/lib/kolla/venv/lib/python3.6/site-packages/oslo_config/cfg.py:2611
2026-05-25 01:52:56.136 7 DEBUG oslo_service.service [-] database.db_inc_retry_interval = True log_opt_values /var/lib/kolla/venv/lib/python3.6/site-packages/oslo_config/cfg.py:2611
2026-05-25 01:52:56.136 7 DEBUG oslo_service.service [-] database.db_max_retries = 20 log_opt_values /var/lib/kolla/venv/lib/python3.6/site-packages/oslo_config/cfg.py:2611
2026-05-25 01:52:56.136 7 DEBUG oslo_service.service [-] database.db_max_retry_interval = 10 log_opt_values /var/lib/kolla/venv/lib/python3.6/site-packages/oslo_config/cfg.py:2611
2026-05-25 01:52:56.137 7 DEBUG oslo_service.service [-] database.db_retry_interval = 1 log_opt_values /var/lib/kolla/venv/lib/python3.6/site-packages/oslo_config/cfg.py:2611
2026-05-25 01:52:56.137 7 DEBUG oslo_service.service [-] database.max_overflow = 50 log_opt_values /var/lib/kolla/venv/lib/python3.6/site-packages/oslo_config/cfg.py:2611
2026-05-25 01:52:56.137 7 DEBUG oslo_service.service [-] database.max_pool_size = 1 log_opt_values /var/lib/kolla/venv/lib/python3.6/site-packages/oslo_config/cfg.py:2611
2026-05-25 01:52:56.137 7 DEBUG oslo_service.service [-] database.max_retries = -1 log_opt_values /var/lib/kolla/venv/lib/python3.6/site-packages/oslo_config/cfg.py:2611
2026-05-25 01:52:56.137 7 DEBUG oslo_service.service [-] database.mysql_enable_ndb = False log_opt_values /var/lib/kolla/venv/lib/python3.6/site-packages/oslo_config/cfg.py:2611
2026-05-25 01:52:56.137 7 DEBUG oslo_service.service [-] database.mysql_sql_mode = TRADITIONAL log_opt_values /var/lib/kolla/venv/lib/python3.6/site-packages/oslo_config/cfg.py:2611
2026-05-25 01:52:56.137 7 DEBUG oslo_service.service [-] database.pool_timeout = None log_opt_values /var/lib/kolla/venv/lib/python3.6/site-packages/oslo_config/cfg.py:2611
2026-05-25 01:52:56.137 7 DEBUG oslo_service.service [-] database.retry_interval = 10 log_opt_values /var/lib/kolla/venv/lib/python3.6/site-packages/oslo_config/cfg.py:2611
2026-05-25 01:52:56.137 7 DEBUG oslo_service.service [-] database.slave_connection = **** log_opt_values /var/lib/kolla/venv/lib/python3.6/site-packages/oslo_config/cfg.py:2611
2026-05-25 01:52:56.137 7 DEBUG oslo_service.service [-] database.sqlite_synchronous = True log_opt_values /var/lib/kolla/venv/lib/python3.6/site-packages/oslo_config/cfg.py:2611
2026-05-25 01:52:56.137 7 DEBUG oslo_service.service [-] database.use_db_reconnect = False log_opt_values /var/lib/kolla/venv/lib/python3.6/site-packages/oslo_config/cfg.py:2611
2026-05-25 01:52:56.137 7 DEBUG oslo_service.service [-] ******************************************************************************** log_opt_values /var/lib/kolla/venv/lib/python3.6/site-packages/oslo_config/cfg.py:2613
2026-05-25 01:52:57.984 22 DEBUG neutron.wsgi [-] (22) accepted ('10.0.0.130', 33778) server /var/lib/kolla/venv/lib/python3.6/site-packages/eventlet/wsgi.py:1004
2026-05-25 01:52:57.991 22 INFO neutron.wsgi [-] 10.0.0.130 "GET / HTTP/1.1" status: 200 len: 228 time: 0.0047522
2026-05-25 01:53:00.246 23 DEBUG neutron.api.rpc.handlers.dhcp_rpc [req-28cb0e26-f30a-4d82-a8e3-aa67499bbf0f - - - - -] get_active_networks_info from cn-jenkins-deploy-platform-ansible-os-5821-1 get_active_networks_info /var/lib/kolla/venv/lib/python3.6/site-packages/neutron/api/rpc/handlers/dhcp_rpc.py:159
2026-05-25 01:53:00.268 26 DEBUG neutron_lib.callbacks.manager [req-9b221fdc-c824-4443-8060-f4055081889e - - - - -] Publish callbacks ['neutron.services.segments.db._update_segment_host_mapping_for_agent-8729002201459', 'neutron.services.l3_router.l3_router_plugin.DVRResourceOperationHandler.create_fip_agent_gw_ports-1638915'] for agent (9750fe4a-ac91-4992-b455-022cb2a07c1a), after_create _notify_loop /var/lib/kolla/venv/lib/python3.6/site-packages/neutron_lib/callbacks/manager.py:177
2026-05-25 01:53:00.286 23 DEBUG neutron.scheduler.dhcp_agent_scheduler [req-28cb0e26-f30a-4d82-a8e3-aa67499bbf0f - - - - -] No non-hosted networks auto_schedule_networks /var/lib/kolla/venv/lib/python3.6/site-packages/neutron/scheduler/dhcp_agent_scheduler.py:60
2026-05-25 01:53:17.872 28 DEBUG neutron_lib.callbacks.manager [req-6a72db97-977b-4832-a965-f8a3b532aa9a - - - - -] Publish callbacks ['neutron.services.segments.db._update_segment_host_mapping_for_agent-8729002201459', 'neutron.services.l3_router.l3_router_plugin.DVRResourceOperationHandler.create_fip_agent_gw_ports-1638915'] for agent (9174b9d9-0e87-4994-8589-01d5693c381e), after_create _notify_loop /var/lib/kolla/venv/lib/python3.6/site-packages/neutron_lib/callbacks/manager.py:177
2026-05-25 01:53:28.032 22 DEBUG neutron.wsgi [-] (22) accepted ('10.0.0.130', 40706) server /var/lib/kolla/venv/lib/python3.6/site-packages/eventlet/wsgi.py:1004
2026-05-25 01:53:28.037 22 INFO neutron.wsgi [-] 10.0.0.130 "GET / HTTP/1.1" status: 200 len: 228 time: 0.0028908
2026-05-25 01:53:30.254 27 DEBUG neutron_lib.callbacks.manager [req-26459acb-83f2-4df3-a9c6-a8a4d6ba6e84 - - - - -] Publish callbacks ['neutron.services.segments.db._update_segment_host_mapping_for_agent-8729002201459', 'neutron.plugins.ml2.plugin.Ml2Plugin._retry_binding_revived_agents--9223372036853963888'] for agent (9750fe4a-ac91-4992-b455-022cb2a07c1a), after_update _notify_loop /var/lib/kolla/venv/lib/python3.6/site-packages/neutron_lib/callbacks/manager.py:177
2026-05-25 01:53:47.850 25 DEBUG neutron_lib.callbacks.manager [req-6a72db97-977b-4832-a965-f8a3b532aa9a - - - - -] Publish callbacks ['neutron.services.segments.db._update_segment_host_mapping_for_agent-8729002201459', 'neutron.plugins.ml2.plugin.Ml2Plugin._retry_binding_revived_agents--9223372036853963888'] for agent (9174b9d9-0e87-4994-8589-01d5693c381e), after_update _notify_loop /var/lib/kolla/venv/lib/python3.6/site-packages/neutron_lib/callbacks/manager.py:177
2026-05-25 01:53:58.078 22 DEBUG neutron.wsgi [-] (22) accepted ('10.0.0.130', 36044) server /var/lib/kolla/venv/lib/python3.6/site-packages/eventlet/wsgi.py:1004
2026-05-25 01:53:58.081 22 INFO neutron.wsgi [-] 10.0.0.130 "GET / HTTP/1.1" status: 200 len: 228 time: 0.0025945
2026-05-25 01:54:00.261 24 DEBUG neutron_lib.callbacks.manager [req-697ac03d-2b5a-41ff-81a6-afb8a0021c16 - - - - -] Publish callbacks ['neutron.services.segments.db._update_segment_host_mapping_for_agent-8729002201459', 'neutron.plugins.ml2.plugin.Ml2Plugin._retry_binding_revived_agents--9223372036853963888'] for agent (9750fe4a-ac91-4992-b455-022cb2a07c1a), after_update _notify_loop /var/lib/kolla/venv/lib/python3.6/site-packages/neutron_lib/callbacks/manager.py:177
2026-05-25 01:54:03.058 29 DEBUG neutron.db.agents_db [req-06fc8c70-e6c4-410a-a060-aa73fe063e7c - - - - -] Agent healthcheck: found 2 active agents agent_health_check /var/lib/kolla/venv/lib/python3.6/site-packages/neutron/db/agents_db.py:318
2026-05-25 01:54:17.841 23 DEBUG neutron_lib.callbacks.manager [req-6a72db97-977b-4832-a965-f8a3b532aa9a - - - - -] Publish callbacks ['neutron.services.segments.db._update_segment_host_mapping_for_agent-8729002201459', 'neutron.plugins.ml2.plugin.Ml2Plugin._retry_binding_revived_agents--9223372036853963888'] for agent (9174b9d9-0e87-4994-8589-01d5693c381e), after_update _notify_loop /var/lib/kolla/venv/lib/python3.6/site-packages/neutron_lib/callbacks/manager.py:177
2026-05-25 01:54:28.122 22 DEBUG neutron.wsgi [-] (22) accepted ('10.0.0.130', 56770) server /var/lib/kolla/venv/lib/python3.6/site-packages/eventlet/wsgi.py:1004
2026-05-25 01:54:28.126 22 INFO neutron.wsgi [-] 10.0.0.130 "GET / HTTP/1.1" status: 200 len: 228 time: 0.0028443
2026-05-25 01:54:30.243 26 DEBUG neutron_lib.callbacks.manager [req-c12e179a-ae0b-44d2-85f1-e5acb3d04e02 - - - - -] Publish callbacks ['neutron.services.segments.db._update_segment_host_mapping_for_agent-8729002201459', 'neutron.plugins.ml2.plugin.Ml2Plugin._retry_binding_revived_agents--9223372036853963888'] for agent (9750fe4a-ac91-4992-b455-022cb2a07c1a), after_update _notify_loop /var/lib/kolla/venv/lib/python3.6/site-packages/neutron_lib/callbacks/manager.py:177
2026-05-25 01:54:40.058 29 DEBUG neutron.db.agents_db [req-06fc8c70-e6c4-410a-a060-aa73fe063e7c - - - - -] Agent healthcheck: found 2 active agents agent_health_check /var/lib/kolla/venv/lib/python3.6/site-packages/neutron/db/agents_db.py:318
2026-05-25 01:54:47.840 28 DEBUG neutron_lib.callbacks.manager [req-6a72db97-977b-4832-a965-f8a3b532aa9a - - - - -] Publish callbacks ['neutron.services.segments.db._update_segment_host_mapping_for_agent-8729002201459', 'neutron.plugins.ml2.plugin.Ml2Plugin._retry_binding_revived_agents--9223372036853963888'] for agent (9174b9d9-0e87-4994-8589-01d5693c381e), after_update _notify_loop /var/lib/kolla/venv/lib/python3.6/site-packages/neutron_lib/callbacks/manager.py:177
2026-05-25 01:54:58.169 22 DEBUG neutron.wsgi [-] (22) accepted ('10.0.0.130', 52234) server /var/lib/kolla/venv/lib/python3.6/site-packages/eventlet/wsgi.py:1004
2026-05-25 01:54:58.172 22 INFO neutron.wsgi [-] 10.0.0.130 "GET / HTTP/1.1" status: 200 len: 228 time: 0.0023940
2026-05-25 01:55:00.239 27 DEBUG neutron_lib.callbacks.manager [req-bbfd2fab-c303-49de-be73-a66baeaa117e - - - - -] Publish callbacks ['neutron.services.segments.db._update_segment_host_mapping_for_agent-8729002201459', 'neutron.plugins.ml2.plugin.Ml2Plugin._retry_binding_revived_agents--9223372036853963888'] for agent (9750fe4a-ac91-4992-b455-022cb2a07c1a), after_update _notify_loop /var/lib/kolla/venv/lib/python3.6/site-packages/neutron_lib/callbacks/manager.py:177
2026-05-25 01:55:17.056 29 DEBUG neutron.db.agents_db [req-06fc8c70-e6c4-410a-a060-aa73fe063e7c - - - - -] Agent healthcheck: found 2 active agents agent_health_check /var/lib/kolla/venv/lib/python3.6/site-packages/neutron/db/agents_db.py:318
2026-05-25 01:55:17.841 25 DEBUG neutron_lib.callbacks.manager [req-6a72db97-977b-4832-a965-f8a3b532aa9a - - - - -] Publish callbacks ['neutron.services.segments.db._update_segment_host_mapping_for_agent-8729002201459', 'neutron.plugins.ml2.plugin.Ml2Plugin._retry_binding_revived_agents--9223372036853963888'] for agent (9174b9d9-0e87-4994-8589-01d5693c381e), after_update _notify_loop /var/lib/kolla/venv/lib/python3.6/site-packages/neutron_lib/callbacks/manager.py:177
2026-05-25 01:55:28.215 22 DEBUG neutron.wsgi [-] (22) accepted ('10.0.0.130', 54330) server /var/lib/kolla/venv/lib/python3.6/site-packages/eventlet/wsgi.py:1004
2026-05-25 01:55:28.218 22 INFO neutron.wsgi [-] 10.0.0.130 "GET / HTTP/1.1" status: 200 len: 228 time: 0.0026186
2026-05-25 01:55:30.234 24 DEBUG neutron_lib.callbacks.manager [req-a64300bd-e4ae-45c3-8d0f-e401a5777df3 - - - - -] Publish callbacks ['neutron.services.segments.db._update_segment_host_mapping_for_agent-8729002201459', 'neutron.plugins.ml2.plugin.Ml2Plugin._retry_binding_revived_agents--9223372036853963888'] for agent (9750fe4a-ac91-4992-b455-022cb2a07c1a), after_update _notify_loop /var/lib/kolla/venv/lib/python3.6/site-packages/neutron_lib/callbacks/manager.py:177
2026-05-25 01:55:47.842 23 DEBUG neutron_lib.callbacks.manager [req-6a72db97-977b-4832-a965-f8a3b532aa9a - - - - -] Publish callbacks ['neutron.services.segments.db._update_segment_host_mapping_for_agent-8729002201459', 'neutron.plugins.ml2.plugin.Ml2Plugin._retry_binding_revived_agents--9223372036853963888'] for agent (9174b9d9-0e87-4994-8589-01d5693c381e), after_update _notify_loop /var/lib/kolla/venv/lib/python3.6/site-packages/neutron_lib/callbacks/manager.py:177
2026-05-25 01:55:54.056 29 DEBUG neutron.db.agents_db [req-06fc8c70-e6c4-410a-a060-aa73fe063e7c - - - - -] Agent healthcheck: found 2 active agents agent_health_check /var/lib/kolla/venv/lib/python3.6/site-packages/neutron/db/agents_db.py:318
2026-05-25 01:55:58.267 22 DEBUG neutron.wsgi [-] (22) accepted ('10.0.0.130', 54940) server /var/lib/kolla/venv/lib/python3.6/site-packages/eventlet/wsgi.py:1004
2026-05-25 01:55:58.270 22 INFO neutron.wsgi [-] 10.0.0.130 "GET / HTTP/1.1" status: 200 len: 228 time: 0.0024297
2026-05-25 01:56:00.243 26 DEBUG neutron_lib.callbacks.manager [req-ac2c76ff-a7ca-4f25-b260-f8b760b28218 - - - - -] Publish callbacks ['neutron.services.segments.db._update_segment_host_mapping_for_agent-8729002201459', 'neutron.plugins.ml2.plugin.Ml2Plugin._retry_binding_revived_agents--9223372036853963888'] for agent (9750fe4a-ac91-4992-b455-022cb2a07c1a), after_update _notify_loop /var/lib/kolla/venv/lib/python3.6/site-packages/neutron_lib/callbacks/manager.py:177
2026-05-25 01:56:17.845 28 DEBUG neutron_lib.callbacks.manager [req-6a72db97-977b-4832-a965-f8a3b532aa9a - - - - -] Publish callbacks ['neutron.services.segments.db._update_segment_host_mapping_for_agent-8729002201459', 'neutron.plugins.ml2.plugin.Ml2Plugin._retry_binding_revived_agents--9223372036853963888'] for agent (9174b9d9-0e87-4994-8589-01d5693c381e), after_update _notify_loop /var/lib/kolla/venv/lib/python3.6/site-packages/neutron_lib/callbacks/manager.py:177
2026-05-25 01:56:28.315 22 DEBUG neutron.wsgi [-] (22) accepted ('10.0.0.130', 57592) server /var/lib/kolla/venv/lib/python3.6/site-packages/eventlet/wsgi.py:1004
2026-05-25 01:56:28.318 22 INFO neutron.wsgi [-] 10.0.0.130 "GET / HTTP/1.1" status: 200 len: 228 time: 0.0025346
2026-05-25 01:56:30.239 27 DEBUG neutron_lib.callbacks.manager [req-c5ed1146-927c-4d47-93fb-c26799efe556 - - - - -] Publish callbacks ['neutron.services.segments.db._update_segment_host_mapping_for_agent-8729002201459', 'neutron.plugins.ml2.plugin.Ml2Plugin._retry_binding_revived_agents--9223372036853963888'] for agent (9750fe4a-ac91-4992-b455-022cb2a07c1a), after_update _notify_loop /var/lib/kolla/venv/lib/python3.6/site-packages/neutron_lib/callbacks/manager.py:177
2026-05-25 01:56:31.056 29 DEBUG neutron.db.agents_db [req-06fc8c70-e6c4-410a-a060-aa73fe063e7c - - - - -] Agent healthcheck: found 2 active agents agent_health_check /var/lib/kolla/venv/lib/python3.6/site-packages/neutron/db/agents_db.py:318
2026-05-25 01:56:47.847 25 DEBUG neutron_lib.callbacks.manager [req-6a72db97-977b-4832-a965-f8a3b532aa9a - - - - -] Publish callbacks ['neutron.services.segments.db._update_segment_host_mapping_for_agent-8729002201459', 'neutron.plugins.ml2.plugin.Ml2Plugin._retry_binding_revived_agents--9223372036853963888'] for agent (9174b9d9-0e87-4994-8589-01d5693c381e), after_update _notify_loop /var/lib/kolla/venv/lib/python3.6/site-packages/neutron_lib/callbacks/manager.py:177
2026-05-25 01:56:58.361 22 DEBUG neutron.wsgi [-] (22) accepted ('10.0.0.130', 56476) server /var/lib/kolla/venv/lib/python3.6/site-packages/eventlet/wsgi.py:1004
2026-05-25 01:56:58.364 22 INFO neutron.wsgi [-] 10.0.0.130 "GET / HTTP/1.1" status: 200 len: 228 time: 0.0025649
2026-05-25 01:57:00.245 24 DEBUG neutron_lib.callbacks.manager [req-0bebfb0d-a3bd-4a8a-af09-ce130ce11af7 - - - - -] Publish callbacks ['neutron.services.segments.db._update_segment_host_mapping_for_agent-8729002201459', 'neutron.plugins.ml2.plugin.Ml2Plugin._retry_binding_revived_agents--9223372036853963888'] for agent (9750fe4a-ac91-4992-b455-022cb2a07c1a), after_update _notify_loop /var/lib/kolla/venv/lib/python3.6/site-packages/neutron_lib/callbacks/manager.py:177
2026-05-25 01:57:08.054 29 DEBUG neutron.db.agents_db [req-06fc8c70-e6c4-410a-a060-aa73fe063e7c - - - - -] Agent healthcheck: found 2 active agents agent_health_check /var/lib/kolla/venv/lib/python3.6/site-packages/neutron/db/agents_db.py:318
2026-05-25 01:57:17.856 23 DEBUG neutron_lib.callbacks.manager [req-6a72db97-977b-4832-a965-f8a3b532aa9a - - - - -] Publish callbacks ['neutron.services.segments.db._update_segment_host_mapping_for_agent-8729002201459', 'neutron.plugins.ml2.plugin.Ml2Plugin._retry_binding_revived_agents--9223372036853963888'] for agent (9174b9d9-0e87-4994-8589-01d5693c381e), after_update _notify_loop /var/lib/kolla/venv/lib/python3.6/site-packages/neutron_lib/callbacks/manager.py:177
2026-05-25 01:57:28.406 22 DEBUG neutron.wsgi [-] (22) accepted ('10.0.0.130', 45886) server /var/lib/kolla/venv/lib/python3.6/site-packages/eventlet/wsgi.py:1004
2026-05-25 01:57:28.411 22 INFO neutron.wsgi [-] 10.0.0.130 "GET / HTTP/1.1" status: 200 len: 228 time: 0.0041695
2026-05-25 01:57:30.241 26 DEBUG neutron_lib.callbacks.manager [req-d52c8e0b-bde5-4ba2-b3cd-3e02dee7ce96 - - - - -] Publish callbacks ['neutron.services.segments.db._update_segment_host_mapping_for_agent-8729002201459', 'neutron.plugins.ml2.plugin.Ml2Plugin._retry_binding_revived_agents--9223372036853963888'] for agent (9750fe4a-ac91-4992-b455-022cb2a07c1a), after_update _notify_loop /var/lib/kolla/venv/lib/python3.6/site-packages/neutron_lib/callbacks/manager.py:177
2026-05-25 01:57:45.054 29 DEBUG neutron.db.agents_db [req-06fc8c70-e6c4-410a-a060-aa73fe063e7c - - - - -] Agent healthcheck: found 2 active agents agent_health_check /var/lib/kolla/venv/lib/python3.6/site-packages/neutron/db/agents_db.py:318
2026-05-25 01:57:47.851 28 DEBUG neutron_lib.callbacks.manager [req-6a72db97-977b-4832-a965-f8a3b532aa9a - - - - -] Publish callbacks ['neutron.services.segments.db._update_segment_host_mapping_for_agent-8729002201459', 'neutron.plugins.ml2.plugin.Ml2Plugin._retry_binding_revived_agents--9223372036853963888'] for agent (9174b9d9-0e87-4994-8589-01d5693c381e), after_update _notify_loop /var/lib/kolla/venv/lib/python3.6/site-packages/neutron_lib/callbacks/manager.py:177
2026-05-25 01:57:58.455 22 DEBUG neutron.wsgi [-] (22) accepted ('10.0.0.130', 38636) server /var/lib/kolla/venv/lib/python3.6/site-packages/eventlet/wsgi.py:1004
2026-05-25 01:57:58.459 22 INFO neutron.wsgi [-] 10.0.0.130 "GET / HTTP/1.1" status: 200 len: 228 time: 0.0034044
2026-05-25 01:58:00.237 27 DEBUG neutron_lib.callbacks.manager [req-238d696b-29b5-469e-aa53-e53a3debda8e - - - - -] Publish callbacks ['neutron.services.segments.db._update_segment_host_mapping_for_agent-8729002201459', 'neutron.plugins.ml2.plugin.Ml2Plugin._retry_binding_revived_agents--9223372036853963888'] for agent (9750fe4a-ac91-4992-b455-022cb2a07c1a), after_update _notify_loop /var/lib/kolla/venv/lib/python3.6/site-packages/neutron_lib/callbacks/manager.py:177
2026-05-25 01:58:17.854 25 DEBUG neutron_lib.callbacks.manager [req-6a72db97-977b-4832-a965-f8a3b532aa9a - - - - -] Publish callbacks ['neutron.services.segments.db._update_segment_host_mapping_for_agent-8729002201459', 'neutron.plugins.ml2.plugin.Ml2Plugin._retry_binding_revived_agents--9223372036853963888'] for agent (9174b9d9-0e87-4994-8589-01d5693c381e), after_update _notify_loop /var/lib/kolla/venv/lib/python3.6/site-packages/neutron_lib/callbacks/manager.py:177
2026-05-25 01:58:22.051 29 DEBUG neutron.db.agents_db [req-06fc8c70-e6c4-410a-a060-aa73fe063e7c - - - - -] Agent healthcheck: found 2 active agents agent_health_check /var/lib/kolla/venv/lib/python3.6/site-packages/neutron/db/agents_db.py:318
2026-05-25 01:58:28.568 22 DEBUG neutron.wsgi [-] (22) accepted ('10.0.0.130', 46878) server /var/lib/kolla/venv/lib/python3.6/site-packages/eventlet/wsgi.py:1004
2026-05-25 01:58:28.572 22 INFO neutron.wsgi [-] 10.0.0.130 "GET / HTTP/1.1" status: 200 len: 228 time: 0.0028186
2026-05-25 01:58:30.233 24 DEBUG neutron_lib.callbacks.manager [req-c92767bd-4466-42de-b775-6296426f3248 - - - - -] Publish callbacks ['neutron.services.segments.db._update_segment_host_mapping_for_agent-8729002201459', 'neutron.plugins.ml2.plugin.Ml2Plugin._retry_binding_revived_agents--9223372036853963888'] for agent (9750fe4a-ac91-4992-b455-022cb2a07c1a), after_update _notify_loop /var/lib/kolla/venv/lib/python3.6/site-packages/neutron_lib/callbacks/manager.py:177
2026-05-25 01:58:47.857 23 DEBUG neutron_lib.callbacks.manager [req-6a72db97-977b-4832-a965-f8a3b532aa9a - - - - -] Publish callbacks ['neutron.services.segments.db._update_segment_host_mapping_for_agent-8729002201459', 'neutron.plugins.ml2.plugin.Ml2Plugin._retry_binding_revived_agents--9223372036853963888'] for agent (9174b9d9-0e87-4994-8589-01d5693c381e), after_update _notify_loop /var/lib/kolla/venv/lib/python3.6/site-packages/neutron_lib/callbacks/manager.py:177
2026-05-25 01:58:58.614 22 DEBUG neutron.wsgi [-] (22) accepted ('10.0.0.130', 43822) server /var/lib/kolla/venv/lib/python3.6/site-packages/eventlet/wsgi.py:1004
2026-05-25 01:58:58.617 22 INFO neutron.wsgi [-] 10.0.0.130 "GET / HTTP/1.1" status: 200 len: 228 time: 0.0025799
2026-05-25 01:58:59.048 29 DEBUG neutron.db.agents_db [req-06fc8c70-e6c4-410a-a060-aa73fe063e7c - - - - -] Agent healthcheck: found 2 active agents agent_health_check /var/lib/kolla/venv/lib/python3.6/site-packages/neutron/db/agents_db.py:318
2026-05-25 01:59:00.238 26 DEBUG neutron_lib.callbacks.manager [req-d49ff771-6f5d-4dcb-af61-98d62e7484f5 - - - - -] Publish callbacks ['neutron.services.segments.db._update_segment_host_mapping_for_agent-8729002201459', 'neutron.plugins.ml2.plugin.Ml2Plugin._retry_binding_revived_agents--9223372036853963888'] for agent (9750fe4a-ac91-4992-b455-022cb2a07c1a), after_update _notify_loop /var/lib/kolla/venv/lib/python3.6/site-packages/neutron_lib/callbacks/manager.py:177
2026-05-25 01:59:17.859 28 DEBUG neutron_lib.callbacks.manager [req-6a72db97-977b-4832-a965-f8a3b532aa9a - - - - -] Publish callbacks ['neutron.services.segments.db._update_segment_host_mapping_for_agent-8729002201459', 'neutron.plugins.ml2.plugin.Ml2Plugin._retry_binding_revived_agents--9223372036853963888'] for agent (9174b9d9-0e87-4994-8589-01d5693c381e), after_update _notify_loop /var/lib/kolla/venv/lib/python3.6/site-packages/neutron_lib/callbacks/manager.py:177
2026-05-25 01:59:28.660 22 DEBUG neutron.wsgi [-] (22) accepted ('10.0.0.130', 42710) server /var/lib/kolla/venv/lib/python3.6/site-packages/eventlet/wsgi.py:1004
2026-05-25 01:59:28.664 22 INFO neutron.wsgi [-] 10.0.0.130 "GET / HTTP/1.1" status: 200 len: 228 time: 0.0023520
2026-05-25 01:59:30.243 27 DEBUG neutron_lib.callbacks.manager [req-e1c2d27d-288c-427a-aece-c7f21a174654 - - - - -] Publish callbacks ['neutron.services.segments.db._update_segment_host_mapping_for_agent-8729002201459', 'neutron.plugins.ml2.plugin.Ml2Plugin._retry_binding_revived_agents--9223372036853963888'] for agent (9750fe4a-ac91-4992-b455-022cb2a07c1a), after_update _notify_loop /var/lib/kolla/venv/lib/python3.6/site-packages/neutron_lib/callbacks/manager.py:177
2026-05-25 01:59:36.055 29 DEBUG neutron.db.agents_db [req-06fc8c70-e6c4-410a-a060-aa73fe063e7c - - - - -] Agent healthcheck: found 2 active agents agent_health_check /var/lib/kolla/venv/lib/python3.6/site-packages/neutron/db/agents_db.py:318
2026-05-25 01:59:47.861 25 DEBUG neutron_lib.callbacks.manager [req-6a72db97-977b-4832-a965-f8a3b532aa9a - - - - -] Publish callbacks ['neutron.services.segments.db._update_segment_host_mapping_for_agent-8729002201459', 'neutron.plugins.ml2.plugin.Ml2Plugin._retry_binding_revived_agents--9223372036853963888'] for agent (9174b9d9-0e87-4994-8589-01d5693c381e), after_update _notify_loop /var/lib/kolla/venv/lib/python3.6/site-packages/neutron_lib/callbacks/manager.py:177
2026-05-25 01:59:58.707 22 DEBUG neutron.wsgi [-] (22) accepted ('10.0.0.130', 52884) server /var/lib/kolla/venv/lib/python3.6/site-packages/eventlet/wsgi.py:1004
2026-05-25 01:59:58.710 22 INFO neutron.wsgi [-] 10.0.0.130 "GET / HTTP/1.1" status: 200 len: 228 time: 0.0030015
2026-05-25 02:00:00.248 24 DEBUG neutron_lib.callbacks.manager [req-5b80739a-9e76-4952-9440-6aa783f8ed97 - - - - -] Publish callbacks ['neutron.services.segments.db._update_segment_host_mapping_for_agent-8729002201459', 'neutron.plugins.ml2.plugin.Ml2Plugin._retry_binding_revived_agents--9223372036853963888'] for agent (9750fe4a-ac91-4992-b455-022cb2a07c1a), after_update _notify_loop /var/lib/kolla/venv/lib/python3.6/site-packages/neutron_lib/callbacks/manager.py:177
2026-05-25 02:00:13.053 29 DEBUG neutron.db.agents_db [req-06fc8c70-e6c4-410a-a060-aa73fe063e7c - - - - -] Agent healthcheck: found 2 active agents agent_health_check /var/lib/kolla/venv/lib/python3.6/site-packages/neutron/db/agents_db.py:318
2026-05-25 02:00:17.863 23 DEBUG neutron_lib.callbacks.manager [req-6a72db97-977b-4832-a965-f8a3b532aa9a - - - - -] Publish callbacks ['neutron.services.segments.db._update_segment_host_mapping_for_agent-8729002201459', 'neutron.plugins.ml2.plugin.Ml2Plugin._retry_binding_revived_agents--9223372036853963888'] for agent (9174b9d9-0e87-4994-8589-01d5693c381e), after_update _notify_loop /var/lib/kolla/venv/lib/python3.6/site-packages/neutron_lib/callbacks/manager.py:177
2026-05-25 02:00:28.758 22 DEBUG neutron.wsgi [-] (22) accepted ('10.0.0.130', 33562) server /var/lib/kolla/venv/lib/python3.6/site-packages/eventlet/wsgi.py:1004
2026-05-25 02:00:28.763 22 INFO neutron.wsgi [-] 10.0.0.130 "GET / HTTP/1.1" status: 200 len: 228 time: 0.0034578
2026-05-25 02:00:30.257 26 DEBUG neutron_lib.callbacks.manager [req-fb3f988c-c05c-4cb6-a6d8-ef726e324cdf - - - - -] Publish callbacks ['neutron.services.segments.db._update_segment_host_mapping_for_agent-8729002201459', 'neutron.plugins.ml2.plugin.Ml2Plugin._retry_binding_revived_agents--9223372036853963888'] for agent (9750fe4a-ac91-4992-b455-022cb2a07c1a), after_update _notify_loop /var/lib/kolla/venv/lib/python3.6/site-packages/neutron_lib/callbacks/manager.py:177
2026-05-25 02:00:47.872 28 DEBUG neutron_lib.callbacks.manager [req-6a72db97-977b-4832-a965-f8a3b532aa9a - - - - -] Publish callbacks ['neutron.services.segments.db._update_segment_host_mapping_for_agent-8729002201459', 'neutron.plugins.ml2.plugin.Ml2Plugin._retry_binding_revived_agents--9223372036853963888'] for agent (9174b9d9-0e87-4994-8589-01d5693c381e), after_update _notify_loop /var/lib/kolla/venv/lib/python3.6/site-packages/neutron_lib/callbacks/manager.py:177
2026-05-25 02:00:50.050 29 DEBUG neutron.db.agents_db [req-06fc8c70-e6c4-410a-a060-aa73fe063e7c - - - - -] Agent healthcheck: found 2 active agents agent_health_check /var/lib/kolla/venv/lib/python3.6/site-packages/neutron/db/agents_db.py:318
2026-05-25 02:00:58.807 22 DEBUG neutron.wsgi [-] (22) accepted ('10.0.0.130', 42214) server /var/lib/kolla/venv/lib/python3.6/site-packages/eventlet/wsgi.py:1004
2026-05-25 02:00:58.810 22 INFO neutron.wsgi [-] 10.0.0.130 "GET / HTTP/1.1" status: 200 len: 228 time: 0.0024126
2026-05-25 02:01:00.252 27 DEBUG neutron_lib.callbacks.manager [req-9c474665-a104-4702-9813-85a4c6e8be33 - - - - -] Publish callbacks ['neutron.services.segments.db._update_segment_host_mapping_for_agent-8729002201459', 'neutron.plugins.ml2.plugin.Ml2Plugin._retry_binding_revived_agents--9223372036853963888'] for agent (9750fe4a-ac91-4992-b455-022cb2a07c1a), after_update _notify_loop /var/lib/kolla/venv/lib/python3.6/site-packages/neutron_lib/callbacks/manager.py:177
2026-05-25 02:01:17.868 25 DEBUG neutron_lib.callbacks.manager [req-6a72db97-977b-4832-a965-f8a3b532aa9a - - - - -] Publish callbacks ['neutron.services.segments.db._update_segment_host_mapping_for_agent-8729002201459', 'neutron.plugins.ml2.plugin.Ml2Plugin._retry_binding_revived_agents--9223372036853963888'] for agent (9174b9d9-0e87-4994-8589-01d5693c381e), after_update _notify_loop /var/lib/kolla/venv/lib/python3.6/site-packages/neutron_lib/callbacks/manager.py:177
2026-05-25 02:01:23.345 7 INFO oslo_service.service [-] Caught SIGTERM, stopping children
2026-05-25 02:01:23.346 7 DEBUG oslo_concurrency.lockutils [-] Acquired lock "singleton_lock" lock /var/lib/kolla/venv/lib/python3.6/site-packages/oslo_concurrency/lockutils.py:294
2026-05-25 02:01:23.346 7 DEBUG oslo_concurrency.lockutils [-] Releasing lock "singleton_lock" lock /var/lib/kolla/venv/lib/python3.6/site-packages/oslo_concurrency/lockutils.py:312
2026-05-25 02:01:23.346 7 DEBUG oslo_service.service [-] Stop services. stop /var/lib/kolla/venv/lib/python3.6/site-packages/oslo_service/service.py:695
2026-05-25 02:01:23.347 7 DEBUG neutron.service [-] calling RpcWorker stop() stop /var/lib/kolla/venv/lib/python3.6/site-packages/neutron/service.py:138
2026-05-25 02:01:23.347 7 DEBUG neutron.service [-] calling RpcWorker stop() stop /var/lib/kolla/venv/lib/python3.6/site-packages/neutron/service.py:138
2026-05-25 02:01:23.347 7 DEBUG oslo_service.service [-] Killing children. stop /var/lib/kolla/venv/lib/python3.6/site-packages/oslo_service/service.py:700
2026-05-25 02:01:23.347 7 INFO oslo_service.service [-] Waiting on 8 children to exit
2026-05-25 02:01:23.349 22 INFO neutron.wsgi [-] (22) wsgi exited, is_accepting=True
2026-05-25 02:01:23.349 25 DEBUG neutron.service [-] calling RpcWorker stop() stop /var/lib/kolla/venv/lib/python3.6/site-packages/neutron/service.py:138
2026-05-25 02:01:23.349 29 DEBUG neutron.service [-] calling RpcWorker stop() stop /var/lib/kolla/venv/lib/python3.6/site-packages/neutron/service.py:138
2026-05-25 02:01:23.349 22 DEBUG oslo_concurrency.lockutils [req-888dcbf5-8002-4632-b00d-ddc6daa6ca75 - - - - -] Acquired lock "singleton_lock" lock /var/lib/kolla/venv/lib/python3.6/site-packages/oslo_concurrency/lockutils.py:294
2026-05-25 02:01:23.350 22 DEBUG oslo_concurrency.lockutils [req-888dcbf5-8002-4632-b00d-ddc6daa6ca75 - - - - -] Releasing lock "singleton_lock" lock /var/lib/kolla/venv/lib/python3.6/site-packages/oslo_concurrency/lockutils.py:312
2026-05-25 02:01:23.350 29 DEBUG neutron.service [-] calling stop on stop /var/lib/kolla/venv/lib/python3.6/site-packages/neutron/service.py:141
2026-05-25 02:01:23.349 25 DEBUG neutron.service [-] calling stop on stop /var/lib/kolla/venv/lib/python3.6/site-packages/neutron/service.py:141
2026-05-25 02:01:23.352 23 DEBUG neutron.service [-] calling RpcWorker stop() stop /var/lib/kolla/venv/lib/python3.6/site-packages/neutron/service.py:138
2026-05-25 02:01:23.353 23 DEBUG neutron.service [-] calling stop on stop /var/lib/kolla/venv/lib/python3.6/site-packages/neutron/service.py:141
2026-05-25 02:01:23.353 7 INFO oslo_service.service [-] Child 22 exited with status 0
2026-05-25 02:01:23.354 24 DEBUG neutron.service [-] calling RpcWorker stop() stop /var/lib/kolla/venv/lib/python3.6/site-packages/neutron/service.py:138
2026-05-25 02:01:23.356 27 DEBUG neutron.service [-] calling RpcWorker stop() stop /var/lib/kolla/venv/lib/python3.6/site-packages/neutron/service.py:138
2026-05-25 02:01:23.354 24 DEBUG neutron.service [-] calling stop on stop /var/lib/kolla/venv/lib/python3.6/site-packages/neutron/service.py:141
2026-05-25 02:01:23.357 26 DEBUG neutron.service [-] calling RpcWorker stop() stop /var/lib/kolla/venv/lib/python3.6/site-packages/neutron/service.py:138
2026-05-25 02:01:23.358 28 DEBUG neutron.service [-] calling RpcWorker stop() stop /var/lib/kolla/venv/lib/python3.6/site-packages/neutron/service.py:138
2026-05-25 02:01:23.357 27 DEBUG neutron.service [-] calling stop on stop /var/lib/kolla/venv/lib/python3.6/site-packages/neutron/service.py:141
2026-05-25 02:01:23.358 26 DEBUG neutron.service [-] calling stop on stop /var/lib/kolla/venv/lib/python3.6/site-packages/neutron/service.py:141
2026-05-25 02:01:23.358 28 DEBUG neutron.service [-] calling stop on stop /var/lib/kolla/venv/lib/python3.6/site-packages/neutron/service.py:141
2026-05-25 02:01:23.451 27 DEBUG oslo_concurrency.lockutils [req-888dcbf5-8002-4632-b00d-ddc6daa6ca75 - - - - -] Acquired lock "singleton_lock" lock /var/lib/kolla/venv/lib/python3.6/site-packages/oslo_concurrency/lockutils.py:294
2026-05-25 02:01:23.452 27 DEBUG oslo_concurrency.lockutils [req-888dcbf5-8002-4632-b00d-ddc6daa6ca75 - - - - -] Releasing lock "singleton_lock" lock /var/lib/kolla/venv/lib/python3.6/site-packages/oslo_concurrency/lockutils.py:312
2026-05-25 02:01:23.452 27 DEBUG neutron.service [req-888dcbf5-8002-4632-b00d-ddc6daa6ca75 - - - - -] calling RpcWorker wait() _wait /var/lib/kolla/venv/lib/python3.6/site-packages/neutron/service.py:128
2026-05-25 02:01:23.452 27 DEBUG neutron.service [req-888dcbf5-8002-4632-b00d-ddc6daa6ca75 - - - - -] calling wait on _wait /var/lib/kolla/venv/lib/python3.6/site-packages/neutron/service.py:131
2026-05-25 02:01:23.458 27 WARNING amqp [req-888dcbf5-8002-4632-b00d-ddc6daa6ca75 - - - - -] Received method (60, 30) during closing channel 1. This method will be ignored
2026-05-25 02:01:23.459 26 DEBUG oslo_concurrency.lockutils [req-888dcbf5-8002-4632-b00d-ddc6daa6ca75 - - - - -] Acquired lock "singleton_lock" lock /var/lib/kolla/venv/lib/python3.6/site-packages/oslo_concurrency/lockutils.py:294
2026-05-25 02:01:23.460 26 DEBUG oslo_concurrency.lockutils [req-888dcbf5-8002-4632-b00d-ddc6daa6ca75 - - - - -] Releasing lock "singleton_lock" lock /var/lib/kolla/venv/lib/python3.6/site-packages/oslo_concurrency/lockutils.py:312
2026-05-25 02:01:23.460 26 DEBUG neutron.service [req-888dcbf5-8002-4632-b00d-ddc6daa6ca75 - - - - -] calling RpcWorker wait() _wait /var/lib/kolla/venv/lib/python3.6/site-packages/neutron/service.py:128
2026-05-25 02:01:23.460 26 DEBUG neutron.service [req-888dcbf5-8002-4632-b00d-ddc6daa6ca75 - - - - -] calling wait on _wait /var/lib/kolla/venv/lib/python3.6/site-packages/neutron/service.py:131
2026-05-25 02:01:23.461 27 DEBUG neutron.service [req-888dcbf5-8002-4632-b00d-ddc6daa6ca75 - - - - -] returning from RpcWorker wait() _wait /var/lib/kolla/venv/lib/python3.6/site-packages/neutron/service.py:135
2026-05-25 02:01:23.465 26 WARNING amqp [req-888dcbf5-8002-4632-b00d-ddc6daa6ca75 - - - - -] Received method (60, 30) during closing channel 1. This method will be ignored
2026-05-25 02:01:23.466 7 INFO oslo_service.service [-] Child 27 exited with status 0
2026-05-25 02:01:23.466 26 DEBUG neutron.service [req-888dcbf5-8002-4632-b00d-ddc6daa6ca75 - - - - -] returning from RpcWorker wait() _wait /var/lib/kolla/venv/lib/python3.6/site-packages/neutron/service.py:135
2026-05-25 02:01:23.471 7 INFO oslo_service.service [-] Child 26 exited with status 0
2026-05-25 02:01:30.261 24 DEBUG neutron_lib.callbacks.manager [req-0463f0a8-d7a7-479a-a1ce-b2060c513552 - - - - -] Publish callbacks ['neutron.services.segments.db._update_segment_host_mapping_for_agent-8729002201459', 'neutron.plugins.ml2.plugin.Ml2Plugin._retry_binding_revived_agents--9223372036853963888'] for agent (9750fe4a-ac91-4992-b455-022cb2a07c1a), after_update _notify_loop /var/lib/kolla/venv/lib/python3.6/site-packages/neutron_lib/callbacks/manager.py:177
2026-05-25 02:01:31.025 23 DEBUG neutron.service [-] calling stop on stop /var/lib/kolla/venv/lib/python3.6/site-packages/neutron/service.py:141
2026-05-25 02:01:31.030 24 DEBUG neutron.service [-] calling stop on stop /var/lib/kolla/venv/lib/python3.6/site-packages/neutron/service.py:141
2026-05-25 02:01:31.036 25 DEBUG neutron.service [-] calling stop on stop /var/lib/kolla/venv/lib/python3.6/site-packages/neutron/service.py:141
2026-05-25 02:01:31.046 28 DEBUG oslo_concurrency.lockutils [req-888dcbf5-8002-4632-b00d-ddc6daa6ca75 - - - - -] Acquired lock "singleton_lock" lock /var/lib/kolla/venv/lib/python3.6/site-packages/oslo_concurrency/lockutils.py:294
2026-05-25 02:01:31.046 28 DEBUG oslo_concurrency.lockutils [req-888dcbf5-8002-4632-b00d-ddc6daa6ca75 - - - - -] Releasing lock "singleton_lock" lock /var/lib/kolla/venv/lib/python3.6/site-packages/oslo_concurrency/lockutils.py:312
2026-05-25 02:01:31.046 28 DEBUG neutron.service [req-888dcbf5-8002-4632-b00d-ddc6daa6ca75 - - - - -] calling RpcWorker wait() _wait /var/lib/kolla/venv/lib/python3.6/site-packages/neutron/service.py:128
2026-05-25 02:01:31.047 28 DEBUG neutron.service [req-888dcbf5-8002-4632-b00d-ddc6daa6ca75 - - - - -] calling wait on _wait /var/lib/kolla/venv/lib/python3.6/site-packages/neutron/service.py:131
2026-05-25 02:01:31.050 23 DEBUG neutron.service [-] calling stop on stop /var/lib/kolla/venv/lib/python3.6/site-packages/neutron/service.py:141
2026-05-25 02:01:31.053 28 WARNING amqp [req-888dcbf5-8002-4632-b00d-ddc6daa6ca75 - - - - -] Received method (60, 30) during closing channel 1. This method will be ignored
2026-05-25 02:01:31.054 28 DEBUG neutron.service [req-888dcbf5-8002-4632-b00d-ddc6daa6ca75 - - - - -] returning from RpcWorker wait() _wait /var/lib/kolla/venv/lib/python3.6/site-packages/neutron/service.py:135
2026-05-25 02:01:31.059 25 DEBUG neutron.service [-] calling stop on stop /var/lib/kolla/venv/lib/python3.6/site-packages/neutron/service.py:141
2026-05-25 02:01:31.060 24 DEBUG neutron.service [-] calling stop on stop /var/lib/kolla/venv/lib/python3.6/site-packages/neutron/service.py:141
2026-05-25 02:01:31.061 25 DEBUG neutron.service [-] calling stop on stop /var/lib/kolla/venv/lib/python3.6/site-packages/neutron/service.py:141
2026-05-25 02:01:31.063 7 INFO oslo_service.service [-] Child 28 exited with status 0
2026-05-25 02:01:31.066 29 DEBUG oslo_concurrency.lockutils [req-888dcbf5-8002-4632-b00d-ddc6daa6ca75 - - - - -] Acquired lock "singleton_lock" lock /var/lib/kolla/venv/lib/python3.6/site-packages/oslo_concurrency/lockutils.py:294
2026-05-25 02:01:31.066 29 DEBUG oslo_concurrency.lockutils [req-888dcbf5-8002-4632-b00d-ddc6daa6ca75 - - - - -] Releasing lock "singleton_lock" lock /var/lib/kolla/venv/lib/python3.6/site-packages/oslo_concurrency/lockutils.py:312
2026-05-25 02:01:31.067 29 DEBUG neutron.service [req-888dcbf5-8002-4632-b00d-ddc6daa6ca75 - - - - -] calling RpcWorker wait() _wait /var/lib/kolla/venv/lib/python3.6/site-packages/neutron/service.py:128
2026-05-25 02:01:31.068 29 DEBUG neutron.service [req-888dcbf5-8002-4632-b00d-ddc6daa6ca75 - - - - -] calling wait on _wait /var/lib/kolla/venv/lib/python3.6/site-packages/neutron/service.py:131
2026-05-25 02:01:31.075 29 WARNING amqp [req-888dcbf5-8002-4632-b00d-ddc6daa6ca75 - - - - -] Received method (60, 30) during closing channel 1. This method will be ignored
2026-05-25 02:01:31.077 29 DEBUG neutron.service [req-888dcbf5-8002-4632-b00d-ddc6daa6ca75 - - - - -] returning from RpcWorker wait() _wait /var/lib/kolla/venv/lib/python3.6/site-packages/neutron/service.py:135
2026-05-25 02:01:31.079 23 DEBUG neutron.service [-] calling stop on stop /var/lib/kolla/venv/lib/python3.6/site-packages/neutron/service.py:141
2026-05-25 02:01:31.082 7 INFO oslo_service.service [-] Child 29 exited with status 0
2026-05-25 02:01:31.090 25 DEBUG oslo_concurrency.lockutils [req-888dcbf5-8002-4632-b00d-ddc6daa6ca75 - - - - -] Acquired lock "singleton_lock" lock /var/lib/kolla/venv/lib/python3.6/site-packages/oslo_concurrency/lockutils.py:294
2026-05-25 02:01:31.090 25 DEBUG oslo_concurrency.lockutils [req-888dcbf5-8002-4632-b00d-ddc6daa6ca75 - - - - -] Releasing lock "singleton_lock" lock /var/lib/kolla/venv/lib/python3.6/site-packages/oslo_concurrency/lockutils.py:312
2026-05-25 02:01:31.090 25 DEBUG neutron.service [req-888dcbf5-8002-4632-b00d-ddc6daa6ca75 - - - - -] calling RpcWorker wait() _wait /var/lib/kolla/venv/lib/python3.6/site-packages/neutron/service.py:128
2026-05-25 02:01:31.091 25 DEBUG neutron.service [req-888dcbf5-8002-4632-b00d-ddc6daa6ca75 - - - - -] calling wait on _wait /var/lib/kolla/venv/lib/python3.6/site-packages/neutron/service.py:131
2026-05-25 02:01:31.095 23 DEBUG oslo_concurrency.lockutils [req-888dcbf5-8002-4632-b00d-ddc6daa6ca75 - - - - -] Acquired lock "singleton_lock" lock /var/lib/kolla/venv/lib/python3.6/site-packages/oslo_concurrency/lockutils.py:294
2026-05-25 02:01:31.096 23 DEBUG oslo_concurrency.lockutils [req-888dcbf5-8002-4632-b00d-ddc6daa6ca75 - - - - -] Releasing lock "singleton_lock" lock /var/lib/kolla/venv/lib/python3.6/site-packages/oslo_concurrency/lockutils.py:312
2026-05-25 02:01:31.096 25 WARNING amqp [req-888dcbf5-8002-4632-b00d-ddc6daa6ca75 - - - - -] Received method (60, 30) during closing channel 1. This method will be ignored
2026-05-25 02:01:31.096 23 DEBUG neutron.service [req-888dcbf5-8002-4632-b00d-ddc6daa6ca75 - - - - -] calling RpcWorker wait() _wait /var/lib/kolla/venv/lib/python3.6/site-packages/neutron/service.py:128
2026-05-25 02:01:31.097 23 DEBUG neutron.service [req-888dcbf5-8002-4632-b00d-ddc6daa6ca75 - - - - -] calling wait on _wait /var/lib/kolla/venv/lib/python3.6/site-packages/neutron/service.py:131
2026-05-25 02:01:31.098 25 DEBUG neutron.service [req-888dcbf5-8002-4632-b00d-ddc6daa6ca75 - - - - -] calling wait on _wait /var/lib/kolla/venv/lib/python3.6/site-packages/neutron/service.py:131
2026-05-25 02:01:31.101 23 WARNING amqp [req-888dcbf5-8002-4632-b00d-ddc6daa6ca75 - - - - -] Received method (60, 30) during closing channel 1. This method will be ignored
2026-05-25 02:01:31.102 23 DEBUG neutron.service [req-888dcbf5-8002-4632-b00d-ddc6daa6ca75 - - - - -] calling wait on _wait /var/lib/kolla/venv/lib/python3.6/site-packages/neutron/service.py:131
2026-05-25 02:01:31.104 25 WARNING amqp [req-888dcbf5-8002-4632-b00d-ddc6daa6ca75 - - - - -] Received method (60, 30) during closing channel 1. This method will be ignored
2026-05-25 02:01:31.105 25 DEBUG neutron.service [req-888dcbf5-8002-4632-b00d-ddc6daa6ca75 - - - - -] calling wait on _wait /var/lib/kolla/venv/lib/python3.6/site-packages/neutron/service.py:131
2026-05-25 02:01:31.108 23 WARNING amqp [req-888dcbf5-8002-4632-b00d-ddc6daa6ca75 - - - - -] Received method (60, 30) during closing channel 1. This method will be ignored
2026-05-25 02:01:31.109 23 DEBUG neutron.service [req-888dcbf5-8002-4632-b00d-ddc6daa6ca75 - - - - -] calling wait on _wait /var/lib/kolla/venv/lib/python3.6/site-packages/neutron/service.py:131
2026-05-25 02:01:31.110 25 WARNING amqp [req-888dcbf5-8002-4632-b00d-ddc6daa6ca75 - - - - -] Received method (60, 30) during closing channel 1. This method will be ignored
2026-05-25 02:01:31.111 25 DEBUG neutron.service [req-888dcbf5-8002-4632-b00d-ddc6daa6ca75 - - - - -] calling wait on _wait /var/lib/kolla/venv/lib/python3.6/site-packages/neutron/service.py:131
2026-05-25 02:01:31.114 23 WARNING amqp [req-888dcbf5-8002-4632-b00d-ddc6daa6ca75 - - - - -] Received method (60, 30) during closing channel 1. This method will be ignored
2026-05-25 02:01:31.115 23 DEBUG neutron.service [req-888dcbf5-8002-4632-b00d-ddc6daa6ca75 - - - - -] calling wait on _wait /var/lib/kolla/venv/lib/python3.6/site-packages/neutron/service.py:131
2026-05-25 02:01:31.116 25 WARNING amqp [req-888dcbf5-8002-4632-b00d-ddc6daa6ca75 - - - - -] Received method (60, 30) during closing channel 1. This method will be ignored
2026-05-25 02:01:31.117 25 DEBUG neutron.service [req-888dcbf5-8002-4632-b00d-ddc6daa6ca75 - - - - -] returning from RpcWorker wait() _wait /var/lib/kolla/venv/lib/python3.6/site-packages/neutron/service.py:135
2026-05-25 02:01:31.122 7 INFO oslo_service.service [-] Child 25 exited with status 0
2026-05-25 02:01:31.122 23 WARNING amqp [req-888dcbf5-8002-4632-b00d-ddc6daa6ca75 - - - - -] Received method (60, 30) during closing channel 1. This method will be ignored
2026-05-25 02:01:31.123 23 DEBUG neutron.service [req-888dcbf5-8002-4632-b00d-ddc6daa6ca75 - - - - -] returning from RpcWorker wait() _wait /var/lib/kolla/venv/lib/python3.6/site-packages/neutron/service.py:135
2026-05-25 02:01:31.128 7 INFO oslo_service.service [-] Child 23 exited with status 0
2026-05-25 02:01:31.282 24 DEBUG neutron.service [-] calling stop on stop /var/lib/kolla/venv/lib/python3.6/site-packages/neutron/service.py:141
2026-05-25 02:01:36.258 7 INFO neutron.common.config [-] Logging enabled!
2026-05-25 02:01:36.259 7 INFO neutron.common.config [-] /var/lib/kolla/venv/bin/neutron-server version 20.5.1.dev23
2026-05-25 02:01:36.259 7 DEBUG neutron.common.config [-] command line: /var/lib/kolla/venv/bin/neutron-server --config-file /etc/neutron/neutron.conf --config-file /etc/neutron/ContrailPlugin.ini --config-file /etc/neutron/api-paste.ini setup_logging /var/lib/kolla/venv/lib/python3.6/site-packages/neutron/common/config.py:115
2026-05-25 02:01:36.263 7 INFO neutron.common.config [-] Logging enabled!
2026-05-25 02:01:36.263 7 INFO neutron.common.config [-] /var/lib/kolla/venv/bin/neutron-server version 20.5.1.dev23
2026-05-25 02:01:36.263 7 DEBUG neutron.common.config [-] command line: /var/lib/kolla/venv/bin/neutron-server --config-file /etc/neutron/neutron.conf --config-file /etc/neutron/ContrailPlugin.ini --config-file /etc/neutron/api-paste.ini setup_logging /var/lib/kolla/venv/lib/python3.6/site-packages/neutron/common/config.py:115
2026-05-25 02:01:36.263 7 DEBUG neutron.common.config [-] ******************************************************************************** log_opt_values /var/lib/kolla/venv/lib/python3.6/site-packages/oslo_config/cfg.py:2589
2026-05-25 02:01:36.264 7 DEBUG neutron.common.config [-] Configuration options gathered from: log_opt_values /var/lib/kolla/venv/lib/python3.6/site-packages/oslo_config/cfg.py:2590
2026-05-25 02:01:36.264 7 DEBUG neutron.common.config [-] command line args: ['--config-file', '/etc/neutron/neutron.conf', '--config-file', '/etc/neutron/ContrailPlugin.ini', '--config-file', '/etc/neutron/api-paste.ini'] log_opt_values /var/lib/kolla/venv/lib/python3.6/site-packages/oslo_config/cfg.py:2591
2026-05-25 02:01:36.264 7 DEBUG neutron.common.config [-] config files: ['/etc/neutron/neutron.conf', '/etc/neutron/ContrailPlugin.ini', '/etc/neutron/api-paste.ini'] log_opt_values /var/lib/kolla/venv/lib/python3.6/site-packages/oslo_config/cfg.py:2593
2026-05-25 02:01:36.265 7 DEBUG neutron.common.config [-] ================================================================================ log_opt_values /var/lib/kolla/venv/lib/python3.6/site-packages/oslo_config/cfg.py:2594
2026-05-25 02:01:36.265 7 DEBUG neutron.common.config [-] allow_bulk = True log_opt_values /var/lib/kolla/venv/lib/python3.6/site-packages/oslo_config/cfg.py:2603
2026-05-25 02:01:36.265 7 WARNING oslo_config.cfg [-] Deprecated: Option "allow_overlapping_ips" from group "DEFAULT" is deprecated for removal. Its value may be silently ignored in the future.
2026-05-25 02:01:36.265 7 DEBUG neutron.common.config [-] allow_overlapping_ips = True log_opt_values /var/lib/kolla/venv/lib/python3.6/site-packages/oslo_config/cfg.py:2603
2026-05-25 02:01:36.265 7 DEBUG neutron.common.config [-] api_extensions_path = /opt/plugin/site-packages/neutron_plugin_contrail/extensions:/opt/plugin/site-packages/neutron_lbaas/extensions log_opt_values /var/lib/kolla/venv/lib/python3.6/site-packages/oslo_config/cfg.py:2603
2026-05-25 02:01:36.265 7 DEBUG neutron.common.config [-] api_paste_config = /etc/neutron/api-paste.ini log_opt_values /var/lib/kolla/venv/lib/python3.6/site-packages/oslo_config/cfg.py:2603
2026-05-25 02:01:36.266 7 DEBUG neutron.common.config [-] api_workers = 1 log_opt_values /var/lib/kolla/venv/lib/python3.6/site-packages/oslo_config/cfg.py:2603
2026-05-25 02:01:36.266 7 DEBUG neutron.common.config [-] auth_strategy = keystone log_opt_values /var/lib/kolla/venv/lib/python3.6/site-packages/oslo_config/cfg.py:2603
2026-05-25 02:01:36.266 7 DEBUG neutron.common.config [-] backlog = 4096 log_opt_values /var/lib/kolla/venv/lib/python3.6/site-packages/oslo_config/cfg.py:2603
2026-05-25 02:01:36.266 7 DEBUG neutron.common.config [-] base_mac = fa:16:3e:00:00:00 log_opt_values /var/lib/kolla/venv/lib/python3.6/site-packages/oslo_config/cfg.py:2603
2026-05-25 02:01:36.266 7 DEBUG neutron.common.config [-] bind_host = 10.0.0.130 log_opt_values /var/lib/kolla/venv/lib/python3.6/site-packages/oslo_config/cfg.py:2603
2026-05-25 02:01:36.266 7 DEBUG neutron.common.config [-] bind_port = 9696 log_opt_values /var/lib/kolla/venv/lib/python3.6/site-packages/oslo_config/cfg.py:2603
2026-05-25 02:01:36.266 7 DEBUG neutron.common.config [-] client_socket_timeout = 900 log_opt_values /var/lib/kolla/venv/lib/python3.6/site-packages/oslo_config/cfg.py:2603
2026-05-25 02:01:36.266 7 DEBUG neutron.common.config [-] config_dir = [] log_opt_values /var/lib/kolla/venv/lib/python3.6/site-packages/oslo_config/cfg.py:2603
2026-05-25 02:01:36.266 7 DEBUG neutron.common.config [-] config_file = ['/etc/neutron/neutron.conf', '/etc/neutron/ContrailPlugin.ini', '/etc/neutron/api-paste.ini'] log_opt_values /var/lib/kolla/venv/lib/python3.6/site-packages/oslo_config/cfg.py:2603
2026-05-25 02:01:36.267 7 DEBUG neutron.common.config [-] config_source = [] log_opt_values /var/lib/kolla/venv/lib/python3.6/site-packages/oslo_config/cfg.py:2603
2026-05-25 02:01:36.267 7 DEBUG neutron.common.config [-] control_exchange = neutron log_opt_values /var/lib/kolla/venv/lib/python3.6/site-packages/oslo_config/cfg.py:2603
2026-05-25 02:01:36.267 7 DEBUG neutron.common.config [-] core_plugin = neutron_plugin_contrail.plugins.opencontrail.contrail_plugin.NeutronPluginContrailCoreV2 log_opt_values /var/lib/kolla/venv/lib/python3.6/site-packages/oslo_config/cfg.py:2603
