2026-05-18 01:10:24.928 37732 DEBUG heat.engine.service [req-b5b23a4f-0a57-4195-8b62-dd046ccc81b3 - - - - -] Service dac04334-7ca2-40c6-b7fc-0c0af1ee6539 is updated service_manage_report /usr/lib/python3/dist-packages/heat/engine/service.py:2370
2026-05-18 01:10:24.950 37734 DEBUG heat.engine.service [req-86160112-af90-43c6-8877-4e5488cd757e - - - - -] Service 1309d2b8-ce60-4d2d-b945-93461b4b25bc is updated service_manage_report /usr/lib/python3/dist-packages/heat/engine/service.py:2370
2026-05-18 01:11:24.830 37731 DEBUG heat.engine.service [req-196c3e23-f54a-493a-805f-c6773453a86d - - - - -] Service 1e3178be-08a7-4d42-b436-58d8e78ee7b7 is updated service_manage_report /usr/lib/python3/dist-packages/heat/engine/service.py:2370
2026-05-18 01:11:24.892 37733 DEBUG heat.engine.service [req-a28887a4-85dd-40d5-91c2-66dc423a5f86 - - - - -] Service 9ab25ba4-510d-4270-bbf3-bb942951a53a is updated service_manage_report /usr/lib/python3/dist-packages/heat/engine/service.py:2370
2026-05-18 01:11:24.934 37732 DEBUG heat.engine.service [req-a63f6b8f-e9bf-4525-9ad0-81282185ce97 - - - - -] Service dac04334-7ca2-40c6-b7fc-0c0af1ee6539 is updated service_manage_report /usr/lib/python3/dist-packages/heat/engine/service.py:2370
2026-05-18 01:11:24.955 37734 DEBUG heat.engine.service [req-cdb3ee58-bf41-453d-b7df-7cfa83c442ed - - - - -] Service 1309d2b8-ce60-4d2d-b945-93461b4b25bc is updated service_manage_report /usr/lib/python3/dist-packages/heat/engine/service.py:2370
2026-05-18 01:12:24.835 37731 DEBUG heat.engine.service [req-34e22590-0aee-4bc9-b0d3-cbfcaaee2e97 - - - - -] Service 1e3178be-08a7-4d42-b436-58d8e78ee7b7 is updated service_manage_report /usr/lib/python3/dist-packages/heat/engine/service.py:2370
2026-05-18 01:12:24.900 37733 DEBUG heat.engine.service [req-d52c17d2-6b42-444a-9fdf-3e2b53867968 - - - - -] Service 9ab25ba4-510d-4270-bbf3-bb942951a53a is updated service_manage_report /usr/lib/python3/dist-packages/heat/engine/service.py:2370
2026-05-18 01:12:24.938 37732 DEBUG heat.engine.service [req-cb873385-23a5-4f01-bf52-1dbbb8c889cf - - - - -] Service dac04334-7ca2-40c6-b7fc-0c0af1ee6539 is updated service_manage_report /usr/lib/python3/dist-packages/heat/engine/service.py:2370
2026-05-18 01:12:24.960 37734 DEBUG heat.engine.service [req-f0db23f5-b5da-4a3f-bdcf-003d7380a06e - - - - -] Service 1309d2b8-ce60-4d2d-b945-93461b4b25bc is updated service_manage_report /usr/lib/python3/dist-packages/heat/engine/service.py:2370
2026-05-18 01:13:24.840 37731 DEBUG heat.engine.service [req-ebe7ee97-6947-4a79-9707-7d87025388cb - - - - -] Service 1e3178be-08a7-4d42-b436-58d8e78ee7b7 is updated service_manage_report /usr/lib/python3/dist-packages/heat/engine/service.py:2370
2026-05-18 01:13:24.896 37733 DEBUG heat.engine.service [req-eab5a603-4226-4343-9826-5e02895cb687 - - - - -] Service 9ab25ba4-510d-4270-bbf3-bb942951a53a is updated service_manage_report /usr/lib/python3/dist-packages/heat/engine/service.py:2370
2026-05-18 01:13:24.943 37732 DEBUG heat.engine.service [req-09a5071e-f852-48a2-9470-fbba071d046e - - - - -] Service dac04334-7ca2-40c6-b7fc-0c0af1ee6539 is updated service_manage_report /usr/lib/python3/dist-packages/heat/engine/service.py:2370
2026-05-18 01:13:24.964 37734 DEBUG heat.engine.service [req-92441b6d-7f7e-47ac-a220-4ba0ab168e5e - - - - -] Service 1309d2b8-ce60-4d2d-b945-93461b4b25bc is updated service_manage_report /usr/lib/python3/dist-packages/heat/engine/service.py:2370
2026-05-18 01:14:24.845 37731 DEBUG heat.engine.service [req-fa028a6c-d95a-4e96-92d9-441a9da091e7 - - - - -] Service 1e3178be-08a7-4d42-b436-58d8e78ee7b7 is updated service_manage_report /usr/lib/python3/dist-packages/heat/engine/service.py:2370
2026-05-18 01:14:24.892 37733 DEBUG heat.engine.service [req-8b2caefb-958a-4659-8359-ade40d38a700 - - - - -] Service 9ab25ba4-510d-4270-bbf3-bb942951a53a is updated service_manage_report /usr/lib/python3/dist-packages/heat/engine/service.py:2370
2026-05-18 01:14:24.949 37732 DEBUG heat.engine.service [req-3ba285c9-075c-4761-9b2f-3068bf5a61c2 - - - - -] Service dac04334-7ca2-40c6-b7fc-0c0af1ee6539 is updated service_manage_report /usr/lib/python3/dist-packages/heat/engine/service.py:2370
2026-05-18 01:14:24.968 37734 DEBUG heat.engine.service [req-dfee0638-ef54-4792-898d-8e6278b2ba3c - - - - -] Service 1309d2b8-ce60-4d2d-b945-93461b4b25bc is updated service_manage_report /usr/lib/python3/dist-packages/heat/engine/service.py:2370
2026-05-18 01:15:24.849 37731 DEBUG heat.engine.service [req-16fa356b-9b37-4878-9db2-a363c324ecae - - - - -] Service 1e3178be-08a7-4d42-b436-58d8e78ee7b7 is updated service_manage_report /usr/lib/python3/dist-packages/heat/engine/service.py:2370
2026-05-18 01:15:24.892 37733 DEBUG heat.engine.service [req-5ebd07d9-d08c-4379-9ffc-69a568823588 - - - - -] Service 9ab25ba4-510d-4270-bbf3-bb942951a53a is updated service_manage_report /usr/lib/python3/dist-packages/heat/engine/service.py:2370
2026-05-18 01:15:24.953 37732 DEBUG heat.engine.service [req-6fc0abf1-0724-4b70-8025-83ff71a705ae - - - - -] Service dac04334-7ca2-40c6-b7fc-0c0af1ee6539 is updated service_manage_report /usr/lib/python3/dist-packages/heat/engine/service.py:2370
2026-05-18 01:15:24.971 37734 DEBUG heat.engine.service [req-873e4218-7b94-4f6d-88ab-4fc52eaf8cc9 - - - - -] Service 1309d2b8-ce60-4d2d-b945-93461b4b25bc is updated service_manage_report /usr/lib/python3/dist-packages/heat/engine/service.py:2370
2026-05-18 01:16:24.855 37731 DEBUG heat.engine.service [req-f807da57-d85c-4e45-a563-eb3aea02e467 - - - - -] Service 1e3178be-08a7-4d42-b436-58d8e78ee7b7 is updated service_manage_report /usr/lib/python3/dist-packages/heat/engine/service.py:2370
2026-05-18 01:16:24.887 37733 DEBUG heat.engine.service [req-955c86d2-17c4-486f-9e52-0409e42ffdbd - - - - -] Service 9ab25ba4-510d-4270-bbf3-bb942951a53a is updated service_manage_report /usr/lib/python3/dist-packages/heat/engine/service.py:2370
2026-05-18 01:16:24.960 37732 DEBUG heat.engine.service [req-91ea8fa8-92f6-4f31-b694-85a2dfe3a3b7 - - - - -] Service dac04334-7ca2-40c6-b7fc-0c0af1ee6539 is updated service_manage_report /usr/lib/python3/dist-packages/heat/engine/service.py:2370
2026-05-18 01:16:24.975 37734 DEBUG heat.engine.service [req-d3b34bae-10c8-4606-886c-9f0d1a9b373c - - - - -] Service 1309d2b8-ce60-4d2d-b945-93461b4b25bc is updated service_manage_report /usr/lib/python3/dist-packages/heat/engine/service.py:2370
2026-05-18 01:17:24.865 37731 DEBUG heat.engine.service [req-16ae54ab-7546-418a-9547-be85fdd007b3 - - - - -] Service 1e3178be-08a7-4d42-b436-58d8e78ee7b7 is updated service_manage_report /usr/lib/python3/dist-packages/heat/engine/service.py:2370
2026-05-18 01:17:24.894 37733 DEBUG heat.engine.service [req-f03cbbdf-cd33-4e71-829f-607f3f66a97b - - - - -] Service 9ab25ba4-510d-4270-bbf3-bb942951a53a is updated service_manage_report /usr/lib/python3/dist-packages/heat/engine/service.py:2370
2026-05-18 01:17:24.955 37732 DEBUG heat.engine.service [req-6cd2c331-eb7d-4cb4-a6a9-9dc91494e1ca - - - - -] Service dac04334-7ca2-40c6-b7fc-0c0af1ee6539 is updated service_manage_report /usr/lib/python3/dist-packages/heat/engine/service.py:2370
2026-05-18 01:17:24.980 37734 DEBUG heat.engine.service [req-4712f961-2c4c-4ee5-87dd-9ad43a6295eb - - - - -] Service 1309d2b8-ce60-4d2d-b945-93461b4b25bc is updated service_manage_report /usr/lib/python3/dist-packages/heat/engine/service.py:2370
2026-05-18 01:18:24.861 37731 DEBUG heat.engine.service [req-71e4ac31-0d74-445c-90d0-3ab91764f011 - - - - -] Service 1e3178be-08a7-4d42-b436-58d8e78ee7b7 is updated service_manage_report /usr/lib/python3/dist-packages/heat/engine/service.py:2370
2026-05-18 01:18:24.889 37733 DEBUG heat.engine.service [req-e10e818c-5fdd-47c7-b16b-9ac82d489c10 - - - - -] Service 9ab25ba4-510d-4270-bbf3-bb942951a53a is updated service_manage_report /usr/lib/python3/dist-packages/heat/engine/service.py:2370
2026-05-18 01:18:24.963 37732 DEBUG heat.engine.service [req-3dd61539-46ab-4631-9ee6-2a8b706386d3 - - - - -] Service dac04334-7ca2-40c6-b7fc-0c0af1ee6539 is updated service_manage_report /usr/lib/python3/dist-packages/heat/engine/service.py:2370
2026-05-18 01:18:24.984 37734 DEBUG heat.engine.service [req-4e9fd66d-723f-4382-9b3c-c056ace55f92 - - - - -] Service 1309d2b8-ce60-4d2d-b945-93461b4b25bc is updated service_manage_report /usr/lib/python3/dist-packages/heat/engine/service.py:2370
2026-05-18 01:19:24.857 37731 DEBUG heat.engine.service [req-550a4fb8-b97f-4595-9a8a-f14c47b1bedf - - - - -] Service 1e3178be-08a7-4d42-b436-58d8e78ee7b7 is updated service_manage_report /usr/lib/python3/dist-packages/heat/engine/service.py:2370
2026-05-18 01:19:24.894 37733 DEBUG heat.engine.service [req-748e6579-4627-48af-91a3-1b2da5de7c94 - - - - -] Service 9ab25ba4-510d-4270-bbf3-bb942951a53a is updated service_manage_report /usr/lib/python3/dist-packages/heat/engine/service.py:2370
2026-05-18 01:19:24.958 37732 DEBUG heat.engine.service [req-815c89e4-7336-4a5b-ae53-31bbf0a2300e - - - - -] Service dac04334-7ca2-40c6-b7fc-0c0af1ee6539 is updated service_manage_report /usr/lib/python3/dist-packages/heat/engine/service.py:2370
2026-05-18 01:19:24.987 37734 DEBUG heat.engine.service [req-cba8749a-150d-47ec-bb96-eccf03e9a156 - - - - -] Service 1309d2b8-ce60-4d2d-b945-93461b4b25bc is updated service_manage_report /usr/lib/python3/dist-packages/heat/engine/service.py:2370
2026-05-18 01:20:24.861 37731 DEBUG heat.engine.service [req-3497e8cd-1b99-4f94-9801-00468eeaa835 - - - - -] Service 1e3178be-08a7-4d42-b436-58d8e78ee7b7 is updated service_manage_report /usr/lib/python3/dist-packages/heat/engine/service.py:2370
2026-05-18 01:20:24.900 37733 DEBUG heat.engine.service [req-50698a0a-e084-4153-aeee-43e9ea201f13 - - - - -] Service 9ab25ba4-510d-4270-bbf3-bb942951a53a is updated service_manage_report /usr/lib/python3/dist-packages/heat/engine/service.py:2370
2026-05-18 01:20:24.963 37732 DEBUG heat.engine.service [req-901145fa-36dc-4e64-ac10-312aa1987a41 - - - - -] Service dac04334-7ca2-40c6-b7fc-0c0af1ee6539 is updated service_manage_report /usr/lib/python3/dist-packages/heat/engine/service.py:2370
2026-05-18 01:20:24.992 37734 DEBUG heat.engine.service [req-c1ea469d-c8f7-45ec-8426-6cc6550eca18 - - - - -] Service 1309d2b8-ce60-4d2d-b945-93461b4b25bc is updated service_manage_report /usr/lib/python3/dist-packages/heat/engine/service.py:2370
2026-05-18 01:21:24.867 37731 DEBUG heat.engine.service [req-fc3cc055-a194-4a94-b450-b91c52a00218 - - - - -] Service 1e3178be-08a7-4d42-b436-58d8e78ee7b7 is updated service_manage_report /usr/lib/python3/dist-packages/heat/engine/service.py:2370
2026-05-18 01:21:24.894 37733 DEBUG heat.engine.service [req-2e04c90a-1c0f-41e2-a8fb-478262d93d1f - - - - -] Service 9ab25ba4-510d-4270-bbf3-bb942951a53a is updated service_manage_report /usr/lib/python3/dist-packages/heat/engine/service.py:2370
2026-05-18 01:21:24.968 37732 DEBUG heat.engine.service [req-faf3c0d2-eaa5-45e5-ac6a-7acbf2ddfae3 - - - - -] Service dac04334-7ca2-40c6-b7fc-0c0af1ee6539 is updated service_manage_report /usr/lib/python3/dist-packages/heat/engine/service.py:2370
2026-05-18 01:21:24.997 37734 DEBUG heat.engine.service [req-79580aa0-f172-45ca-a96f-8103ef9ecd89 - - - - -] Service 1309d2b8-ce60-4d2d-b945-93461b4b25bc is updated service_manage_report /usr/lib/python3/dist-packages/heat/engine/service.py:2370
2026-05-18 01:22:24.863 37731 DEBUG heat.engine.service [req-8c031f41-9769-47d3-a6d7-635ac7937c58 - - - - -] Service 1e3178be-08a7-4d42-b436-58d8e78ee7b7 is updated service_manage_report /usr/lib/python3/dist-packages/heat/engine/service.py:2370
2026-05-18 01:22:24.899 37733 DEBUG heat.engine.service [req-a45feb58-9b8c-4c2c-8753-ff8a1b7647bc - - - - -] Service 9ab25ba4-510d-4270-bbf3-bb942951a53a is updated service_manage_report /usr/lib/python3/dist-packages/heat/engine/service.py:2370
2026-05-18 01:22:24.972 37732 DEBUG heat.engine.service [req-e9eede45-7d5b-4864-a946-50d847046730 - - - - -] Service dac04334-7ca2-40c6-b7fc-0c0af1ee6539 is updated service_manage_report /usr/lib/python3/dist-packages/heat/engine/service.py:2370
2026-05-18 01:22:25.003 37734 DEBUG heat.engine.service [req-2c41d7b6-1c6b-442e-8bcf-a6ef1146653b - - - - -] Service 1309d2b8-ce60-4d2d-b945-93461b4b25bc is updated service_manage_report /usr/lib/python3/dist-packages/heat/engine/service.py:2370
2026-05-18 01:23:24.858 37731 DEBUG heat.engine.service [req-d524fcc9-baf5-4006-8fa0-a5a33bf5caa1 - - - - -] Service 1e3178be-08a7-4d42-b436-58d8e78ee7b7 is updated service_manage_report /usr/lib/python3/dist-packages/heat/engine/service.py:2370
2026-05-18 01:23:24.907 37733 DEBUG heat.engine.service [req-fb0153d0-bab1-4d50-94c3-c3840b8232b9 - - - - -] Service 9ab25ba4-510d-4270-bbf3-bb942951a53a is updated service_manage_report /usr/lib/python3/dist-packages/heat/engine/service.py:2370
2026-05-18 01:23:24.976 37732 DEBUG heat.engine.service [req-ad436780-7a43-478f-b1e4-926411a80453 - - - - -] Service dac04334-7ca2-40c6-b7fc-0c0af1ee6539 is updated service_manage_report /usr/lib/python3/dist-packages/heat/engine/service.py:2370
2026-05-18 01:23:24.997 37734 DEBUG heat.engine.service [req-d7f01c0b-0915-441e-a578-8e8f56f504ff - - - - -] Service 1309d2b8-ce60-4d2d-b945-93461b4b25bc is updated service_manage_report /usr/lib/python3/dist-packages/heat/engine/service.py:2370
2026-05-18 01:24:24.863 37731 DEBUG heat.engine.service [req-4cae82b0-2169-449c-b4e9-ac25fa626366 - - - - -] Service 1e3178be-08a7-4d42-b436-58d8e78ee7b7 is updated service_manage_report /usr/lib/python3/dist-packages/heat/engine/service.py:2370
2026-05-18 01:24:24.901 37733 DEBUG heat.engine.service [req-d76073f6-7095-416c-aca6-60544dffd633 - - - - -] Service 9ab25ba4-510d-4270-bbf3-bb942951a53a is updated service_manage_report /usr/lib/python3/dist-packages/heat/engine/service.py:2370
2026-05-18 01:24:24.980 37732 DEBUG heat.engine.service [req-06cb7775-704f-4d4a-a7d3-a1ed32285093 - - - - -] Service dac04334-7ca2-40c6-b7fc-0c0af1ee6539 is updated service_manage_report /usr/lib/python3/dist-packages/heat/engine/service.py:2370
2026-05-18 01:24:25.003 37734 DEBUG heat.engine.service [req-54b211bf-c414-4d93-a04d-758ff665bb35 - - - - -] Service 1309d2b8-ce60-4d2d-b945-93461b4b25bc is updated service_manage_report /usr/lib/python3/dist-packages/heat/engine/service.py:2370
2026-05-18 01:25:24.869 37731 DEBUG heat.engine.service [req-3c596e0f-d254-4ec6-8e57-09044e873e3b - - - - -] Service 1e3178be-08a7-4d42-b436-58d8e78ee7b7 is updated service_manage_report /usr/lib/python3/dist-packages/heat/engine/service.py:2370
2026-05-18 01:25:24.909 37733 DEBUG heat.engine.service [req-f015d664-da8e-4a8c-93e9-4bf5284a4aff - - - - -] Service 9ab25ba4-510d-4270-bbf3-bb942951a53a is updated service_manage_report /usr/lib/python3/dist-packages/heat/engine/service.py:2370
2026-05-18 01:25:24.990 37732 DEBUG heat.engine.service [req-eef3a7d7-2cf9-4dc8-8f25-c80f6143db5b - - - - -] Service dac04334-7ca2-40c6-b7fc-0c0af1ee6539 is updated service_manage_report /usr/lib/python3/dist-packages/heat/engine/service.py:2370
2026-05-18 01:25:25.002 37734 DEBUG heat.engine.service [req-3baba3e9-5f37-4174-ba4b-380b51edb0a5 - - - - -] Service 1309d2b8-ce60-4d2d-b945-93461b4b25bc is updated service_manage_report /usr/lib/python3/dist-packages/heat/engine/service.py:2370
2026-05-18 01:26:24.878 37731 DEBUG heat.engine.service [req-396047a7-736a-4b28-87f4-20248c403aee - - - - -] Service 1e3178be-08a7-4d42-b436-58d8e78ee7b7 is updated service_manage_report /usr/lib/python3/dist-packages/heat/engine/service.py:2370
2026-05-18 01:26:24.904 37733 DEBUG heat.engine.service [req-ceca8b89-b2a0-4a9b-b7e1-b539bd5c563a - - - - -] Service 9ab25ba4-510d-4270-bbf3-bb942951a53a is updated service_manage_report /usr/lib/python3/dist-packages/heat/engine/service.py:2370
2026-05-18 01:26:24.985 37732 DEBUG heat.engine.service [req-f067bc4c-bc5c-4fc4-a7a0-96f0ad3a3ca6 - - - - -] Service dac04334-7ca2-40c6-b7fc-0c0af1ee6539 is updated service_manage_report /usr/lib/python3/dist-packages/heat/engine/service.py:2370
2026-05-18 01:26:24.997 37734 DEBUG heat.engine.service [req-5308fab8-146e-4cc9-a52b-8d536ef1ac20 - - - - -] Service 1309d2b8-ce60-4d2d-b945-93461b4b25bc is updated service_manage_report /usr/lib/python3/dist-packages/heat/engine/service.py:2370
2026-05-18 01:27:24.878 37731 DEBUG heat.engine.service [req-79004585-cb05-456b-8d3a-b661b20f4c2c - - - - -] Service 1e3178be-08a7-4d42-b436-58d8e78ee7b7 is updated service_manage_report /usr/lib/python3/dist-packages/heat/engine/service.py:2370
2026-05-18 01:27:24.908 37733 DEBUG heat.engine.service [req-96afbc23-3a45-41fc-859f-c59994fcd5cc - - - - -] Service 9ab25ba4-510d-4270-bbf3-bb942951a53a is updated service_manage_report /usr/lib/python3/dist-packages/heat/engine/service.py:2370
2026-05-18 01:27:24.994 37732 DEBUG heat.engine.service [req-d10cddb2-7cc1-4c5d-85de-028499bb639f - - - - -] Service dac04334-7ca2-40c6-b7fc-0c0af1ee6539 is updated service_manage_report /usr/lib/python3/dist-packages/heat/engine/service.py:2370
2026-05-18 01:27:25.007 37734 DEBUG heat.engine.service [req-11e8284b-54d1-469f-8e6a-a721b81b4da9 - - - - -] Service 1309d2b8-ce60-4d2d-b945-93461b4b25bc is updated service_manage_report /usr/lib/python3/dist-packages/heat/engine/service.py:2370
2026-05-18 01:28:24.876 37731 DEBUG heat.engine.service [req-ac4dca5d-5085-426b-9e86-a0a7f95d5c32 - - - - -] Service 1e3178be-08a7-4d42-b436-58d8e78ee7b7 is updated service_manage_report /usr/lib/python3/dist-packages/heat/engine/service.py:2370
2026-05-18 01:28:24.916 37733 DEBUG heat.engine.service [req-340705dd-c1ab-46c8-b107-d20f751854c2 - - - - -] Service 9ab25ba4-510d-4270-bbf3-bb942951a53a is updated service_manage_report /usr/lib/python3/dist-packages/heat/engine/service.py:2370
2026-05-18 01:28:24.989 37732 DEBUG heat.engine.service [req-cd33c9d9-e549-41a6-a349-de44e6f06674 - - - - -] Service dac04334-7ca2-40c6-b7fc-0c0af1ee6539 is updated service_manage_report /usr/lib/python3/dist-packages/heat/engine/service.py:2370
2026-05-18 01:28:25.002 37734 DEBUG heat.engine.service [req-182edfcf-c078-48b0-9d40-4fca039e80f7 - - - - -] Service 1309d2b8-ce60-4d2d-b945-93461b4b25bc is updated service_manage_report /usr/lib/python3/dist-packages/heat/engine/service.py:2370
2026-05-18 01:29:24.870 37731 DEBUG heat.engine.service [req-fecbc7b8-8c4f-437e-9942-4c9496a82ba0 - - - - -] Service 1e3178be-08a7-4d42-b436-58d8e78ee7b7 is updated service_manage_report /usr/lib/python3/dist-packages/heat/engine/service.py:2370
2026-05-18 01:29:24.910 37733 DEBUG heat.engine.service [req-aa544e08-c6bc-4465-a5ee-7802a806cac2 - - - - -] Service 9ab25ba4-510d-4270-bbf3-bb942951a53a is updated service_manage_report /usr/lib/python3/dist-packages/heat/engine/service.py:2370
2026-05-18 01:29:24.993 37732 DEBUG heat.engine.service [req-7892d125-a716-4c77-b7e8-be7157a793d6 - - - - -] Service dac04334-7ca2-40c6-b7fc-0c0af1ee6539 is updated service_manage_report /usr/lib/python3/dist-packages/heat/engine/service.py:2370
2026-05-18 01:29:25.007 37734 DEBUG heat.engine.service [req-69bdc757-9a9a-4818-a25d-7ce528ad96f9 - - - - -] Service 1309d2b8-ce60-4d2d-b945-93461b4b25bc is updated service_manage_report /usr/lib/python3/dist-packages/heat/engine/service.py:2370
2026-05-18 01:30:24.876 37731 DEBUG heat.engine.service [req-efcd5c91-886f-48ba-a4e5-8b77700c64f5 - - - - -] Service 1e3178be-08a7-4d42-b436-58d8e78ee7b7 is updated service_manage_report /usr/lib/python3/dist-packages/heat/engine/service.py:2370
2026-05-18 01:30:24.917 37733 DEBUG heat.engine.service [req-2d2e41db-1dda-423d-a373-4aa43b3ab77e - - - - -] Service 9ab25ba4-510d-4270-bbf3-bb942951a53a is updated service_manage_report /usr/lib/python3/dist-packages/heat/engine/service.py:2370
2026-05-18 01:30:24.997 37732 DEBUG heat.engine.service [req-61db2ec5-1bd9-46fa-9c3b-55d7591c9189 - - - - -] Service dac04334-7ca2-40c6-b7fc-0c0af1ee6539 is updated service_manage_report /usr/lib/python3/dist-packages/heat/engine/service.py:2370
2026-05-18 01:30:25.011 37734 DEBUG heat.engine.service [req-df1851c4-60d1-4d58-86c3-30c50b5f5c86 - - - - -] Service 1309d2b8-ce60-4d2d-b945-93461b4b25bc is updated service_manage_report /usr/lib/python3/dist-packages/heat/engine/service.py:2370
2026-05-18 01:31:24.877 37731 DEBUG heat.engine.service [req-fcd2f187-6bfc-4e57-ad8d-2a554270a035 - - - - -] Service 1e3178be-08a7-4d42-b436-58d8e78ee7b7 is updated service_manage_report /usr/lib/python3/dist-packages/heat/engine/service.py:2370
2026-05-18 01:31:24.910 37733 DEBUG heat.engine.service [req-67a59020-05f3-4124-a68c-86638a314512 - - - - -] Service 9ab25ba4-510d-4270-bbf3-bb942951a53a is updated service_manage_report /usr/lib/python3/dist-packages/heat/engine/service.py:2370
2026-05-18 01:31:25.000 37732 DEBUG heat.engine.service [req-2227dbda-f97e-4d52-acb4-6d4c1bc956f0 - - - - -] Service dac04334-7ca2-40c6-b7fc-0c0af1ee6539 is updated service_manage_report /usr/lib/python3/dist-packages/heat/engine/service.py:2370
2026-05-18 01:31:25.015 37734 DEBUG heat.engine.service [req-f4f2f490-3af9-4724-a0eb-0b263a82274d - - - - -] Service 1309d2b8-ce60-4d2d-b945-93461b4b25bc is updated service_manage_report /usr/lib/python3/dist-packages/heat/engine/service.py:2370
2026-05-18 01:32:24.873 37731 DEBUG heat.engine.service [req-b35ce0b0-cfe4-4d17-84b4-698039bb0e71 - - - - -] Service 1e3178be-08a7-4d42-b436-58d8e78ee7b7 is updated service_manage_report /usr/lib/python3/dist-packages/heat/engine/service.py:2370
2026-05-18 01:32:24.916 37733 DEBUG heat.engine.service [req-2686a582-5d23-42d6-9703-862d911889b5 - - - - -] Service 9ab25ba4-510d-4270-bbf3-bb942951a53a is updated service_manage_report /usr/lib/python3/dist-packages/heat/engine/service.py:2370
2026-05-18 01:32:25.008 37732 DEBUG heat.engine.service [req-dfbfe695-f876-423c-a0e8-78971a92952b - - - - -] Service dac04334-7ca2-40c6-b7fc-0c0af1ee6539 is updated service_manage_report /usr/lib/python3/dist-packages/heat/engine/service.py:2370
2026-05-18 01:32:25.022 37734 DEBUG heat.engine.service [req-8ba8f3d8-6827-4221-812d-1aa747807237 - - - - -] Service 1309d2b8-ce60-4d2d-b945-93461b4b25bc is updated service_manage_report /usr/lib/python3/dist-packages/heat/engine/service.py:2370
2026-05-18 01:33:24.869 37731 DEBUG heat.engine.service [req-20876b21-d71e-4fed-b4c9-66130dc5515d - - - - -] Service 1e3178be-08a7-4d42-b436-58d8e78ee7b7 is updated service_manage_report /usr/lib/python3/dist-packages/heat/engine/service.py:2370
2026-05-18 01:33:24.909 37733 DEBUG heat.engine.service [req-f8916186-9536-42c3-bb04-df19021261ad - - - - -] Service 9ab25ba4-510d-4270-bbf3-bb942951a53a is updated service_manage_report /usr/lib/python3/dist-packages/heat/engine/service.py:2370
2026-05-18 01:33:25.002 37732 DEBUG heat.engine.service [req-ed49b3e7-ee70-4d42-941a-d3c4841d465e - - - - -] Service dac04334-7ca2-40c6-b7fc-0c0af1ee6539 is updated service_manage_report /usr/lib/python3/dist-packages/heat/engine/service.py:2370
2026-05-18 01:33:25.016 37734 DEBUG heat.engine.service [req-36ca0c2b-50bd-4119-8a9e-bb2fefc7dda3 - - - - -] Service 1309d2b8-ce60-4d2d-b945-93461b4b25bc is updated service_manage_report /usr/lib/python3/dist-packages/heat/engine/service.py:2370
2026-05-18 01:34:24.876 37731 DEBUG heat.engine.service [req-8eaf9628-24f1-45ce-9011-cf863d3eb224 - - - - -] Service 1e3178be-08a7-4d42-b436-58d8e78ee7b7 is updated service_manage_report /usr/lib/python3/dist-packages/heat/engine/service.py:2370
2026-05-18 01:34:24.915 37733 DEBUG heat.engine.service [req-b0065820-43e5-40ec-9ea7-d5edc6efbadf - - - - -] Service 9ab25ba4-510d-4270-bbf3-bb942951a53a is updated service_manage_report /usr/lib/python3/dist-packages/heat/engine/service.py:2370
2026-05-18 01:34:25.008 37732 DEBUG heat.engine.service [req-0f432154-1ab0-46a4-805e-6bd3ea4367b7 - - - - -] Service dac04334-7ca2-40c6-b7fc-0c0af1ee6539 is updated service_manage_report /usr/lib/python3/dist-packages/heat/engine/service.py:2370
2026-05-18 01:34:25.019 37734 DEBUG heat.engine.service [req-f967b4ab-f252-4f4b-ba07-b83db47bc1b4 - - - - -] Service 1309d2b8-ce60-4d2d-b945-93461b4b25bc is updated service_manage_report /usr/lib/python3/dist-packages/heat/engine/service.py:2370
2026-05-18 01:35:24.872 37731 DEBUG heat.engine.service [req-f005894b-3ae4-4ec3-a6f1-d8355b657390 - - - - -] Service 1e3178be-08a7-4d42-b436-58d8e78ee7b7 is updated service_manage_report /usr/lib/python3/dist-packages/heat/engine/service.py:2370
2026-05-18 01:35:24.910 37733 DEBUG heat.engine.service [req-52ef79ea-24ef-421e-8dae-ccec29126047 - - - - -] Service 9ab25ba4-510d-4270-bbf3-bb942951a53a is updated service_manage_report /usr/lib/python3/dist-packages/heat/engine/service.py:2370
2026-05-18 01:35:25.002 37732 DEBUG heat.engine.service [req-2d65a74b-f597-481c-b2ca-3efdbf72f96c - - - - -] Service dac04334-7ca2-40c6-b7fc-0c0af1ee6539 is updated service_manage_report /usr/lib/python3/dist-packages/heat/engine/service.py:2370
2026-05-18 01:35:25.023 37734 DEBUG heat.engine.service [req-73d99233-5550-437d-92d9-9780cffc4c2e - - - - -] Service 1309d2b8-ce60-4d2d-b945-93461b4b25bc is updated service_manage_report /usr/lib/python3/dist-packages/heat/engine/service.py:2370
2026-05-18 01:36:24.924 37731 DEBUG heat.engine.service [req-64c391b0-98c9-4cb8-9556-8583c57cefc0 - - - - -] Service 1e3178be-08a7-4d42-b436-58d8e78ee7b7 is updated service_manage_report /usr/lib/python3/dist-packages/heat/engine/service.py:2370
2026-05-18 01:36:24.928 37733 DEBUG heat.engine.service [req-51824ec6-2245-48a4-ae1d-a9c269484564 - - - - -] Service 9ab25ba4-510d-4270-bbf3-bb942951a53a is updated service_manage_report /usr/lib/python3/dist-packages/heat/engine/service.py:2370
2026-05-18 01:36:25.021 37732 DEBUG heat.engine.service [req-4186c09b-b120-44cd-95f6-eb1888230ff1 - - - - -] Service dac04334-7ca2-40c6-b7fc-0c0af1ee6539 is updated service_manage_report /usr/lib/python3/dist-packages/heat/engine/service.py:2370
2026-05-18 01:36:25.032 37734 DEBUG heat.engine.service [req-93d60064-c995-4f57-836e-8957dfed8f81 - - - - -] Service 1309d2b8-ce60-4d2d-b945-93461b4b25bc is updated service_manage_report /usr/lib/python3/dist-packages/heat/engine/service.py:2370
2026-05-18 01:36:29.257 37733 DEBUG heat.engine.service [-] Attempting to stop engine service... _stop_rpc_server /usr/lib/python3/dist-packages/heat/engine/service.py:437
2026-05-18 01:36:29.256 37731 DEBUG heat.engine.service [-] Attempting to stop engine service... _stop_rpc_server /usr/lib/python3/dist-packages/heat/engine/service.py:437
2026-05-18 01:36:29.258 37732 DEBUG heat.engine.service [-] Attempting to stop engine service... _stop_rpc_server /usr/lib/python3/dist-packages/heat/engine/service.py:437
2026-05-18 01:36:29.258 37734 DEBUG heat.engine.service [-] Attempting to stop engine service... _stop_rpc_server /usr/lib/python3/dist-packages/heat/engine/service.py:437
2026-05-18 01:36:29.262 37511 INFO oslo_service.service [-] Caught SIGTERM, stopping children
2026-05-18 01:36:29.262 37511 DEBUG oslo_concurrency.lockutils [-] Acquired lock "singleton_lock" lock /usr/lib/python3/dist-packages/oslo_concurrency/lockutils.py:294
2026-05-18 01:36:29.263 37511 DEBUG oslo_concurrency.lockutils [-] Releasing lock "singleton_lock" lock /usr/lib/python3/dist-packages/oslo_concurrency/lockutils.py:312
2026-05-18 01:36:29.263 37511 DEBUG oslo_service.service [-] Stop services. stop /usr/lib/python3/dist-packages/oslo_service/service.py:695
2026-05-18 01:36:29.263 37511 INFO heat.engine.service [-] All threads were gone, terminating engine
2026-05-18 01:36:29.263 37511 DEBUG oslo_service.service [-] Killing children. stop /usr/lib/python3/dist-packages/oslo_service/service.py:700
2026-05-18 01:36:29.288 37511 INFO oslo_service.service [-] Waiting on 4 children to exit
2026-05-18 01:36:29.289 37511 INFO oslo_service.service [-] Child 37731 killed by signal 15
2026-05-18 01:36:29.290 37511 INFO oslo_service.service [-] Child 37732 killed by signal 15
2026-05-18 01:36:29.290 37511 INFO oslo_service.service [-] Child 37733 killed by signal 15
2026-05-18 01:36:29.290 37511 INFO oslo_service.service [-] Child 37734 killed by signal 15
2026-05-18 01:36:31.901 58245 DEBUG oslo_concurrency.lockutils [-] Lock "context-manager" acquired by "neutron_lib.db.api._create_context_manager" :: waited 0.000s inner /usr/lib/python3/dist-packages/oslo_concurrency/lockutils.py:386
2026-05-18 01:36:31.902 58245 DEBUG oslo_concurrency.lockutils [-] Lock "context-manager" "released" by "neutron_lib.db.api._create_context_manager" :: held 0.000s inner /usr/lib/python3/dist-packages/oslo_concurrency/lockutils.py:400
2026-05-18 01:36:32.172 58245 WARNING heat.engine.environment [-] OS::Aodh::Alarm is DEPRECATED. Theshold alarm relies on ceilometer-api and has been deprecated in aodh since Ocata. Use OS::Aodh::GnocchiAggregationByResourcesAlarm instead.
2026-05-18 01:36:32.173 58245 WARNING heat.engine.environment [-] OS::Aodh::CombinationAlarm is HIDDEN. OS::Aodh::CombinationAlarm is deprecated and has been removed from Aodh, use OS::Aodh::CompositeAlarm instead.
2026-05-18 01:36:32.173 58245 WARNING heat.engine.environment [-] OS::Designate::Domain is HIDDEN. This resource has been removed, use OS::Designate::Zone instead.
2026-05-18 01:36:32.173 58245 WARNING heat.engine.environment [-] OS::Designate::Record is HIDDEN. This resource has been removed, use OS::Designate::RecordSet instead.
2026-05-18 01:36:32.173 58245 WARNING heat.engine.environment [-] OS::Glance::Image is DEPRECATED. Creating a Glance Image based on an existing URL location requires the Glance v1 API, which is deprecated.
2026-05-18 01:36:32.174 58245 WARNING heat.engine.environment [-] OS::Heat::HARestarter is HIDDEN. The HARestarter resource type has been removed. Existing stacks containing HARestarter resources can still be used, but the HARestarter resource will be a placeholder that does nothing.
2026-05-18 01:36:32.174 58245 WARNING heat.engine.environment [-] OS::Heat::SoftwareDeployments is HIDDEN. Please use OS::Heat::SoftwareDeploymentGroup instead.
2026-05-18 01:36:32.174 58245 WARNING heat.engine.environment [-] OS::Heat::StructuredDeployments is HIDDEN. Please use OS::Heat::StructuredDeploymentGroup instead.
2026-05-18 01:36:32.174 58245 WARNING heat.engine.environment [-] OS::Magnum::Bay is HIDDEN. Please use OS::Magnum::Cluster instead.
2026-05-18 01:36:32.175 58245 WARNING heat.engine.environment [-] OS::Magnum::BayModel is HIDDEN. Please use OS::Magnum::ClusterTemplate instead.
2026-05-18 01:36:32.175 58245 WARNING heat.engine.environment [-] OS::Neutron::ExtraRoute is UNSUPPORTED. Use this resource at your own risk.
2026-05-18 01:36:32.175 58245 WARNING heat.engine.environment [-] OS::Neutron::HealthMonitor is HIDDEN. Use LBaaS V2 instead.
2026-05-18 01:36:32.176 58245 WARNING heat.engine.environment [-] OS::Neutron::Pool is HIDDEN. Use LBaaS V2 instead.
2026-05-18 01:36:32.176 58245 WARNING heat.engine.environment [-] OS::Neutron::PoolMember is HIDDEN. Use LBaaS V2 instead.
2026-05-18 01:36:32.176 58245 WARNING heat.engine.environment [-] OS::Neutron::LoadBalancer is HIDDEN. Use LBaaS V2 instead.
2026-05-18 01:36:32.176 58245 WARNING heat.engine.environment [-] OS::Neutron::RouterGateway is HIDDEN. Use the `external_gateway_info` property in the router resource to set up the gateway.
2026-05-18 01:36:32.176 58245 WARNING heat.engine.environment [-] OS::Nova::FloatingIP is HIDDEN. Please use OS::Neutron::FloatingIP instead.
2026-05-18 01:36:32.176 58245 WARNING heat.engine.environment [-] OS::Nova::FloatingIPAssociation is HIDDEN. Please use OS::Neutron::FloatingIPAssociation instead.
2026-05-18 01:36:32.178 58245 INFO heat.engine.environment [-] Loading /etc/heat/environment.d/default.yaml
2026-05-18 01:36:32.179 58245 INFO heat.engine.environment [-] Registered: [Plugin](User:False) AWS::AutoScaling::AutoScalingGroup ->
2026-05-18 01:36:32.179 58245 INFO heat.engine.environment [-] Registered: [Plugin](User:False) AWS::AutoScaling::LaunchConfiguration ->
2026-05-18 01:36:32.179 58245 INFO heat.engine.environment [-] Registered: [Plugin](User:False) AWS::AutoScaling::ScalingPolicy ->
2026-05-18 01:36:32.179 58245 INFO heat.engine.environment [-] Registered: [Plugin](User:False) AWS::CloudFormation::Stack ->
2026-05-18 01:36:32.179 58245 INFO heat.engine.environment [-] Registered: [Plugin](User:False) AWS::CloudFormation::WaitCondition ->
2026-05-18 01:36:32.180 58245 INFO heat.engine.environment [-] Registered: [Plugin](User:False) AWS::CloudFormation::WaitConditionHandle ->
2026-05-18 01:36:32.180 58245 INFO heat.engine.environment [-] Registered: [Plugin](User:False) AWS::EC2::EIP ->
2026-05-18 01:36:32.180 58245 INFO heat.engine.environment [-] Registered: [Plugin](User:False) AWS::EC2::EIPAssociation ->
2026-05-18 01:36:32.180 58245 INFO heat.engine.environment [-] Registered: [Plugin](User:False) AWS::EC2::Instance ->
2026-05-18 01:36:32.180 58245 INFO heat.engine.environment [-] Registered: [Plugin](User:False) AWS::EC2::InternetGateway ->
2026-05-18 01:36:32.180 58245 INFO heat.engine.environment [-] Registered: [Plugin](User:False) AWS::EC2::VPCGatewayAttachment ->
2026-05-18 01:36:32.180 58245 INFO heat.engine.environment [-] Registered: [Plugin](User:False) AWS::EC2::NetworkInterface ->
2026-05-18 01:36:32.180 58245 INFO heat.engine.environment [-] Registered: [Plugin](User:False) AWS::EC2::RouteTable ->
2026-05-18 01:36:32.180 58245 INFO heat.engine.environment [-] Registered: [Plugin](User:False) AWS::EC2::SubnetRouteTableAssociation ->
2026-05-18 01:36:32.181 58245 INFO heat.engine.environment [-] Registered: [Plugin](User:False) AWS::EC2::SecurityGroup ->
2026-05-18 01:36:32.181 58245 INFO heat.engine.environment [-] Registered: [Plugin](User:False) AWS::EC2::Subnet ->
2026-05-18 01:36:32.181 58245 INFO heat.engine.environment [-] Registered: [Plugin](User:False) AWS::EC2::Volume ->
2026-05-18 01:36:32.181 58245 INFO heat.engine.environment [-] Registered: [Plugin](User:False) AWS::EC2::VolumeAttachment ->
2026-05-18 01:36:32.181 58245 INFO heat.engine.environment [-] Registered: [Plugin](User:False) AWS::EC2::VPC ->
2026-05-18 01:36:32.181 58245 INFO heat.engine.environment [-] Registered: [Plugin](User:False) AWS::IAM::User ->
2026-05-18 01:36:32.181 58245 INFO heat.engine.environment [-] Registered: [Plugin](User:False) AWS::IAM::AccessKey ->
2026-05-18 01:36:32.181 58245 INFO heat.engine.environment [-] Registered: [Plugin](User:False) AWS::ElasticLoadBalancing::LoadBalancer ->
2026-05-18 01:36:32.181 58245 INFO heat.engine.environment [-] Registered: [Plugin](User:False) AWS::S3::Bucket ->
2026-05-18 01:36:32.181 58245 INFO heat.engine.environment [-] Registered: [Plugin](User:False) OS::Aodh::Alarm ->
2026-05-18 01:36:32.182 58245 INFO heat.engine.environment [-] Registered: [Plugin](User:False) OS::Aodh::CombinationAlarm ->
2026-05-18 01:36:32.182 58245 INFO heat.engine.environment [-] Registered: [Plugin](User:False) OS::Aodh::EventAlarm ->
2026-05-18 01:36:32.182 58245 INFO heat.engine.environment [-] Registered: [Plugin](User:False) OS::Aodh::LBMemberHealthAlarm ->
2026-05-18 01:36:32.182 58245 INFO heat.engine.environment [-] Registered: [Plugin](User:False) OS::Aodh::CompositeAlarm ->
2026-05-18 01:36:32.182 58245 INFO heat.engine.environment [-] Registered: [Plugin](User:False) OS::Aodh::GnocchiResourcesAlarm ->
2026-05-18 01:36:32.182 58245 INFO heat.engine.environment [-] Registered: [Plugin](User:False) OS::Aodh::GnocchiAggregationByMetricsAlarm ->
2026-05-18 01:36:32.183 58245 INFO heat.engine.environment [-] Registered: [Plugin](User:False) OS::Aodh::GnocchiAggregationByResourcesAlarm ->
2026-05-18 01:36:32.183 58245 INFO heat.engine.environment [-] Registered: [Plugin](User:False) OS::Barbican::GenericContainer ->
2026-05-18 01:36:32.183 58245 INFO heat.engine.environment [-] Registered: [Plugin](User:False) OS::Barbican::CertificateContainer ->
2026-05-18 01:36:32.183 58245 INFO heat.engine.environment [-] Registered: [Plugin](User:False) OS::Barbican::RSAContainer ->
2026-05-18 01:36:32.183 58245 INFO heat.engine.environment [-] Registered: [Plugin](User:False) OS::Barbican::Order ->
2026-05-18 01:36:32.183 58245 INFO heat.engine.environment [-] Registered: [Plugin](User:False) OS::Barbican::Secret ->
2026-05-18 01:36:32.183 58245 INFO heat.engine.environment [-] Registered: [Plugin](User:False) OS::Blazar::Host ->
2026-05-18 01:36:32.183 58245 INFO heat.engine.environment [-] Registered: [Plugin](User:False) OS::Blazar::Lease ->
2026-05-18 01:36:32.184 58245 INFO heat.engine.environment [-] Registered: [Plugin](User:False) OS::Cinder::EncryptedVolumeType ->
2026-05-18 01:36:32.184 58245 INFO heat.engine.environment [-] Registered: [Plugin](User:False) OS::Cinder::QoSSpecs ->
2026-05-18 01:36:32.184 58245 INFO heat.engine.environment [-] Registered: [Plugin](User:False) OS::Cinder::QoSAssociation ->
2026-05-18 01:36:32.184 58245 INFO heat.engine.environment [-] Registered: [Plugin](User:False) OS::Cinder::Quota ->
2026-05-18 01:36:32.184 58245 INFO heat.engine.environment [-] Registered: [Plugin](User:False) OS::Cinder::Volume ->
2026-05-18 01:36:32.184 58245 INFO heat.engine.environment [-] Registered: [Plugin](User:False) OS::Cinder::VolumeAttachment ->
2026-05-18 01:36:32.184 58245 INFO heat.engine.environment [-] Registered: [Plugin](User:False) OS::Cinder::VolumeType ->
2026-05-18 01:36:32.184 58245 INFO heat.engine.environment [-] Registered: [Plugin](User:False) OS::Designate::Domain ->
2026-05-18 01:36:32.184 58245 INFO heat.engine.environment [-] Registered: [Plugin](User:False) OS::Designate::Record ->
2026-05-18 01:36:32.184 58245 INFO heat.engine.environment [-] Registered: [Plugin](User:False) OS::Designate::RecordSet ->
2026-05-18 01:36:32.185 58245 INFO heat.engine.environment [-] Registered: [Plugin](User:False) OS::Designate::Zone ->
2026-05-18 01:36:32.185 58245 INFO heat.engine.environment [-] Registered: [Plugin](User:False) OS::Glance::Image ->
2026-05-18 01:36:32.185 58245 INFO heat.engine.environment [-] Registered: [Plugin](User:False) OS::Glance::WebImage ->
2026-05-18 01:36:32.185 58245 INFO heat.engine.environment [-] Registered: [Plugin](User:False) OS::Heat::AccessPolicy ->
2026-05-18 01:36:32.185 58245 INFO heat.engine.environment [-] Registered: [Plugin](User:False) OS::Heat::AutoScalingGroup ->
2026-05-18 01:36:32.186 58245 INFO heat.engine.environment [-] Registered: [Plugin](User:False) OS::Heat::CloudConfig ->
2026-05-18 01:36:32.186 58245 INFO heat.engine.environment [-] Registered: [Plugin](User:False) OS::Heat::Delay ->
2026-05-18 01:36:32.186 58245 INFO heat.engine.environment [-] Registered: [Plugin](User:False) OS::Heat::DeployedServer ->
2026-05-18 01:36:32.186 58245 INFO heat.engine.environment [-] Registered: [Plugin](User:False) OS::Heat::HARestarter ->
2026-05-18 01:36:32.186 58245 INFO heat.engine.environment [-] Registered: [Plugin](User:False) OS::Heat::InstanceGroup ->
2026-05-18 01:36:32.186 58245 INFO heat.engine.environment [-] Registered: [Plugin](User:False) OS::Heat::MultipartMime ->
2026-05-18 01:36:32.186 58245 INFO heat.engine.environment [-] Registered: [Plugin](User:False) OS::Heat::None ->
2026-05-18 01:36:32.186 58245 INFO heat.engine.environment [-] Registered: [Plugin](User:False) OS::Heat::RandomString ->
2026-05-18 01:36:32.186 58245 INFO heat.engine.environment [-] Registered: [Plugin](User:False) OS::Heat::Stack ->
2026-05-18 01:36:32.187 58245 INFO heat.engine.environment [-] Registered: [Plugin](User:False) OS::Heat::ResourceChain ->
2026-05-18 01:36:32.187 58245 INFO heat.engine.environment [-] Registered: [Plugin](User:False) OS::Heat::ResourceGroup ->
2026-05-18 01:36:32.187 58245 INFO heat.engine.environment [-] Registered: [Plugin](User:False) OS::Heat::ScalingPolicy ->
2026-05-18 01:36:32.187 58245 INFO heat.engine.environment [-] Registered: [Plugin](User:False) OS::Heat::SoftwareComponent ->
2026-05-18 01:36:32.187 58245 INFO heat.engine.environment [-] Registered: [Plugin](User:False) OS::Heat::SoftwareConfig ->
2026-05-18 01:36:32.187 58245 INFO heat.engine.environment [-] Registered: [Plugin](User:False) OS::Heat::SoftwareDeployment ->
2026-05-18 01:36:32.187 58245 INFO heat.engine.environment [-] Registered: [Plugin](User:False) OS::Heat::SoftwareDeploymentGroup ->
2026-05-18 01:36:32.187 58245 INFO heat.engine.environment [-] Registered: [Plugin](User:False) OS::Heat::SoftwareDeployments ->
2026-05-18 01:36:32.187 58245 INFO heat.engine.environment [-] Registered: [Plugin](User:False) OS::Heat::StructuredConfig ->
2026-05-18 01:36:32.187 58245 INFO heat.engine.environment [-] Registered: [Plugin](User:False) OS::Heat::StructuredDeployment ->
2026-05-18 01:36:32.187 58245 INFO heat.engine.environment [-] Registered: [Plugin](User:False) OS::Heat::StructuredDeploymentGroup ->
2026-05-18 01:36:32.188 58245 INFO heat.engine.environment [-] Registered: [Plugin](User:False) OS::Heat::StructuredDeployments ->
2026-05-18 01:36:32.188 58245 INFO heat.engine.environment [-] Registered: [Plugin](User:False) OS::Heat::SwiftSignal ->
2026-05-18 01:36:32.188 58245 INFO heat.engine.environment [-] Registered: [Plugin](User:False) OS::Heat::SwiftSignalHandle ->
2026-05-18 01:36:32.188 58245 INFO heat.engine.environment [-] Registered: [Plugin](User:False) OS::Heat::TestResource ->
2026-05-18 01:36:32.188 58245 INFO heat.engine.environment [-] Registered: [Plugin](User:False) OS::Heat::Value ->
2026-05-18 01:36:32.188 58245 INFO heat.engine.environment [-] Registered: [Plugin](User:False) OS::Heat::WaitCondition ->
2026-05-18 01:36:32.188 58245 INFO heat.engine.environment [-] Registered: [Plugin](User:False) OS::Heat::WaitConditionHandle ->
2026-05-18 01:36:32.188 58245 INFO heat.engine.environment [-] Registered: [Plugin](User:False) OS::Heat::UpdateWaitConditionHandle ->
2026-05-18 01:36:32.188 58245 INFO heat.engine.environment [-] Registered: [Plugin](User:False) OS::Ironic::Port ->
2026-05-18 01:36:32.189 58245 INFO heat.engine.environment [-] Registered: [Plugin](User:False) OS::Keystone::Domain ->
2026-05-18 01:36:32.189 58245 INFO heat.engine.environment [-] Registered: [Plugin](User:False) OS::Keystone::Endpoint ->
2026-05-18 01:36:32.189 58245 INFO heat.engine.environment [-] Registered: [Plugin](User:False) OS::Keystone::Group ->
2026-05-18 01:36:32.189 58245 INFO heat.engine.environment [-] Registered: [Plugin](User:False) OS::Keystone::Project ->
2026-05-18 01:36:32.189 58245 INFO heat.engine.environment [-] Registered: [Plugin](User:False) OS::Keystone::Region ->
2026-05-18 01:36:32.189 58245 INFO heat.engine.environment [-] Registered: [Plugin](User:False) OS::Keystone::Role ->
2026-05-18 01:36:32.189 58245 INFO heat.engine.environment [-] Registered: [Plugin](User:False) OS::Keystone::UserRoleAssignment ->
2026-05-18 01:36:32.189 58245 INFO heat.engine.environment [-] Registered: [Plugin](User:False) OS::Keystone::GroupRoleAssignment ->
2026-05-18 01:36:32.189 58245 INFO heat.engine.environment [-] Registered: [Plugin](User:False) OS::Keystone::Service ->
2026-05-18 01:36:32.189 58245 INFO heat.engine.environment [-] Registered: [Plugin](User:False) OS::Keystone::User ->
2026-05-18 01:36:32.190 58245 INFO heat.engine.environment [-] Registered: [Plugin](User:False) OS::Magnum::Bay ->
2026-05-18 01:36:32.190 58245 INFO heat.engine.environment [-] Registered: [Plugin](User:False) OS::Magnum::BayModel ->
2026-05-18 01:36:32.190 58245 INFO heat.engine.environment [-] Registered: [Plugin](User:False) OS::Magnum::Cluster ->
2026-05-18 01:36:32.190 58245 INFO heat.engine.environment [-] Registered: [Plugin](User:False) OS::Magnum::ClusterTemplate ->
2026-05-18 01:36:32.190 58245 INFO heat.engine.environment [-] Registered: [Plugin](User:False) OS::Manila::SecurityService ->
2026-05-18 01:36:32.190 58245 INFO heat.engine.environment [-] Registered: [Plugin](User:False) OS::Manila::Share ->
2026-05-18 01:36:32.190 58245 INFO heat.engine.environment [-] Registered: [Plugin](User:False) OS::Manila::ShareNetwork ->
2026-05-18 01:36:32.191 58245 INFO heat.engine.environment [-] Registered: [Plugin](User:False) OS::Manila::ShareType ->
2026-05-18 01:36:32.191 58245 INFO heat.engine.environment [-] Registered: [Plugin](User:False) OS::Mistral::CronTrigger ->
2026-05-18 01:36:32.191 58245 INFO heat.engine.environment [-] Registered: [Plugin](User:False) OS::Mistral::ExternalResource ->
2026-05-18 01:36:32.191 58245 INFO heat.engine.environment [-] Registered: [Plugin](User:False) OS::Mistral::Workflow ->
2026-05-18 01:36:32.191 58245 INFO heat.engine.environment [-] Registered: [Plugin](User:False) OS::Monasca::AlarmDefinition ->
2026-05-18 01:36:32.191 58245 INFO heat.engine.environment [-] Registered: [Plugin](User:False) OS::Monasca::Notification ->
2026-05-18 01:36:32.191 58245 INFO heat.engine.environment [-] Registered: [Plugin](User:False) OS::Neutron::AddressScope ->
2026-05-18 01:36:32.191 58245 INFO heat.engine.environment [-] Registered: [Plugin](User:False) OS::Neutron::ExtraRoute ->
2026-05-18 01:36:32.191 58245 INFO heat.engine.environment [-] Registered: [Plugin](User:False) OS::Neutron::ExtraRouteSet ->
2026-05-18 01:36:32.192 58245 INFO heat.engine.environment [-] Registered: [Plugin](User:False) OS::Neutron::Firewall ->
2026-05-18 01:36:32.192 58245 INFO heat.engine.environment [-] Registered: [Plugin](User:False) OS::Neutron::FirewallPolicy ->
2026-05-18 01:36:32.192 58245 INFO heat.engine.environment [-] Registered: [Plugin](User:False) OS::Neutron::FirewallRule ->
2026-05-18 01:36:32.192 58245 INFO heat.engine.environment [-] Registered: [Plugin](User:False) OS::Neutron::FloatingIP ->
2026-05-18 01:36:32.192 58245 INFO heat.engine.environment [-] Registered: [Plugin](User:False) OS::Neutron::FloatingIPAssociation ->
2026-05-18 01:36:32.192 58245 INFO heat.engine.environment [-] Registered: [Plugin](User:False) OS::Neutron::L2Gateway ->
2026-05-18 01:36:32.192 58245 INFO heat.engine.environment [-] Registered: [Plugin](User:False) OS::Neutron::L2GatewayConnection ->
2026-05-18 01:36:32.192 58245 INFO heat.engine.environment [-] Registered: [Plugin](User:False) OS::Neutron::LBaaS::HealthMonitor ->
2026-05-18 01:36:32.192 58245 INFO heat.engine.environment [-] Registered: [Plugin](User:False) OS::Neutron::LBaaS::L7Policy ->
2026-05-18 01:36:32.192 58245 INFO heat.engine.environment [-] Registered: [Plugin](User:False) OS::Neutron::LBaaS::L7Rule ->
2026-05-18 01:36:32.192 58245 INFO heat.engine.environment [-] Registered: [Plugin](User:False) OS::Neutron::LBaaS::Listener ->
2026-05-18 01:36:32.192 58245 INFO heat.engine.environment [-] Registered: [Plugin](User:False) OS::Neutron::LBaaS::LoadBalancer ->
2026-05-18 01:36:32.193 58245 INFO heat.engine.environment [-] Registered: [Plugin](User:False) OS::Neutron::LBaaS::Pool ->
2026-05-18 01:36:32.193 58245 INFO heat.engine.environment [-] Registered: [Plugin](User:False) OS::Neutron::LBaaS::PoolMember ->
2026-05-18 01:36:32.193 58245 INFO heat.engine.environment [-] Registered: [Plugin](User:False) OS::Neutron::HealthMonitor ->
2026-05-18 01:36:32.193 58245 INFO heat.engine.environment [-] Registered: [Plugin](User:False) OS::Neutron::Pool ->
2026-05-18 01:36:32.193 58245 INFO heat.engine.environment [-] Registered: [Plugin](User:False) OS::Neutron::PoolMember ->
2026-05-18 01:36:32.193 58245 INFO heat.engine.environment [-] Registered: [Plugin](User:False) OS::Neutron::LoadBalancer ->
2026-05-18 01:36:32.193 58245 INFO heat.engine.environment [-] Registered: [Plugin](User:False) OS::Neutron::MeteringLabel ->
2026-05-18 01:36:32.193 58245 INFO heat.engine.environment [-] Registered: [Plugin](User:False) OS::Neutron::MeteringRule ->
2026-05-18 01:36:32.193 58245 INFO heat.engine.environment [-] Registered: [Plugin](User:False) OS::Neutron::Net ->
2026-05-18 01:36:32.194 58245 INFO heat.engine.environment [-] Registered: [Plugin](User:False) OS::Neutron::NetworkGateway ->
2026-05-18 01:36:32.194 58245 INFO heat.engine.environment [-] Registered: [Plugin](User:False) OS::Neutron::Port ->
2026-05-18 01:36:32.194 58245 INFO heat.engine.environment [-] Registered: [Plugin](User:False) OS::Neutron::ProviderNet ->
2026-05-18 01:36:32.194 58245 INFO heat.engine.environment [-] Registered: [Plugin](User:False) OS::Neutron::QoSPolicy ->
2026-05-18 01:36:32.194 58245 INFO heat.engine.environment [-] Registered: [Plugin](User:False) OS::Neutron::QoSBandwidthLimitRule ->
2026-05-18 01:36:32.194 58245 INFO heat.engine.environment [-] Registered: [Plugin](User:False) OS::Neutron::QoSDscpMarkingRule ->
2026-05-18 01:36:32.194 58245 INFO heat.engine.environment [-] Registered: [Plugin](User:False) OS::Neutron::QoSMinimumBandwidthRule ->
2026-05-18 01:36:32.194 58245 INFO heat.engine.environment [-] Registered: [Plugin](User:False) OS::Neutron::Quota ->
2026-05-18 01:36:32.194 58245 INFO heat.engine.environment [-] Registered: [Plugin](User:False) OS::Neutron::RBACPolicy ->
2026-05-18 01:36:32.195 58245 INFO heat.engine.environment [-] Registered: [Plugin](User:False) OS::Neutron::Router ->
2026-05-18 01:36:32.195 58245 INFO heat.engine.environment [-] Registered: [Plugin](User:False) OS::Neutron::RouterInterface ->
2026-05-18 01:36:32.195 58245 INFO heat.engine.environment [-] Registered: [Plugin](User:False) OS::Neutron::RouterGateway ->
2026-05-18 01:36:32.195 58245 INFO heat.engine.environment [-] Registered: [Plugin](User:False) OS::Neutron::SecurityGroup ->
2026-05-18 01:36:32.195 58245 INFO heat.engine.environment [-] Registered: [Plugin](User:False) OS::Neutron::SecurityGroupRule ->
2026-05-18 01:36:32.195 58245 INFO heat.engine.environment [-] Registered: [Plugin](User:False) OS::Neutron::Segment ->
2026-05-18 01:36:32.195 58245 INFO heat.engine.environment [-] Registered: [Plugin](User:False) OS::Neutron::FlowClassifier ->
2026-05-18 01:36:32.195 58245 INFO heat.engine.environment [-] Registered: [Plugin](User:False) OS::Neutron::PortChain ->
2026-05-18 01:36:32.196 58245 INFO heat.engine.environment [-] Registered: [Plugin](User:False) OS::Neutron::PortPair ->
