2026-05-18 01:39:46.046 62584 DEBUG oslo_service.service [-] oslo_messaging_metrics.metrics_buffer_size = 1000 log_opt_values /usr/lib/python3/dist-packages/oslo_config/cfg.py:2609
2026-05-18 01:39:46.046 62584 DEBUG oslo_service.service [-] oslo_messaging_metrics.metrics_enabled = False log_opt_values /usr/lib/python3/dist-packages/oslo_config/cfg.py:2609
2026-05-18 01:39:46.046 62584 DEBUG oslo_service.service [-] oslo_messaging_metrics.metrics_process_name = log_opt_values /usr/lib/python3/dist-packages/oslo_config/cfg.py:2609
2026-05-18 01:39:46.047 62584 DEBUG oslo_service.service [-] oslo_messaging_metrics.metrics_socket_file = /var/tmp/metrics_collector.sock log_opt_values /usr/lib/python3/dist-packages/oslo_config/cfg.py:2609
2026-05-18 01:39:46.047 62584 DEBUG oslo_service.service [-] oslo_messaging_metrics.metrics_thread_stop_timeout = 10 log_opt_values /usr/lib/python3/dist-packages/oslo_config/cfg.py:2609
2026-05-18 01:39:46.047 62584 DEBUG oslo_service.service [-] oslo_policy.enforce_new_defaults = False log_opt_values /usr/lib/python3/dist-packages/oslo_config/cfg.py:2609
2026-05-18 01:39:46.047 62584 DEBUG oslo_service.service [-] oslo_policy.enforce_scope = False log_opt_values /usr/lib/python3/dist-packages/oslo_config/cfg.py:2609
2026-05-18 01:39:46.047 62584 DEBUG oslo_service.service [-] oslo_policy.policy_default_rule = default log_opt_values /usr/lib/python3/dist-packages/oslo_config/cfg.py:2609
2026-05-18 01:39:46.047 62584 DEBUG oslo_service.service [-] oslo_policy.policy_dirs = ['policy.d'] log_opt_values /usr/lib/python3/dist-packages/oslo_config/cfg.py:2609
2026-05-18 01:39:46.047 62584 DEBUG oslo_service.service [-] oslo_policy.policy_file = policy.yaml log_opt_values /usr/lib/python3/dist-packages/oslo_config/cfg.py:2609
2026-05-18 01:39:46.048 62584 DEBUG oslo_service.service [-] oslo_policy.remote_content_type = application/x-www-form-urlencoded log_opt_values /usr/lib/python3/dist-packages/oslo_config/cfg.py:2609
2026-05-18 01:39:46.048 62584 DEBUG oslo_service.service [-] oslo_policy.remote_ssl_ca_crt_file = None log_opt_values /usr/lib/python3/dist-packages/oslo_config/cfg.py:2609
2026-05-18 01:39:46.048 62584 DEBUG oslo_service.service [-] oslo_policy.remote_ssl_client_crt_file = None log_opt_values /usr/lib/python3/dist-packages/oslo_config/cfg.py:2609
2026-05-18 01:39:46.048 62584 DEBUG oslo_service.service [-] oslo_policy.remote_ssl_client_key_file = None log_opt_values /usr/lib/python3/dist-packages/oslo_config/cfg.py:2609
2026-05-18 01:39:46.048 62584 DEBUG oslo_service.service [-] oslo_policy.remote_ssl_verify_server_crt = False log_opt_values /usr/lib/python3/dist-packages/oslo_config/cfg.py:2609
2026-05-18 01:39:46.048 62584 DEBUG oslo_service.service [-] trustee.auth_section = None log_opt_values /usr/lib/python3/dist-packages/oslo_config/cfg.py:2609
2026-05-18 01:39:46.048 62584 WARNING oslo_config.cfg [-] Deprecated: Option "auth_plugin" from group "trustee" is deprecated. Use option "auth_type" from group "trustee".
2026-05-18 01:39:46.049 62584 DEBUG oslo_service.service [-] trustee.auth_type = password log_opt_values /usr/lib/python3/dist-packages/oslo_config/cfg.py:2609
2026-05-18 01:39:46.049 62584 DEBUG oslo_service.service [-] oslo_versionedobjects.fatal_exception_format_errors = False log_opt_values /usr/lib/python3/dist-packages/oslo_config/cfg.py:2609
2026-05-18 01:39:46.049 62584 DEBUG oslo_service.service [-] oslo_messaging_rabbit.amqp_auto_delete = False log_opt_values /usr/lib/python3/dist-packages/oslo_config/cfg.py:2609
2026-05-18 01:39:46.049 62584 DEBUG oslo_service.service [-] oslo_messaging_rabbit.amqp_durable_queues = False log_opt_values /usr/lib/python3/dist-packages/oslo_config/cfg.py:2609
2026-05-18 01:39:46.049 62584 DEBUG oslo_service.service [-] oslo_messaging_rabbit.conn_pool_min_size = 2 log_opt_values /usr/lib/python3/dist-packages/oslo_config/cfg.py:2609
2026-05-18 01:39:46.049 62584 DEBUG oslo_service.service [-] oslo_messaging_rabbit.conn_pool_ttl = 1200 log_opt_values /usr/lib/python3/dist-packages/oslo_config/cfg.py:2609
2026-05-18 01:39:46.049 62584 DEBUG oslo_service.service [-] oslo_messaging_rabbit.direct_mandatory_flag = True log_opt_values /usr/lib/python3/dist-packages/oslo_config/cfg.py:2609
2026-05-18 01:39:46.049 62584 DEBUG oslo_service.service [-] oslo_messaging_rabbit.enable_cancel_on_failover = False log_opt_values /usr/lib/python3/dist-packages/oslo_config/cfg.py:2609
2026-05-18 01:39:46.050 62584 DEBUG oslo_service.service [-] oslo_messaging_rabbit.heartbeat_in_pthread = False log_opt_values /usr/lib/python3/dist-packages/oslo_config/cfg.py:2609
2026-05-18 01:39:46.050 62584 DEBUG oslo_service.service [-] oslo_messaging_rabbit.heartbeat_rate = 2 log_opt_values /usr/lib/python3/dist-packages/oslo_config/cfg.py:2609
2026-05-18 01:39:46.050 62584 DEBUG oslo_service.service [-] oslo_messaging_rabbit.heartbeat_timeout_threshold = 60 log_opt_values /usr/lib/python3/dist-packages/oslo_config/cfg.py:2609
2026-05-18 01:39:46.050 62584 DEBUG oslo_service.service [-] oslo_messaging_rabbit.kombu_compression = None log_opt_values /usr/lib/python3/dist-packages/oslo_config/cfg.py:2609
2026-05-18 01:39:46.050 62584 DEBUG oslo_service.service [-] oslo_messaging_rabbit.kombu_failover_strategy = round-robin log_opt_values /usr/lib/python3/dist-packages/oslo_config/cfg.py:2609
2026-05-18 01:39:46.050 62584 DEBUG oslo_service.service [-] oslo_messaging_rabbit.kombu_missing_consumer_retry_timeout = 60 log_opt_values /usr/lib/python3/dist-packages/oslo_config/cfg.py:2609
2026-05-18 01:39:46.050 62584 DEBUG oslo_service.service [-] oslo_messaging_rabbit.kombu_reconnect_delay = 1.0 log_opt_values /usr/lib/python3/dist-packages/oslo_config/cfg.py:2609
2026-05-18 01:39:46.051 62584 DEBUG oslo_service.service [-] oslo_messaging_rabbit.rabbit_ha_queues = False log_opt_values /usr/lib/python3/dist-packages/oslo_config/cfg.py:2609
2026-05-18 01:39:46.051 62584 DEBUG oslo_service.service [-] oslo_messaging_rabbit.rabbit_interval_max = 30 log_opt_values /usr/lib/python3/dist-packages/oslo_config/cfg.py:2609
2026-05-18 01:39:46.051 62584 DEBUG oslo_service.service [-] oslo_messaging_rabbit.rabbit_login_method = AMQPLAIN log_opt_values /usr/lib/python3/dist-packages/oslo_config/cfg.py:2609
2026-05-18 01:39:46.051 62584 DEBUG oslo_service.service [-] oslo_messaging_rabbit.rabbit_qos_prefetch_count = 0 log_opt_values /usr/lib/python3/dist-packages/oslo_config/cfg.py:2609
2026-05-18 01:39:46.051 62584 DEBUG oslo_service.service [-] oslo_messaging_rabbit.rabbit_quorum_queue = False log_opt_values /usr/lib/python3/dist-packages/oslo_config/cfg.py:2609
2026-05-18 01:39:46.051 62584 DEBUG oslo_service.service [-] oslo_messaging_rabbit.rabbit_retry_backoff = 2 log_opt_values /usr/lib/python3/dist-packages/oslo_config/cfg.py:2609
2026-05-18 01:39:46.051 62584 DEBUG oslo_service.service [-] oslo_messaging_rabbit.rabbit_retry_interval = 1 log_opt_values /usr/lib/python3/dist-packages/oslo_config/cfg.py:2609
2026-05-18 01:39:46.051 62584 DEBUG oslo_service.service [-] oslo_messaging_rabbit.rabbit_transient_queues_ttl = 1800 log_opt_values /usr/lib/python3/dist-packages/oslo_config/cfg.py:2609
2026-05-18 01:39:46.052 62584 DEBUG oslo_service.service [-] oslo_messaging_rabbit.rpc_conn_pool_size = 30 log_opt_values /usr/lib/python3/dist-packages/oslo_config/cfg.py:2609
2026-05-18 01:39:46.052 62584 DEBUG oslo_service.service [-] oslo_messaging_rabbit.ssl = False log_opt_values /usr/lib/python3/dist-packages/oslo_config/cfg.py:2609
2026-05-18 01:39:46.052 62584 DEBUG oslo_service.service [-] oslo_messaging_rabbit.ssl_ca_file = log_opt_values /usr/lib/python3/dist-packages/oslo_config/cfg.py:2609
2026-05-18 01:39:46.052 62584 DEBUG oslo_service.service [-] oslo_messaging_rabbit.ssl_cert_file = log_opt_values /usr/lib/python3/dist-packages/oslo_config/cfg.py:2609
2026-05-18 01:39:46.052 62584 DEBUG oslo_service.service [-] oslo_messaging_rabbit.ssl_key_file = log_opt_values /usr/lib/python3/dist-packages/oslo_config/cfg.py:2609
2026-05-18 01:39:46.052 62584 DEBUG oslo_service.service [-] oslo_messaging_rabbit.ssl_version = log_opt_values /usr/lib/python3/dist-packages/oslo_config/cfg.py:2609
2026-05-18 01:39:46.053 62584 DEBUG oslo_service.service [-] oslo_messaging_notifications.driver = [] log_opt_values /usr/lib/python3/dist-packages/oslo_config/cfg.py:2609
2026-05-18 01:39:46.053 62584 DEBUG oslo_service.service [-] oslo_messaging_notifications.retry = -1 log_opt_values /usr/lib/python3/dist-packages/oslo_config/cfg.py:2609
2026-05-18 01:39:46.053 62584 DEBUG oslo_service.service [-] oslo_messaging_notifications.topics = ['notifications'] log_opt_values /usr/lib/python3/dist-packages/oslo_config/cfg.py:2609
2026-05-18 01:39:46.053 62584 DEBUG oslo_service.service [-] oslo_messaging_notifications.transport_url = **** log_opt_values /usr/lib/python3/dist-packages/oslo_config/cfg.py:2609
2026-05-18 01:39:46.053 62584 DEBUG oslo_service.service [-] cache.backend = dogpile.cache.null log_opt_values /usr/lib/python3/dist-packages/oslo_config/cfg.py:2609
2026-05-18 01:39:46.053 62584 DEBUG oslo_service.service [-] cache.backend_argument = **** log_opt_values /usr/lib/python3/dist-packages/oslo_config/cfg.py:2609
2026-05-18 01:39:46.053 62584 DEBUG oslo_service.service [-] cache.config_prefix = cache.oslo log_opt_values /usr/lib/python3/dist-packages/oslo_config/cfg.py:2609
2026-05-18 01:39:46.053 62584 DEBUG oslo_service.service [-] cache.debug_cache_backend = False log_opt_values /usr/lib/python3/dist-packages/oslo_config/cfg.py:2609
2026-05-18 01:39:46.054 62584 DEBUG oslo_service.service [-] cache.enabled = False log_opt_values /usr/lib/python3/dist-packages/oslo_config/cfg.py:2609
2026-05-18 01:39:46.054 62584 DEBUG oslo_service.service [-] cache.expiration_time = 600 log_opt_values /usr/lib/python3/dist-packages/oslo_config/cfg.py:2609
2026-05-18 01:39:46.054 62584 DEBUG oslo_service.service [-] cache.memcache_dead_retry = 300 log_opt_values /usr/lib/python3/dist-packages/oslo_config/cfg.py:2609
2026-05-18 01:39:46.054 62584 DEBUG oslo_service.service [-] cache.memcache_pool_connection_get_timeout = 10 log_opt_values /usr/lib/python3/dist-packages/oslo_config/cfg.py:2609
2026-05-18 01:39:46.054 62584 DEBUG oslo_service.service [-] cache.memcache_pool_flush_on_reconnect = False log_opt_values /usr/lib/python3/dist-packages/oslo_config/cfg.py:2609
2026-05-18 01:39:46.054 62584 DEBUG oslo_service.service [-] cache.memcache_pool_maxsize = 10 log_opt_values /usr/lib/python3/dist-packages/oslo_config/cfg.py:2609
2026-05-18 01:39:46.055 62584 DEBUG oslo_service.service [-] cache.memcache_pool_unused_timeout = 60 log_opt_values /usr/lib/python3/dist-packages/oslo_config/cfg.py:2609
2026-05-18 01:39:46.055 62584 DEBUG oslo_service.service [-] cache.memcache_servers = ['localhost:11211'] log_opt_values /usr/lib/python3/dist-packages/oslo_config/cfg.py:2609
2026-05-18 01:39:46.055 62584 DEBUG oslo_service.service [-] cache.memcache_socket_timeout = 1.0 log_opt_values /usr/lib/python3/dist-packages/oslo_config/cfg.py:2609
2026-05-18 01:39:46.055 62584 DEBUG oslo_service.service [-] cache.proxies = [] log_opt_values /usr/lib/python3/dist-packages/oslo_config/cfg.py:2609
2026-05-18 01:39:46.055 62584 DEBUG oslo_service.service [-] cache.tls_allowed_ciphers = None log_opt_values /usr/lib/python3/dist-packages/oslo_config/cfg.py:2609
2026-05-18 01:39:46.055 62584 DEBUG oslo_service.service [-] cache.tls_cafile = None log_opt_values /usr/lib/python3/dist-packages/oslo_config/cfg.py:2609
2026-05-18 01:39:46.055 62584 DEBUG oslo_service.service [-] cache.tls_certfile = None log_opt_values /usr/lib/python3/dist-packages/oslo_config/cfg.py:2609
2026-05-18 01:39:46.055 62584 DEBUG oslo_service.service [-] cache.tls_enabled = False log_opt_values /usr/lib/python3/dist-packages/oslo_config/cfg.py:2609
2026-05-18 01:39:46.056 62584 DEBUG oslo_service.service [-] cache.tls_keyfile = None log_opt_values /usr/lib/python3/dist-packages/oslo_config/cfg.py:2609
2026-05-18 01:39:46.056 62584 DEBUG oslo_service.service [-] constraint_validation_cache.caching = True log_opt_values /usr/lib/python3/dist-packages/oslo_config/cfg.py:2609
2026-05-18 01:39:46.056 62584 DEBUG oslo_service.service [-] constraint_validation_cache.expiration_time = 60 log_opt_values /usr/lib/python3/dist-packages/oslo_config/cfg.py:2609
2026-05-18 01:39:46.056 62584 DEBUG oslo_service.service [-] service_extension_cache.caching = True log_opt_values /usr/lib/python3/dist-packages/oslo_config/cfg.py:2609
2026-05-18 01:39:46.056 62584 DEBUG oslo_service.service [-] service_extension_cache.expiration_time = 3600 log_opt_values /usr/lib/python3/dist-packages/oslo_config/cfg.py:2609
2026-05-18 01:39:46.057 62584 DEBUG oslo_service.service [-] resource_finder_cache.caching = True log_opt_values /usr/lib/python3/dist-packages/oslo_config/cfg.py:2609
2026-05-18 01:39:46.057 62584 DEBUG oslo_service.service [-] resource_finder_cache.expiration_time = 3600 log_opt_values /usr/lib/python3/dist-packages/oslo_config/cfg.py:2609
2026-05-18 01:39:46.057 62584 DEBUG oslo_service.service [-] yaql.limit_iterators = 200 log_opt_values /usr/lib/python3/dist-packages/oslo_config/cfg.py:2609
2026-05-18 01:39:46.057 62584 DEBUG oslo_service.service [-] yaql.memory_quota = 10000 log_opt_values /usr/lib/python3/dist-packages/oslo_config/cfg.py:2609
2026-05-18 01:39:46.057 62584 DEBUG oslo_service.service [-] ******************************************************************************** log_opt_values /usr/lib/python3/dist-packages/oslo_config/cfg.py:2613
2026-05-18 01:39:46.072 62816 INFO heat.engine.worker [-] Starting engine_worker (1.4) in engine 9197cf28-ed11-4b05-b0c3-fc2e1aa6a05e.
2026-05-18 01:39:46.126 62813 DEBUG oslo_db.sqlalchemy.engines [req-5cad73f1-10e1-4920-be53-14a8fb670a4b - - - - -] MySQL server mode set to STRICT_TRANS_TABLES,STRICT_ALL_TABLES,NO_ZERO_IN_DATE,NO_ZERO_DATE,ERROR_FOR_DIVISION_BY_ZERO,TRADITIONAL,NO_ENGINE_SUBSTITUTION _check_effective_sql_mode /usr/lib/python3/dist-packages/oslo_db/sqlalchemy/engines.py:314
2026-05-18 01:39:46.129 62814 DEBUG oslo_db.sqlalchemy.engines [req-9536e8a0-5223-425f-961e-3ec27d24ddc0 - - - - -] MySQL server mode set to STRICT_TRANS_TABLES,STRICT_ALL_TABLES,NO_ZERO_IN_DATE,NO_ZERO_DATE,ERROR_FOR_DIVISION_BY_ZERO,TRADITIONAL,NO_ENGINE_SUBSTITUTION _check_effective_sql_mode /usr/lib/python3/dist-packages/oslo_db/sqlalchemy/engines.py:314
2026-05-18 01:39:46.137 62816 DEBUG oslo_db.sqlalchemy.engines [req-a5211a1d-d8c4-4316-b562-8036141a5ca8 - - - - -] MySQL server mode set to STRICT_TRANS_TABLES,STRICT_ALL_TABLES,NO_ZERO_IN_DATE,NO_ZERO_DATE,ERROR_FOR_DIVISION_BY_ZERO,TRADITIONAL,NO_ENGINE_SUBSTITUTION _check_effective_sql_mode /usr/lib/python3/dist-packages/oslo_db/sqlalchemy/engines.py:314
2026-05-18 01:39:46.139 62815 DEBUG oslo_db.sqlalchemy.engines [req-1ecd36e0-575d-4711-9816-55dcc840838c - - - - -] MySQL server mode set to STRICT_TRANS_TABLES,STRICT_ALL_TABLES,NO_ZERO_IN_DATE,NO_ZERO_DATE,ERROR_FOR_DIVISION_BY_ZERO,TRADITIONAL,NO_ENGINE_SUBSTITUTION _check_effective_sql_mode /usr/lib/python3/dist-packages/oslo_db/sqlalchemy/engines.py:314
2026-05-18 01:39:46.184 62814 DEBUG heat.engine.service [req-9536e8a0-5223-425f-961e-3ec27d24ddc0 - - - - -] Service 02904d88-f6d3-4d0e-b512-e4cb6bad1ee8 was aborted service_manage_cleanup /usr/lib/python3/dist-packages/heat/engine/service.py:2391
2026-05-18 01:39:46.189 62813 DEBUG heat.engine.service [req-5cad73f1-10e1-4920-be53-14a8fb670a4b - - - - -] Service 02904d88-f6d3-4d0e-b512-e4cb6bad1ee8 was aborted service_manage_cleanup /usr/lib/python3/dist-packages/heat/engine/service.py:2391
2026-05-18 01:39:46.196 62816 DEBUG heat.engine.service [req-a5211a1d-d8c4-4316-b562-8036141a5ca8 - - - - -] Service 02904d88-f6d3-4d0e-b512-e4cb6bad1ee8 was aborted service_manage_cleanup /usr/lib/python3/dist-packages/heat/engine/service.py:2391
2026-05-18 01:39:46.204 62815 DEBUG heat.engine.service [req-1ecd36e0-575d-4711-9816-55dcc840838c - - - - -] Service 02904d88-f6d3-4d0e-b512-e4cb6bad1ee8 was aborted service_manage_cleanup /usr/lib/python3/dist-packages/heat/engine/service.py:2391
2026-05-18 01:39:46.519 62814 DEBUG heat.engine.service [req-9536e8a0-5223-425f-961e-3ec27d24ddc0 - - - - -] Service 11ad19a1-2b44-4ebe-9676-90b71b829878 was aborted service_manage_cleanup /usr/lib/python3/dist-packages/heat/engine/service.py:2391
2026-05-18 01:39:46.520 62813 DEBUG heat.engine.service [req-5cad73f1-10e1-4920-be53-14a8fb670a4b - - - - -] Service 11ad19a1-2b44-4ebe-9676-90b71b829878 was aborted service_manage_cleanup /usr/lib/python3/dist-packages/heat/engine/service.py:2391
2026-05-18 01:39:46.522 62816 DEBUG heat.engine.service [req-a5211a1d-d8c4-4316-b562-8036141a5ca8 - - - - -] Service 11ad19a1-2b44-4ebe-9676-90b71b829878 was aborted service_manage_cleanup /usr/lib/python3/dist-packages/heat/engine/service.py:2391
2026-05-18 01:39:46.523 62815 DEBUG heat.engine.service [req-1ecd36e0-575d-4711-9816-55dcc840838c - - - - -] Service 11ad19a1-2b44-4ebe-9676-90b71b829878 was aborted service_manage_cleanup /usr/lib/python3/dist-packages/heat/engine/service.py:2391
2026-05-18 01:39:46.675 62813 DEBUG heat.engine.service [req-5cad73f1-10e1-4920-be53-14a8fb670a4b - - - - -] Service 1309d2b8-ce60-4d2d-b945-93461b4b25bc was aborted service_manage_cleanup /usr/lib/python3/dist-packages/heat/engine/service.py:2391
2026-05-18 01:39:46.677 62814 DEBUG heat.engine.service [req-9536e8a0-5223-425f-961e-3ec27d24ddc0 - - - - -] Service 1309d2b8-ce60-4d2d-b945-93461b4b25bc was aborted service_manage_cleanup /usr/lib/python3/dist-packages/heat/engine/service.py:2391
2026-05-18 01:39:46.677 62816 DEBUG heat.engine.service [req-a5211a1d-d8c4-4316-b562-8036141a5ca8 - - - - -] Service 1309d2b8-ce60-4d2d-b945-93461b4b25bc was aborted service_manage_cleanup /usr/lib/python3/dist-packages/heat/engine/service.py:2391
2026-05-18 01:39:46.678 62815 DEBUG heat.engine.service [req-1ecd36e0-575d-4711-9816-55dcc840838c - - - - -] Service 1309d2b8-ce60-4d2d-b945-93461b4b25bc was aborted service_manage_cleanup /usr/lib/python3/dist-packages/heat/engine/service.py:2391
2026-05-18 01:39:46.917 62813 DEBUG heat.engine.service [req-5cad73f1-10e1-4920-be53-14a8fb670a4b - - - - -] Service 1e3178be-08a7-4d42-b436-58d8e78ee7b7 was aborted service_manage_cleanup /usr/lib/python3/dist-packages/heat/engine/service.py:2391
2026-05-18 01:39:46.917 62816 DEBUG heat.engine.service [req-a5211a1d-d8c4-4316-b562-8036141a5ca8 - - - - -] Service 1e3178be-08a7-4d42-b436-58d8e78ee7b7 was aborted service_manage_cleanup /usr/lib/python3/dist-packages/heat/engine/service.py:2391
2026-05-18 01:39:46.919 62814 DEBUG heat.engine.service [req-9536e8a0-5223-425f-961e-3ec27d24ddc0 - - - - -] Service 1e3178be-08a7-4d42-b436-58d8e78ee7b7 was aborted service_manage_cleanup /usr/lib/python3/dist-packages/heat/engine/service.py:2391
2026-05-18 01:39:46.920 62815 DEBUG heat.engine.service [req-1ecd36e0-575d-4711-9816-55dcc840838c - - - - -] Service 1e3178be-08a7-4d42-b436-58d8e78ee7b7 was aborted service_manage_cleanup /usr/lib/python3/dist-packages/heat/engine/service.py:2391
2026-05-18 01:39:47.026 62813 DEBUG heat.engine.service [req-5cad73f1-10e1-4920-be53-14a8fb670a4b - - - - -] Service 1fa1c1b2-064d-4a90-85a7-f242cc391125 was aborted service_manage_cleanup /usr/lib/python3/dist-packages/heat/engine/service.py:2391
2026-05-18 01:39:47.028 62816 DEBUG heat.engine.service [req-a5211a1d-d8c4-4316-b562-8036141a5ca8 - - - - -] Service 1fa1c1b2-064d-4a90-85a7-f242cc391125 was aborted service_manage_cleanup /usr/lib/python3/dist-packages/heat/engine/service.py:2391
2026-05-18 01:39:47.030 62814 DEBUG heat.engine.service [req-9536e8a0-5223-425f-961e-3ec27d24ddc0 - - - - -] Service 1fa1c1b2-064d-4a90-85a7-f242cc391125 was aborted service_manage_cleanup /usr/lib/python3/dist-packages/heat/engine/service.py:2391
2026-05-18 01:39:47.030 62815 DEBUG heat.engine.service [req-1ecd36e0-575d-4711-9816-55dcc840838c - - - - -] Service 1fa1c1b2-064d-4a90-85a7-f242cc391125 was aborted service_manage_cleanup /usr/lib/python3/dist-packages/heat/engine/service.py:2391
2026-05-18 01:39:47.100 62813 DEBUG heat.engine.service [req-5cad73f1-10e1-4920-be53-14a8fb670a4b - - - - -] Service 3cc1dea1-9dfe-4f63-8eb9-76123ec4aafc was aborted service_manage_cleanup /usr/lib/python3/dist-packages/heat/engine/service.py:2391
2026-05-18 01:39:47.100 62816 DEBUG heat.engine.service [req-a5211a1d-d8c4-4316-b562-8036141a5ca8 - - - - -] Service 3cc1dea1-9dfe-4f63-8eb9-76123ec4aafc was aborted service_manage_cleanup /usr/lib/python3/dist-packages/heat/engine/service.py:2391
2026-05-18 01:39:47.101 62814 DEBUG heat.engine.service [req-9536e8a0-5223-425f-961e-3ec27d24ddc0 - - - - -] Service 3cc1dea1-9dfe-4f63-8eb9-76123ec4aafc was aborted service_manage_cleanup /usr/lib/python3/dist-packages/heat/engine/service.py:2391
2026-05-18 01:39:47.103 62815 DEBUG heat.engine.service [req-1ecd36e0-575d-4711-9816-55dcc840838c - - - - -] Service 3cc1dea1-9dfe-4f63-8eb9-76123ec4aafc was aborted service_manage_cleanup /usr/lib/python3/dist-packages/heat/engine/service.py:2391
2026-05-18 01:39:47.281 62816 DEBUG heat.engine.service [req-a5211a1d-d8c4-4316-b562-8036141a5ca8 - - - - -] Service 98bb2014-f355-4438-86a4-82badc7c350e was aborted service_manage_cleanup /usr/lib/python3/dist-packages/heat/engine/service.py:2391
2026-05-18 01:39:47.282 62813 DEBUG heat.engine.service [req-5cad73f1-10e1-4920-be53-14a8fb670a4b - - - - -] Service 98bb2014-f355-4438-86a4-82badc7c350e was aborted service_manage_cleanup /usr/lib/python3/dist-packages/heat/engine/service.py:2391
2026-05-18 01:39:47.283 62814 DEBUG heat.engine.service [req-9536e8a0-5223-425f-961e-3ec27d24ddc0 - - - - -] Service 98bb2014-f355-4438-86a4-82badc7c350e was aborted service_manage_cleanup /usr/lib/python3/dist-packages/heat/engine/service.py:2391
2026-05-18 01:39:47.285 62815 DEBUG heat.engine.service [req-1ecd36e0-575d-4711-9816-55dcc840838c - - - - -] Service 98bb2014-f355-4438-86a4-82badc7c350e was aborted service_manage_cleanup /usr/lib/python3/dist-packages/heat/engine/service.py:2391
2026-05-18 01:39:47.304 62813 DEBUG heat.engine.service [req-5cad73f1-10e1-4920-be53-14a8fb670a4b - - - - -] Service 9ab25ba4-510d-4270-bbf3-bb942951a53a was aborted service_manage_cleanup /usr/lib/python3/dist-packages/heat/engine/service.py:2391
2026-05-18 01:39:47.304 62816 DEBUG heat.engine.service [req-a5211a1d-d8c4-4316-b562-8036141a5ca8 - - - - -] Service 9ab25ba4-510d-4270-bbf3-bb942951a53a was aborted service_manage_cleanup /usr/lib/python3/dist-packages/heat/engine/service.py:2391
2026-05-18 01:39:47.307 62814 DEBUG heat.engine.service [req-9536e8a0-5223-425f-961e-3ec27d24ddc0 - - - - -] Service 9ab25ba4-510d-4270-bbf3-bb942951a53a was aborted service_manage_cleanup /usr/lib/python3/dist-packages/heat/engine/service.py:2391
2026-05-18 01:39:47.309 62815 DEBUG heat.engine.service [req-1ecd36e0-575d-4711-9816-55dcc840838c - - - - -] Service 9ab25ba4-510d-4270-bbf3-bb942951a53a was aborted service_manage_cleanup /usr/lib/python3/dist-packages/heat/engine/service.py:2391
2026-05-18 01:39:47.319 62813 DEBUG heat.engine.service [req-5cad73f1-10e1-4920-be53-14a8fb670a4b - - - - -] Service c70261fd-c54a-4ae0-99e8-29d8f7420d1c was aborted service_manage_cleanup /usr/lib/python3/dist-packages/heat/engine/service.py:2391
2026-05-18 01:39:47.320 62816 DEBUG heat.engine.service [req-a5211a1d-d8c4-4316-b562-8036141a5ca8 - - - - -] Service c70261fd-c54a-4ae0-99e8-29d8f7420d1c was aborted service_manage_cleanup /usr/lib/python3/dist-packages/heat/engine/service.py:2391
2026-05-18 01:39:47.321 62815 DEBUG heat.engine.service [req-1ecd36e0-575d-4711-9816-55dcc840838c - - - - -] Service c70261fd-c54a-4ae0-99e8-29d8f7420d1c was aborted service_manage_cleanup /usr/lib/python3/dist-packages/heat/engine/service.py:2391
2026-05-18 01:39:47.321 62814 DEBUG heat.engine.service [req-9536e8a0-5223-425f-961e-3ec27d24ddc0 - - - - -] Service c70261fd-c54a-4ae0-99e8-29d8f7420d1c was aborted service_manage_cleanup /usr/lib/python3/dist-packages/heat/engine/service.py:2391
2026-05-18 01:39:47.331 62813 DEBUG heat.engine.service [req-5cad73f1-10e1-4920-be53-14a8fb670a4b - - - - -] Service d77d3483-4bce-4d76-b76f-46b17432a1c7 was aborted service_manage_cleanup /usr/lib/python3/dist-packages/heat/engine/service.py:2391
2026-05-18 01:39:47.332 62815 DEBUG heat.engine.service [req-1ecd36e0-575d-4711-9816-55dcc840838c - - - - -] Service d77d3483-4bce-4d76-b76f-46b17432a1c7 was aborted service_manage_cleanup /usr/lib/python3/dist-packages/heat/engine/service.py:2391
2026-05-18 01:39:47.332 62816 DEBUG heat.engine.service [req-a5211a1d-d8c4-4316-b562-8036141a5ca8 - - - - -] Service d77d3483-4bce-4d76-b76f-46b17432a1c7 was aborted service_manage_cleanup /usr/lib/python3/dist-packages/heat/engine/service.py:2391
2026-05-18 01:39:47.333 62814 DEBUG heat.engine.service [req-9536e8a0-5223-425f-961e-3ec27d24ddc0 - - - - -] Service d77d3483-4bce-4d76-b76f-46b17432a1c7 was aborted service_manage_cleanup /usr/lib/python3/dist-packages/heat/engine/service.py:2391
2026-05-18 01:39:47.346 62815 DEBUG heat.engine.service [req-1ecd36e0-575d-4711-9816-55dcc840838c - - - - -] Service dac04334-7ca2-40c6-b7fc-0c0af1ee6539 was aborted service_manage_cleanup /usr/lib/python3/dist-packages/heat/engine/service.py:2391
2026-05-18 01:39:47.348 62813 DEBUG heat.engine.service [req-5cad73f1-10e1-4920-be53-14a8fb670a4b - - - - -] Service dac04334-7ca2-40c6-b7fc-0c0af1ee6539 was aborted service_manage_cleanup /usr/lib/python3/dist-packages/heat/engine/service.py:2391
2026-05-18 01:39:47.349 62816 DEBUG heat.engine.service [req-a5211a1d-d8c4-4316-b562-8036141a5ca8 - - - - -] Service dac04334-7ca2-40c6-b7fc-0c0af1ee6539 was aborted service_manage_cleanup /usr/lib/python3/dist-packages/heat/engine/service.py:2391
2026-05-18 01:39:47.349 62814 DEBUG heat.engine.service [req-9536e8a0-5223-425f-961e-3ec27d24ddc0 - - - - -] Service dac04334-7ca2-40c6-b7fc-0c0af1ee6539 was aborted service_manage_cleanup /usr/lib/python3/dist-packages/heat/engine/service.py:2391
2026-05-18 01:39:47.358 62815 DEBUG heat.engine.service [req-1ecd36e0-575d-4711-9816-55dcc840838c - - - - -] Service db596f5f-979f-40eb-8e21-d7f8dec26687 was aborted service_manage_cleanup /usr/lib/python3/dist-packages/heat/engine/service.py:2391
2026-05-18 01:39:47.358 62813 DEBUG heat.engine.service [req-5cad73f1-10e1-4920-be53-14a8fb670a4b - - - - -] Service db596f5f-979f-40eb-8e21-d7f8dec26687 was aborted service_manage_cleanup /usr/lib/python3/dist-packages/heat/engine/service.py:2391
2026-05-18 01:39:47.359 62816 DEBUG heat.engine.service [req-a5211a1d-d8c4-4316-b562-8036141a5ca8 - - - - -] Service db596f5f-979f-40eb-8e21-d7f8dec26687 was aborted service_manage_cleanup /usr/lib/python3/dist-packages/heat/engine/service.py:2391
2026-05-18 01:39:47.360 62814 DEBUG heat.engine.service [req-9536e8a0-5223-425f-961e-3ec27d24ddc0 - - - - -] Service db596f5f-979f-40eb-8e21-d7f8dec26687 was aborted service_manage_cleanup /usr/lib/python3/dist-packages/heat/engine/service.py:2391
2026-05-18 01:39:47.387 62815 DEBUG heat.engine.service [req-6ed9c6eb-d592-4d98-abd5-da41a5c06ff7 - - - - -] Service b75c7ff6-eddc-41ae-ab5e-b3469ea6f6a7 is started service_manage_report /usr/lib/python3/dist-packages/heat/engine/service.py:2363
2026-05-18 01:39:47.390 62816 DEBUG heat.engine.service [req-ef321a06-a6e8-45fe-91cb-d8d998b518d5 - - - - -] Service 5609cd0a-9695-43f6-8903-fde0f724e883 is started service_manage_report /usr/lib/python3/dist-packages/heat/engine/service.py:2363
2026-05-18 01:39:47.392 62814 DEBUG heat.engine.service [req-3ac8ccce-4da0-49c5-afbf-0b74ee3b6369 - - - - -] Service 4def4f91-aabd-4a01-8d21-df1656a999af is started service_manage_report /usr/lib/python3/dist-packages/heat/engine/service.py:2363
2026-05-18 01:39:47.398 62813 DEBUG heat.engine.service [req-99da374a-9c0b-4cfe-96fb-705db1154478 - - - - -] Service a531099e-94f8-4600-866d-5406836162a2 is started service_manage_report /usr/lib/python3/dist-packages/heat/engine/service.py:2363
2026-05-18 01:39:47.407 62815 DEBUG heat.engine.service [req-6ed9c6eb-d592-4d98-abd5-da41a5c06ff7 - - - - -] Service b75c7ff6-eddc-41ae-ab5e-b3469ea6f6a7 is updated service_manage_report /usr/lib/python3/dist-packages/heat/engine/service.py:2370
2026-05-18 01:39:47.415 62814 DEBUG heat.engine.service [req-3ac8ccce-4da0-49c5-afbf-0b74ee3b6369 - - - - -] Service 4def4f91-aabd-4a01-8d21-df1656a999af is updated service_manage_report /usr/lib/python3/dist-packages/heat/engine/service.py:2370
2026-05-18 01:39:47.419 62813 DEBUG heat.engine.service [req-99da374a-9c0b-4cfe-96fb-705db1154478 - - - - -] Service a531099e-94f8-4600-866d-5406836162a2 is updated service_manage_report /usr/lib/python3/dist-packages/heat/engine/service.py:2370
2026-05-18 01:39:47.419 62816 DEBUG heat.engine.service [req-ef321a06-a6e8-45fe-91cb-d8d998b518d5 - - - - -] Service 5609cd0a-9695-43f6-8903-fde0f724e883 is updated service_manage_report /usr/lib/python3/dist-packages/heat/engine/service.py:2370
2026-05-18 01:40:47.386 62816 DEBUG heat.engine.service [req-230c307e-f7b9-42f4-8368-7dfe884ce016 - - - - -] Service 5609cd0a-9695-43f6-8903-fde0f724e883 is updated service_manage_report /usr/lib/python3/dist-packages/heat/engine/service.py:2370
2026-05-18 01:40:47.390 62813 DEBUG heat.engine.service [req-256ea710-67ad-4324-bf8d-381d42689deb - - - - -] Service a531099e-94f8-4600-866d-5406836162a2 is updated service_manage_report /usr/lib/python3/dist-packages/heat/engine/service.py:2370
2026-05-18 01:40:47.392 62814 DEBUG heat.engine.service [req-eace8aa2-57b6-495a-85ea-b25288ae73d6 - - - - -] Service 4def4f91-aabd-4a01-8d21-df1656a999af is updated service_manage_report /usr/lib/python3/dist-packages/heat/engine/service.py:2370
2026-05-18 01:40:47.397 62815 DEBUG heat.engine.service [req-b55f58a8-69c8-4713-bc52-01a4df37a2fe - - - - -] Service b75c7ff6-eddc-41ae-ab5e-b3469ea6f6a7 is updated service_manage_report /usr/lib/python3/dist-packages/heat/engine/service.py:2370
2026-05-18 01:41:21.164 62816 DEBUG heat.engine.service [-] Attempting to stop engine service... _stop_rpc_server /usr/lib/python3/dist-packages/heat/engine/service.py:437
2026-05-18 01:41:21.165 62813 DEBUG heat.engine.service [-] Attempting to stop engine service... _stop_rpc_server /usr/lib/python3/dist-packages/heat/engine/service.py:437
2026-05-18 01:41:21.165 62814 DEBUG heat.engine.service [-] Attempting to stop engine service... _stop_rpc_server /usr/lib/python3/dist-packages/heat/engine/service.py:437
2026-05-18 01:41:21.165 62815 DEBUG heat.engine.service [-] Attempting to stop engine service... _stop_rpc_server /usr/lib/python3/dist-packages/heat/engine/service.py:437
2026-05-18 01:41:21.168 62584 INFO oslo_service.service [-] Caught SIGTERM, stopping children
2026-05-18 01:41:21.169 62584 DEBUG oslo_concurrency.lockutils [-] Acquired lock "singleton_lock" lock /usr/lib/python3/dist-packages/oslo_concurrency/lockutils.py:294
2026-05-18 01:41:21.169 62584 DEBUG oslo_concurrency.lockutils [-] Releasing lock "singleton_lock" lock /usr/lib/python3/dist-packages/oslo_concurrency/lockutils.py:312
2026-05-18 01:41:21.169 62584 DEBUG oslo_service.service [-] Stop services. stop /usr/lib/python3/dist-packages/oslo_service/service.py:695
2026-05-18 01:41:21.169 62584 INFO heat.engine.service [-] All threads were gone, terminating engine
2026-05-18 01:41:21.170 62584 DEBUG oslo_service.service [-] Killing children. stop /usr/lib/python3/dist-packages/oslo_service/service.py:700
2026-05-18 01:41:21.199 62584 INFO oslo_service.service [-] Waiting on 4 children to exit
2026-05-18 01:41:21.199 62584 INFO oslo_service.service [-] Child 62813 killed by signal 15
2026-05-18 01:41:21.200 62584 INFO oslo_service.service [-] Child 62814 killed by signal 15
2026-05-18 01:41:21.200 62584 INFO oslo_service.service [-] Child 62816 killed by signal 15
2026-05-18 01:41:21.203 62584 INFO oslo_service.service [-] Child 62815 killed by signal 15
2026-05-18 01:41:23.112 65543 DEBUG oslo_concurrency.lockutils [-] Lock "context-manager" acquired by "neutron_lib.db.api._create_context_manager" :: waited 0.000s inner /usr/lib/python3/dist-packages/oslo_concurrency/lockutils.py:386
2026-05-18 01:41:23.113 65543 DEBUG oslo_concurrency.lockutils [-] Lock "context-manager" "released" by "neutron_lib.db.api._create_context_manager" :: held 0.001s inner /usr/lib/python3/dist-packages/oslo_concurrency/lockutils.py:400
2026-05-18 01:41:25.831 65543 WARNING heat.engine.environment [-] OS::Aodh::Alarm is DEPRECATED. Theshold alarm relies on ceilometer-api and has been deprecated in aodh since Ocata. Use OS::Aodh::GnocchiAggregationByResourcesAlarm instead.
2026-05-18 01:41:25.831 65543 WARNING heat.engine.environment [-] OS::Aodh::CombinationAlarm is HIDDEN. OS::Aodh::CombinationAlarm is deprecated and has been removed from Aodh, use OS::Aodh::CompositeAlarm instead.
2026-05-18 01:41:25.832 65543 WARNING heat.engine.environment [-] OS::Designate::Domain is HIDDEN. This resource has been removed, use OS::Designate::Zone instead.
2026-05-18 01:41:25.832 65543 WARNING heat.engine.environment [-] OS::Designate::Record is HIDDEN. This resource has been removed, use OS::Designate::RecordSet instead.
2026-05-18 01:41:25.832 65543 WARNING heat.engine.environment [-] OS::Glance::Image is DEPRECATED. Creating a Glance Image based on an existing URL location requires the Glance v1 API, which is deprecated.
2026-05-18 01:41:25.833 65543 WARNING heat.engine.environment [-] OS::Heat::HARestarter is HIDDEN. The HARestarter resource type has been removed. Existing stacks containing HARestarter resources can still be used, but the HARestarter resource will be a placeholder that does nothing.
2026-05-18 01:41:25.833 65543 WARNING heat.engine.environment [-] OS::Heat::SoftwareDeployments is HIDDEN. Please use OS::Heat::SoftwareDeploymentGroup instead.
2026-05-18 01:41:25.833 65543 WARNING heat.engine.environment [-] OS::Heat::StructuredDeployments is HIDDEN. Please use OS::Heat::StructuredDeploymentGroup instead.
2026-05-18 01:41:25.833 65543 WARNING heat.engine.environment [-] OS::Magnum::Bay is HIDDEN. Please use OS::Magnum::Cluster instead.
2026-05-18 01:41:25.833 65543 WARNING heat.engine.environment [-] OS::Magnum::BayModel is HIDDEN. Please use OS::Magnum::ClusterTemplate instead.
2026-05-18 01:41:25.834 65543 WARNING heat.engine.environment [-] OS::Neutron::ExtraRoute is UNSUPPORTED. Use this resource at your own risk.
2026-05-18 01:41:25.834 65543 WARNING heat.engine.environment [-] OS::Neutron::HealthMonitor is HIDDEN. Use LBaaS V2 instead.
2026-05-18 01:41:25.834 65543 WARNING heat.engine.environment [-] OS::Neutron::Pool is HIDDEN. Use LBaaS V2 instead.
2026-05-18 01:41:25.834 65543 WARNING heat.engine.environment [-] OS::Neutron::PoolMember is HIDDEN. Use LBaaS V2 instead.
2026-05-18 01:41:25.834 65543 WARNING heat.engine.environment [-] OS::Neutron::LoadBalancer is HIDDEN. Use LBaaS V2 instead.
2026-05-18 01:41:25.835 65543 WARNING heat.engine.environment [-] OS::Neutron::RouterGateway is HIDDEN. Use the `external_gateway_info` property in the router resource to set up the gateway.
2026-05-18 01:41:25.835 65543 WARNING heat.engine.environment [-] OS::Nova::FloatingIP is HIDDEN. Please use OS::Neutron::FloatingIP instead.
2026-05-18 01:41:25.835 65543 WARNING heat.engine.environment [-] OS::Nova::FloatingIPAssociation is HIDDEN. Please use OS::Neutron::FloatingIPAssociation instead.
2026-05-18 01:41:25.838 65543 INFO heat.engine.environment [-] Loading /etc/heat/environment.d/default.yaml
2026-05-18 01:41:25.839 65543 INFO heat.engine.environment [-] Registered: [Plugin](User:False) AWS::AutoScaling::AutoScalingGroup ->
2026-05-18 01:41:25.839 65543 INFO heat.engine.environment [-] Registered: [Plugin](User:False) AWS::AutoScaling::LaunchConfiguration ->
2026-05-18 01:41:25.839 65543 INFO heat.engine.environment [-] Registered: [Plugin](User:False) AWS::AutoScaling::ScalingPolicy ->
2026-05-18 01:41:25.839 65543 INFO heat.engine.environment [-] Registered: [Plugin](User:False) AWS::CloudFormation::Stack ->
2026-05-18 01:41:25.839 65543 INFO heat.engine.environment [-] Registered: [Plugin](User:False) AWS::CloudFormation::WaitCondition ->
2026-05-18 01:41:25.839 65543 INFO heat.engine.environment [-] Registered: [Plugin](User:False) AWS::CloudFormation::WaitConditionHandle ->
2026-05-18 01:41:25.839 65543 INFO heat.engine.environment [-] Registered: [Plugin](User:False) AWS::EC2::EIP ->
2026-05-18 01:41:25.839 65543 INFO heat.engine.environment [-] Registered: [Plugin](User:False) AWS::EC2::EIPAssociation ->
2026-05-18 01:41:25.839 65543 INFO heat.engine.environment [-] Registered: [Plugin](User:False) AWS::EC2::Instance ->
2026-05-18 01:41:25.839 65543 INFO heat.engine.environment [-] Registered: [Plugin](User:False) AWS::EC2::InternetGateway ->
2026-05-18 01:41:25.840 65543 INFO heat.engine.environment [-] Registered: [Plugin](User:False) AWS::EC2::VPCGatewayAttachment ->
2026-05-18 01:41:25.840 65543 INFO heat.engine.environment [-] Registered: [Plugin](User:False) AWS::EC2::NetworkInterface ->
2026-05-18 01:41:25.840 65543 INFO heat.engine.environment [-] Registered: [Plugin](User:False) AWS::EC2::RouteTable ->
2026-05-18 01:41:25.840 65543 INFO heat.engine.environment [-] Registered: [Plugin](User:False) AWS::EC2::SubnetRouteTableAssociation ->
2026-05-18 01:41:25.840 65543 INFO heat.engine.environment [-] Registered: [Plugin](User:False) AWS::EC2::SecurityGroup ->
2026-05-18 01:41:25.840 65543 INFO heat.engine.environment [-] Registered: [Plugin](User:False) AWS::EC2::Subnet ->
2026-05-18 01:41:25.840 65543 INFO heat.engine.environment [-] Registered: [Plugin](User:False) AWS::EC2::Volume ->
2026-05-18 01:41:25.840 65543 INFO heat.engine.environment [-] Registered: [Plugin](User:False) AWS::EC2::VolumeAttachment ->
2026-05-18 01:41:25.840 65543 INFO heat.engine.environment [-] Registered: [Plugin](User:False) AWS::EC2::VPC ->
2026-05-18 01:41:25.841 65543 INFO heat.engine.environment [-] Registered: [Plugin](User:False) AWS::IAM::User ->
2026-05-18 01:41:25.841 65543 INFO heat.engine.environment [-] Registered: [Plugin](User:False) AWS::IAM::AccessKey ->
2026-05-18 01:41:25.841 65543 INFO heat.engine.environment [-] Registered: [Plugin](User:False) AWS::ElasticLoadBalancing::LoadBalancer ->
2026-05-18 01:41:25.841 65543 INFO heat.engine.environment [-] Registered: [Plugin](User:False) AWS::S3::Bucket ->
2026-05-18 01:41:25.841 65543 INFO heat.engine.environment [-] Registered: [Plugin](User:False) OS::Aodh::Alarm ->
2026-05-18 01:41:25.841 65543 INFO heat.engine.environment [-] Registered: [Plugin](User:False) OS::Aodh::CombinationAlarm ->
2026-05-18 01:41:25.841 65543 INFO heat.engine.environment [-] Registered: [Plugin](User:False) OS::Aodh::EventAlarm ->
2026-05-18 01:41:25.841 65543 INFO heat.engine.environment [-] Registered: [Plugin](User:False) OS::Aodh::LBMemberHealthAlarm ->
2026-05-18 01:41:25.841 65543 INFO heat.engine.environment [-] Registered: [Plugin](User:False) OS::Aodh::CompositeAlarm ->
2026-05-18 01:41:25.841 65543 INFO heat.engine.environment [-] Registered: [Plugin](User:False) OS::Aodh::GnocchiResourcesAlarm ->
2026-05-18 01:41:25.842 65543 INFO heat.engine.environment [-] Registered: [Plugin](User:False) OS::Aodh::GnocchiAggregationByMetricsAlarm ->
2026-05-18 01:41:25.842 65543 INFO heat.engine.environment [-] Registered: [Plugin](User:False) OS::Aodh::GnocchiAggregationByResourcesAlarm ->
2026-05-18 01:41:25.842 65543 INFO heat.engine.environment [-] Registered: [Plugin](User:False) OS::Barbican::GenericContainer ->
2026-05-18 01:41:25.842 65543 INFO heat.engine.environment [-] Registered: [Plugin](User:False) OS::Barbican::CertificateContainer ->
2026-05-18 01:41:25.842 65543 INFO heat.engine.environment [-] Registered: [Plugin](User:False) OS::Barbican::RSAContainer ->
2026-05-18 01:41:25.842 65543 INFO heat.engine.environment [-] Registered: [Plugin](User:False) OS::Barbican::Order ->
2026-05-18 01:41:25.842 65543 INFO heat.engine.environment [-] Registered: [Plugin](User:False) OS::Barbican::Secret ->
2026-05-18 01:41:25.842 65543 INFO heat.engine.environment [-] Registered: [Plugin](User:False) OS::Blazar::Host ->
2026-05-18 01:41:25.842 65543 INFO heat.engine.environment [-] Registered: [Plugin](User:False) OS::Blazar::Lease ->
2026-05-18 01:41:25.843 65543 INFO heat.engine.environment [-] Registered: [Plugin](User:False) OS::Cinder::EncryptedVolumeType ->
2026-05-18 01:41:25.843 65543 INFO heat.engine.environment [-] Registered: [Plugin](User:False) OS::Cinder::QoSSpecs ->
2026-05-18 01:41:25.843 65543 INFO heat.engine.environment [-] Registered: [Plugin](User:False) OS::Cinder::QoSAssociation ->
2026-05-18 01:41:25.843 65543 INFO heat.engine.environment [-] Registered: [Plugin](User:False) OS::Cinder::Quota ->
2026-05-18 01:41:25.843 65543 INFO heat.engine.environment [-] Registered: [Plugin](User:False) OS::Cinder::Volume ->
2026-05-18 01:41:25.843 65543 INFO heat.engine.environment [-] Registered: [Plugin](User:False) OS::Cinder::VolumeAttachment ->
2026-05-18 01:41:25.843 65543 INFO heat.engine.environment [-] Registered: [Plugin](User:False) OS::Cinder::VolumeType ->
2026-05-18 01:41:25.843 65543 INFO heat.engine.environment [-] Registered: [Plugin](User:False) OS::Designate::Domain ->
2026-05-18 01:41:25.843 65543 INFO heat.engine.environment [-] Registered: [Plugin](User:False) OS::Designate::Record ->
2026-05-18 01:41:25.843 65543 INFO heat.engine.environment [-] Registered: [Plugin](User:False) OS::Designate::RecordSet ->
2026-05-18 01:41:25.844 65543 INFO heat.engine.environment [-] Registered: [Plugin](User:False) OS::Designate::Zone ->
2026-05-18 01:41:25.844 65543 INFO heat.engine.environment [-] Registered: [Plugin](User:False) OS::Glance::Image ->
2026-05-18 01:41:25.844 65543 INFO heat.engine.environment [-] Registered: [Plugin](User:False) OS::Glance::WebImage ->
2026-05-18 01:41:25.844 65543 INFO heat.engine.environment [-] Registered: [Plugin](User:False) OS::Heat::AccessPolicy ->
2026-05-18 01:41:25.844 65543 INFO heat.engine.environment [-] Registered: [Plugin](User:False) OS::Heat::AutoScalingGroup ->
2026-05-18 01:41:25.844 65543 INFO heat.engine.environment [-] Registered: [Plugin](User:False) OS::Heat::CloudConfig ->
2026-05-18 01:41:25.844 65543 INFO heat.engine.environment [-] Registered: [Plugin](User:False) OS::Heat::Delay ->
2026-05-18 01:41:25.844 65543 INFO heat.engine.environment [-] Registered: [Plugin](User:False) OS::Heat::DeployedServer ->
2026-05-18 01:41:25.844 65543 INFO heat.engine.environment [-] Registered: [Plugin](User:False) OS::Heat::HARestarter ->
2026-05-18 01:41:25.844 65543 INFO heat.engine.environment [-] Registered: [Plugin](User:False) OS::Heat::InstanceGroup ->
2026-05-18 01:41:25.844 65543 INFO heat.engine.environment [-] Registered: [Plugin](User:False) OS::Heat::MultipartMime ->
2026-05-18 01:41:25.845 65543 INFO heat.engine.environment [-] Registered: [Plugin](User:False) OS::Heat::None ->
2026-05-18 01:41:25.845 65543 INFO heat.engine.environment [-] Registered: [Plugin](User:False) OS::Heat::RandomString ->
2026-05-18 01:41:25.845 65543 INFO heat.engine.environment [-] Registered: [Plugin](User:False) OS::Heat::Stack ->
2026-05-18 01:41:25.845 65543 INFO heat.engine.environment [-] Registered: [Plugin](User:False) OS::Heat::ResourceChain ->
2026-05-18 01:41:25.845 65543 INFO heat.engine.environment [-] Registered: [Plugin](User:False) OS::Heat::ResourceGroup ->
2026-05-18 01:41:25.845 65543 INFO heat.engine.environment [-] Registered: [Plugin](User:False) OS::Heat::ScalingPolicy ->
2026-05-18 01:41:25.845 65543 INFO heat.engine.environment [-] Registered: [Plugin](User:False) OS::Heat::SoftwareComponent ->
2026-05-18 01:41:25.845 65543 INFO heat.engine.environment [-] Registered: [Plugin](User:False) OS::Heat::SoftwareConfig ->
2026-05-18 01:41:25.845 65543 INFO heat.engine.environment [-] Registered: [Plugin](User:False) OS::Heat::SoftwareDeployment ->
2026-05-18 01:41:25.845 65543 INFO heat.engine.environment [-] Registered: [Plugin](User:False) OS::Heat::SoftwareDeploymentGroup ->
2026-05-18 01:41:25.845 65543 INFO heat.engine.environment [-] Registered: [Plugin](User:False) OS::Heat::SoftwareDeployments ->
2026-05-18 01:41:25.846 65543 INFO heat.engine.environment [-] Registered: [Plugin](User:False) OS::Heat::StructuredConfig ->
2026-05-18 01:41:25.846 65543 INFO heat.engine.environment [-] Registered: [Plugin](User:False) OS::Heat::StructuredDeployment ->
2026-05-18 01:41:25.846 65543 INFO heat.engine.environment [-] Registered: [Plugin](User:False) OS::Heat::StructuredDeploymentGroup ->
2026-05-18 01:41:25.846 65543 INFO heat.engine.environment [-] Registered: [Plugin](User:False) OS::Heat::StructuredDeployments ->
2026-05-18 01:41:25.846 65543 INFO heat.engine.environment [-] Registered: [Plugin](User:False) OS::Heat::SwiftSignal ->
2026-05-18 01:41:25.846 65543 INFO heat.engine.environment [-] Registered: [Plugin](User:False) OS::Heat::SwiftSignalHandle ->
2026-05-18 01:41:25.846 65543 INFO heat.engine.environment [-] Registered: [Plugin](User:False) OS::Heat::TestResource ->
2026-05-18 01:41:25.846 65543 INFO heat.engine.environment [-] Registered: [Plugin](User:False) OS::Heat::Value ->
2026-05-18 01:41:25.846 65543 INFO heat.engine.environment [-] Registered: [Plugin](User:False) OS::Heat::WaitCondition ->
2026-05-18 01:41:25.846 65543 INFO heat.engine.environment [-] Registered: [Plugin](User:False) OS::Heat::WaitConditionHandle ->
2026-05-18 01:41:25.846 65543 INFO heat.engine.environment [-] Registered: [Plugin](User:False) OS::Heat::UpdateWaitConditionHandle ->
2026-05-18 01:41:25.847 65543 INFO heat.engine.environment [-] Registered: [Plugin](User:False) OS::Ironic::Port ->
2026-05-18 01:41:25.847 65543 INFO heat.engine.environment [-] Registered: [Plugin](User:False) OS::Keystone::Domain ->
2026-05-18 01:41:25.847 65543 INFO heat.engine.environment [-] Registered: [Plugin](User:False) OS::Keystone::Endpoint ->
2026-05-18 01:41:25.847 65543 INFO heat.engine.environment [-] Registered: [Plugin](User:False) OS::Keystone::Group ->
2026-05-18 01:41:25.847 65543 INFO heat.engine.environment [-] Registered: [Plugin](User:False) OS::Keystone::Project ->
2026-05-18 01:41:25.847 65543 INFO heat.engine.environment [-] Registered: [Plugin](User:False) OS::Keystone::Region ->
2026-05-18 01:41:25.847 65543 INFO heat.engine.environment [-] Registered: [Plugin](User:False) OS::Keystone::Role ->
2026-05-18 01:41:25.847 65543 INFO heat.engine.environment [-] Registered: [Plugin](User:False) OS::Keystone::UserRoleAssignment ->
2026-05-18 01:41:25.847 65543 INFO heat.engine.environment [-] Registered: [Plugin](User:False) OS::Keystone::GroupRoleAssignment ->
2026-05-18 01:41:25.847 65543 INFO heat.engine.environment [-] Registered: [Plugin](User:False) OS::Keystone::Service ->
2026-05-18 01:41:25.847 65543 INFO heat.engine.environment [-] Registered: [Plugin](User:False) OS::Keystone::User ->
2026-05-18 01:41:25.848 65543 INFO heat.engine.environment [-] Registered: [Plugin](User:False) OS::Magnum::Bay ->
2026-05-18 01:41:25.848 65543 INFO heat.engine.environment [-] Registered: [Plugin](User:False) OS::Magnum::BayModel ->
2026-05-18 01:41:25.848 65543 INFO heat.engine.environment [-] Registered: [Plugin](User:False) OS::Magnum::Cluster ->
2026-05-18 01:41:25.848 65543 INFO heat.engine.environment [-] Registered: [Plugin](User:False) OS::Magnum::ClusterTemplate ->
2026-05-18 01:41:25.848 65543 INFO heat.engine.environment [-] Registered: [Plugin](User:False) OS::Manila::SecurityService ->
2026-05-18 01:41:25.848 65543 INFO heat.engine.environment [-] Registered: [Plugin](User:False) OS::Manila::Share ->
2026-05-18 01:41:25.848 65543 INFO heat.engine.environment [-] Registered: [Plugin](User:False) OS::Manila::ShareNetwork ->
2026-05-18 01:41:25.848 65543 INFO heat.engine.environment [-] Registered: [Plugin](User:False) OS::Manila::ShareType ->
2026-05-18 01:41:25.848 65543 INFO heat.engine.environment [-] Registered: [Plugin](User:False) OS::Mistral::CronTrigger ->
2026-05-18 01:41:25.848 65543 INFO heat.engine.environment [-] Registered: [Plugin](User:False) OS::Mistral::ExternalResource ->
2026-05-18 01:41:25.849 65543 INFO heat.engine.environment [-] Registered: [Plugin](User:False) OS::Mistral::Workflow ->
2026-05-18 01:41:25.849 65543 INFO heat.engine.environment [-] Registered: [Plugin](User:False) OS::Monasca::AlarmDefinition ->
2026-05-18 01:41:25.849 65543 INFO heat.engine.environment [-] Registered: [Plugin](User:False) OS::Monasca::Notification ->
2026-05-18 01:41:25.849 65543 INFO heat.engine.environment [-] Registered: [Plugin](User:False) OS::Neutron::AddressScope ->
2026-05-18 01:41:25.849 65543 INFO heat.engine.environment [-] Registered: [Plugin](User:False) OS::Neutron::ExtraRoute ->
2026-05-18 01:41:25.849 65543 INFO heat.engine.environment [-] Registered: [Plugin](User:False) OS::Neutron::ExtraRouteSet ->
2026-05-18 01:41:25.849 65543 INFO heat.engine.environment [-] Registered: [Plugin](User:False) OS::Neutron::Firewall ->
2026-05-18 01:41:25.849 65543 INFO heat.engine.environment [-] Registered: [Plugin](User:False) OS::Neutron::FirewallPolicy ->
2026-05-18 01:41:25.849 65543 INFO heat.engine.environment [-] Registered: [Plugin](User:False) OS::Neutron::FirewallRule ->
2026-05-18 01:41:25.849 65543 INFO heat.engine.environment [-] Registered: [Plugin](User:False) OS::Neutron::FloatingIP ->
2026-05-18 01:41:25.849 65543 INFO heat.engine.environment [-] Registered: [Plugin](User:False) OS::Neutron::FloatingIPAssociation ->
2026-05-18 01:41:25.849 65543 INFO heat.engine.environment [-] Registered: [Plugin](User:False) OS::Neutron::L2Gateway ->
2026-05-18 01:41:25.850 65543 INFO heat.engine.environment [-] Registered: [Plugin](User:False) OS::Neutron::L2GatewayConnection ->
2026-05-18 01:41:25.850 65543 INFO heat.engine.environment [-] Registered: [Plugin](User:False) OS::Neutron::LBaaS::HealthMonitor ->
