2026-05-18 00:38:24.648 37511 DEBUG oslo_service.service [-] database.db_max_retry_interval = 10 log_opt_values /usr/lib/python3/dist-packages/oslo_config/cfg.py:2609
2026-05-18 00:38:24.648 37511 DEBUG oslo_service.service [-] database.db_retry_interval = 1 log_opt_values /usr/lib/python3/dist-packages/oslo_config/cfg.py:2609
2026-05-18 00:38:24.648 37511 DEBUG oslo_service.service [-] database.max_overflow = 50 log_opt_values /usr/lib/python3/dist-packages/oslo_config/cfg.py:2609
2026-05-18 00:38:24.648 37511 DEBUG oslo_service.service [-] database.max_pool_size = 5 log_opt_values /usr/lib/python3/dist-packages/oslo_config/cfg.py:2609
2026-05-18 00:38:24.648 37511 DEBUG oslo_service.service [-] database.max_retries = 10 log_opt_values /usr/lib/python3/dist-packages/oslo_config/cfg.py:2609
2026-05-18 00:38:24.649 37511 DEBUG oslo_service.service [-] database.mysql_enable_ndb = False log_opt_values /usr/lib/python3/dist-packages/oslo_config/cfg.py:2609
2026-05-18 00:38:24.649 37511 DEBUG oslo_service.service [-] database.mysql_sql_mode = TRADITIONAL log_opt_values /usr/lib/python3/dist-packages/oslo_config/cfg.py:2609
2026-05-18 00:38:24.649 37511 DEBUG oslo_service.service [-] database.pool_timeout = None log_opt_values /usr/lib/python3/dist-packages/oslo_config/cfg.py:2609
2026-05-18 00:38:24.649 37511 DEBUG oslo_service.service [-] database.retry_interval = 10 log_opt_values /usr/lib/python3/dist-packages/oslo_config/cfg.py:2609
2026-05-18 00:38:24.649 37511 DEBUG oslo_service.service [-] database.slave_connection = **** log_opt_values /usr/lib/python3/dist-packages/oslo_config/cfg.py:2609
2026-05-18 00:38:24.650 37511 DEBUG oslo_service.service [-] database.sqlite_synchronous = True log_opt_values /usr/lib/python3/dist-packages/oslo_config/cfg.py:2609
2026-05-18 00:38:24.650 37511 DEBUG oslo_service.service [-] database.use_db_reconnect = False log_opt_values /usr/lib/python3/dist-packages/oslo_config/cfg.py:2609
2026-05-18 00:38:24.650 37511 DEBUG oslo_service.service [-] oslo_messaging_metrics.metrics_buffer_size = 1000 log_opt_values /usr/lib/python3/dist-packages/oslo_config/cfg.py:2609
2026-05-18 00:38:24.650 37511 DEBUG oslo_service.service [-] oslo_messaging_metrics.metrics_enabled = False log_opt_values /usr/lib/python3/dist-packages/oslo_config/cfg.py:2609
2026-05-18 00:38:24.651 37511 DEBUG oslo_service.service [-] oslo_messaging_metrics.metrics_process_name = log_opt_values /usr/lib/python3/dist-packages/oslo_config/cfg.py:2609
2026-05-18 00:38:24.652 37511 DEBUG oslo_service.service [-] oslo_messaging_metrics.metrics_socket_file = /var/tmp/metrics_collector.sock log_opt_values /usr/lib/python3/dist-packages/oslo_config/cfg.py:2609
2026-05-18 00:38:24.652 37511 DEBUG oslo_service.service [-] oslo_messaging_metrics.metrics_thread_stop_timeout = 10 log_opt_values /usr/lib/python3/dist-packages/oslo_config/cfg.py:2609
2026-05-18 00:38:24.652 37511 DEBUG oslo_service.service [-] oslo_policy.enforce_new_defaults = False log_opt_values /usr/lib/python3/dist-packages/oslo_config/cfg.py:2609
2026-05-18 00:38:24.652 37511 DEBUG oslo_service.service [-] oslo_policy.enforce_scope = False log_opt_values /usr/lib/python3/dist-packages/oslo_config/cfg.py:2609
2026-05-18 00:38:24.652 37511 DEBUG oslo_service.service [-] oslo_policy.policy_default_rule = default log_opt_values /usr/lib/python3/dist-packages/oslo_config/cfg.py:2609
2026-05-18 00:38:24.653 37511 DEBUG oslo_service.service [-] oslo_policy.policy_dirs = ['policy.d'] log_opt_values /usr/lib/python3/dist-packages/oslo_config/cfg.py:2609
2026-05-18 00:38:24.653 37511 DEBUG oslo_service.service [-] oslo_policy.policy_file = policy.yaml log_opt_values /usr/lib/python3/dist-packages/oslo_config/cfg.py:2609
2026-05-18 00:38:24.654 37511 DEBUG oslo_service.service [-] oslo_policy.remote_content_type = application/x-www-form-urlencoded log_opt_values /usr/lib/python3/dist-packages/oslo_config/cfg.py:2609
2026-05-18 00:38:24.654 37511 DEBUG oslo_service.service [-] oslo_policy.remote_ssl_ca_crt_file = None log_opt_values /usr/lib/python3/dist-packages/oslo_config/cfg.py:2609
2026-05-18 00:38:24.654 37511 DEBUG oslo_service.service [-] oslo_policy.remote_ssl_client_crt_file = None log_opt_values /usr/lib/python3/dist-packages/oslo_config/cfg.py:2609
2026-05-18 00:38:24.655 37511 DEBUG oslo_service.service [-] oslo_policy.remote_ssl_client_key_file = None log_opt_values /usr/lib/python3/dist-packages/oslo_config/cfg.py:2609
2026-05-18 00:38:24.656 37511 DEBUG oslo_service.service [-] oslo_policy.remote_ssl_verify_server_crt = False log_opt_values /usr/lib/python3/dist-packages/oslo_config/cfg.py:2609
2026-05-18 00:38:24.657 37511 DEBUG oslo_service.service [-] trustee.auth_section = None log_opt_values /usr/lib/python3/dist-packages/oslo_config/cfg.py:2609
2026-05-18 00:38:24.657 37511 WARNING oslo_config.cfg [-] Deprecated: Option "auth_plugin" from group "trustee" is deprecated. Use option "auth_type" from group "trustee".
2026-05-18 00:38:24.657 37511 DEBUG oslo_service.service [-] trustee.auth_type = password log_opt_values /usr/lib/python3/dist-packages/oslo_config/cfg.py:2609
2026-05-18 00:38:24.658 37511 DEBUG oslo_service.service [-] oslo_versionedobjects.fatal_exception_format_errors = False log_opt_values /usr/lib/python3/dist-packages/oslo_config/cfg.py:2609
2026-05-18 00:38:24.658 37511 DEBUG oslo_service.service [-] oslo_messaging_rabbit.amqp_auto_delete = False log_opt_values /usr/lib/python3/dist-packages/oslo_config/cfg.py:2609
2026-05-18 00:38:24.658 37511 DEBUG oslo_service.service [-] oslo_messaging_rabbit.amqp_durable_queues = False log_opt_values /usr/lib/python3/dist-packages/oslo_config/cfg.py:2609
2026-05-18 00:38:24.658 37511 DEBUG oslo_service.service [-] oslo_messaging_rabbit.conn_pool_min_size = 2 log_opt_values /usr/lib/python3/dist-packages/oslo_config/cfg.py:2609
2026-05-18 00:38:24.658 37511 DEBUG oslo_service.service [-] oslo_messaging_rabbit.conn_pool_ttl = 1200 log_opt_values /usr/lib/python3/dist-packages/oslo_config/cfg.py:2609
2026-05-18 00:38:24.658 37511 DEBUG oslo_service.service [-] oslo_messaging_rabbit.direct_mandatory_flag = True log_opt_values /usr/lib/python3/dist-packages/oslo_config/cfg.py:2609
2026-05-18 00:38:24.659 37511 DEBUG oslo_service.service [-] oslo_messaging_rabbit.enable_cancel_on_failover = False log_opt_values /usr/lib/python3/dist-packages/oslo_config/cfg.py:2609
2026-05-18 00:38:24.659 37511 DEBUG oslo_service.service [-] oslo_messaging_rabbit.heartbeat_in_pthread = False log_opt_values /usr/lib/python3/dist-packages/oslo_config/cfg.py:2609
2026-05-18 00:38:24.659 37511 DEBUG oslo_service.service [-] oslo_messaging_rabbit.heartbeat_rate = 2 log_opt_values /usr/lib/python3/dist-packages/oslo_config/cfg.py:2609
2026-05-18 00:38:24.659 37511 DEBUG oslo_service.service [-] oslo_messaging_rabbit.heartbeat_timeout_threshold = 60 log_opt_values /usr/lib/python3/dist-packages/oslo_config/cfg.py:2609
2026-05-18 00:38:24.659 37511 DEBUG oslo_service.service [-] oslo_messaging_rabbit.kombu_compression = None log_opt_values /usr/lib/python3/dist-packages/oslo_config/cfg.py:2609
2026-05-18 00:38:24.659 37511 DEBUG oslo_service.service [-] oslo_messaging_rabbit.kombu_failover_strategy = round-robin log_opt_values /usr/lib/python3/dist-packages/oslo_config/cfg.py:2609
2026-05-18 00:38:24.659 37511 DEBUG oslo_service.service [-] oslo_messaging_rabbit.kombu_missing_consumer_retry_timeout = 60 log_opt_values /usr/lib/python3/dist-packages/oslo_config/cfg.py:2609
2026-05-18 00:38:24.660 37511 DEBUG oslo_service.service [-] oslo_messaging_rabbit.kombu_reconnect_delay = 1.0 log_opt_values /usr/lib/python3/dist-packages/oslo_config/cfg.py:2609
2026-05-18 00:38:24.660 37511 DEBUG oslo_service.service [-] oslo_messaging_rabbit.rabbit_ha_queues = False log_opt_values /usr/lib/python3/dist-packages/oslo_config/cfg.py:2609
2026-05-18 00:38:24.660 37511 DEBUG oslo_service.service [-] oslo_messaging_rabbit.rabbit_interval_max = 30 log_opt_values /usr/lib/python3/dist-packages/oslo_config/cfg.py:2609
2026-05-18 00:38:24.660 37511 DEBUG oslo_service.service [-] oslo_messaging_rabbit.rabbit_login_method = AMQPLAIN log_opt_values /usr/lib/python3/dist-packages/oslo_config/cfg.py:2609
2026-05-18 00:38:24.661 37511 DEBUG oslo_service.service [-] oslo_messaging_rabbit.rabbit_qos_prefetch_count = 0 log_opt_values /usr/lib/python3/dist-packages/oslo_config/cfg.py:2609
2026-05-18 00:38:24.661 37511 DEBUG oslo_service.service [-] oslo_messaging_rabbit.rabbit_quorum_queue = False log_opt_values /usr/lib/python3/dist-packages/oslo_config/cfg.py:2609
2026-05-18 00:38:24.661 37511 DEBUG oslo_service.service [-] oslo_messaging_rabbit.rabbit_retry_backoff = 2 log_opt_values /usr/lib/python3/dist-packages/oslo_config/cfg.py:2609
2026-05-18 00:38:24.665 37511 DEBUG oslo_service.service [-] oslo_messaging_rabbit.rabbit_retry_interval = 1 log_opt_values /usr/lib/python3/dist-packages/oslo_config/cfg.py:2609
2026-05-18 00:38:24.668 37511 DEBUG oslo_service.service [-] oslo_messaging_rabbit.rabbit_transient_queues_ttl = 1800 log_opt_values /usr/lib/python3/dist-packages/oslo_config/cfg.py:2609
2026-05-18 00:38:24.669 37511 DEBUG oslo_service.service [-] oslo_messaging_rabbit.rpc_conn_pool_size = 30 log_opt_values /usr/lib/python3/dist-packages/oslo_config/cfg.py:2609
2026-05-18 00:38:24.669 37511 DEBUG oslo_service.service [-] oslo_messaging_rabbit.ssl = False log_opt_values /usr/lib/python3/dist-packages/oslo_config/cfg.py:2609
2026-05-18 00:38:24.670 37511 DEBUG oslo_service.service [-] oslo_messaging_rabbit.ssl_ca_file = log_opt_values /usr/lib/python3/dist-packages/oslo_config/cfg.py:2609
2026-05-18 00:38:24.670 37511 DEBUG oslo_service.service [-] oslo_messaging_rabbit.ssl_cert_file = log_opt_values /usr/lib/python3/dist-packages/oslo_config/cfg.py:2609
2026-05-18 00:38:24.670 37511 DEBUG oslo_service.service [-] oslo_messaging_rabbit.ssl_key_file = log_opt_values /usr/lib/python3/dist-packages/oslo_config/cfg.py:2609
2026-05-18 00:38:24.670 37511 DEBUG oslo_service.service [-] oslo_messaging_rabbit.ssl_version = log_opt_values /usr/lib/python3/dist-packages/oslo_config/cfg.py:2609
2026-05-18 00:38:24.670 37511 DEBUG oslo_service.service [-] oslo_messaging_notifications.driver = [] log_opt_values /usr/lib/python3/dist-packages/oslo_config/cfg.py:2609
2026-05-18 00:38:24.671 37511 DEBUG oslo_service.service [-] oslo_messaging_notifications.retry = -1 log_opt_values /usr/lib/python3/dist-packages/oslo_config/cfg.py:2609
2026-05-18 00:38:24.671 37511 DEBUG oslo_service.service [-] oslo_messaging_notifications.topics = ['notifications'] log_opt_values /usr/lib/python3/dist-packages/oslo_config/cfg.py:2609
2026-05-18 00:38:24.671 37511 DEBUG oslo_service.service [-] oslo_messaging_notifications.transport_url = **** log_opt_values /usr/lib/python3/dist-packages/oslo_config/cfg.py:2609
2026-05-18 00:38:24.671 37511 DEBUG oslo_service.service [-] cache.backend = dogpile.cache.null log_opt_values /usr/lib/python3/dist-packages/oslo_config/cfg.py:2609
2026-05-18 00:38:24.671 37511 DEBUG oslo_service.service [-] cache.backend_argument = **** log_opt_values /usr/lib/python3/dist-packages/oslo_config/cfg.py:2609
2026-05-18 00:38:24.672 37511 DEBUG oslo_service.service [-] cache.config_prefix = cache.oslo log_opt_values /usr/lib/python3/dist-packages/oslo_config/cfg.py:2609
2026-05-18 00:38:24.672 37511 DEBUG oslo_service.service [-] cache.debug_cache_backend = False log_opt_values /usr/lib/python3/dist-packages/oslo_config/cfg.py:2609
2026-05-18 00:38:24.672 37511 DEBUG oslo_service.service [-] cache.enabled = False log_opt_values /usr/lib/python3/dist-packages/oslo_config/cfg.py:2609
2026-05-18 00:38:24.672 37511 DEBUG oslo_service.service [-] cache.expiration_time = 600 log_opt_values /usr/lib/python3/dist-packages/oslo_config/cfg.py:2609
2026-05-18 00:38:24.672 37511 DEBUG oslo_service.service [-] cache.memcache_dead_retry = 300 log_opt_values /usr/lib/python3/dist-packages/oslo_config/cfg.py:2609
2026-05-18 00:38:24.672 37511 DEBUG oslo_service.service [-] cache.memcache_pool_connection_get_timeout = 10 log_opt_values /usr/lib/python3/dist-packages/oslo_config/cfg.py:2609
2026-05-18 00:38:24.673 37511 DEBUG oslo_service.service [-] cache.memcache_pool_flush_on_reconnect = False log_opt_values /usr/lib/python3/dist-packages/oslo_config/cfg.py:2609
2026-05-18 00:38:24.673 37511 DEBUG oslo_service.service [-] cache.memcache_pool_maxsize = 10 log_opt_values /usr/lib/python3/dist-packages/oslo_config/cfg.py:2609
2026-05-18 00:38:24.673 37511 DEBUG oslo_service.service [-] cache.memcache_pool_unused_timeout = 60 log_opt_values /usr/lib/python3/dist-packages/oslo_config/cfg.py:2609
2026-05-18 00:38:24.686 37511 DEBUG oslo_service.service [-] cache.memcache_servers = ['localhost:11211'] log_opt_values /usr/lib/python3/dist-packages/oslo_config/cfg.py:2609
2026-05-18 00:38:24.687 37511 DEBUG oslo_service.service [-] cache.memcache_socket_timeout = 1.0 log_opt_values /usr/lib/python3/dist-packages/oslo_config/cfg.py:2609
2026-05-18 00:38:24.687 37511 DEBUG oslo_service.service [-] cache.proxies = [] log_opt_values /usr/lib/python3/dist-packages/oslo_config/cfg.py:2609
2026-05-18 00:38:24.687 37511 DEBUG oslo_service.service [-] cache.tls_allowed_ciphers = None log_opt_values /usr/lib/python3/dist-packages/oslo_config/cfg.py:2609
2026-05-18 00:38:24.687 37511 DEBUG oslo_service.service [-] cache.tls_cafile = None log_opt_values /usr/lib/python3/dist-packages/oslo_config/cfg.py:2609
2026-05-18 00:38:24.687 37511 DEBUG oslo_service.service [-] cache.tls_certfile = None log_opt_values /usr/lib/python3/dist-packages/oslo_config/cfg.py:2609
2026-05-18 00:38:24.687 37511 DEBUG oslo_service.service [-] cache.tls_enabled = False log_opt_values /usr/lib/python3/dist-packages/oslo_config/cfg.py:2609
2026-05-18 00:38:24.687 37511 DEBUG oslo_service.service [-] cache.tls_keyfile = None log_opt_values /usr/lib/python3/dist-packages/oslo_config/cfg.py:2609
2026-05-18 00:38:24.690 37511 DEBUG oslo_service.service [-] constraint_validation_cache.caching = True log_opt_values /usr/lib/python3/dist-packages/oslo_config/cfg.py:2609
2026-05-18 00:38:24.691 37511 DEBUG oslo_service.service [-] constraint_validation_cache.expiration_time = 60 log_opt_values /usr/lib/python3/dist-packages/oslo_config/cfg.py:2609
2026-05-18 00:38:24.691 37511 DEBUG oslo_service.service [-] service_extension_cache.caching = True log_opt_values /usr/lib/python3/dist-packages/oslo_config/cfg.py:2609
2026-05-18 00:38:24.691 37511 DEBUG oslo_service.service [-] service_extension_cache.expiration_time = 3600 log_opt_values /usr/lib/python3/dist-packages/oslo_config/cfg.py:2609
2026-05-18 00:38:24.691 37511 DEBUG oslo_service.service [-] resource_finder_cache.caching = True log_opt_values /usr/lib/python3/dist-packages/oslo_config/cfg.py:2609
2026-05-18 00:38:24.691 37511 DEBUG oslo_service.service [-] resource_finder_cache.expiration_time = 3600 log_opt_values /usr/lib/python3/dist-packages/oslo_config/cfg.py:2609
2026-05-18 00:38:24.692 37511 DEBUG oslo_service.service [-] yaql.limit_iterators = 200 log_opt_values /usr/lib/python3/dist-packages/oslo_config/cfg.py:2609
2026-05-18 00:38:24.692 37511 DEBUG oslo_service.service [-] yaql.memory_quota = 10000 log_opt_values /usr/lib/python3/dist-packages/oslo_config/cfg.py:2609
2026-05-18 00:38:24.692 37511 DEBUG oslo_service.service [-] ******************************************************************************** log_opt_values /usr/lib/python3/dist-packages/oslo_config/cfg.py:2613
2026-05-18 00:38:24.710 37731 DEBUG oslo_db.sqlalchemy.engines [req-9e4a04ae-892d-44c1-8d97-0f554e571772 - - - - -] MySQL server mode set to STRICT_TRANS_TABLES,STRICT_ALL_TABLES,NO_ZERO_IN_DATE,NO_ZERO_DATE,ERROR_FOR_DIVISION_BY_ZERO,TRADITIONAL,NO_ENGINE_SUBSTITUTION _check_effective_sql_mode /usr/lib/python3/dist-packages/oslo_db/sqlalchemy/engines.py:314
2026-05-18 00:38:24.720 37734 DEBUG oslo_db.sqlalchemy.engines [req-f8339956-8d5b-424f-a292-cf1220e44394 - - - - -] MySQL server mode set to STRICT_TRANS_TABLES,STRICT_ALL_TABLES,NO_ZERO_IN_DATE,NO_ZERO_DATE,ERROR_FOR_DIVISION_BY_ZERO,TRADITIONAL,NO_ENGINE_SUBSTITUTION _check_effective_sql_mode /usr/lib/python3/dist-packages/oslo_db/sqlalchemy/engines.py:314
2026-05-18 00:38:24.721 37732 DEBUG oslo_db.sqlalchemy.engines [req-533f1804-a435-4181-b25d-daad3df1b11f - - - - -] MySQL server mode set to STRICT_TRANS_TABLES,STRICT_ALL_TABLES,NO_ZERO_IN_DATE,NO_ZERO_DATE,ERROR_FOR_DIVISION_BY_ZERO,TRADITIONAL,NO_ENGINE_SUBSTITUTION _check_effective_sql_mode /usr/lib/python3/dist-packages/oslo_db/sqlalchemy/engines.py:314
2026-05-18 00:38:24.807 37731 DEBUG heat.engine.service [req-9de28a10-7ab1-4dac-afe7-e3f44acc20f7 - - - - -] Service 1e3178be-08a7-4d42-b436-58d8e78ee7b7 is started service_manage_report /usr/lib/python3/dist-packages/heat/engine/service.py:2363
2026-05-18 00:38:24.814 37733 DEBUG oslo_db.sqlalchemy.engines [req-29bfaf19-f149-49fb-a16a-47fdc49915a8 - - - - -] MySQL server mode set to STRICT_TRANS_TABLES,STRICT_ALL_TABLES,NO_ZERO_IN_DATE,NO_ZERO_DATE,ERROR_FOR_DIVISION_BY_ZERO,TRADITIONAL,NO_ENGINE_SUBSTITUTION _check_effective_sql_mode /usr/lib/python3/dist-packages/oslo_db/sqlalchemy/engines.py:314
2026-05-18 00:38:24.864 37731 DEBUG heat.engine.service [req-9de28a10-7ab1-4dac-afe7-e3f44acc20f7 - - - - -] Service 1e3178be-08a7-4d42-b436-58d8e78ee7b7 is updated service_manage_report /usr/lib/python3/dist-packages/heat/engine/service.py:2370
2026-05-18 00:38:24.894 37733 DEBUG heat.engine.service [req-8aa32b0e-dfe9-41e7-b44d-502acc0bb4c1 - - - - -] Service 9ab25ba4-510d-4270-bbf3-bb942951a53a is started service_manage_report /usr/lib/python3/dist-packages/heat/engine/service.py:2363
2026-05-18 00:38:24.895 37732 DEBUG heat.engine.service [req-cb5585bf-90c5-49ab-81dc-a3f5d978eb6d - - - - -] Service dac04334-7ca2-40c6-b7fc-0c0af1ee6539 is started service_manage_report /usr/lib/python3/dist-packages/heat/engine/service.py:2363
2026-05-18 00:38:24.919 37733 DEBUG heat.engine.service [req-8aa32b0e-dfe9-41e7-b44d-502acc0bb4c1 - - - - -] Service 9ab25ba4-510d-4270-bbf3-bb942951a53a is updated service_manage_report /usr/lib/python3/dist-packages/heat/engine/service.py:2370
2026-05-18 00:38:24.928 37734 DEBUG heat.engine.service [req-97a1ec7d-a3a7-446c-8162-6e9e5eb5b6e7 - - - - -] Service 1309d2b8-ce60-4d2d-b945-93461b4b25bc is started service_manage_report /usr/lib/python3/dist-packages/heat/engine/service.py:2363
2026-05-18 00:38:24.935 37732 DEBUG heat.engine.service [req-cb5585bf-90c5-49ab-81dc-a3f5d978eb6d - - - - -] Service dac04334-7ca2-40c6-b7fc-0c0af1ee6539 is updated service_manage_report /usr/lib/python3/dist-packages/heat/engine/service.py:2370
2026-05-18 00:38:24.960 37734 DEBUG heat.engine.service [req-97a1ec7d-a3a7-446c-8162-6e9e5eb5b6e7 - - - - -] Service 1309d2b8-ce60-4d2d-b945-93461b4b25bc is updated service_manage_report /usr/lib/python3/dist-packages/heat/engine/service.py:2370
2026-05-18 00:39:24.784 37731 DEBUG heat.engine.service [req-bdec0102-2449-4358-8346-a8e294b37662 - - - - -] Service 1e3178be-08a7-4d42-b436-58d8e78ee7b7 is updated service_manage_report /usr/lib/python3/dist-packages/heat/engine/service.py:2370
2026-05-18 00:39:24.881 37732 DEBUG heat.engine.service [req-c247bf62-14ce-48d2-bb45-a00c8af9730e - - - - -] Service dac04334-7ca2-40c6-b7fc-0c0af1ee6539 is updated service_manage_report /usr/lib/python3/dist-packages/heat/engine/service.py:2370
2026-05-18 00:39:24.887 37734 DEBUG heat.engine.service [req-13e54a5d-34cb-459b-b547-9c284dbbb3f4 - - - - -] Service 1309d2b8-ce60-4d2d-b945-93461b4b25bc is updated service_manage_report /usr/lib/python3/dist-packages/heat/engine/service.py:2370
2026-05-18 00:39:24.895 37733 DEBUG heat.engine.service [req-e2fbc70c-7a63-41a5-948a-7fbcf248f1d9 - - - - -] Service 9ab25ba4-510d-4270-bbf3-bb942951a53a is updated service_manage_report /usr/lib/python3/dist-packages/heat/engine/service.py:2370
2026-05-18 00:40:24.779 37731 DEBUG heat.engine.service [req-2c8d437e-5407-4f1e-a143-8b0bfa8809df - - - - -] Service 1e3178be-08a7-4d42-b436-58d8e78ee7b7 is updated service_manage_report /usr/lib/python3/dist-packages/heat/engine/service.py:2370
2026-05-18 00:40:24.883 37734 DEBUG heat.engine.service [req-d33dfbde-08fb-4ef8-8ee2-65813568e013 - - - - -] Service 1309d2b8-ce60-4d2d-b945-93461b4b25bc is updated service_manage_report /usr/lib/python3/dist-packages/heat/engine/service.py:2370
2026-05-18 00:40:24.887 37732 DEBUG heat.engine.service [req-9170ee3e-8136-4df3-8dc5-3377a97a0200 - - - - -] Service dac04334-7ca2-40c6-b7fc-0c0af1ee6539 is updated service_manage_report /usr/lib/python3/dist-packages/heat/engine/service.py:2370
2026-05-18 00:40:24.895 37733 DEBUG heat.engine.service [req-a70a5719-3435-49b8-9320-9589f2bf1dfd - - - - -] Service 9ab25ba4-510d-4270-bbf3-bb942951a53a is updated service_manage_report /usr/lib/python3/dist-packages/heat/engine/service.py:2370
2026-05-18 00:41:24.784 37731 DEBUG heat.engine.service [req-8ff987e5-b525-482a-a10e-853a4275873e - - - - -] Service 1e3178be-08a7-4d42-b436-58d8e78ee7b7 is updated service_manage_report /usr/lib/python3/dist-packages/heat/engine/service.py:2370
2026-05-18 00:41:24.884 37732 DEBUG heat.engine.service [req-ba5cf567-7516-46fe-bdde-746f70e5396d - - - - -] Service dac04334-7ca2-40c6-b7fc-0c0af1ee6539 is updated service_manage_report /usr/lib/python3/dist-packages/heat/engine/service.py:2370
2026-05-18 00:41:24.889 37734 DEBUG heat.engine.service [req-0a0ff32b-2dc7-431b-bb2f-11c45d54b363 - - - - -] Service 1309d2b8-ce60-4d2d-b945-93461b4b25bc is updated service_manage_report /usr/lib/python3/dist-packages/heat/engine/service.py:2370
2026-05-18 00:41:24.896 37733 DEBUG heat.engine.service [req-05dd6635-3bc3-4d29-ad1d-985106a0ef75 - - - - -] Service 9ab25ba4-510d-4270-bbf3-bb942951a53a is updated service_manage_report /usr/lib/python3/dist-packages/heat/engine/service.py:2370
2026-05-18 00:42:24.790 37731 DEBUG heat.engine.service [req-c988bb8e-d5aa-4411-9714-9bafd6c7751e - - - - -] Service 1e3178be-08a7-4d42-b436-58d8e78ee7b7 is updated service_manage_report /usr/lib/python3/dist-packages/heat/engine/service.py:2370
2026-05-18 00:42:24.879 37732 DEBUG heat.engine.service [req-714d7a5c-9e35-44a0-aede-441c3d87d392 - - - - -] Service dac04334-7ca2-40c6-b7fc-0c0af1ee6539 is updated service_manage_report /usr/lib/python3/dist-packages/heat/engine/service.py:2370
2026-05-18 00:42:24.895 37733 DEBUG heat.engine.service [req-981bdcaa-e7c9-4e53-815f-1da543998c87 - - - - -] Service 9ab25ba4-510d-4270-bbf3-bb942951a53a is updated service_manage_report /usr/lib/python3/dist-packages/heat/engine/service.py:2370
2026-05-18 00:42:24.899 37734 DEBUG heat.engine.service [req-333c5301-1875-496c-8db0-06d87afdca34 - - - - -] Service 1309d2b8-ce60-4d2d-b945-93461b4b25bc is updated service_manage_report /usr/lib/python3/dist-packages/heat/engine/service.py:2370
2026-05-18 00:43:24.786 37731 DEBUG heat.engine.service [req-7bac2e8f-eacb-4456-887a-426262bfd76d - - - - -] Service 1e3178be-08a7-4d42-b436-58d8e78ee7b7 is updated service_manage_report /usr/lib/python3/dist-packages/heat/engine/service.py:2370
2026-05-18 00:43:24.886 37732 DEBUG heat.engine.service [req-ad1dfebc-c81a-46f4-bea7-2a8d81c54981 - - - - -] Service dac04334-7ca2-40c6-b7fc-0c0af1ee6539 is updated service_manage_report /usr/lib/python3/dist-packages/heat/engine/service.py:2370
2026-05-18 00:43:24.892 37733 DEBUG heat.engine.service [req-9157f443-0dfe-4147-89bb-81a3547663bb - - - - -] Service 9ab25ba4-510d-4270-bbf3-bb942951a53a is updated service_manage_report /usr/lib/python3/dist-packages/heat/engine/service.py:2370
2026-05-18 00:43:24.901 37734 DEBUG heat.engine.service [req-9af81b01-e03a-460b-b0c7-37355e52f7ea - - - - -] Service 1309d2b8-ce60-4d2d-b945-93461b4b25bc is updated service_manage_report /usr/lib/python3/dist-packages/heat/engine/service.py:2370
2026-05-18 00:44:24.791 37731 DEBUG heat.engine.service [req-30cfa6df-6566-414b-a72f-bc635b01f19e - - - - -] Service 1e3178be-08a7-4d42-b436-58d8e78ee7b7 is updated service_manage_report /usr/lib/python3/dist-packages/heat/engine/service.py:2370
2026-05-18 00:44:24.886 37732 DEBUG heat.engine.service [req-71f2c538-6daa-4780-99af-1c8ce2f61eae - - - - -] Service dac04334-7ca2-40c6-b7fc-0c0af1ee6539 is updated service_manage_report /usr/lib/python3/dist-packages/heat/engine/service.py:2370
2026-05-18 00:44:24.888 37733 DEBUG heat.engine.service [req-610f168a-6be9-4a87-b991-21120b3dedb0 - - - - -] Service 9ab25ba4-510d-4270-bbf3-bb942951a53a is updated service_manage_report /usr/lib/python3/dist-packages/heat/engine/service.py:2370
2026-05-18 00:44:24.894 37734 DEBUG heat.engine.service [req-67d64d9d-70ac-4339-8457-5e5a2d547cfa - - - - -] Service 1309d2b8-ce60-4d2d-b945-93461b4b25bc is updated service_manage_report /usr/lib/python3/dist-packages/heat/engine/service.py:2370
2026-05-18 00:45:24.797 37731 DEBUG heat.engine.service [req-c4c4a300-c2db-416c-9614-7e23de2b9982 - - - - -] Service 1e3178be-08a7-4d42-b436-58d8e78ee7b7 is updated service_manage_report /usr/lib/python3/dist-packages/heat/engine/service.py:2370
2026-05-18 00:45:24.882 37732 DEBUG heat.engine.service [req-44b8f513-2946-4b3a-8bdd-202c250f0d96 - - - - -] Service dac04334-7ca2-40c6-b7fc-0c0af1ee6539 is updated service_manage_report /usr/lib/python3/dist-packages/heat/engine/service.py:2370
2026-05-18 00:45:24.885 37733 DEBUG heat.engine.service [req-0963d8f2-d605-4299-ac42-fe0a65f4bff4 - - - - -] Service 9ab25ba4-510d-4270-bbf3-bb942951a53a is updated service_manage_report /usr/lib/python3/dist-packages/heat/engine/service.py:2370
2026-05-18 00:45:24.902 37734 DEBUG heat.engine.service [req-f569bf72-bdcc-4cd3-a6ef-7a9dd3a4baf8 - - - - -] Service 1309d2b8-ce60-4d2d-b945-93461b4b25bc is updated service_manage_report /usr/lib/python3/dist-packages/heat/engine/service.py:2370
2026-05-18 00:46:24.793 37731 DEBUG heat.engine.service [req-7352530a-630d-49e3-a7a6-f0c12ebc724e - - - - -] Service 1e3178be-08a7-4d42-b436-58d8e78ee7b7 is updated service_manage_report /usr/lib/python3/dist-packages/heat/engine/service.py:2370
2026-05-18 00:46:24.878 37732 DEBUG heat.engine.service [req-51621696-cc02-41b9-be5e-87682e6920a7 - - - - -] Service dac04334-7ca2-40c6-b7fc-0c0af1ee6539 is updated service_manage_report /usr/lib/python3/dist-packages/heat/engine/service.py:2370
2026-05-18 00:46:24.881 37733 DEBUG heat.engine.service [req-d610ef40-37d7-46b0-924a-ab4355e02d7d - - - - -] Service 9ab25ba4-510d-4270-bbf3-bb942951a53a is updated service_manage_report /usr/lib/python3/dist-packages/heat/engine/service.py:2370
2026-05-18 00:46:24.897 37734 DEBUG heat.engine.service [req-4c943ad6-2a07-4e76-865d-73f0ecabdc89 - - - - -] Service 1309d2b8-ce60-4d2d-b945-93461b4b25bc is updated service_manage_report /usr/lib/python3/dist-packages/heat/engine/service.py:2370
2026-05-18 00:47:24.803 37731 DEBUG heat.engine.service [req-20f5ad79-8db8-4e8b-98f9-fd79fe16113f - - - - -] Service 1e3178be-08a7-4d42-b436-58d8e78ee7b7 is updated service_manage_report /usr/lib/python3/dist-packages/heat/engine/service.py:2370
2026-05-18 00:47:24.874 37732 DEBUG heat.engine.service [req-6cf06a73-6fd7-4997-b402-c49ab4140c8a - - - - -] Service dac04334-7ca2-40c6-b7fc-0c0af1ee6539 is updated service_manage_report /usr/lib/python3/dist-packages/heat/engine/service.py:2370
2026-05-18 00:47:24.876 37733 DEBUG heat.engine.service [req-0dcaf86a-be4a-4e5b-9cd4-c6e08b0112a7 - - - - -] Service 9ab25ba4-510d-4270-bbf3-bb942951a53a is updated service_manage_report /usr/lib/python3/dist-packages/heat/engine/service.py:2370
2026-05-18 00:47:24.903 37734 DEBUG heat.engine.service [req-192d1111-c85d-42c3-a67c-a5206738ebab - - - - -] Service 1309d2b8-ce60-4d2d-b945-93461b4b25bc is updated service_manage_report /usr/lib/python3/dist-packages/heat/engine/service.py:2370
2026-05-18 00:48:24.797 37731 DEBUG heat.engine.service [req-75a50266-bf19-4bce-bc37-19a7682f7751 - - - - -] Service 1e3178be-08a7-4d42-b436-58d8e78ee7b7 is updated service_manage_report /usr/lib/python3/dist-packages/heat/engine/service.py:2370
2026-05-18 00:48:24.880 37732 DEBUG heat.engine.service [req-3cf497f2-9907-48b9-87cd-f9871f5bbba1 - - - - -] Service dac04334-7ca2-40c6-b7fc-0c0af1ee6539 is updated service_manage_report /usr/lib/python3/dist-packages/heat/engine/service.py:2370
2026-05-18 00:48:24.885 37733 DEBUG heat.engine.service [req-02668d45-b198-4ccb-9fb0-1a1a69495a09 - - - - -] Service 9ab25ba4-510d-4270-bbf3-bb942951a53a is updated service_manage_report /usr/lib/python3/dist-packages/heat/engine/service.py:2370
2026-05-18 00:48:24.908 37734 DEBUG heat.engine.service [req-6e2a12a4-fb64-4989-a141-5cfdf29f734f - - - - -] Service 1309d2b8-ce60-4d2d-b945-93461b4b25bc is updated service_manage_report /usr/lib/python3/dist-packages/heat/engine/service.py:2370
2026-05-18 00:49:24.808 37731 DEBUG heat.engine.service [req-9a204515-59b1-419b-bd56-7feca08aba47 - - - - -] Service 1e3178be-08a7-4d42-b436-58d8e78ee7b7 is updated service_manage_report /usr/lib/python3/dist-packages/heat/engine/service.py:2370
2026-05-18 00:49:24.873 37732 DEBUG heat.engine.service [req-f5934128-2abe-4ab8-ac63-aaa0c6067f5d - - - - -] Service dac04334-7ca2-40c6-b7fc-0c0af1ee6539 is updated service_manage_report /usr/lib/python3/dist-packages/heat/engine/service.py:2370
2026-05-18 00:49:24.880 37733 DEBUG heat.engine.service [req-2a0846f2-283e-4e67-9d8c-933fd9634277 - - - - -] Service 9ab25ba4-510d-4270-bbf3-bb942951a53a is updated service_manage_report /usr/lib/python3/dist-packages/heat/engine/service.py:2370
2026-05-18 00:49:24.913 37734 DEBUG heat.engine.service [req-c0cde62a-2f4d-48c8-a10a-e1aab5192b0b - - - - -] Service 1309d2b8-ce60-4d2d-b945-93461b4b25bc is updated service_manage_report /usr/lib/python3/dist-packages/heat/engine/service.py:2370
2026-05-18 00:50:24.804 37731 DEBUG heat.engine.service [req-d4d02ab0-aee9-44ef-8528-e6a05296f027 - - - - -] Service 1e3178be-08a7-4d42-b436-58d8e78ee7b7 is updated service_manage_report /usr/lib/python3/dist-packages/heat/engine/service.py:2370
2026-05-18 00:50:24.881 37732 DEBUG heat.engine.service [req-8d52f953-4006-410a-9101-75120881d3d9 - - - - -] Service dac04334-7ca2-40c6-b7fc-0c0af1ee6539 is updated service_manage_report /usr/lib/python3/dist-packages/heat/engine/service.py:2370
2026-05-18 00:50:24.886 37733 DEBUG heat.engine.service [req-c2f85762-5ce9-4d51-9eb3-f90e980a3021 - - - - -] Service 9ab25ba4-510d-4270-bbf3-bb942951a53a is updated service_manage_report /usr/lib/python3/dist-packages/heat/engine/service.py:2370
2026-05-18 00:50:24.919 37734 DEBUG heat.engine.service [req-87fe334c-82c0-44d1-823e-ba8eba892e23 - - - - -] Service 1309d2b8-ce60-4d2d-b945-93461b4b25bc is updated service_manage_report /usr/lib/python3/dist-packages/heat/engine/service.py:2370
2026-05-18 00:51:24.810 37731 DEBUG heat.engine.service [req-c86d2307-319f-4c36-9031-f83190b3fa53 - - - - -] Service 1e3178be-08a7-4d42-b436-58d8e78ee7b7 is updated service_manage_report /usr/lib/python3/dist-packages/heat/engine/service.py:2370
2026-05-18 00:51:24.881 37732 DEBUG heat.engine.service [req-85d7a627-f66a-4553-a9fb-d48052532fb0 - - - - -] Service dac04334-7ca2-40c6-b7fc-0c0af1ee6539 is updated service_manage_report /usr/lib/python3/dist-packages/heat/engine/service.py:2370
2026-05-18 00:51:24.883 37733 DEBUG heat.engine.service [req-d085fdc9-2e7b-4669-a103-4f21ec684ee0 - - - - -] Service 9ab25ba4-510d-4270-bbf3-bb942951a53a is updated service_manage_report /usr/lib/python3/dist-packages/heat/engine/service.py:2370
2026-05-18 00:51:24.914 37734 DEBUG heat.engine.service [req-86d5c537-70bb-4e9b-8119-1ffd0a350dc8 - - - - -] Service 1309d2b8-ce60-4d2d-b945-93461b4b25bc is updated service_manage_report /usr/lib/python3/dist-packages/heat/engine/service.py:2370
2026-05-18 00:52:24.806 37731 DEBUG heat.engine.service [req-f81308cc-59bc-4990-8bb2-34944d662304 - - - - -] Service 1e3178be-08a7-4d42-b436-58d8e78ee7b7 is updated service_manage_report /usr/lib/python3/dist-packages/heat/engine/service.py:2370
2026-05-18 00:52:24.876 37732 DEBUG heat.engine.service [req-42500d7f-7aa2-46f4-b4f4-8dcc272ff572 - - - - -] Service dac04334-7ca2-40c6-b7fc-0c0af1ee6539 is updated service_manage_report /usr/lib/python3/dist-packages/heat/engine/service.py:2370
2026-05-18 00:52:24.878 37733 DEBUG heat.engine.service [req-13bd6f67-12b1-4cc9-a6dc-2c5ebe982647 - - - - -] Service 9ab25ba4-510d-4270-bbf3-bb942951a53a is updated service_manage_report /usr/lib/python3/dist-packages/heat/engine/service.py:2370
2026-05-18 00:52:24.918 37734 DEBUG heat.engine.service [req-347353dd-f4b6-4a85-bbf0-761e4097e0d3 - - - - -] Service 1309d2b8-ce60-4d2d-b945-93461b4b25bc is updated service_manage_report /usr/lib/python3/dist-packages/heat/engine/service.py:2370
2026-05-18 00:53:24.815 37731 DEBUG heat.engine.service [req-ba7fc5d7-79d5-464d-a9b6-3763bd8cdccf - - - - -] Service 1e3178be-08a7-4d42-b436-58d8e78ee7b7 is updated service_manage_report /usr/lib/python3/dist-packages/heat/engine/service.py:2370
2026-05-18 00:53:24.880 37733 DEBUG heat.engine.service [req-feab3e6d-99d4-4679-b673-0f08544beaa0 - - - - -] Service 9ab25ba4-510d-4270-bbf3-bb942951a53a is updated service_manage_report /usr/lib/python3/dist-packages/heat/engine/service.py:2370
2026-05-18 00:53:24.885 37732 DEBUG heat.engine.service [req-92e74fc5-2650-45a4-a8fe-24f6ff28ce1d - - - - -] Service dac04334-7ca2-40c6-b7fc-0c0af1ee6539 is updated service_manage_report /usr/lib/python3/dist-packages/heat/engine/service.py:2370
2026-05-18 00:53:24.926 37734 DEBUG heat.engine.service [req-2d11b414-3e5d-4cb8-aca7-d0b8ec3a78d3 - - - - -] Service 1309d2b8-ce60-4d2d-b945-93461b4b25bc is updated service_manage_report /usr/lib/python3/dist-packages/heat/engine/service.py:2370
2026-05-18 00:54:24.811 37731 DEBUG heat.engine.service [req-8dfd07ba-03e7-461d-8e73-c0565290f106 - - - - -] Service 1e3178be-08a7-4d42-b436-58d8e78ee7b7 is updated service_manage_report /usr/lib/python3/dist-packages/heat/engine/service.py:2370
2026-05-18 00:54:24.881 37733 DEBUG heat.engine.service [req-b523953b-b9a4-46bd-8c7f-d66d8c4af10d - - - - -] Service 9ab25ba4-510d-4270-bbf3-bb942951a53a is updated service_manage_report /usr/lib/python3/dist-packages/heat/engine/service.py:2370
2026-05-18 00:54:24.885 37732 DEBUG heat.engine.service [req-0f3fb1d1-d2d2-49a2-8da7-ff35c7a03910 - - - - -] Service dac04334-7ca2-40c6-b7fc-0c0af1ee6539 is updated service_manage_report /usr/lib/python3/dist-packages/heat/engine/service.py:2370
2026-05-18 00:54:24.928 37734 DEBUG heat.engine.service [req-c5e6ac7b-a3f4-4fc4-a163-5ba0343ae0f5 - - - - -] Service 1309d2b8-ce60-4d2d-b945-93461b4b25bc is updated service_manage_report /usr/lib/python3/dist-packages/heat/engine/service.py:2370
2026-05-18 00:55:24.808 37731 DEBUG heat.engine.service [req-4be216de-9da5-4937-b9ef-3cbe1019b2fa - - - - -] Service 1e3178be-08a7-4d42-b436-58d8e78ee7b7 is updated service_manage_report /usr/lib/python3/dist-packages/heat/engine/service.py:2370
2026-05-18 00:55:24.878 37733 DEBUG heat.engine.service [req-8fa57682-8019-4a6c-8c4f-900734b6e6f5 - - - - -] Service 9ab25ba4-510d-4270-bbf3-bb942951a53a is updated service_manage_report /usr/lib/python3/dist-packages/heat/engine/service.py:2370
2026-05-18 00:55:24.880 37732 DEBUG heat.engine.service [req-2040bb1d-592f-49ec-b9c7-469dcdb318f8 - - - - -] Service dac04334-7ca2-40c6-b7fc-0c0af1ee6539 is updated service_manage_report /usr/lib/python3/dist-packages/heat/engine/service.py:2370
2026-05-18 00:55:24.927 37734 DEBUG heat.engine.service [req-77dd91a0-1512-4e91-b534-4e49dbd15aa4 - - - - -] Service 1309d2b8-ce60-4d2d-b945-93461b4b25bc is updated service_manage_report /usr/lib/python3/dist-packages/heat/engine/service.py:2370
2026-05-18 00:56:24.804 37731 DEBUG heat.engine.service [req-061613cd-26b1-4cbb-8d99-ba48b8d411b3 - - - - -] Service 1e3178be-08a7-4d42-b436-58d8e78ee7b7 is updated service_manage_report /usr/lib/python3/dist-packages/heat/engine/service.py:2370
2026-05-18 00:56:24.875 37733 DEBUG heat.engine.service [req-702136d6-a844-45b9-9c0e-1714ed9be1c4 - - - - -] Service 9ab25ba4-510d-4270-bbf3-bb942951a53a is updated service_manage_report /usr/lib/python3/dist-packages/heat/engine/service.py:2370
2026-05-18 00:56:24.886 37732 DEBUG heat.engine.service [req-dbae625f-95f4-4cda-9e77-33d07b1978bd - - - - -] Service dac04334-7ca2-40c6-b7fc-0c0af1ee6539 is updated service_manage_report /usr/lib/python3/dist-packages/heat/engine/service.py:2370
2026-05-18 00:56:24.924 37734 DEBUG heat.engine.service [req-ba324d52-2345-46d1-9a6f-abde9751e464 - - - - -] Service 1309d2b8-ce60-4d2d-b945-93461b4b25bc is updated service_manage_report /usr/lib/python3/dist-packages/heat/engine/service.py:2370
2026-05-18 00:57:24.809 37731 DEBUG heat.engine.service [req-942693b3-709f-48de-bbff-546c8eacc75c - - - - -] Service 1e3178be-08a7-4d42-b436-58d8e78ee7b7 is updated service_manage_report /usr/lib/python3/dist-packages/heat/engine/service.py:2370
2026-05-18 00:57:24.871 37733 DEBUG heat.engine.service [req-99ccf245-edf2-4b3e-86c4-75f8e61ce372 - - - - -] Service 9ab25ba4-510d-4270-bbf3-bb942951a53a is updated service_manage_report /usr/lib/python3/dist-packages/heat/engine/service.py:2370
2026-05-18 00:57:24.891 37732 DEBUG heat.engine.service [req-7213531f-317c-4fc3-adc3-30e89ddae17d - - - - -] Service dac04334-7ca2-40c6-b7fc-0c0af1ee6539 is updated service_manage_report /usr/lib/python3/dist-packages/heat/engine/service.py:2370
2026-05-18 00:57:24.917 37734 DEBUG heat.engine.service [req-03bb437b-8916-4e48-9d5a-7fb50bf8a45f - - - - -] Service 1309d2b8-ce60-4d2d-b945-93461b4b25bc is updated service_manage_report /usr/lib/python3/dist-packages/heat/engine/service.py:2370
2026-05-18 00:58:24.813 37731 DEBUG heat.engine.service [req-6434e29e-c45f-4dc2-a96a-9a2a4b48dd31 - - - - -] Service 1e3178be-08a7-4d42-b436-58d8e78ee7b7 is updated service_manage_report /usr/lib/python3/dist-packages/heat/engine/service.py:2370
2026-05-18 00:58:24.864 37733 DEBUG heat.engine.service [req-6689fa9a-6dc7-4f04-8927-094f9926c09a - - - - -] Service 9ab25ba4-510d-4270-bbf3-bb942951a53a is updated service_manage_report /usr/lib/python3/dist-packages/heat/engine/service.py:2370
2026-05-18 00:58:24.896 37732 DEBUG heat.engine.service [req-0ed8ce24-e84b-48e4-9c4c-5fe9e52f80b6 - - - - -] Service dac04334-7ca2-40c6-b7fc-0c0af1ee6539 is updated service_manage_report /usr/lib/python3/dist-packages/heat/engine/service.py:2370
2026-05-18 00:58:24.930 37734 DEBUG heat.engine.service [req-1d5e2a67-de6a-4b51-83c7-88cc17127bcc - - - - -] Service 1309d2b8-ce60-4d2d-b945-93461b4b25bc is updated service_manage_report /usr/lib/python3/dist-packages/heat/engine/service.py:2370
2026-05-18 00:59:24.819 37731 DEBUG heat.engine.service [req-cd7de46b-3abe-42b8-87c4-1710e672c3e5 - - - - -] Service 1e3178be-08a7-4d42-b436-58d8e78ee7b7 is updated service_manage_report /usr/lib/python3/dist-packages/heat/engine/service.py:2370
2026-05-18 00:59:24.870 37733 DEBUG heat.engine.service [req-58f1b01a-31a3-4580-9fe3-17147fa949ec - - - - -] Service 9ab25ba4-510d-4270-bbf3-bb942951a53a is updated service_manage_report /usr/lib/python3/dist-packages/heat/engine/service.py:2370
2026-05-18 00:59:24.903 37732 DEBUG heat.engine.service [req-3bc5eb06-2b54-4120-a7e1-deb8e9c0e766 - - - - -] Service dac04334-7ca2-40c6-b7fc-0c0af1ee6539 is updated service_manage_report /usr/lib/python3/dist-packages/heat/engine/service.py:2370
2026-05-18 00:59:24.929 37734 DEBUG heat.engine.service [req-c208eb8d-383c-47c6-9b30-38c748573c4f - - - - -] Service 1309d2b8-ce60-4d2d-b945-93461b4b25bc is updated service_manage_report /usr/lib/python3/dist-packages/heat/engine/service.py:2370
2026-05-18 01:00:24.820 37731 DEBUG heat.engine.service [req-82333554-ddc0-4dc6-a7b5-58054bd448b6 - - - - -] Service 1e3178be-08a7-4d42-b436-58d8e78ee7b7 is updated service_manage_report /usr/lib/python3/dist-packages/heat/engine/service.py:2370
2026-05-18 01:00:24.876 37733 DEBUG heat.engine.service [req-041bc927-e8c6-401f-a526-856b57cccf00 - - - - -] Service 9ab25ba4-510d-4270-bbf3-bb942951a53a is updated service_manage_report /usr/lib/python3/dist-packages/heat/engine/service.py:2370
2026-05-18 01:00:24.900 37732 DEBUG heat.engine.service [req-2ad47677-6016-44c6-82cf-295a581639dc - - - - -] Service dac04334-7ca2-40c6-b7fc-0c0af1ee6539 is updated service_manage_report /usr/lib/python3/dist-packages/heat/engine/service.py:2370
2026-05-18 01:00:24.924 37734 DEBUG heat.engine.service [req-35bfe68b-7397-4060-84ee-9dfbd577b390 - - - - -] Service 1309d2b8-ce60-4d2d-b945-93461b4b25bc is updated service_manage_report /usr/lib/python3/dist-packages/heat/engine/service.py:2370
2026-05-18 01:01:24.816 37731 DEBUG heat.engine.service [req-492fde05-1e80-4dce-b351-4f619d66fe6f - - - - -] Service 1e3178be-08a7-4d42-b436-58d8e78ee7b7 is updated service_manage_report /usr/lib/python3/dist-packages/heat/engine/service.py:2370
2026-05-18 01:01:24.872 37733 DEBUG heat.engine.service [req-0719140b-8106-4900-84d5-ee8e99b0fe44 - - - - -] Service 9ab25ba4-510d-4270-bbf3-bb942951a53a is updated service_manage_report /usr/lib/python3/dist-packages/heat/engine/service.py:2370
2026-05-18 01:01:24.896 37732 DEBUG heat.engine.service [req-001e66c3-8faf-48f9-9cf6-cee148749846 - - - - -] Service dac04334-7ca2-40c6-b7fc-0c0af1ee6539 is updated service_manage_report /usr/lib/python3/dist-packages/heat/engine/service.py:2370
2026-05-18 01:01:24.928 37734 DEBUG heat.engine.service [req-19ff8ce5-8f9a-42c1-b7e9-7957a49e23f6 - - - - -] Service 1309d2b8-ce60-4d2d-b945-93461b4b25bc is updated service_manage_report /usr/lib/python3/dist-packages/heat/engine/service.py:2370
2026-05-18 01:02:24.814 37731 DEBUG heat.engine.service [req-cb33ed9e-2b7a-4fc4-ab58-0346e4f1bf32 - - - - -] Service 1e3178be-08a7-4d42-b436-58d8e78ee7b7 is updated service_manage_report /usr/lib/python3/dist-packages/heat/engine/service.py:2370
2026-05-18 01:02:24.880 37733 DEBUG heat.engine.service [req-3635b63d-65ce-4b52-bd78-182b54256f68 - - - - -] Service 9ab25ba4-510d-4270-bbf3-bb942951a53a is updated service_manage_report /usr/lib/python3/dist-packages/heat/engine/service.py:2370
2026-05-18 01:02:24.900 37732 DEBUG heat.engine.service [req-4333381a-49ba-484c-89ce-1e57ed2849c2 - - - - -] Service dac04334-7ca2-40c6-b7fc-0c0af1ee6539 is updated service_manage_report /usr/lib/python3/dist-packages/heat/engine/service.py:2370
2026-05-18 01:02:24.938 37734 DEBUG heat.engine.service [req-baf9f402-dce7-4507-8e18-40c3b0cc4712 - - - - -] Service 1309d2b8-ce60-4d2d-b945-93461b4b25bc is updated service_manage_report /usr/lib/python3/dist-packages/heat/engine/service.py:2370
2026-05-18 01:03:24.809 37731 DEBUG heat.engine.service [req-ac19fa58-fdc6-4af0-a0ee-bfed61ac633e - - - - -] Service 1e3178be-08a7-4d42-b436-58d8e78ee7b7 is updated service_manage_report /usr/lib/python3/dist-packages/heat/engine/service.py:2370
2026-05-18 01:03:24.875 37733 DEBUG heat.engine.service [req-fdfecb0c-de3c-4e1b-80e3-1bad85764f26 - - - - -] Service 9ab25ba4-510d-4270-bbf3-bb942951a53a is updated service_manage_report /usr/lib/python3/dist-packages/heat/engine/service.py:2370
2026-05-18 01:03:24.904 37732 DEBUG heat.engine.service [req-de937685-14bd-471c-a89f-2f7af2d65142 - - - - -] Service dac04334-7ca2-40c6-b7fc-0c0af1ee6539 is updated service_manage_report /usr/lib/python3/dist-packages/heat/engine/service.py:2370
2026-05-18 01:03:24.933 37734 DEBUG heat.engine.service [req-969714ca-a6c1-4a89-a34f-870a66c415e4 - - - - -] Service 1309d2b8-ce60-4d2d-b945-93461b4b25bc is updated service_manage_report /usr/lib/python3/dist-packages/heat/engine/service.py:2370
2026-05-18 01:04:24.814 37731 DEBUG heat.engine.service [req-8e298027-2cac-40eb-9b4f-9a9355fe2b7a - - - - -] Service 1e3178be-08a7-4d42-b436-58d8e78ee7b7 is updated service_manage_report /usr/lib/python3/dist-packages/heat/engine/service.py:2370
2026-05-18 01:04:24.880 37733 DEBUG heat.engine.service [req-c77f8163-52b7-4b49-a8cd-2acd24075230 - - - - -] Service 9ab25ba4-510d-4270-bbf3-bb942951a53a is updated service_manage_report /usr/lib/python3/dist-packages/heat/engine/service.py:2370
2026-05-18 01:04:24.908 37732 DEBUG heat.engine.service [req-58239d98-1a40-4e1c-b2e6-c58290b917f8 - - - - -] Service dac04334-7ca2-40c6-b7fc-0c0af1ee6539 is updated service_manage_report /usr/lib/python3/dist-packages/heat/engine/service.py:2370
2026-05-18 01:04:24.938 37734 DEBUG heat.engine.service [req-69565085-2bbf-47d5-8fb0-e3796f39f975 - - - - -] Service 1309d2b8-ce60-4d2d-b945-93461b4b25bc is updated service_manage_report /usr/lib/python3/dist-packages/heat/engine/service.py:2370
2026-05-18 01:05:24.817 37731 DEBUG heat.engine.service [req-5b2d03e3-d8e4-486d-b0d3-cb881e3158d8 - - - - -] Service 1e3178be-08a7-4d42-b436-58d8e78ee7b7 is updated service_manage_report /usr/lib/python3/dist-packages/heat/engine/service.py:2370
2026-05-18 01:05:24.885 37733 DEBUG heat.engine.service [req-0d84589d-7375-4033-85fe-66f0d34fded4 - - - - -] Service 9ab25ba4-510d-4270-bbf3-bb942951a53a is updated service_manage_report /usr/lib/python3/dist-packages/heat/engine/service.py:2370
2026-05-18 01:05:24.912 37732 DEBUG heat.engine.service [req-118b6346-57e8-4ed8-80a9-12ba0f74ed3f - - - - -] Service dac04334-7ca2-40c6-b7fc-0c0af1ee6539 is updated service_manage_report /usr/lib/python3/dist-packages/heat/engine/service.py:2370
2026-05-18 01:05:24.943 37734 DEBUG heat.engine.service [req-066854a5-f232-4f2a-a54c-3fc1352e2786 - - - - -] Service 1309d2b8-ce60-4d2d-b945-93461b4b25bc is updated service_manage_report /usr/lib/python3/dist-packages/heat/engine/service.py:2370
2026-05-18 01:06:24.823 37731 DEBUG heat.engine.service [req-0f05cf31-2461-4de7-a6e4-bcfa63712fc6 - - - - -] Service 1e3178be-08a7-4d42-b436-58d8e78ee7b7 is updated service_manage_report /usr/lib/python3/dist-packages/heat/engine/service.py:2370
2026-05-18 01:06:24.891 37733 DEBUG heat.engine.service [req-330995cf-cea6-4af0-82eb-4c0feeccbc2d - - - - -] Service 9ab25ba4-510d-4270-bbf3-bb942951a53a is updated service_manage_report /usr/lib/python3/dist-packages/heat/engine/service.py:2370
2026-05-18 01:06:24.920 37732 DEBUG heat.engine.service [req-34875e3b-aefc-49be-9bc9-521e4407643a - - - - -] Service dac04334-7ca2-40c6-b7fc-0c0af1ee6539 is updated service_manage_report /usr/lib/python3/dist-packages/heat/engine/service.py:2370
2026-05-18 01:06:24.950 37734 DEBUG heat.engine.service [req-9a48ad22-bcd5-43f6-8522-8be2683b703a - - - - -] Service 1309d2b8-ce60-4d2d-b945-93461b4b25bc is updated service_manage_report /usr/lib/python3/dist-packages/heat/engine/service.py:2370
2026-05-18 01:07:24.817 37731 DEBUG heat.engine.service [req-028b6054-d428-427c-948a-437ccefc5c56 - - - - -] Service 1e3178be-08a7-4d42-b436-58d8e78ee7b7 is updated service_manage_report /usr/lib/python3/dist-packages/heat/engine/service.py:2370
2026-05-18 01:07:24.889 37733 DEBUG heat.engine.service [req-af55e902-043c-452e-989c-b881f054173c - - - - -] Service 9ab25ba4-510d-4270-bbf3-bb942951a53a is updated service_manage_report /usr/lib/python3/dist-packages/heat/engine/service.py:2370
2026-05-18 01:07:24.915 37732 DEBUG heat.engine.service [req-2d60846b-9a23-4a6a-86a0-ef3b0edffdd4 - - - - -] Service dac04334-7ca2-40c6-b7fc-0c0af1ee6539 is updated service_manage_report /usr/lib/python3/dist-packages/heat/engine/service.py:2370
2026-05-18 01:07:24.948 37734 DEBUG heat.engine.service [req-8cedd054-32cf-4da2-b2f1-dd52e6f51b2f - - - - -] Service 1309d2b8-ce60-4d2d-b945-93461b4b25bc is updated service_manage_report /usr/lib/python3/dist-packages/heat/engine/service.py:2370
2026-05-18 01:08:24.822 37731 DEBUG heat.engine.service [req-cf4fdba3-28b2-43d0-88c6-39a5ba3b2f04 - - - - -] Service 1e3178be-08a7-4d42-b436-58d8e78ee7b7 is updated service_manage_report /usr/lib/python3/dist-packages/heat/engine/service.py:2370
2026-05-18 01:08:24.884 37733 DEBUG heat.engine.service [req-d4d138e0-ed31-4b55-86a2-9d8f42b45743 - - - - -] Service 9ab25ba4-510d-4270-bbf3-bb942951a53a is updated service_manage_report /usr/lib/python3/dist-packages/heat/engine/service.py:2370
2026-05-18 01:08:24.919 37732 DEBUG heat.engine.service [req-74d9696a-df20-45ba-b34a-788bd01da634 - - - - -] Service dac04334-7ca2-40c6-b7fc-0c0af1ee6539 is updated service_manage_report /usr/lib/python3/dist-packages/heat/engine/service.py:2370
2026-05-18 01:08:24.941 37734 DEBUG heat.engine.service [req-fc818cfd-f365-4750-952c-0008c395ea56 - - - - -] Service 1309d2b8-ce60-4d2d-b945-93461b4b25bc is updated service_manage_report /usr/lib/python3/dist-packages/heat/engine/service.py:2370
2026-05-18 01:09:24.829 37731 DEBUG heat.engine.service [req-76792fda-7f42-4cf2-b8de-3ee02697a0c1 - - - - -] Service 1e3178be-08a7-4d42-b436-58d8e78ee7b7 is updated service_manage_report /usr/lib/python3/dist-packages/heat/engine/service.py:2370
2026-05-18 01:09:24.891 37733 DEBUG heat.engine.service [req-ee5dc062-f65c-4051-95ad-052433a99582 - - - - -] Service 9ab25ba4-510d-4270-bbf3-bb942951a53a is updated service_manage_report /usr/lib/python3/dist-packages/heat/engine/service.py:2370
2026-05-18 01:09:24.924 37732 DEBUG heat.engine.service [req-730355b0-486b-4131-aa67-fad8867a573f - - - - -] Service dac04334-7ca2-40c6-b7fc-0c0af1ee6539 is updated service_manage_report /usr/lib/python3/dist-packages/heat/engine/service.py:2370
2026-05-18 01:09:24.945 37734 DEBUG heat.engine.service [req-f151361a-5f8e-4325-b079-790578c8daa9 - - - - -] Service 1309d2b8-ce60-4d2d-b945-93461b4b25bc is updated service_manage_report /usr/lib/python3/dist-packages/heat/engine/service.py:2370
2026-05-18 01:10:24.836 37731 DEBUG heat.engine.service [req-dbbf7614-4e71-4828-87d1-b712e7eeb6c5 - - - - -] Service 1e3178be-08a7-4d42-b436-58d8e78ee7b7 is updated service_manage_report /usr/lib/python3/dist-packages/heat/engine/service.py:2370
2026-05-18 01:10:24.886 37733 DEBUG heat.engine.service [req-90e6f690-624e-4d74-a1cd-916dbb25aa92 - - - - -] Service 9ab25ba4-510d-4270-bbf3-bb942951a53a is updated service_manage_report /usr/lib/python3/dist-packages/heat/engine/service.py:2370
