2026-05-18 01:54:51.698 7 DEBUG oslo_service.service [-] ml2_type_gre.tunnel_id_ranges = [] log_opt_values /var/lib/kolla/venv/lib/python3.6/site-packages/oslo_config/cfg.py:2611
2026-05-18 01:54:51.698 7 DEBUG oslo_service.service [-] ml2_type_vlan.network_vlan_ranges = [] log_opt_values /var/lib/kolla/venv/lib/python3.6/site-packages/oslo_config/cfg.py:2611
2026-05-18 01:54:51.699 7 DEBUG oslo_service.service [-] ml2_type_vxlan.vni_ranges = [] log_opt_values /var/lib/kolla/venv/lib/python3.6/site-packages/oslo_config/cfg.py:2611
2026-05-18 01:54:51.699 7 DEBUG oslo_service.service [-] ml2_type_vxlan.vxlan_group = None log_opt_values /var/lib/kolla/venv/lib/python3.6/site-packages/oslo_config/cfg.py:2611
2026-05-18 01:54:51.699 7 DEBUG oslo_service.service [-] database.backend = sqlalchemy log_opt_values /var/lib/kolla/venv/lib/python3.6/site-packages/oslo_config/cfg.py:2611
2026-05-18 01:54:51.699 7 DEBUG oslo_service.service [-] database.connection = **** log_opt_values /var/lib/kolla/venv/lib/python3.6/site-packages/oslo_config/cfg.py:2611
2026-05-18 01:54:51.699 7 DEBUG oslo_service.service [-] database.connection_debug = 0 log_opt_values /var/lib/kolla/venv/lib/python3.6/site-packages/oslo_config/cfg.py:2611
2026-05-18 01:54:51.699 7 DEBUG oslo_service.service [-] database.connection_parameters = log_opt_values /var/lib/kolla/venv/lib/python3.6/site-packages/oslo_config/cfg.py:2611
2026-05-18 01:54:51.699 7 DEBUG oslo_service.service [-] database.connection_recycle_time = 10 log_opt_values /var/lib/kolla/venv/lib/python3.6/site-packages/oslo_config/cfg.py:2611
2026-05-18 01:54:51.699 7 DEBUG oslo_service.service [-] database.connection_trace = False log_opt_values /var/lib/kolla/venv/lib/python3.6/site-packages/oslo_config/cfg.py:2611
2026-05-18 01:54:51.699 7 DEBUG oslo_service.service [-] database.db_inc_retry_interval = True log_opt_values /var/lib/kolla/venv/lib/python3.6/site-packages/oslo_config/cfg.py:2611
2026-05-18 01:54:51.699 7 DEBUG oslo_service.service [-] database.db_max_retries = 20 log_opt_values /var/lib/kolla/venv/lib/python3.6/site-packages/oslo_config/cfg.py:2611
2026-05-18 01:54:51.699 7 DEBUG oslo_service.service [-] database.db_max_retry_interval = 10 log_opt_values /var/lib/kolla/venv/lib/python3.6/site-packages/oslo_config/cfg.py:2611
2026-05-18 01:54:51.699 7 DEBUG oslo_service.service [-] database.db_retry_interval = 1 log_opt_values /var/lib/kolla/venv/lib/python3.6/site-packages/oslo_config/cfg.py:2611
2026-05-18 01:54:51.699 7 DEBUG oslo_service.service [-] database.max_overflow = 50 log_opt_values /var/lib/kolla/venv/lib/python3.6/site-packages/oslo_config/cfg.py:2611
2026-05-18 01:54:51.699 7 DEBUG oslo_service.service [-] database.max_pool_size = 1 log_opt_values /var/lib/kolla/venv/lib/python3.6/site-packages/oslo_config/cfg.py:2611
2026-05-18 01:54:51.699 7 DEBUG oslo_service.service [-] database.max_retries = -1 log_opt_values /var/lib/kolla/venv/lib/python3.6/site-packages/oslo_config/cfg.py:2611
2026-05-18 01:54:51.699 7 DEBUG oslo_service.service [-] database.mysql_enable_ndb = False log_opt_values /var/lib/kolla/venv/lib/python3.6/site-packages/oslo_config/cfg.py:2611
2026-05-18 01:54:51.700 7 DEBUG oslo_service.service [-] database.mysql_sql_mode = TRADITIONAL log_opt_values /var/lib/kolla/venv/lib/python3.6/site-packages/oslo_config/cfg.py:2611
2026-05-18 01:54:51.700 7 DEBUG oslo_service.service [-] database.pool_timeout = None log_opt_values /var/lib/kolla/venv/lib/python3.6/site-packages/oslo_config/cfg.py:2611
2026-05-18 01:54:51.700 7 DEBUG oslo_service.service [-] database.retry_interval = 10 log_opt_values /var/lib/kolla/venv/lib/python3.6/site-packages/oslo_config/cfg.py:2611
2026-05-18 01:54:51.700 7 DEBUG oslo_service.service [-] database.slave_connection = **** log_opt_values /var/lib/kolla/venv/lib/python3.6/site-packages/oslo_config/cfg.py:2611
2026-05-18 01:54:51.700 7 DEBUG oslo_service.service [-] database.sqlite_synchronous = True log_opt_values /var/lib/kolla/venv/lib/python3.6/site-packages/oslo_config/cfg.py:2611
2026-05-18 01:54:51.700 7 DEBUG oslo_service.service [-] database.use_db_reconnect = False log_opt_values /var/lib/kolla/venv/lib/python3.6/site-packages/oslo_config/cfg.py:2611
2026-05-18 01:54:51.700 7 DEBUG oslo_service.service [-] ******************************************************************************** log_opt_values /var/lib/kolla/venv/lib/python3.6/site-packages/oslo_config/cfg.py:2613
2026-05-18 01:54:53.581 22 DEBUG neutron.wsgi [-] (22) accepted ('10.0.0.19', 45582) server /var/lib/kolla/venv/lib/python3.6/site-packages/eventlet/wsgi.py:1004
2026-05-18 01:54:53.589 22 INFO neutron.wsgi [-] 10.0.0.19 "GET / HTTP/1.1" status: 200 len: 227 time: 0.0062053
2026-05-18 01:54:56.368 24 DEBUG neutron.api.rpc.handlers.dhcp_rpc [req-e563d2d3-369c-4e0c-a1f7-a50097aed839 - - - - -] get_active_networks_info from cn-jenkins-deploy-platform-ansible-os-5791-1 get_active_networks_info /var/lib/kolla/venv/lib/python3.6/site-packages/neutron/api/rpc/handlers/dhcp_rpc.py:159
2026-05-18 01:54:56.390 26 DEBUG neutron_lib.callbacks.manager [req-d6f25d32-01e6-42f7-810b-d8efc3c6c2bd - - - - -] Publish callbacks ['neutron.services.segments.db._update_segment_host_mapping_for_agent-8742270580800', 'neutron.services.l3_router.l3_router_plugin.DVRResourceOperationHandler.create_fip_agent_gw_ports-753341'] for agent (37a3079a-3af0-41d1-800f-3e7665301529), after_create _notify_loop /var/lib/kolla/venv/lib/python3.6/site-packages/neutron_lib/callbacks/manager.py:177
2026-05-18 01:54:56.404 24 DEBUG neutron.scheduler.dhcp_agent_scheduler [req-e563d2d3-369c-4e0c-a1f7-a50097aed839 - - - - -] No non-hosted networks auto_schedule_networks /var/lib/kolla/venv/lib/python3.6/site-packages/neutron/scheduler/dhcp_agent_scheduler.py:60
2026-05-18 01:55:15.317 27 DEBUG neutron_lib.callbacks.manager [req-3084ac81-59ed-48b6-a7d7-e770e2137252 - - - - -] Publish callbacks ['neutron.services.segments.db._update_segment_host_mapping_for_agent-8742270580800', 'neutron.services.l3_router.l3_router_plugin.DVRResourceOperationHandler.create_fip_agent_gw_ports-753341'] for agent (c79c1c7a-5df3-466c-8f39-47aa46970b9d), after_create _notify_loop /var/lib/kolla/venv/lib/python3.6/site-packages/neutron_lib/callbacks/manager.py:177
2026-05-18 01:55:23.631 22 DEBUG neutron.wsgi [-] (22) accepted ('10.0.0.19', 43274) server /var/lib/kolla/venv/lib/python3.6/site-packages/eventlet/wsgi.py:1004
2026-05-18 01:55:23.635 22 INFO neutron.wsgi [-] 10.0.0.19 "GET / HTTP/1.1" status: 200 len: 227 time: 0.0030663
2026-05-18 01:55:26.380 28 DEBUG neutron_lib.callbacks.manager [req-9e294850-b579-42be-8613-5636e638ab73 - - - - -] Publish callbacks ['neutron.services.segments.db._update_segment_host_mapping_for_agent-8742270580800', 'neutron.plugins.ml2.plugin.Ml2Plugin._retry_binding_revived_agents--9223372036853454755'] for agent (37a3079a-3af0-41d1-800f-3e7665301529), after_update _notify_loop /var/lib/kolla/venv/lib/python3.6/site-packages/neutron_lib/callbacks/manager.py:177
2026-05-18 01:55:45.296 24 DEBUG neutron_lib.callbacks.manager [req-3084ac81-59ed-48b6-a7d7-e770e2137252 - - - - -] Publish callbacks ['neutron.services.segments.db._update_segment_host_mapping_for_agent-8742270580800', 'neutron.plugins.ml2.plugin.Ml2Plugin._retry_binding_revived_agents--9223372036853454755'] for agent (c79c1c7a-5df3-466c-8f39-47aa46970b9d), after_update _notify_loop /var/lib/kolla/venv/lib/python3.6/site-packages/neutron_lib/callbacks/manager.py:177
2026-05-18 01:55:53.678 22 DEBUG neutron.wsgi [-] (22) accepted ('10.0.0.19', 50534) server /var/lib/kolla/venv/lib/python3.6/site-packages/eventlet/wsgi.py:1004
2026-05-18 01:55:53.682 22 INFO neutron.wsgi [-] 10.0.0.19 "GET / HTTP/1.1" status: 200 len: 227 time: 0.0035696
2026-05-18 01:55:56.376 23 DEBUG neutron_lib.callbacks.manager [req-07275137-20ab-45ec-801f-6dedb42665bb - - - - -] Publish callbacks ['neutron.services.segments.db._update_segment_host_mapping_for_agent-8742270580800', 'neutron.plugins.ml2.plugin.Ml2Plugin._retry_binding_revived_agents--9223372036853454755'] for agent (37a3079a-3af0-41d1-800f-3e7665301529), after_update _notify_loop /var/lib/kolla/venv/lib/python3.6/site-packages/neutron_lib/callbacks/manager.py:177
2026-05-18 01:55:56.688 29 DEBUG neutron.db.agents_db [req-dcc6f602-36de-4869-8f1b-b0198663e1fa - - - - -] Agent healthcheck: found 2 active agents agent_health_check /var/lib/kolla/venv/lib/python3.6/site-packages/neutron/db/agents_db.py:318
2026-05-18 01:56:15.305 25 DEBUG neutron_lib.callbacks.manager [req-3084ac81-59ed-48b6-a7d7-e770e2137252 - - - - -] Publish callbacks ['neutron.services.segments.db._update_segment_host_mapping_for_agent-8742270580800', 'neutron.plugins.ml2.plugin.Ml2Plugin._retry_binding_revived_agents--9223372036853454755'] for agent (c79c1c7a-5df3-466c-8f39-47aa46970b9d), after_update _notify_loop /var/lib/kolla/venv/lib/python3.6/site-packages/neutron_lib/callbacks/manager.py:177
2026-05-18 01:56:23.731 22 DEBUG neutron.wsgi [-] (22) accepted ('10.0.0.19', 44172) server /var/lib/kolla/venv/lib/python3.6/site-packages/eventlet/wsgi.py:1004
2026-05-18 01:56:23.735 22 INFO neutron.wsgi [-] 10.0.0.19 "GET / HTTP/1.1" status: 200 len: 227 time: 0.0026693
2026-05-18 01:56:26.361 26 DEBUG neutron_lib.callbacks.manager [req-f40893ce-f1ab-4275-954e-5e5b5e0afcbe - - - - -] Publish callbacks ['neutron.services.segments.db._update_segment_host_mapping_for_agent-8742270580800', 'neutron.plugins.ml2.plugin.Ml2Plugin._retry_binding_revived_agents--9223372036853454755'] for agent (37a3079a-3af0-41d1-800f-3e7665301529), after_update _notify_loop /var/lib/kolla/venv/lib/python3.6/site-packages/neutron_lib/callbacks/manager.py:177
2026-05-18 01:56:33.688 29 DEBUG neutron.db.agents_db [req-dcc6f602-36de-4869-8f1b-b0198663e1fa - - - - -] Agent healthcheck: found 2 active agents agent_health_check /var/lib/kolla/venv/lib/python3.6/site-packages/neutron/db/agents_db.py:318
2026-05-18 01:56:45.296 27 DEBUG neutron_lib.callbacks.manager [req-3084ac81-59ed-48b6-a7d7-e770e2137252 - - - - -] Publish callbacks ['neutron.services.segments.db._update_segment_host_mapping_for_agent-8742270580800', 'neutron.plugins.ml2.plugin.Ml2Plugin._retry_binding_revived_agents--9223372036853454755'] for agent (c79c1c7a-5df3-466c-8f39-47aa46970b9d), after_update _notify_loop /var/lib/kolla/venv/lib/python3.6/site-packages/neutron_lib/callbacks/manager.py:177
2026-05-18 01:56:53.783 22 DEBUG neutron.wsgi [-] (22) accepted ('10.0.0.19', 37966) server /var/lib/kolla/venv/lib/python3.6/site-packages/eventlet/wsgi.py:1004
2026-05-18 01:56:53.786 22 INFO neutron.wsgi [-] 10.0.0.19 "GET / HTTP/1.1" status: 200 len: 227 time: 0.0028605
2026-05-18 01:56:56.359 28 DEBUG neutron_lib.callbacks.manager [req-758e7ca3-d542-41a3-a4a9-70ec2a58fb18 - - - - -] Publish callbacks ['neutron.services.segments.db._update_segment_host_mapping_for_agent-8742270580800', 'neutron.plugins.ml2.plugin.Ml2Plugin._retry_binding_revived_agents--9223372036853454755'] for agent (37a3079a-3af0-41d1-800f-3e7665301529), after_update _notify_loop /var/lib/kolla/venv/lib/python3.6/site-packages/neutron_lib/callbacks/manager.py:177
2026-05-18 01:57:10.685 29 DEBUG neutron.db.agents_db [req-dcc6f602-36de-4869-8f1b-b0198663e1fa - - - - -] Agent healthcheck: found 2 active agents agent_health_check /var/lib/kolla/venv/lib/python3.6/site-packages/neutron/db/agents_db.py:318
2026-05-18 01:57:15.295 24 DEBUG neutron_lib.callbacks.manager [req-3084ac81-59ed-48b6-a7d7-e770e2137252 - - - - -] Publish callbacks ['neutron.services.segments.db._update_segment_host_mapping_for_agent-8742270580800', 'neutron.plugins.ml2.plugin.Ml2Plugin._retry_binding_revived_agents--9223372036853454755'] for agent (c79c1c7a-5df3-466c-8f39-47aa46970b9d), after_update _notify_loop /var/lib/kolla/venv/lib/python3.6/site-packages/neutron_lib/callbacks/manager.py:177
2026-05-18 01:57:23.827 22 DEBUG neutron.wsgi [-] (22) accepted ('10.0.0.19', 44696) server /var/lib/kolla/venv/lib/python3.6/site-packages/eventlet/wsgi.py:1004
2026-05-18 01:57:23.832 22 INFO neutron.wsgi [-] 10.0.0.19 "GET / HTTP/1.1" status: 200 len: 227 time: 0.0045440
2026-05-18 01:57:26.358 23 DEBUG neutron_lib.callbacks.manager [req-5a2289dc-1d56-4577-8292-7b3ab6c83f32 - - - - -] Publish callbacks ['neutron.services.segments.db._update_segment_host_mapping_for_agent-8742270580800', 'neutron.plugins.ml2.plugin.Ml2Plugin._retry_binding_revived_agents--9223372036853454755'] for agent (37a3079a-3af0-41d1-800f-3e7665301529), after_update _notify_loop /var/lib/kolla/venv/lib/python3.6/site-packages/neutron_lib/callbacks/manager.py:177
2026-05-18 01:57:45.301 25 DEBUG neutron_lib.callbacks.manager [req-3084ac81-59ed-48b6-a7d7-e770e2137252 - - - - -] Publish callbacks ['neutron.services.segments.db._update_segment_host_mapping_for_agent-8742270580800', 'neutron.plugins.ml2.plugin.Ml2Plugin._retry_binding_revived_agents--9223372036853454755'] for agent (c79c1c7a-5df3-466c-8f39-47aa46970b9d), after_update _notify_loop /var/lib/kolla/venv/lib/python3.6/site-packages/neutron_lib/callbacks/manager.py:177
2026-05-18 01:57:47.693 29 DEBUG neutron.db.agents_db [req-dcc6f602-36de-4869-8f1b-b0198663e1fa - - - - -] Agent healthcheck: found 2 active agents agent_health_check /var/lib/kolla/venv/lib/python3.6/site-packages/neutron/db/agents_db.py:318
2026-05-18 01:57:53.877 22 DEBUG neutron.wsgi [-] (22) accepted ('10.0.0.19', 45198) server /var/lib/kolla/venv/lib/python3.6/site-packages/eventlet/wsgi.py:1004
2026-05-18 01:57:53.881 22 INFO neutron.wsgi [-] 10.0.0.19 "GET / HTTP/1.1" status: 200 len: 227 time: 0.0027544
2026-05-18 01:57:56.354 26 DEBUG neutron_lib.callbacks.manager [req-e3d65e96-f1ba-4c5e-a343-d750316f7edf - - - - -] Publish callbacks ['neutron.services.segments.db._update_segment_host_mapping_for_agent-8742270580800', 'neutron.plugins.ml2.plugin.Ml2Plugin._retry_binding_revived_agents--9223372036853454755'] for agent (37a3079a-3af0-41d1-800f-3e7665301529), after_update _notify_loop /var/lib/kolla/venv/lib/python3.6/site-packages/neutron_lib/callbacks/manager.py:177
2026-05-18 01:58:15.304 27 DEBUG neutron_lib.callbacks.manager [req-3084ac81-59ed-48b6-a7d7-e770e2137252 - - - - -] Publish callbacks ['neutron.services.segments.db._update_segment_host_mapping_for_agent-8742270580800', 'neutron.plugins.ml2.plugin.Ml2Plugin._retry_binding_revived_agents--9223372036853454755'] for agent (c79c1c7a-5df3-466c-8f39-47aa46970b9d), after_update _notify_loop /var/lib/kolla/venv/lib/python3.6/site-packages/neutron_lib/callbacks/manager.py:177
2026-05-18 01:58:23.932 22 DEBUG neutron.wsgi [-] (22) accepted ('10.0.0.19', 34134) server /var/lib/kolla/venv/lib/python3.6/site-packages/eventlet/wsgi.py:1004
2026-05-18 01:58:23.935 22 INFO neutron.wsgi [-] 10.0.0.19 "GET / HTTP/1.1" status: 200 len: 227 time: 0.0025928
2026-05-18 01:58:24.690 29 DEBUG neutron.db.agents_db [req-dcc6f602-36de-4869-8f1b-b0198663e1fa - - - - -] Agent healthcheck: found 2 active agents agent_health_check /var/lib/kolla/venv/lib/python3.6/site-packages/neutron/db/agents_db.py:318
2026-05-18 01:58:26.355 28 DEBUG neutron_lib.callbacks.manager [req-e6e4e683-e491-46d8-b758-79654a15b133 - - - - -] Publish callbacks ['neutron.services.segments.db._update_segment_host_mapping_for_agent-8742270580800', 'neutron.plugins.ml2.plugin.Ml2Plugin._retry_binding_revived_agents--9223372036853454755'] for agent (37a3079a-3af0-41d1-800f-3e7665301529), after_update _notify_loop /var/lib/kolla/venv/lib/python3.6/site-packages/neutron_lib/callbacks/manager.py:177
2026-05-18 01:58:45.306 24 DEBUG neutron_lib.callbacks.manager [req-3084ac81-59ed-48b6-a7d7-e770e2137252 - - - - -] Publish callbacks ['neutron.services.segments.db._update_segment_host_mapping_for_agent-8742270580800', 'neutron.plugins.ml2.plugin.Ml2Plugin._retry_binding_revived_agents--9223372036853454755'] for agent (c79c1c7a-5df3-466c-8f39-47aa46970b9d), after_update _notify_loop /var/lib/kolla/venv/lib/python3.6/site-packages/neutron_lib/callbacks/manager.py:177
2026-05-18 01:58:53.982 22 DEBUG neutron.wsgi [-] (22) accepted ('10.0.0.19', 34974) server /var/lib/kolla/venv/lib/python3.6/site-packages/eventlet/wsgi.py:1004
2026-05-18 01:58:53.986 22 INFO neutron.wsgi [-] 10.0.0.19 "GET / HTTP/1.1" status: 200 len: 227 time: 0.0026164
2026-05-18 01:58:56.477 23 DEBUG neutron_lib.callbacks.manager [req-6051ca4b-7ba7-497e-a691-6eb4f86a0ef4 - - - - -] Publish callbacks ['neutron.services.segments.db._update_segment_host_mapping_for_agent-8742270580800', 'neutron.plugins.ml2.plugin.Ml2Plugin._retry_binding_revived_agents--9223372036853454755'] for agent (37a3079a-3af0-41d1-800f-3e7665301529), after_update _notify_loop /var/lib/kolla/venv/lib/python3.6/site-packages/neutron_lib/callbacks/manager.py:177
2026-05-18 01:59:01.690 29 DEBUG neutron.db.agents_db [req-dcc6f602-36de-4869-8f1b-b0198663e1fa - - - - -] Agent healthcheck: found 2 active agents agent_health_check /var/lib/kolla/venv/lib/python3.6/site-packages/neutron/db/agents_db.py:318
2026-05-18 01:59:15.306 25 DEBUG neutron_lib.callbacks.manager [req-3084ac81-59ed-48b6-a7d7-e770e2137252 - - - - -] Publish callbacks ['neutron.services.segments.db._update_segment_host_mapping_for_agent-8742270580800', 'neutron.plugins.ml2.plugin.Ml2Plugin._retry_binding_revived_agents--9223372036853454755'] for agent (c79c1c7a-5df3-466c-8f39-47aa46970b9d), after_update _notify_loop /var/lib/kolla/venv/lib/python3.6/site-packages/neutron_lib/callbacks/manager.py:177
2026-05-18 01:59:24.036 22 DEBUG neutron.wsgi [-] (22) accepted ('10.0.0.19', 46252) server /var/lib/kolla/venv/lib/python3.6/site-packages/eventlet/wsgi.py:1004
2026-05-18 01:59:24.040 22 INFO neutron.wsgi [-] 10.0.0.19 "GET / HTTP/1.1" status: 200 len: 227 time: 0.0030718
2026-05-18 01:59:26.354 26 DEBUG neutron_lib.callbacks.manager [req-6b099b3a-4d2a-426f-b85e-6f0aeab06a22 - - - - -] Publish callbacks ['neutron.services.segments.db._update_segment_host_mapping_for_agent-8742270580800', 'neutron.plugins.ml2.plugin.Ml2Plugin._retry_binding_revived_agents--9223372036853454755'] for agent (37a3079a-3af0-41d1-800f-3e7665301529), after_update _notify_loop /var/lib/kolla/venv/lib/python3.6/site-packages/neutron_lib/callbacks/manager.py:177
2026-05-18 01:59:38.686 29 DEBUG neutron.db.agents_db [req-dcc6f602-36de-4869-8f1b-b0198663e1fa - - - - -] Agent healthcheck: found 2 active agents agent_health_check /var/lib/kolla/venv/lib/python3.6/site-packages/neutron/db/agents_db.py:318
2026-05-18 01:59:45.310 27 DEBUG neutron_lib.callbacks.manager [req-3084ac81-59ed-48b6-a7d7-e770e2137252 - - - - -] Publish callbacks ['neutron.services.segments.db._update_segment_host_mapping_for_agent-8742270580800', 'neutron.plugins.ml2.plugin.Ml2Plugin._retry_binding_revived_agents--9223372036853454755'] for agent (c79c1c7a-5df3-466c-8f39-47aa46970b9d), after_update _notify_loop /var/lib/kolla/venv/lib/python3.6/site-packages/neutron_lib/callbacks/manager.py:177
2026-05-18 01:59:54.101 22 DEBUG neutron.wsgi [-] (22) accepted ('10.0.0.19', 48962) server /var/lib/kolla/venv/lib/python3.6/site-packages/eventlet/wsgi.py:1004
2026-05-18 01:59:54.105 22 INFO neutron.wsgi [-] 10.0.0.19 "GET / HTTP/1.1" status: 200 len: 227 time: 0.0029218
2026-05-18 01:59:56.354 28 DEBUG neutron_lib.callbacks.manager [req-91b01b5d-cf6a-439a-ac18-ffa611716cff - - - - -] Publish callbacks ['neutron.services.segments.db._update_segment_host_mapping_for_agent-8742270580800', 'neutron.plugins.ml2.plugin.Ml2Plugin._retry_binding_revived_agents--9223372036853454755'] for agent (37a3079a-3af0-41d1-800f-3e7665301529), after_update _notify_loop /var/lib/kolla/venv/lib/python3.6/site-packages/neutron_lib/callbacks/manager.py:177
2026-05-18 02:00:15.312 24 DEBUG neutron_lib.callbacks.manager [req-3084ac81-59ed-48b6-a7d7-e770e2137252 - - - - -] Publish callbacks ['neutron.services.segments.db._update_segment_host_mapping_for_agent-8742270580800', 'neutron.plugins.ml2.plugin.Ml2Plugin._retry_binding_revived_agents--9223372036853454755'] for agent (c79c1c7a-5df3-466c-8f39-47aa46970b9d), after_update _notify_loop /var/lib/kolla/venv/lib/python3.6/site-packages/neutron_lib/callbacks/manager.py:177
2026-05-18 02:00:15.686 29 DEBUG neutron.db.agents_db [req-dcc6f602-36de-4869-8f1b-b0198663e1fa - - - - -] Agent healthcheck: found 2 active agents agent_health_check /var/lib/kolla/venv/lib/python3.6/site-packages/neutron/db/agents_db.py:318
2026-05-18 02:00:24.151 22 DEBUG neutron.wsgi [-] (22) accepted ('10.0.0.19', 55568) server /var/lib/kolla/venv/lib/python3.6/site-packages/eventlet/wsgi.py:1004
2026-05-18 02:00:24.155 22 INFO neutron.wsgi [-] 10.0.0.19 "GET / HTTP/1.1" status: 200 len: 227 time: 0.0026679
2026-05-18 02:00:26.350 23 DEBUG neutron_lib.callbacks.manager [req-aedad3cc-caa7-4379-83f4-94a3a62e0f62 - - - - -] Publish callbacks ['neutron.services.segments.db._update_segment_host_mapping_for_agent-8742270580800', 'neutron.plugins.ml2.plugin.Ml2Plugin._retry_binding_revived_agents--9223372036853454755'] for agent (37a3079a-3af0-41d1-800f-3e7665301529), after_update _notify_loop /var/lib/kolla/venv/lib/python3.6/site-packages/neutron_lib/callbacks/manager.py:177
2026-05-18 02:00:45.314 25 DEBUG neutron_lib.callbacks.manager [req-3084ac81-59ed-48b6-a7d7-e770e2137252 - - - - -] Publish callbacks ['neutron.services.segments.db._update_segment_host_mapping_for_agent-8742270580800', 'neutron.plugins.ml2.plugin.Ml2Plugin._retry_binding_revived_agents--9223372036853454755'] for agent (c79c1c7a-5df3-466c-8f39-47aa46970b9d), after_update _notify_loop /var/lib/kolla/venv/lib/python3.6/site-packages/neutron_lib/callbacks/manager.py:177
2026-05-18 02:00:52.680 29 DEBUG neutron.db.agents_db [req-dcc6f602-36de-4869-8f1b-b0198663e1fa - - - - -] Agent healthcheck: found 2 active agents agent_health_check /var/lib/kolla/venv/lib/python3.6/site-packages/neutron/db/agents_db.py:318
2026-05-18 02:00:54.203 22 DEBUG neutron.wsgi [-] (22) accepted ('10.0.0.19', 41802) server /var/lib/kolla/venv/lib/python3.6/site-packages/eventlet/wsgi.py:1004
2026-05-18 02:00:54.210 22 INFO neutron.wsgi [-] 10.0.0.19 "GET / HTTP/1.1" status: 200 len: 227 time: 0.0045722
2026-05-18 02:00:56.352 26 DEBUG neutron_lib.callbacks.manager [req-1a347978-b498-40b3-8c4f-59882420d997 - - - - -] Publish callbacks ['neutron.services.segments.db._update_segment_host_mapping_for_agent-8742270580800', 'neutron.plugins.ml2.plugin.Ml2Plugin._retry_binding_revived_agents--9223372036853454755'] for agent (37a3079a-3af0-41d1-800f-3e7665301529), after_update _notify_loop /var/lib/kolla/venv/lib/python3.6/site-packages/neutron_lib/callbacks/manager.py:177
2026-05-18 02:01:15.316 27 DEBUG neutron_lib.callbacks.manager [req-3084ac81-59ed-48b6-a7d7-e770e2137252 - - - - -] Publish callbacks ['neutron.services.segments.db._update_segment_host_mapping_for_agent-8742270580800', 'neutron.plugins.ml2.plugin.Ml2Plugin._retry_binding_revived_agents--9223372036853454755'] for agent (c79c1c7a-5df3-466c-8f39-47aa46970b9d), after_update _notify_loop /var/lib/kolla/venv/lib/python3.6/site-packages/neutron_lib/callbacks/manager.py:177
2026-05-18 02:01:24.253 22 DEBUG neutron.wsgi [-] (22) accepted ('10.0.0.19', 57936) server /var/lib/kolla/venv/lib/python3.6/site-packages/eventlet/wsgi.py:1004
2026-05-18 02:01:24.257 22 INFO neutron.wsgi [-] 10.0.0.19 "GET / HTTP/1.1" status: 200 len: 227 time: 0.0027015
2026-05-18 02:01:26.351 28 DEBUG neutron_lib.callbacks.manager [req-8a805724-1795-44cd-baa0-29aec70bdfab - - - - -] Publish callbacks ['neutron.services.segments.db._update_segment_host_mapping_for_agent-8742270580800', 'neutron.plugins.ml2.plugin.Ml2Plugin._retry_binding_revived_agents--9223372036853454755'] for agent (37a3079a-3af0-41d1-800f-3e7665301529), after_update _notify_loop /var/lib/kolla/venv/lib/python3.6/site-packages/neutron_lib/callbacks/manager.py:177
2026-05-18 02:01:29.690 29 DEBUG neutron.db.agents_db [req-dcc6f602-36de-4869-8f1b-b0198663e1fa - - - - -] Agent healthcheck: found 2 active agents agent_health_check /var/lib/kolla/venv/lib/python3.6/site-packages/neutron/db/agents_db.py:318
2026-05-18 02:01:45.320 24 DEBUG neutron_lib.callbacks.manager [req-3084ac81-59ed-48b6-a7d7-e770e2137252 - - - - -] Publish callbacks ['neutron.services.segments.db._update_segment_host_mapping_for_agent-8742270580800', 'neutron.plugins.ml2.plugin.Ml2Plugin._retry_binding_revived_agents--9223372036853454755'] for agent (c79c1c7a-5df3-466c-8f39-47aa46970b9d), after_update _notify_loop /var/lib/kolla/venv/lib/python3.6/site-packages/neutron_lib/callbacks/manager.py:177
2026-05-18 02:01:54.299 22 DEBUG neutron.wsgi [-] (22) accepted ('10.0.0.19', 47700) server /var/lib/kolla/venv/lib/python3.6/site-packages/eventlet/wsgi.py:1004
2026-05-18 02:01:54.303 22 INFO neutron.wsgi [-] 10.0.0.19 "GET / HTTP/1.1" status: 200 len: 227 time: 0.0026226
2026-05-18 02:01:56.348 23 DEBUG neutron_lib.callbacks.manager [req-218280f8-aa6a-4f9d-8b93-95afbae7da4b - - - - -] Publish callbacks ['neutron.services.segments.db._update_segment_host_mapping_for_agent-8742270580800', 'neutron.plugins.ml2.plugin.Ml2Plugin._retry_binding_revived_agents--9223372036853454755'] for agent (37a3079a-3af0-41d1-800f-3e7665301529), after_update _notify_loop /var/lib/kolla/venv/lib/python3.6/site-packages/neutron_lib/callbacks/manager.py:177
2026-05-18 02:02:06.690 29 DEBUG neutron.db.agents_db [req-dcc6f602-36de-4869-8f1b-b0198663e1fa - - - - -] Agent healthcheck: found 2 active agents agent_health_check /var/lib/kolla/venv/lib/python3.6/site-packages/neutron/db/agents_db.py:318
2026-05-18 02:02:15.323 25 DEBUG neutron_lib.callbacks.manager [req-3084ac81-59ed-48b6-a7d7-e770e2137252 - - - - -] Publish callbacks ['neutron.services.segments.db._update_segment_host_mapping_for_agent-8742270580800', 'neutron.plugins.ml2.plugin.Ml2Plugin._retry_binding_revived_agents--9223372036853454755'] for agent (c79c1c7a-5df3-466c-8f39-47aa46970b9d), after_update _notify_loop /var/lib/kolla/venv/lib/python3.6/site-packages/neutron_lib/callbacks/manager.py:177
2026-05-18 02:02:24.347 22 DEBUG neutron.wsgi [-] (22) accepted ('10.0.0.19', 47010) server /var/lib/kolla/venv/lib/python3.6/site-packages/eventlet/wsgi.py:1004
2026-05-18 02:02:24.351 22 INFO neutron.wsgi [-] 10.0.0.19 "GET / HTTP/1.1" status: 200 len: 227 time: 0.0028896
2026-05-18 02:02:26.344 26 DEBUG neutron_lib.callbacks.manager [req-e7939f3b-769f-44ad-b545-e4f89330a00a - - - - -] Publish callbacks ['neutron.services.segments.db._update_segment_host_mapping_for_agent-8742270580800', 'neutron.plugins.ml2.plugin.Ml2Plugin._retry_binding_revived_agents--9223372036853454755'] for agent (37a3079a-3af0-41d1-800f-3e7665301529), after_update _notify_loop /var/lib/kolla/venv/lib/python3.6/site-packages/neutron_lib/callbacks/manager.py:177
2026-05-18 02:02:43.689 29 DEBUG neutron.db.agents_db [req-dcc6f602-36de-4869-8f1b-b0198663e1fa - - - - -] Agent healthcheck: found 2 active agents agent_health_check /var/lib/kolla/venv/lib/python3.6/site-packages/neutron/db/agents_db.py:318
2026-05-18 02:02:45.326 27 DEBUG neutron_lib.callbacks.manager [req-3084ac81-59ed-48b6-a7d7-e770e2137252 - - - - -] Publish callbacks ['neutron.services.segments.db._update_segment_host_mapping_for_agent-8742270580800', 'neutron.plugins.ml2.plugin.Ml2Plugin._retry_binding_revived_agents--9223372036853454755'] for agent (c79c1c7a-5df3-466c-8f39-47aa46970b9d), after_update _notify_loop /var/lib/kolla/venv/lib/python3.6/site-packages/neutron_lib/callbacks/manager.py:177
2026-05-18 02:02:54.393 22 DEBUG neutron.wsgi [-] (22) accepted ('10.0.0.19', 59390) server /var/lib/kolla/venv/lib/python3.6/site-packages/eventlet/wsgi.py:1004
2026-05-18 02:02:54.396 22 INFO neutron.wsgi [-] 10.0.0.19 "GET / HTTP/1.1" status: 200 len: 227 time: 0.0025170
2026-05-18 02:02:56.340 28 DEBUG neutron_lib.callbacks.manager [req-bfdc57d0-4977-4818-8668-ba6849419bbf - - - - -] Publish callbacks ['neutron.services.segments.db._update_segment_host_mapping_for_agent-8742270580800', 'neutron.plugins.ml2.plugin.Ml2Plugin._retry_binding_revived_agents--9223372036853454755'] for agent (37a3079a-3af0-41d1-800f-3e7665301529), after_update _notify_loop /var/lib/kolla/venv/lib/python3.6/site-packages/neutron_lib/callbacks/manager.py:177
2026-05-18 02:03:15.330 24 DEBUG neutron_lib.callbacks.manager [req-3084ac81-59ed-48b6-a7d7-e770e2137252 - - - - -] Publish callbacks ['neutron.services.segments.db._update_segment_host_mapping_for_agent-8742270580800', 'neutron.plugins.ml2.plugin.Ml2Plugin._retry_binding_revived_agents--9223372036853454755'] for agent (c79c1c7a-5df3-466c-8f39-47aa46970b9d), after_update _notify_loop /var/lib/kolla/venv/lib/python3.6/site-packages/neutron_lib/callbacks/manager.py:177
2026-05-18 02:03:20.696 29 DEBUG neutron.db.agents_db [req-dcc6f602-36de-4869-8f1b-b0198663e1fa - - - - -] Agent healthcheck: found 2 active agents agent_health_check /var/lib/kolla/venv/lib/python3.6/site-packages/neutron/db/agents_db.py:318
2026-05-18 02:03:24.448 22 DEBUG neutron.wsgi [-] (22) accepted ('10.0.0.19', 58048) server /var/lib/kolla/venv/lib/python3.6/site-packages/eventlet/wsgi.py:1004
2026-05-18 02:03:24.451 22 INFO neutron.wsgi [-] 10.0.0.19 "GET / HTTP/1.1" status: 200 len: 227 time: 0.0026577
2026-05-18 02:03:26.339 23 DEBUG neutron_lib.callbacks.manager [req-06aee559-46de-4633-a989-29a3f78f2450 - - - - -] Publish callbacks ['neutron.services.segments.db._update_segment_host_mapping_for_agent-8742270580800', 'neutron.plugins.ml2.plugin.Ml2Plugin._retry_binding_revived_agents--9223372036853454755'] for agent (37a3079a-3af0-41d1-800f-3e7665301529), after_update _notify_loop /var/lib/kolla/venv/lib/python3.6/site-packages/neutron_lib/callbacks/manager.py:177
2026-05-18 02:03:45.327 25 DEBUG neutron_lib.callbacks.manager [req-3084ac81-59ed-48b6-a7d7-e770e2137252 - - - - -] Publish callbacks ['neutron.services.segments.db._update_segment_host_mapping_for_agent-8742270580800', 'neutron.plugins.ml2.plugin.Ml2Plugin._retry_binding_revived_agents--9223372036853454755'] for agent (c79c1c7a-5df3-466c-8f39-47aa46970b9d), after_update _notify_loop /var/lib/kolla/venv/lib/python3.6/site-packages/neutron_lib/callbacks/manager.py:177
2026-05-18 02:03:55.373 22 DEBUG neutron.wsgi [-] (22) accepted ('10.0.0.19', 52888) server /var/lib/kolla/venv/lib/python3.6/site-packages/eventlet/wsgi.py:1004
2026-05-18 02:03:55.377 22 INFO neutron.wsgi [-] 10.0.0.19 "GET / HTTP/1.1" status: 200 len: 227 time: 0.0031960
2026-05-18 02:03:56.338 26 DEBUG neutron_lib.callbacks.manager [req-c710924b-699a-49a2-bc62-367b11513de2 - - - - -] Publish callbacks ['neutron.services.segments.db._update_segment_host_mapping_for_agent-8742270580800', 'neutron.plugins.ml2.plugin.Ml2Plugin._retry_binding_revived_agents--9223372036853454755'] for agent (37a3079a-3af0-41d1-800f-3e7665301529), after_update _notify_loop /var/lib/kolla/venv/lib/python3.6/site-packages/neutron_lib/callbacks/manager.py:177
2026-05-18 02:03:57.693 29 DEBUG neutron.db.agents_db [req-dcc6f602-36de-4869-8f1b-b0198663e1fa - - - - -] Agent healthcheck: found 2 active agents agent_health_check /var/lib/kolla/venv/lib/python3.6/site-packages/neutron/db/agents_db.py:318
2026-05-18 02:04:10.886 7 INFO oslo_service.service [-] Caught SIGTERM, stopping children
2026-05-18 02:04:10.887 7 DEBUG oslo_concurrency.lockutils [-] Acquired lock "singleton_lock" lock /var/lib/kolla/venv/lib/python3.6/site-packages/oslo_concurrency/lockutils.py:294
2026-05-18 02:04:10.887 7 DEBUG oslo_concurrency.lockutils [-] Releasing lock "singleton_lock" lock /var/lib/kolla/venv/lib/python3.6/site-packages/oslo_concurrency/lockutils.py:312
2026-05-18 02:04:10.887 7 DEBUG oslo_service.service [-] Stop services. stop /var/lib/kolla/venv/lib/python3.6/site-packages/oslo_service/service.py:695
2026-05-18 02:04:10.887 7 DEBUG neutron.service [-] calling RpcWorker stop() stop /var/lib/kolla/venv/lib/python3.6/site-packages/neutron/service.py:138
2026-05-18 02:04:10.887 7 DEBUG neutron.service [-] calling RpcWorker stop() stop /var/lib/kolla/venv/lib/python3.6/site-packages/neutron/service.py:138
2026-05-18 02:04:10.888 7 DEBUG oslo_service.service [-] Killing children. stop /var/lib/kolla/venv/lib/python3.6/site-packages/oslo_service/service.py:700
2026-05-18 02:04:10.888 7 INFO oslo_service.service [-] Waiting on 8 children to exit
2026-05-18 02:04:10.888 22 INFO neutron.wsgi [-] (22) wsgi exited, is_accepting=True
2026-05-18 02:04:10.888 23 DEBUG neutron.service [-] calling RpcWorker stop() stop /var/lib/kolla/venv/lib/python3.6/site-packages/neutron/service.py:138
2026-05-18 02:04:10.888 27 DEBUG neutron.service [-] calling RpcWorker stop() stop /var/lib/kolla/venv/lib/python3.6/site-packages/neutron/service.py:138
2026-05-18 02:04:10.888 25 DEBUG neutron.service [-] calling RpcWorker stop() stop /var/lib/kolla/venv/lib/python3.6/site-packages/neutron/service.py:138
2026-05-18 02:04:10.889 29 DEBUG neutron.service [-] calling RpcWorker stop() stop /var/lib/kolla/venv/lib/python3.6/site-packages/neutron/service.py:138
2026-05-18 02:04:10.889 22 DEBUG oslo_concurrency.lockutils [req-edd4c55c-2baa-410d-86f9-04cfd4442681 - - - - -] Acquired lock "singleton_lock" lock /var/lib/kolla/venv/lib/python3.6/site-packages/oslo_concurrency/lockutils.py:294
2026-05-18 02:04:10.890 22 DEBUG oslo_concurrency.lockutils [req-edd4c55c-2baa-410d-86f9-04cfd4442681 - - - - -] Releasing lock "singleton_lock" lock /var/lib/kolla/venv/lib/python3.6/site-packages/oslo_concurrency/lockutils.py:312
2026-05-18 02:04:10.889 29 DEBUG neutron.service [-] calling stop on stop /var/lib/kolla/venv/lib/python3.6/site-packages/neutron/service.py:141
2026-05-18 02:04:10.889 23 DEBUG neutron.service [-] calling stop on stop /var/lib/kolla/venv/lib/python3.6/site-packages/neutron/service.py:141
2026-05-18 02:04:10.889 27 DEBUG neutron.service [-] calling stop on stop /var/lib/kolla/venv/lib/python3.6/site-packages/neutron/service.py:141
2026-05-18 02:04:10.889 25 DEBUG neutron.service [-] calling stop on stop /var/lib/kolla/venv/lib/python3.6/site-packages/neutron/service.py:141
2026-05-18 02:04:10.892 28 DEBUG neutron.service [-] calling RpcWorker stop() stop /var/lib/kolla/venv/lib/python3.6/site-packages/neutron/service.py:138
2026-05-18 02:04:10.894 7 INFO oslo_service.service [-] Child 22 exited with status 0
2026-05-18 02:04:10.894 26 DEBUG neutron.service [-] calling RpcWorker stop() stop /var/lib/kolla/venv/lib/python3.6/site-packages/neutron/service.py:138
2026-05-18 02:04:10.892 28 DEBUG neutron.service [-] calling stop on stop /var/lib/kolla/venv/lib/python3.6/site-packages/neutron/service.py:141
2026-05-18 02:04:10.895 24 DEBUG neutron.service [-] calling RpcWorker stop() stop /var/lib/kolla/venv/lib/python3.6/site-packages/neutron/service.py:138
2026-05-18 02:04:10.896 24 DEBUG neutron.service [-] calling stop on stop /var/lib/kolla/venv/lib/python3.6/site-packages/neutron/service.py:141
2026-05-18 02:04:10.895 26 DEBUG neutron.service [-] calling stop on stop /var/lib/kolla/venv/lib/python3.6/site-packages/neutron/service.py:141
2026-05-18 02:04:11.643 23 DEBUG neutron.service [-] calling stop on stop /var/lib/kolla/venv/lib/python3.6/site-packages/neutron/service.py:141
2026-05-18 02:04:11.644 24 DEBUG neutron.service [-] calling stop on stop /var/lib/kolla/venv/lib/python3.6/site-packages/neutron/service.py:141
2026-05-18 02:04:11.654 25 DEBUG neutron.service [-] calling stop on stop /var/lib/kolla/venv/lib/python3.6/site-packages/neutron/service.py:141
2026-05-18 02:04:11.656 27 DEBUG oslo_concurrency.lockutils [req-edd4c55c-2baa-410d-86f9-04cfd4442681 - - - - -] Acquired lock "singleton_lock" lock /var/lib/kolla/venv/lib/python3.6/site-packages/oslo_concurrency/lockutils.py:294
2026-05-18 02:04:11.657 27 DEBUG oslo_concurrency.lockutils [req-edd4c55c-2baa-410d-86f9-04cfd4442681 - - - - -] Releasing lock "singleton_lock" lock /var/lib/kolla/venv/lib/python3.6/site-packages/oslo_concurrency/lockutils.py:312
2026-05-18 02:04:11.657 27 DEBUG neutron.service [req-edd4c55c-2baa-410d-86f9-04cfd4442681 - - - - -] calling RpcWorker wait() _wait /var/lib/kolla/venv/lib/python3.6/site-packages/neutron/service.py:128
2026-05-18 02:04:11.657 27 DEBUG neutron.service [req-edd4c55c-2baa-410d-86f9-04cfd4442681 - - - - -] calling wait on _wait /var/lib/kolla/venv/lib/python3.6/site-packages/neutron/service.py:131
2026-05-18 02:04:11.661 25 DEBUG neutron.service [-] calling stop on stop /var/lib/kolla/venv/lib/python3.6/site-packages/neutron/service.py:141
2026-05-18 02:04:11.663 24 DEBUG neutron.service [-] calling stop on stop /var/lib/kolla/venv/lib/python3.6/site-packages/neutron/service.py:141
2026-05-18 02:04:11.663 28 DEBUG oslo_concurrency.lockutils [req-edd4c55c-2baa-410d-86f9-04cfd4442681 - - - - -] Acquired lock "singleton_lock" lock /var/lib/kolla/venv/lib/python3.6/site-packages/oslo_concurrency/lockutils.py:294
2026-05-18 02:04:11.665 23 DEBUG neutron.service [-] calling stop on stop /var/lib/kolla/venv/lib/python3.6/site-packages/neutron/service.py:141
2026-05-18 02:04:11.666 28 DEBUG oslo_concurrency.lockutils [req-edd4c55c-2baa-410d-86f9-04cfd4442681 - - - - -] Releasing lock "singleton_lock" lock /var/lib/kolla/venv/lib/python3.6/site-packages/oslo_concurrency/lockutils.py:312
2026-05-18 02:04:11.666 28 DEBUG neutron.service [req-edd4c55c-2baa-410d-86f9-04cfd4442681 - - - - -] calling RpcWorker wait() _wait /var/lib/kolla/venv/lib/python3.6/site-packages/neutron/service.py:128
2026-05-18 02:04:11.666 28 DEBUG neutron.service [req-edd4c55c-2baa-410d-86f9-04cfd4442681 - - - - -] calling wait on _wait /var/lib/kolla/venv/lib/python3.6/site-packages/neutron/service.py:131
2026-05-18 02:04:11.668 27 WARNING amqp [req-edd4c55c-2baa-410d-86f9-04cfd4442681 - - - - -] Received method (60, 30) during closing channel 1. This method will be ignored
2026-05-18 02:04:11.669 27 DEBUG neutron.service [req-edd4c55c-2baa-410d-86f9-04cfd4442681 - - - - -] returning from RpcWorker wait() _wait /var/lib/kolla/venv/lib/python3.6/site-packages/neutron/service.py:135
2026-05-18 02:04:11.671 28 WARNING amqp [req-edd4c55c-2baa-410d-86f9-04cfd4442681 - - - - -] Received method (60, 30) during closing channel 1. This method will be ignored
2026-05-18 02:04:11.672 28 DEBUG neutron.service [req-edd4c55c-2baa-410d-86f9-04cfd4442681 - - - - -] returning from RpcWorker wait() _wait /var/lib/kolla/venv/lib/python3.6/site-packages/neutron/service.py:135
2026-05-18 02:04:11.676 7 INFO oslo_service.service [-] Child 27 exited with status 0
2026-05-18 02:04:11.676 7 INFO oslo_service.service [-] Child 28 exited with status 0
2026-05-18 02:04:11.680 24 DEBUG neutron.service [-] calling stop on stop /var/lib/kolla/venv/lib/python3.6/site-packages/neutron/service.py:141
2026-05-18 02:04:11.692 24 DEBUG oslo_concurrency.lockutils [req-edd4c55c-2baa-410d-86f9-04cfd4442681 - - - - -] Acquired lock "singleton_lock" lock /var/lib/kolla/venv/lib/python3.6/site-packages/oslo_concurrency/lockutils.py:294
2026-05-18 02:04:11.693 24 DEBUG oslo_concurrency.lockutils [req-edd4c55c-2baa-410d-86f9-04cfd4442681 - - - - -] Releasing lock "singleton_lock" lock /var/lib/kolla/venv/lib/python3.6/site-packages/oslo_concurrency/lockutils.py:312
2026-05-18 02:04:11.693 24 DEBUG neutron.service [req-edd4c55c-2baa-410d-86f9-04cfd4442681 - - - - -] calling RpcWorker wait() _wait /var/lib/kolla/venv/lib/python3.6/site-packages/neutron/service.py:128
2026-05-18 02:04:11.693 24 DEBUG neutron.service [req-edd4c55c-2baa-410d-86f9-04cfd4442681 - - - - -] calling wait on _wait /var/lib/kolla/venv/lib/python3.6/site-packages/neutron/service.py:131
2026-05-18 02:04:11.699 24 WARNING amqp [req-edd4c55c-2baa-410d-86f9-04cfd4442681 - - - - -] Received method (60, 30) during closing channel 1. This method will be ignored
2026-05-18 02:04:11.700 24 DEBUG neutron.service [req-edd4c55c-2baa-410d-86f9-04cfd4442681 - - - - -] calling wait on _wait /var/lib/kolla/venv/lib/python3.6/site-packages/neutron/service.py:131
2026-05-18 02:04:11.705 24 WARNING amqp [req-edd4c55c-2baa-410d-86f9-04cfd4442681 - - - - -] Received method (60, 30) during closing channel 1. This method will be ignored
2026-05-18 02:04:11.705 24 DEBUG neutron.service [req-edd4c55c-2baa-410d-86f9-04cfd4442681 - - - - -] calling wait on _wait /var/lib/kolla/venv/lib/python3.6/site-packages/neutron/service.py:131
2026-05-18 02:04:11.710 24 WARNING amqp [req-edd4c55c-2baa-410d-86f9-04cfd4442681 - - - - -] Received method (60, 30) during closing channel 1. This method will be ignored
2026-05-18 02:04:11.711 29 DEBUG oslo_concurrency.lockutils [req-edd4c55c-2baa-410d-86f9-04cfd4442681 - - - - -] Acquired lock "singleton_lock" lock /var/lib/kolla/venv/lib/python3.6/site-packages/oslo_concurrency/lockutils.py:294
2026-05-18 02:04:11.711 29 DEBUG oslo_concurrency.lockutils [req-edd4c55c-2baa-410d-86f9-04cfd4442681 - - - - -] Releasing lock "singleton_lock" lock /var/lib/kolla/venv/lib/python3.6/site-packages/oslo_concurrency/lockutils.py:312
2026-05-18 02:04:11.711 24 DEBUG neutron.service [req-edd4c55c-2baa-410d-86f9-04cfd4442681 - - - - -] calling wait on _wait /var/lib/kolla/venv/lib/python3.6/site-packages/neutron/service.py:131
2026-05-18 02:04:11.711 29 DEBUG neutron.service [req-edd4c55c-2baa-410d-86f9-04cfd4442681 - - - - -] calling RpcWorker wait() _wait /var/lib/kolla/venv/lib/python3.6/site-packages/neutron/service.py:128
2026-05-18 02:04:11.711 29 DEBUG neutron.service [req-edd4c55c-2baa-410d-86f9-04cfd4442681 - - - - -] calling wait on _wait /var/lib/kolla/venv/lib/python3.6/site-packages/neutron/service.py:131
2026-05-18 02:04:11.716 24 WARNING amqp [req-edd4c55c-2baa-410d-86f9-04cfd4442681 - - - - -] Received method (60, 30) during closing channel 1. This method will be ignored
2026-05-18 02:04:11.717 24 DEBUG neutron.service [req-edd4c55c-2baa-410d-86f9-04cfd4442681 - - - - -] returning from RpcWorker wait() _wait /var/lib/kolla/venv/lib/python3.6/site-packages/neutron/service.py:135
2026-05-18 02:04:11.724 7 INFO oslo_service.service [-] Child 24 exited with status 0
2026-05-18 02:04:11.724 29 WARNING amqp [req-edd4c55c-2baa-410d-86f9-04cfd4442681 - - - - -] Received method (60, 30) during closing channel 1. This method will be ignored
2026-05-18 02:04:11.725 29 DEBUG neutron.service [req-edd4c55c-2baa-410d-86f9-04cfd4442681 - - - - -] returning from RpcWorker wait() _wait /var/lib/kolla/venv/lib/python3.6/site-packages/neutron/service.py:135
2026-05-18 02:04:11.730 7 INFO oslo_service.service [-] Child 29 exited with status 0
2026-05-18 02:04:13.530 25 DEBUG neutron.service [-] calling stop on stop /var/lib/kolla/venv/lib/python3.6/site-packages/neutron/service.py:141
2026-05-18 02:04:14.531 26 DEBUG oslo_concurrency.lockutils [req-edd4c55c-2baa-410d-86f9-04cfd4442681 - - - - -] Acquired lock "singleton_lock" lock /var/lib/kolla/venv/lib/python3.6/site-packages/oslo_concurrency/lockutils.py:294
2026-05-18 02:04:14.532 26 DEBUG oslo_concurrency.lockutils [req-edd4c55c-2baa-410d-86f9-04cfd4442681 - - - - -] Releasing lock "singleton_lock" lock /var/lib/kolla/venv/lib/python3.6/site-packages/oslo_concurrency/lockutils.py:312
2026-05-18 02:04:14.532 26 DEBUG neutron.service [req-edd4c55c-2baa-410d-86f9-04cfd4442681 - - - - -] calling RpcWorker wait() _wait /var/lib/kolla/venv/lib/python3.6/site-packages/neutron/service.py:128
2026-05-18 02:04:14.532 26 DEBUG neutron.service [req-edd4c55c-2baa-410d-86f9-04cfd4442681 - - - - -] calling wait on _wait /var/lib/kolla/venv/lib/python3.6/site-packages/neutron/service.py:131
2026-05-18 02:04:14.539 26 WARNING amqp [req-edd4c55c-2baa-410d-86f9-04cfd4442681 - - - - -] Received method (60, 30) during closing channel 1. This method will be ignored
2026-05-18 02:04:14.539 26 DEBUG neutron.service [req-edd4c55c-2baa-410d-86f9-04cfd4442681 - - - - -] returning from RpcWorker wait() _wait /var/lib/kolla/venv/lib/python3.6/site-packages/neutron/service.py:135
2026-05-18 02:04:14.540 23 DEBUG neutron.service [-] calling stop on stop /var/lib/kolla/venv/lib/python3.6/site-packages/neutron/service.py:141
2026-05-18 02:04:14.544 7 INFO oslo_service.service [-] Child 26 exited with status 0
2026-05-18 02:04:16.693 25 DEBUG oslo_concurrency.lockutils [req-edd4c55c-2baa-410d-86f9-04cfd4442681 - - - - -] Acquired lock "singleton_lock" lock /var/lib/kolla/venv/lib/python3.6/site-packages/oslo_concurrency/lockutils.py:294
2026-05-18 02:04:16.693 25 DEBUG oslo_concurrency.lockutils [req-edd4c55c-2baa-410d-86f9-04cfd4442681 - - - - -] Releasing lock "singleton_lock" lock /var/lib/kolla/venv/lib/python3.6/site-packages/oslo_concurrency/lockutils.py:312
2026-05-18 02:04:16.693 25 DEBUG neutron.service [req-edd4c55c-2baa-410d-86f9-04cfd4442681 - - - - -] calling RpcWorker wait() _wait /var/lib/kolla/venv/lib/python3.6/site-packages/neutron/service.py:128
2026-05-18 02:04:16.694 25 DEBUG neutron.service [req-edd4c55c-2baa-410d-86f9-04cfd4442681 - - - - -] calling wait on _wait /var/lib/kolla/venv/lib/python3.6/site-packages/neutron/service.py:131
2026-05-18 02:04:16.694 23 DEBUG oslo_concurrency.lockutils [req-edd4c55c-2baa-410d-86f9-04cfd4442681 - - - - -] Acquired lock "singleton_lock" lock /var/lib/kolla/venv/lib/python3.6/site-packages/oslo_concurrency/lockutils.py:294
2026-05-18 02:04:16.695 23 DEBUG oslo_concurrency.lockutils [req-edd4c55c-2baa-410d-86f9-04cfd4442681 - - - - -] Releasing lock "singleton_lock" lock /var/lib/kolla/venv/lib/python3.6/site-packages/oslo_concurrency/lockutils.py:312
2026-05-18 02:04:16.695 23 DEBUG neutron.service [req-edd4c55c-2baa-410d-86f9-04cfd4442681 - - - - -] calling RpcWorker wait() _wait /var/lib/kolla/venv/lib/python3.6/site-packages/neutron/service.py:128
2026-05-18 02:04:16.695 23 DEBUG neutron.service [req-edd4c55c-2baa-410d-86f9-04cfd4442681 - - - - -] calling wait on _wait /var/lib/kolla/venv/lib/python3.6/site-packages/neutron/service.py:131
2026-05-18 02:04:16.700 25 WARNING amqp [req-edd4c55c-2baa-410d-86f9-04cfd4442681 - - - - -] Received method (60, 30) during closing channel 1. This method will be ignored
2026-05-18 02:04:16.701 25 DEBUG neutron.service [req-edd4c55c-2baa-410d-86f9-04cfd4442681 - - - - -] calling wait on _wait /var/lib/kolla/venv/lib/python3.6/site-packages/neutron/service.py:131
2026-05-18 02:04:16.704 23 WARNING amqp [req-edd4c55c-2baa-410d-86f9-04cfd4442681 - - - - -] Received method (60, 30) during closing channel 1. This method will be ignored
2026-05-18 02:04:16.705 23 DEBUG neutron.service [req-edd4c55c-2baa-410d-86f9-04cfd4442681 - - - - -] calling wait on _wait /var/lib/kolla/venv/lib/python3.6/site-packages/neutron/service.py:131
2026-05-18 02:04:16.707 25 WARNING amqp [req-edd4c55c-2baa-410d-86f9-04cfd4442681 - - - - -] Received method (60, 30) during closing channel 1. This method will be ignored
2026-05-18 02:04:16.712 23 WARNING amqp [req-edd4c55c-2baa-410d-86f9-04cfd4442681 - - - - -] Received method (60, 30) during closing channel 1. This method will be ignored
2026-05-18 02:04:16.712 23 DEBUG neutron.service [req-edd4c55c-2baa-410d-86f9-04cfd4442681 - - - - -] calling wait on _wait /var/lib/kolla/venv/lib/python3.6/site-packages/neutron/service.py:131
2026-05-18 02:04:16.713 25 DEBUG neutron.service [req-edd4c55c-2baa-410d-86f9-04cfd4442681 - - - - -] calling wait on _wait /var/lib/kolla/venv/lib/python3.6/site-packages/neutron/service.py:131
2026-05-18 02:04:16.718 23 WARNING amqp [req-edd4c55c-2baa-410d-86f9-04cfd4442681 - - - - -] Received method (60, 30) during closing channel 1. This method will be ignored
2026-05-18 02:04:16.719 23 DEBUG neutron.service [req-edd4c55c-2baa-410d-86f9-04cfd4442681 - - - - -] calling wait on _wait /var/lib/kolla/venv/lib/python3.6/site-packages/neutron/service.py:131
2026-05-18 02:04:16.720 25 WARNING amqp [req-edd4c55c-2baa-410d-86f9-04cfd4442681 - - - - -] Received method (60, 30) during closing channel 1. This method will be ignored
2026-05-18 02:04:16.721 25 DEBUG neutron.service [req-edd4c55c-2baa-410d-86f9-04cfd4442681 - - - - -] calling wait on _wait /var/lib/kolla/venv/lib/python3.6/site-packages/neutron/service.py:131
2026-05-18 02:04:16.724 23 WARNING amqp [req-edd4c55c-2baa-410d-86f9-04cfd4442681 - - - - -] Received method (60, 30) during closing channel 1. This method will be ignored
2026-05-18 02:04:16.725 23 DEBUG neutron.service [req-edd4c55c-2baa-410d-86f9-04cfd4442681 - - - - -] returning from RpcWorker wait() _wait /var/lib/kolla/venv/lib/python3.6/site-packages/neutron/service.py:135
2026-05-18 02:04:16.727 25 WARNING amqp [req-edd4c55c-2baa-410d-86f9-04cfd4442681 - - - - -] Received method (60, 30) during closing channel 1. This method will be ignored
2026-05-18 02:04:16.728 25 DEBUG neutron.service [req-edd4c55c-2baa-410d-86f9-04cfd4442681 - - - - -] returning from RpcWorker wait() _wait /var/lib/kolla/venv/lib/python3.6/site-packages/neutron/service.py:135
2026-05-18 02:04:16.731 7 INFO oslo_service.service [-] Child 23 exited with status 0
2026-05-18 02:04:16.733 7 INFO oslo_service.service [-] Child 25 exited with status 0
2026-05-18 02:04:16.734 7 INFO oslo_service.service [-] Wait called after thread killed. Cleaning up.
2026-05-18 02:04:16.734 7 DEBUG oslo_service.service [-] Stop services. stop /var/lib/kolla/venv/lib/python3.6/site-packages/oslo_service/service.py:695
2026-05-18 02:04:16.734 7 DEBUG oslo_service.service [-] Killing children. stop /var/lib/kolla/venv/lib/python3.6/site-packages/oslo_service/service.py:700
2026-05-18 02:04:21.347 7 INFO neutron.common.config [-] Logging enabled!
2026-05-18 02:04:21.348 7 INFO neutron.common.config [-] /var/lib/kolla/venv/bin/neutron-server version 20.5.1.dev23
2026-05-18 02:04:21.348 7 DEBUG neutron.common.config [-] command line: /var/lib/kolla/venv/bin/neutron-server --config-file /etc/neutron/neutron.conf --config-file /etc/neutron/ContrailPlugin.ini --config-file /etc/neutron/api-paste.ini setup_logging /var/lib/kolla/venv/lib/python3.6/site-packages/neutron/common/config.py:115
2026-05-18 02:04:21.352 7 INFO neutron.common.config [-] Logging enabled!
