2026-05-14 00:39:24.090 126779 DEBUG oslo_service.service [req-aa928a57-e411-47ca-a7d7-7f1738cedc19 - - - - -] oslo_limit.region_name = None log_opt_values /usr/lib/python3/dist-packages/oslo_config/cfg.py:2609
2026-05-14 00:39:24.090 126779 DEBUG oslo_service.service [req-aa928a57-e411-47ca-a7d7-7f1738cedc19 - - - - -] oslo_limit.service_name = None log_opt_values /usr/lib/python3/dist-packages/oslo_config/cfg.py:2609
2026-05-14 00:39:24.090 126779 DEBUG oslo_service.service [req-aa928a57-e411-47ca-a7d7-7f1738cedc19 - - - - -] oslo_limit.service_type = None log_opt_values /usr/lib/python3/dist-packages/oslo_config/cfg.py:2609
2026-05-14 00:39:24.090 126779 DEBUG oslo_service.service [req-aa928a57-e411-47ca-a7d7-7f1738cedc19 - - - - -] oslo_limit.split_loggers = False log_opt_values /usr/lib/python3/dist-packages/oslo_config/cfg.py:2609
2026-05-14 00:39:24.091 126779 DEBUG oslo_service.service [req-aa928a57-e411-47ca-a7d7-7f1738cedc19 - - - - -] oslo_limit.status_code_retries = None log_opt_values /usr/lib/python3/dist-packages/oslo_config/cfg.py:2609
2026-05-14 00:39:24.091 126779 DEBUG oslo_service.service [req-aa928a57-e411-47ca-a7d7-7f1738cedc19 - - - - -] oslo_limit.status_code_retry_delay = None log_opt_values /usr/lib/python3/dist-packages/oslo_config/cfg.py:2609
2026-05-14 00:39:24.091 126779 DEBUG oslo_service.service [req-aa928a57-e411-47ca-a7d7-7f1738cedc19 - - - - -] oslo_limit.timeout = None log_opt_values /usr/lib/python3/dist-packages/oslo_config/cfg.py:2609
2026-05-14 00:39:24.091 126779 DEBUG oslo_service.service [req-aa928a57-e411-47ca-a7d7-7f1738cedc19 - - - - -] oslo_limit.valid_interfaces = None log_opt_values /usr/lib/python3/dist-packages/oslo_config/cfg.py:2609
2026-05-14 00:39:24.091 126779 DEBUG oslo_service.service [req-aa928a57-e411-47ca-a7d7-7f1738cedc19 - - - - -] oslo_limit.version = None log_opt_values /usr/lib/python3/dist-packages/oslo_config/cfg.py:2609
2026-05-14 00:39:24.091 126779 DEBUG oslo_service.service [req-aa928a57-e411-47ca-a7d7-7f1738cedc19 - - - - -] oslo_reports.file_event_handler = None log_opt_values /usr/lib/python3/dist-packages/oslo_config/cfg.py:2609
2026-05-14 00:39:24.092 126779 DEBUG oslo_service.service [req-aa928a57-e411-47ca-a7d7-7f1738cedc19 - - - - -] oslo_reports.file_event_handler_interval = 1 log_opt_values /usr/lib/python3/dist-packages/oslo_config/cfg.py:2609
2026-05-14 00:39:24.092 126779 DEBUG oslo_service.service [req-aa928a57-e411-47ca-a7d7-7f1738cedc19 - - - - -] oslo_reports.log_dir = None log_opt_values /usr/lib/python3/dist-packages/oslo_config/cfg.py:2609
2026-05-14 00:39:24.092 126779 DEBUG oslo_service.service [req-aa928a57-e411-47ca-a7d7-7f1738cedc19 - - - - -] ******************************************************************************** log_opt_values /usr/lib/python3/dist-packages/oslo_config/cfg.py:2613
2026-05-14 00:39:24.109 127183 DEBUG nova.service [req-b37dc227-a9d6-40c2-9b9f-fd3d6d4dad74 - - - - -] Creating RPC server for service conductor start /usr/lib/python3/dist-packages/nova/service.py:182
2026-05-14 00:39:24.122 127194 DEBUG nova.service [req-024ae52a-6bdb-4a73-b06c-15fbf0733282 - - - - -] Creating RPC server for service conductor start /usr/lib/python3/dist-packages/nova/service.py:182
2026-05-14 00:39:24.124 127209 DEBUG nova.service [req-9294ecb2-ea6d-47f8-b32b-41b964695eab - - - - -] Creating RPC server for service conductor start /usr/lib/python3/dist-packages/nova/service.py:182
2026-05-14 00:39:24.124 127195 DEBUG nova.service [req-5f6434f8-420e-4cd6-b33e-16f60483a121 - - - - -] Creating RPC server for service conductor start /usr/lib/python3/dist-packages/nova/service.py:182
2026-05-14 00:39:24.156 127183 DEBUG oslo_messaging._drivers.amqpdriver [-] Listener is running poll /usr/lib/python3/dist-packages/oslo_messaging/_drivers/amqpdriver.py:343
2026-05-14 00:39:24.157 127183 DEBUG oslo_messaging._drivers.amqpdriver [-] AMQPListener connection consume poll /usr/lib/python3/dist-packages/oslo_messaging/_drivers/amqpdriver.py:357
2026-05-14 00:39:24.157 127183 DEBUG nova.service [req-b37dc227-a9d6-40c2-9b9f-fd3d6d4dad74 - - - - -] Join ServiceGroup membership for this service conductor start /usr/lib/python3/dist-packages/nova/service.py:199
2026-05-14 00:39:24.158 127183 DEBUG nova.servicegroup.drivers.db [req-b37dc227-a9d6-40c2-9b9f-fd3d6d4dad74 - - - - -] DB_Driver: join new ServiceGroup member juju-9a39e5-0-lxd-7 to the conductor group, service = join /usr/lib/python3/dist-packages/nova/servicegroup/drivers/db.py:44
2026-05-14 00:39:24.162 127194 DEBUG oslo_messaging._drivers.amqpdriver [-] Listener is running poll /usr/lib/python3/dist-packages/oslo_messaging/_drivers/amqpdriver.py:343
2026-05-14 00:39:24.162 127194 DEBUG oslo_messaging._drivers.amqpdriver [-] AMQPListener connection consume poll /usr/lib/python3/dist-packages/oslo_messaging/_drivers/amqpdriver.py:357
2026-05-14 00:39:24.163 127194 DEBUG nova.service [req-024ae52a-6bdb-4a73-b06c-15fbf0733282 - - - - -] Join ServiceGroup membership for this service conductor start /usr/lib/python3/dist-packages/nova/service.py:199
2026-05-14 00:39:24.163 127194 DEBUG nova.servicegroup.drivers.db [req-024ae52a-6bdb-4a73-b06c-15fbf0733282 - - - - -] DB_Driver: join new ServiceGroup member juju-9a39e5-0-lxd-7 to the conductor group, service = join /usr/lib/python3/dist-packages/nova/servicegroup/drivers/db.py:44
2026-05-14 00:39:24.164 127183 DEBUG oslo_messaging._drivers.amqpdriver [-] AMQPListener connection timeout poll /usr/lib/python3/dist-packages/oslo_messaging/_drivers/amqpdriver.py:360
2026-05-14 00:39:24.164 127183 DEBUG oslo_messaging._drivers.amqpdriver [-] Listener is running poll /usr/lib/python3/dist-packages/oslo_messaging/_drivers/amqpdriver.py:343
2026-05-14 00:39:24.165 127183 DEBUG oslo_messaging._drivers.amqpdriver [-] AMQPListener connection consume poll /usr/lib/python3/dist-packages/oslo_messaging/_drivers/amqpdriver.py:357
2026-05-14 00:39:24.165 127209 DEBUG oslo_messaging._drivers.amqpdriver [-] Listener is running poll /usr/lib/python3/dist-packages/oslo_messaging/_drivers/amqpdriver.py:343
2026-05-14 00:39:24.165 127209 DEBUG oslo_messaging._drivers.amqpdriver [-] AMQPListener connection consume poll /usr/lib/python3/dist-packages/oslo_messaging/_drivers/amqpdriver.py:357
2026-05-14 00:39:24.166 127209 DEBUG nova.service [req-9294ecb2-ea6d-47f8-b32b-41b964695eab - - - - -] Join ServiceGroup membership for this service conductor start /usr/lib/python3/dist-packages/nova/service.py:199
2026-05-14 00:39:24.166 127209 DEBUG nova.servicegroup.drivers.db [req-9294ecb2-ea6d-47f8-b32b-41b964695eab - - - - -] DB_Driver: join new ServiceGroup member juju-9a39e5-0-lxd-7 to the conductor group, service = join /usr/lib/python3/dist-packages/nova/servicegroup/drivers/db.py:44
2026-05-14 00:39:24.167 127194 DEBUG oslo_messaging._drivers.amqpdriver [-] AMQPListener connection timeout poll /usr/lib/python3/dist-packages/oslo_messaging/_drivers/amqpdriver.py:360
2026-05-14 00:39:24.167 127194 DEBUG oslo_messaging._drivers.amqpdriver [-] Listener is running poll /usr/lib/python3/dist-packages/oslo_messaging/_drivers/amqpdriver.py:343
2026-05-14 00:39:24.167 127194 DEBUG oslo_messaging._drivers.amqpdriver [-] AMQPListener connection consume poll /usr/lib/python3/dist-packages/oslo_messaging/_drivers/amqpdriver.py:357
2026-05-14 00:39:24.169 127209 DEBUG oslo_messaging._drivers.amqpdriver [-] AMQPListener connection timeout poll /usr/lib/python3/dist-packages/oslo_messaging/_drivers/amqpdriver.py:360
2026-05-14 00:39:24.169 127209 DEBUG oslo_messaging._drivers.amqpdriver [-] Listener is running poll /usr/lib/python3/dist-packages/oslo_messaging/_drivers/amqpdriver.py:343
2026-05-14 00:39:24.170 127209 DEBUG oslo_messaging._drivers.amqpdriver [-] AMQPListener connection consume poll /usr/lib/python3/dist-packages/oslo_messaging/_drivers/amqpdriver.py:357
2026-05-14 00:39:24.182 127195 DEBUG oslo_messaging._drivers.amqpdriver [-] Listener is running poll /usr/lib/python3/dist-packages/oslo_messaging/_drivers/amqpdriver.py:343
2026-05-14 00:39:24.183 127195 DEBUG oslo_messaging._drivers.amqpdriver [-] AMQPListener connection consume poll /usr/lib/python3/dist-packages/oslo_messaging/_drivers/amqpdriver.py:357
2026-05-14 00:39:24.183 127195 DEBUG nova.service [req-5f6434f8-420e-4cd6-b33e-16f60483a121 - - - - -] Join ServiceGroup membership for this service conductor start /usr/lib/python3/dist-packages/nova/service.py:199
2026-05-14 00:39:24.184 127195 DEBUG nova.servicegroup.drivers.db [req-5f6434f8-420e-4cd6-b33e-16f60483a121 - - - - -] DB_Driver: join new ServiceGroup member juju-9a39e5-0-lxd-7 to the conductor group, service = join /usr/lib/python3/dist-packages/nova/servicegroup/drivers/db.py:44
2026-05-14 00:39:24.189 127195 DEBUG oslo_messaging._drivers.amqpdriver [-] AMQPListener connection timeout poll /usr/lib/python3/dist-packages/oslo_messaging/_drivers/amqpdriver.py:360
2026-05-14 00:39:24.190 127195 DEBUG oslo_messaging._drivers.amqpdriver [-] Listener is running poll /usr/lib/python3/dist-packages/oslo_messaging/_drivers/amqpdriver.py:343
2026-05-14 00:39:24.190 127195 DEBUG oslo_messaging._drivers.amqpdriver [-] AMQPListener connection consume poll /usr/lib/python3/dist-packages/oslo_messaging/_drivers/amqpdriver.py:357
2026-05-14 00:39:25.165 127183 DEBUG oslo_messaging._drivers.amqpdriver [-] AMQPListener connection timeout poll /usr/lib/python3/dist-packages/oslo_messaging/_drivers/amqpdriver.py:360
2026-05-14 00:39:25.166 127183 DEBUG oslo_messaging._drivers.amqpdriver [-] Listener is running poll /usr/lib/python3/dist-packages/oslo_messaging/_drivers/amqpdriver.py:343
2026-05-14 00:39:25.166 127183 DEBUG oslo_messaging._drivers.amqpdriver [-] AMQPListener connection consume poll /usr/lib/python3/dist-packages/oslo_messaging/_drivers/amqpdriver.py:357
2026-05-14 00:39:25.169 127194 DEBUG oslo_messaging._drivers.amqpdriver [-] AMQPListener connection timeout poll /usr/lib/python3/dist-packages/oslo_messaging/_drivers/amqpdriver.py:360
2026-05-14 00:39:25.169 127194 DEBUG oslo_messaging._drivers.amqpdriver [-] Listener is running poll /usr/lib/python3/dist-packages/oslo_messaging/_drivers/amqpdriver.py:343
2026-05-14 00:39:25.170 127194 DEBUG oslo_messaging._drivers.amqpdriver [-] AMQPListener connection consume poll /usr/lib/python3/dist-packages/oslo_messaging/_drivers/amqpdriver.py:357
2026-05-14 00:39:25.171 127209 DEBUG oslo_messaging._drivers.amqpdriver [-] AMQPListener connection timeout poll /usr/lib/python3/dist-packages/oslo_messaging/_drivers/amqpdriver.py:360
2026-05-14 00:39:25.171 127209 DEBUG oslo_messaging._drivers.amqpdriver [-] Listener is running poll /usr/lib/python3/dist-packages/oslo_messaging/_drivers/amqpdriver.py:343
2026-05-14 00:39:25.171 127209 DEBUG oslo_messaging._drivers.amqpdriver [-] AMQPListener connection consume poll /usr/lib/python3/dist-packages/oslo_messaging/_drivers/amqpdriver.py:357
2026-05-14 00:39:25.191 127195 DEBUG oslo_messaging._drivers.amqpdriver [-] AMQPListener connection timeout poll /usr/lib/python3/dist-packages/oslo_messaging/_drivers/amqpdriver.py:360
2026-05-14 00:39:25.192 127195 DEBUG oslo_messaging._drivers.amqpdriver [-] Listener is running poll /usr/lib/python3/dist-packages/oslo_messaging/_drivers/amqpdriver.py:343
2026-05-14 00:39:25.192 127195 DEBUG oslo_messaging._drivers.amqpdriver [-] AMQPListener connection consume poll /usr/lib/python3/dist-packages/oslo_messaging/_drivers/amqpdriver.py:357
2026-05-14 00:39:26.276 127183 DEBUG oslo_messaging._drivers.amqpdriver [-] received message msg_id: 9fd288e0fffa466a86421e669656e45f reply to reply_e74ffed005c446eaaff02f397aeb02c0 __call__ /usr/lib/python3/dist-packages/oslo_messaging/_drivers/amqpdriver.py:320
2026-05-14 00:39:26.277 127183 DEBUG oslo_messaging._drivers.amqpdriver [-] Listener is running poll /usr/lib/python3/dist-packages/oslo_messaging/_drivers/amqpdriver.py:343
2026-05-14 00:39:26.277 127183 DEBUG oslo_messaging._drivers.amqpdriver [-] Poll the incoming message with unique_id: f012a582a42343f188e9053e5355a75d poll /usr/lib/python3/dist-packages/oslo_messaging/_drivers/amqpdriver.py:346
2026-05-14 00:39:26.277 127183 DEBUG oslo_messaging._drivers.amqpdriver [-] Listener is running poll /usr/lib/python3/dist-packages/oslo_messaging/_drivers/amqpdriver.py:343
2026-05-14 00:39:26.278 127183 DEBUG oslo_messaging._drivers.amqpdriver [-] AMQPListener connection consume poll /usr/lib/python3/dist-packages/oslo_messaging/_drivers/amqpdriver.py:357
2026-05-14 00:39:26.280 127183 DEBUG oslo_messaging._drivers.amqpdriver [-] AMQPListener connection timeout poll /usr/lib/python3/dist-packages/oslo_messaging/_drivers/amqpdriver.py:360
2026-05-14 00:39:26.281 127183 DEBUG oslo_messaging._drivers.amqpdriver [-] Listener is running poll /usr/lib/python3/dist-packages/oslo_messaging/_drivers/amqpdriver.py:343
2026-05-14 00:39:26.281 127183 DEBUG oslo_messaging._drivers.amqpdriver [-] AMQPListener connection consume poll /usr/lib/python3/dist-packages/oslo_messaging/_drivers/amqpdriver.py:357
2026-05-14 00:39:26.284 127183 DEBUG oslo_messaging._drivers.amqpdriver [req-034a1e8d-925c-47ff-b212-81900b6779ce - - - - -] sending reply msg_id: 9fd288e0fffa466a86421e669656e45f reply queue: reply_e74ffed005c446eaaff02f397aeb02c0 time elapsed: 0.0076365170002645755s _send_reply /usr/lib/python3/dist-packages/oslo_messaging/_drivers/amqpdriver.py:118
2026-05-14 00:39:27.172 127194 DEBUG oslo_messaging._drivers.amqpdriver [-] AMQPListener connection timeout poll /usr/lib/python3/dist-packages/oslo_messaging/_drivers/amqpdriver.py:360
2026-05-14 00:39:27.172 127194 DEBUG oslo_messaging._drivers.amqpdriver [-] Listener is running poll /usr/lib/python3/dist-packages/oslo_messaging/_drivers/amqpdriver.py:343
2026-05-14 00:39:27.173 127194 DEBUG oslo_messaging._drivers.amqpdriver [-] AMQPListener connection consume poll /usr/lib/python3/dist-packages/oslo_messaging/_drivers/amqpdriver.py:357
2026-05-14 00:39:27.173 127209 DEBUG oslo_messaging._drivers.amqpdriver [-] AMQPListener connection timeout poll /usr/lib/python3/dist-packages/oslo_messaging/_drivers/amqpdriver.py:360
2026-05-14 00:39:27.174 127209 DEBUG oslo_messaging._drivers.amqpdriver [-] Listener is running poll /usr/lib/python3/dist-packages/oslo_messaging/_drivers/amqpdriver.py:343
2026-05-14 00:39:27.174 127209 DEBUG oslo_messaging._drivers.amqpdriver [-] AMQPListener connection consume poll /usr/lib/python3/dist-packages/oslo_messaging/_drivers/amqpdriver.py:357
2026-05-14 00:39:27.194 127195 DEBUG oslo_messaging._drivers.amqpdriver [-] AMQPListener connection timeout poll /usr/lib/python3/dist-packages/oslo_messaging/_drivers/amqpdriver.py:360
2026-05-14 00:39:27.195 127195 DEBUG oslo_messaging._drivers.amqpdriver [-] Listener is running poll /usr/lib/python3/dist-packages/oslo_messaging/_drivers/amqpdriver.py:343
2026-05-14 00:39:27.195 127195 DEBUG oslo_messaging._drivers.amqpdriver [-] AMQPListener connection consume poll /usr/lib/python3/dist-packages/oslo_messaging/_drivers/amqpdriver.py:357
2026-05-14 00:39:27.282 127183 DEBUG oslo_messaging._drivers.amqpdriver [-] AMQPListener connection timeout poll /usr/lib/python3/dist-packages/oslo_messaging/_drivers/amqpdriver.py:360
2026-05-14 00:39:27.282 127183 DEBUG oslo_messaging._drivers.amqpdriver [-] Listener is running poll /usr/lib/python3/dist-packages/oslo_messaging/_drivers/amqpdriver.py:343
2026-05-14 00:39:27.282 127183 DEBUG oslo_messaging._drivers.amqpdriver [-] AMQPListener connection consume poll /usr/lib/python3/dist-packages/oslo_messaging/_drivers/amqpdriver.py:357
2026-05-14 00:39:29.284 127183 DEBUG oslo_messaging._drivers.amqpdriver [-] AMQPListener connection timeout poll /usr/lib/python3/dist-packages/oslo_messaging/_drivers/amqpdriver.py:360
2026-05-14 00:39:29.284 127183 DEBUG oslo_messaging._drivers.amqpdriver [-] Listener is running poll /usr/lib/python3/dist-packages/oslo_messaging/_drivers/amqpdriver.py:343
2026-05-14 00:39:29.284 127183 DEBUG oslo_messaging._drivers.amqpdriver [-] AMQPListener connection consume poll /usr/lib/python3/dist-packages/oslo_messaging/_drivers/amqpdriver.py:357
2026-05-14 00:39:29.878 127194 DEBUG oslo_messaging._drivers.amqpdriver [-] received message msg_id: 8e412d8d093c45518a57d307cf935481 reply to reply_c6a3fe91d1cd4822aa1c649636b73e07 __call__ /usr/lib/python3/dist-packages/oslo_messaging/_drivers/amqpdriver.py:320
2026-05-14 00:39:29.879 127194 DEBUG oslo_messaging._drivers.amqpdriver [-] Listener is running poll /usr/lib/python3/dist-packages/oslo_messaging/_drivers/amqpdriver.py:343
2026-05-14 00:39:29.879 127194 DEBUG oslo_messaging._drivers.amqpdriver [-] Poll the incoming message with unique_id: 53879e754b1b4fc9bfbda23e4d884fc8 poll /usr/lib/python3/dist-packages/oslo_messaging/_drivers/amqpdriver.py:346
2026-05-14 00:39:29.879 127194 DEBUG oslo_messaging._drivers.amqpdriver [-] Listener is running poll /usr/lib/python3/dist-packages/oslo_messaging/_drivers/amqpdriver.py:343
2026-05-14 00:39:29.879 127194 DEBUG oslo_messaging._drivers.amqpdriver [-] AMQPListener connection consume poll /usr/lib/python3/dist-packages/oslo_messaging/_drivers/amqpdriver.py:357
2026-05-14 00:39:29.882 127194 DEBUG oslo_messaging._drivers.amqpdriver [-] AMQPListener connection timeout poll /usr/lib/python3/dist-packages/oslo_messaging/_drivers/amqpdriver.py:360
2026-05-14 00:39:29.882 127194 DEBUG oslo_messaging._drivers.amqpdriver [-] Listener is running poll /usr/lib/python3/dist-packages/oslo_messaging/_drivers/amqpdriver.py:343
2026-05-14 00:39:29.882 127194 DEBUG oslo_messaging._drivers.amqpdriver [-] AMQPListener connection consume poll /usr/lib/python3/dist-packages/oslo_messaging/_drivers/amqpdriver.py:357
2026-05-14 00:39:29.885 127194 DEBUG oslo_messaging._drivers.amqpdriver [req-124189a4-0e50-434e-aa96-e867f4be8743 - - - - -] sending reply msg_id: 8e412d8d093c45518a57d307cf935481 reply queue: reply_c6a3fe91d1cd4822aa1c649636b73e07 time elapsed: 0.005698101000234601s _send_reply /usr/lib/python3/dist-packages/oslo_messaging/_drivers/amqpdriver.py:118
2026-05-14 00:39:30.885 127194 DEBUG oslo_messaging._drivers.amqpdriver [-] AMQPListener connection timeout poll /usr/lib/python3/dist-packages/oslo_messaging/_drivers/amqpdriver.py:360
2026-05-14 00:39:30.885 127194 DEBUG oslo_messaging._drivers.amqpdriver [-] Listener is running poll /usr/lib/python3/dist-packages/oslo_messaging/_drivers/amqpdriver.py:343
2026-05-14 00:39:30.885 127194 DEBUG oslo_messaging._drivers.amqpdriver [-] AMQPListener connection consume poll /usr/lib/python3/dist-packages/oslo_messaging/_drivers/amqpdriver.py:357
2026-05-14 00:39:31.178 127209 DEBUG oslo_messaging._drivers.amqpdriver [-] AMQPListener connection timeout poll /usr/lib/python3/dist-packages/oslo_messaging/_drivers/amqpdriver.py:360
2026-05-14 00:39:31.178 127209 DEBUG oslo_messaging._drivers.amqpdriver [-] Listener is running poll /usr/lib/python3/dist-packages/oslo_messaging/_drivers/amqpdriver.py:343
2026-05-14 00:39:31.178 127209 DEBUG oslo_messaging._drivers.amqpdriver [-] AMQPListener connection consume poll /usr/lib/python3/dist-packages/oslo_messaging/_drivers/amqpdriver.py:357
2026-05-14 00:39:31.197 127195 DEBUG oslo_messaging._drivers.amqpdriver [-] AMQPListener connection timeout poll /usr/lib/python3/dist-packages/oslo_messaging/_drivers/amqpdriver.py:360
2026-05-14 00:39:31.198 127195 DEBUG oslo_messaging._drivers.amqpdriver [-] Listener is running poll /usr/lib/python3/dist-packages/oslo_messaging/_drivers/amqpdriver.py:343
2026-05-14 00:39:31.198 127195 DEBUG oslo_messaging._drivers.amqpdriver [-] AMQPListener connection consume poll /usr/lib/python3/dist-packages/oslo_messaging/_drivers/amqpdriver.py:357
2026-05-14 00:39:32.888 127194 DEBUG oslo_messaging._drivers.amqpdriver [-] AMQPListener connection timeout poll /usr/lib/python3/dist-packages/oslo_messaging/_drivers/amqpdriver.py:360
2026-05-14 00:39:32.888 127194 DEBUG oslo_messaging._drivers.amqpdriver [-] Listener is running poll /usr/lib/python3/dist-packages/oslo_messaging/_drivers/amqpdriver.py:343
2026-05-14 00:39:32.888 127194 DEBUG oslo_messaging._drivers.amqpdriver [-] AMQPListener connection consume poll /usr/lib/python3/dist-packages/oslo_messaging/_drivers/amqpdriver.py:357
2026-05-14 00:39:33.054 127209 DEBUG oslo_messaging._drivers.amqpdriver [-] received message msg_id: 17fb7009a9fa4cf59c6259a71e6acc8b reply to reply_d45e04610c69487fa157989302a3ccf1 __call__ /usr/lib/python3/dist-packages/oslo_messaging/_drivers/amqpdriver.py:320
2026-05-14 00:39:33.054 127209 DEBUG oslo_messaging._drivers.amqpdriver [-] Listener is running poll /usr/lib/python3/dist-packages/oslo_messaging/_drivers/amqpdriver.py:343
2026-05-14 00:39:33.055 127209 DEBUG oslo_messaging._drivers.amqpdriver [-] Poll the incoming message with unique_id: 29783b83d6a5475ba3c5d714d21d9b85 poll /usr/lib/python3/dist-packages/oslo_messaging/_drivers/amqpdriver.py:346
2026-05-14 00:39:33.055 127209 DEBUG oslo_messaging._drivers.amqpdriver [-] Listener is running poll /usr/lib/python3/dist-packages/oslo_messaging/_drivers/amqpdriver.py:343
2026-05-14 00:39:33.055 127209 DEBUG oslo_messaging._drivers.amqpdriver [-] AMQPListener connection consume poll /usr/lib/python3/dist-packages/oslo_messaging/_drivers/amqpdriver.py:357
2026-05-14 00:39:33.057 127209 DEBUG oslo_messaging._drivers.amqpdriver [-] AMQPListener connection timeout poll /usr/lib/python3/dist-packages/oslo_messaging/_drivers/amqpdriver.py:360
2026-05-14 00:39:33.058 127209 DEBUG oslo_messaging._drivers.amqpdriver [-] Listener is running poll /usr/lib/python3/dist-packages/oslo_messaging/_drivers/amqpdriver.py:343
2026-05-14 00:39:33.058 127209 DEBUG oslo_messaging._drivers.amqpdriver [-] AMQPListener connection consume poll /usr/lib/python3/dist-packages/oslo_messaging/_drivers/amqpdriver.py:357
2026-05-14 00:39:33.061 127209 DEBUG oslo_messaging._drivers.amqpdriver [req-cc1c89ea-8149-4f3b-9ed0-422db82a6069 - - - - -] sending reply msg_id: 17fb7009a9fa4cf59c6259a71e6acc8b reply queue: reply_d45e04610c69487fa157989302a3ccf1 time elapsed: 0.006974729999910778s _send_reply /usr/lib/python3/dist-packages/oslo_messaging/_drivers/amqpdriver.py:118
2026-05-14 00:39:33.288 127183 DEBUG oslo_messaging._drivers.amqpdriver [-] AMQPListener connection timeout poll /usr/lib/python3/dist-packages/oslo_messaging/_drivers/amqpdriver.py:360
2026-05-14 00:39:33.288 127183 DEBUG oslo_messaging._drivers.amqpdriver [-] Listener is running poll /usr/lib/python3/dist-packages/oslo_messaging/_drivers/amqpdriver.py:343
2026-05-14 00:39:33.288 127183 DEBUG oslo_messaging._drivers.amqpdriver [-] AMQPListener connection consume poll /usr/lib/python3/dist-packages/oslo_messaging/_drivers/amqpdriver.py:357
2026-05-14 00:39:34.059 127209 DEBUG oslo_messaging._drivers.amqpdriver [-] AMQPListener connection timeout poll /usr/lib/python3/dist-packages/oslo_messaging/_drivers/amqpdriver.py:360
2026-05-14 00:39:34.060 127209 DEBUG oslo_messaging._drivers.amqpdriver [-] Listener is running poll /usr/lib/python3/dist-packages/oslo_messaging/_drivers/amqpdriver.py:343
2026-05-14 00:39:34.060 127209 DEBUG oslo_messaging._drivers.amqpdriver [-] AMQPListener connection consume poll /usr/lib/python3/dist-packages/oslo_messaging/_drivers/amqpdriver.py:357
2026-05-14 00:39:35.133 126779 INFO oslo_service.service [req-aa928a57-e411-47ca-a7d7-7f1738cedc19 - - - - -] Caught SIGTERM, stopping children
2026-05-14 00:39:35.134 126779 DEBUG oslo_concurrency.lockutils [req-aa928a57-e411-47ca-a7d7-7f1738cedc19 - - - - -] Acquired lock "singleton_lock" lock /usr/lib/python3/dist-packages/oslo_concurrency/lockutils.py:294
2026-05-14 00:39:35.134 126779 DEBUG oslo_concurrency.lockutils [req-aa928a57-e411-47ca-a7d7-7f1738cedc19 - - - - -] Releasing lock "singleton_lock" lock /usr/lib/python3/dist-packages/oslo_concurrency/lockutils.py:312
2026-05-14 00:39:35.135 126779 DEBUG oslo_service.service [req-aa928a57-e411-47ca-a7d7-7f1738cedc19 - - - - -] Stop services. stop /usr/lib/python3/dist-packages/oslo_service/service.py:695
2026-05-14 00:39:35.135 126779 DEBUG oslo_service.service [req-aa928a57-e411-47ca-a7d7-7f1738cedc19 - - - - -] Killing children. stop /usr/lib/python3/dist-packages/oslo_service/service.py:700
2026-05-14 00:39:35.145 126779 INFO oslo_service.service [req-aa928a57-e411-47ca-a7d7-7f1738cedc19 - - - - -] Waiting on 4 children to exit
2026-05-14 00:39:35.146 126779 INFO oslo_service.service [req-aa928a57-e411-47ca-a7d7-7f1738cedc19 - - - - -] Child 127183 killed by signal 15
2026-05-14 00:39:35.146 126779 INFO oslo_service.service [req-aa928a57-e411-47ca-a7d7-7f1738cedc19 - - - - -] Child 127194 killed by signal 15
2026-05-14 00:39:35.146 126779 INFO oslo_service.service [req-aa928a57-e411-47ca-a7d7-7f1738cedc19 - - - - -] Child 127195 killed by signal 15
2026-05-14 00:39:35.149 126779 INFO oslo_service.service [req-aa928a57-e411-47ca-a7d7-7f1738cedc19 - - - - -] Child 127209 killed by signal 15
2026-05-14 00:39:37.448 127574 ERROR nova.scheduler.client.report [-] The placement API endpoint was not found.: keystoneauth1.exceptions.catalog.EndpointNotFound: ['internal', 'public'] endpoint for placement service in RegionOne region not found
2026-05-14 00:39:37.448 127574 WARNING nova.conductor.manager [-] Unable to initialize placement client (['internal', 'public'] endpoint for placement service in RegionOne region not found); Continuing with startup, but some operations will not be possible.: keystoneauth1.exceptions.catalog.EndpointNotFound: ['internal', 'public'] endpoint for placement service in RegionOne region not found
2026-05-14 00:39:37.468 127574 DEBUG oslo_db.sqlalchemy.engines [req-7ec1b9df-6b45-4058-8f84-26bcf1d60b18 - - - - -] MySQL server mode set to STRICT_TRANS_TABLES,STRICT_ALL_TABLES,NO_ZERO_IN_DATE,NO_ZERO_DATE,ERROR_FOR_DIVISION_BY_ZERO,TRADITIONAL,NO_ENGINE_SUBSTITUTION _check_effective_sql_mode /usr/lib/python3/dist-packages/oslo_db/sqlalchemy/engines.py:314
2026-05-14 00:39:37.593 127574 DEBUG nova.context [req-7ec1b9df-6b45-4058-8f84-26bcf1d60b18 - - - - -] Found 2 cells: 00000000-0000-0000-0000-000000000000(cell0),3199a80d-8d09-4ed5-a63e-3dc38d7358ed(cell1) load_cells /usr/lib/python3/dist-packages/nova/context.py:464
2026-05-14 00:39:37.595 127574 DEBUG oslo_concurrency.lockutils [req-7ec1b9df-6b45-4058-8f84-26bcf1d60b18 - - - - -] Lock "00000000-0000-0000-0000-000000000000" acquired by "nova.context.set_target_cell..get_or_set_cached_cell_and_set_connections" :: waited 0.000s inner /usr/lib/python3/dist-packages/oslo_concurrency/lockutils.py:386
2026-05-14 00:39:37.596 127574 DEBUG oslo_concurrency.lockutils [req-7ec1b9df-6b45-4058-8f84-26bcf1d60b18 - - - - -] Lock "00000000-0000-0000-0000-000000000000" "released" by "nova.context.set_target_cell..get_or_set_cached_cell_and_set_connections" :: held 0.001s inner /usr/lib/python3/dist-packages/oslo_concurrency/lockutils.py:400
2026-05-14 00:39:37.597 127574 DEBUG oslo_concurrency.lockutils [req-7ec1b9df-6b45-4058-8f84-26bcf1d60b18 - - - - -] Lock "3199a80d-8d09-4ed5-a63e-3dc38d7358ed" acquired by "nova.context.set_target_cell..get_or_set_cached_cell_and_set_connections" :: waited 0.000s inner /usr/lib/python3/dist-packages/oslo_concurrency/lockutils.py:386
2026-05-14 00:39:37.598 127574 DEBUG oslo_concurrency.lockutils [req-7ec1b9df-6b45-4058-8f84-26bcf1d60b18 - - - - -] Lock "3199a80d-8d09-4ed5-a63e-3dc38d7358ed" "released" by "nova.context.set_target_cell..get_or_set_cached_cell_and_set_connections" :: held 0.001s inner /usr/lib/python3/dist-packages/oslo_concurrency/lockutils.py:400
2026-05-14 00:39:37.605 127574 DEBUG oslo_db.sqlalchemy.engines [req-7ec1b9df-6b45-4058-8f84-26bcf1d60b18 - - - - -] MySQL server mode set to STRICT_TRANS_TABLES,STRICT_ALL_TABLES,NO_ZERO_IN_DATE,NO_ZERO_DATE,ERROR_FOR_DIVISION_BY_ZERO,TRADITIONAL,NO_ENGINE_SUBSTITUTION _check_effective_sql_mode /usr/lib/python3/dist-packages/oslo_db/sqlalchemy/engines.py:314
2026-05-14 00:39:37.609 127574 DEBUG oslo_db.sqlalchemy.engines [req-7ec1b9df-6b45-4058-8f84-26bcf1d60b18 - - - - -] MySQL server mode set to STRICT_TRANS_TABLES,STRICT_ALL_TABLES,NO_ZERO_IN_DATE,NO_ZERO_DATE,ERROR_FOR_DIVISION_BY_ZERO,TRADITIONAL,NO_ENGINE_SUBSTITUTION _check_effective_sql_mode /usr/lib/python3/dist-packages/oslo_db/sqlalchemy/engines.py:314
2026-05-14 00:39:37.694 127574 DEBUG oslo_concurrency.lockutils [req-7ec1b9df-6b45-4058-8f84-26bcf1d60b18 - - - - -] Acquired lock "singleton_lock" lock /usr/lib/python3/dist-packages/oslo_concurrency/lockutils.py:294
2026-05-14 00:39:37.695 127574 DEBUG oslo_concurrency.lockutils [req-7ec1b9df-6b45-4058-8f84-26bcf1d60b18 - - - - -] Releasing lock "singleton_lock" lock /usr/lib/python3/dist-packages/oslo_concurrency/lockutils.py:312
2026-05-14 00:39:37.695 127574 INFO oslo_service.service [req-7ec1b9df-6b45-4058-8f84-26bcf1d60b18 - - - - -] Starting 4 workers
2026-05-14 00:39:37.700 127574 DEBUG oslo_service.service [req-7ec1b9df-6b45-4058-8f84-26bcf1d60b18 - - - - -] Started child 127876 _start_child /usr/lib/python3/dist-packages/oslo_service/service.py:575
2026-05-14 00:39:37.705 127876 INFO nova.service [-] Starting conductor node (version 25.2.1)
2026-05-14 00:39:37.706 127574 DEBUG oslo_service.service [req-7ec1b9df-6b45-4058-8f84-26bcf1d60b18 - - - - -] Started child 127877 _start_child /usr/lib/python3/dist-packages/oslo_service/service.py:575
2026-05-14 00:39:37.711 127877 INFO nova.service [-] Starting conductor node (version 25.2.1)
2026-05-14 00:39:37.712 127574 DEBUG oslo_service.service [req-7ec1b9df-6b45-4058-8f84-26bcf1d60b18 - - - - -] Started child 127878 _start_child /usr/lib/python3/dist-packages/oslo_service/service.py:575
2026-05-14 00:39:37.718 127878 INFO nova.service [-] Starting conductor node (version 25.2.1)
2026-05-14 00:39:37.717 127574 DEBUG oslo_service.service [req-7ec1b9df-6b45-4058-8f84-26bcf1d60b18 - - - - -] Started child 127879 _start_child /usr/lib/python3/dist-packages/oslo_service/service.py:575
2026-05-14 00:39:37.720 127574 DEBUG oslo_service.service [req-7ec1b9df-6b45-4058-8f84-26bcf1d60b18 - - - - -] Full set of CONF: wait /usr/lib/python3/dist-packages/oslo_service/service.py:649
2026-05-14 00:39:37.720 127574 DEBUG oslo_service.service [req-7ec1b9df-6b45-4058-8f84-26bcf1d60b18 - - - - -] ******************************************************************************** log_opt_values /usr/lib/python3/dist-packages/oslo_config/cfg.py:2589
2026-05-14 00:39:37.720 127574 DEBUG oslo_service.service [req-7ec1b9df-6b45-4058-8f84-26bcf1d60b18 - - - - -] Configuration options gathered from: log_opt_values /usr/lib/python3/dist-packages/oslo_config/cfg.py:2590
2026-05-14 00:39:37.721 127574 DEBUG oslo_service.service [req-7ec1b9df-6b45-4058-8f84-26bcf1d60b18 - - - - -] command line args: ['--config-file=/etc/nova/nova.conf', '--log-file=/var/log/nova/nova-conductor.log'] log_opt_values /usr/lib/python3/dist-packages/oslo_config/cfg.py:2591
2026-05-14 00:39:37.722 127574 DEBUG oslo_service.service [req-7ec1b9df-6b45-4058-8f84-26bcf1d60b18 - - - - -] config files: ['/etc/nova/nova.conf'] log_opt_values /usr/lib/python3/dist-packages/oslo_config/cfg.py:2592
2026-05-14 00:39:37.723 127574 DEBUG oslo_service.service [req-7ec1b9df-6b45-4058-8f84-26bcf1d60b18 - - - - -] ================================================================================ log_opt_values /usr/lib/python3/dist-packages/oslo_config/cfg.py:2594
2026-05-14 00:39:37.725 127877 DEBUG oslo_db.sqlalchemy.engines [req-ffc32af5-7ff0-4c59-b174-b9e13eff4784 - - - - -] MySQL server mode set to STRICT_TRANS_TABLES,STRICT_ALL_TABLES,NO_ZERO_IN_DATE,NO_ZERO_DATE,ERROR_FOR_DIVISION_BY_ZERO,TRADITIONAL,NO_ENGINE_SUBSTITUTION _check_effective_sql_mode /usr/lib/python3/dist-packages/oslo_db/sqlalchemy/engines.py:314
2026-05-14 00:39:37.726 127574 DEBUG oslo_service.service [req-7ec1b9df-6b45-4058-8f84-26bcf1d60b18 - - - - -] allow_resize_to_same_host = False log_opt_values /usr/lib/python3/dist-packages/oslo_config/cfg.py:2602
2026-05-14 00:39:37.726 127574 DEBUG oslo_service.service [req-7ec1b9df-6b45-4058-8f84-26bcf1d60b18 - - - - -] arq_binding_timeout = 300 log_opt_values /usr/lib/python3/dist-packages/oslo_config/cfg.py:2602
2026-05-14 00:39:37.726 127574 DEBUG oslo_service.service [req-7ec1b9df-6b45-4058-8f84-26bcf1d60b18 - - - - -] block_device_allocate_retries = 60 log_opt_values /usr/lib/python3/dist-packages/oslo_config/cfg.py:2602
2026-05-14 00:39:37.727 127574 DEBUG oslo_service.service [req-7ec1b9df-6b45-4058-8f84-26bcf1d60b18 - - - - -] block_device_allocate_retries_interval = 3 log_opt_values /usr/lib/python3/dist-packages/oslo_config/cfg.py:2602
2026-05-14 00:39:37.727 127574 DEBUG oslo_service.service [req-7ec1b9df-6b45-4058-8f84-26bcf1d60b18 - - - - -] cert = self.pem log_opt_values /usr/lib/python3/dist-packages/oslo_config/cfg.py:2602
2026-05-14 00:39:37.728 127574 DEBUG oslo_service.service [req-7ec1b9df-6b45-4058-8f84-26bcf1d60b18 - - - - -] compute_driver = libvirt.LibvirtDriver log_opt_values /usr/lib/python3/dist-packages/oslo_config/cfg.py:2602
2026-05-14 00:39:37.728 127574 DEBUG oslo_service.service [req-7ec1b9df-6b45-4058-8f84-26bcf1d60b18 - - - - -] compute_monitors = [] log_opt_values /usr/lib/python3/dist-packages/oslo_config/cfg.py:2602
2026-05-14 00:39:37.729 127574 DEBUG oslo_service.service [req-7ec1b9df-6b45-4058-8f84-26bcf1d60b18 - - - - -] config_dir = [] log_opt_values /usr/lib/python3/dist-packages/oslo_config/cfg.py:2602
2026-05-14 00:39:37.730 127574 DEBUG oslo_service.service [req-7ec1b9df-6b45-4058-8f84-26bcf1d60b18 - - - - -] config_drive_format = iso9660 log_opt_values /usr/lib/python3/dist-packages/oslo_config/cfg.py:2602
2026-05-14 00:39:37.730 127574 DEBUG oslo_service.service [req-7ec1b9df-6b45-4058-8f84-26bcf1d60b18 - - - - -] config_file = ['/etc/nova/nova.conf'] log_opt_values /usr/lib/python3/dist-packages/oslo_config/cfg.py:2602
2026-05-14 00:39:37.730 127574 DEBUG oslo_service.service [req-7ec1b9df-6b45-4058-8f84-26bcf1d60b18 - - - - -] config_source = [] log_opt_values /usr/lib/python3/dist-packages/oslo_config/cfg.py:2602
2026-05-14 00:39:37.730 127879 INFO nova.service [-] Starting conductor node (version 25.2.1)
2026-05-14 00:39:37.731 127574 DEBUG oslo_service.service [req-7ec1b9df-6b45-4058-8f84-26bcf1d60b18 - - - - -] console_host = juju-9a39e5-0-lxd-7 log_opt_values /usr/lib/python3/dist-packages/oslo_config/cfg.py:2602
2026-05-14 00:39:37.731 127574 DEBUG oslo_service.service [req-7ec1b9df-6b45-4058-8f84-26bcf1d60b18 - - - - -] control_exchange = nova log_opt_values /usr/lib/python3/dist-packages/oslo_config/cfg.py:2602
2026-05-14 00:39:37.731 127574 DEBUG oslo_service.service [req-7ec1b9df-6b45-4058-8f84-26bcf1d60b18 - - - - -] cpu_allocation_ratio = 2.0 log_opt_values /usr/lib/python3/dist-packages/oslo_config/cfg.py:2602
2026-05-14 00:39:37.731 127574 DEBUG oslo_service.service [req-7ec1b9df-6b45-4058-8f84-26bcf1d60b18 - - - - -] daemon = False log_opt_values /usr/lib/python3/dist-packages/oslo_config/cfg.py:2602
2026-05-14 00:39:37.732 127574 DEBUG oslo_service.service [req-7ec1b9df-6b45-4058-8f84-26bcf1d60b18 - - - - -] debug = True log_opt_values /usr/lib/python3/dist-packages/oslo_config/cfg.py:2602
2026-05-14 00:39:37.732 127574 DEBUG oslo_service.service [req-7ec1b9df-6b45-4058-8f84-26bcf1d60b18 - - - - -] default_access_ip_network_name = None log_opt_values /usr/lib/python3/dist-packages/oslo_config/cfg.py:2602
2026-05-14 00:39:37.732 127574 DEBUG oslo_service.service [req-7ec1b9df-6b45-4058-8f84-26bcf1d60b18 - - - - -] default_availability_zone = nova log_opt_values /usr/lib/python3/dist-packages/oslo_config/cfg.py:2602
2026-05-14 00:39:37.732 127574 DEBUG oslo_service.service [req-7ec1b9df-6b45-4058-8f84-26bcf1d60b18 - - - - -] default_ephemeral_format = None log_opt_values /usr/lib/python3/dist-packages/oslo_config/cfg.py:2602
2026-05-14 00:39:37.733 127574 DEBUG oslo_service.service [req-7ec1b9df-6b45-4058-8f84-26bcf1d60b18 - - - - -] default_log_levels = ['amqp=WARN', 'amqplib=WARN', 'boto=WARN', 'qpid=WARN', 'sqlalchemy=WARN', 'suds=INFO', 'oslo.messaging=INFO', 'oslo_messaging=DEBUG', 'iso8601=WARN', 'requests.packages.urllib3.connectionpool=WARN', 'urllib3.connectionpool=WARN', 'websocket=WARN', 'requests.packages.urllib3.util.retry=WARN', 'urllib3.util.retry=WARN', 'keystonemiddleware=WARN', 'routes.middleware=WARN', 'stevedore=WARN', 'taskflow=WARN', 'keystoneauth=WARN', 'oslo.cache=INFO', 'dogpile.core.dogpile=INFO', 'glanceclient=WARN', 'oslo.privsep.daemon=INFO'] log_opt_values /usr/lib/python3/dist-packages/oslo_config/cfg.py:2602
2026-05-14 00:39:37.733 127574 DEBUG oslo_service.service [req-7ec1b9df-6b45-4058-8f84-26bcf1d60b18 - - - - -] default_schedule_zone = None log_opt_values /usr/lib/python3/dist-packages/oslo_config/cfg.py:2602
2026-05-14 00:39:37.733 127878 DEBUG oslo_db.sqlalchemy.engines [req-895e0266-5b8a-4602-9893-8ac7ee8a5a48 - - - - -] MySQL server mode set to STRICT_TRANS_TABLES,STRICT_ALL_TABLES,NO_ZERO_IN_DATE,NO_ZERO_DATE,ERROR_FOR_DIVISION_BY_ZERO,TRADITIONAL,NO_ENGINE_SUBSTITUTION _check_effective_sql_mode /usr/lib/python3/dist-packages/oslo_db/sqlalchemy/engines.py:314
2026-05-14 00:39:37.733 127574 DEBUG oslo_service.service [req-7ec1b9df-6b45-4058-8f84-26bcf1d60b18 - - - - -] disk_allocation_ratio = 1.0 log_opt_values /usr/lib/python3/dist-packages/oslo_config/cfg.py:2602
2026-05-14 00:39:37.733 127574 DEBUG oslo_service.service [req-7ec1b9df-6b45-4058-8f84-26bcf1d60b18 - - - - -] enable_new_services = True log_opt_values /usr/lib/python3/dist-packages/oslo_config/cfg.py:2602
2026-05-14 00:39:37.733 127574 DEBUG oslo_service.service [req-7ec1b9df-6b45-4058-8f84-26bcf1d60b18 - - - - -] enabled_apis = ['osapi_compute', 'metadata'] log_opt_values /usr/lib/python3/dist-packages/oslo_config/cfg.py:2602
2026-05-14 00:39:37.734 127574 DEBUG oslo_service.service [req-7ec1b9df-6b45-4058-8f84-26bcf1d60b18 - - - - -] enabled_ssl_apis = [] log_opt_values /usr/lib/python3/dist-packages/oslo_config/cfg.py:2602
2026-05-14 00:39:37.734 127574 DEBUG oslo_service.service [req-7ec1b9df-6b45-4058-8f84-26bcf1d60b18 - - - - -] fatal_deprecations = False log_opt_values /usr/lib/python3/dist-packages/oslo_config/cfg.py:2602
2026-05-14 00:39:37.734 127574 DEBUG oslo_service.service [req-7ec1b9df-6b45-4058-8f84-26bcf1d60b18 - - - - -] flat_injected = False log_opt_values /usr/lib/python3/dist-packages/oslo_config/cfg.py:2602
2026-05-14 00:39:37.734 127574 DEBUG oslo_service.service [req-7ec1b9df-6b45-4058-8f84-26bcf1d60b18 - - - - -] force_config_drive = False log_opt_values /usr/lib/python3/dist-packages/oslo_config/cfg.py:2602
2026-05-14 00:39:37.734 127574 DEBUG oslo_service.service [req-7ec1b9df-6b45-4058-8f84-26bcf1d60b18 - - - - -] force_raw_images = True log_opt_values /usr/lib/python3/dist-packages/oslo_config/cfg.py:2602
2026-05-14 00:39:37.735 127574 DEBUG oslo_service.service [req-7ec1b9df-6b45-4058-8f84-26bcf1d60b18 - - - - -] graceful_shutdown_timeout = 60 log_opt_values /usr/lib/python3/dist-packages/oslo_config/cfg.py:2602
2026-05-14 00:39:37.735 127574 DEBUG oslo_service.service [req-7ec1b9df-6b45-4058-8f84-26bcf1d60b18 - - - - -] heal_instance_info_cache_interval = 60 log_opt_values /usr/lib/python3/dist-packages/oslo_config/cfg.py:2602
2026-05-14 00:39:37.735 127574 DEBUG oslo_service.service [req-7ec1b9df-6b45-4058-8f84-26bcf1d60b18 - - - - -] host = juju-9a39e5-0-lxd-7 log_opt_values /usr/lib/python3/dist-packages/oslo_config/cfg.py:2602
2026-05-14 00:39:37.735 127574 DEBUG oslo_service.service [req-7ec1b9df-6b45-4058-8f84-26bcf1d60b18 - - - - -] initial_cpu_allocation_ratio = 16.0 log_opt_values /usr/lib/python3/dist-packages/oslo_config/cfg.py:2602
2026-05-14 00:39:37.736 127574 DEBUG oslo_service.service [req-7ec1b9df-6b45-4058-8f84-26bcf1d60b18 - - - - -] initial_disk_allocation_ratio = 1.0 log_opt_values /usr/lib/python3/dist-packages/oslo_config/cfg.py:2602
2026-05-14 00:39:37.736 127574 DEBUG oslo_service.service [req-7ec1b9df-6b45-4058-8f84-26bcf1d60b18 - - - - -] initial_ram_allocation_ratio = 1.5 log_opt_values /usr/lib/python3/dist-packages/oslo_config/cfg.py:2602
2026-05-14 00:39:37.736 127574 DEBUG oslo_service.service [req-7ec1b9df-6b45-4058-8f84-26bcf1d60b18 - - - - -] injected_network_template = /usr/lib/python3/dist-packages/nova/virt/interfaces.template log_opt_values /usr/lib/python3/dist-packages/oslo_config/cfg.py:2602
2026-05-14 00:39:37.736 127574 DEBUG oslo_service.service [req-7ec1b9df-6b45-4058-8f84-26bcf1d60b18 - - - - -] instance_build_timeout = 0 log_opt_values /usr/lib/python3/dist-packages/oslo_config/cfg.py:2602
2026-05-14 00:39:37.737 127574 DEBUG oslo_service.service [req-7ec1b9df-6b45-4058-8f84-26bcf1d60b18 - - - - -] instance_delete_interval = 300 log_opt_values /usr/lib/python3/dist-packages/oslo_config/cfg.py:2602
2026-05-14 00:39:37.737 127574 DEBUG oslo_service.service [req-7ec1b9df-6b45-4058-8f84-26bcf1d60b18 - - - - -] instance_format = [instance: %(uuid)s] log_opt_values /usr/lib/python3/dist-packages/oslo_config/cfg.py:2602
2026-05-14 00:39:37.737 127574 DEBUG oslo_service.service [req-7ec1b9df-6b45-4058-8f84-26bcf1d60b18 - - - - -] instance_name_template = instance-%08x log_opt_values /usr/lib/python3/dist-packages/oslo_config/cfg.py:2602
2026-05-14 00:39:37.738 127574 DEBUG oslo_service.service [req-7ec1b9df-6b45-4058-8f84-26bcf1d60b18 - - - - -] instance_usage_audit = False log_opt_values /usr/lib/python3/dist-packages/oslo_config/cfg.py:2602
2026-05-14 00:39:37.738 127574 DEBUG oslo_service.service [req-7ec1b9df-6b45-4058-8f84-26bcf1d60b18 - - - - -] instance_usage_audit_period = month log_opt_values /usr/lib/python3/dist-packages/oslo_config/cfg.py:2602
2026-05-14 00:39:37.739 127574 DEBUG oslo_service.service [req-7ec1b9df-6b45-4058-8f84-26bcf1d60b18 - - - - -] instance_uuid_format = [instance: %(uuid)s] log_opt_values /usr/lib/python3/dist-packages/oslo_config/cfg.py:2602
2026-05-14 00:39:37.737 127876 DEBUG oslo_db.sqlalchemy.engines [req-17be6593-82e4-448d-8e52-3bec24cbb1bc - - - - -] MySQL server mode set to STRICT_TRANS_TABLES,STRICT_ALL_TABLES,NO_ZERO_IN_DATE,NO_ZERO_DATE,ERROR_FOR_DIVISION_BY_ZERO,TRADITIONAL,NO_ENGINE_SUBSTITUTION _check_effective_sql_mode /usr/lib/python3/dist-packages/oslo_db/sqlalchemy/engines.py:314
2026-05-14 00:39:37.740 127574 DEBUG oslo_service.service [req-7ec1b9df-6b45-4058-8f84-26bcf1d60b18 - - - - -] instances_path = /var/lib/nova/instances log_opt_values /usr/lib/python3/dist-packages/oslo_config/cfg.py:2602
2026-05-14 00:39:37.740 127574 DEBUG oslo_service.service [req-7ec1b9df-6b45-4058-8f84-26bcf1d60b18 - - - - -] internal_service_availability_zone = internal log_opt_values /usr/lib/python3/dist-packages/oslo_config/cfg.py:2602
2026-05-14 00:39:37.740 127574 DEBUG oslo_service.service [req-7ec1b9df-6b45-4058-8f84-26bcf1d60b18 - - - - -] key = None log_opt_values /usr/lib/python3/dist-packages/oslo_config/cfg.py:2602
2026-05-14 00:39:37.741 127574 DEBUG oslo_service.service [req-7ec1b9df-6b45-4058-8f84-26bcf1d60b18 - - - - -] live_migration_retry_count = 30 log_opt_values /usr/lib/python3/dist-packages/oslo_config/cfg.py:2602
2026-05-14 00:39:37.742 127574 DEBUG oslo_service.service [req-7ec1b9df-6b45-4058-8f84-26bcf1d60b18 - - - - -] log_config_append = None log_opt_values /usr/lib/python3/dist-packages/oslo_config/cfg.py:2602
2026-05-14 00:39:37.742 127574 DEBUG oslo_service.service [req-7ec1b9df-6b45-4058-8f84-26bcf1d60b18 - - - - -] log_date_format = %Y-%m-%d %H:%M:%S log_opt_values /usr/lib/python3/dist-packages/oslo_config/cfg.py:2602
2026-05-14 00:39:37.743 127574 DEBUG oslo_service.service [req-7ec1b9df-6b45-4058-8f84-26bcf1d60b18 - - - - -] log_dir = /var/log/nova log_opt_values /usr/lib/python3/dist-packages/oslo_config/cfg.py:2602
2026-05-14 00:39:37.743 127574 DEBUG oslo_service.service [req-7ec1b9df-6b45-4058-8f84-26bcf1d60b18 - - - - -] log_file = /var/log/nova/nova-conductor.log log_opt_values /usr/lib/python3/dist-packages/oslo_config/cfg.py:2602
2026-05-14 00:39:37.743 127574 DEBUG oslo_service.service [req-7ec1b9df-6b45-4058-8f84-26bcf1d60b18 - - - - -] log_options = True log_opt_values /usr/lib/python3/dist-packages/oslo_config/cfg.py:2602
2026-05-14 00:39:37.743 127574 DEBUG oslo_service.service [req-7ec1b9df-6b45-4058-8f84-26bcf1d60b18 - - - - -] log_rotate_interval = 1 log_opt_values /usr/lib/python3/dist-packages/oslo_config/cfg.py:2602
2026-05-14 00:39:37.743 127574 DEBUG oslo_service.service [req-7ec1b9df-6b45-4058-8f84-26bcf1d60b18 - - - - -] log_rotate_interval_type = days log_opt_values /usr/lib/python3/dist-packages/oslo_config/cfg.py:2602
2026-05-14 00:39:37.743 127574 DEBUG oslo_service.service [req-7ec1b9df-6b45-4058-8f84-26bcf1d60b18 - - - - -] log_rotation_type = none log_opt_values /usr/lib/python3/dist-packages/oslo_config/cfg.py:2602
2026-05-14 00:39:37.744 127574 DEBUG oslo_service.service [req-7ec1b9df-6b45-4058-8f84-26bcf1d60b18 - - - - -] logging_context_format_string = %(asctime)s.%(msecs)03d %(process)d %(levelname)s %(name)s [%(request_id)s %(user_identity)s] %(instance)s%(message)s log_opt_values /usr/lib/python3/dist-packages/oslo_config/cfg.py:2602
2026-05-14 00:39:37.744 127574 DEBUG oslo_service.service [req-7ec1b9df-6b45-4058-8f84-26bcf1d60b18 - - - - -] logging_debug_format_suffix = %(funcName)s %(pathname)s:%(lineno)d log_opt_values /usr/lib/python3/dist-packages/oslo_config/cfg.py:2602
2026-05-14 00:39:37.744 127574 DEBUG oslo_service.service [req-7ec1b9df-6b45-4058-8f84-26bcf1d60b18 - - - - -] logging_default_format_string = %(asctime)s.%(msecs)03d %(process)d %(levelname)s %(name)s [-] %(instance)s%(message)s log_opt_values /usr/lib/python3/dist-packages/oslo_config/cfg.py:2602
2026-05-14 00:39:37.744 127574 DEBUG oslo_service.service [req-7ec1b9df-6b45-4058-8f84-26bcf1d60b18 - - - - -] logging_exception_prefix = %(asctime)s.%(msecs)03d %(process)d ERROR %(name)s %(instance)s log_opt_values /usr/lib/python3/dist-packages/oslo_config/cfg.py:2602
2026-05-14 00:39:37.744 127574 DEBUG oslo_service.service [req-7ec1b9df-6b45-4058-8f84-26bcf1d60b18 - - - - -] logging_user_identity_format = %(user)s %(project)s %(domain)s %(user_domain)s %(project_domain)s log_opt_values /usr/lib/python3/dist-packages/oslo_config/cfg.py:2602
2026-05-14 00:39:37.744 127879 DEBUG oslo_db.sqlalchemy.engines [req-b6083ffb-4820-4258-85cb-d3cbf661e293 - - - - -] MySQL server mode set to STRICT_TRANS_TABLES,STRICT_ALL_TABLES,NO_ZERO_IN_DATE,NO_ZERO_DATE,ERROR_FOR_DIVISION_BY_ZERO,TRADITIONAL,NO_ENGINE_SUBSTITUTION _check_effective_sql_mode /usr/lib/python3/dist-packages/oslo_db/sqlalchemy/engines.py:314
2026-05-14 00:39:37.745 127574 DEBUG oslo_service.service [req-7ec1b9df-6b45-4058-8f84-26bcf1d60b18 - - - - -] long_rpc_timeout = 1800 log_opt_values /usr/lib/python3/dist-packages/oslo_config/cfg.py:2602
2026-05-14 00:39:37.746 127574 DEBUG oslo_service.service [req-7ec1b9df-6b45-4058-8f84-26bcf1d60b18 - - - - -] max_concurrent_builds = 10 log_opt_values /usr/lib/python3/dist-packages/oslo_config/cfg.py:2602
2026-05-14 00:39:37.747 127574 DEBUG oslo_service.service [req-7ec1b9df-6b45-4058-8f84-26bcf1d60b18 - - - - -] max_concurrent_live_migrations = 1 log_opt_values /usr/lib/python3/dist-packages/oslo_config/cfg.py:2602
2026-05-14 00:39:37.747 127574 DEBUG oslo_service.service [req-7ec1b9df-6b45-4058-8f84-26bcf1d60b18 - - - - -] max_concurrent_snapshots = 5 log_opt_values /usr/lib/python3/dist-packages/oslo_config/cfg.py:2602
2026-05-14 00:39:37.747 127574 DEBUG oslo_service.service [req-7ec1b9df-6b45-4058-8f84-26bcf1d60b18 - - - - -] max_local_block_devices = 3 log_opt_values /usr/lib/python3/dist-packages/oslo_config/cfg.py:2602
2026-05-14 00:39:37.747 127574 DEBUG oslo_service.service [req-7ec1b9df-6b45-4058-8f84-26bcf1d60b18 - - - - -] max_logfile_count = 30 log_opt_values /usr/lib/python3/dist-packages/oslo_config/cfg.py:2602
2026-05-14 00:39:37.747 127574 DEBUG oslo_service.service [req-7ec1b9df-6b45-4058-8f84-26bcf1d60b18 - - - - -] max_logfile_size_mb = 200 log_opt_values /usr/lib/python3/dist-packages/oslo_config/cfg.py:2602
2026-05-14 00:39:37.748 127574 DEBUG oslo_service.service [req-7ec1b9df-6b45-4058-8f84-26bcf1d60b18 - - - - -] maximum_instance_delete_attempts = 5 log_opt_values /usr/lib/python3/dist-packages/oslo_config/cfg.py:2602
2026-05-14 00:39:37.748 127574 DEBUG oslo_service.service [req-7ec1b9df-6b45-4058-8f84-26bcf1d60b18 - - - - -] metadata_listen = 0.0.0.0 log_opt_values /usr/lib/python3/dist-packages/oslo_config/cfg.py:2602
2026-05-14 00:39:37.748 127574 DEBUG oslo_service.service [req-7ec1b9df-6b45-4058-8f84-26bcf1d60b18 - - - - -] metadata_listen_port = 8765 log_opt_values /usr/lib/python3/dist-packages/oslo_config/cfg.py:2602
2026-05-14 00:39:37.748 127574 DEBUG oslo_service.service [req-7ec1b9df-6b45-4058-8f84-26bcf1d60b18 - - - - -] metadata_workers = None log_opt_values /usr/lib/python3/dist-packages/oslo_config/cfg.py:2602
2026-05-14 00:39:37.748 127877 DEBUG nova.service [req-ffc32af5-7ff0-4c59-b174-b9e13eff4784 - - - - -] Creating RPC server for service conductor start /usr/lib/python3/dist-packages/nova/service.py:182
2026-05-14 00:39:37.748 127574 DEBUG oslo_service.service [req-7ec1b9df-6b45-4058-8f84-26bcf1d60b18 - - - - -] migrate_max_retries = -1 log_opt_values /usr/lib/python3/dist-packages/oslo_config/cfg.py:2602
2026-05-14 00:39:37.749 127574 DEBUG oslo_service.service [req-7ec1b9df-6b45-4058-8f84-26bcf1d60b18 - - - - -] mkisofs_cmd = genisoimage log_opt_values /usr/lib/python3/dist-packages/oslo_config/cfg.py:2602
2026-05-14 00:39:37.749 127574 DEBUG oslo_service.service [req-7ec1b9df-6b45-4058-8f84-26bcf1d60b18 - - - - -] my_block_storage_ip = 252.241.158.26 log_opt_values /usr/lib/python3/dist-packages/oslo_config/cfg.py:2602
2026-05-14 00:39:37.749 127574 DEBUG oslo_service.service [req-7ec1b9df-6b45-4058-8f84-26bcf1d60b18 - - - - -] my_ip = 252.241.158.26 log_opt_values /usr/lib/python3/dist-packages/oslo_config/cfg.py:2602
