2026-05-14 00:39:37.749 127574 DEBUG oslo_service.service [req-7ec1b9df-6b45-4058-8f84-26bcf1d60b18 - - - - -] network_allocate_retries = 0 log_opt_values /usr/lib/python3/dist-packages/oslo_config/cfg.py:2602
2026-05-14 00:39:37.750 127574 DEBUG oslo_service.service [req-7ec1b9df-6b45-4058-8f84-26bcf1d60b18 - - - - -] non_inheritable_image_properties = ['cache_in_nova', 'bittorrent'] log_opt_values /usr/lib/python3/dist-packages/oslo_config/cfg.py:2602
2026-05-14 00:39:37.750 127574 DEBUG oslo_service.service [req-7ec1b9df-6b45-4058-8f84-26bcf1d60b18 - - - - -] osapi_compute_listen = 0.0.0.0 log_opt_values /usr/lib/python3/dist-packages/oslo_config/cfg.py:2602
2026-05-14 00:39:37.750 127574 DEBUG oslo_service.service [req-7ec1b9df-6b45-4058-8f84-26bcf1d60b18 - - - - -] osapi_compute_listen_port = 8764 log_opt_values /usr/lib/python3/dist-packages/oslo_config/cfg.py:2602
2026-05-14 00:39:37.750 127574 DEBUG oslo_service.service [req-7ec1b9df-6b45-4058-8f84-26bcf1d60b18 - - - - -] osapi_compute_unique_server_name_scope = log_opt_values /usr/lib/python3/dist-packages/oslo_config/cfg.py:2602
2026-05-14 00:39:37.751 127574 DEBUG oslo_service.service [req-7ec1b9df-6b45-4058-8f84-26bcf1d60b18 - - - - -] osapi_compute_workers = 4 log_opt_values /usr/lib/python3/dist-packages/oslo_config/cfg.py:2602
2026-05-14 00:39:37.751 127574 DEBUG oslo_service.service [req-7ec1b9df-6b45-4058-8f84-26bcf1d60b18 - - - - -] password_length = 12 log_opt_values /usr/lib/python3/dist-packages/oslo_config/cfg.py:2602
2026-05-14 00:39:37.751 127574 DEBUG oslo_service.service [req-7ec1b9df-6b45-4058-8f84-26bcf1d60b18 - - - - -] periodic_enable = True log_opt_values /usr/lib/python3/dist-packages/oslo_config/cfg.py:2602
2026-05-14 00:39:37.751 127574 DEBUG oslo_service.service [req-7ec1b9df-6b45-4058-8f84-26bcf1d60b18 - - - - -] periodic_fuzzy_delay = 60 log_opt_values /usr/lib/python3/dist-packages/oslo_config/cfg.py:2602
2026-05-14 00:39:37.752 127574 DEBUG oslo_service.service [req-7ec1b9df-6b45-4058-8f84-26bcf1d60b18 - - - - -] pointer_model = usbtablet log_opt_values /usr/lib/python3/dist-packages/oslo_config/cfg.py:2602
2026-05-14 00:39:37.752 127574 DEBUG oslo_service.service [req-7ec1b9df-6b45-4058-8f84-26bcf1d60b18 - - - - -] preallocate_images = none log_opt_values /usr/lib/python3/dist-packages/oslo_config/cfg.py:2602
2026-05-14 00:39:37.752 127574 DEBUG oslo_service.service [req-7ec1b9df-6b45-4058-8f84-26bcf1d60b18 - - - - -] publish_errors = False log_opt_values /usr/lib/python3/dist-packages/oslo_config/cfg.py:2602
2026-05-14 00:39:37.752 127574 DEBUG oslo_service.service [req-7ec1b9df-6b45-4058-8f84-26bcf1d60b18 - - - - -] pybasedir = /usr/lib/python3/dist-packages log_opt_values /usr/lib/python3/dist-packages/oslo_config/cfg.py:2602
2026-05-14 00:39:37.752 127574 DEBUG oslo_service.service [req-7ec1b9df-6b45-4058-8f84-26bcf1d60b18 - - - - -] ram_allocation_ratio = 0.98 log_opt_values /usr/lib/python3/dist-packages/oslo_config/cfg.py:2602
2026-05-14 00:39:37.752 127574 DEBUG oslo_service.service [req-7ec1b9df-6b45-4058-8f84-26bcf1d60b18 - - - - -] rate_limit_burst = 0 log_opt_values /usr/lib/python3/dist-packages/oslo_config/cfg.py:2602
2026-05-14 00:39:37.753 127574 DEBUG oslo_service.service [req-7ec1b9df-6b45-4058-8f84-26bcf1d60b18 - - - - -] rate_limit_except_level = CRITICAL log_opt_values /usr/lib/python3/dist-packages/oslo_config/cfg.py:2602
2026-05-14 00:39:37.753 127574 DEBUG oslo_service.service [req-7ec1b9df-6b45-4058-8f84-26bcf1d60b18 - - - - -] rate_limit_interval = 0 log_opt_values /usr/lib/python3/dist-packages/oslo_config/cfg.py:2602
2026-05-14 00:39:37.753 127574 DEBUG oslo_service.service [req-7ec1b9df-6b45-4058-8f84-26bcf1d60b18 - - - - -] reboot_timeout = 0 log_opt_values /usr/lib/python3/dist-packages/oslo_config/cfg.py:2602
2026-05-14 00:39:37.753 127574 DEBUG oslo_service.service [req-7ec1b9df-6b45-4058-8f84-26bcf1d60b18 - - - - -] reclaim_instance_interval = 0 log_opt_values /usr/lib/python3/dist-packages/oslo_config/cfg.py:2602
2026-05-14 00:39:37.753 127574 DEBUG oslo_service.service [req-7ec1b9df-6b45-4058-8f84-26bcf1d60b18 - - - - -] record = None log_opt_values /usr/lib/python3/dist-packages/oslo_config/cfg.py:2602
2026-05-14 00:39:37.754 127574 DEBUG oslo_service.service [req-7ec1b9df-6b45-4058-8f84-26bcf1d60b18 - - - - -] report_interval = 10 log_opt_values /usr/lib/python3/dist-packages/oslo_config/cfg.py:2602
2026-05-14 00:39:37.754 127574 DEBUG oslo_service.service [req-7ec1b9df-6b45-4058-8f84-26bcf1d60b18 - - - - -] rescue_timeout = 0 log_opt_values /usr/lib/python3/dist-packages/oslo_config/cfg.py:2602
2026-05-14 00:39:37.754 127574 DEBUG oslo_service.service [req-7ec1b9df-6b45-4058-8f84-26bcf1d60b18 - - - - -] reserved_host_cpus = 0 log_opt_values /usr/lib/python3/dist-packages/oslo_config/cfg.py:2602
2026-05-14 00:39:37.754 127878 DEBUG nova.service [req-895e0266-5b8a-4602-9893-8ac7ee8a5a48 - - - - -] Creating RPC server for service conductor start /usr/lib/python3/dist-packages/nova/service.py:182
2026-05-14 00:39:37.754 127574 DEBUG oslo_service.service [req-7ec1b9df-6b45-4058-8f84-26bcf1d60b18 - - - - -] reserved_host_disk_mb = 0 log_opt_values /usr/lib/python3/dist-packages/oslo_config/cfg.py:2602
2026-05-14 00:39:37.755 127574 DEBUG oslo_service.service [req-7ec1b9df-6b45-4058-8f84-26bcf1d60b18 - - - - -] reserved_host_memory_mb = 512 log_opt_values /usr/lib/python3/dist-packages/oslo_config/cfg.py:2602
2026-05-14 00:39:37.755 127574 DEBUG oslo_service.service [req-7ec1b9df-6b45-4058-8f84-26bcf1d60b18 - - - - -] reserved_huge_pages = None log_opt_values /usr/lib/python3/dist-packages/oslo_config/cfg.py:2602
2026-05-14 00:39:37.756 127574 DEBUG oslo_service.service [req-7ec1b9df-6b45-4058-8f84-26bcf1d60b18 - - - - -] resize_confirm_window = 0 log_opt_values /usr/lib/python3/dist-packages/oslo_config/cfg.py:2602
2026-05-14 00:39:37.756 127574 DEBUG oslo_service.service [req-7ec1b9df-6b45-4058-8f84-26bcf1d60b18 - - - - -] resize_fs_using_block_device = False log_opt_values /usr/lib/python3/dist-packages/oslo_config/cfg.py:2602
2026-05-14 00:39:37.756 127574 DEBUG oslo_service.service [req-7ec1b9df-6b45-4058-8f84-26bcf1d60b18 - - - - -] resume_guests_state_on_host_boot = False log_opt_values /usr/lib/python3/dist-packages/oslo_config/cfg.py:2602
2026-05-14 00:39:37.757 127574 DEBUG oslo_service.service [req-7ec1b9df-6b45-4058-8f84-26bcf1d60b18 - - - - -] rootwrap_config = /etc/nova/rootwrap.conf log_opt_values /usr/lib/python3/dist-packages/oslo_config/cfg.py:2602
2026-05-14 00:39:37.757 127574 DEBUG oslo_service.service [req-7ec1b9df-6b45-4058-8f84-26bcf1d60b18 - - - - -] rpc_response_timeout = 60 log_opt_values /usr/lib/python3/dist-packages/oslo_config/cfg.py:2602
2026-05-14 00:39:37.757 127574 DEBUG oslo_service.service [req-7ec1b9df-6b45-4058-8f84-26bcf1d60b18 - - - - -] run_external_periodic_tasks = True log_opt_values /usr/lib/python3/dist-packages/oslo_config/cfg.py:2602
2026-05-14 00:39:37.757 127574 DEBUG oslo_service.service [req-7ec1b9df-6b45-4058-8f84-26bcf1d60b18 - - - - -] running_deleted_instance_action = reap log_opt_values /usr/lib/python3/dist-packages/oslo_config/cfg.py:2602
2026-05-14 00:39:37.757 127574 DEBUG oslo_service.service [req-7ec1b9df-6b45-4058-8f84-26bcf1d60b18 - - - - -] running_deleted_instance_poll_interval = 1800 log_opt_values /usr/lib/python3/dist-packages/oslo_config/cfg.py:2602
2026-05-14 00:39:37.757 127574 DEBUG oslo_service.service [req-7ec1b9df-6b45-4058-8f84-26bcf1d60b18 - - - - -] running_deleted_instance_timeout = 0 log_opt_values /usr/lib/python3/dist-packages/oslo_config/cfg.py:2602
2026-05-14 00:39:37.758 127574 DEBUG oslo_service.service [req-7ec1b9df-6b45-4058-8f84-26bcf1d60b18 - - - - -] scheduler_instance_sync_interval = 120 log_opt_values /usr/lib/python3/dist-packages/oslo_config/cfg.py:2602
2026-05-14 00:39:37.758 127574 DEBUG oslo_service.service [req-7ec1b9df-6b45-4058-8f84-26bcf1d60b18 - - - - -] service_down_time = 60 log_opt_values /usr/lib/python3/dist-packages/oslo_config/cfg.py:2602
2026-05-14 00:39:37.758 127574 DEBUG oslo_service.service [req-7ec1b9df-6b45-4058-8f84-26bcf1d60b18 - - - - -] servicegroup_driver = db log_opt_values /usr/lib/python3/dist-packages/oslo_config/cfg.py:2602
2026-05-14 00:39:37.758 127574 DEBUG oslo_service.service [req-7ec1b9df-6b45-4058-8f84-26bcf1d60b18 - - - - -] shelved_offload_time = 0 log_opt_values /usr/lib/python3/dist-packages/oslo_config/cfg.py:2602
2026-05-14 00:39:37.758 127574 DEBUG oslo_service.service [req-7ec1b9df-6b45-4058-8f84-26bcf1d60b18 - - - - -] shelved_poll_interval = 3600 log_opt_values /usr/lib/python3/dist-packages/oslo_config/cfg.py:2602
2026-05-14 00:39:37.758 127574 DEBUG oslo_service.service [req-7ec1b9df-6b45-4058-8f84-26bcf1d60b18 - - - - -] shutdown_timeout = 60 log_opt_values /usr/lib/python3/dist-packages/oslo_config/cfg.py:2602
2026-05-14 00:39:37.759 127574 DEBUG oslo_service.service [req-7ec1b9df-6b45-4058-8f84-26bcf1d60b18 - - - - -] source_is_ipv6 = False log_opt_values /usr/lib/python3/dist-packages/oslo_config/cfg.py:2602
2026-05-14 00:39:37.759 127574 DEBUG oslo_service.service [req-7ec1b9df-6b45-4058-8f84-26bcf1d60b18 - - - - -] ssl_only = False log_opt_values /usr/lib/python3/dist-packages/oslo_config/cfg.py:2602
2026-05-14 00:39:37.759 127574 DEBUG oslo_service.service [req-7ec1b9df-6b45-4058-8f84-26bcf1d60b18 - - - - -] state_path = /var/lib/nova log_opt_values /usr/lib/python3/dist-packages/oslo_config/cfg.py:2602
2026-05-14 00:39:37.759 127574 DEBUG oslo_service.service [req-7ec1b9df-6b45-4058-8f84-26bcf1d60b18 - - - - -] sync_power_state_interval = 600 log_opt_values /usr/lib/python3/dist-packages/oslo_config/cfg.py:2602
2026-05-14 00:39:37.759 127574 DEBUG oslo_service.service [req-7ec1b9df-6b45-4058-8f84-26bcf1d60b18 - - - - -] sync_power_state_pool_size = 1000 log_opt_values /usr/lib/python3/dist-packages/oslo_config/cfg.py:2602
2026-05-14 00:39:37.759 127574 DEBUG oslo_service.service [req-7ec1b9df-6b45-4058-8f84-26bcf1d60b18 - - - - -] syslog_log_facility = LOG_USER log_opt_values /usr/lib/python3/dist-packages/oslo_config/cfg.py:2602
2026-05-14 00:39:37.759 127574 DEBUG oslo_service.service [req-7ec1b9df-6b45-4058-8f84-26bcf1d60b18 - - - - -] tempdir = None log_opt_values /usr/lib/python3/dist-packages/oslo_config/cfg.py:2602
2026-05-14 00:39:37.760 127574 DEBUG oslo_service.service [req-7ec1b9df-6b45-4058-8f84-26bcf1d60b18 - - - - -] timeout_nbd = 10 log_opt_values /usr/lib/python3/dist-packages/oslo_config/cfg.py:2602
2026-05-14 00:39:37.762 127574 DEBUG oslo_service.service [req-7ec1b9df-6b45-4058-8f84-26bcf1d60b18 - - - - -] transport_url = **** log_opt_values /usr/lib/python3/dist-packages/oslo_config/cfg.py:2602
2026-05-14 00:39:37.762 127574 DEBUG oslo_service.service [req-7ec1b9df-6b45-4058-8f84-26bcf1d60b18 - - - - -] update_resources_interval = 0 log_opt_values /usr/lib/python3/dist-packages/oslo_config/cfg.py:2602
2026-05-14 00:39:37.762 127574 DEBUG oslo_service.service [req-7ec1b9df-6b45-4058-8f84-26bcf1d60b18 - - - - -] use_cow_images = True log_opt_values /usr/lib/python3/dist-packages/oslo_config/cfg.py:2602
2026-05-14 00:39:37.762 127574 DEBUG oslo_service.service [req-7ec1b9df-6b45-4058-8f84-26bcf1d60b18 - - - - -] use_eventlog = False log_opt_values /usr/lib/python3/dist-packages/oslo_config/cfg.py:2602
2026-05-14 00:39:37.763 127574 DEBUG oslo_service.service [req-7ec1b9df-6b45-4058-8f84-26bcf1d60b18 - - - - -] use_journal = False log_opt_values /usr/lib/python3/dist-packages/oslo_config/cfg.py:2602
2026-05-14 00:39:37.763 127574 DEBUG oslo_service.service [req-7ec1b9df-6b45-4058-8f84-26bcf1d60b18 - - - - -] use_json = False log_opt_values /usr/lib/python3/dist-packages/oslo_config/cfg.py:2602
2026-05-14 00:39:37.763 127574 DEBUG oslo_service.service [req-7ec1b9df-6b45-4058-8f84-26bcf1d60b18 - - - - -] use_rootwrap_daemon = False log_opt_values /usr/lib/python3/dist-packages/oslo_config/cfg.py:2602
2026-05-14 00:39:37.764 127574 DEBUG oslo_service.service [req-7ec1b9df-6b45-4058-8f84-26bcf1d60b18 - - - - -] use_stderr = False log_opt_values /usr/lib/python3/dist-packages/oslo_config/cfg.py:2602
2026-05-14 00:39:37.764 127574 DEBUG oslo_service.service [req-7ec1b9df-6b45-4058-8f84-26bcf1d60b18 - - - - -] use_syslog = False log_opt_values /usr/lib/python3/dist-packages/oslo_config/cfg.py:2602
2026-05-14 00:39:37.763 127879 DEBUG nova.service [req-b6083ffb-4820-4258-85cb-d3cbf661e293 - - - - -] Creating RPC server for service conductor start /usr/lib/python3/dist-packages/nova/service.py:182
2026-05-14 00:39:37.767 127574 DEBUG oslo_service.service [req-7ec1b9df-6b45-4058-8f84-26bcf1d60b18 - - - - -] vcpu_pin_set = None log_opt_values /usr/lib/python3/dist-packages/oslo_config/cfg.py:2602
2026-05-14 00:39:37.768 127574 DEBUG oslo_service.service [req-7ec1b9df-6b45-4058-8f84-26bcf1d60b18 - - - - -] vif_plugging_is_fatal = True log_opt_values /usr/lib/python3/dist-packages/oslo_config/cfg.py:2602
2026-05-14 00:39:37.768 127574 DEBUG oslo_service.service [req-7ec1b9df-6b45-4058-8f84-26bcf1d60b18 - - - - -] vif_plugging_timeout = 300 log_opt_values /usr/lib/python3/dist-packages/oslo_config/cfg.py:2602
2026-05-14 00:39:37.768 127574 DEBUG oslo_service.service [req-7ec1b9df-6b45-4058-8f84-26bcf1d60b18 - - - - -] virt_mkfs = [] log_opt_values /usr/lib/python3/dist-packages/oslo_config/cfg.py:2602
2026-05-14 00:39:37.772 127574 DEBUG oslo_service.service [req-7ec1b9df-6b45-4058-8f84-26bcf1d60b18 - - - - -] volume_usage_poll_interval = 0 log_opt_values /usr/lib/python3/dist-packages/oslo_config/cfg.py:2602
2026-05-14 00:39:37.774 127877 DEBUG oslo_messaging._drivers.amqpdriver [-] Listener is running poll /usr/lib/python3/dist-packages/oslo_messaging/_drivers/amqpdriver.py:343
2026-05-14 00:39:37.775 127877 DEBUG oslo_messaging._drivers.amqpdriver [-] AMQPListener connection consume poll /usr/lib/python3/dist-packages/oslo_messaging/_drivers/amqpdriver.py:357
2026-05-14 00:39:37.775 127876 DEBUG nova.service [req-17be6593-82e4-448d-8e52-3bec24cbb1bc - - - - -] Creating RPC server for service conductor start /usr/lib/python3/dist-packages/nova/service.py:182
2026-05-14 00:39:37.775 127877 DEBUG nova.service [req-ffc32af5-7ff0-4c59-b174-b9e13eff4784 - - - - -] Join ServiceGroup membership for this service conductor start /usr/lib/python3/dist-packages/nova/service.py:199
2026-05-14 00:39:37.776 127877 DEBUG nova.servicegroup.drivers.db [req-ffc32af5-7ff0-4c59-b174-b9e13eff4784 - - - - -] DB_Driver: join new ServiceGroup member juju-9a39e5-0-lxd-7 to the conductor group, service = join /usr/lib/python3/dist-packages/nova/servicegroup/drivers/db.py:44
2026-05-14 00:39:37.777 127877 DEBUG oslo_messaging._drivers.amqpdriver [-] received message msg_id: 63ceae9e9d6b4e649acf7ba3d66fcfee reply to reply_f8d041df0ba94cf9b615f0a4581a7caf __call__ /usr/lib/python3/dist-packages/oslo_messaging/_drivers/amqpdriver.py:320
2026-05-14 00:39:37.779 127877 DEBUG oslo_messaging._drivers.amqpdriver [-] AMQPListener connection timeout poll /usr/lib/python3/dist-packages/oslo_messaging/_drivers/amqpdriver.py:360
2026-05-14 00:39:37.779 127877 DEBUG oslo_messaging._drivers.amqpdriver [-] Listener is running poll /usr/lib/python3/dist-packages/oslo_messaging/_drivers/amqpdriver.py:343
2026-05-14 00:39:37.779 127877 DEBUG oslo_messaging._drivers.amqpdriver [-] Poll the incoming message with unique_id: aa2024deab374b43a52389f09921c66b poll /usr/lib/python3/dist-packages/oslo_messaging/_drivers/amqpdriver.py:346
2026-05-14 00:39:37.779 127877 DEBUG oslo_messaging._drivers.amqpdriver [-] Listener is running poll /usr/lib/python3/dist-packages/oslo_messaging/_drivers/amqpdriver.py:343
2026-05-14 00:39:37.780 127877 DEBUG oslo_messaging._drivers.amqpdriver [-] AMQPListener connection consume poll /usr/lib/python3/dist-packages/oslo_messaging/_drivers/amqpdriver.py:357
2026-05-14 00:39:37.774 127574 DEBUG oslo_service.service [req-7ec1b9df-6b45-4058-8f84-26bcf1d60b18 - - - - -] watch_log_file = False log_opt_values /usr/lib/python3/dist-packages/oslo_config/cfg.py:2602
2026-05-14 00:39:37.781 127574 DEBUG oslo_service.service [req-7ec1b9df-6b45-4058-8f84-26bcf1d60b18 - - - - -] web = /usr/share/spice-html5 log_opt_values /usr/lib/python3/dist-packages/oslo_config/cfg.py:2602
2026-05-14 00:39:37.781 127574 DEBUG oslo_service.service [req-7ec1b9df-6b45-4058-8f84-26bcf1d60b18 - - - - -] oslo_concurrency.disable_process_locking = False log_opt_values /usr/lib/python3/dist-packages/oslo_config/cfg.py:2609
2026-05-14 00:39:37.782 127574 DEBUG oslo_service.service [req-7ec1b9df-6b45-4058-8f84-26bcf1d60b18 - - - - -] oslo_concurrency.lock_path = /var/lock/nova log_opt_values /usr/lib/python3/dist-packages/oslo_config/cfg.py:2609
2026-05-14 00:39:37.782 127574 DEBUG oslo_service.service [req-7ec1b9df-6b45-4058-8f84-26bcf1d60b18 - - - - -] oslo_messaging_metrics.metrics_buffer_size = 1000 log_opt_values /usr/lib/python3/dist-packages/oslo_config/cfg.py:2609
2026-05-14 00:39:37.782 127574 DEBUG oslo_service.service [req-7ec1b9df-6b45-4058-8f84-26bcf1d60b18 - - - - -] oslo_messaging_metrics.metrics_enabled = False log_opt_values /usr/lib/python3/dist-packages/oslo_config/cfg.py:2609
2026-05-14 00:39:37.782 127574 DEBUG oslo_service.service [req-7ec1b9df-6b45-4058-8f84-26bcf1d60b18 - - - - -] oslo_messaging_metrics.metrics_process_name = log_opt_values /usr/lib/python3/dist-packages/oslo_config/cfg.py:2609
2026-05-14 00:39:37.782 127574 DEBUG oslo_service.service [req-7ec1b9df-6b45-4058-8f84-26bcf1d60b18 - - - - -] oslo_messaging_metrics.metrics_socket_file = /var/tmp/metrics_collector.sock log_opt_values /usr/lib/python3/dist-packages/oslo_config/cfg.py:2609
2026-05-14 00:39:37.783 127574 DEBUG oslo_service.service [req-7ec1b9df-6b45-4058-8f84-26bcf1d60b18 - - - - -] oslo_messaging_metrics.metrics_thread_stop_timeout = 10 log_opt_values /usr/lib/python3/dist-packages/oslo_config/cfg.py:2609
2026-05-14 00:39:37.783 127574 WARNING oslo_config.cfg [req-7ec1b9df-6b45-4058-8f84-26bcf1d60b18 - - - - -] Deprecated: Option "auth_strategy" from group "api" is deprecated for removal ( The only non-default choice, ``noauth2``, is for internal development and testing purposes only and should not be used in deployments. This option and its middleware, NoAuthMiddleware[V2_18], will be removed in a future release. ). Its value may be silently ignored in the future.
2026-05-14 00:39:37.783 127574 DEBUG oslo_service.service [req-7ec1b9df-6b45-4058-8f84-26bcf1d60b18 - - - - -] api.auth_strategy = keystone log_opt_values /usr/lib/python3/dist-packages/oslo_config/cfg.py:2609
2026-05-14 00:39:37.784 127574 DEBUG oslo_service.service [req-7ec1b9df-6b45-4058-8f84-26bcf1d60b18 - - - - -] api.compute_link_prefix = None log_opt_values /usr/lib/python3/dist-packages/oslo_config/cfg.py:2609
2026-05-14 00:39:37.785 127877 DEBUG oslo_messaging._drivers.amqpdriver [req-f0506809-e5ef-4fde-8e5f-cb4fca9658b2 - - - - -] sending reply msg_id: 63ceae9e9d6b4e649acf7ba3d66fcfee reply queue: reply_f8d041df0ba94cf9b615f0a4581a7caf time elapsed: 0.00824570099985067s _send_reply /usr/lib/python3/dist-packages/oslo_messaging/_drivers/amqpdriver.py:118
2026-05-14 00:39:37.786 127574 DEBUG oslo_service.service [req-7ec1b9df-6b45-4058-8f84-26bcf1d60b18 - - - - -] api.config_drive_skip_versions = 1.0 2007-01-19 2007-03-01 2007-08-29 2007-10-10 2007-12-15 2008-02-01 2008-09-01 log_opt_values /usr/lib/python3/dist-packages/oslo_config/cfg.py:2609
2026-05-14 00:39:37.786 127574 DEBUG oslo_service.service [req-7ec1b9df-6b45-4058-8f84-26bcf1d60b18 - - - - -] api.dhcp_domain = novalocal log_opt_values /usr/lib/python3/dist-packages/oslo_config/cfg.py:2609
2026-05-14 00:39:37.787 127574 DEBUG oslo_service.service [req-7ec1b9df-6b45-4058-8f84-26bcf1d60b18 - - - - -] api.enable_instance_password = True log_opt_values /usr/lib/python3/dist-packages/oslo_config/cfg.py:2609
2026-05-14 00:39:37.787 127878 DEBUG oslo_messaging._drivers.amqpdriver [-] Listener is running poll /usr/lib/python3/dist-packages/oslo_messaging/_drivers/amqpdriver.py:343
2026-05-14 00:39:37.787 127878 DEBUG oslo_messaging._drivers.amqpdriver [-] AMQPListener connection consume poll /usr/lib/python3/dist-packages/oslo_messaging/_drivers/amqpdriver.py:357
2026-05-14 00:39:37.788 127878 DEBUG nova.service [req-895e0266-5b8a-4602-9893-8ac7ee8a5a48 - - - - -] Join ServiceGroup membership for this service conductor start /usr/lib/python3/dist-packages/nova/service.py:199
2026-05-14 00:39:37.787 127574 DEBUG oslo_service.service [req-7ec1b9df-6b45-4058-8f84-26bcf1d60b18 - - - - -] api.glance_link_prefix = None log_opt_values /usr/lib/python3/dist-packages/oslo_config/cfg.py:2609
2026-05-14 00:39:37.789 127878 DEBUG nova.servicegroup.drivers.db [req-895e0266-5b8a-4602-9893-8ac7ee8a5a48 - - - - -] DB_Driver: join new ServiceGroup member juju-9a39e5-0-lxd-7 to the conductor group, service = join /usr/lib/python3/dist-packages/nova/servicegroup/drivers/db.py:44
2026-05-14 00:39:37.789 127574 DEBUG oslo_service.service [req-7ec1b9df-6b45-4058-8f84-26bcf1d60b18 - - - - -] api.instance_list_cells_batch_fixed_size = 100 log_opt_values /usr/lib/python3/dist-packages/oslo_config/cfg.py:2609
2026-05-14 00:39:37.789 127574 DEBUG oslo_service.service [req-7ec1b9df-6b45-4058-8f84-26bcf1d60b18 - - - - -] api.instance_list_cells_batch_strategy = distributed log_opt_values /usr/lib/python3/dist-packages/oslo_config/cfg.py:2609
2026-05-14 00:39:37.790 127574 DEBUG oslo_service.service [req-7ec1b9df-6b45-4058-8f84-26bcf1d60b18 - - - - -] api.instance_list_per_project_cells = False log_opt_values /usr/lib/python3/dist-packages/oslo_config/cfg.py:2609
2026-05-14 00:39:37.790 127574 DEBUG oslo_service.service [req-7ec1b9df-6b45-4058-8f84-26bcf1d60b18 - - - - -] api.list_records_by_skipping_down_cells = True log_opt_values /usr/lib/python3/dist-packages/oslo_config/cfg.py:2609
2026-05-14 00:39:37.790 127574 DEBUG oslo_service.service [req-7ec1b9df-6b45-4058-8f84-26bcf1d60b18 - - - - -] api.local_metadata_per_cell = False log_opt_values /usr/lib/python3/dist-packages/oslo_config/cfg.py:2609
2026-05-14 00:39:37.790 127574 DEBUG oslo_service.service [req-7ec1b9df-6b45-4058-8f84-26bcf1d60b18 - - - - -] api.max_limit = 1000 log_opt_values /usr/lib/python3/dist-packages/oslo_config/cfg.py:2609
2026-05-14 00:39:37.790 127574 DEBUG oslo_service.service [req-7ec1b9df-6b45-4058-8f84-26bcf1d60b18 - - - - -] api.metadata_cache_expiration = 15 log_opt_values /usr/lib/python3/dist-packages/oslo_config/cfg.py:2609
2026-05-14 00:39:37.790 127574 DEBUG oslo_service.service [req-7ec1b9df-6b45-4058-8f84-26bcf1d60b18 - - - - -] api.neutron_default_tenant_id = default log_opt_values /usr/lib/python3/dist-packages/oslo_config/cfg.py:2609
2026-05-14 00:39:37.791 127574 DEBUG oslo_service.service [req-7ec1b9df-6b45-4058-8f84-26bcf1d60b18 - - - - -] api.use_forwarded_for = False log_opt_values /usr/lib/python3/dist-packages/oslo_config/cfg.py:2609
2026-05-14 00:39:37.791 127574 DEBUG oslo_service.service [req-7ec1b9df-6b45-4058-8f84-26bcf1d60b18 - - - - -] api.use_neutron_default_nets = False log_opt_values /usr/lib/python3/dist-packages/oslo_config/cfg.py:2609
2026-05-14 00:39:37.792 127878 DEBUG oslo_messaging._drivers.amqpdriver [-] AMQPListener connection timeout poll /usr/lib/python3/dist-packages/oslo_messaging/_drivers/amqpdriver.py:360
2026-05-14 00:39:37.792 127574 DEBUG oslo_service.service [req-7ec1b9df-6b45-4058-8f84-26bcf1d60b18 - - - - -] api.vendordata_dynamic_connect_timeout = 5 log_opt_values /usr/lib/python3/dist-packages/oslo_config/cfg.py:2609
2026-05-14 00:39:37.792 127878 DEBUG oslo_messaging._drivers.amqpdriver [-] Listener is running poll /usr/lib/python3/dist-packages/oslo_messaging/_drivers/amqpdriver.py:343
2026-05-14 00:39:37.792 127574 DEBUG oslo_service.service [req-7ec1b9df-6b45-4058-8f84-26bcf1d60b18 - - - - -] api.vendordata_dynamic_failure_fatal = False log_opt_values /usr/lib/python3/dist-packages/oslo_config/cfg.py:2609
2026-05-14 00:39:37.793 127574 DEBUG oslo_service.service [req-7ec1b9df-6b45-4058-8f84-26bcf1d60b18 - - - - -] api.vendordata_dynamic_read_timeout = 5 log_opt_values /usr/lib/python3/dist-packages/oslo_config/cfg.py:2609
2026-05-14 00:39:37.793 127574 DEBUG oslo_service.service [req-7ec1b9df-6b45-4058-8f84-26bcf1d60b18 - - - - -] api.vendordata_dynamic_ssl_certfile = log_opt_values /usr/lib/python3/dist-packages/oslo_config/cfg.py:2609
2026-05-14 00:39:37.793 127574 DEBUG oslo_service.service [req-7ec1b9df-6b45-4058-8f84-26bcf1d60b18 - - - - -] api.vendordata_dynamic_targets = [] log_opt_values /usr/lib/python3/dist-packages/oslo_config/cfg.py:2609
2026-05-14 00:39:37.793 127878 DEBUG oslo_messaging._drivers.amqpdriver [-] AMQPListener connection consume poll /usr/lib/python3/dist-packages/oslo_messaging/_drivers/amqpdriver.py:357
2026-05-14 00:39:37.793 127574 DEBUG oslo_service.service [req-7ec1b9df-6b45-4058-8f84-26bcf1d60b18 - - - - -] api.vendordata_jsonfile_path = None log_opt_values /usr/lib/python3/dist-packages/oslo_config/cfg.py:2609
2026-05-14 00:39:37.793 127574 DEBUG oslo_service.service [req-7ec1b9df-6b45-4058-8f84-26bcf1d60b18 - - - - -] api.vendordata_providers = ['StaticJSON'] log_opt_values /usr/lib/python3/dist-packages/oslo_config/cfg.py:2609
2026-05-14 00:39:37.794 127574 DEBUG oslo_service.service [req-7ec1b9df-6b45-4058-8f84-26bcf1d60b18 - - - - -] cache.backend = dogpile.cache.null log_opt_values /usr/lib/python3/dist-packages/oslo_config/cfg.py:2609
2026-05-14 00:39:37.794 127574 DEBUG oslo_service.service [req-7ec1b9df-6b45-4058-8f84-26bcf1d60b18 - - - - -] cache.backend_argument = **** log_opt_values /usr/lib/python3/dist-packages/oslo_config/cfg.py:2609
2026-05-14 00:39:37.794 127574 DEBUG oslo_service.service [req-7ec1b9df-6b45-4058-8f84-26bcf1d60b18 - - - - -] cache.config_prefix = cache.oslo log_opt_values /usr/lib/python3/dist-packages/oslo_config/cfg.py:2609
2026-05-14 00:39:37.794 127574 DEBUG oslo_service.service [req-7ec1b9df-6b45-4058-8f84-26bcf1d60b18 - - - - -] cache.debug_cache_backend = False log_opt_values /usr/lib/python3/dist-packages/oslo_config/cfg.py:2609
2026-05-14 00:39:37.794 127574 DEBUG oslo_service.service [req-7ec1b9df-6b45-4058-8f84-26bcf1d60b18 - - - - -] cache.enabled = False log_opt_values /usr/lib/python3/dist-packages/oslo_config/cfg.py:2609
2026-05-14 00:39:37.795 127574 DEBUG oslo_service.service [req-7ec1b9df-6b45-4058-8f84-26bcf1d60b18 - - - - -] cache.expiration_time = 600 log_opt_values /usr/lib/python3/dist-packages/oslo_config/cfg.py:2609
2026-05-14 00:39:37.795 127574 DEBUG oslo_service.service [req-7ec1b9df-6b45-4058-8f84-26bcf1d60b18 - - - - -] cache.memcache_dead_retry = 300 log_opt_values /usr/lib/python3/dist-packages/oslo_config/cfg.py:2609
2026-05-14 00:39:37.795 127574 DEBUG oslo_service.service [req-7ec1b9df-6b45-4058-8f84-26bcf1d60b18 - - - - -] cache.memcache_pool_connection_get_timeout = 10 log_opt_values /usr/lib/python3/dist-packages/oslo_config/cfg.py:2609
2026-05-14 00:39:37.795 127574 DEBUG oslo_service.service [req-7ec1b9df-6b45-4058-8f84-26bcf1d60b18 - - - - -] cache.memcache_pool_flush_on_reconnect = False log_opt_values /usr/lib/python3/dist-packages/oslo_config/cfg.py:2609
2026-05-14 00:39:37.795 127574 DEBUG oslo_service.service [req-7ec1b9df-6b45-4058-8f84-26bcf1d60b18 - - - - -] cache.memcache_pool_maxsize = 10 log_opt_values /usr/lib/python3/dist-packages/oslo_config/cfg.py:2609
2026-05-14 00:39:37.798 127574 DEBUG oslo_service.service [req-7ec1b9df-6b45-4058-8f84-26bcf1d60b18 - - - - -] cache.memcache_pool_unused_timeout = 60 log_opt_values /usr/lib/python3/dist-packages/oslo_config/cfg.py:2609
2026-05-14 00:39:37.798 127574 DEBUG oslo_service.service [req-7ec1b9df-6b45-4058-8f84-26bcf1d60b18 - - - - -] cache.memcache_servers = ['localhost:11211'] log_opt_values /usr/lib/python3/dist-packages/oslo_config/cfg.py:2609
2026-05-14 00:39:37.798 127574 DEBUG oslo_service.service [req-7ec1b9df-6b45-4058-8f84-26bcf1d60b18 - - - - -] cache.memcache_socket_timeout = 1.0 log_opt_values /usr/lib/python3/dist-packages/oslo_config/cfg.py:2609
2026-05-14 00:39:37.799 127574 DEBUG oslo_service.service [req-7ec1b9df-6b45-4058-8f84-26bcf1d60b18 - - - - -] cache.proxies = [] log_opt_values /usr/lib/python3/dist-packages/oslo_config/cfg.py:2609
2026-05-14 00:39:37.799 127574 DEBUG oslo_service.service [req-7ec1b9df-6b45-4058-8f84-26bcf1d60b18 - - - - -] cache.tls_allowed_ciphers = None log_opt_values /usr/lib/python3/dist-packages/oslo_config/cfg.py:2609
2026-05-14 00:39:37.799 127574 DEBUG oslo_service.service [req-7ec1b9df-6b45-4058-8f84-26bcf1d60b18 - - - - -] cache.tls_cafile = None log_opt_values /usr/lib/python3/dist-packages/oslo_config/cfg.py:2609
2026-05-14 00:39:37.796 127879 DEBUG oslo_messaging._drivers.amqpdriver [-] Listener is running poll /usr/lib/python3/dist-packages/oslo_messaging/_drivers/amqpdriver.py:343
2026-05-14 00:39:37.800 127879 DEBUG oslo_messaging._drivers.amqpdriver [-] AMQPListener connection consume poll /usr/lib/python3/dist-packages/oslo_messaging/_drivers/amqpdriver.py:357
2026-05-14 00:39:37.800 127879 DEBUG nova.service [req-b6083ffb-4820-4258-85cb-d3cbf661e293 - - - - -] Join ServiceGroup membership for this service conductor start /usr/lib/python3/dist-packages/nova/service.py:199
2026-05-14 00:39:37.801 127879 DEBUG nova.servicegroup.drivers.db [req-b6083ffb-4820-4258-85cb-d3cbf661e293 - - - - -] DB_Driver: join new ServiceGroup member juju-9a39e5-0-lxd-7 to the conductor group, service = join /usr/lib/python3/dist-packages/nova/servicegroup/drivers/db.py:44
2026-05-14 00:39:37.799 127574 DEBUG oslo_service.service [req-7ec1b9df-6b45-4058-8f84-26bcf1d60b18 - - - - -] cache.tls_certfile = None log_opt_values /usr/lib/python3/dist-packages/oslo_config/cfg.py:2609
2026-05-14 00:39:37.801 127574 DEBUG oslo_service.service [req-7ec1b9df-6b45-4058-8f84-26bcf1d60b18 - - - - -] cache.tls_enabled = False log_opt_values /usr/lib/python3/dist-packages/oslo_config/cfg.py:2609
2026-05-14 00:39:37.802 127574 DEBUG oslo_service.service [req-7ec1b9df-6b45-4058-8f84-26bcf1d60b18 - - - - -] cache.tls_keyfile = None log_opt_values /usr/lib/python3/dist-packages/oslo_config/cfg.py:2609
2026-05-14 00:39:37.803 127574 DEBUG oslo_service.service [req-7ec1b9df-6b45-4058-8f84-26bcf1d60b18 - - - - -] cinder.auth_section = None log_opt_values /usr/lib/python3/dist-packages/oslo_config/cfg.py:2609
2026-05-14 00:39:37.803 127574 DEBUG oslo_service.service [req-7ec1b9df-6b45-4058-8f84-26bcf1d60b18 - - - - -] cinder.auth_type = None log_opt_values /usr/lib/python3/dist-packages/oslo_config/cfg.py:2609
2026-05-14 00:39:37.803 127574 DEBUG oslo_service.service [req-7ec1b9df-6b45-4058-8f84-26bcf1d60b18 - - - - -] cinder.cafile = None log_opt_values /usr/lib/python3/dist-packages/oslo_config/cfg.py:2609
2026-05-14 00:39:37.803 127574 DEBUG oslo_service.service [req-7ec1b9df-6b45-4058-8f84-26bcf1d60b18 - - - - -] cinder.catalog_info = volumev3::publicURL log_opt_values /usr/lib/python3/dist-packages/oslo_config/cfg.py:2609
2026-05-14 00:39:37.804 127574 DEBUG oslo_service.service [req-7ec1b9df-6b45-4058-8f84-26bcf1d60b18 - - - - -] cinder.certfile = None log_opt_values /usr/lib/python3/dist-packages/oslo_config/cfg.py:2609
2026-05-14 00:39:37.804 127574 DEBUG oslo_service.service [req-7ec1b9df-6b45-4058-8f84-26bcf1d60b18 - - - - -] cinder.collect_timing = False log_opt_values /usr/lib/python3/dist-packages/oslo_config/cfg.py:2609
2026-05-14 00:39:37.804 127574 DEBUG oslo_service.service [req-7ec1b9df-6b45-4058-8f84-26bcf1d60b18 - - - - -] cinder.cross_az_attach = True log_opt_values /usr/lib/python3/dist-packages/oslo_config/cfg.py:2609
2026-05-14 00:39:37.804 127574 DEBUG oslo_service.service [req-7ec1b9df-6b45-4058-8f84-26bcf1d60b18 - - - - -] cinder.debug = False log_opt_values /usr/lib/python3/dist-packages/oslo_config/cfg.py:2609
2026-05-14 00:39:37.804 127574 DEBUG oslo_service.service [req-7ec1b9df-6b45-4058-8f84-26bcf1d60b18 - - - - -] cinder.endpoint_template = None log_opt_values /usr/lib/python3/dist-packages/oslo_config/cfg.py:2609
2026-05-14 00:39:37.804 127574 DEBUG oslo_service.service [req-7ec1b9df-6b45-4058-8f84-26bcf1d60b18 - - - - -] cinder.http_retries = 3 log_opt_values /usr/lib/python3/dist-packages/oslo_config/cfg.py:2609
2026-05-14 00:39:37.805 127574 DEBUG oslo_service.service [req-7ec1b9df-6b45-4058-8f84-26bcf1d60b18 - - - - -] cinder.insecure = False log_opt_values /usr/lib/python3/dist-packages/oslo_config/cfg.py:2609
2026-05-14 00:39:37.805 127879 DEBUG oslo_messaging._drivers.amqpdriver [-] AMQPListener connection timeout poll /usr/lib/python3/dist-packages/oslo_messaging/_drivers/amqpdriver.py:360
2026-05-14 00:39:37.805 127574 DEBUG oslo_service.service [req-7ec1b9df-6b45-4058-8f84-26bcf1d60b18 - - - - -] cinder.keyfile = None log_opt_values /usr/lib/python3/dist-packages/oslo_config/cfg.py:2609
2026-05-14 00:39:37.805 127574 DEBUG oslo_service.service [req-7ec1b9df-6b45-4058-8f84-26bcf1d60b18 - - - - -] cinder.os_region_name = None log_opt_values /usr/lib/python3/dist-packages/oslo_config/cfg.py:2609
2026-05-14 00:39:37.805 127879 DEBUG oslo_messaging._drivers.amqpdriver [-] Listener is running poll /usr/lib/python3/dist-packages/oslo_messaging/_drivers/amqpdriver.py:343
2026-05-14 00:39:37.805 127574 DEBUG oslo_service.service [req-7ec1b9df-6b45-4058-8f84-26bcf1d60b18 - - - - -] cinder.split_loggers = False log_opt_values /usr/lib/python3/dist-packages/oslo_config/cfg.py:2609
2026-05-14 00:39:37.805 127879 DEBUG oslo_messaging._drivers.amqpdriver [-] AMQPListener connection consume poll /usr/lib/python3/dist-packages/oslo_messaging/_drivers/amqpdriver.py:357
2026-05-14 00:39:37.805 127574 DEBUG oslo_service.service [req-7ec1b9df-6b45-4058-8f84-26bcf1d60b18 - - - - -] cinder.timeout = None log_opt_values /usr/lib/python3/dist-packages/oslo_config/cfg.py:2609
2026-05-14 00:39:37.806 127574 DEBUG oslo_service.service [req-7ec1b9df-6b45-4058-8f84-26bcf1d60b18 - - - - -] compute.consecutive_build_service_disable_threshold = 10 log_opt_values /usr/lib/python3/dist-packages/oslo_config/cfg.py:2609
2026-05-14 00:39:37.807 127574 DEBUG oslo_service.service [req-7ec1b9df-6b45-4058-8f84-26bcf1d60b18 - - - - -] compute.cpu_dedicated_set = None log_opt_values /usr/lib/python3/dist-packages/oslo_config/cfg.py:2609
2026-05-14 00:39:37.807 127574 DEBUG oslo_service.service [req-7ec1b9df-6b45-4058-8f84-26bcf1d60b18 - - - - -] compute.cpu_shared_set = None log_opt_values /usr/lib/python3/dist-packages/oslo_config/cfg.py:2609
2026-05-14 00:39:37.807 127574 DEBUG oslo_service.service [req-7ec1b9df-6b45-4058-8f84-26bcf1d60b18 - - - - -] compute.image_type_exclude_list = [] log_opt_values /usr/lib/python3/dist-packages/oslo_config/cfg.py:2609
2026-05-14 00:39:37.808 127574 DEBUG oslo_service.service [req-7ec1b9df-6b45-4058-8f84-26bcf1d60b18 - - - - -] compute.live_migration_wait_for_vif_plug = True log_opt_values /usr/lib/python3/dist-packages/oslo_config/cfg.py:2609
2026-05-14 00:39:37.808 127574 DEBUG oslo_service.service [req-7ec1b9df-6b45-4058-8f84-26bcf1d60b18 - - - - -] compute.max_concurrent_disk_ops = 0 log_opt_values /usr/lib/python3/dist-packages/oslo_config/cfg.py:2609
2026-05-14 00:39:37.808 127574 DEBUG oslo_service.service [req-7ec1b9df-6b45-4058-8f84-26bcf1d60b18 - - - - -] compute.max_disk_devices_to_attach = -1 log_opt_values /usr/lib/python3/dist-packages/oslo_config/cfg.py:2609
2026-05-14 00:39:37.808 127574 DEBUG oslo_service.service [req-7ec1b9df-6b45-4058-8f84-26bcf1d60b18 - - - - -] compute.packing_host_numa_cells_allocation_strategy = True log_opt_values /usr/lib/python3/dist-packages/oslo_config/cfg.py:2609
2026-05-14 00:39:37.809 127574 DEBUG oslo_service.service [req-7ec1b9df-6b45-4058-8f84-26bcf1d60b18 - - - - -] compute.provider_config_location = /etc/nova/provider_config/ log_opt_values /usr/lib/python3/dist-packages/oslo_config/cfg.py:2609
2026-05-14 00:39:37.811 127574 DEBUG oslo_service.service [req-7ec1b9df-6b45-4058-8f84-26bcf1d60b18 - - - - -] compute.resource_provider_association_refresh = 300 log_opt_values /usr/lib/python3/dist-packages/oslo_config/cfg.py:2609
2026-05-14 00:39:37.811 127574 DEBUG oslo_service.service [req-7ec1b9df-6b45-4058-8f84-26bcf1d60b18 - - - - -] compute.shutdown_retry_interval = 10 log_opt_values /usr/lib/python3/dist-packages/oslo_config/cfg.py:2609
2026-05-14 00:39:37.811 127574 DEBUG oslo_service.service [req-7ec1b9df-6b45-4058-8f84-26bcf1d60b18 - - - - -] compute.vmdk_allowed_types = ['streamOptimized', 'monolithicSparse'] log_opt_values /usr/lib/python3/dist-packages/oslo_config/cfg.py:2609
2026-05-14 00:39:37.812 127574 DEBUG oslo_service.service [req-7ec1b9df-6b45-4058-8f84-26bcf1d60b18 - - - - -] conductor.workers = 4 log_opt_values /usr/lib/python3/dist-packages/oslo_config/cfg.py:2609
2026-05-14 00:39:37.812 127574 DEBUG oslo_service.service [req-7ec1b9df-6b45-4058-8f84-26bcf1d60b18 - - - - -] console.allowed_origins = [] log_opt_values /usr/lib/python3/dist-packages/oslo_config/cfg.py:2609
2026-05-14 00:39:37.812 127574 DEBUG oslo_service.service [req-7ec1b9df-6b45-4058-8f84-26bcf1d60b18 - - - - -] console.ssl_ciphers = None log_opt_values /usr/lib/python3/dist-packages/oslo_config/cfg.py:2609
2026-05-14 00:39:37.812 127574 DEBUG oslo_service.service [req-7ec1b9df-6b45-4058-8f84-26bcf1d60b18 - - - - -] console.ssl_minimum_version = default log_opt_values /usr/lib/python3/dist-packages/oslo_config/cfg.py:2609
2026-05-14 00:39:37.812 127574 DEBUG oslo_service.service [req-7ec1b9df-6b45-4058-8f84-26bcf1d60b18 - - - - -] consoleauth.token_ttl = 600 log_opt_values /usr/lib/python3/dist-packages/oslo_config/cfg.py:2609
2026-05-14 00:39:37.813 127574 DEBUG oslo_service.service [req-7ec1b9df-6b45-4058-8f84-26bcf1d60b18 - - - - -] cyborg.cafile = None log_opt_values /usr/lib/python3/dist-packages/oslo_config/cfg.py:2609
2026-05-14 00:39:37.812 127876 DEBUG oslo_messaging._drivers.amqpdriver [-] Listener is running poll /usr/lib/python3/dist-packages/oslo_messaging/_drivers/amqpdriver.py:343
2026-05-14 00:39:37.813 127574 DEBUG oslo_service.service [req-7ec1b9df-6b45-4058-8f84-26bcf1d60b18 - - - - -] cyborg.certfile = None log_opt_values /usr/lib/python3/dist-packages/oslo_config/cfg.py:2609
2026-05-14 00:39:37.813 127876 DEBUG oslo_messaging._drivers.amqpdriver [-] AMQPListener connection consume poll /usr/lib/python3/dist-packages/oslo_messaging/_drivers/amqpdriver.py:357
2026-05-14 00:39:37.813 127574 DEBUG oslo_service.service [req-7ec1b9df-6b45-4058-8f84-26bcf1d60b18 - - - - -] cyborg.collect_timing = False log_opt_values /usr/lib/python3/dist-packages/oslo_config/cfg.py:2609
2026-05-14 00:39:37.813 127574 DEBUG oslo_service.service [req-7ec1b9df-6b45-4058-8f84-26bcf1d60b18 - - - - -] cyborg.connect_retries = None log_opt_values /usr/lib/python3/dist-packages/oslo_config/cfg.py:2609
2026-05-14 00:39:37.813 127574 DEBUG oslo_service.service [req-7ec1b9df-6b45-4058-8f84-26bcf1d60b18 - - - - -] cyborg.connect_retry_delay = None log_opt_values /usr/lib/python3/dist-packages/oslo_config/cfg.py:2609
2026-05-14 00:39:37.813 127876 DEBUG nova.service [req-17be6593-82e4-448d-8e52-3bec24cbb1bc - - - - -] Join ServiceGroup membership for this service conductor start /usr/lib/python3/dist-packages/nova/service.py:199
2026-05-14 00:39:37.814 127574 DEBUG oslo_service.service [req-7ec1b9df-6b45-4058-8f84-26bcf1d60b18 - - - - -] cyborg.endpoint_override = None log_opt_values /usr/lib/python3/dist-packages/oslo_config/cfg.py:2609
2026-05-14 00:39:37.814 127876 DEBUG nova.servicegroup.drivers.db [req-17be6593-82e4-448d-8e52-3bec24cbb1bc - - - - -] DB_Driver: join new ServiceGroup member juju-9a39e5-0-lxd-7 to the conductor group, service = join /usr/lib/python3/dist-packages/nova/servicegroup/drivers/db.py:44
2026-05-14 00:39:37.814 127574 DEBUG oslo_service.service [req-7ec1b9df-6b45-4058-8f84-26bcf1d60b18 - - - - -] cyborg.insecure = False log_opt_values /usr/lib/python3/dist-packages/oslo_config/cfg.py:2609
2026-05-14 00:39:37.815 127574 DEBUG oslo_service.service [req-7ec1b9df-6b45-4058-8f84-26bcf1d60b18 - - - - -] cyborg.keyfile = None log_opt_values /usr/lib/python3/dist-packages/oslo_config/cfg.py:2609
2026-05-14 00:39:37.815 127574 DEBUG oslo_service.service [req-7ec1b9df-6b45-4058-8f84-26bcf1d60b18 - - - - -] cyborg.max_version = None log_opt_values /usr/lib/python3/dist-packages/oslo_config/cfg.py:2609
2026-05-14 00:39:37.815 127574 DEBUG oslo_service.service [req-7ec1b9df-6b45-4058-8f84-26bcf1d60b18 - - - - -] cyborg.min_version = None log_opt_values /usr/lib/python3/dist-packages/oslo_config/cfg.py:2609
2026-05-14 00:39:37.815 127574 DEBUG oslo_service.service [req-7ec1b9df-6b45-4058-8f84-26bcf1d60b18 - - - - -] cyborg.region_name = None log_opt_values /usr/lib/python3/dist-packages/oslo_config/cfg.py:2609
2026-05-14 00:39:37.815 127574 DEBUG oslo_service.service [req-7ec1b9df-6b45-4058-8f84-26bcf1d60b18 - - - - -] cyborg.service_name = None log_opt_values /usr/lib/python3/dist-packages/oslo_config/cfg.py:2609
2026-05-14 00:39:37.815 127574 DEBUG oslo_service.service [req-7ec1b9df-6b45-4058-8f84-26bcf1d60b18 - - - - -] cyborg.service_type = accelerator log_opt_values /usr/lib/python3/dist-packages/oslo_config/cfg.py:2609
2026-05-14 00:39:37.816 127574 DEBUG oslo_service.service [req-7ec1b9df-6b45-4058-8f84-26bcf1d60b18 - - - - -] cyborg.split_loggers = False log_opt_values /usr/lib/python3/dist-packages/oslo_config/cfg.py:2609
2026-05-14 00:39:37.816 127574 DEBUG oslo_service.service [req-7ec1b9df-6b45-4058-8f84-26bcf1d60b18 - - - - -] cyborg.status_code_retries = None log_opt_values /usr/lib/python3/dist-packages/oslo_config/cfg.py:2609
2026-05-14 00:39:37.816 127574 DEBUG oslo_service.service [req-7ec1b9df-6b45-4058-8f84-26bcf1d60b18 - - - - -] cyborg.status_code_retry_delay = None log_opt_values /usr/lib/python3/dist-packages/oslo_config/cfg.py:2609
2026-05-14 00:39:37.816 127574 DEBUG oslo_service.service [req-7ec1b9df-6b45-4058-8f84-26bcf1d60b18 - - - - -] cyborg.timeout = None log_opt_values /usr/lib/python3/dist-packages/oslo_config/cfg.py:2609
2026-05-14 00:39:37.816 127574 DEBUG oslo_service.service [req-7ec1b9df-6b45-4058-8f84-26bcf1d60b18 - - - - -] cyborg.valid_interfaces = ['internal', 'public'] log_opt_values /usr/lib/python3/dist-packages/oslo_config/cfg.py:2609
2026-05-14 00:39:37.817 127574 DEBUG oslo_service.service [req-7ec1b9df-6b45-4058-8f84-26bcf1d60b18 - - - - -] cyborg.version = None log_opt_values /usr/lib/python3/dist-packages/oslo_config/cfg.py:2609
2026-05-14 00:39:37.817 127574 DEBUG oslo_service.service [req-7ec1b9df-6b45-4058-8f84-26bcf1d60b18 - - - - -] database.backend = sqlalchemy log_opt_values /usr/lib/python3/dist-packages/oslo_config/cfg.py:2609
2026-05-14 00:39:37.817 127876 DEBUG oslo_messaging._drivers.amqpdriver [-] AMQPListener connection timeout poll /usr/lib/python3/dist-packages/oslo_messaging/_drivers/amqpdriver.py:360
2026-05-14 00:39:37.817 127876 DEBUG oslo_messaging._drivers.amqpdriver [-] Listener is running poll /usr/lib/python3/dist-packages/oslo_messaging/_drivers/amqpdriver.py:343
2026-05-14 00:39:37.817 127574 DEBUG oslo_service.service [req-7ec1b9df-6b45-4058-8f84-26bcf1d60b18 - - - - -] database.connection = **** log_opt_values /usr/lib/python3/dist-packages/oslo_config/cfg.py:2609
2026-05-14 00:39:37.817 127876 DEBUG oslo_messaging._drivers.amqpdriver [-] AMQPListener connection consume poll /usr/lib/python3/dist-packages/oslo_messaging/_drivers/amqpdriver.py:357
2026-05-14 00:39:37.817 127574 DEBUG oslo_service.service [req-7ec1b9df-6b45-4058-8f84-26bcf1d60b18 - - - - -] database.connection_debug = 0 log_opt_values /usr/lib/python3/dist-packages/oslo_config/cfg.py:2609
2026-05-14 00:39:37.818 127574 DEBUG oslo_service.service [req-7ec1b9df-6b45-4058-8f84-26bcf1d60b18 - - - - -] database.connection_parameters = log_opt_values /usr/lib/python3/dist-packages/oslo_config/cfg.py:2609
2026-05-14 00:39:37.818 127574 DEBUG oslo_service.service [req-7ec1b9df-6b45-4058-8f84-26bcf1d60b18 - - - - -] database.connection_recycle_time = 3600 log_opt_values /usr/lib/python3/dist-packages/oslo_config/cfg.py:2609
2026-05-14 00:39:37.818 127574 DEBUG oslo_service.service [req-7ec1b9df-6b45-4058-8f84-26bcf1d60b18 - - - - -] database.connection_trace = False log_opt_values /usr/lib/python3/dist-packages/oslo_config/cfg.py:2609
2026-05-14 00:39:37.818 127574 DEBUG oslo_service.service [req-7ec1b9df-6b45-4058-8f84-26bcf1d60b18 - - - - -] database.db_inc_retry_interval = True log_opt_values /usr/lib/python3/dist-packages/oslo_config/cfg.py:2609
2026-05-14 00:39:37.818 127574 DEBUG oslo_service.service [req-7ec1b9df-6b45-4058-8f84-26bcf1d60b18 - - - - -] database.db_max_retries = 20 log_opt_values /usr/lib/python3/dist-packages/oslo_config/cfg.py:2609
2026-05-14 00:39:37.818 127574 DEBUG oslo_service.service [req-7ec1b9df-6b45-4058-8f84-26bcf1d60b18 - - - - -] database.db_max_retry_interval = 10 log_opt_values /usr/lib/python3/dist-packages/oslo_config/cfg.py:2609
2026-05-14 00:39:37.819 127574 DEBUG oslo_service.service [req-7ec1b9df-6b45-4058-8f84-26bcf1d60b18 - - - - -] database.db_retry_interval = 1 log_opt_values /usr/lib/python3/dist-packages/oslo_config/cfg.py:2609
2026-05-14 00:39:37.819 127574 DEBUG oslo_service.service [req-7ec1b9df-6b45-4058-8f84-26bcf1d60b18 - - - - -] database.max_overflow = 50 log_opt_values /usr/lib/python3/dist-packages/oslo_config/cfg.py:2609
2026-05-14 00:39:37.819 127574 DEBUG oslo_service.service [req-7ec1b9df-6b45-4058-8f84-26bcf1d60b18 - - - - -] database.max_pool_size = 4 log_opt_values /usr/lib/python3/dist-packages/oslo_config/cfg.py:2609
2026-05-14 00:39:37.819 127574 DEBUG oslo_service.service [req-7ec1b9df-6b45-4058-8f84-26bcf1d60b18 - - - - -] database.max_retries = 10 log_opt_values /usr/lib/python3/dist-packages/oslo_config/cfg.py:2609
2026-05-14 00:39:37.820 127574 DEBUG oslo_service.service [req-7ec1b9df-6b45-4058-8f84-26bcf1d60b18 - - - - -] database.mysql_enable_ndb = False log_opt_values /usr/lib/python3/dist-packages/oslo_config/cfg.py:2609
2026-05-14 00:39:37.820 127574 DEBUG oslo_service.service [req-7ec1b9df-6b45-4058-8f84-26bcf1d60b18 - - - - -] database.mysql_sql_mode = TRADITIONAL log_opt_values /usr/lib/python3/dist-packages/oslo_config/cfg.py:2609
2026-05-14 00:39:37.820 127574 DEBUG oslo_service.service [req-7ec1b9df-6b45-4058-8f84-26bcf1d60b18 - - - - -] database.pool_timeout = None log_opt_values /usr/lib/python3/dist-packages/oslo_config/cfg.py:2609
2026-05-14 00:39:37.820 127574 DEBUG oslo_service.service [req-7ec1b9df-6b45-4058-8f84-26bcf1d60b18 - - - - -] database.retry_interval = 10 log_opt_values /usr/lib/python3/dist-packages/oslo_config/cfg.py:2609
2026-05-14 00:39:37.821 127574 DEBUG oslo_service.service [req-7ec1b9df-6b45-4058-8f84-26bcf1d60b18 - - - - -] database.slave_connection = **** log_opt_values /usr/lib/python3/dist-packages/oslo_config/cfg.py:2609
2026-05-14 00:39:37.821 127574 DEBUG oslo_service.service [req-7ec1b9df-6b45-4058-8f84-26bcf1d60b18 - - - - -] database.sqlite_synchronous = True log_opt_values /usr/lib/python3/dist-packages/oslo_config/cfg.py:2609
2026-05-14 00:39:37.821 127574 DEBUG oslo_service.service [req-7ec1b9df-6b45-4058-8f84-26bcf1d60b18 - - - - -] database.use_db_reconnect = False log_opt_values /usr/lib/python3/dist-packages/oslo_config/cfg.py:2609
2026-05-14 00:39:37.821 127574 DEBUG oslo_service.service [req-7ec1b9df-6b45-4058-8f84-26bcf1d60b18 - - - - -] api_database.backend = sqlalchemy log_opt_values /usr/lib/python3/dist-packages/oslo_config/cfg.py:2609
2026-05-14 00:39:37.822 127574 DEBUG oslo_service.service [req-7ec1b9df-6b45-4058-8f84-26bcf1d60b18 - - - - -] api_database.connection = **** log_opt_values /usr/lib/python3/dist-packages/oslo_config/cfg.py:2609
2026-05-14 00:39:37.822 127574 DEBUG oslo_service.service [req-7ec1b9df-6b45-4058-8f84-26bcf1d60b18 - - - - -] api_database.connection_debug = 0 log_opt_values /usr/lib/python3/dist-packages/oslo_config/cfg.py:2609
2026-05-14 00:39:37.822 127574 DEBUG oslo_service.service [req-7ec1b9df-6b45-4058-8f84-26bcf1d60b18 - - - - -] api_database.connection_parameters = log_opt_values /usr/lib/python3/dist-packages/oslo_config/cfg.py:2609
2026-05-14 00:39:37.822 127574 DEBUG oslo_service.service [req-7ec1b9df-6b45-4058-8f84-26bcf1d60b18 - - - - -] api_database.connection_recycle_time = 3600 log_opt_values /usr/lib/python3/dist-packages/oslo_config/cfg.py:2609
2026-05-14 00:39:37.823 127574 DEBUG oslo_service.service [req-7ec1b9df-6b45-4058-8f84-26bcf1d60b18 - - - - -] api_database.connection_trace = False log_opt_values /usr/lib/python3/dist-packages/oslo_config/cfg.py:2609
2026-05-14 00:39:37.823 127574 DEBUG oslo_service.service [req-7ec1b9df-6b45-4058-8f84-26bcf1d60b18 - - - - -] api_database.db_inc_retry_interval = True log_opt_values /usr/lib/python3/dist-packages/oslo_config/cfg.py:2609
2026-05-14 00:39:37.823 127574 DEBUG oslo_service.service [req-7ec1b9df-6b45-4058-8f84-26bcf1d60b18 - - - - -] api_database.db_max_retries = 20 log_opt_values /usr/lib/python3/dist-packages/oslo_config/cfg.py:2609
2026-05-14 00:39:37.824 127574 DEBUG oslo_service.service [req-7ec1b9df-6b45-4058-8f84-26bcf1d60b18 - - - - -] api_database.db_max_retry_interval = 10 log_opt_values /usr/lib/python3/dist-packages/oslo_config/cfg.py:2609
2026-05-14 00:39:37.824 127574 DEBUG oslo_service.service [req-7ec1b9df-6b45-4058-8f84-26bcf1d60b18 - - - - -] api_database.db_retry_interval = 1 log_opt_values /usr/lib/python3/dist-packages/oslo_config/cfg.py:2609
2026-05-14 00:39:37.824 127574 DEBUG oslo_service.service [req-7ec1b9df-6b45-4058-8f84-26bcf1d60b18 - - - - -] api_database.max_overflow = 50 log_opt_values /usr/lib/python3/dist-packages/oslo_config/cfg.py:2609
2026-05-14 00:39:37.824 127574 DEBUG oslo_service.service [req-7ec1b9df-6b45-4058-8f84-26bcf1d60b18 - - - - -] api_database.max_pool_size = 4 log_opt_values /usr/lib/python3/dist-packages/oslo_config/cfg.py:2609
