2026-05-14 02:11:25.974 7 DEBUG oslo_service.service [-] ml2_type_vxlan.vni_ranges = [] log_opt_values /var/lib/kolla/venv/lib/python3.6/site-packages/oslo_config/cfg.py:2611
2026-05-14 02:11:25.974 7 DEBUG oslo_service.service [-] ml2_type_vxlan.vxlan_group = None log_opt_values /var/lib/kolla/venv/lib/python3.6/site-packages/oslo_config/cfg.py:2611
2026-05-14 02:11:25.974 7 DEBUG oslo_service.service [-] database.backend = sqlalchemy log_opt_values /var/lib/kolla/venv/lib/python3.6/site-packages/oslo_config/cfg.py:2611
2026-05-14 02:11:25.974 7 DEBUG oslo_service.service [-] database.connection = **** log_opt_values /var/lib/kolla/venv/lib/python3.6/site-packages/oslo_config/cfg.py:2611
2026-05-14 02:11:25.974 7 DEBUG oslo_service.service [-] database.connection_debug = 0 log_opt_values /var/lib/kolla/venv/lib/python3.6/site-packages/oslo_config/cfg.py:2611
2026-05-14 02:11:25.974 7 DEBUG oslo_service.service [-] database.connection_parameters = log_opt_values /var/lib/kolla/venv/lib/python3.6/site-packages/oslo_config/cfg.py:2611
2026-05-14 02:11:25.974 7 DEBUG oslo_service.service [-] database.connection_recycle_time = 10 log_opt_values /var/lib/kolla/venv/lib/python3.6/site-packages/oslo_config/cfg.py:2611
2026-05-14 02:11:25.974 7 DEBUG oslo_service.service [-] database.connection_trace = False log_opt_values /var/lib/kolla/venv/lib/python3.6/site-packages/oslo_config/cfg.py:2611
2026-05-14 02:11:25.974 7 DEBUG oslo_service.service [-] database.db_inc_retry_interval = True log_opt_values /var/lib/kolla/venv/lib/python3.6/site-packages/oslo_config/cfg.py:2611
2026-05-14 02:11:25.975 7 DEBUG oslo_service.service [-] database.db_max_retries = 20 log_opt_values /var/lib/kolla/venv/lib/python3.6/site-packages/oslo_config/cfg.py:2611
2026-05-14 02:11:25.975 7 DEBUG oslo_service.service [-] database.db_max_retry_interval = 10 log_opt_values /var/lib/kolla/venv/lib/python3.6/site-packages/oslo_config/cfg.py:2611
2026-05-14 02:11:25.975 7 DEBUG oslo_service.service [-] database.db_retry_interval = 1 log_opt_values /var/lib/kolla/venv/lib/python3.6/site-packages/oslo_config/cfg.py:2611
2026-05-14 02:11:25.975 7 DEBUG oslo_service.service [-] database.max_overflow = 50 log_opt_values /var/lib/kolla/venv/lib/python3.6/site-packages/oslo_config/cfg.py:2611
2026-05-14 02:11:25.975 7 DEBUG oslo_service.service [-] database.max_pool_size = 1 log_opt_values /var/lib/kolla/venv/lib/python3.6/site-packages/oslo_config/cfg.py:2611
2026-05-14 02:11:25.975 7 DEBUG oslo_service.service [-] database.max_retries = -1 log_opt_values /var/lib/kolla/venv/lib/python3.6/site-packages/oslo_config/cfg.py:2611
2026-05-14 02:11:25.975 7 DEBUG oslo_service.service [-] database.mysql_enable_ndb = False log_opt_values /var/lib/kolla/venv/lib/python3.6/site-packages/oslo_config/cfg.py:2611
2026-05-14 02:11:25.975 7 DEBUG oslo_service.service [-] database.mysql_sql_mode = TRADITIONAL log_opt_values /var/lib/kolla/venv/lib/python3.6/site-packages/oslo_config/cfg.py:2611
2026-05-14 02:11:25.975 7 DEBUG oslo_service.service [-] database.pool_timeout = None log_opt_values /var/lib/kolla/venv/lib/python3.6/site-packages/oslo_config/cfg.py:2611
2026-05-14 02:11:25.975 7 DEBUG oslo_service.service [-] database.retry_interval = 10 log_opt_values /var/lib/kolla/venv/lib/python3.6/site-packages/oslo_config/cfg.py:2611
2026-05-14 02:11:25.975 7 DEBUG oslo_service.service [-] database.slave_connection = **** log_opt_values /var/lib/kolla/venv/lib/python3.6/site-packages/oslo_config/cfg.py:2611
2026-05-14 02:11:25.975 7 DEBUG oslo_service.service [-] database.sqlite_synchronous = True log_opt_values /var/lib/kolla/venv/lib/python3.6/site-packages/oslo_config/cfg.py:2611
2026-05-14 02:11:25.975 7 DEBUG oslo_service.service [-] database.use_db_reconnect = False log_opt_values /var/lib/kolla/venv/lib/python3.6/site-packages/oslo_config/cfg.py:2611
2026-05-14 02:11:25.975 7 DEBUG oslo_service.service [-] ******************************************************************************** log_opt_values /var/lib/kolla/venv/lib/python3.6/site-packages/oslo_config/cfg.py:2613
2026-05-14 02:11:25.986 24 DEBUG neutron.services.l3_router.l3_router_plugin [-] neutron.services.l3_router.l3_router_plugin.L3RouterPlugin method start_rpc_listeners called with arguments () {} wrapper /var/lib/kolla/venv/lib/python3.6/site-packages/oslo_log/helpers.py:66
2026-05-14 02:11:27.584 22 DEBUG neutron.wsgi [-] (22) accepted ('10.0.0.141', 44232) server /var/lib/kolla/venv/lib/python3.6/site-packages/eventlet/wsgi.py:1004
2026-05-14 02:11:27.591 22 INFO neutron.wsgi [-] 10.0.0.141 "GET / HTTP/1.1" status: 200 len: 228 time: 0.0050533
2026-05-14 02:11:30.378 23 DEBUG neutron.api.rpc.handlers.dhcp_rpc [req-143bfa79-2e0a-49e3-8e44-7a2e7caf884f - - - - -] get_active_networks_info from cn-jenkins-deploy-platform-ansible-os-5779-1 get_active_networks_info /var/lib/kolla/venv/lib/python3.6/site-packages/neutron/api/rpc/handlers/dhcp_rpc.py:159
2026-05-14 02:11:30.402 26 DEBUG neutron_lib.callbacks.manager [req-85704d21-908c-453a-ae2a-26803e1c8caa - - - - -] Publish callbacks ['neutron.services.segments.db._update_segment_host_mapping_for_agent-8774456123712', 'neutron.services.l3_router.l3_router_plugin.DVRResourceOperationHandler.create_fip_agent_gw_ports-1665469'] for agent (d162b2b9-5bb4-4a29-b2e9-d6f5ec265ba8), after_create _notify_loop /var/lib/kolla/venv/lib/python3.6/site-packages/neutron_lib/callbacks/manager.py:177
2026-05-14 02:11:30.421 23 DEBUG neutron.scheduler.dhcp_agent_scheduler [req-143bfa79-2e0a-49e3-8e44-7a2e7caf884f - - - - -] No non-hosted networks auto_schedule_networks /var/lib/kolla/venv/lib/python3.6/site-packages/neutron/scheduler/dhcp_agent_scheduler.py:60
2026-05-14 02:11:49.070 27 DEBUG neutron_lib.callbacks.manager [req-923c0f30-b9e5-4624-acfd-b22352bbd0d5 - - - - -] Publish callbacks ['neutron.services.segments.db._update_segment_host_mapping_for_agent-8774456123712', 'neutron.services.l3_router.l3_router_plugin.DVRResourceOperationHandler.create_fip_agent_gw_ports-1665469'] for agent (315f544f-735c-42ad-99cb-f46385853c9a), after_create _notify_loop /var/lib/kolla/venv/lib/python3.6/site-packages/neutron_lib/callbacks/manager.py:177
2026-05-14 02:11:57.637 22 DEBUG neutron.wsgi [-] (22) accepted ('10.0.0.141', 36628) server /var/lib/kolla/venv/lib/python3.6/site-packages/eventlet/wsgi.py:1004
2026-05-14 02:11:57.641 22 INFO neutron.wsgi [-] 10.0.0.141 "GET / HTTP/1.1" status: 200 len: 228 time: 0.0030546
2026-05-14 02:12:00.383 28 DEBUG neutron_lib.callbacks.manager [req-10c82217-275a-4cd8-b728-4197f3a331d8 - - - - -] Publish callbacks ['neutron.services.segments.db._update_segment_host_mapping_for_agent-8774456123712', 'neutron.plugins.ml2.plugin.Ml2Plugin._retry_binding_revived_agents-3422227'] for agent (d162b2b9-5bb4-4a29-b2e9-d6f5ec265ba8), after_update _notify_loop /var/lib/kolla/venv/lib/python3.6/site-packages/neutron_lib/callbacks/manager.py:177
2026-05-14 02:12:19.050 25 DEBUG neutron_lib.callbacks.manager [req-923c0f30-b9e5-4624-acfd-b22352bbd0d5 - - - - -] Publish callbacks ['neutron.services.segments.db._update_segment_host_mapping_for_agent-8774456123712', 'neutron.plugins.ml2.plugin.Ml2Plugin._retry_binding_revived_agents-3422227'] for agent (315f544f-735c-42ad-99cb-f46385853c9a), after_update _notify_loop /var/lib/kolla/venv/lib/python3.6/site-packages/neutron_lib/callbacks/manager.py:177
2026-05-14 02:12:19.942 29 DEBUG neutron.db.agents_db [req-6102ada5-f9f8-4015-b56a-6ab3a55c54c1 - - - - -] Agent healthcheck: found 2 active agents agent_health_check /var/lib/kolla/venv/lib/python3.6/site-packages/neutron/db/agents_db.py:318
2026-05-14 02:12:27.683 22 DEBUG neutron.wsgi [-] (22) accepted ('10.0.0.141', 48040) server /var/lib/kolla/venv/lib/python3.6/site-packages/eventlet/wsgi.py:1004
2026-05-14 02:12:27.690 22 INFO neutron.wsgi [-] 10.0.0.141 "GET / HTTP/1.1" status: 200 len: 228 time: 0.0055075
2026-05-14 02:12:30.377 23 DEBUG neutron_lib.callbacks.manager [req-305cb2bd-d95e-4729-9580-6566bd3df5b1 - - - - -] Publish callbacks ['neutron.services.segments.db._update_segment_host_mapping_for_agent-8774456123712', 'neutron.plugins.ml2.plugin.Ml2Plugin._retry_binding_revived_agents-3422227'] for agent (d162b2b9-5bb4-4a29-b2e9-d6f5ec265ba8), after_update _notify_loop /var/lib/kolla/venv/lib/python3.6/site-packages/neutron_lib/callbacks/manager.py:177
2026-05-14 02:12:49.050 24 DEBUG neutron_lib.callbacks.manager [req-923c0f30-b9e5-4624-acfd-b22352bbd0d5 - - - - -] Publish callbacks ['neutron.services.segments.db._update_segment_host_mapping_for_agent-8774456123712', 'neutron.plugins.ml2.plugin.Ml2Plugin._retry_binding_revived_agents-3422227'] for agent (315f544f-735c-42ad-99cb-f46385853c9a), after_update _notify_loop /var/lib/kolla/venv/lib/python3.6/site-packages/neutron_lib/callbacks/manager.py:177
2026-05-14 02:12:56.940 29 DEBUG neutron.db.agents_db [req-6102ada5-f9f8-4015-b56a-6ab3a55c54c1 - - - - -] Agent healthcheck: found 2 active agents agent_health_check /var/lib/kolla/venv/lib/python3.6/site-packages/neutron/db/agents_db.py:318
2026-05-14 02:12:57.740 22 DEBUG neutron.wsgi [-] (22) accepted ('10.0.0.141', 52494) server /var/lib/kolla/venv/lib/python3.6/site-packages/eventlet/wsgi.py:1004
2026-05-14 02:12:57.745 22 INFO neutron.wsgi [-] 10.0.0.141 "GET / HTTP/1.1" status: 200 len: 228 time: 0.0032876
2026-05-14 02:13:00.368 26 DEBUG neutron_lib.callbacks.manager [req-f94b578e-08f9-4ccc-a3e4-690b90a22967 - - - - -] Publish callbacks ['neutron.services.segments.db._update_segment_host_mapping_for_agent-8774456123712', 'neutron.plugins.ml2.plugin.Ml2Plugin._retry_binding_revived_agents-3422227'] for agent (d162b2b9-5bb4-4a29-b2e9-d6f5ec265ba8), after_update _notify_loop /var/lib/kolla/venv/lib/python3.6/site-packages/neutron_lib/callbacks/manager.py:177
2026-05-14 02:13:19.045 27 DEBUG neutron_lib.callbacks.manager [req-923c0f30-b9e5-4624-acfd-b22352bbd0d5 - - - - -] Publish callbacks ['neutron.services.segments.db._update_segment_host_mapping_for_agent-8774456123712', 'neutron.plugins.ml2.plugin.Ml2Plugin._retry_binding_revived_agents-3422227'] for agent (315f544f-735c-42ad-99cb-f46385853c9a), after_update _notify_loop /var/lib/kolla/venv/lib/python3.6/site-packages/neutron_lib/callbacks/manager.py:177
2026-05-14 02:13:27.793 22 DEBUG neutron.wsgi [-] (22) accepted ('10.0.0.141', 58322) server /var/lib/kolla/venv/lib/python3.6/site-packages/eventlet/wsgi.py:1004
2026-05-14 02:13:27.798 22 INFO neutron.wsgi [-] 10.0.0.141 "GET / HTTP/1.1" status: 200 len: 228 time: 0.0031586
2026-05-14 02:13:30.370 28 DEBUG neutron_lib.callbacks.manager [req-627d0981-bc72-420d-80d1-6015a9226302 - - - - -] Publish callbacks ['neutron.services.segments.db._update_segment_host_mapping_for_agent-8774456123712', 'neutron.plugins.ml2.plugin.Ml2Plugin._retry_binding_revived_agents-3422227'] for agent (d162b2b9-5bb4-4a29-b2e9-d6f5ec265ba8), after_update _notify_loop /var/lib/kolla/venv/lib/python3.6/site-packages/neutron_lib/callbacks/manager.py:177
2026-05-14 02:13:33.939 29 DEBUG neutron.db.agents_db [req-6102ada5-f9f8-4015-b56a-6ab3a55c54c1 - - - - -] Agent healthcheck: found 2 active agents agent_health_check /var/lib/kolla/venv/lib/python3.6/site-packages/neutron/db/agents_db.py:318
2026-05-14 02:13:49.044 25 DEBUG neutron_lib.callbacks.manager [req-923c0f30-b9e5-4624-acfd-b22352bbd0d5 - - - - -] Publish callbacks ['neutron.services.segments.db._update_segment_host_mapping_for_agent-8774456123712', 'neutron.plugins.ml2.plugin.Ml2Plugin._retry_binding_revived_agents-3422227'] for agent (315f544f-735c-42ad-99cb-f46385853c9a), after_update _notify_loop /var/lib/kolla/venv/lib/python3.6/site-packages/neutron_lib/callbacks/manager.py:177
2026-05-14 02:13:57.842 22 DEBUG neutron.wsgi [-] (22) accepted ('10.0.0.141', 44524) server /var/lib/kolla/venv/lib/python3.6/site-packages/eventlet/wsgi.py:1004
2026-05-14 02:13:57.848 22 INFO neutron.wsgi [-] 10.0.0.141 "GET / HTTP/1.1" status: 200 len: 228 time: 0.0054328
2026-05-14 02:14:00.368 23 DEBUG neutron_lib.callbacks.manager [req-c3275f40-cbb4-423e-ac5e-2203d036cab6 - - - - -] Publish callbacks ['neutron.services.segments.db._update_segment_host_mapping_for_agent-8774456123712', 'neutron.plugins.ml2.plugin.Ml2Plugin._retry_binding_revived_agents-3422227'] for agent (d162b2b9-5bb4-4a29-b2e9-d6f5ec265ba8), after_update _notify_loop /var/lib/kolla/venv/lib/python3.6/site-packages/neutron_lib/callbacks/manager.py:177
2026-05-14 02:14:10.941 29 DEBUG neutron.db.agents_db [req-6102ada5-f9f8-4015-b56a-6ab3a55c54c1 - - - - -] Agent healthcheck: found 2 active agents agent_health_check /var/lib/kolla/venv/lib/python3.6/site-packages/neutron/db/agents_db.py:318
2026-05-14 02:14:19.046 24 DEBUG neutron_lib.callbacks.manager [req-923c0f30-b9e5-4624-acfd-b22352bbd0d5 - - - - -] Publish callbacks ['neutron.services.segments.db._update_segment_host_mapping_for_agent-8774456123712', 'neutron.plugins.ml2.plugin.Ml2Plugin._retry_binding_revived_agents-3422227'] for agent (315f544f-735c-42ad-99cb-f46385853c9a), after_update _notify_loop /var/lib/kolla/venv/lib/python3.6/site-packages/neutron_lib/callbacks/manager.py:177
2026-05-14 02:14:27.892 22 DEBUG neutron.wsgi [-] (22) accepted ('10.0.0.141', 36310) server /var/lib/kolla/venv/lib/python3.6/site-packages/eventlet/wsgi.py:1004
2026-05-14 02:14:27.895 22 INFO neutron.wsgi [-] 10.0.0.141 "GET / HTTP/1.1" status: 200 len: 228 time: 0.0027802
2026-05-14 02:14:30.366 26 DEBUG neutron_lib.callbacks.manager [req-7cad473b-200e-4a1b-9e5f-472e62e12133 - - - - -] Publish callbacks ['neutron.services.segments.db._update_segment_host_mapping_for_agent-8774456123712', 'neutron.plugins.ml2.plugin.Ml2Plugin._retry_binding_revived_agents-3422227'] for agent (d162b2b9-5bb4-4a29-b2e9-d6f5ec265ba8), after_update _notify_loop /var/lib/kolla/venv/lib/python3.6/site-packages/neutron_lib/callbacks/manager.py:177
2026-05-14 02:14:47.940 29 DEBUG neutron.db.agents_db [req-6102ada5-f9f8-4015-b56a-6ab3a55c54c1 - - - - -] Agent healthcheck: found 2 active agents agent_health_check /var/lib/kolla/venv/lib/python3.6/site-packages/neutron/db/agents_db.py:318
2026-05-14 02:14:49.046 27 DEBUG neutron_lib.callbacks.manager [req-923c0f30-b9e5-4624-acfd-b22352bbd0d5 - - - - -] Publish callbacks ['neutron.services.segments.db._update_segment_host_mapping_for_agent-8774456123712', 'neutron.plugins.ml2.plugin.Ml2Plugin._retry_binding_revived_agents-3422227'] for agent (315f544f-735c-42ad-99cb-f46385853c9a), after_update _notify_loop /var/lib/kolla/venv/lib/python3.6/site-packages/neutron_lib/callbacks/manager.py:177
2026-05-14 02:14:57.948 22 DEBUG neutron.wsgi [-] (22) accepted ('10.0.0.141', 50436) server /var/lib/kolla/venv/lib/python3.6/site-packages/eventlet/wsgi.py:1004
2026-05-14 02:14:57.952 22 INFO neutron.wsgi [-] 10.0.0.141 "GET / HTTP/1.1" status: 200 len: 228 time: 0.0026019
2026-05-14 02:15:00.364 28 DEBUG neutron_lib.callbacks.manager [req-242547db-279f-4b42-a6fb-ddf7babfb43d - - - - -] Publish callbacks ['neutron.services.segments.db._update_segment_host_mapping_for_agent-8774456123712', 'neutron.plugins.ml2.plugin.Ml2Plugin._retry_binding_revived_agents-3422227'] for agent (d162b2b9-5bb4-4a29-b2e9-d6f5ec265ba8), after_update _notify_loop /var/lib/kolla/venv/lib/python3.6/site-packages/neutron_lib/callbacks/manager.py:177
2026-05-14 02:15:19.049 25 DEBUG neutron_lib.callbacks.manager [req-923c0f30-b9e5-4624-acfd-b22352bbd0d5 - - - - -] Publish callbacks ['neutron.services.segments.db._update_segment_host_mapping_for_agent-8774456123712', 'neutron.plugins.ml2.plugin.Ml2Plugin._retry_binding_revived_agents-3422227'] for agent (315f544f-735c-42ad-99cb-f46385853c9a), after_update _notify_loop /var/lib/kolla/venv/lib/python3.6/site-packages/neutron_lib/callbacks/manager.py:177
2026-05-14 02:15:24.940 29 DEBUG neutron.db.agents_db [req-6102ada5-f9f8-4015-b56a-6ab3a55c54c1 - - - - -] Agent healthcheck: found 2 active agents agent_health_check /var/lib/kolla/venv/lib/python3.6/site-packages/neutron/db/agents_db.py:318
2026-05-14 02:15:28.001 22 DEBUG neutron.wsgi [-] (22) accepted ('10.0.0.141', 48392) server /var/lib/kolla/venv/lib/python3.6/site-packages/eventlet/wsgi.py:1004
2026-05-14 02:15:28.006 22 INFO neutron.wsgi [-] 10.0.0.141 "GET / HTTP/1.1" status: 200 len: 228 time: 0.0028594
2026-05-14 02:15:30.362 23 DEBUG neutron_lib.callbacks.manager [req-c1eebb9a-7c5a-4683-b5f0-8a89c5c2000e - - - - -] Publish callbacks ['neutron.services.segments.db._update_segment_host_mapping_for_agent-8774456123712', 'neutron.plugins.ml2.plugin.Ml2Plugin._retry_binding_revived_agents-3422227'] for agent (d162b2b9-5bb4-4a29-b2e9-d6f5ec265ba8), after_update _notify_loop /var/lib/kolla/venv/lib/python3.6/site-packages/neutron_lib/callbacks/manager.py:177
2026-05-14 02:15:49.052 24 DEBUG neutron_lib.callbacks.manager [req-923c0f30-b9e5-4624-acfd-b22352bbd0d5 - - - - -] Publish callbacks ['neutron.services.segments.db._update_segment_host_mapping_for_agent-8774456123712', 'neutron.plugins.ml2.plugin.Ml2Plugin._retry_binding_revived_agents-3422227'] for agent (315f544f-735c-42ad-99cb-f46385853c9a), after_update _notify_loop /var/lib/kolla/venv/lib/python3.6/site-packages/neutron_lib/callbacks/manager.py:177
2026-05-14 02:15:58.058 22 DEBUG neutron.wsgi [-] (22) accepted ('10.0.0.141', 51544) server /var/lib/kolla/venv/lib/python3.6/site-packages/eventlet/wsgi.py:1004
2026-05-14 02:15:58.062 22 INFO neutron.wsgi [-] 10.0.0.141 "GET / HTTP/1.1" status: 200 len: 228 time: 0.0029824
2026-05-14 02:16:00.369 26 DEBUG neutron_lib.callbacks.manager [req-dd672824-4b67-4c52-bb04-51d558650491 - - - - -] Publish callbacks ['neutron.services.segments.db._update_segment_host_mapping_for_agent-8774456123712', 'neutron.plugins.ml2.plugin.Ml2Plugin._retry_binding_revived_agents-3422227'] for agent (d162b2b9-5bb4-4a29-b2e9-d6f5ec265ba8), after_update _notify_loop /var/lib/kolla/venv/lib/python3.6/site-packages/neutron_lib/callbacks/manager.py:177
2026-05-14 02:16:01.938 29 DEBUG neutron.db.agents_db [req-6102ada5-f9f8-4015-b56a-6ab3a55c54c1 - - - - -] Agent healthcheck: found 2 active agents agent_health_check /var/lib/kolla/venv/lib/python3.6/site-packages/neutron/db/agents_db.py:318
2026-05-14 02:16:19.054 27 DEBUG neutron_lib.callbacks.manager [req-923c0f30-b9e5-4624-acfd-b22352bbd0d5 - - - - -] Publish callbacks ['neutron.services.segments.db._update_segment_host_mapping_for_agent-8774456123712', 'neutron.plugins.ml2.plugin.Ml2Plugin._retry_binding_revived_agents-3422227'] for agent (315f544f-735c-42ad-99cb-f46385853c9a), after_update _notify_loop /var/lib/kolla/venv/lib/python3.6/site-packages/neutron_lib/callbacks/manager.py:177
2026-05-14 02:16:28.110 22 DEBUG neutron.wsgi [-] (22) accepted ('10.0.0.141', 56270) server /var/lib/kolla/venv/lib/python3.6/site-packages/eventlet/wsgi.py:1004
2026-05-14 02:16:28.115 22 INFO neutron.wsgi [-] 10.0.0.141 "GET / HTTP/1.1" status: 200 len: 228 time: 0.0032544
2026-05-14 02:16:30.367 28 DEBUG neutron_lib.callbacks.manager [req-5a4c1fa0-6ea8-4726-b508-fc80e9c39dc6 - - - - -] Publish callbacks ['neutron.services.segments.db._update_segment_host_mapping_for_agent-8774456123712', 'neutron.plugins.ml2.plugin.Ml2Plugin._retry_binding_revived_agents-3422227'] for agent (d162b2b9-5bb4-4a29-b2e9-d6f5ec265ba8), after_update _notify_loop /var/lib/kolla/venv/lib/python3.6/site-packages/neutron_lib/callbacks/manager.py:177
2026-05-14 02:16:38.936 29 DEBUG neutron.db.agents_db [req-6102ada5-f9f8-4015-b56a-6ab3a55c54c1 - - - - -] Agent healthcheck: found 2 active agents agent_health_check /var/lib/kolla/venv/lib/python3.6/site-packages/neutron/db/agents_db.py:318
2026-05-14 02:16:49.064 25 DEBUG neutron_lib.callbacks.manager [req-923c0f30-b9e5-4624-acfd-b22352bbd0d5 - - - - -] Publish callbacks ['neutron.services.segments.db._update_segment_host_mapping_for_agent-8774456123712', 'neutron.plugins.ml2.plugin.Ml2Plugin._retry_binding_revived_agents-3422227'] for agent (315f544f-735c-42ad-99cb-f46385853c9a), after_update _notify_loop /var/lib/kolla/venv/lib/python3.6/site-packages/neutron_lib/callbacks/manager.py:177
2026-05-14 02:16:58.175 22 DEBUG neutron.wsgi [-] (22) accepted ('10.0.0.141', 38390) server /var/lib/kolla/venv/lib/python3.6/site-packages/eventlet/wsgi.py:1004
2026-05-14 02:16:58.179 22 INFO neutron.wsgi [-] 10.0.0.141 "GET / HTTP/1.1" status: 200 len: 228 time: 0.0025747
2026-05-14 02:17:00.368 23 DEBUG neutron_lib.callbacks.manager [req-acd222e7-4f1f-4b5e-88e6-26e4754b3d69 - - - - -] Publish callbacks ['neutron.services.segments.db._update_segment_host_mapping_for_agent-8774456123712', 'neutron.plugins.ml2.plugin.Ml2Plugin._retry_binding_revived_agents-3422227'] for agent (d162b2b9-5bb4-4a29-b2e9-d6f5ec265ba8), after_update _notify_loop /var/lib/kolla/venv/lib/python3.6/site-packages/neutron_lib/callbacks/manager.py:177
2026-05-14 02:17:15.948 29 DEBUG neutron.db.agents_db [req-6102ada5-f9f8-4015-b56a-6ab3a55c54c1 - - - - -] Agent healthcheck: found 2 active agents agent_health_check /var/lib/kolla/venv/lib/python3.6/site-packages/neutron/db/agents_db.py:318
2026-05-14 02:17:19.062 24 DEBUG neutron_lib.callbacks.manager [req-923c0f30-b9e5-4624-acfd-b22352bbd0d5 - - - - -] Publish callbacks ['neutron.services.segments.db._update_segment_host_mapping_for_agent-8774456123712', 'neutron.plugins.ml2.plugin.Ml2Plugin._retry_binding_revived_agents-3422227'] for agent (315f544f-735c-42ad-99cb-f46385853c9a), after_update _notify_loop /var/lib/kolla/venv/lib/python3.6/site-packages/neutron_lib/callbacks/manager.py:177
2026-05-14 02:17:28.228 22 DEBUG neutron.wsgi [-] (22) accepted ('10.0.0.141', 39706) server /var/lib/kolla/venv/lib/python3.6/site-packages/eventlet/wsgi.py:1004
2026-05-14 02:17:28.232 22 INFO neutron.wsgi [-] 10.0.0.141 "GET / HTTP/1.1" status: 200 len: 228 time: 0.0026660
2026-05-14 02:17:30.366 26 DEBUG neutron_lib.callbacks.manager [req-c130d0a0-49a1-499c-bd38-0774e2017e1f - - - - -] Publish callbacks ['neutron.services.segments.db._update_segment_host_mapping_for_agent-8774456123712', 'neutron.plugins.ml2.plugin.Ml2Plugin._retry_binding_revived_agents-3422227'] for agent (d162b2b9-5bb4-4a29-b2e9-d6f5ec265ba8), after_update _notify_loop /var/lib/kolla/venv/lib/python3.6/site-packages/neutron_lib/callbacks/manager.py:177
2026-05-14 02:17:49.062 27 DEBUG neutron_lib.callbacks.manager [req-923c0f30-b9e5-4624-acfd-b22352bbd0d5 - - - - -] Publish callbacks ['neutron.services.segments.db._update_segment_host_mapping_for_agent-8774456123712', 'neutron.plugins.ml2.plugin.Ml2Plugin._retry_binding_revived_agents-3422227'] for agent (315f544f-735c-42ad-99cb-f46385853c9a), after_update _notify_loop /var/lib/kolla/venv/lib/python3.6/site-packages/neutron_lib/callbacks/manager.py:177
2026-05-14 02:17:52.949 29 DEBUG neutron.db.agents_db [req-6102ada5-f9f8-4015-b56a-6ab3a55c54c1 - - - - -] Agent healthcheck: found 2 active agents agent_health_check /var/lib/kolla/venv/lib/python3.6/site-packages/neutron/db/agents_db.py:318
2026-05-14 02:17:58.277 22 DEBUG neutron.wsgi [-] (22) accepted ('10.0.0.141', 57470) server /var/lib/kolla/venv/lib/python3.6/site-packages/eventlet/wsgi.py:1004
2026-05-14 02:17:58.280 22 INFO neutron.wsgi [-] 10.0.0.141 "GET / HTTP/1.1" status: 200 len: 228 time: 0.0026209
2026-05-14 02:18:00.370 28 DEBUG neutron_lib.callbacks.manager [req-aca93965-4e70-4646-9264-efc067554708 - - - - -] Publish callbacks ['neutron.services.segments.db._update_segment_host_mapping_for_agent-8774456123712', 'neutron.plugins.ml2.plugin.Ml2Plugin._retry_binding_revived_agents-3422227'] for agent (d162b2b9-5bb4-4a29-b2e9-d6f5ec265ba8), after_update _notify_loop /var/lib/kolla/venv/lib/python3.6/site-packages/neutron_lib/callbacks/manager.py:177
2026-05-14 02:18:19.064 25 DEBUG neutron_lib.callbacks.manager [req-923c0f30-b9e5-4624-acfd-b22352bbd0d5 - - - - -] Publish callbacks ['neutron.services.segments.db._update_segment_host_mapping_for_agent-8774456123712', 'neutron.plugins.ml2.plugin.Ml2Plugin._retry_binding_revived_agents-3422227'] for agent (315f544f-735c-42ad-99cb-f46385853c9a), after_update _notify_loop /var/lib/kolla/venv/lib/python3.6/site-packages/neutron_lib/callbacks/manager.py:177
2026-05-14 02:18:28.327 22 DEBUG neutron.wsgi [-] (22) accepted ('10.0.0.141', 60976) server /var/lib/kolla/venv/lib/python3.6/site-packages/eventlet/wsgi.py:1004
2026-05-14 02:18:28.333 22 INFO neutron.wsgi [-] 10.0.0.141 "GET / HTTP/1.1" status: 200 len: 228 time: 0.0052793
2026-05-14 02:18:29.949 29 DEBUG neutron.db.agents_db [req-6102ada5-f9f8-4015-b56a-6ab3a55c54c1 - - - - -] Agent healthcheck: found 2 active agents agent_health_check /var/lib/kolla/venv/lib/python3.6/site-packages/neutron/db/agents_db.py:318
2026-05-14 02:18:30.370 23 DEBUG neutron_lib.callbacks.manager [req-fec94825-233a-40de-b15c-9f42113960ed - - - - -] Publish callbacks ['neutron.services.segments.db._update_segment_host_mapping_for_agent-8774456123712', 'neutron.plugins.ml2.plugin.Ml2Plugin._retry_binding_revived_agents-3422227'] for agent (d162b2b9-5bb4-4a29-b2e9-d6f5ec265ba8), after_update _notify_loop /var/lib/kolla/venv/lib/python3.6/site-packages/neutron_lib/callbacks/manager.py:177
2026-05-14 02:18:49.066 24 DEBUG neutron_lib.callbacks.manager [req-923c0f30-b9e5-4624-acfd-b22352bbd0d5 - - - - -] Publish callbacks ['neutron.services.segments.db._update_segment_host_mapping_for_agent-8774456123712', 'neutron.plugins.ml2.plugin.Ml2Plugin._retry_binding_revived_agents-3422227'] for agent (315f544f-735c-42ad-99cb-f46385853c9a), after_update _notify_loop /var/lib/kolla/venv/lib/python3.6/site-packages/neutron_lib/callbacks/manager.py:177
2026-05-14 02:18:58.389 22 DEBUG neutron.wsgi [-] (22) accepted ('10.0.0.141', 49354) server /var/lib/kolla/venv/lib/python3.6/site-packages/eventlet/wsgi.py:1004
2026-05-14 02:18:58.393 22 INFO neutron.wsgi [-] 10.0.0.141 "GET / HTTP/1.1" status: 200 len: 228 time: 0.0028450
2026-05-14 02:19:00.367 26 DEBUG neutron_lib.callbacks.manager [req-349d84de-d111-4a88-ba75-8a4cd42e3b9d - - - - -] Publish callbacks ['neutron.services.segments.db._update_segment_host_mapping_for_agent-8774456123712', 'neutron.plugins.ml2.plugin.Ml2Plugin._retry_binding_revived_agents-3422227'] for agent (d162b2b9-5bb4-4a29-b2e9-d6f5ec265ba8), after_update _notify_loop /var/lib/kolla/venv/lib/python3.6/site-packages/neutron_lib/callbacks/manager.py:177
2026-05-14 02:19:06.947 29 DEBUG neutron.db.agents_db [req-6102ada5-f9f8-4015-b56a-6ab3a55c54c1 - - - - -] Agent healthcheck: found 2 active agents agent_health_check /var/lib/kolla/venv/lib/python3.6/site-packages/neutron/db/agents_db.py:318
2026-05-14 02:19:19.071 27 DEBUG neutron_lib.callbacks.manager [req-923c0f30-b9e5-4624-acfd-b22352bbd0d5 - - - - -] Publish callbacks ['neutron.services.segments.db._update_segment_host_mapping_for_agent-8774456123712', 'neutron.plugins.ml2.plugin.Ml2Plugin._retry_binding_revived_agents-3422227'] for agent (315f544f-735c-42ad-99cb-f46385853c9a), after_update _notify_loop /var/lib/kolla/venv/lib/python3.6/site-packages/neutron_lib/callbacks/manager.py:177
2026-05-14 02:19:28.444 22 DEBUG neutron.wsgi [-] (22) accepted ('10.0.0.141', 34816) server /var/lib/kolla/venv/lib/python3.6/site-packages/eventlet/wsgi.py:1004
2026-05-14 02:19:28.449 22 INFO neutron.wsgi [-] 10.0.0.141 "GET / HTTP/1.1" status: 200 len: 228 time: 0.0026770
2026-05-14 02:19:30.365 28 DEBUG neutron_lib.callbacks.manager [req-f01af353-0a85-4eeb-93e9-e24f5828d958 - - - - -] Publish callbacks ['neutron.services.segments.db._update_segment_host_mapping_for_agent-8774456123712', 'neutron.plugins.ml2.plugin.Ml2Plugin._retry_binding_revived_agents-3422227'] for agent (d162b2b9-5bb4-4a29-b2e9-d6f5ec265ba8), after_update _notify_loop /var/lib/kolla/venv/lib/python3.6/site-packages/neutron_lib/callbacks/manager.py:177
2026-05-14 02:19:43.948 29 DEBUG neutron.db.agents_db [req-6102ada5-f9f8-4015-b56a-6ab3a55c54c1 - - - - -] Agent healthcheck: found 2 active agents agent_health_check /var/lib/kolla/venv/lib/python3.6/site-packages/neutron/db/agents_db.py:318
2026-05-14 02:19:49.074 25 DEBUG neutron_lib.callbacks.manager [req-923c0f30-b9e5-4624-acfd-b22352bbd0d5 - - - - -] Publish callbacks ['neutron.services.segments.db._update_segment_host_mapping_for_agent-8774456123712', 'neutron.plugins.ml2.plugin.Ml2Plugin._retry_binding_revived_agents-3422227'] for agent (315f544f-735c-42ad-99cb-f46385853c9a), after_update _notify_loop /var/lib/kolla/venv/lib/python3.6/site-packages/neutron_lib/callbacks/manager.py:177
2026-05-14 02:19:58.498 22 DEBUG neutron.wsgi [-] (22) accepted ('10.0.0.141', 49396) server /var/lib/kolla/venv/lib/python3.6/site-packages/eventlet/wsgi.py:1004
2026-05-14 02:19:58.502 22 INFO neutron.wsgi [-] 10.0.0.141 "GET / HTTP/1.1" status: 200 len: 228 time: 0.0038083
2026-05-14 02:20:00.366 23 DEBUG neutron_lib.callbacks.manager [req-abfc2706-cff0-493a-800a-c0eac4575bc5 - - - - -] Publish callbacks ['neutron.services.segments.db._update_segment_host_mapping_for_agent-8774456123712', 'neutron.plugins.ml2.plugin.Ml2Plugin._retry_binding_revived_agents-3422227'] for agent (d162b2b9-5bb4-4a29-b2e9-d6f5ec265ba8), after_update _notify_loop /var/lib/kolla/venv/lib/python3.6/site-packages/neutron_lib/callbacks/manager.py:177
2026-05-14 02:20:19.088 24 DEBUG neutron_lib.callbacks.manager [req-923c0f30-b9e5-4624-acfd-b22352bbd0d5 - - - - -] Publish callbacks ['neutron.services.segments.db._update_segment_host_mapping_for_agent-8774456123712', 'neutron.plugins.ml2.plugin.Ml2Plugin._retry_binding_revived_agents-3422227'] for agent (315f544f-735c-42ad-99cb-f46385853c9a), after_update _notify_loop /var/lib/kolla/venv/lib/python3.6/site-packages/neutron_lib/callbacks/manager.py:177
2026-05-14 02:20:20.948 29 DEBUG neutron.db.agents_db [req-6102ada5-f9f8-4015-b56a-6ab3a55c54c1 - - - - -] Agent healthcheck: found 2 active agents agent_health_check /var/lib/kolla/venv/lib/python3.6/site-packages/neutron/db/agents_db.py:318
2026-05-14 02:20:28.574 22 DEBUG neutron.wsgi [-] (22) accepted ('10.0.0.141', 49282) server /var/lib/kolla/venv/lib/python3.6/site-packages/eventlet/wsgi.py:1004
2026-05-14 02:20:28.578 22 INFO neutron.wsgi [-] 10.0.0.141 "GET / HTTP/1.1" status: 200 len: 228 time: 0.0030236
2026-05-14 02:20:30.369 26 DEBUG neutron_lib.callbacks.manager [req-c4acc046-adbe-4cc0-bc9b-40005aa434ca - - - - -] Publish callbacks ['neutron.services.segments.db._update_segment_host_mapping_for_agent-8774456123712', 'neutron.plugins.ml2.plugin.Ml2Plugin._retry_binding_revived_agents-3422227'] for agent (d162b2b9-5bb4-4a29-b2e9-d6f5ec265ba8), after_update _notify_loop /var/lib/kolla/venv/lib/python3.6/site-packages/neutron_lib/callbacks/manager.py:177
2026-05-14 02:20:31.141 7 INFO oslo_service.service [-] Caught SIGTERM, stopping children
2026-05-14 02:20:31.142 7 DEBUG oslo_concurrency.lockutils [-] Acquired lock "singleton_lock" lock /var/lib/kolla/venv/lib/python3.6/site-packages/oslo_concurrency/lockutils.py:294
2026-05-14 02:20:31.142 7 DEBUG oslo_concurrency.lockutils [-] Releasing lock "singleton_lock" lock /var/lib/kolla/venv/lib/python3.6/site-packages/oslo_concurrency/lockutils.py:312
2026-05-14 02:20:31.142 7 DEBUG oslo_service.service [-] Stop services. stop /var/lib/kolla/venv/lib/python3.6/site-packages/oslo_service/service.py:695
2026-05-14 02:20:31.143 7 DEBUG neutron.service [-] calling RpcWorker stop() stop /var/lib/kolla/venv/lib/python3.6/site-packages/neutron/service.py:138
2026-05-14 02:20:31.143 7 DEBUG neutron.service [-] calling RpcWorker stop() stop /var/lib/kolla/venv/lib/python3.6/site-packages/neutron/service.py:138
2026-05-14 02:20:31.143 7 DEBUG oslo_service.service [-] Killing children. stop /var/lib/kolla/venv/lib/python3.6/site-packages/oslo_service/service.py:700
2026-05-14 02:20:31.143 7 INFO oslo_service.service [-] Waiting on 8 children to exit
2026-05-14 02:20:31.143 24 DEBUG neutron.service [-] calling RpcWorker stop() stop /var/lib/kolla/venv/lib/python3.6/site-packages/neutron/service.py:138
2026-05-14 02:20:31.143 26 DEBUG neutron.service [-] calling RpcWorker stop() stop /var/lib/kolla/venv/lib/python3.6/site-packages/neutron/service.py:138
2026-05-14 02:20:31.143 28 DEBUG neutron.service [-] calling RpcWorker stop() stop /var/lib/kolla/venv/lib/python3.6/site-packages/neutron/service.py:138
2026-05-14 02:20:31.144 23 DEBUG neutron.service [-] calling RpcWorker stop() stop /var/lib/kolla/venv/lib/python3.6/site-packages/neutron/service.py:138
2026-05-14 02:20:31.144 23 DEBUG neutron.service [-] calling stop on stop /var/lib/kolla/venv/lib/python3.6/site-packages/neutron/service.py:141
2026-05-14 02:20:31.144 28 DEBUG neutron.service [-] calling stop on stop /var/lib/kolla/venv/lib/python3.6/site-packages/neutron/service.py:141
2026-05-14 02:20:31.144 24 DEBUG neutron.service [-] calling stop on stop /var/lib/kolla/venv/lib/python3.6/site-packages/neutron/service.py:141
2026-05-14 02:20:31.144 26 DEBUG neutron.service [-] calling stop on stop /var/lib/kolla/venv/lib/python3.6/site-packages/neutron/service.py:141
2026-05-14 02:20:31.147 25 DEBUG neutron.service [-] calling RpcWorker stop() stop /var/lib/kolla/venv/lib/python3.6/site-packages/neutron/service.py:138
2026-05-14 02:20:31.147 25 DEBUG neutron.service [-] calling stop on stop /var/lib/kolla/venv/lib/python3.6/site-packages/neutron/service.py:141
2026-05-14 02:20:31.150 22 INFO neutron.wsgi [-] (22) wsgi exited, is_accepting=True
2026-05-14 02:20:31.151 22 DEBUG oslo_concurrency.lockutils [req-5d1c289a-ac6b-4d7a-8bf7-8ee956419a5f - - - - -] Acquired lock "singleton_lock" lock /var/lib/kolla/venv/lib/python3.6/site-packages/oslo_concurrency/lockutils.py:294
2026-05-14 02:20:31.152 22 DEBUG oslo_concurrency.lockutils [req-5d1c289a-ac6b-4d7a-8bf7-8ee956419a5f - - - - -] Releasing lock "singleton_lock" lock /var/lib/kolla/venv/lib/python3.6/site-packages/oslo_concurrency/lockutils.py:312
2026-05-14 02:20:31.157 7 INFO oslo_service.service [-] Child 22 exited with status 0
2026-05-14 02:20:31.158 29 DEBUG neutron.service [-] calling RpcWorker stop() stop /var/lib/kolla/venv/lib/python3.6/site-packages/neutron/service.py:138
2026-05-14 02:20:31.159 29 DEBUG neutron.service [-] calling stop on stop /var/lib/kolla/venv/lib/python3.6/site-packages/neutron/service.py:141
2026-05-14 02:20:31.161 27 DEBUG neutron.service [-] calling RpcWorker stop() stop /var/lib/kolla/venv/lib/python3.6/site-packages/neutron/service.py:138
2026-05-14 02:20:31.161 27 DEBUG neutron.service [-] calling stop on stop /var/lib/kolla/venv/lib/python3.6/site-packages/neutron/service.py:141
2026-05-14 02:20:31.387 26 DEBUG oslo_concurrency.lockutils [req-5d1c289a-ac6b-4d7a-8bf7-8ee956419a5f - - - - -] Acquired lock "singleton_lock" lock /var/lib/kolla/venv/lib/python3.6/site-packages/oslo_concurrency/lockutils.py:294
2026-05-14 02:20:31.387 26 DEBUG oslo_concurrency.lockutils [req-5d1c289a-ac6b-4d7a-8bf7-8ee956419a5f - - - - -] Releasing lock "singleton_lock" lock /var/lib/kolla/venv/lib/python3.6/site-packages/oslo_concurrency/lockutils.py:312
2026-05-14 02:20:31.387 26 DEBUG neutron.service [req-5d1c289a-ac6b-4d7a-8bf7-8ee956419a5f - - - - -] calling RpcWorker wait() _wait /var/lib/kolla/venv/lib/python3.6/site-packages/neutron/service.py:128
2026-05-14 02:20:31.387 26 DEBUG neutron.service [req-5d1c289a-ac6b-4d7a-8bf7-8ee956419a5f - - - - -] calling wait on _wait /var/lib/kolla/venv/lib/python3.6/site-packages/neutron/service.py:131
2026-05-14 02:20:31.395 26 WARNING amqp [req-5d1c289a-ac6b-4d7a-8bf7-8ee956419a5f - - - - -] Received method (60, 30) during closing channel 1. This method will be ignored
2026-05-14 02:20:31.395 26 DEBUG neutron.service [req-5d1c289a-ac6b-4d7a-8bf7-8ee956419a5f - - - - -] returning from RpcWorker wait() _wait /var/lib/kolla/venv/lib/python3.6/site-packages/neutron/service.py:135
2026-05-14 02:20:31.401 7 INFO oslo_service.service [-] Child 26 exited with status 0
2026-05-14 02:20:35.929 23 DEBUG neutron.service [-] calling stop on stop /var/lib/kolla/venv/lib/python3.6/site-packages/neutron/service.py:141
2026-05-14 02:20:35.946 25 DEBUG neutron.service [-] calling stop on stop /var/lib/kolla/venv/lib/python3.6/site-packages/neutron/service.py:141
2026-05-14 02:20:35.950 27 DEBUG oslo_concurrency.lockutils [req-5d1c289a-ac6b-4d7a-8bf7-8ee956419a5f - - - - -] Acquired lock "singleton_lock" lock /var/lib/kolla/venv/lib/python3.6/site-packages/oslo_concurrency/lockutils.py:294
2026-05-14 02:20:35.950 27 DEBUG oslo_concurrency.lockutils [req-5d1c289a-ac6b-4d7a-8bf7-8ee956419a5f - - - - -] Releasing lock "singleton_lock" lock /var/lib/kolla/venv/lib/python3.6/site-packages/oslo_concurrency/lockutils.py:312
2026-05-14 02:20:35.950 27 DEBUG neutron.service [req-5d1c289a-ac6b-4d7a-8bf7-8ee956419a5f - - - - -] calling RpcWorker wait() _wait /var/lib/kolla/venv/lib/python3.6/site-packages/neutron/service.py:128
2026-05-14 02:20:35.950 27 DEBUG neutron.service [req-5d1c289a-ac6b-4d7a-8bf7-8ee956419a5f - - - - -] calling wait on _wait /var/lib/kolla/venv/lib/python3.6/site-packages/neutron/service.py:131
2026-05-14 02:20:35.953 23 DEBUG neutron.service [-] calling stop on stop /var/lib/kolla/venv/lib/python3.6/site-packages/neutron/service.py:141
2026-05-14 02:20:35.957 27 WARNING amqp [req-5d1c289a-ac6b-4d7a-8bf7-8ee956419a5f - - - - -] Received method (60, 30) during closing channel 1. This method will be ignored
2026-05-14 02:20:35.958 27 DEBUG neutron.service [req-5d1c289a-ac6b-4d7a-8bf7-8ee956419a5f - - - - -] returning from RpcWorker wait() _wait /var/lib/kolla/venv/lib/python3.6/site-packages/neutron/service.py:135
2026-05-14 02:20:35.959 24 DEBUG neutron.service [-] calling stop on stop /var/lib/kolla/venv/lib/python3.6/site-packages/neutron/service.py:141
2026-05-14 02:20:35.959 29 DEBUG oslo_concurrency.lockutils [req-5d1c289a-ac6b-4d7a-8bf7-8ee956419a5f - - - - -] Acquired lock "singleton_lock" lock /var/lib/kolla/venv/lib/python3.6/site-packages/oslo_concurrency/lockutils.py:294
2026-05-14 02:20:35.959 29 DEBUG oslo_concurrency.lockutils [req-5d1c289a-ac6b-4d7a-8bf7-8ee956419a5f - - - - -] Releasing lock "singleton_lock" lock /var/lib/kolla/venv/lib/python3.6/site-packages/oslo_concurrency/lockutils.py:312
2026-05-14 02:20:35.959 29 DEBUG neutron.service [req-5d1c289a-ac6b-4d7a-8bf7-8ee956419a5f - - - - -] calling RpcWorker wait() _wait /var/lib/kolla/venv/lib/python3.6/site-packages/neutron/service.py:128
2026-05-14 02:20:35.960 29 DEBUG neutron.service [req-5d1c289a-ac6b-4d7a-8bf7-8ee956419a5f - - - - -] calling wait on _wait /var/lib/kolla/venv/lib/python3.6/site-packages/neutron/service.py:131
2026-05-14 02:20:35.962 25 DEBUG neutron.service [-] calling stop on stop /var/lib/kolla/venv/lib/python3.6/site-packages/neutron/service.py:141
2026-05-14 02:20:35.966 7 INFO oslo_service.service [-] Child 27 exited with status 0
2026-05-14 02:20:35.969 28 DEBUG oslo_concurrency.lockutils [req-5d1c289a-ac6b-4d7a-8bf7-8ee956419a5f - - - - -] Acquired lock "singleton_lock" lock /var/lib/kolla/venv/lib/python3.6/site-packages/oslo_concurrency/lockutils.py:294
2026-05-14 02:20:35.971 29 WARNING amqp [req-5d1c289a-ac6b-4d7a-8bf7-8ee956419a5f - - - - -] Received method (60, 30) during closing channel 1. This method will be ignored
2026-05-14 02:20:35.971 28 DEBUG oslo_concurrency.lockutils [req-5d1c289a-ac6b-4d7a-8bf7-8ee956419a5f - - - - -] Releasing lock "singleton_lock" lock /var/lib/kolla/venv/lib/python3.6/site-packages/oslo_concurrency/lockutils.py:312
2026-05-14 02:20:35.971 28 DEBUG neutron.service [req-5d1c289a-ac6b-4d7a-8bf7-8ee956419a5f - - - - -] calling RpcWorker wait() _wait /var/lib/kolla/venv/lib/python3.6/site-packages/neutron/service.py:128
2026-05-14 02:20:35.972 28 DEBUG neutron.service [req-5d1c289a-ac6b-4d7a-8bf7-8ee956419a5f - - - - -] calling wait on _wait /var/lib/kolla/venv/lib/python3.6/site-packages/neutron/service.py:131
2026-05-14 02:20:35.974 29 DEBUG neutron.service [req-5d1c289a-ac6b-4d7a-8bf7-8ee956419a5f - - - - -] returning from RpcWorker wait() _wait /var/lib/kolla/venv/lib/python3.6/site-packages/neutron/service.py:135
2026-05-14 02:20:35.977 28 WARNING amqp [req-5d1c289a-ac6b-4d7a-8bf7-8ee956419a5f - - - - -] Received method (60, 30) during closing channel 1. This method will be ignored
2026-05-14 02:20:35.978 24 DEBUG neutron.service [-] calling stop on stop /var/lib/kolla/venv/lib/python3.6/site-packages/neutron/service.py:141
2026-05-14 02:20:35.979 28 DEBUG neutron.service [req-5d1c289a-ac6b-4d7a-8bf7-8ee956419a5f - - - - -] returning from RpcWorker wait() _wait /var/lib/kolla/venv/lib/python3.6/site-packages/neutron/service.py:135
2026-05-14 02:20:35.984 25 DEBUG neutron.service [-] calling stop on stop /var/lib/kolla/venv/lib/python3.6/site-packages/neutron/service.py:141
2026-05-14 02:20:35.990 7 INFO oslo_service.service [-] Child 29 exited with status 0
2026-05-14 02:20:35.990 7 INFO oslo_service.service [-] Child 28 exited with status 0
2026-05-14 02:20:36.000 25 DEBUG oslo_concurrency.lockutils [req-5d1c289a-ac6b-4d7a-8bf7-8ee956419a5f - - - - -] Acquired lock "singleton_lock" lock /var/lib/kolla/venv/lib/python3.6/site-packages/oslo_concurrency/lockutils.py:294
2026-05-14 02:20:36.000 25 DEBUG oslo_concurrency.lockutils [req-5d1c289a-ac6b-4d7a-8bf7-8ee956419a5f - - - - -] Releasing lock "singleton_lock" lock /var/lib/kolla/venv/lib/python3.6/site-packages/oslo_concurrency/lockutils.py:312
2026-05-14 02:20:36.001 25 DEBUG neutron.service [req-5d1c289a-ac6b-4d7a-8bf7-8ee956419a5f - - - - -] calling RpcWorker wait() _wait /var/lib/kolla/venv/lib/python3.6/site-packages/neutron/service.py:128
2026-05-14 02:20:36.001 25 DEBUG neutron.service [req-5d1c289a-ac6b-4d7a-8bf7-8ee956419a5f - - - - -] calling wait on _wait /var/lib/kolla/venv/lib/python3.6/site-packages/neutron/service.py:131
2026-05-14 02:20:36.007 25 WARNING amqp [req-5d1c289a-ac6b-4d7a-8bf7-8ee956419a5f - - - - -] Received method (60, 30) during closing channel 1. This method will be ignored
2026-05-14 02:20:36.008 25 DEBUG neutron.service [req-5d1c289a-ac6b-4d7a-8bf7-8ee956419a5f - - - - -] calling wait on _wait /var/lib/kolla/venv/lib/python3.6/site-packages/neutron/service.py:131
2026-05-14 02:20:36.014 25 WARNING amqp [req-5d1c289a-ac6b-4d7a-8bf7-8ee956419a5f - - - - -] Received method (60, 30) during closing channel 1. This method will be ignored
2026-05-14 02:20:36.016 25 DEBUG neutron.service [req-5d1c289a-ac6b-4d7a-8bf7-8ee956419a5f - - - - -] calling wait on _wait /var/lib/kolla/venv/lib/python3.6/site-packages/neutron/service.py:131
2026-05-14 02:20:36.021 25 WARNING amqp [req-5d1c289a-ac6b-4d7a-8bf7-8ee956419a5f - - - - -] Received method (60, 30) during closing channel 1. This method will be ignored
2026-05-14 02:20:36.023 25 DEBUG neutron.service [req-5d1c289a-ac6b-4d7a-8bf7-8ee956419a5f - - - - -] calling wait on _wait /var/lib/kolla/venv/lib/python3.6/site-packages/neutron/service.py:131
2026-05-14 02:20:36.029 25 WARNING amqp [req-5d1c289a-ac6b-4d7a-8bf7-8ee956419a5f - - - - -] Received method (60, 30) during closing channel 1. This method will be ignored
2026-05-14 02:20:36.031 25 DEBUG neutron.service [req-5d1c289a-ac6b-4d7a-8bf7-8ee956419a5f - - - - -] returning from RpcWorker wait() _wait /var/lib/kolla/venv/lib/python3.6/site-packages/neutron/service.py:135
2026-05-14 02:20:36.038 7 INFO oslo_service.service [-] Child 25 exited with status 0
2026-05-14 02:20:37.282 24 DEBUG neutron.service [-] calling stop on stop /var/lib/kolla/venv/lib/python3.6/site-packages/neutron/service.py:141
2026-05-14 02:20:38.564 23 DEBUG neutron.service [-] calling stop on stop /var/lib/kolla/venv/lib/python3.6/site-packages/neutron/service.py:141
2026-05-14 02:20:44.566 7 INFO neutron.common.config [-] Logging enabled!
2026-05-14 02:20:44.567 7 INFO neutron.common.config [-] /var/lib/kolla/venv/bin/neutron-server version 20.5.1.dev23
2026-05-14 02:20:44.567 7 DEBUG neutron.common.config [-] command line: /var/lib/kolla/venv/bin/neutron-server --config-file /etc/neutron/neutron.conf --config-file /etc/neutron/ContrailPlugin.ini --config-file /etc/neutron/api-paste.ini setup_logging /var/lib/kolla/venv/lib/python3.6/site-packages/neutron/common/config.py:115
2026-05-14 02:20:44.571 7 INFO neutron.common.config [-] Logging enabled!
2026-05-14 02:20:44.571 7 INFO neutron.common.config [-] /var/lib/kolla/venv/bin/neutron-server version 20.5.1.dev23
2026-05-14 02:20:44.571 7 DEBUG neutron.common.config [-] command line: /var/lib/kolla/venv/bin/neutron-server --config-file /etc/neutron/neutron.conf --config-file /etc/neutron/ContrailPlugin.ini --config-file /etc/neutron/api-paste.ini setup_logging /var/lib/kolla/venv/lib/python3.6/site-packages/neutron/common/config.py:115
2026-05-14 02:20:44.578 7 DEBUG neutron.common.config [-] ******************************************************************************** log_opt_values /var/lib/kolla/venv/lib/python3.6/site-packages/oslo_config/cfg.py:2589
2026-05-14 02:20:44.578 7 DEBUG neutron.common.config [-] Configuration options gathered from: log_opt_values /var/lib/kolla/venv/lib/python3.6/site-packages/oslo_config/cfg.py:2590
2026-05-14 02:20:44.578 7 DEBUG neutron.common.config [-] command line args: ['--config-file', '/etc/neutron/neutron.conf', '--config-file', '/etc/neutron/ContrailPlugin.ini', '--config-file', '/etc/neutron/api-paste.ini'] log_opt_values /var/lib/kolla/venv/lib/python3.6/site-packages/oslo_config/cfg.py:2591
2026-05-14 02:20:44.579 7 DEBUG neutron.common.config [-] config files: ['/etc/neutron/neutron.conf', '/etc/neutron/ContrailPlugin.ini', '/etc/neutron/api-paste.ini'] log_opt_values /var/lib/kolla/venv/lib/python3.6/site-packages/oslo_config/cfg.py:2593
2026-05-14 02:20:44.579 7 DEBUG neutron.common.config [-] ================================================================================ log_opt_values /var/lib/kolla/venv/lib/python3.6/site-packages/oslo_config/cfg.py:2594
2026-05-14 02:20:44.579 7 DEBUG neutron.common.config [-] allow_bulk = True log_opt_values /var/lib/kolla/venv/lib/python3.6/site-packages/oslo_config/cfg.py:2603
2026-05-14 02:20:44.579 7 WARNING oslo_config.cfg [-] Deprecated: Option "allow_overlapping_ips" from group "DEFAULT" is deprecated for removal. Its value may be silently ignored in the future.
2026-05-14 02:20:44.580 7 DEBUG neutron.common.config [-] allow_overlapping_ips = True log_opt_values /var/lib/kolla/venv/lib/python3.6/site-packages/oslo_config/cfg.py:2603
2026-05-14 02:20:44.580 7 DEBUG neutron.common.config [-] api_extensions_path = /opt/plugin/site-packages/neutron_plugin_contrail/extensions:/opt/plugin/site-packages/neutron_lbaas/extensions log_opt_values /var/lib/kolla/venv/lib/python3.6/site-packages/oslo_config/cfg.py:2603
2026-05-14 02:20:44.580 7 DEBUG neutron.common.config [-] api_paste_config = /etc/neutron/api-paste.ini log_opt_values /var/lib/kolla/venv/lib/python3.6/site-packages/oslo_config/cfg.py:2603
2026-05-14 02:20:44.580 7 DEBUG neutron.common.config [-] api_workers = 1 log_opt_values /var/lib/kolla/venv/lib/python3.6/site-packages/oslo_config/cfg.py:2603
2026-05-14 02:20:44.580 7 DEBUG neutron.common.config [-] auth_strategy = keystone log_opt_values /var/lib/kolla/venv/lib/python3.6/site-packages/oslo_config/cfg.py:2603
2026-05-14 02:20:44.580 7 DEBUG neutron.common.config [-] backlog = 4096 log_opt_values /var/lib/kolla/venv/lib/python3.6/site-packages/oslo_config/cfg.py:2603
2026-05-14 02:20:44.580 7 DEBUG neutron.common.config [-] base_mac = fa:16:3e:00:00:00 log_opt_values /var/lib/kolla/venv/lib/python3.6/site-packages/oslo_config/cfg.py:2603
2026-05-14 02:20:44.580 7 DEBUG neutron.common.config [-] bind_host = 10.0.0.141 log_opt_values /var/lib/kolla/venv/lib/python3.6/site-packages/oslo_config/cfg.py:2603
2026-05-14 02:20:44.581 7 DEBUG neutron.common.config [-] bind_port = 9696 log_opt_values /var/lib/kolla/venv/lib/python3.6/site-packages/oslo_config/cfg.py:2603
2026-05-14 02:20:44.581 7 DEBUG neutron.common.config [-] client_socket_timeout = 900 log_opt_values /var/lib/kolla/venv/lib/python3.6/site-packages/oslo_config/cfg.py:2603
2026-05-14 02:20:44.581 7 DEBUG neutron.common.config [-] config_dir = [] log_opt_values /var/lib/kolla/venv/lib/python3.6/site-packages/oslo_config/cfg.py:2603
2026-05-14 02:20:44.581 7 DEBUG neutron.common.config [-] config_file = ['/etc/neutron/neutron.conf', '/etc/neutron/ContrailPlugin.ini', '/etc/neutron/api-paste.ini'] log_opt_values /var/lib/kolla/venv/lib/python3.6/site-packages/oslo_config/cfg.py:2603
2026-05-14 02:20:44.581 7 DEBUG neutron.common.config [-] config_source = [] log_opt_values /var/lib/kolla/venv/lib/python3.6/site-packages/oslo_config/cfg.py:2603
2026-05-14 02:20:44.581 7 DEBUG neutron.common.config [-] control_exchange = neutron log_opt_values /var/lib/kolla/venv/lib/python3.6/site-packages/oslo_config/cfg.py:2603
2026-05-14 02:20:44.581 7 DEBUG neutron.common.config [-] core_plugin = neutron_plugin_contrail.plugins.opencontrail.contrail_plugin.NeutronPluginContrailCoreV2 log_opt_values /var/lib/kolla/venv/lib/python3.6/site-packages/oslo_config/cfg.py:2603
2026-05-14 02:20:44.581 7 DEBUG neutron.common.config [-] debug = True log_opt_values /var/lib/kolla/venv/lib/python3.6/site-packages/oslo_config/cfg.py:2603
2026-05-14 02:20:44.581 7 DEBUG neutron.common.config [-] default_availability_zones = [] log_opt_values /var/lib/kolla/venv/lib/python3.6/site-packages/oslo_config/cfg.py:2603
