2026-05-07 02:10:48.740 7 DEBUG oslo_service.service [-] ml2_type_gre.tunnel_id_ranges = [] log_opt_values /var/lib/kolla/venv/lib/python3.6/site-packages/oslo_config/cfg.py:2611
2026-05-07 02:10:48.740 7 DEBUG oslo_service.service [-] ml2_type_vlan.network_vlan_ranges = [] log_opt_values /var/lib/kolla/venv/lib/python3.6/site-packages/oslo_config/cfg.py:2611
2026-05-07 02:10:48.740 7 DEBUG oslo_service.service [-] ml2_type_vxlan.vni_ranges = [] log_opt_values /var/lib/kolla/venv/lib/python3.6/site-packages/oslo_config/cfg.py:2611
2026-05-07 02:10:48.740 7 DEBUG oslo_service.service [-] ml2_type_vxlan.vxlan_group = None log_opt_values /var/lib/kolla/venv/lib/python3.6/site-packages/oslo_config/cfg.py:2611
2026-05-07 02:10:48.740 7 DEBUG oslo_service.service [-] database.backend = sqlalchemy log_opt_values /var/lib/kolla/venv/lib/python3.6/site-packages/oslo_config/cfg.py:2611
2026-05-07 02:10:48.740 7 DEBUG oslo_service.service [-] database.connection = **** log_opt_values /var/lib/kolla/venv/lib/python3.6/site-packages/oslo_config/cfg.py:2611
2026-05-07 02:10:48.740 7 DEBUG oslo_service.service [-] database.connection_debug = 0 log_opt_values /var/lib/kolla/venv/lib/python3.6/site-packages/oslo_config/cfg.py:2611
2026-05-07 02:10:48.740 7 DEBUG oslo_service.service [-] database.connection_parameters = log_opt_values /var/lib/kolla/venv/lib/python3.6/site-packages/oslo_config/cfg.py:2611
2026-05-07 02:10:48.740 7 DEBUG oslo_service.service [-] database.connection_recycle_time = 10 log_opt_values /var/lib/kolla/venv/lib/python3.6/site-packages/oslo_config/cfg.py:2611
2026-05-07 02:10:48.740 7 DEBUG oslo_service.service [-] database.connection_trace = False log_opt_values /var/lib/kolla/venv/lib/python3.6/site-packages/oslo_config/cfg.py:2611
2026-05-07 02:10:48.741 7 DEBUG oslo_service.service [-] database.db_inc_retry_interval = True log_opt_values /var/lib/kolla/venv/lib/python3.6/site-packages/oslo_config/cfg.py:2611
2026-05-07 02:10:48.741 7 DEBUG oslo_service.service [-] database.db_max_retries = 20 log_opt_values /var/lib/kolla/venv/lib/python3.6/site-packages/oslo_config/cfg.py:2611
2026-05-07 02:10:48.741 7 DEBUG oslo_service.service [-] database.db_max_retry_interval = 10 log_opt_values /var/lib/kolla/venv/lib/python3.6/site-packages/oslo_config/cfg.py:2611
2026-05-07 02:10:48.741 7 DEBUG oslo_service.service [-] database.db_retry_interval = 1 log_opt_values /var/lib/kolla/venv/lib/python3.6/site-packages/oslo_config/cfg.py:2611
2026-05-07 02:10:48.741 7 DEBUG oslo_service.service [-] database.max_overflow = 50 log_opt_values /var/lib/kolla/venv/lib/python3.6/site-packages/oslo_config/cfg.py:2611
2026-05-07 02:10:48.741 7 DEBUG oslo_service.service [-] database.max_pool_size = 1 log_opt_values /var/lib/kolla/venv/lib/python3.6/site-packages/oslo_config/cfg.py:2611
2026-05-07 02:10:48.741 7 DEBUG oslo_service.service [-] database.max_retries = -1 log_opt_values /var/lib/kolla/venv/lib/python3.6/site-packages/oslo_config/cfg.py:2611
2026-05-07 02:10:48.741 7 DEBUG oslo_service.service [-] database.mysql_enable_ndb = False log_opt_values /var/lib/kolla/venv/lib/python3.6/site-packages/oslo_config/cfg.py:2611
2026-05-07 02:10:48.741 7 DEBUG oslo_service.service [-] database.mysql_sql_mode = TRADITIONAL log_opt_values /var/lib/kolla/venv/lib/python3.6/site-packages/oslo_config/cfg.py:2611
2026-05-07 02:10:48.741 7 DEBUG oslo_service.service [-] database.pool_timeout = None log_opt_values /var/lib/kolla/venv/lib/python3.6/site-packages/oslo_config/cfg.py:2611
2026-05-07 02:10:48.741 7 DEBUG oslo_service.service [-] database.retry_interval = 10 log_opt_values /var/lib/kolla/venv/lib/python3.6/site-packages/oslo_config/cfg.py:2611
2026-05-07 02:10:48.741 7 DEBUG oslo_service.service [-] database.slave_connection = **** log_opt_values /var/lib/kolla/venv/lib/python3.6/site-packages/oslo_config/cfg.py:2611
2026-05-07 02:10:48.741 7 DEBUG oslo_service.service [-] database.sqlite_synchronous = True log_opt_values /var/lib/kolla/venv/lib/python3.6/site-packages/oslo_config/cfg.py:2611
2026-05-07 02:10:48.741 7 DEBUG oslo_service.service [-] database.use_db_reconnect = False log_opt_values /var/lib/kolla/venv/lib/python3.6/site-packages/oslo_config/cfg.py:2611
2026-05-07 02:10:48.741 7 DEBUG oslo_service.service [-] ******************************************************************************** log_opt_values /var/lib/kolla/venv/lib/python3.6/site-packages/oslo_config/cfg.py:2613
2026-05-07 02:10:49.789 22 DEBUG neutron.wsgi [-] (22) accepted ('10.0.0.22', 53642) server /var/lib/kolla/venv/lib/python3.6/site-packages/eventlet/wsgi.py:1004
2026-05-07 02:10:49.798 22 INFO neutron.wsgi [-] 10.0.0.22 "GET / HTTP/1.1" status: 200 len: 227 time: 0.0071781
2026-05-07 02:10:53.376 24 DEBUG neutron.api.rpc.handlers.dhcp_rpc [req-716a6be8-92b0-400d-9c1a-9a4f5392e2b4 - - - - -] get_active_networks_info from cn-jenkins-deploy-platform-ansible-os-5753-1 get_active_networks_info /var/lib/kolla/venv/lib/python3.6/site-packages/neutron/api/rpc/handlers/dhcp_rpc.py:159
2026-05-07 02:10:53.406 27 DEBUG neutron_lib.callbacks.manager [req-b6a5ab88-1a93-49ed-9e22-b2690c1a65d0 - - - - -] Publish callbacks ['neutron.services.segments.db._update_segment_host_mapping_for_agent-8735420554304', 'neutron.services.l3_router.l3_router_plugin.DVRResourceOperationHandler.create_fip_agent_gw_ports-3784637'] for agent (ad8bf973-1613-4250-9322-74811f22e344), after_create _notify_loop /var/lib/kolla/venv/lib/python3.6/site-packages/neutron_lib/callbacks/manager.py:177
2026-05-07 02:10:53.426 24 DEBUG neutron.scheduler.dhcp_agent_scheduler [req-716a6be8-92b0-400d-9c1a-9a4f5392e2b4 - - - - -] No non-hosted networks auto_schedule_networks /var/lib/kolla/venv/lib/python3.6/site-packages/neutron/scheduler/dhcp_agent_scheduler.py:60
2026-05-07 02:11:08.658 28 DEBUG neutron_lib.callbacks.manager [req-8d3d2a6c-6c02-4dfa-8c4b-f24365e90e64 - - - - -] Publish callbacks ['neutron.services.segments.db._update_segment_host_mapping_for_agent-8735420554304', 'neutron.services.l3_router.l3_router_plugin.DVRResourceOperationHandler.create_fip_agent_gw_ports-3784637'] for agent (69a58e38-cd56-4425-8d07-e21f62af0047), after_create _notify_loop /var/lib/kolla/venv/lib/python3.6/site-packages/neutron_lib/callbacks/manager.py:177
2026-05-07 02:11:19.852 22 DEBUG neutron.wsgi [-] (22) accepted ('10.0.0.22', 60280) server /var/lib/kolla/venv/lib/python3.6/site-packages/eventlet/wsgi.py:1004
2026-05-07 02:11:19.857 22 INFO neutron.wsgi [-] 10.0.0.22 "GET / HTTP/1.1" status: 200 len: 227 time: 0.0033648
2026-05-07 02:11:23.391 26 DEBUG neutron_lib.callbacks.manager [req-80b6a3ae-5b9b-4fff-9849-208b54136571 - - - - -] Publish callbacks ['neutron.services.segments.db._update_segment_host_mapping_for_agent-8735420554304', 'neutron.plugins.ml2.plugin.Ml2Plugin._retry_binding_revived_agents--9223372036853727654'] for agent (ad8bf973-1613-4250-9322-74811f22e344), after_update _notify_loop /var/lib/kolla/venv/lib/python3.6/site-packages/neutron_lib/callbacks/manager.py:177
2026-05-07 02:11:38.634 24 DEBUG neutron_lib.callbacks.manager [req-8d3d2a6c-6c02-4dfa-8c4b-f24365e90e64 - - - - -] Publish callbacks ['neutron.services.segments.db._update_segment_host_mapping_for_agent-8735420554304', 'neutron.plugins.ml2.plugin.Ml2Plugin._retry_binding_revived_agents--9223372036853727654'] for agent (69a58e38-cd56-4425-8d07-e21f62af0047), after_update _notify_loop /var/lib/kolla/venv/lib/python3.6/site-packages/neutron_lib/callbacks/manager.py:177
2026-05-07 02:11:49.908 22 DEBUG neutron.wsgi [-] (22) accepted ('10.0.0.22', 56804) server /var/lib/kolla/venv/lib/python3.6/site-packages/eventlet/wsgi.py:1004
2026-05-07 02:11:49.913 22 INFO neutron.wsgi [-] 10.0.0.22 "GET / HTTP/1.1" status: 200 len: 227 time: 0.0040991
2026-05-07 02:11:53.407 25 DEBUG neutron_lib.callbacks.manager [req-43ad60db-272e-4b6f-8ecb-8ce2b6ed3436 - - - - -] Publish callbacks ['neutron.services.segments.db._update_segment_host_mapping_for_agent-8735420554304', 'neutron.plugins.ml2.plugin.Ml2Plugin._retry_binding_revived_agents--9223372036853727654'] for agent (ad8bf973-1613-4250-9322-74811f22e344), after_update _notify_loop /var/lib/kolla/venv/lib/python3.6/site-packages/neutron_lib/callbacks/manager.py:177
2026-05-07 02:12:00.701 29 DEBUG neutron.db.agents_db [req-22087339-3fe1-4f6b-910d-174c1ad75e54 - - - - -] Agent healthcheck: found 2 active agents agent_health_check /var/lib/kolla/venv/lib/python3.6/site-packages/neutron/db/agents_db.py:318
2026-05-07 02:12:08.640 23 DEBUG neutron_lib.callbacks.manager [req-8d3d2a6c-6c02-4dfa-8c4b-f24365e90e64 - - - - -] Publish callbacks ['neutron.services.segments.db._update_segment_host_mapping_for_agent-8735420554304', 'neutron.plugins.ml2.plugin.Ml2Plugin._retry_binding_revived_agents--9223372036853727654'] for agent (69a58e38-cd56-4425-8d07-e21f62af0047), after_update _notify_loop /var/lib/kolla/venv/lib/python3.6/site-packages/neutron_lib/callbacks/manager.py:177
2026-05-07 02:12:19.964 22 DEBUG neutron.wsgi [-] (22) accepted ('10.0.0.22', 38524) server /var/lib/kolla/venv/lib/python3.6/site-packages/eventlet/wsgi.py:1004
2026-05-07 02:12:19.968 22 INFO neutron.wsgi [-] 10.0.0.22 "GET / HTTP/1.1" status: 200 len: 227 time: 0.0030212
2026-05-07 02:12:23.383 27 DEBUG neutron_lib.callbacks.manager [req-3f302087-be9c-44a9-870e-97fc7104b800 - - - - -] Publish callbacks ['neutron.services.segments.db._update_segment_host_mapping_for_agent-8735420554304', 'neutron.plugins.ml2.plugin.Ml2Plugin._retry_binding_revived_agents--9223372036853727654'] for agent (ad8bf973-1613-4250-9322-74811f22e344), after_update _notify_loop /var/lib/kolla/venv/lib/python3.6/site-packages/neutron_lib/callbacks/manager.py:177
2026-05-07 02:12:37.701 29 DEBUG neutron.db.agents_db [req-22087339-3fe1-4f6b-910d-174c1ad75e54 - - - - -] Agent healthcheck: found 2 active agents agent_health_check /var/lib/kolla/venv/lib/python3.6/site-packages/neutron/db/agents_db.py:318
2026-05-07 02:12:38.620 28 DEBUG neutron_lib.callbacks.manager [req-8d3d2a6c-6c02-4dfa-8c4b-f24365e90e64 - - - - -] Publish callbacks ['neutron.services.segments.db._update_segment_host_mapping_for_agent-8735420554304', 'neutron.plugins.ml2.plugin.Ml2Plugin._retry_binding_revived_agents--9223372036853727654'] for agent (69a58e38-cd56-4425-8d07-e21f62af0047), after_update _notify_loop /var/lib/kolla/venv/lib/python3.6/site-packages/neutron_lib/callbacks/manager.py:177
2026-05-07 02:12:50.024 22 DEBUG neutron.wsgi [-] (22) accepted ('10.0.0.22', 41648) server /var/lib/kolla/venv/lib/python3.6/site-packages/eventlet/wsgi.py:1004
2026-05-07 02:12:50.028 22 INFO neutron.wsgi [-] 10.0.0.22 "GET / HTTP/1.1" status: 200 len: 227 time: 0.0029154
2026-05-07 02:12:53.381 26 DEBUG neutron_lib.callbacks.manager [req-aa7b41bc-0d6b-42ba-87bb-7428f36a4cfe - - - - -] Publish callbacks ['neutron.services.segments.db._update_segment_host_mapping_for_agent-8735420554304', 'neutron.plugins.ml2.plugin.Ml2Plugin._retry_binding_revived_agents--9223372036853727654'] for agent (ad8bf973-1613-4250-9322-74811f22e344), after_update _notify_loop /var/lib/kolla/venv/lib/python3.6/site-packages/neutron_lib/callbacks/manager.py:177
2026-05-07 02:13:08.620 24 DEBUG neutron_lib.callbacks.manager [req-8d3d2a6c-6c02-4dfa-8c4b-f24365e90e64 - - - - -] Publish callbacks ['neutron.services.segments.db._update_segment_host_mapping_for_agent-8735420554304', 'neutron.plugins.ml2.plugin.Ml2Plugin._retry_binding_revived_agents--9223372036853727654'] for agent (69a58e38-cd56-4425-8d07-e21f62af0047), after_update _notify_loop /var/lib/kolla/venv/lib/python3.6/site-packages/neutron_lib/callbacks/manager.py:177
2026-05-07 02:13:14.700 29 DEBUG neutron.db.agents_db [req-22087339-3fe1-4f6b-910d-174c1ad75e54 - - - - -] Agent healthcheck: found 2 active agents agent_health_check /var/lib/kolla/venv/lib/python3.6/site-packages/neutron/db/agents_db.py:318
2026-05-07 02:13:20.077 22 DEBUG neutron.wsgi [-] (22) accepted ('10.0.0.22', 51550) server /var/lib/kolla/venv/lib/python3.6/site-packages/eventlet/wsgi.py:1004
2026-05-07 02:13:20.085 22 INFO neutron.wsgi [-] 10.0.0.22 "GET / HTTP/1.1" status: 200 len: 227 time: 0.0071683
2026-05-07 02:13:23.384 25 DEBUG neutron_lib.callbacks.manager [req-3a3c40af-1918-4edb-8509-427b7ed1cae3 - - - - -] Publish callbacks ['neutron.services.segments.db._update_segment_host_mapping_for_agent-8735420554304', 'neutron.plugins.ml2.plugin.Ml2Plugin._retry_binding_revived_agents--9223372036853727654'] for agent (ad8bf973-1613-4250-9322-74811f22e344), after_update _notify_loop /var/lib/kolla/venv/lib/python3.6/site-packages/neutron_lib/callbacks/manager.py:177
2026-05-07 02:13:38.623 23 DEBUG neutron_lib.callbacks.manager [req-8d3d2a6c-6c02-4dfa-8c4b-f24365e90e64 - - - - -] Publish callbacks ['neutron.services.segments.db._update_segment_host_mapping_for_agent-8735420554304', 'neutron.plugins.ml2.plugin.Ml2Plugin._retry_binding_revived_agents--9223372036853727654'] for agent (69a58e38-cd56-4425-8d07-e21f62af0047), after_update _notify_loop /var/lib/kolla/venv/lib/python3.6/site-packages/neutron_lib/callbacks/manager.py:177
2026-05-07 02:13:50.138 22 DEBUG neutron.wsgi [-] (22) accepted ('10.0.0.22', 48820) server /var/lib/kolla/venv/lib/python3.6/site-packages/eventlet/wsgi.py:1004
2026-05-07 02:13:50.141 22 INFO neutron.wsgi [-] 10.0.0.22 "GET / HTTP/1.1" status: 200 len: 227 time: 0.0027995
2026-05-07 02:13:51.706 29 DEBUG neutron.db.agents_db [req-22087339-3fe1-4f6b-910d-174c1ad75e54 - - - - -] Agent healthcheck: found 2 active agents agent_health_check /var/lib/kolla/venv/lib/python3.6/site-packages/neutron/db/agents_db.py:318
2026-05-07 02:13:53.384 27 DEBUG neutron_lib.callbacks.manager [req-31e48faf-132c-4ce9-98b1-df19b07fda93 - - - - -] Publish callbacks ['neutron.services.segments.db._update_segment_host_mapping_for_agent-8735420554304', 'neutron.plugins.ml2.plugin.Ml2Plugin._retry_binding_revived_agents--9223372036853727654'] for agent (ad8bf973-1613-4250-9322-74811f22e344), after_update _notify_loop /var/lib/kolla/venv/lib/python3.6/site-packages/neutron_lib/callbacks/manager.py:177
2026-05-07 02:14:08.625 28 DEBUG neutron_lib.callbacks.manager [req-8d3d2a6c-6c02-4dfa-8c4b-f24365e90e64 - - - - -] Publish callbacks ['neutron.services.segments.db._update_segment_host_mapping_for_agent-8735420554304', 'neutron.plugins.ml2.plugin.Ml2Plugin._retry_binding_revived_agents--9223372036853727654'] for agent (69a58e38-cd56-4425-8d07-e21f62af0047), after_update _notify_loop /var/lib/kolla/venv/lib/python3.6/site-packages/neutron_lib/callbacks/manager.py:177
2026-05-07 02:14:20.194 22 DEBUG neutron.wsgi [-] (22) accepted ('10.0.0.22', 53822) server /var/lib/kolla/venv/lib/python3.6/site-packages/eventlet/wsgi.py:1004
2026-05-07 02:14:20.197 22 INFO neutron.wsgi [-] 10.0.0.22 "GET / HTTP/1.1" status: 200 len: 227 time: 0.0029941
2026-05-07 02:14:23.384 26 DEBUG neutron_lib.callbacks.manager [req-80703768-8f7a-4de3-878d-a0a7aff9eab0 - - - - -] Publish callbacks ['neutron.services.segments.db._update_segment_host_mapping_for_agent-8735420554304', 'neutron.plugins.ml2.plugin.Ml2Plugin._retry_binding_revived_agents--9223372036853727654'] for agent (ad8bf973-1613-4250-9322-74811f22e344), after_update _notify_loop /var/lib/kolla/venv/lib/python3.6/site-packages/neutron_lib/callbacks/manager.py:177
2026-05-07 02:14:28.707 29 DEBUG neutron.db.agents_db [req-22087339-3fe1-4f6b-910d-174c1ad75e54 - - - - -] Agent healthcheck: found 2 active agents agent_health_check /var/lib/kolla/venv/lib/python3.6/site-packages/neutron/db/agents_db.py:318
2026-05-07 02:14:38.626 24 DEBUG neutron_lib.callbacks.manager [req-8d3d2a6c-6c02-4dfa-8c4b-f24365e90e64 - - - - -] Publish callbacks ['neutron.services.segments.db._update_segment_host_mapping_for_agent-8735420554304', 'neutron.plugins.ml2.plugin.Ml2Plugin._retry_binding_revived_agents--9223372036853727654'] for agent (69a58e38-cd56-4425-8d07-e21f62af0047), after_update _notify_loop /var/lib/kolla/venv/lib/python3.6/site-packages/neutron_lib/callbacks/manager.py:177
2026-05-07 02:14:50.253 22 DEBUG neutron.wsgi [-] (22) accepted ('10.0.0.22', 36508) server /var/lib/kolla/venv/lib/python3.6/site-packages/eventlet/wsgi.py:1004
2026-05-07 02:14:50.258 22 INFO neutron.wsgi [-] 10.0.0.22 "GET / HTTP/1.1" status: 200 len: 227 time: 0.0036423
2026-05-07 02:14:53.385 25 DEBUG neutron_lib.callbacks.manager [req-aa5c70b8-e28d-404c-8fe5-cd4f79d91811 - - - - -] Publish callbacks ['neutron.services.segments.db._update_segment_host_mapping_for_agent-8735420554304', 'neutron.plugins.ml2.plugin.Ml2Plugin._retry_binding_revived_agents--9223372036853727654'] for agent (ad8bf973-1613-4250-9322-74811f22e344), after_update _notify_loop /var/lib/kolla/venv/lib/python3.6/site-packages/neutron_lib/callbacks/manager.py:177
2026-05-07 02:15:05.708 29 DEBUG neutron.db.agents_db [req-22087339-3fe1-4f6b-910d-174c1ad75e54 - - - - -] Agent healthcheck: found 2 active agents agent_health_check /var/lib/kolla/venv/lib/python3.6/site-packages/neutron/db/agents_db.py:318
2026-05-07 02:15:08.626 23 DEBUG neutron_lib.callbacks.manager [req-8d3d2a6c-6c02-4dfa-8c4b-f24365e90e64 - - - - -] Publish callbacks ['neutron.services.segments.db._update_segment_host_mapping_for_agent-8735420554304', 'neutron.plugins.ml2.plugin.Ml2Plugin._retry_binding_revived_agents--9223372036853727654'] for agent (69a58e38-cd56-4425-8d07-e21f62af0047), after_update _notify_loop /var/lib/kolla/venv/lib/python3.6/site-packages/neutron_lib/callbacks/manager.py:177
2026-05-07 02:15:20.307 22 DEBUG neutron.wsgi [-] (22) accepted ('10.0.0.22', 39244) server /var/lib/kolla/venv/lib/python3.6/site-packages/eventlet/wsgi.py:1004
2026-05-07 02:15:20.311 22 INFO neutron.wsgi [-] 10.0.0.22 "GET / HTTP/1.1" status: 200 len: 227 time: 0.0033503
2026-05-07 02:15:23.388 27 DEBUG neutron_lib.callbacks.manager [req-a647470d-27af-49bc-abe3-ae5c6bf36a94 - - - - -] Publish callbacks ['neutron.services.segments.db._update_segment_host_mapping_for_agent-8735420554304', 'neutron.plugins.ml2.plugin.Ml2Plugin._retry_binding_revived_agents--9223372036853727654'] for agent (ad8bf973-1613-4250-9322-74811f22e344), after_update _notify_loop /var/lib/kolla/venv/lib/python3.6/site-packages/neutron_lib/callbacks/manager.py:177
2026-05-07 02:15:38.629 28 DEBUG neutron_lib.callbacks.manager [req-8d3d2a6c-6c02-4dfa-8c4b-f24365e90e64 - - - - -] Publish callbacks ['neutron.services.segments.db._update_segment_host_mapping_for_agent-8735420554304', 'neutron.plugins.ml2.plugin.Ml2Plugin._retry_binding_revived_agents--9223372036853727654'] for agent (69a58e38-cd56-4425-8d07-e21f62af0047), after_update _notify_loop /var/lib/kolla/venv/lib/python3.6/site-packages/neutron_lib/callbacks/manager.py:177
2026-05-07 02:15:42.708 29 DEBUG neutron.db.agents_db [req-22087339-3fe1-4f6b-910d-174c1ad75e54 - - - - -] Agent healthcheck: found 2 active agents agent_health_check /var/lib/kolla/venv/lib/python3.6/site-packages/neutron/db/agents_db.py:318
2026-05-07 02:15:50.361 22 DEBUG neutron.wsgi [-] (22) accepted ('10.0.0.22', 33820) server /var/lib/kolla/venv/lib/python3.6/site-packages/eventlet/wsgi.py:1004
2026-05-07 02:15:50.365 22 INFO neutron.wsgi [-] 10.0.0.22 "GET / HTTP/1.1" status: 200 len: 227 time: 0.0034389
2026-05-07 02:15:53.395 26 DEBUG neutron_lib.callbacks.manager [req-3104a9d4-4929-4fe2-9d13-75438d6f98af - - - - -] Publish callbacks ['neutron.services.segments.db._update_segment_host_mapping_for_agent-8735420554304', 'neutron.plugins.ml2.plugin.Ml2Plugin._retry_binding_revived_agents--9223372036853727654'] for agent (ad8bf973-1613-4250-9322-74811f22e344), after_update _notify_loop /var/lib/kolla/venv/lib/python3.6/site-packages/neutron_lib/callbacks/manager.py:177
2026-05-07 02:16:08.633 24 DEBUG neutron_lib.callbacks.manager [req-8d3d2a6c-6c02-4dfa-8c4b-f24365e90e64 - - - - -] Publish callbacks ['neutron.services.segments.db._update_segment_host_mapping_for_agent-8735420554304', 'neutron.plugins.ml2.plugin.Ml2Plugin._retry_binding_revived_agents--9223372036853727654'] for agent (69a58e38-cd56-4425-8d07-e21f62af0047), after_update _notify_loop /var/lib/kolla/venv/lib/python3.6/site-packages/neutron_lib/callbacks/manager.py:177
2026-05-07 02:16:19.706 29 DEBUG neutron.db.agents_db [req-22087339-3fe1-4f6b-910d-174c1ad75e54 - - - - -] Agent healthcheck: found 2 active agents agent_health_check /var/lib/kolla/venv/lib/python3.6/site-packages/neutron/db/agents_db.py:318
2026-05-07 02:16:20.427 22 DEBUG neutron.wsgi [-] (22) accepted ('10.0.0.22', 51272) server /var/lib/kolla/venv/lib/python3.6/site-packages/eventlet/wsgi.py:1004
2026-05-07 02:16:20.431 22 INFO neutron.wsgi [-] 10.0.0.22 "GET / HTTP/1.1" status: 200 len: 227 time: 0.0031388
2026-05-07 02:16:23.389 25 DEBUG neutron_lib.callbacks.manager [req-29ab1696-fdce-475e-b10d-40b0c8126c85 - - - - -] Publish callbacks ['neutron.services.segments.db._update_segment_host_mapping_for_agent-8735420554304', 'neutron.plugins.ml2.plugin.Ml2Plugin._retry_binding_revived_agents--9223372036853727654'] for agent (ad8bf973-1613-4250-9322-74811f22e344), after_update _notify_loop /var/lib/kolla/venv/lib/python3.6/site-packages/neutron_lib/callbacks/manager.py:177
2026-05-07 02:16:38.635 23 DEBUG neutron_lib.callbacks.manager [req-8d3d2a6c-6c02-4dfa-8c4b-f24365e90e64 - - - - -] Publish callbacks ['neutron.services.segments.db._update_segment_host_mapping_for_agent-8735420554304', 'neutron.plugins.ml2.plugin.Ml2Plugin._retry_binding_revived_agents--9223372036853727654'] for agent (69a58e38-cd56-4425-8d07-e21f62af0047), after_update _notify_loop /var/lib/kolla/venv/lib/python3.6/site-packages/neutron_lib/callbacks/manager.py:177
2026-05-07 02:16:50.481 22 DEBUG neutron.wsgi [-] (22) accepted ('10.0.0.22', 55568) server /var/lib/kolla/venv/lib/python3.6/site-packages/eventlet/wsgi.py:1004
2026-05-07 02:16:50.486 22 INFO neutron.wsgi [-] 10.0.0.22 "GET / HTTP/1.1" status: 200 len: 227 time: 0.0028622
2026-05-07 02:16:53.389 27 DEBUG neutron_lib.callbacks.manager [req-d5362265-2a88-4ec5-b34f-f5fca7ae6057 - - - - -] Publish callbacks ['neutron.services.segments.db._update_segment_host_mapping_for_agent-8735420554304', 'neutron.plugins.ml2.plugin.Ml2Plugin._retry_binding_revived_agents--9223372036853727654'] for agent (ad8bf973-1613-4250-9322-74811f22e344), after_update _notify_loop /var/lib/kolla/venv/lib/python3.6/site-packages/neutron_lib/callbacks/manager.py:177
2026-05-07 02:16:56.711 29 DEBUG neutron.db.agents_db [req-22087339-3fe1-4f6b-910d-174c1ad75e54 - - - - -] Agent healthcheck: found 2 active agents agent_health_check /var/lib/kolla/venv/lib/python3.6/site-packages/neutron/db/agents_db.py:318
2026-05-07 02:17:08.637 28 DEBUG neutron_lib.callbacks.manager [req-8d3d2a6c-6c02-4dfa-8c4b-f24365e90e64 - - - - -] Publish callbacks ['neutron.services.segments.db._update_segment_host_mapping_for_agent-8735420554304', 'neutron.plugins.ml2.plugin.Ml2Plugin._retry_binding_revived_agents--9223372036853727654'] for agent (69a58e38-cd56-4425-8d07-e21f62af0047), after_update _notify_loop /var/lib/kolla/venv/lib/python3.6/site-packages/neutron_lib/callbacks/manager.py:177
2026-05-07 02:17:20.554 22 DEBUG neutron.wsgi [-] (22) accepted ('10.0.0.22', 45806) server /var/lib/kolla/venv/lib/python3.6/site-packages/eventlet/wsgi.py:1004
2026-05-07 02:17:20.568 22 INFO neutron.wsgi [-] 10.0.0.22 "GET / HTTP/1.1" status: 200 len: 227 time: 0.0096419
2026-05-07 02:17:23.390 26 DEBUG neutron_lib.callbacks.manager [req-37947f66-e01b-43de-a7de-967fb73924ea - - - - -] Publish callbacks ['neutron.services.segments.db._update_segment_host_mapping_for_agent-8735420554304', 'neutron.plugins.ml2.plugin.Ml2Plugin._retry_binding_revived_agents--9223372036853727654'] for agent (ad8bf973-1613-4250-9322-74811f22e344), after_update _notify_loop /var/lib/kolla/venv/lib/python3.6/site-packages/neutron_lib/callbacks/manager.py:177
2026-05-07 02:17:33.710 29 DEBUG neutron.db.agents_db [req-22087339-3fe1-4f6b-910d-174c1ad75e54 - - - - -] Agent healthcheck: found 2 active agents agent_health_check /var/lib/kolla/venv/lib/python3.6/site-packages/neutron/db/agents_db.py:318
2026-05-07 02:17:38.635 24 DEBUG neutron_lib.callbacks.manager [req-8d3d2a6c-6c02-4dfa-8c4b-f24365e90e64 - - - - -] Publish callbacks ['neutron.services.segments.db._update_segment_host_mapping_for_agent-8735420554304', 'neutron.plugins.ml2.plugin.Ml2Plugin._retry_binding_revived_agents--9223372036853727654'] for agent (69a58e38-cd56-4425-8d07-e21f62af0047), after_update _notify_loop /var/lib/kolla/venv/lib/python3.6/site-packages/neutron_lib/callbacks/manager.py:177
2026-05-07 02:17:50.621 22 DEBUG neutron.wsgi [-] (22) accepted ('10.0.0.22', 54174) server /var/lib/kolla/venv/lib/python3.6/site-packages/eventlet/wsgi.py:1004
2026-05-07 02:17:50.627 22 INFO neutron.wsgi [-] 10.0.0.22 "GET / HTTP/1.1" status: 200 len: 227 time: 0.0036361
2026-05-07 02:17:53.392 25 DEBUG neutron_lib.callbacks.manager [req-c505ff4d-8c4e-4028-8042-4ac21593280d - - - - -] Publish callbacks ['neutron.services.segments.db._update_segment_host_mapping_for_agent-8735420554304', 'neutron.plugins.ml2.plugin.Ml2Plugin._retry_binding_revived_agents--9223372036853727654'] for agent (ad8bf973-1613-4250-9322-74811f22e344), after_update _notify_loop /var/lib/kolla/venv/lib/python3.6/site-packages/neutron_lib/callbacks/manager.py:177
2026-05-07 02:18:08.639 23 DEBUG neutron_lib.callbacks.manager [req-8d3d2a6c-6c02-4dfa-8c4b-f24365e90e64 - - - - -] Publish callbacks ['neutron.services.segments.db._update_segment_host_mapping_for_agent-8735420554304', 'neutron.plugins.ml2.plugin.Ml2Plugin._retry_binding_revived_agents--9223372036853727654'] for agent (69a58e38-cd56-4425-8d07-e21f62af0047), after_update _notify_loop /var/lib/kolla/venv/lib/python3.6/site-packages/neutron_lib/callbacks/manager.py:177
2026-05-07 02:18:10.709 29 DEBUG neutron.db.agents_db [req-22087339-3fe1-4f6b-910d-174c1ad75e54 - - - - -] Agent healthcheck: found 2 active agents agent_health_check /var/lib/kolla/venv/lib/python3.6/site-packages/neutron/db/agents_db.py:318
2026-05-07 02:18:20.685 22 DEBUG neutron.wsgi [-] (22) accepted ('10.0.0.22', 36472) server /var/lib/kolla/venv/lib/python3.6/site-packages/eventlet/wsgi.py:1004
2026-05-07 02:18:20.689 22 INFO neutron.wsgi [-] 10.0.0.22 "GET / HTTP/1.1" status: 200 len: 227 time: 0.0036571
2026-05-07 02:18:23.393 27 DEBUG neutron_lib.callbacks.manager [req-85eb4d17-ab48-4904-9b0c-cffb5a3d9b4a - - - - -] Publish callbacks ['neutron.services.segments.db._update_segment_host_mapping_for_agent-8735420554304', 'neutron.plugins.ml2.plugin.Ml2Plugin._retry_binding_revived_agents--9223372036853727654'] for agent (ad8bf973-1613-4250-9322-74811f22e344), after_update _notify_loop /var/lib/kolla/venv/lib/python3.6/site-packages/neutron_lib/callbacks/manager.py:177
2026-05-07 02:18:38.643 28 DEBUG neutron_lib.callbacks.manager [req-8d3d2a6c-6c02-4dfa-8c4b-f24365e90e64 - - - - -] Publish callbacks ['neutron.services.segments.db._update_segment_host_mapping_for_agent-8735420554304', 'neutron.plugins.ml2.plugin.Ml2Plugin._retry_binding_revived_agents--9223372036853727654'] for agent (69a58e38-cd56-4425-8d07-e21f62af0047), after_update _notify_loop /var/lib/kolla/venv/lib/python3.6/site-packages/neutron_lib/callbacks/manager.py:177
2026-05-07 02:18:47.711 29 DEBUG neutron.db.agents_db [req-22087339-3fe1-4f6b-910d-174c1ad75e54 - - - - -] Agent healthcheck: found 2 active agents agent_health_check /var/lib/kolla/venv/lib/python3.6/site-packages/neutron/db/agents_db.py:318
2026-05-07 02:18:50.741 22 DEBUG neutron.wsgi [-] (22) accepted ('10.0.0.22', 56118) server /var/lib/kolla/venv/lib/python3.6/site-packages/eventlet/wsgi.py:1004
2026-05-07 02:18:50.746 22 INFO neutron.wsgi [-] 10.0.0.22 "GET / HTTP/1.1" status: 200 len: 227 time: 0.0033617
2026-05-07 02:18:53.393 26 DEBUG neutron_lib.callbacks.manager [req-d1c60043-6265-4e63-9399-59b764cd123f - - - - -] Publish callbacks ['neutron.services.segments.db._update_segment_host_mapping_for_agent-8735420554304', 'neutron.plugins.ml2.plugin.Ml2Plugin._retry_binding_revived_agents--9223372036853727654'] for agent (ad8bf973-1613-4250-9322-74811f22e344), after_update _notify_loop /var/lib/kolla/venv/lib/python3.6/site-packages/neutron_lib/callbacks/manager.py:177
2026-05-07 02:19:08.644 24 DEBUG neutron_lib.callbacks.manager [req-8d3d2a6c-6c02-4dfa-8c4b-f24365e90e64 - - - - -] Publish callbacks ['neutron.services.segments.db._update_segment_host_mapping_for_agent-8735420554304', 'neutron.plugins.ml2.plugin.Ml2Plugin._retry_binding_revived_agents--9223372036853727654'] for agent (69a58e38-cd56-4425-8d07-e21f62af0047), after_update _notify_loop /var/lib/kolla/venv/lib/python3.6/site-packages/neutron_lib/callbacks/manager.py:177
2026-05-07 02:19:20.805 22 DEBUG neutron.wsgi [-] (22) accepted ('10.0.0.22', 48976) server /var/lib/kolla/venv/lib/python3.6/site-packages/eventlet/wsgi.py:1004
2026-05-07 02:19:20.812 22 INFO neutron.wsgi [-] 10.0.0.22 "GET / HTTP/1.1" status: 200 len: 227 time: 0.0057819
2026-05-07 02:19:23.398 25 DEBUG neutron_lib.callbacks.manager [req-058255a1-405b-4b30-bc88-54156edb5084 - - - - -] Publish callbacks ['neutron.services.segments.db._update_segment_host_mapping_for_agent-8735420554304', 'neutron.plugins.ml2.plugin.Ml2Plugin._retry_binding_revived_agents--9223372036853727654'] for agent (ad8bf973-1613-4250-9322-74811f22e344), after_update _notify_loop /var/lib/kolla/venv/lib/python3.6/site-packages/neutron_lib/callbacks/manager.py:177
2026-05-07 02:19:24.708 29 DEBUG neutron.db.agents_db [req-22087339-3fe1-4f6b-910d-174c1ad75e54 - - - - -] Agent healthcheck: found 2 active agents agent_health_check /var/lib/kolla/venv/lib/python3.6/site-packages/neutron/db/agents_db.py:318
2026-05-07 02:19:38.647 23 DEBUG neutron_lib.callbacks.manager [req-8d3d2a6c-6c02-4dfa-8c4b-f24365e90e64 - - - - -] Publish callbacks ['neutron.services.segments.db._update_segment_host_mapping_for_agent-8735420554304', 'neutron.plugins.ml2.plugin.Ml2Plugin._retry_binding_revived_agents--9223372036853727654'] for agent (69a58e38-cd56-4425-8d07-e21f62af0047), after_update _notify_loop /var/lib/kolla/venv/lib/python3.6/site-packages/neutron_lib/callbacks/manager.py:177
2026-05-07 02:19:50.863 22 DEBUG neutron.wsgi [-] (22) accepted ('10.0.0.22', 50990) server /var/lib/kolla/venv/lib/python3.6/site-packages/eventlet/wsgi.py:1004
2026-05-07 02:19:50.867 22 INFO neutron.wsgi [-] 10.0.0.22 "GET / HTTP/1.1" status: 200 len: 227 time: 0.0032196
2026-05-07 02:19:53.388 27 DEBUG neutron_lib.callbacks.manager [req-b8339736-735d-46ac-8e56-e72680391b7c - - - - -] Publish callbacks ['neutron.services.segments.db._update_segment_host_mapping_for_agent-8735420554304', 'neutron.plugins.ml2.plugin.Ml2Plugin._retry_binding_revived_agents--9223372036853727654'] for agent (ad8bf973-1613-4250-9322-74811f22e344), after_update _notify_loop /var/lib/kolla/venv/lib/python3.6/site-packages/neutron_lib/callbacks/manager.py:177
2026-05-07 02:20:01.710 29 DEBUG neutron.db.agents_db [req-22087339-3fe1-4f6b-910d-174c1ad75e54 - - - - -] Agent healthcheck: found 2 active agents agent_health_check /var/lib/kolla/venv/lib/python3.6/site-packages/neutron/db/agents_db.py:318
2026-05-07 02:20:08.659 28 DEBUG neutron_lib.callbacks.manager [req-8d3d2a6c-6c02-4dfa-8c4b-f24365e90e64 - - - - -] Publish callbacks ['neutron.services.segments.db._update_segment_host_mapping_for_agent-8735420554304', 'neutron.plugins.ml2.plugin.Ml2Plugin._retry_binding_revived_agents--9223372036853727654'] for agent (69a58e38-cd56-4425-8d07-e21f62af0047), after_update _notify_loop /var/lib/kolla/venv/lib/python3.6/site-packages/neutron_lib/callbacks/manager.py:177
2026-05-07 02:20:20.922 22 DEBUG neutron.wsgi [-] (22) accepted ('10.0.0.22', 36736) server /var/lib/kolla/venv/lib/python3.6/site-packages/eventlet/wsgi.py:1004
2026-05-07 02:20:20.926 22 INFO neutron.wsgi [-] 10.0.0.22 "GET / HTTP/1.1" status: 200 len: 227 time: 0.0031211
2026-05-07 02:20:23.389 26 DEBUG neutron_lib.callbacks.manager [req-b4ffda4a-c921-409a-9403-5b1e23a9e709 - - - - -] Publish callbacks ['neutron.services.segments.db._update_segment_host_mapping_for_agent-8735420554304', 'neutron.plugins.ml2.plugin.Ml2Plugin._retry_binding_revived_agents--9223372036853727654'] for agent (ad8bf973-1613-4250-9322-74811f22e344), after_update _notify_loop /var/lib/kolla/venv/lib/python3.6/site-packages/neutron_lib/callbacks/manager.py:177
2026-05-07 02:20:38.648 24 DEBUG neutron_lib.callbacks.manager [req-8d3d2a6c-6c02-4dfa-8c4b-f24365e90e64 - - - - -] Publish callbacks ['neutron.services.segments.db._update_segment_host_mapping_for_agent-8735420554304', 'neutron.plugins.ml2.plugin.Ml2Plugin._retry_binding_revived_agents--9223372036853727654'] for agent (69a58e38-cd56-4425-8d07-e21f62af0047), after_update _notify_loop /var/lib/kolla/venv/lib/python3.6/site-packages/neutron_lib/callbacks/manager.py:177
2026-05-07 02:20:38.711 29 DEBUG neutron.db.agents_db [req-22087339-3fe1-4f6b-910d-174c1ad75e54 - - - - -] Agent healthcheck: found 2 active agents agent_health_check /var/lib/kolla/venv/lib/python3.6/site-packages/neutron/db/agents_db.py:318
2026-05-07 02:20:49.028 7 INFO oslo_service.service [-] Caught SIGTERM, stopping children
2026-05-07 02:20:49.029 7 DEBUG oslo_concurrency.lockutils [-] Acquired lock "singleton_lock" lock /var/lib/kolla/venv/lib/python3.6/site-packages/oslo_concurrency/lockutils.py:294
2026-05-07 02:20:49.029 7 DEBUG oslo_concurrency.lockutils [-] Releasing lock "singleton_lock" lock /var/lib/kolla/venv/lib/python3.6/site-packages/oslo_concurrency/lockutils.py:312
2026-05-07 02:20:49.029 7 DEBUG oslo_service.service [-] Stop services. stop /var/lib/kolla/venv/lib/python3.6/site-packages/oslo_service/service.py:695
2026-05-07 02:20:49.030 7 DEBUG neutron.service [-] calling RpcWorker stop() stop /var/lib/kolla/venv/lib/python3.6/site-packages/neutron/service.py:138
2026-05-07 02:20:49.030 7 DEBUG neutron.service [-] calling RpcWorker stop() stop /var/lib/kolla/venv/lib/python3.6/site-packages/neutron/service.py:138
2026-05-07 02:20:49.030 7 DEBUG oslo_service.service [-] Killing children. stop /var/lib/kolla/venv/lib/python3.6/site-packages/oslo_service/service.py:700
2026-05-07 02:20:49.030 7 INFO oslo_service.service [-] Waiting on 8 children to exit
2026-05-07 02:20:49.031 28 DEBUG neutron.service [-] calling RpcWorker stop() stop /var/lib/kolla/venv/lib/python3.6/site-packages/neutron/service.py:138
2026-05-07 02:20:49.031 26 DEBUG neutron.service [-] calling RpcWorker stop() stop /var/lib/kolla/venv/lib/python3.6/site-packages/neutron/service.py:138
2026-05-07 02:20:49.031 23 DEBUG neutron.service [-] calling RpcWorker stop() stop /var/lib/kolla/venv/lib/python3.6/site-packages/neutron/service.py:138
2026-05-07 02:20:49.032 22 INFO neutron.wsgi [-] (22) wsgi exited, is_accepting=True
2026-05-07 02:20:49.032 22 DEBUG oslo_concurrency.lockutils [req-522b40b6-f10a-457c-bef4-073b1f394e83 - - - - -] Acquired lock "singleton_lock" lock /var/lib/kolla/venv/lib/python3.6/site-packages/oslo_concurrency/lockutils.py:294
2026-05-07 02:20:49.031 28 DEBUG neutron.service [-] calling stop on stop /var/lib/kolla/venv/lib/python3.6/site-packages/neutron/service.py:141
2026-05-07 02:20:49.035 22 DEBUG oslo_concurrency.lockutils [req-522b40b6-f10a-457c-bef4-073b1f394e83 - - - - -] Releasing lock "singleton_lock" lock /var/lib/kolla/venv/lib/python3.6/site-packages/oslo_concurrency/lockutils.py:312
2026-05-07 02:20:49.035 27 DEBUG neutron.service [-] calling RpcWorker stop() stop /var/lib/kolla/venv/lib/python3.6/site-packages/neutron/service.py:138
2026-05-07 02:20:49.036 27 DEBUG neutron.service [-] calling stop on stop /var/lib/kolla/venv/lib/python3.6/site-packages/neutron/service.py:141
2026-05-07 02:20:49.031 23 DEBUG neutron.service [-] calling stop on stop /var/lib/kolla/venv/lib/python3.6/site-packages/neutron/service.py:141
2026-05-07 02:20:49.039 25 DEBUG neutron.service [-] calling RpcWorker stop() stop /var/lib/kolla/venv/lib/python3.6/site-packages/neutron/service.py:138
2026-05-07 02:20:49.040 29 DEBUG neutron.service [-] calling RpcWorker stop() stop /var/lib/kolla/venv/lib/python3.6/site-packages/neutron/service.py:138
2026-05-07 02:20:49.041 24 DEBUG neutron.service [-] calling RpcWorker stop() stop /var/lib/kolla/venv/lib/python3.6/site-packages/neutron/service.py:138
2026-05-07 02:20:49.042 24 DEBUG neutron.service [-] calling stop on stop /var/lib/kolla/venv/lib/python3.6/site-packages/neutron/service.py:141
2026-05-07 02:20:49.031 26 DEBUG neutron.service [-] calling stop on stop /var/lib/kolla/venv/lib/python3.6/site-packages/neutron/service.py:141
2026-05-07 02:20:49.045 7 INFO oslo_service.service [-] Child 22 exited with status 0
2026-05-07 02:20:49.040 25 DEBUG neutron.service [-] calling stop on stop /var/lib/kolla/venv/lib/python3.6/site-packages/neutron/service.py:141
2026-05-07 02:20:49.042 29 DEBUG neutron.service [-] calling stop on stop /var/lib/kolla/venv/lib/python3.6/site-packages/neutron/service.py:141
2026-05-07 02:20:51.586 26 DEBUG oslo_concurrency.lockutils [req-522b40b6-f10a-457c-bef4-073b1f394e83 - - - - -] Acquired lock "singleton_lock" lock /var/lib/kolla/venv/lib/python3.6/site-packages/oslo_concurrency/lockutils.py:294
2026-05-07 02:20:51.587 26 DEBUG oslo_concurrency.lockutils [req-522b40b6-f10a-457c-bef4-073b1f394e83 - - - - -] Releasing lock "singleton_lock" lock /var/lib/kolla/venv/lib/python3.6/site-packages/oslo_concurrency/lockutils.py:312
2026-05-07 02:20:51.589 26 DEBUG neutron.service [req-522b40b6-f10a-457c-bef4-073b1f394e83 - - - - -] calling RpcWorker wait() _wait /var/lib/kolla/venv/lib/python3.6/site-packages/neutron/service.py:128
2026-05-07 02:20:51.590 26 DEBUG neutron.service [req-522b40b6-f10a-457c-bef4-073b1f394e83 - - - - -] calling wait on _wait /var/lib/kolla/venv/lib/python3.6/site-packages/neutron/service.py:131
2026-05-07 02:20:51.600 26 WARNING amqp [req-522b40b6-f10a-457c-bef4-073b1f394e83 - - - - -] Received method (60, 30) during closing channel 1. This method will be ignored
2026-05-07 02:20:51.603 26 DEBUG neutron.service [req-522b40b6-f10a-457c-bef4-073b1f394e83 - - - - -] returning from RpcWorker wait() _wait /var/lib/kolla/venv/lib/python3.6/site-packages/neutron/service.py:135
2026-05-07 02:20:51.611 7 INFO oslo_service.service [-] Child 26 exited with status 0
2026-05-07 02:20:53.406 25 DEBUG neutron_lib.callbacks.manager [req-6e9b7367-f8b5-40e0-b039-b3872e7b9daa - - - - -] Publish callbacks ['neutron.services.segments.db._update_segment_host_mapping_for_agent-8735420554304', 'neutron.plugins.ml2.plugin.Ml2Plugin._retry_binding_revived_agents--9223372036853727654'] for agent (ad8bf973-1613-4250-9322-74811f22e344), after_update _notify_loop /var/lib/kolla/venv/lib/python3.6/site-packages/neutron_lib/callbacks/manager.py:177
2026-05-07 02:20:53.688 24 DEBUG neutron.service [-] calling stop on stop /var/lib/kolla/venv/lib/python3.6/site-packages/neutron/service.py:141
2026-05-07 02:20:53.690 23 DEBUG neutron.service [-] calling stop on stop /var/lib/kolla/venv/lib/python3.6/site-packages/neutron/service.py:141
2026-05-07 02:20:53.697 25 DEBUG neutron.service [-] calling stop on stop /var/lib/kolla/venv/lib/python3.6/site-packages/neutron/service.py:141
2026-05-07 02:20:53.700 27 DEBUG oslo_concurrency.lockutils [req-522b40b6-f10a-457c-bef4-073b1f394e83 - - - - -] Acquired lock "singleton_lock" lock /var/lib/kolla/venv/lib/python3.6/site-packages/oslo_concurrency/lockutils.py:294
2026-05-07 02:20:53.700 27 DEBUG oslo_concurrency.lockutils [req-522b40b6-f10a-457c-bef4-073b1f394e83 - - - - -] Releasing lock "singleton_lock" lock /var/lib/kolla/venv/lib/python3.6/site-packages/oslo_concurrency/lockutils.py:312
2026-05-07 02:20:53.700 27 DEBUG neutron.service [req-522b40b6-f10a-457c-bef4-073b1f394e83 - - - - -] calling RpcWorker wait() _wait /var/lib/kolla/venv/lib/python3.6/site-packages/neutron/service.py:128
2026-05-07 02:20:53.700 27 DEBUG neutron.service [req-522b40b6-f10a-457c-bef4-073b1f394e83 - - - - -] calling wait on _wait /var/lib/kolla/venv/lib/python3.6/site-packages/neutron/service.py:131
2026-05-07 02:20:53.711 27 WARNING amqp [req-522b40b6-f10a-457c-bef4-073b1f394e83 - - - - -] Received method (60, 30) during closing channel 1. This method will be ignored
2026-05-07 02:20:53.711 28 DEBUG oslo_concurrency.lockutils [req-522b40b6-f10a-457c-bef4-073b1f394e83 - - - - -] Acquired lock "singleton_lock" lock /var/lib/kolla/venv/lib/python3.6/site-packages/oslo_concurrency/lockutils.py:294
2026-05-07 02:20:53.712 28 DEBUG oslo_concurrency.lockutils [req-522b40b6-f10a-457c-bef4-073b1f394e83 - - - - -] Releasing lock "singleton_lock" lock /var/lib/kolla/venv/lib/python3.6/site-packages/oslo_concurrency/lockutils.py:312
2026-05-07 02:20:53.712 28 DEBUG neutron.service [req-522b40b6-f10a-457c-bef4-073b1f394e83 - - - - -] calling RpcWorker wait() _wait /var/lib/kolla/venv/lib/python3.6/site-packages/neutron/service.py:128
2026-05-07 02:20:53.712 28 DEBUG neutron.service [req-522b40b6-f10a-457c-bef4-073b1f394e83 - - - - -] calling wait on _wait /var/lib/kolla/venv/lib/python3.6/site-packages/neutron/service.py:131
2026-05-07 02:20:53.715 24 DEBUG neutron.service [-] calling stop on stop /var/lib/kolla/venv/lib/python3.6/site-packages/neutron/service.py:141
2026-05-07 02:20:53.716 25 DEBUG neutron.service [-] calling stop on stop /var/lib/kolla/venv/lib/python3.6/site-packages/neutron/service.py:141
2026-05-07 02:20:53.719 29 DEBUG oslo_concurrency.lockutils [req-522b40b6-f10a-457c-bef4-073b1f394e83 - - - - -] Acquired lock "singleton_lock" lock /var/lib/kolla/venv/lib/python3.6/site-packages/oslo_concurrency/lockutils.py:294
2026-05-07 02:20:53.720 28 WARNING amqp [req-522b40b6-f10a-457c-bef4-073b1f394e83 - - - - -] Received method (60, 30) during closing channel 1. This method will be ignored
2026-05-07 02:20:53.720 29 DEBUG oslo_concurrency.lockutils [req-522b40b6-f10a-457c-bef4-073b1f394e83 - - - - -] Releasing lock "singleton_lock" lock /var/lib/kolla/venv/lib/python3.6/site-packages/oslo_concurrency/lockutils.py:312
2026-05-07 02:20:53.721 29 DEBUG neutron.service [req-522b40b6-f10a-457c-bef4-073b1f394e83 - - - - -] calling RpcWorker wait() _wait /var/lib/kolla/venv/lib/python3.6/site-packages/neutron/service.py:128
2026-05-07 02:20:53.722 29 DEBUG neutron.service [req-522b40b6-f10a-457c-bef4-073b1f394e83 - - - - -] calling wait on _wait /var/lib/kolla/venv/lib/python3.6/site-packages/neutron/service.py:131
2026-05-07 02:20:53.723 28 DEBUG neutron.service [req-522b40b6-f10a-457c-bef4-073b1f394e83 - - - - -] returning from RpcWorker wait() _wait /var/lib/kolla/venv/lib/python3.6/site-packages/neutron/service.py:135
2026-05-07 02:20:53.723 23 DEBUG neutron.service [-] calling stop on stop /var/lib/kolla/venv/lib/python3.6/site-packages/neutron/service.py:141
2026-05-07 02:20:53.725 27 DEBUG neutron.service [req-522b40b6-f10a-457c-bef4-073b1f394e83 - - - - -] returning from RpcWorker wait() _wait /var/lib/kolla/venv/lib/python3.6/site-packages/neutron/service.py:135
2026-05-07 02:20:53.730 7 INFO oslo_service.service [-] Child 28 exited with status 0
2026-05-07 02:20:53.731 7 INFO oslo_service.service [-] Child 27 exited with status 0
2026-05-07 02:20:53.733 29 WARNING amqp [req-522b40b6-f10a-457c-bef4-073b1f394e83 - - - - -] Received method (60, 30) during closing channel 1. This method will be ignored
2026-05-07 02:20:53.734 29 DEBUG neutron.service [req-522b40b6-f10a-457c-bef4-073b1f394e83 - - - - -] returning from RpcWorker wait() _wait /var/lib/kolla/venv/lib/python3.6/site-packages/neutron/service.py:135
2026-05-07 02:20:53.740 7 INFO oslo_service.service [-] Child 29 exited with status 0
2026-05-07 02:20:53.741 23 DEBUG neutron.service [-] calling stop on stop /var/lib/kolla/venv/lib/python3.6/site-packages/neutron/service.py:141
2026-05-07 02:20:53.770 23 DEBUG oslo_concurrency.lockutils [req-522b40b6-f10a-457c-bef4-073b1f394e83 - - - - -] Acquired lock "singleton_lock" lock /var/lib/kolla/venv/lib/python3.6/site-packages/oslo_concurrency/lockutils.py:294
2026-05-07 02:20:53.771 23 DEBUG oslo_concurrency.lockutils [req-522b40b6-f10a-457c-bef4-073b1f394e83 - - - - -] Releasing lock "singleton_lock" lock /var/lib/kolla/venv/lib/python3.6/site-packages/oslo_concurrency/lockutils.py:312
2026-05-07 02:20:53.772 23 DEBUG neutron.service [req-522b40b6-f10a-457c-bef4-073b1f394e83 - - - - -] calling RpcWorker wait() _wait /var/lib/kolla/venv/lib/python3.6/site-packages/neutron/service.py:128
2026-05-07 02:20:53.773 23 DEBUG neutron.service [req-522b40b6-f10a-457c-bef4-073b1f394e83 - - - - -] calling wait on _wait /var/lib/kolla/venv/lib/python3.6/site-packages/neutron/service.py:131
2026-05-07 02:20:53.780 23 WARNING amqp [req-522b40b6-f10a-457c-bef4-073b1f394e83 - - - - -] Received method (60, 30) during closing channel 1. This method will be ignored
2026-05-07 02:20:53.783 23 DEBUG neutron.service [req-522b40b6-f10a-457c-bef4-073b1f394e83 - - - - -] calling wait on _wait /var/lib/kolla/venv/lib/python3.6/site-packages/neutron/service.py:131
2026-05-07 02:20:53.788 23 WARNING amqp [req-522b40b6-f10a-457c-bef4-073b1f394e83 - - - - -] Received method (60, 30) during closing channel 1. This method will be ignored
2026-05-07 02:20:53.790 23 DEBUG neutron.service [req-522b40b6-f10a-457c-bef4-073b1f394e83 - - - - -] calling wait on _wait /var/lib/kolla/venv/lib/python3.6/site-packages/neutron/service.py:131
2026-05-07 02:20:53.795 23 WARNING amqp [req-522b40b6-f10a-457c-bef4-073b1f394e83 - - - - -] Received method (60, 30) during closing channel 1. This method will be ignored
2026-05-07 02:20:53.797 23 DEBUG neutron.service [req-522b40b6-f10a-457c-bef4-073b1f394e83 - - - - -] calling wait on _wait /var/lib/kolla/venv/lib/python3.6/site-packages/neutron/service.py:131
2026-05-07 02:20:53.803 23 WARNING amqp [req-522b40b6-f10a-457c-bef4-073b1f394e83 - - - - -] Received method (60, 30) during closing channel 1. This method will be ignored
2026-05-07 02:20:53.804 23 DEBUG neutron.service [req-522b40b6-f10a-457c-bef4-073b1f394e83 - - - - -] returning from RpcWorker wait() _wait /var/lib/kolla/venv/lib/python3.6/site-packages/neutron/service.py:135
2026-05-07 02:20:53.810 7 INFO oslo_service.service [-] Child 23 exited with status 0
2026-05-07 02:20:53.920 25 DEBUG neutron.service [-] calling stop on stop /var/lib/kolla/venv/lib/python3.6/site-packages/neutron/service.py:141
2026-05-07 02:20:56.847 24 DEBUG neutron.service [-] calling stop on stop /var/lib/kolla/venv/lib/python3.6/site-packages/neutron/service.py:141
2026-05-07 02:20:58.752 25 DEBUG oslo_concurrency.lockutils [req-522b40b6-f10a-457c-bef4-073b1f394e83 - - - - -] Acquired lock "singleton_lock" lock /var/lib/kolla/venv/lib/python3.6/site-packages/oslo_concurrency/lockutils.py:294
2026-05-07 02:20:58.752 24 DEBUG oslo_concurrency.lockutils [req-522b40b6-f10a-457c-bef4-073b1f394e83 - - - - -] Acquired lock "singleton_lock" lock /var/lib/kolla/venv/lib/python3.6/site-packages/oslo_concurrency/lockutils.py:294
2026-05-07 02:20:58.753 24 DEBUG oslo_concurrency.lockutils [req-522b40b6-f10a-457c-bef4-073b1f394e83 - - - - -] Releasing lock "singleton_lock" lock /var/lib/kolla/venv/lib/python3.6/site-packages/oslo_concurrency/lockutils.py:312
2026-05-07 02:20:58.753 24 DEBUG neutron.service [req-522b40b6-f10a-457c-bef4-073b1f394e83 - - - - -] calling RpcWorker wait() _wait /var/lib/kolla/venv/lib/python3.6/site-packages/neutron/service.py:128
2026-05-07 02:20:58.755 24 DEBUG neutron.service [req-522b40b6-f10a-457c-bef4-073b1f394e83 - - - - -] calling wait on _wait /var/lib/kolla/venv/lib/python3.6/site-packages/neutron/service.py:131
2026-05-07 02:20:58.755 25 DEBUG oslo_concurrency.lockutils [req-522b40b6-f10a-457c-bef4-073b1f394e83 - - - - -] Releasing lock "singleton_lock" lock /var/lib/kolla/venv/lib/python3.6/site-packages/oslo_concurrency/lockutils.py:312
2026-05-07 02:20:58.756 25 DEBUG neutron.service [req-522b40b6-f10a-457c-bef4-073b1f394e83 - - - - -] calling RpcWorker wait() _wait /var/lib/kolla/venv/lib/python3.6/site-packages/neutron/service.py:128
2026-05-07 02:20:58.756 25 DEBUG neutron.service [req-522b40b6-f10a-457c-bef4-073b1f394e83 - - - - -] calling wait on _wait /var/lib/kolla/venv/lib/python3.6/site-packages/neutron/service.py:131
2026-05-07 02:20:58.761 24 WARNING amqp [req-522b40b6-f10a-457c-bef4-073b1f394e83 - - - - -] Received method (60, 30) during closing channel 1. This method will be ignored
2026-05-07 02:20:58.764 25 WARNING amqp [req-522b40b6-f10a-457c-bef4-073b1f394e83 - - - - -] Received method (60, 30) during closing channel 1. This method will be ignored
2026-05-07 02:20:58.764 24 DEBUG neutron.service [req-522b40b6-f10a-457c-bef4-073b1f394e83 - - - - -] calling wait on _wait /var/lib/kolla/venv/lib/python3.6/site-packages/neutron/service.py:131
2026-05-07 02:20:58.765 25 DEBUG neutron.service [req-522b40b6-f10a-457c-bef4-073b1f394e83 - - - - -] calling wait on _wait /var/lib/kolla/venv/lib/python3.6/site-packages/neutron/service.py:131
2026-05-07 02:21:03.216 7 INFO neutron.common.config [-] Logging enabled!
2026-05-07 02:21:03.216 7 INFO neutron.common.config [-] /var/lib/kolla/venv/bin/neutron-server version 20.5.1.dev23
2026-05-07 02:21:03.217 7 DEBUG neutron.common.config [-] command line: /var/lib/kolla/venv/bin/neutron-server --config-file /etc/neutron/neutron.conf --config-file /etc/neutron/ContrailPlugin.ini --config-file /etc/neutron/api-paste.ini setup_logging /var/lib/kolla/venv/lib/python3.6/site-packages/neutron/common/config.py:115
2026-05-07 02:21:03.220 7 INFO neutron.common.config [-] Logging enabled!
2026-05-07 02:21:03.221 7 INFO neutron.common.config [-] /var/lib/kolla/venv/bin/neutron-server version 20.5.1.dev23
