2026-04-30 00:45:03.229 173703 DEBUG oslo_service.service [req-ecf9b742-ecae-410c-add2-2a929db92c21 - - - - -] cache.memcache_pool_maxsize = 10 log_opt_values /usr/lib/python3/dist-packages/oslo_config/cfg.py:2609
2026-04-30 00:45:03.229 173703 DEBUG oslo_service.service [req-ecf9b742-ecae-410c-add2-2a929db92c21 - - - - -] cache.memcache_pool_unused_timeout = 60 log_opt_values /usr/lib/python3/dist-packages/oslo_config/cfg.py:2609
2026-04-30 00:45:03.229 173703 DEBUG oslo_service.service [req-ecf9b742-ecae-410c-add2-2a929db92c21 - - - - -] cache.memcache_servers = ['localhost:11211'] log_opt_values /usr/lib/python3/dist-packages/oslo_config/cfg.py:2609
2026-04-30 00:45:03.230 173703 DEBUG oslo_service.service [req-ecf9b742-ecae-410c-add2-2a929db92c21 - - - - -] cache.memcache_socket_timeout = 1.0 log_opt_values /usr/lib/python3/dist-packages/oslo_config/cfg.py:2609
2026-04-30 00:45:03.230 173703 DEBUG oslo_service.service [req-ecf9b742-ecae-410c-add2-2a929db92c21 - - - - -] cache.proxies = [] log_opt_values /usr/lib/python3/dist-packages/oslo_config/cfg.py:2609
2026-04-30 00:45:03.230 173703 DEBUG oslo_service.service [req-ecf9b742-ecae-410c-add2-2a929db92c21 - - - - -] cache.tls_allowed_ciphers = None log_opt_values /usr/lib/python3/dist-packages/oslo_config/cfg.py:2609
2026-04-30 00:45:03.230 173703 DEBUG oslo_service.service [req-ecf9b742-ecae-410c-add2-2a929db92c21 - - - - -] cache.tls_cafile = None log_opt_values /usr/lib/python3/dist-packages/oslo_config/cfg.py:2609
2026-04-30 00:45:03.230 173703 DEBUG oslo_service.service [req-ecf9b742-ecae-410c-add2-2a929db92c21 - - - - -] cache.tls_certfile = None log_opt_values /usr/lib/python3/dist-packages/oslo_config/cfg.py:2609
2026-04-30 00:45:03.229 174089 DEBUG nova.service [req-e67fbd74-d426-4704-b88c-250bf7d04b4e - - - - -] Join ServiceGroup membership for this service scheduler start /usr/lib/python3/dist-packages/nova/service.py:199
2026-04-30 00:45:03.230 173703 DEBUG oslo_service.service [req-ecf9b742-ecae-410c-add2-2a929db92c21 - - - - -] cache.tls_enabled = False log_opt_values /usr/lib/python3/dist-packages/oslo_config/cfg.py:2609
2026-04-30 00:45:03.231 173703 DEBUG oslo_service.service [req-ecf9b742-ecae-410c-add2-2a929db92c21 - - - - -] cache.tls_keyfile = None log_opt_values /usr/lib/python3/dist-packages/oslo_config/cfg.py:2609
2026-04-30 00:45:03.231 174089 DEBUG nova.servicegroup.drivers.db [req-e67fbd74-d426-4704-b88c-250bf7d04b4e - - - - -] DB_Driver: join new ServiceGroup member juju-b0b610-0-lxd-7 to the scheduler group, service = join /usr/lib/python3/dist-packages/nova/servicegroup/drivers/db.py:44
2026-04-30 00:45:03.231 173703 DEBUG oslo_service.service [req-ecf9b742-ecae-410c-add2-2a929db92c21 - - - - -] cinder.auth_section = None log_opt_values /usr/lib/python3/dist-packages/oslo_config/cfg.py:2609
2026-04-30 00:45:03.231 173703 DEBUG oslo_service.service [req-ecf9b742-ecae-410c-add2-2a929db92c21 - - - - -] cinder.auth_type = None log_opt_values /usr/lib/python3/dist-packages/oslo_config/cfg.py:2609
2026-04-30 00:45:03.231 174091 DEBUG nova.service [req-5064ab02-258a-43b6-8478-8c5a1a2538b4 - - - - -] Creating RPC server for service scheduler start /usr/lib/python3/dist-packages/nova/service.py:182
2026-04-30 00:45:03.231 173703 DEBUG oslo_service.service [req-ecf9b742-ecae-410c-add2-2a929db92c21 - - - - -] cinder.cafile = None log_opt_values /usr/lib/python3/dist-packages/oslo_config/cfg.py:2609
2026-04-30 00:45:03.231 173703 DEBUG oslo_service.service [req-ecf9b742-ecae-410c-add2-2a929db92c21 - - - - -] cinder.catalog_info = volumev3::publicURL log_opt_values /usr/lib/python3/dist-packages/oslo_config/cfg.py:2609
2026-04-30 00:45:03.232 173703 DEBUG oslo_service.service [req-ecf9b742-ecae-410c-add2-2a929db92c21 - - - - -] cinder.certfile = None log_opt_values /usr/lib/python3/dist-packages/oslo_config/cfg.py:2609
2026-04-30 00:45:03.232 173703 DEBUG oslo_service.service [req-ecf9b742-ecae-410c-add2-2a929db92c21 - - - - -] cinder.collect_timing = False log_opt_values /usr/lib/python3/dist-packages/oslo_config/cfg.py:2609
2026-04-30 00:45:03.232 173703 DEBUG oslo_service.service [req-ecf9b742-ecae-410c-add2-2a929db92c21 - - - - -] cinder.cross_az_attach = True log_opt_values /usr/lib/python3/dist-packages/oslo_config/cfg.py:2609
2026-04-30 00:45:03.232 173703 DEBUG oslo_service.service [req-ecf9b742-ecae-410c-add2-2a929db92c21 - - - - -] cinder.debug = False log_opt_values /usr/lib/python3/dist-packages/oslo_config/cfg.py:2609
2026-04-30 00:45:03.232 173703 DEBUG oslo_service.service [req-ecf9b742-ecae-410c-add2-2a929db92c21 - - - - -] cinder.endpoint_template = None log_opt_values /usr/lib/python3/dist-packages/oslo_config/cfg.py:2609
2026-04-30 00:45:03.232 173703 DEBUG oslo_service.service [req-ecf9b742-ecae-410c-add2-2a929db92c21 - - - - -] cinder.http_retries = 3 log_opt_values /usr/lib/python3/dist-packages/oslo_config/cfg.py:2609
2026-04-30 00:45:03.233 173703 DEBUG oslo_service.service [req-ecf9b742-ecae-410c-add2-2a929db92c21 - - - - -] cinder.insecure = False log_opt_values /usr/lib/python3/dist-packages/oslo_config/cfg.py:2609
2026-04-30 00:45:03.233 173703 DEBUG oslo_service.service [req-ecf9b742-ecae-410c-add2-2a929db92c21 - - - - -] cinder.keyfile = None log_opt_values /usr/lib/python3/dist-packages/oslo_config/cfg.py:2609
2026-04-30 00:45:03.233 173703 DEBUG oslo_service.service [req-ecf9b742-ecae-410c-add2-2a929db92c21 - - - - -] cinder.os_region_name = None log_opt_values /usr/lib/python3/dist-packages/oslo_config/cfg.py:2609
2026-04-30 00:45:03.233 174092 DEBUG nova.service [req-1946d878-a9ca-438d-b1ff-dd07e3b90ed6 - - - - -] Creating RPC server for service scheduler start /usr/lib/python3/dist-packages/nova/service.py:182
2026-04-30 00:45:03.233 173703 DEBUG oslo_service.service [req-ecf9b742-ecae-410c-add2-2a929db92c21 - - - - -] cinder.split_loggers = False log_opt_values /usr/lib/python3/dist-packages/oslo_config/cfg.py:2609
2026-04-30 00:45:03.233 173703 DEBUG oslo_service.service [req-ecf9b742-ecae-410c-add2-2a929db92c21 - - - - -] cinder.timeout = None log_opt_values /usr/lib/python3/dist-packages/oslo_config/cfg.py:2609
2026-04-30 00:45:03.233 173703 DEBUG oslo_service.service [req-ecf9b742-ecae-410c-add2-2a929db92c21 - - - - -] compute.consecutive_build_service_disable_threshold = 10 log_opt_values /usr/lib/python3/dist-packages/oslo_config/cfg.py:2609
2026-04-30 00:45:03.234 173703 DEBUG oslo_service.service [req-ecf9b742-ecae-410c-add2-2a929db92c21 - - - - -] compute.cpu_dedicated_set = None log_opt_values /usr/lib/python3/dist-packages/oslo_config/cfg.py:2609
2026-04-30 00:45:03.234 173703 DEBUG oslo_service.service [req-ecf9b742-ecae-410c-add2-2a929db92c21 - - - - -] compute.cpu_shared_set = None log_opt_values /usr/lib/python3/dist-packages/oslo_config/cfg.py:2609
2026-04-30 00:45:03.234 173703 DEBUG oslo_service.service [req-ecf9b742-ecae-410c-add2-2a929db92c21 - - - - -] compute.image_type_exclude_list = [] log_opt_values /usr/lib/python3/dist-packages/oslo_config/cfg.py:2609
2026-04-30 00:45:03.234 173703 DEBUG oslo_service.service [req-ecf9b742-ecae-410c-add2-2a929db92c21 - - - - -] compute.live_migration_wait_for_vif_plug = True log_opt_values /usr/lib/python3/dist-packages/oslo_config/cfg.py:2609
2026-04-30 00:45:03.234 173703 DEBUG oslo_service.service [req-ecf9b742-ecae-410c-add2-2a929db92c21 - - - - -] compute.max_concurrent_disk_ops = 0 log_opt_values /usr/lib/python3/dist-packages/oslo_config/cfg.py:2609
2026-04-30 00:45:03.234 173703 DEBUG oslo_service.service [req-ecf9b742-ecae-410c-add2-2a929db92c21 - - - - -] compute.max_disk_devices_to_attach = -1 log_opt_values /usr/lib/python3/dist-packages/oslo_config/cfg.py:2609
2026-04-30 00:45:03.235 173703 DEBUG oslo_service.service [req-ecf9b742-ecae-410c-add2-2a929db92c21 - - - - -] compute.packing_host_numa_cells_allocation_strategy = True log_opt_values /usr/lib/python3/dist-packages/oslo_config/cfg.py:2609
2026-04-30 00:45:03.235 173703 DEBUG oslo_service.service [req-ecf9b742-ecae-410c-add2-2a929db92c21 - - - - -] compute.provider_config_location = /etc/nova/provider_config/ log_opt_values /usr/lib/python3/dist-packages/oslo_config/cfg.py:2609
2026-04-30 00:45:03.234 174089 DEBUG oslo_messaging._drivers.amqpdriver [-] AMQPListener connection timeout poll /usr/lib/python3/dist-packages/oslo_messaging/_drivers/amqpdriver.py:360
2026-04-30 00:45:03.235 173703 DEBUG oslo_service.service [req-ecf9b742-ecae-410c-add2-2a929db92c21 - - - - -] compute.resource_provider_association_refresh = 300 log_opt_values /usr/lib/python3/dist-packages/oslo_config/cfg.py:2609
2026-04-30 00:45:03.235 173703 DEBUG oslo_service.service [req-ecf9b742-ecae-410c-add2-2a929db92c21 - - - - -] compute.shutdown_retry_interval = 10 log_opt_values /usr/lib/python3/dist-packages/oslo_config/cfg.py:2609
2026-04-30 00:45:03.235 174089 DEBUG oslo_messaging._drivers.amqpdriver [-] Listener is running poll /usr/lib/python3/dist-packages/oslo_messaging/_drivers/amqpdriver.py:343
2026-04-30 00:45:03.235 173703 DEBUG oslo_service.service [req-ecf9b742-ecae-410c-add2-2a929db92c21 - - - - -] compute.vmdk_allowed_types = ['streamOptimized', 'monolithicSparse'] log_opt_values /usr/lib/python3/dist-packages/oslo_config/cfg.py:2609
2026-04-30 00:45:03.235 173703 DEBUG oslo_service.service [req-ecf9b742-ecae-410c-add2-2a929db92c21 - - - - -] conductor.workers = 4 log_opt_values /usr/lib/python3/dist-packages/oslo_config/cfg.py:2609
2026-04-30 00:45:03.236 173703 DEBUG oslo_service.service [req-ecf9b742-ecae-410c-add2-2a929db92c21 - - - - -] console.allowed_origins = [] log_opt_values /usr/lib/python3/dist-packages/oslo_config/cfg.py:2609
2026-04-30 00:45:03.236 173703 DEBUG oslo_service.service [req-ecf9b742-ecae-410c-add2-2a929db92c21 - - - - -] console.ssl_ciphers = None log_opt_values /usr/lib/python3/dist-packages/oslo_config/cfg.py:2609
2026-04-30 00:45:03.236 173703 DEBUG oslo_service.service [req-ecf9b742-ecae-410c-add2-2a929db92c21 - - - - -] console.ssl_minimum_version = default log_opt_values /usr/lib/python3/dist-packages/oslo_config/cfg.py:2609
2026-04-30 00:45:03.236 173703 DEBUG oslo_service.service [req-ecf9b742-ecae-410c-add2-2a929db92c21 - - - - -] consoleauth.token_ttl = 600 log_opt_values /usr/lib/python3/dist-packages/oslo_config/cfg.py:2609
2026-04-30 00:45:03.236 173703 DEBUG oslo_service.service [req-ecf9b742-ecae-410c-add2-2a929db92c21 - - - - -] cyborg.cafile = None log_opt_values /usr/lib/python3/dist-packages/oslo_config/cfg.py:2609
2026-04-30 00:45:03.237 173703 DEBUG oslo_service.service [req-ecf9b742-ecae-410c-add2-2a929db92c21 - - - - -] cyborg.certfile = None log_opt_values /usr/lib/python3/dist-packages/oslo_config/cfg.py:2609
2026-04-30 00:45:03.237 173703 DEBUG oslo_service.service [req-ecf9b742-ecae-410c-add2-2a929db92c21 - - - - -] cyborg.collect_timing = False log_opt_values /usr/lib/python3/dist-packages/oslo_config/cfg.py:2609
2026-04-30 00:45:03.237 173703 DEBUG oslo_service.service [req-ecf9b742-ecae-410c-add2-2a929db92c21 - - - - -] cyborg.connect_retries = None log_opt_values /usr/lib/python3/dist-packages/oslo_config/cfg.py:2609
2026-04-30 00:45:03.237 173703 DEBUG oslo_service.service [req-ecf9b742-ecae-410c-add2-2a929db92c21 - - - - -] cyborg.connect_retry_delay = None log_opt_values /usr/lib/python3/dist-packages/oslo_config/cfg.py:2609
2026-04-30 00:45:03.237 173703 DEBUG oslo_service.service [req-ecf9b742-ecae-410c-add2-2a929db92c21 - - - - -] cyborg.endpoint_override = None log_opt_values /usr/lib/python3/dist-packages/oslo_config/cfg.py:2609
2026-04-30 00:45:03.237 173703 DEBUG oslo_service.service [req-ecf9b742-ecae-410c-add2-2a929db92c21 - - - - -] cyborg.insecure = False log_opt_values /usr/lib/python3/dist-packages/oslo_config/cfg.py:2609
2026-04-30 00:45:03.237 174089 DEBUG oslo_messaging._drivers.amqpdriver [-] AMQPListener connection consume poll /usr/lib/python3/dist-packages/oslo_messaging/_drivers/amqpdriver.py:357
2026-04-30 00:45:03.238 173703 DEBUG oslo_service.service [req-ecf9b742-ecae-410c-add2-2a929db92c21 - - - - -] cyborg.keyfile = None log_opt_values /usr/lib/python3/dist-packages/oslo_config/cfg.py:2609
2026-04-30 00:45:03.238 173703 DEBUG oslo_service.service [req-ecf9b742-ecae-410c-add2-2a929db92c21 - - - - -] cyborg.max_version = None log_opt_values /usr/lib/python3/dist-packages/oslo_config/cfg.py:2609
2026-04-30 00:45:03.238 173703 DEBUG oslo_service.service [req-ecf9b742-ecae-410c-add2-2a929db92c21 - - - - -] cyborg.min_version = None log_opt_values /usr/lib/python3/dist-packages/oslo_config/cfg.py:2609
2026-04-30 00:45:03.238 173703 DEBUG oslo_service.service [req-ecf9b742-ecae-410c-add2-2a929db92c21 - - - - -] cyborg.region_name = None log_opt_values /usr/lib/python3/dist-packages/oslo_config/cfg.py:2609
2026-04-30 00:45:03.238 173703 DEBUG oslo_service.service [req-ecf9b742-ecae-410c-add2-2a929db92c21 - - - - -] cyborg.service_name = None log_opt_values /usr/lib/python3/dist-packages/oslo_config/cfg.py:2609
2026-04-30 00:45:03.238 173703 DEBUG oslo_service.service [req-ecf9b742-ecae-410c-add2-2a929db92c21 - - - - -] cyborg.service_type = accelerator log_opt_values /usr/lib/python3/dist-packages/oslo_config/cfg.py:2609
2026-04-30 00:45:03.239 173703 DEBUG oslo_service.service [req-ecf9b742-ecae-410c-add2-2a929db92c21 - - - - -] cyborg.split_loggers = False log_opt_values /usr/lib/python3/dist-packages/oslo_config/cfg.py:2609
2026-04-30 00:45:03.239 173703 DEBUG oslo_service.service [req-ecf9b742-ecae-410c-add2-2a929db92c21 - - - - -] cyborg.status_code_retries = None log_opt_values /usr/lib/python3/dist-packages/oslo_config/cfg.py:2609
2026-04-30 00:45:03.239 173703 DEBUG oslo_service.service [req-ecf9b742-ecae-410c-add2-2a929db92c21 - - - - -] cyborg.status_code_retry_delay = None log_opt_values /usr/lib/python3/dist-packages/oslo_config/cfg.py:2609
2026-04-30 00:45:03.239 173703 DEBUG oslo_service.service [req-ecf9b742-ecae-410c-add2-2a929db92c21 - - - - -] cyborg.timeout = None log_opt_values /usr/lib/python3/dist-packages/oslo_config/cfg.py:2609
2026-04-30 00:45:03.239 173703 DEBUG oslo_service.service [req-ecf9b742-ecae-410c-add2-2a929db92c21 - - - - -] cyborg.valid_interfaces = ['internal', 'public'] log_opt_values /usr/lib/python3/dist-packages/oslo_config/cfg.py:2609
2026-04-30 00:45:03.240 173703 DEBUG oslo_service.service [req-ecf9b742-ecae-410c-add2-2a929db92c21 - - - - -] cyborg.version = None log_opt_values /usr/lib/python3/dist-packages/oslo_config/cfg.py:2609
2026-04-30 00:45:03.240 173703 DEBUG oslo_service.service [req-ecf9b742-ecae-410c-add2-2a929db92c21 - - - - -] database.backend = sqlalchemy log_opt_values /usr/lib/python3/dist-packages/oslo_config/cfg.py:2609
2026-04-30 00:45:03.240 173703 DEBUG oslo_service.service [req-ecf9b742-ecae-410c-add2-2a929db92c21 - - - - -] database.connection = **** log_opt_values /usr/lib/python3/dist-packages/oslo_config/cfg.py:2609
2026-04-30 00:45:03.240 173703 DEBUG oslo_service.service [req-ecf9b742-ecae-410c-add2-2a929db92c21 - - - - -] database.connection_debug = 0 log_opt_values /usr/lib/python3/dist-packages/oslo_config/cfg.py:2609
2026-04-30 00:45:03.240 173703 DEBUG oslo_service.service [req-ecf9b742-ecae-410c-add2-2a929db92c21 - - - - -] database.connection_parameters = log_opt_values /usr/lib/python3/dist-packages/oslo_config/cfg.py:2609
2026-04-30 00:45:03.241 173703 DEBUG oslo_service.service [req-ecf9b742-ecae-410c-add2-2a929db92c21 - - - - -] database.connection_recycle_time = 3600 log_opt_values /usr/lib/python3/dist-packages/oslo_config/cfg.py:2609
2026-04-30 00:45:03.241 173703 DEBUG oslo_service.service [req-ecf9b742-ecae-410c-add2-2a929db92c21 - - - - -] database.connection_trace = False log_opt_values /usr/lib/python3/dist-packages/oslo_config/cfg.py:2609
2026-04-30 00:45:03.241 173703 DEBUG oslo_service.service [req-ecf9b742-ecae-410c-add2-2a929db92c21 - - - - -] database.db_inc_retry_interval = True log_opt_values /usr/lib/python3/dist-packages/oslo_config/cfg.py:2609
2026-04-30 00:45:03.241 173703 DEBUG oslo_service.service [req-ecf9b742-ecae-410c-add2-2a929db92c21 - - - - -] database.db_max_retries = 20 log_opt_values /usr/lib/python3/dist-packages/oslo_config/cfg.py:2609
2026-04-30 00:45:03.241 173703 DEBUG oslo_service.service [req-ecf9b742-ecae-410c-add2-2a929db92c21 - - - - -] database.db_max_retry_interval = 10 log_opt_values /usr/lib/python3/dist-packages/oslo_config/cfg.py:2609
2026-04-30 00:45:03.241 173703 DEBUG oslo_service.service [req-ecf9b742-ecae-410c-add2-2a929db92c21 - - - - -] database.db_retry_interval = 1 log_opt_values /usr/lib/python3/dist-packages/oslo_config/cfg.py:2609
2026-04-30 00:45:03.242 173703 DEBUG oslo_service.service [req-ecf9b742-ecae-410c-add2-2a929db92c21 - - - - -] database.max_overflow = 50 log_opt_values /usr/lib/python3/dist-packages/oslo_config/cfg.py:2609
2026-04-30 00:45:03.241 174090 DEBUG oslo_messaging._drivers.amqpdriver [-] Listener is running poll /usr/lib/python3/dist-packages/oslo_messaging/_drivers/amqpdriver.py:343
2026-04-30 00:45:03.242 173703 DEBUG oslo_service.service [req-ecf9b742-ecae-410c-add2-2a929db92c21 - - - - -] database.max_pool_size = 4 log_opt_values /usr/lib/python3/dist-packages/oslo_config/cfg.py:2609
2026-04-30 00:45:03.242 174090 DEBUG oslo_messaging._drivers.amqpdriver [-] AMQPListener connection consume poll /usr/lib/python3/dist-packages/oslo_messaging/_drivers/amqpdriver.py:357
2026-04-30 00:45:03.242 173703 DEBUG oslo_service.service [req-ecf9b742-ecae-410c-add2-2a929db92c21 - - - - -] database.max_retries = 10 log_opt_values /usr/lib/python3/dist-packages/oslo_config/cfg.py:2609
2026-04-30 00:45:03.242 173703 DEBUG oslo_service.service [req-ecf9b742-ecae-410c-add2-2a929db92c21 - - - - -] database.mysql_enable_ndb = False log_opt_values /usr/lib/python3/dist-packages/oslo_config/cfg.py:2609
2026-04-30 00:45:03.242 173703 DEBUG oslo_service.service [req-ecf9b742-ecae-410c-add2-2a929db92c21 - - - - -] database.mysql_sql_mode = TRADITIONAL log_opt_values /usr/lib/python3/dist-packages/oslo_config/cfg.py:2609
2026-04-30 00:45:03.243 173703 DEBUG oslo_service.service [req-ecf9b742-ecae-410c-add2-2a929db92c21 - - - - -] database.pool_timeout = None log_opt_values /usr/lib/python3/dist-packages/oslo_config/cfg.py:2609
2026-04-30 00:45:03.243 173703 DEBUG oslo_service.service [req-ecf9b742-ecae-410c-add2-2a929db92c21 - - - - -] database.retry_interval = 10 log_opt_values /usr/lib/python3/dist-packages/oslo_config/cfg.py:2609
2026-04-30 00:45:03.243 173703 DEBUG oslo_service.service [req-ecf9b742-ecae-410c-add2-2a929db92c21 - - - - -] database.slave_connection = **** log_opt_values /usr/lib/python3/dist-packages/oslo_config/cfg.py:2609
2026-04-30 00:45:03.243 174090 DEBUG nova.service [req-e904f884-c8e4-4fff-9f49-752ed4e9cb04 - - - - -] Join ServiceGroup membership for this service scheduler start /usr/lib/python3/dist-packages/nova/service.py:199
2026-04-30 00:45:03.243 173703 DEBUG oslo_service.service [req-ecf9b742-ecae-410c-add2-2a929db92c21 - - - - -] database.sqlite_synchronous = True log_opt_values /usr/lib/python3/dist-packages/oslo_config/cfg.py:2609
2026-04-30 00:45:03.244 173703 DEBUG oslo_service.service [req-ecf9b742-ecae-410c-add2-2a929db92c21 - - - - -] database.use_db_reconnect = False log_opt_values /usr/lib/python3/dist-packages/oslo_config/cfg.py:2609
2026-04-30 00:45:03.243 174090 DEBUG nova.servicegroup.drivers.db [req-e904f884-c8e4-4fff-9f49-752ed4e9cb04 - - - - -] DB_Driver: join new ServiceGroup member juju-b0b610-0-lxd-7 to the scheduler group, service = join /usr/lib/python3/dist-packages/nova/servicegroup/drivers/db.py:44
2026-04-30 00:45:03.244 173703 DEBUG oslo_service.service [req-ecf9b742-ecae-410c-add2-2a929db92c21 - - - - -] api_database.backend = sqlalchemy log_opt_values /usr/lib/python3/dist-packages/oslo_config/cfg.py:2609
2026-04-30 00:45:03.244 173703 DEBUG oslo_service.service [req-ecf9b742-ecae-410c-add2-2a929db92c21 - - - - -] api_database.connection = **** log_opt_values /usr/lib/python3/dist-packages/oslo_config/cfg.py:2609
2026-04-30 00:45:03.244 173703 DEBUG oslo_service.service [req-ecf9b742-ecae-410c-add2-2a929db92c21 - - - - -] api_database.connection_debug = 0 log_opt_values /usr/lib/python3/dist-packages/oslo_config/cfg.py:2609
2026-04-30 00:45:03.244 173703 DEBUG oslo_service.service [req-ecf9b742-ecae-410c-add2-2a929db92c21 - - - - -] api_database.connection_parameters = log_opt_values /usr/lib/python3/dist-packages/oslo_config/cfg.py:2609
2026-04-30 00:45:03.244 173703 DEBUG oslo_service.service [req-ecf9b742-ecae-410c-add2-2a929db92c21 - - - - -] api_database.connection_recycle_time = 3600 log_opt_values /usr/lib/python3/dist-packages/oslo_config/cfg.py:2609
2026-04-30 00:45:03.245 173703 DEBUG oslo_service.service [req-ecf9b742-ecae-410c-add2-2a929db92c21 - - - - -] api_database.connection_trace = False log_opt_values /usr/lib/python3/dist-packages/oslo_config/cfg.py:2609
2026-04-30 00:45:03.245 173703 DEBUG oslo_service.service [req-ecf9b742-ecae-410c-add2-2a929db92c21 - - - - -] api_database.db_inc_retry_interval = True log_opt_values /usr/lib/python3/dist-packages/oslo_config/cfg.py:2609
2026-04-30 00:45:03.245 173703 DEBUG oslo_service.service [req-ecf9b742-ecae-410c-add2-2a929db92c21 - - - - -] api_database.db_max_retries = 20 log_opt_values /usr/lib/python3/dist-packages/oslo_config/cfg.py:2609
2026-04-30 00:45:03.245 173703 DEBUG oslo_service.service [req-ecf9b742-ecae-410c-add2-2a929db92c21 - - - - -] api_database.db_max_retry_interval = 10 log_opt_values /usr/lib/python3/dist-packages/oslo_config/cfg.py:2609
2026-04-30 00:45:03.245 173703 DEBUG oslo_service.service [req-ecf9b742-ecae-410c-add2-2a929db92c21 - - - - -] api_database.db_retry_interval = 1 log_opt_values /usr/lib/python3/dist-packages/oslo_config/cfg.py:2609
2026-04-30 00:45:03.246 173703 DEBUG oslo_service.service [req-ecf9b742-ecae-410c-add2-2a929db92c21 - - - - -] api_database.max_overflow = 50 log_opt_values /usr/lib/python3/dist-packages/oslo_config/cfg.py:2609
2026-04-30 00:45:03.246 173703 DEBUG oslo_service.service [req-ecf9b742-ecae-410c-add2-2a929db92c21 - - - - -] api_database.max_pool_size = 4 log_opt_values /usr/lib/python3/dist-packages/oslo_config/cfg.py:2609
2026-04-30 00:45:03.246 173703 DEBUG oslo_service.service [req-ecf9b742-ecae-410c-add2-2a929db92c21 - - - - -] api_database.max_retries = 10 log_opt_values /usr/lib/python3/dist-packages/oslo_config/cfg.py:2609
2026-04-30 00:45:03.246 173703 DEBUG oslo_service.service [req-ecf9b742-ecae-410c-add2-2a929db92c21 - - - - -] api_database.mysql_enable_ndb = False log_opt_values /usr/lib/python3/dist-packages/oslo_config/cfg.py:2609
2026-04-30 00:45:03.246 173703 DEBUG oslo_service.service [req-ecf9b742-ecae-410c-add2-2a929db92c21 - - - - -] api_database.mysql_sql_mode = TRADITIONAL log_opt_values /usr/lib/python3/dist-packages/oslo_config/cfg.py:2609
2026-04-30 00:45:03.246 173703 DEBUG oslo_service.service [req-ecf9b742-ecae-410c-add2-2a929db92c21 - - - - -] api_database.pool_timeout = None log_opt_values /usr/lib/python3/dist-packages/oslo_config/cfg.py:2609
2026-04-30 00:45:03.247 173703 DEBUG oslo_service.service [req-ecf9b742-ecae-410c-add2-2a929db92c21 - - - - -] api_database.retry_interval = 10 log_opt_values /usr/lib/python3/dist-packages/oslo_config/cfg.py:2609
2026-04-30 00:45:03.247 173703 DEBUG oslo_service.service [req-ecf9b742-ecae-410c-add2-2a929db92c21 - - - - -] api_database.slave_connection = **** log_opt_values /usr/lib/python3/dist-packages/oslo_config/cfg.py:2609
2026-04-30 00:45:03.247 174090 DEBUG oslo_messaging._drivers.amqpdriver [-] AMQPListener connection timeout poll /usr/lib/python3/dist-packages/oslo_messaging/_drivers/amqpdriver.py:360
2026-04-30 00:45:03.247 173703 DEBUG oslo_service.service [req-ecf9b742-ecae-410c-add2-2a929db92c21 - - - - -] api_database.sqlite_synchronous = True log_opt_values /usr/lib/python3/dist-packages/oslo_config/cfg.py:2609
2026-04-30 00:45:03.247 173703 DEBUG oslo_service.service [req-ecf9b742-ecae-410c-add2-2a929db92c21 - - - - -] devices.enabled_mdev_types = [] log_opt_values /usr/lib/python3/dist-packages/oslo_config/cfg.py:2609
2026-04-30 00:45:03.247 174090 DEBUG oslo_messaging._drivers.amqpdriver [-] Listener is running poll /usr/lib/python3/dist-packages/oslo_messaging/_drivers/amqpdriver.py:343
2026-04-30 00:45:03.247 173703 DEBUG oslo_service.service [req-ecf9b742-ecae-410c-add2-2a929db92c21 - - - - -] ephemeral_storage_encryption.cipher = aes-xts-plain64 log_opt_values /usr/lib/python3/dist-packages/oslo_config/cfg.py:2609
2026-04-30 00:45:03.247 174090 DEBUG oslo_messaging._drivers.amqpdriver [-] AMQPListener connection consume poll /usr/lib/python3/dist-packages/oslo_messaging/_drivers/amqpdriver.py:357
2026-04-30 00:45:03.247 173703 DEBUG oslo_service.service [req-ecf9b742-ecae-410c-add2-2a929db92c21 - - - - -] ephemeral_storage_encryption.enabled = False log_opt_values /usr/lib/python3/dist-packages/oslo_config/cfg.py:2609
2026-04-30 00:45:03.248 173703 DEBUG oslo_service.service [req-ecf9b742-ecae-410c-add2-2a929db92c21 - - - - -] ephemeral_storage_encryption.key_size = 512 log_opt_values /usr/lib/python3/dist-packages/oslo_config/cfg.py:2609
2026-04-30 00:45:03.248 173703 WARNING oslo_config.cfg [req-ecf9b742-ecae-410c-add2-2a929db92c21 - - - - -] Deprecated: Option "api_servers" from group "glance" is deprecated for removal ( Support for image service configuration via standard keystoneauth1 Adapter options was added in the 17.0.0 Queens release. The api_servers option was retained temporarily to allow consumers time to cut over to a real load balancing solution. ). Its value may be silently ignored in the future.
2026-04-30 00:45:03.248 173703 DEBUG oslo_service.service [req-ecf9b742-ecae-410c-add2-2a929db92c21 - - - - -] glance.api_servers = ['http://252.27.56.176:9292'] log_opt_values /usr/lib/python3/dist-packages/oslo_config/cfg.py:2609
2026-04-30 00:45:03.248 173703 DEBUG oslo_service.service [req-ecf9b742-ecae-410c-add2-2a929db92c21 - - - - -] glance.cafile = None log_opt_values /usr/lib/python3/dist-packages/oslo_config/cfg.py:2609
2026-04-30 00:45:03.249 173703 DEBUG oslo_service.service [req-ecf9b742-ecae-410c-add2-2a929db92c21 - - - - -] glance.certfile = None log_opt_values /usr/lib/python3/dist-packages/oslo_config/cfg.py:2609
2026-04-30 00:45:03.249 173703 DEBUG oslo_service.service [req-ecf9b742-ecae-410c-add2-2a929db92c21 - - - - -] glance.collect_timing = False log_opt_values /usr/lib/python3/dist-packages/oslo_config/cfg.py:2609
2026-04-30 00:45:03.249 173703 DEBUG oslo_service.service [req-ecf9b742-ecae-410c-add2-2a929db92c21 - - - - -] glance.connect_retries = None log_opt_values /usr/lib/python3/dist-packages/oslo_config/cfg.py:2609
2026-04-30 00:45:03.249 173703 DEBUG oslo_service.service [req-ecf9b742-ecae-410c-add2-2a929db92c21 - - - - -] glance.connect_retry_delay = None log_opt_values /usr/lib/python3/dist-packages/oslo_config/cfg.py:2609
2026-04-30 00:45:03.249 173703 DEBUG oslo_service.service [req-ecf9b742-ecae-410c-add2-2a929db92c21 - - - - -] glance.debug = False log_opt_values /usr/lib/python3/dist-packages/oslo_config/cfg.py:2609
2026-04-30 00:45:03.249 173703 DEBUG oslo_service.service [req-ecf9b742-ecae-410c-add2-2a929db92c21 - - - - -] glance.default_trusted_certificate_ids = [] log_opt_values /usr/lib/python3/dist-packages/oslo_config/cfg.py:2609
2026-04-30 00:45:03.250 173703 DEBUG oslo_service.service [req-ecf9b742-ecae-410c-add2-2a929db92c21 - - - - -] glance.enable_certificate_validation = False log_opt_values /usr/lib/python3/dist-packages/oslo_config/cfg.py:2609
2026-04-30 00:45:03.250 173703 DEBUG oslo_service.service [req-ecf9b742-ecae-410c-add2-2a929db92c21 - - - - -] glance.enable_rbd_download = False log_opt_values /usr/lib/python3/dist-packages/oslo_config/cfg.py:2609
2026-04-30 00:45:03.250 173703 DEBUG oslo_service.service [req-ecf9b742-ecae-410c-add2-2a929db92c21 - - - - -] glance.endpoint_override = None log_opt_values /usr/lib/python3/dist-packages/oslo_config/cfg.py:2609
2026-04-30 00:45:03.250 173703 DEBUG oslo_service.service [req-ecf9b742-ecae-410c-add2-2a929db92c21 - - - - -] glance.insecure = False log_opt_values /usr/lib/python3/dist-packages/oslo_config/cfg.py:2609
2026-04-30 00:45:03.250 173703 DEBUG oslo_service.service [req-ecf9b742-ecae-410c-add2-2a929db92c21 - - - - -] glance.keyfile = None log_opt_values /usr/lib/python3/dist-packages/oslo_config/cfg.py:2609
2026-04-30 00:45:03.250 173703 DEBUG oslo_service.service [req-ecf9b742-ecae-410c-add2-2a929db92c21 - - - - -] glance.max_version = None log_opt_values /usr/lib/python3/dist-packages/oslo_config/cfg.py:2609
2026-04-30 00:45:03.251 173703 DEBUG oslo_service.service [req-ecf9b742-ecae-410c-add2-2a929db92c21 - - - - -] glance.min_version = None log_opt_values /usr/lib/python3/dist-packages/oslo_config/cfg.py:2609
2026-04-30 00:45:03.251 173703 DEBUG oslo_service.service [req-ecf9b742-ecae-410c-add2-2a929db92c21 - - - - -] glance.num_retries = 3 log_opt_values /usr/lib/python3/dist-packages/oslo_config/cfg.py:2609
2026-04-30 00:45:03.251 173703 DEBUG oslo_service.service [req-ecf9b742-ecae-410c-add2-2a929db92c21 - - - - -] glance.rbd_ceph_conf = log_opt_values /usr/lib/python3/dist-packages/oslo_config/cfg.py:2609
2026-04-30 00:45:03.251 173703 DEBUG oslo_service.service [req-ecf9b742-ecae-410c-add2-2a929db92c21 - - - - -] glance.rbd_connect_timeout = 5 log_opt_values /usr/lib/python3/dist-packages/oslo_config/cfg.py:2609
2026-04-30 00:45:03.251 173703 DEBUG oslo_service.service [req-ecf9b742-ecae-410c-add2-2a929db92c21 - - - - -] glance.rbd_pool = log_opt_values /usr/lib/python3/dist-packages/oslo_config/cfg.py:2609
2026-04-30 00:45:03.252 173703 DEBUG oslo_service.service [req-ecf9b742-ecae-410c-add2-2a929db92c21 - - - - -] glance.rbd_user = log_opt_values /usr/lib/python3/dist-packages/oslo_config/cfg.py:2609
2026-04-30 00:45:03.252 173703 DEBUG oslo_service.service [req-ecf9b742-ecae-410c-add2-2a929db92c21 - - - - -] glance.region_name = None log_opt_values /usr/lib/python3/dist-packages/oslo_config/cfg.py:2609
2026-04-30 00:45:03.252 173703 DEBUG oslo_service.service [req-ecf9b742-ecae-410c-add2-2a929db92c21 - - - - -] glance.service_name = None log_opt_values /usr/lib/python3/dist-packages/oslo_config/cfg.py:2609
2026-04-30 00:45:03.252 173703 DEBUG oslo_service.service [req-ecf9b742-ecae-410c-add2-2a929db92c21 - - - - -] glance.service_type = image log_opt_values /usr/lib/python3/dist-packages/oslo_config/cfg.py:2609
2026-04-30 00:45:03.252 173703 DEBUG oslo_service.service [req-ecf9b742-ecae-410c-add2-2a929db92c21 - - - - -] glance.split_loggers = False log_opt_values /usr/lib/python3/dist-packages/oslo_config/cfg.py:2609
2026-04-30 00:45:03.252 173703 DEBUG oslo_service.service [req-ecf9b742-ecae-410c-add2-2a929db92c21 - - - - -] glance.status_code_retries = None log_opt_values /usr/lib/python3/dist-packages/oslo_config/cfg.py:2609
2026-04-30 00:45:03.253 173703 DEBUG oslo_service.service [req-ecf9b742-ecae-410c-add2-2a929db92c21 - - - - -] glance.status_code_retry_delay = None log_opt_values /usr/lib/python3/dist-packages/oslo_config/cfg.py:2609
2026-04-30 00:45:03.253 173703 DEBUG oslo_service.service [req-ecf9b742-ecae-410c-add2-2a929db92c21 - - - - -] glance.timeout = None log_opt_values /usr/lib/python3/dist-packages/oslo_config/cfg.py:2609
2026-04-30 00:45:03.253 173703 DEBUG oslo_service.service [req-ecf9b742-ecae-410c-add2-2a929db92c21 - - - - -] glance.valid_interfaces = ['internal', 'public'] log_opt_values /usr/lib/python3/dist-packages/oslo_config/cfg.py:2609
2026-04-30 00:45:03.253 173703 DEBUG oslo_service.service [req-ecf9b742-ecae-410c-add2-2a929db92c21 - - - - -] glance.verify_glance_signatures = False log_opt_values /usr/lib/python3/dist-packages/oslo_config/cfg.py:2609
2026-04-30 00:45:03.253 173703 DEBUG oslo_service.service [req-ecf9b742-ecae-410c-add2-2a929db92c21 - - - - -] glance.version = None log_opt_values /usr/lib/python3/dist-packages/oslo_config/cfg.py:2609
2026-04-30 00:45:03.254 173703 DEBUG oslo_service.service [req-ecf9b742-ecae-410c-add2-2a929db92c21 - - - - -] guestfs.debug = False log_opt_values /usr/lib/python3/dist-packages/oslo_config/cfg.py:2609
2026-04-30 00:45:03.254 173703 DEBUG oslo_service.service [req-ecf9b742-ecae-410c-add2-2a929db92c21 - - - - -] hyperv.config_drive_cdrom = False log_opt_values /usr/lib/python3/dist-packages/oslo_config/cfg.py:2609
2026-04-30 00:45:03.254 173703 DEBUG oslo_service.service [req-ecf9b742-ecae-410c-add2-2a929db92c21 - - - - -] hyperv.config_drive_inject_password = False log_opt_values /usr/lib/python3/dist-packages/oslo_config/cfg.py:2609
2026-04-30 00:45:03.254 173703 DEBUG oslo_service.service [req-ecf9b742-ecae-410c-add2-2a929db92c21 - - - - -] hyperv.dynamic_memory_ratio = 1.0 log_opt_values /usr/lib/python3/dist-packages/oslo_config/cfg.py:2609
2026-04-30 00:45:03.254 173703 DEBUG oslo_service.service [req-ecf9b742-ecae-410c-add2-2a929db92c21 - - - - -] hyperv.enable_instance_metrics_collection = False log_opt_values /usr/lib/python3/dist-packages/oslo_config/cfg.py:2609
2026-04-30 00:45:03.254 173703 DEBUG oslo_service.service [req-ecf9b742-ecae-410c-add2-2a929db92c21 - - - - -] hyperv.enable_remotefx = False log_opt_values /usr/lib/python3/dist-packages/oslo_config/cfg.py:2609
2026-04-30 00:45:03.255 173703 DEBUG oslo_service.service [req-ecf9b742-ecae-410c-add2-2a929db92c21 - - - - -] hyperv.instances_path_share = log_opt_values /usr/lib/python3/dist-packages/oslo_config/cfg.py:2609
2026-04-30 00:45:03.255 173703 DEBUG oslo_service.service [req-ecf9b742-ecae-410c-add2-2a929db92c21 - - - - -] hyperv.iscsi_initiator_list = [] log_opt_values /usr/lib/python3/dist-packages/oslo_config/cfg.py:2609
2026-04-30 00:45:03.255 173703 DEBUG oslo_service.service [req-ecf9b742-ecae-410c-add2-2a929db92c21 - - - - -] hyperv.limit_cpu_features = False log_opt_values /usr/lib/python3/dist-packages/oslo_config/cfg.py:2609
2026-04-30 00:45:03.255 173703 DEBUG oslo_service.service [req-ecf9b742-ecae-410c-add2-2a929db92c21 - - - - -] hyperv.mounted_disk_query_retry_count = 10 log_opt_values /usr/lib/python3/dist-packages/oslo_config/cfg.py:2609
2026-04-30 00:45:03.256 173703 DEBUG oslo_service.service [req-ecf9b742-ecae-410c-add2-2a929db92c21 - - - - -] hyperv.mounted_disk_query_retry_interval = 5 log_opt_values /usr/lib/python3/dist-packages/oslo_config/cfg.py:2609
2026-04-30 00:45:03.256 173703 DEBUG oslo_service.service [req-ecf9b742-ecae-410c-add2-2a929db92c21 - - - - -] hyperv.power_state_check_timeframe = 60 log_opt_values /usr/lib/python3/dist-packages/oslo_config/cfg.py:2609
2026-04-30 00:45:03.256 173703 DEBUG oslo_service.service [req-ecf9b742-ecae-410c-add2-2a929db92c21 - - - - -] hyperv.power_state_event_polling_interval = 2 log_opt_values /usr/lib/python3/dist-packages/oslo_config/cfg.py:2609
2026-04-30 00:45:03.256 173703 DEBUG oslo_service.service [req-ecf9b742-ecae-410c-add2-2a929db92c21 - - - - -] hyperv.qemu_img_cmd = qemu-img.exe log_opt_values /usr/lib/python3/dist-packages/oslo_config/cfg.py:2609
2026-04-30 00:45:03.256 173703 DEBUG oslo_service.service [req-ecf9b742-ecae-410c-add2-2a929db92c21 - - - - -] hyperv.use_multipath_io = False log_opt_values /usr/lib/python3/dist-packages/oslo_config/cfg.py:2609
2026-04-30 00:45:03.257 173703 DEBUG oslo_service.service [req-ecf9b742-ecae-410c-add2-2a929db92c21 - - - - -] hyperv.volume_attach_retry_count = 10 log_opt_values /usr/lib/python3/dist-packages/oslo_config/cfg.py:2609
2026-04-30 00:45:03.257 173703 DEBUG oslo_service.service [req-ecf9b742-ecae-410c-add2-2a929db92c21 - - - - -] hyperv.volume_attach_retry_interval = 5 log_opt_values /usr/lib/python3/dist-packages/oslo_config/cfg.py:2609
2026-04-30 00:45:03.257 173703 DEBUG oslo_service.service [req-ecf9b742-ecae-410c-add2-2a929db92c21 - - - - -] hyperv.vswitch_name = None log_opt_values /usr/lib/python3/dist-packages/oslo_config/cfg.py:2609
2026-04-30 00:45:03.257 173703 DEBUG oslo_service.service [req-ecf9b742-ecae-410c-add2-2a929db92c21 - - - - -] hyperv.wait_soft_reboot_seconds = 60 log_opt_values /usr/lib/python3/dist-packages/oslo_config/cfg.py:2609
2026-04-30 00:45:03.257 173703 DEBUG oslo_service.service [req-ecf9b742-ecae-410c-add2-2a929db92c21 - - - - -] mks.enabled = False log_opt_values /usr/lib/python3/dist-packages/oslo_config/cfg.py:2609
2026-04-30 00:45:03.258 173703 DEBUG oslo_service.service [req-ecf9b742-ecae-410c-add2-2a929db92c21 - - - - -] mks.mksproxy_base_url = http://127.0.0.1:6090/ log_opt_values /usr/lib/python3/dist-packages/oslo_config/cfg.py:2609
2026-04-30 00:45:03.258 173703 DEBUG oslo_service.service [req-ecf9b742-ecae-410c-add2-2a929db92c21 - - - - -] image_cache.manager_interval = 2400 log_opt_values /usr/lib/python3/dist-packages/oslo_config/cfg.py:2609
2026-04-30 00:45:03.259 173703 DEBUG oslo_service.service [req-ecf9b742-ecae-410c-add2-2a929db92c21 - - - - -] image_cache.precache_concurrency = 1 log_opt_values /usr/lib/python3/dist-packages/oslo_config/cfg.py:2609
2026-04-30 00:45:03.259 173703 DEBUG oslo_service.service [req-ecf9b742-ecae-410c-add2-2a929db92c21 - - - - -] image_cache.remove_unused_base_images = True log_opt_values /usr/lib/python3/dist-packages/oslo_config/cfg.py:2609
2026-04-30 00:45:03.259 173703 DEBUG oslo_service.service [req-ecf9b742-ecae-410c-add2-2a929db92c21 - - - - -] image_cache.remove_unused_original_minimum_age_seconds = 86400 log_opt_values /usr/lib/python3/dist-packages/oslo_config/cfg.py:2609
2026-04-30 00:45:03.259 173703 DEBUG oslo_service.service [req-ecf9b742-ecae-410c-add2-2a929db92c21 - - - - -] image_cache.remove_unused_resized_minimum_age_seconds = 3600 log_opt_values /usr/lib/python3/dist-packages/oslo_config/cfg.py:2609
2026-04-30 00:45:03.259 173703 DEBUG oslo_service.service [req-ecf9b742-ecae-410c-add2-2a929db92c21 - - - - -] image_cache.subdirectory_name = _base log_opt_values /usr/lib/python3/dist-packages/oslo_config/cfg.py:2609
2026-04-30 00:45:03.260 173703 DEBUG oslo_service.service [req-ecf9b742-ecae-410c-add2-2a929db92c21 - - - - -] ironic.api_max_retries = 60 log_opt_values /usr/lib/python3/dist-packages/oslo_config/cfg.py:2609
2026-04-30 00:45:03.260 173703 DEBUG oslo_service.service [req-ecf9b742-ecae-410c-add2-2a929db92c21 - - - - -] ironic.api_retry_interval = 2 log_opt_values /usr/lib/python3/dist-packages/oslo_config/cfg.py:2609
2026-04-30 00:45:03.260 173703 DEBUG oslo_service.service [req-ecf9b742-ecae-410c-add2-2a929db92c21 - - - - -] ironic.auth_section = None log_opt_values /usr/lib/python3/dist-packages/oslo_config/cfg.py:2609
2026-04-30 00:45:03.260 173703 DEBUG oslo_service.service [req-ecf9b742-ecae-410c-add2-2a929db92c21 - - - - -] ironic.auth_type = None log_opt_values /usr/lib/python3/dist-packages/oslo_config/cfg.py:2609
2026-04-30 00:45:03.260 173703 DEBUG oslo_service.service [req-ecf9b742-ecae-410c-add2-2a929db92c21 - - - - -] ironic.cafile = None log_opt_values /usr/lib/python3/dist-packages/oslo_config/cfg.py:2609
2026-04-30 00:45:03.261 173703 DEBUG oslo_service.service [req-ecf9b742-ecae-410c-add2-2a929db92c21 - - - - -] ironic.certfile = None log_opt_values /usr/lib/python3/dist-packages/oslo_config/cfg.py:2609
2026-04-30 00:45:03.261 173703 DEBUG oslo_service.service [req-ecf9b742-ecae-410c-add2-2a929db92c21 - - - - -] ironic.collect_timing = False log_opt_values /usr/lib/python3/dist-packages/oslo_config/cfg.py:2609
2026-04-30 00:45:03.261 173703 DEBUG oslo_service.service [req-ecf9b742-ecae-410c-add2-2a929db92c21 - - - - -] ironic.connect_retries = None log_opt_values /usr/lib/python3/dist-packages/oslo_config/cfg.py:2609
2026-04-30 00:45:03.261 173703 DEBUG oslo_service.service [req-ecf9b742-ecae-410c-add2-2a929db92c21 - - - - -] ironic.connect_retry_delay = None log_opt_values /usr/lib/python3/dist-packages/oslo_config/cfg.py:2609
2026-04-30 00:45:03.261 174091 DEBUG oslo_messaging._drivers.amqpdriver [-] Listener is running poll /usr/lib/python3/dist-packages/oslo_messaging/_drivers/amqpdriver.py:343
2026-04-30 00:45:03.261 173703 DEBUG oslo_service.service [req-ecf9b742-ecae-410c-add2-2a929db92c21 - - - - -] ironic.endpoint_override = None log_opt_values /usr/lib/python3/dist-packages/oslo_config/cfg.py:2609
2026-04-30 00:45:03.262 174091 DEBUG oslo_messaging._drivers.amqpdriver [-] AMQPListener connection consume poll /usr/lib/python3/dist-packages/oslo_messaging/_drivers/amqpdriver.py:357
2026-04-30 00:45:03.262 173703 DEBUG oslo_service.service [req-ecf9b742-ecae-410c-add2-2a929db92c21 - - - - -] ironic.insecure = False log_opt_values /usr/lib/python3/dist-packages/oslo_config/cfg.py:2609
2026-04-30 00:45:03.262 173703 DEBUG oslo_service.service [req-ecf9b742-ecae-410c-add2-2a929db92c21 - - - - -] ironic.keyfile = None log_opt_values /usr/lib/python3/dist-packages/oslo_config/cfg.py:2609
2026-04-30 00:45:03.262 173703 DEBUG oslo_service.service [req-ecf9b742-ecae-410c-add2-2a929db92c21 - - - - -] ironic.max_version = None log_opt_values /usr/lib/python3/dist-packages/oslo_config/cfg.py:2609
2026-04-30 00:45:03.262 173703 DEBUG oslo_service.service [req-ecf9b742-ecae-410c-add2-2a929db92c21 - - - - -] ironic.min_version = None log_opt_values /usr/lib/python3/dist-packages/oslo_config/cfg.py:2609
2026-04-30 00:45:03.262 173703 DEBUG oslo_service.service [req-ecf9b742-ecae-410c-add2-2a929db92c21 - - - - -] ironic.partition_key = None log_opt_values /usr/lib/python3/dist-packages/oslo_config/cfg.py:2609
2026-04-30 00:45:03.263 173703 DEBUG oslo_service.service [req-ecf9b742-ecae-410c-add2-2a929db92c21 - - - - -] ironic.peer_list = [] log_opt_values /usr/lib/python3/dist-packages/oslo_config/cfg.py:2609
2026-04-30 00:45:03.262 174091 DEBUG nova.service [req-5064ab02-258a-43b6-8478-8c5a1a2538b4 - - - - -] Join ServiceGroup membership for this service scheduler start /usr/lib/python3/dist-packages/nova/service.py:199
2026-04-30 00:45:03.263 173703 DEBUG oslo_service.service [req-ecf9b742-ecae-410c-add2-2a929db92c21 - - - - -] ironic.region_name = None log_opt_values /usr/lib/python3/dist-packages/oslo_config/cfg.py:2609
2026-04-30 00:45:03.263 173703 DEBUG oslo_service.service [req-ecf9b742-ecae-410c-add2-2a929db92c21 - - - - -] ironic.serial_console_state_timeout = 10 log_opt_values /usr/lib/python3/dist-packages/oslo_config/cfg.py:2609
2026-04-30 00:45:03.263 174091 DEBUG nova.servicegroup.drivers.db [req-5064ab02-258a-43b6-8478-8c5a1a2538b4 - - - - -] DB_Driver: join new ServiceGroup member juju-b0b610-0-lxd-7 to the scheduler group, service = join /usr/lib/python3/dist-packages/nova/servicegroup/drivers/db.py:44
2026-04-30 00:45:03.263 173703 DEBUG oslo_service.service [req-ecf9b742-ecae-410c-add2-2a929db92c21 - - - - -] ironic.service_name = None log_opt_values /usr/lib/python3/dist-packages/oslo_config/cfg.py:2609
2026-04-30 00:45:03.264 173703 DEBUG oslo_service.service [req-ecf9b742-ecae-410c-add2-2a929db92c21 - - - - -] ironic.service_type = baremetal log_opt_values /usr/lib/python3/dist-packages/oslo_config/cfg.py:2609
2026-04-30 00:45:03.264 173703 DEBUG oslo_service.service [req-ecf9b742-ecae-410c-add2-2a929db92c21 - - - - -] ironic.split_loggers = False log_opt_values /usr/lib/python3/dist-packages/oslo_config/cfg.py:2609
2026-04-30 00:45:03.264 173703 DEBUG oslo_service.service [req-ecf9b742-ecae-410c-add2-2a929db92c21 - - - - -] ironic.status_code_retries = None log_opt_values /usr/lib/python3/dist-packages/oslo_config/cfg.py:2609
2026-04-30 00:45:03.264 173703 DEBUG oslo_service.service [req-ecf9b742-ecae-410c-add2-2a929db92c21 - - - - -] ironic.status_code_retry_delay = None log_opt_values /usr/lib/python3/dist-packages/oslo_config/cfg.py:2609
2026-04-30 00:45:03.264 174092 DEBUG oslo_messaging._drivers.amqpdriver [-] Listener is running poll /usr/lib/python3/dist-packages/oslo_messaging/_drivers/amqpdriver.py:343
2026-04-30 00:45:03.264 173703 DEBUG oslo_service.service [req-ecf9b742-ecae-410c-add2-2a929db92c21 - - - - -] ironic.timeout = None log_opt_values /usr/lib/python3/dist-packages/oslo_config/cfg.py:2609
2026-04-30 00:45:03.264 174092 DEBUG oslo_messaging._drivers.amqpdriver [-] AMQPListener connection consume poll /usr/lib/python3/dist-packages/oslo_messaging/_drivers/amqpdriver.py:357
2026-04-30 00:45:03.264 173703 DEBUG oslo_service.service [req-ecf9b742-ecae-410c-add2-2a929db92c21 - - - - -] ironic.valid_interfaces = ['internal', 'public'] log_opt_values /usr/lib/python3/dist-packages/oslo_config/cfg.py:2609
2026-04-30 00:45:03.265 173703 DEBUG oslo_service.service [req-ecf9b742-ecae-410c-add2-2a929db92c21 - - - - -] ironic.version = None log_opt_values /usr/lib/python3/dist-packages/oslo_config/cfg.py:2609
2026-04-30 00:45:03.265 173703 DEBUG oslo_service.service [req-ecf9b742-ecae-410c-add2-2a929db92c21 - - - - -] key_manager.backend = barbican log_opt_values /usr/lib/python3/dist-packages/oslo_config/cfg.py:2609
2026-04-30 00:45:03.265 173703 DEBUG oslo_service.service [req-ecf9b742-ecae-410c-add2-2a929db92c21 - - - - -] key_manager.fixed_key = **** log_opt_values /usr/lib/python3/dist-packages/oslo_config/cfg.py:2609
2026-04-30 00:45:03.265 173703 DEBUG oslo_service.service [req-ecf9b742-ecae-410c-add2-2a929db92c21 - - - - -] barbican.auth_endpoint = http://localhost/identity/v3 log_opt_values /usr/lib/python3/dist-packages/oslo_config/cfg.py:2609
2026-04-30 00:45:03.265 174092 DEBUG nova.service [req-1946d878-a9ca-438d-b1ff-dd07e3b90ed6 - - - - -] Join ServiceGroup membership for this service scheduler start /usr/lib/python3/dist-packages/nova/service.py:199
2026-04-30 00:45:03.265 173703 DEBUG oslo_service.service [req-ecf9b742-ecae-410c-add2-2a929db92c21 - - - - -] barbican.barbican_api_version = None log_opt_values /usr/lib/python3/dist-packages/oslo_config/cfg.py:2609
2026-04-30 00:45:03.266 174092 DEBUG nova.servicegroup.drivers.db [req-1946d878-a9ca-438d-b1ff-dd07e3b90ed6 - - - - -] DB_Driver: join new ServiceGroup member juju-b0b610-0-lxd-7 to the scheduler group, service = join /usr/lib/python3/dist-packages/nova/servicegroup/drivers/db.py:44
2026-04-30 00:45:03.266 173703 DEBUG oslo_service.service [req-ecf9b742-ecae-410c-add2-2a929db92c21 - - - - -] barbican.barbican_endpoint = None log_opt_values /usr/lib/python3/dist-packages/oslo_config/cfg.py:2609
2026-04-30 00:45:03.266 173703 DEBUG oslo_service.service [req-ecf9b742-ecae-410c-add2-2a929db92c21 - - - - -] barbican.barbican_endpoint_type = public log_opt_values /usr/lib/python3/dist-packages/oslo_config/cfg.py:2609
2026-04-30 00:45:03.266 174091 DEBUG oslo_messaging._drivers.amqpdriver [-] AMQPListener connection timeout poll /usr/lib/python3/dist-packages/oslo_messaging/_drivers/amqpdriver.py:360
2026-04-30 00:45:03.266 173703 DEBUG oslo_service.service [req-ecf9b742-ecae-410c-add2-2a929db92c21 - - - - -] barbican.barbican_region_name = None log_opt_values /usr/lib/python3/dist-packages/oslo_config/cfg.py:2609
2026-04-30 00:45:03.266 174091 DEBUG oslo_messaging._drivers.amqpdriver [-] Listener is running poll /usr/lib/python3/dist-packages/oslo_messaging/_drivers/amqpdriver.py:343
2026-04-30 00:45:03.266 173703 DEBUG oslo_service.service [req-ecf9b742-ecae-410c-add2-2a929db92c21 - - - - -] barbican.cafile = None log_opt_values /usr/lib/python3/dist-packages/oslo_config/cfg.py:2609
2026-04-30 00:45:03.266 174091 DEBUG oslo_messaging._drivers.amqpdriver [-] AMQPListener connection consume poll /usr/lib/python3/dist-packages/oslo_messaging/_drivers/amqpdriver.py:357
2026-04-30 00:45:03.266 173703 DEBUG oslo_service.service [req-ecf9b742-ecae-410c-add2-2a929db92c21 - - - - -] barbican.certfile = None log_opt_values /usr/lib/python3/dist-packages/oslo_config/cfg.py:2609
2026-04-30 00:45:03.267 173703 DEBUG oslo_service.service [req-ecf9b742-ecae-410c-add2-2a929db92c21 - - - - -] barbican.collect_timing = False log_opt_values /usr/lib/python3/dist-packages/oslo_config/cfg.py:2609
2026-04-30 00:45:03.267 173703 DEBUG oslo_service.service [req-ecf9b742-ecae-410c-add2-2a929db92c21 - - - - -] barbican.insecure = False log_opt_values /usr/lib/python3/dist-packages/oslo_config/cfg.py:2609
2026-04-30 00:45:03.267 173703 DEBUG oslo_service.service [req-ecf9b742-ecae-410c-add2-2a929db92c21 - - - - -] barbican.keyfile = None log_opt_values /usr/lib/python3/dist-packages/oslo_config/cfg.py:2609
2026-04-30 00:45:03.267 173703 DEBUG oslo_service.service [req-ecf9b742-ecae-410c-add2-2a929db92c21 - - - - -] barbican.number_of_retries = 60 log_opt_values /usr/lib/python3/dist-packages/oslo_config/cfg.py:2609
2026-04-30 00:45:03.267 173703 DEBUG oslo_service.service [req-ecf9b742-ecae-410c-add2-2a929db92c21 - - - - -] barbican.retry_delay = 1 log_opt_values /usr/lib/python3/dist-packages/oslo_config/cfg.py:2609
2026-04-30 00:45:03.268 173703 DEBUG oslo_service.service [req-ecf9b742-ecae-410c-add2-2a929db92c21 - - - - -] barbican.send_service_user_token = False log_opt_values /usr/lib/python3/dist-packages/oslo_config/cfg.py:2609
2026-04-30 00:45:03.268 173703 DEBUG oslo_service.service [req-ecf9b742-ecae-410c-add2-2a929db92c21 - - - - -] barbican.split_loggers = False log_opt_values /usr/lib/python3/dist-packages/oslo_config/cfg.py:2609
2026-04-30 00:45:03.268 173703 DEBUG oslo_service.service [req-ecf9b742-ecae-410c-add2-2a929db92c21 - - - - -] barbican.timeout = None log_opt_values /usr/lib/python3/dist-packages/oslo_config/cfg.py:2609
2026-04-30 00:45:03.268 173703 DEBUG oslo_service.service [req-ecf9b742-ecae-410c-add2-2a929db92c21 - - - - -] barbican.verify_ssl = True log_opt_values /usr/lib/python3/dist-packages/oslo_config/cfg.py:2609
2026-04-30 00:45:03.268 174092 DEBUG oslo_messaging._drivers.amqpdriver [-] AMQPListener connection timeout poll /usr/lib/python3/dist-packages/oslo_messaging/_drivers/amqpdriver.py:360
2026-04-30 00:45:03.268 173703 DEBUG oslo_service.service [req-ecf9b742-ecae-410c-add2-2a929db92c21 - - - - -] barbican.verify_ssl_path = None log_opt_values /usr/lib/python3/dist-packages/oslo_config/cfg.py:2609
2026-04-30 00:45:03.268 174092 DEBUG oslo_messaging._drivers.amqpdriver [-] Listener is running poll /usr/lib/python3/dist-packages/oslo_messaging/_drivers/amqpdriver.py:343
