2026-04-30 00:43:30.329 162487 DEBUG oslo_service.service [req-fb20635c-58e5-4c0a-8152-59b6d7170f72 - - - - -] metadata_listen = 0.0.0.0 log_opt_values /usr/lib/python3/dist-packages/oslo_config/cfg.py:2602
2026-04-30 00:43:30.329 162807 DEBUG nova.service [req-996d27ef-b29f-4dec-9251-eaf549896534 - - - - -] Creating RPC server for service scheduler start /usr/lib/python3/dist-packages/nova/service.py:182
2026-04-30 00:43:30.329 162487 DEBUG oslo_service.service [req-fb20635c-58e5-4c0a-8152-59b6d7170f72 - - - - -] metadata_listen_port = 8765 log_opt_values /usr/lib/python3/dist-packages/oslo_config/cfg.py:2602
2026-04-30 00:43:30.329 162487 DEBUG oslo_service.service [req-fb20635c-58e5-4c0a-8152-59b6d7170f72 - - - - -] metadata_workers = None log_opt_values /usr/lib/python3/dist-packages/oslo_config/cfg.py:2602
2026-04-30 00:43:30.330 162487 DEBUG oslo_service.service [req-fb20635c-58e5-4c0a-8152-59b6d7170f72 - - - - -] migrate_max_retries = -1 log_opt_values /usr/lib/python3/dist-packages/oslo_config/cfg.py:2602
2026-04-30 00:43:30.330 162487 DEBUG oslo_service.service [req-fb20635c-58e5-4c0a-8152-59b6d7170f72 - - - - -] mkisofs_cmd = genisoimage log_opt_values /usr/lib/python3/dist-packages/oslo_config/cfg.py:2602
2026-04-30 00:43:30.330 162487 DEBUG oslo_service.service [req-fb20635c-58e5-4c0a-8152-59b6d7170f72 - - - - -] my_block_storage_ip = 252.27.5.238 log_opt_values /usr/lib/python3/dist-packages/oslo_config/cfg.py:2602
2026-04-30 00:43:30.330 162487 DEBUG oslo_service.service [req-fb20635c-58e5-4c0a-8152-59b6d7170f72 - - - - -] my_ip = 252.27.5.238 log_opt_values /usr/lib/python3/dist-packages/oslo_config/cfg.py:2602
2026-04-30 00:43:30.330 162487 DEBUG oslo_service.service [req-fb20635c-58e5-4c0a-8152-59b6d7170f72 - - - - -] network_allocate_retries = 0 log_opt_values /usr/lib/python3/dist-packages/oslo_config/cfg.py:2602
2026-04-30 00:43:30.331 162487 DEBUG oslo_service.service [req-fb20635c-58e5-4c0a-8152-59b6d7170f72 - - - - -] non_inheritable_image_properties = ['cache_in_nova', 'bittorrent'] log_opt_values /usr/lib/python3/dist-packages/oslo_config/cfg.py:2602
2026-04-30 00:43:30.331 162487 DEBUG oslo_service.service [req-fb20635c-58e5-4c0a-8152-59b6d7170f72 - - - - -] osapi_compute_listen = 0.0.0.0 log_opt_values /usr/lib/python3/dist-packages/oslo_config/cfg.py:2602
2026-04-30 00:43:30.331 162487 DEBUG oslo_service.service [req-fb20635c-58e5-4c0a-8152-59b6d7170f72 - - - - -] osapi_compute_listen_port = 8764 log_opt_values /usr/lib/python3/dist-packages/oslo_config/cfg.py:2602
2026-04-30 00:43:30.331 162487 DEBUG oslo_service.service [req-fb20635c-58e5-4c0a-8152-59b6d7170f72 - - - - -] osapi_compute_unique_server_name_scope = log_opt_values /usr/lib/python3/dist-packages/oslo_config/cfg.py:2602
2026-04-30 00:43:30.331 162487 DEBUG oslo_service.service [req-fb20635c-58e5-4c0a-8152-59b6d7170f72 - - - - -] osapi_compute_workers = 4 log_opt_values /usr/lib/python3/dist-packages/oslo_config/cfg.py:2602
2026-04-30 00:43:30.332 162487 DEBUG oslo_service.service [req-fb20635c-58e5-4c0a-8152-59b6d7170f72 - - - - -] password_length = 12 log_opt_values /usr/lib/python3/dist-packages/oslo_config/cfg.py:2602
2026-04-30 00:43:30.336 162810 INFO nova.service [-] Starting scheduler node (version 25.2.1)
2026-04-30 00:43:30.340 162487 DEBUG oslo_service.service [req-fb20635c-58e5-4c0a-8152-59b6d7170f72 - - - - -] periodic_enable = True log_opt_values /usr/lib/python3/dist-packages/oslo_config/cfg.py:2602
2026-04-30 00:43:30.341 162487 DEBUG oslo_service.service [req-fb20635c-58e5-4c0a-8152-59b6d7170f72 - - - - -] periodic_fuzzy_delay = 60 log_opt_values /usr/lib/python3/dist-packages/oslo_config/cfg.py:2602
2026-04-30 00:43:30.341 162487 DEBUG oslo_service.service [req-fb20635c-58e5-4c0a-8152-59b6d7170f72 - - - - -] pointer_model = usbtablet log_opt_values /usr/lib/python3/dist-packages/oslo_config/cfg.py:2602
2026-04-30 00:43:30.341 162487 DEBUG oslo_service.service [req-fb20635c-58e5-4c0a-8152-59b6d7170f72 - - - - -] preallocate_images = none log_opt_values /usr/lib/python3/dist-packages/oslo_config/cfg.py:2602
2026-04-30 00:43:30.341 162487 DEBUG oslo_service.service [req-fb20635c-58e5-4c0a-8152-59b6d7170f72 - - - - -] publish_errors = False log_opt_values /usr/lib/python3/dist-packages/oslo_config/cfg.py:2602
2026-04-30 00:43:30.341 162487 DEBUG oslo_service.service [req-fb20635c-58e5-4c0a-8152-59b6d7170f72 - - - - -] pybasedir = /usr/lib/python3/dist-packages log_opt_values /usr/lib/python3/dist-packages/oslo_config/cfg.py:2602
2026-04-30 00:43:30.342 162487 DEBUG oslo_service.service [req-fb20635c-58e5-4c0a-8152-59b6d7170f72 - - - - -] ram_allocation_ratio = 0.98 log_opt_values /usr/lib/python3/dist-packages/oslo_config/cfg.py:2602
2026-04-30 00:43:30.344 162809 DEBUG nova.service [req-8b4b9dd7-d3af-4dd2-855f-b0cbd729ff4b - - - - -] Creating RPC server for service scheduler start /usr/lib/python3/dist-packages/nova/service.py:182
2026-04-30 00:43:30.342 162487 DEBUG oslo_service.service [req-fb20635c-58e5-4c0a-8152-59b6d7170f72 - - - - -] rate_limit_burst = 0 log_opt_values /usr/lib/python3/dist-packages/oslo_config/cfg.py:2602
2026-04-30 00:43:30.344 162487 DEBUG oslo_service.service [req-fb20635c-58e5-4c0a-8152-59b6d7170f72 - - - - -] rate_limit_except_level = CRITICAL log_opt_values /usr/lib/python3/dist-packages/oslo_config/cfg.py:2602
2026-04-30 00:43:30.345 162487 DEBUG oslo_service.service [req-fb20635c-58e5-4c0a-8152-59b6d7170f72 - - - - -] rate_limit_interval = 0 log_opt_values /usr/lib/python3/dist-packages/oslo_config/cfg.py:2602
2026-04-30 00:43:30.345 162487 DEBUG oslo_service.service [req-fb20635c-58e5-4c0a-8152-59b6d7170f72 - - - - -] reboot_timeout = 0 log_opt_values /usr/lib/python3/dist-packages/oslo_config/cfg.py:2602
2026-04-30 00:43:30.344 162808 DEBUG oslo_db.sqlalchemy.engines [req-b2d0f830-84d1-491c-99af-bb9c4a9fc68e - - - - -] MySQL server mode set to STRICT_TRANS_TABLES,STRICT_ALL_TABLES,NO_ZERO_IN_DATE,NO_ZERO_DATE,ERROR_FOR_DIVISION_BY_ZERO,TRADITIONAL,NO_ENGINE_SUBSTITUTION _check_effective_sql_mode /usr/lib/python3/dist-packages/oslo_db/sqlalchemy/engines.py:314
2026-04-30 00:43:30.345 162487 DEBUG oslo_service.service [req-fb20635c-58e5-4c0a-8152-59b6d7170f72 - - - - -] reclaim_instance_interval = 0 log_opt_values /usr/lib/python3/dist-packages/oslo_config/cfg.py:2602
2026-04-30 00:43:30.345 162487 DEBUG oslo_service.service [req-fb20635c-58e5-4c0a-8152-59b6d7170f72 - - - - -] record = None log_opt_values /usr/lib/python3/dist-packages/oslo_config/cfg.py:2602
2026-04-30 00:43:30.346 162487 DEBUG oslo_service.service [req-fb20635c-58e5-4c0a-8152-59b6d7170f72 - - - - -] report_interval = 10 log_opt_values /usr/lib/python3/dist-packages/oslo_config/cfg.py:2602
2026-04-30 00:43:30.346 162487 DEBUG oslo_service.service [req-fb20635c-58e5-4c0a-8152-59b6d7170f72 - - - - -] rescue_timeout = 0 log_opt_values /usr/lib/python3/dist-packages/oslo_config/cfg.py:2602
2026-04-30 00:43:30.346 162487 DEBUG oslo_service.service [req-fb20635c-58e5-4c0a-8152-59b6d7170f72 - - - - -] reserved_host_cpus = 0 log_opt_values /usr/lib/python3/dist-packages/oslo_config/cfg.py:2602
2026-04-30 00:43:30.346 162487 DEBUG oslo_service.service [req-fb20635c-58e5-4c0a-8152-59b6d7170f72 - - - - -] reserved_host_disk_mb = 0 log_opt_values /usr/lib/python3/dist-packages/oslo_config/cfg.py:2602
2026-04-30 00:43:30.347 162487 DEBUG oslo_service.service [req-fb20635c-58e5-4c0a-8152-59b6d7170f72 - - - - -] reserved_host_memory_mb = 512 log_opt_values /usr/lib/python3/dist-packages/oslo_config/cfg.py:2602
2026-04-30 00:43:30.347 162487 DEBUG oslo_service.service [req-fb20635c-58e5-4c0a-8152-59b6d7170f72 - - - - -] reserved_huge_pages = None log_opt_values /usr/lib/python3/dist-packages/oslo_config/cfg.py:2602
2026-04-30 00:43:30.347 162810 DEBUG oslo_db.sqlalchemy.engines [req-c1cd65b8-18fe-488a-b529-1e6caedb0c6b - - - - -] MySQL server mode set to STRICT_TRANS_TABLES,STRICT_ALL_TABLES,NO_ZERO_IN_DATE,NO_ZERO_DATE,ERROR_FOR_DIVISION_BY_ZERO,TRADITIONAL,NO_ENGINE_SUBSTITUTION _check_effective_sql_mode /usr/lib/python3/dist-packages/oslo_db/sqlalchemy/engines.py:314
2026-04-30 00:43:30.347 162487 DEBUG oslo_service.service [req-fb20635c-58e5-4c0a-8152-59b6d7170f72 - - - - -] resize_confirm_window = 0 log_opt_values /usr/lib/python3/dist-packages/oslo_config/cfg.py:2602
2026-04-30 00:43:30.348 162487 DEBUG oslo_service.service [req-fb20635c-58e5-4c0a-8152-59b6d7170f72 - - - - -] resize_fs_using_block_device = False log_opt_values /usr/lib/python3/dist-packages/oslo_config/cfg.py:2602
2026-04-30 00:43:30.348 162487 DEBUG oslo_service.service [req-fb20635c-58e5-4c0a-8152-59b6d7170f72 - - - - -] resume_guests_state_on_host_boot = False log_opt_values /usr/lib/python3/dist-packages/oslo_config/cfg.py:2602
2026-04-30 00:43:30.349 162487 DEBUG oslo_service.service [req-fb20635c-58e5-4c0a-8152-59b6d7170f72 - - - - -] rootwrap_config = /etc/nova/rootwrap.conf log_opt_values /usr/lib/python3/dist-packages/oslo_config/cfg.py:2602
2026-04-30 00:43:30.349 162487 DEBUG oslo_service.service [req-fb20635c-58e5-4c0a-8152-59b6d7170f72 - - - - -] run_external_periodic_tasks = True log_opt_values /usr/lib/python3/dist-packages/oslo_config/cfg.py:2602
2026-04-30 00:43:30.349 162487 DEBUG oslo_service.service [req-fb20635c-58e5-4c0a-8152-59b6d7170f72 - - - - -] running_deleted_instance_action = reap log_opt_values /usr/lib/python3/dist-packages/oslo_config/cfg.py:2602
2026-04-30 00:43:30.350 162487 DEBUG oslo_service.service [req-fb20635c-58e5-4c0a-8152-59b6d7170f72 - - - - -] running_deleted_instance_poll_interval = 1800 log_opt_values /usr/lib/python3/dist-packages/oslo_config/cfg.py:2602
2026-04-30 00:43:30.350 162487 DEBUG oslo_service.service [req-fb20635c-58e5-4c0a-8152-59b6d7170f72 - - - - -] running_deleted_instance_timeout = 0 log_opt_values /usr/lib/python3/dist-packages/oslo_config/cfg.py:2602
2026-04-30 00:43:30.350 162487 DEBUG oslo_service.service [req-fb20635c-58e5-4c0a-8152-59b6d7170f72 - - - - -] scheduler_instance_sync_interval = 120 log_opt_values /usr/lib/python3/dist-packages/oslo_config/cfg.py:2602
2026-04-30 00:43:30.350 162487 DEBUG oslo_service.service [req-fb20635c-58e5-4c0a-8152-59b6d7170f72 - - - - -] service_down_time = 60 log_opt_values /usr/lib/python3/dist-packages/oslo_config/cfg.py:2602
2026-04-30 00:43:30.351 162487 DEBUG oslo_service.service [req-fb20635c-58e5-4c0a-8152-59b6d7170f72 - - - - -] servicegroup_driver = db log_opt_values /usr/lib/python3/dist-packages/oslo_config/cfg.py:2602
2026-04-30 00:43:30.351 162487 DEBUG oslo_service.service [req-fb20635c-58e5-4c0a-8152-59b6d7170f72 - - - - -] shelved_offload_time = 0 log_opt_values /usr/lib/python3/dist-packages/oslo_config/cfg.py:2602
2026-04-30 00:43:30.351 162487 DEBUG oslo_service.service [req-fb20635c-58e5-4c0a-8152-59b6d7170f72 - - - - -] shelved_poll_interval = 3600 log_opt_values /usr/lib/python3/dist-packages/oslo_config/cfg.py:2602
2026-04-30 00:43:30.351 162487 DEBUG oslo_service.service [req-fb20635c-58e5-4c0a-8152-59b6d7170f72 - - - - -] shutdown_timeout = 60 log_opt_values /usr/lib/python3/dist-packages/oslo_config/cfg.py:2602
2026-04-30 00:43:30.352 162487 DEBUG oslo_service.service [req-fb20635c-58e5-4c0a-8152-59b6d7170f72 - - - - -] source_is_ipv6 = False log_opt_values /usr/lib/python3/dist-packages/oslo_config/cfg.py:2602
2026-04-30 00:43:30.352 162487 DEBUG oslo_service.service [req-fb20635c-58e5-4c0a-8152-59b6d7170f72 - - - - -] ssl_only = False log_opt_values /usr/lib/python3/dist-packages/oslo_config/cfg.py:2602
2026-04-30 00:43:30.352 162487 DEBUG oslo_service.service [req-fb20635c-58e5-4c0a-8152-59b6d7170f72 - - - - -] state_path = /var/lib/nova log_opt_values /usr/lib/python3/dist-packages/oslo_config/cfg.py:2602
2026-04-30 00:43:30.352 162487 DEBUG oslo_service.service [req-fb20635c-58e5-4c0a-8152-59b6d7170f72 - - - - -] sync_power_state_interval = 600 log_opt_values /usr/lib/python3/dist-packages/oslo_config/cfg.py:2602
2026-04-30 00:43:30.352 162487 DEBUG oslo_service.service [req-fb20635c-58e5-4c0a-8152-59b6d7170f72 - - - - -] sync_power_state_pool_size = 1000 log_opt_values /usr/lib/python3/dist-packages/oslo_config/cfg.py:2602
2026-04-30 00:43:30.353 162487 DEBUG oslo_service.service [req-fb20635c-58e5-4c0a-8152-59b6d7170f72 - - - - -] syslog_log_facility = LOG_USER log_opt_values /usr/lib/python3/dist-packages/oslo_config/cfg.py:2602
2026-04-30 00:43:30.353 162487 DEBUG oslo_service.service [req-fb20635c-58e5-4c0a-8152-59b6d7170f72 - - - - -] tempdir = None log_opt_values /usr/lib/python3/dist-packages/oslo_config/cfg.py:2602
2026-04-30 00:43:30.353 162487 DEBUG oslo_service.service [req-fb20635c-58e5-4c0a-8152-59b6d7170f72 - - - - -] timeout_nbd = 10 log_opt_values /usr/lib/python3/dist-packages/oslo_config/cfg.py:2602
2026-04-30 00:43:30.353 162487 DEBUG oslo_service.service [req-fb20635c-58e5-4c0a-8152-59b6d7170f72 - - - - -] transport_url = **** log_opt_values /usr/lib/python3/dist-packages/oslo_config/cfg.py:2602
2026-04-30 00:43:30.353 162487 DEBUG oslo_service.service [req-fb20635c-58e5-4c0a-8152-59b6d7170f72 - - - - -] update_resources_interval = 0 log_opt_values /usr/lib/python3/dist-packages/oslo_config/cfg.py:2602
2026-04-30 00:43:30.353 162487 DEBUG oslo_service.service [req-fb20635c-58e5-4c0a-8152-59b6d7170f72 - - - - -] use_cow_images = True log_opt_values /usr/lib/python3/dist-packages/oslo_config/cfg.py:2602
2026-04-30 00:43:30.354 162487 DEBUG oslo_service.service [req-fb20635c-58e5-4c0a-8152-59b6d7170f72 - - - - -] use_eventlog = False log_opt_values /usr/lib/python3/dist-packages/oslo_config/cfg.py:2602
2026-04-30 00:43:30.353 162807 DEBUG oslo_messaging._drivers.amqpdriver [-] Listener is running poll /usr/lib/python3/dist-packages/oslo_messaging/_drivers/amqpdriver.py:343
2026-04-30 00:43:30.354 162487 DEBUG oslo_service.service [req-fb20635c-58e5-4c0a-8152-59b6d7170f72 - - - - -] use_journal = False log_opt_values /usr/lib/python3/dist-packages/oslo_config/cfg.py:2602
2026-04-30 00:43:30.354 162487 DEBUG oslo_service.service [req-fb20635c-58e5-4c0a-8152-59b6d7170f72 - - - - -] use_json = False log_opt_values /usr/lib/python3/dist-packages/oslo_config/cfg.py:2602
2026-04-30 00:43:30.354 162807 DEBUG oslo_messaging._drivers.amqpdriver [-] AMQPListener connection consume poll /usr/lib/python3/dist-packages/oslo_messaging/_drivers/amqpdriver.py:357
2026-04-30 00:43:30.354 162487 DEBUG oslo_service.service [req-fb20635c-58e5-4c0a-8152-59b6d7170f72 - - - - -] use_rootwrap_daemon = False log_opt_values /usr/lib/python3/dist-packages/oslo_config/cfg.py:2602
2026-04-30 00:43:30.354 162487 DEBUG oslo_service.service [req-fb20635c-58e5-4c0a-8152-59b6d7170f72 - - - - -] use_stderr = False log_opt_values /usr/lib/python3/dist-packages/oslo_config/cfg.py:2602
2026-04-30 00:43:30.354 162487 DEBUG oslo_service.service [req-fb20635c-58e5-4c0a-8152-59b6d7170f72 - - - - -] use_syslog = False log_opt_values /usr/lib/python3/dist-packages/oslo_config/cfg.py:2602
2026-04-30 00:43:30.355 162487 DEBUG oslo_service.service [req-fb20635c-58e5-4c0a-8152-59b6d7170f72 - - - - -] vcpu_pin_set = None log_opt_values /usr/lib/python3/dist-packages/oslo_config/cfg.py:2602
2026-04-30 00:43:30.355 162807 DEBUG nova.service [req-996d27ef-b29f-4dec-9251-eaf549896534 - - - - -] Join ServiceGroup membership for this service scheduler start /usr/lib/python3/dist-packages/nova/service.py:199
2026-04-30 00:43:30.355 162487 DEBUG oslo_service.service [req-fb20635c-58e5-4c0a-8152-59b6d7170f72 - - - - -] vif_plugging_is_fatal = True log_opt_values /usr/lib/python3/dist-packages/oslo_config/cfg.py:2602
2026-04-30 00:43:30.355 162807 DEBUG nova.servicegroup.drivers.db [req-996d27ef-b29f-4dec-9251-eaf549896534 - - - - -] DB_Driver: join new ServiceGroup member juju-b0b610-0-lxd-7 to the scheduler group, service = join /usr/lib/python3/dist-packages/nova/servicegroup/drivers/db.py:44
2026-04-30 00:43:30.355 162487 DEBUG oslo_service.service [req-fb20635c-58e5-4c0a-8152-59b6d7170f72 - - - - -] vif_plugging_timeout = 300 log_opt_values /usr/lib/python3/dist-packages/oslo_config/cfg.py:2602
2026-04-30 00:43:30.355 162487 DEBUG oslo_service.service [req-fb20635c-58e5-4c0a-8152-59b6d7170f72 - - - - -] virt_mkfs = [] log_opt_values /usr/lib/python3/dist-packages/oslo_config/cfg.py:2602
2026-04-30 00:43:30.356 162487 DEBUG oslo_service.service [req-fb20635c-58e5-4c0a-8152-59b6d7170f72 - - - - -] volume_usage_poll_interval = 0 log_opt_values /usr/lib/python3/dist-packages/oslo_config/cfg.py:2602
2026-04-30 00:43:30.356 162487 DEBUG oslo_service.service [req-fb20635c-58e5-4c0a-8152-59b6d7170f72 - - - - -] watch_log_file = False log_opt_values /usr/lib/python3/dist-packages/oslo_config/cfg.py:2602
2026-04-30 00:43:30.356 162487 DEBUG oslo_service.service [req-fb20635c-58e5-4c0a-8152-59b6d7170f72 - - - - -] web = /usr/share/spice-html5 log_opt_values /usr/lib/python3/dist-packages/oslo_config/cfg.py:2602
2026-04-30 00:43:30.356 162487 DEBUG oslo_service.service [req-fb20635c-58e5-4c0a-8152-59b6d7170f72 - - - - -] oslo_concurrency.disable_process_locking = False log_opt_values /usr/lib/python3/dist-packages/oslo_config/cfg.py:2609
2026-04-30 00:43:30.356 162487 DEBUG oslo_service.service [req-fb20635c-58e5-4c0a-8152-59b6d7170f72 - - - - -] oslo_concurrency.lock_path = /var/lock/nova log_opt_values /usr/lib/python3/dist-packages/oslo_config/cfg.py:2609
2026-04-30 00:43:30.357 162487 WARNING oslo_config.cfg [req-fb20635c-58e5-4c0a-8152-59b6d7170f72 - - - - -] Deprecated: Option "auth_strategy" from group "api" is deprecated for removal ( The only non-default choice, ``noauth2``, is for internal development and testing purposes only and should not be used in deployments. This option and its middleware, NoAuthMiddleware[V2_18], will be removed in a future release. ). Its value may be silently ignored in the future.
2026-04-30 00:43:30.357 162487 DEBUG oslo_service.service [req-fb20635c-58e5-4c0a-8152-59b6d7170f72 - - - - -] api.auth_strategy = keystone log_opt_values /usr/lib/python3/dist-packages/oslo_config/cfg.py:2609
2026-04-30 00:43:30.357 162487 DEBUG oslo_service.service [req-fb20635c-58e5-4c0a-8152-59b6d7170f72 - - - - -] api.compute_link_prefix = None log_opt_values /usr/lib/python3/dist-packages/oslo_config/cfg.py:2609
2026-04-30 00:43:30.357 162487 DEBUG oslo_service.service [req-fb20635c-58e5-4c0a-8152-59b6d7170f72 - - - - -] api.config_drive_skip_versions = 1.0 2007-01-19 2007-03-01 2007-08-29 2007-10-10 2007-12-15 2008-02-01 2008-09-01 log_opt_values /usr/lib/python3/dist-packages/oslo_config/cfg.py:2609
2026-04-30 00:43:30.358 162487 DEBUG oslo_service.service [req-fb20635c-58e5-4c0a-8152-59b6d7170f72 - - - - -] api.dhcp_domain = novalocal log_opt_values /usr/lib/python3/dist-packages/oslo_config/cfg.py:2609
2026-04-30 00:43:30.358 162807 DEBUG oslo_messaging._drivers.amqpdriver [-] AMQPListener connection timeout poll /usr/lib/python3/dist-packages/oslo_messaging/_drivers/amqpdriver.py:360
2026-04-30 00:43:30.358 162487 DEBUG oslo_service.service [req-fb20635c-58e5-4c0a-8152-59b6d7170f72 - - - - -] api.enable_instance_password = True log_opt_values /usr/lib/python3/dist-packages/oslo_config/cfg.py:2609
2026-04-30 00:43:30.358 162807 DEBUG oslo_messaging._drivers.amqpdriver [-] Listener is running poll /usr/lib/python3/dist-packages/oslo_messaging/_drivers/amqpdriver.py:343
2026-04-30 00:43:30.358 162487 DEBUG oslo_service.service [req-fb20635c-58e5-4c0a-8152-59b6d7170f72 - - - - -] api.glance_link_prefix = None log_opt_values /usr/lib/python3/dist-packages/oslo_config/cfg.py:2609
2026-04-30 00:43:30.358 162807 DEBUG oslo_messaging._drivers.amqpdriver [-] AMQPListener connection consume poll /usr/lib/python3/dist-packages/oslo_messaging/_drivers/amqpdriver.py:357
2026-04-30 00:43:30.358 162487 DEBUG oslo_service.service [req-fb20635c-58e5-4c0a-8152-59b6d7170f72 - - - - -] api.instance_list_cells_batch_fixed_size = 100 log_opt_values /usr/lib/python3/dist-packages/oslo_config/cfg.py:2609
2026-04-30 00:43:30.358 162487 DEBUG oslo_service.service [req-fb20635c-58e5-4c0a-8152-59b6d7170f72 - - - - -] api.instance_list_cells_batch_strategy = distributed log_opt_values /usr/lib/python3/dist-packages/oslo_config/cfg.py:2609
2026-04-30 00:43:30.359 162487 DEBUG oslo_service.service [req-fb20635c-58e5-4c0a-8152-59b6d7170f72 - - - - -] api.instance_list_per_project_cells = False log_opt_values /usr/lib/python3/dist-packages/oslo_config/cfg.py:2609
2026-04-30 00:43:30.360 162487 DEBUG oslo_service.service [req-fb20635c-58e5-4c0a-8152-59b6d7170f72 - - - - -] api.list_records_by_skipping_down_cells = True log_opt_values /usr/lib/python3/dist-packages/oslo_config/cfg.py:2609
2026-04-30 00:43:30.360 162487 DEBUG oslo_service.service [req-fb20635c-58e5-4c0a-8152-59b6d7170f72 - - - - -] api.local_metadata_per_cell = False log_opt_values /usr/lib/python3/dist-packages/oslo_config/cfg.py:2609
2026-04-30 00:43:30.360 162487 DEBUG oslo_service.service [req-fb20635c-58e5-4c0a-8152-59b6d7170f72 - - - - -] api.max_limit = 1000 log_opt_values /usr/lib/python3/dist-packages/oslo_config/cfg.py:2609
2026-04-30 00:43:30.360 162487 DEBUG oslo_service.service [req-fb20635c-58e5-4c0a-8152-59b6d7170f72 - - - - -] api.metadata_cache_expiration = 15 log_opt_values /usr/lib/python3/dist-packages/oslo_config/cfg.py:2609
2026-04-30 00:43:30.360 162487 DEBUG oslo_service.service [req-fb20635c-58e5-4c0a-8152-59b6d7170f72 - - - - -] api.neutron_default_tenant_id = default log_opt_values /usr/lib/python3/dist-packages/oslo_config/cfg.py:2609
2026-04-30 00:43:30.360 162487 DEBUG oslo_service.service [req-fb20635c-58e5-4c0a-8152-59b6d7170f72 - - - - -] api.use_forwarded_for = False log_opt_values /usr/lib/python3/dist-packages/oslo_config/cfg.py:2609
2026-04-30 00:43:30.361 162487 DEBUG oslo_service.service [req-fb20635c-58e5-4c0a-8152-59b6d7170f72 - - - - -] api.use_neutron_default_nets = False log_opt_values /usr/lib/python3/dist-packages/oslo_config/cfg.py:2609
2026-04-30 00:43:30.361 162487 DEBUG oslo_service.service [req-fb20635c-58e5-4c0a-8152-59b6d7170f72 - - - - -] api.vendordata_dynamic_connect_timeout = 5 log_opt_values /usr/lib/python3/dist-packages/oslo_config/cfg.py:2609
2026-04-30 00:43:30.361 162487 DEBUG oslo_service.service [req-fb20635c-58e5-4c0a-8152-59b6d7170f72 - - - - -] api.vendordata_dynamic_failure_fatal = False log_opt_values /usr/lib/python3/dist-packages/oslo_config/cfg.py:2609
2026-04-30 00:43:30.362 162487 DEBUG oslo_service.service [req-fb20635c-58e5-4c0a-8152-59b6d7170f72 - - - - -] api.vendordata_dynamic_read_timeout = 5 log_opt_values /usr/lib/python3/dist-packages/oslo_config/cfg.py:2609
2026-04-30 00:43:30.362 162487 DEBUG oslo_service.service [req-fb20635c-58e5-4c0a-8152-59b6d7170f72 - - - - -] api.vendordata_dynamic_ssl_certfile = log_opt_values /usr/lib/python3/dist-packages/oslo_config/cfg.py:2609
2026-04-30 00:43:30.362 162810 DEBUG nova.service [req-c1cd65b8-18fe-488a-b529-1e6caedb0c6b - - - - -] Creating RPC server for service scheduler start /usr/lib/python3/dist-packages/nova/service.py:182
2026-04-30 00:43:30.362 162487 DEBUG oslo_service.service [req-fb20635c-58e5-4c0a-8152-59b6d7170f72 - - - - -] api.vendordata_dynamic_targets = [] log_opt_values /usr/lib/python3/dist-packages/oslo_config/cfg.py:2609
2026-04-30 00:43:30.362 162808 DEBUG nova.service [req-b2d0f830-84d1-491c-99af-bb9c4a9fc68e - - - - -] Creating RPC server for service scheduler start /usr/lib/python3/dist-packages/nova/service.py:182
2026-04-30 00:43:30.362 162487 DEBUG oslo_service.service [req-fb20635c-58e5-4c0a-8152-59b6d7170f72 - - - - -] api.vendordata_jsonfile_path = None log_opt_values /usr/lib/python3/dist-packages/oslo_config/cfg.py:2609
2026-04-30 00:43:30.362 162487 DEBUG oslo_service.service [req-fb20635c-58e5-4c0a-8152-59b6d7170f72 - - - - -] api.vendordata_providers = ['StaticJSON'] log_opt_values /usr/lib/python3/dist-packages/oslo_config/cfg.py:2609
2026-04-30 00:43:30.362 162487 DEBUG oslo_service.service [req-fb20635c-58e5-4c0a-8152-59b6d7170f72 - - - - -] cache.backend = dogpile.cache.null log_opt_values /usr/lib/python3/dist-packages/oslo_config/cfg.py:2609
2026-04-30 00:43:30.363 162487 DEBUG oslo_service.service [req-fb20635c-58e5-4c0a-8152-59b6d7170f72 - - - - -] cache.backend_argument = **** log_opt_values /usr/lib/python3/dist-packages/oslo_config/cfg.py:2609
2026-04-30 00:43:30.363 162487 DEBUG oslo_service.service [req-fb20635c-58e5-4c0a-8152-59b6d7170f72 - - - - -] cache.config_prefix = cache.oslo log_opt_values /usr/lib/python3/dist-packages/oslo_config/cfg.py:2609
2026-04-30 00:43:30.363 162487 DEBUG oslo_service.service [req-fb20635c-58e5-4c0a-8152-59b6d7170f72 - - - - -] cache.debug_cache_backend = False log_opt_values /usr/lib/python3/dist-packages/oslo_config/cfg.py:2609
2026-04-30 00:43:30.363 162487 DEBUG oslo_service.service [req-fb20635c-58e5-4c0a-8152-59b6d7170f72 - - - - -] cache.enabled = False log_opt_values /usr/lib/python3/dist-packages/oslo_config/cfg.py:2609
2026-04-30 00:43:30.363 162487 DEBUG oslo_service.service [req-fb20635c-58e5-4c0a-8152-59b6d7170f72 - - - - -] cache.expiration_time = 600 log_opt_values /usr/lib/python3/dist-packages/oslo_config/cfg.py:2609
2026-04-30 00:43:30.364 162487 DEBUG oslo_service.service [req-fb20635c-58e5-4c0a-8152-59b6d7170f72 - - - - -] cache.memcache_dead_retry = 300 log_opt_values /usr/lib/python3/dist-packages/oslo_config/cfg.py:2609
2026-04-30 00:43:30.364 162487 DEBUG oslo_service.service [req-fb20635c-58e5-4c0a-8152-59b6d7170f72 - - - - -] cache.memcache_pool_connection_get_timeout = 10 log_opt_values /usr/lib/python3/dist-packages/oslo_config/cfg.py:2609
2026-04-30 00:43:30.364 162487 DEBUG oslo_service.service [req-fb20635c-58e5-4c0a-8152-59b6d7170f72 - - - - -] cache.memcache_pool_flush_on_reconnect = False log_opt_values /usr/lib/python3/dist-packages/oslo_config/cfg.py:2609
2026-04-30 00:43:30.364 162487 DEBUG oslo_service.service [req-fb20635c-58e5-4c0a-8152-59b6d7170f72 - - - - -] cache.memcache_pool_maxsize = 10 log_opt_values /usr/lib/python3/dist-packages/oslo_config/cfg.py:2609
2026-04-30 00:43:30.364 162487 DEBUG oslo_service.service [req-fb20635c-58e5-4c0a-8152-59b6d7170f72 - - - - -] cache.memcache_pool_unused_timeout = 60 log_opt_values /usr/lib/python3/dist-packages/oslo_config/cfg.py:2609
2026-04-30 00:43:30.364 162487 DEBUG oslo_service.service [req-fb20635c-58e5-4c0a-8152-59b6d7170f72 - - - - -] cache.memcache_servers = ['localhost:11211'] log_opt_values /usr/lib/python3/dist-packages/oslo_config/cfg.py:2609
2026-04-30 00:43:30.365 162487 DEBUG oslo_service.service [req-fb20635c-58e5-4c0a-8152-59b6d7170f72 - - - - -] cache.memcache_socket_timeout = 1.0 log_opt_values /usr/lib/python3/dist-packages/oslo_config/cfg.py:2609
2026-04-30 00:43:30.365 162487 DEBUG oslo_service.service [req-fb20635c-58e5-4c0a-8152-59b6d7170f72 - - - - -] cache.proxies = [] log_opt_values /usr/lib/python3/dist-packages/oslo_config/cfg.py:2609
2026-04-30 00:43:30.365 162487 DEBUG oslo_service.service [req-fb20635c-58e5-4c0a-8152-59b6d7170f72 - - - - -] cache.tls_allowed_ciphers = None log_opt_values /usr/lib/python3/dist-packages/oslo_config/cfg.py:2609
2026-04-30 00:43:30.365 162487 DEBUG oslo_service.service [req-fb20635c-58e5-4c0a-8152-59b6d7170f72 - - - - -] cache.tls_cafile = None log_opt_values /usr/lib/python3/dist-packages/oslo_config/cfg.py:2609
2026-04-30 00:43:30.365 162487 DEBUG oslo_service.service [req-fb20635c-58e5-4c0a-8152-59b6d7170f72 - - - - -] cache.tls_certfile = None log_opt_values /usr/lib/python3/dist-packages/oslo_config/cfg.py:2609
2026-04-30 00:43:30.366 162487 DEBUG oslo_service.service [req-fb20635c-58e5-4c0a-8152-59b6d7170f72 - - - - -] cache.tls_enabled = False log_opt_values /usr/lib/python3/dist-packages/oslo_config/cfg.py:2609
2026-04-30 00:43:30.366 162487 DEBUG oslo_service.service [req-fb20635c-58e5-4c0a-8152-59b6d7170f72 - - - - -] cache.tls_keyfile = None log_opt_values /usr/lib/python3/dist-packages/oslo_config/cfg.py:2609
2026-04-30 00:43:30.366 162487 DEBUG oslo_service.service [req-fb20635c-58e5-4c0a-8152-59b6d7170f72 - - - - -] cinder.auth_section = None log_opt_values /usr/lib/python3/dist-packages/oslo_config/cfg.py:2609
2026-04-30 00:43:30.366 162487 DEBUG oslo_service.service [req-fb20635c-58e5-4c0a-8152-59b6d7170f72 - - - - -] cinder.auth_type = None log_opt_values /usr/lib/python3/dist-packages/oslo_config/cfg.py:2609
2026-04-30 00:43:30.366 162487 DEBUG oslo_service.service [req-fb20635c-58e5-4c0a-8152-59b6d7170f72 - - - - -] cinder.cafile = None log_opt_values /usr/lib/python3/dist-packages/oslo_config/cfg.py:2609
2026-04-30 00:43:30.367 162487 DEBUG oslo_service.service [req-fb20635c-58e5-4c0a-8152-59b6d7170f72 - - - - -] cinder.catalog_info = volumev3::publicURL log_opt_values /usr/lib/python3/dist-packages/oslo_config/cfg.py:2609
2026-04-30 00:43:30.367 162487 DEBUG oslo_service.service [req-fb20635c-58e5-4c0a-8152-59b6d7170f72 - - - - -] cinder.certfile = None log_opt_values /usr/lib/python3/dist-packages/oslo_config/cfg.py:2609
2026-04-30 00:43:30.367 162487 DEBUG oslo_service.service [req-fb20635c-58e5-4c0a-8152-59b6d7170f72 - - - - -] cinder.collect_timing = False log_opt_values /usr/lib/python3/dist-packages/oslo_config/cfg.py:2609
2026-04-30 00:43:30.367 162487 DEBUG oslo_service.service [req-fb20635c-58e5-4c0a-8152-59b6d7170f72 - - - - -] cinder.cross_az_attach = True log_opt_values /usr/lib/python3/dist-packages/oslo_config/cfg.py:2609
2026-04-30 00:43:30.367 162487 DEBUG oslo_service.service [req-fb20635c-58e5-4c0a-8152-59b6d7170f72 - - - - -] cinder.debug = False log_opt_values /usr/lib/python3/dist-packages/oslo_config/cfg.py:2609
2026-04-30 00:43:30.368 162487 DEBUG oslo_service.service [req-fb20635c-58e5-4c0a-8152-59b6d7170f72 - - - - -] cinder.endpoint_template = None log_opt_values /usr/lib/python3/dist-packages/oslo_config/cfg.py:2609
2026-04-30 00:43:30.368 162487 DEBUG oslo_service.service [req-fb20635c-58e5-4c0a-8152-59b6d7170f72 - - - - -] cinder.http_retries = 3 log_opt_values /usr/lib/python3/dist-packages/oslo_config/cfg.py:2609
2026-04-30 00:43:30.368 162487 DEBUG oslo_service.service [req-fb20635c-58e5-4c0a-8152-59b6d7170f72 - - - - -] cinder.insecure = False log_opt_values /usr/lib/python3/dist-packages/oslo_config/cfg.py:2609
2026-04-30 00:43:30.368 162487 DEBUG oslo_service.service [req-fb20635c-58e5-4c0a-8152-59b6d7170f72 - - - - -] cinder.keyfile = None log_opt_values /usr/lib/python3/dist-packages/oslo_config/cfg.py:2609
2026-04-30 00:43:30.368 162487 DEBUG oslo_service.service [req-fb20635c-58e5-4c0a-8152-59b6d7170f72 - - - - -] cinder.os_region_name = None log_opt_values /usr/lib/python3/dist-packages/oslo_config/cfg.py:2609
2026-04-30 00:43:30.368 162487 DEBUG oslo_service.service [req-fb20635c-58e5-4c0a-8152-59b6d7170f72 - - - - -] cinder.split_loggers = False log_opt_values /usr/lib/python3/dist-packages/oslo_config/cfg.py:2609
2026-04-30 00:43:30.369 162487 DEBUG oslo_service.service [req-fb20635c-58e5-4c0a-8152-59b6d7170f72 - - - - -] cinder.timeout = None log_opt_values /usr/lib/python3/dist-packages/oslo_config/cfg.py:2609
2026-04-30 00:43:30.369 162487 DEBUG oslo_service.service [req-fb20635c-58e5-4c0a-8152-59b6d7170f72 - - - - -] compute.consecutive_build_service_disable_threshold = 10 log_opt_values /usr/lib/python3/dist-packages/oslo_config/cfg.py:2609
2026-04-30 00:43:30.369 162487 DEBUG oslo_service.service [req-fb20635c-58e5-4c0a-8152-59b6d7170f72 - - - - -] compute.cpu_dedicated_set = None log_opt_values /usr/lib/python3/dist-packages/oslo_config/cfg.py:2609
2026-04-30 00:43:30.369 162809 DEBUG oslo_messaging._drivers.amqpdriver [-] Listener is running poll /usr/lib/python3/dist-packages/oslo_messaging/_drivers/amqpdriver.py:343
2026-04-30 00:43:30.369 162487 DEBUG oslo_service.service [req-fb20635c-58e5-4c0a-8152-59b6d7170f72 - - - - -] compute.cpu_shared_set = None log_opt_values /usr/lib/python3/dist-packages/oslo_config/cfg.py:2609
2026-04-30 00:43:30.369 162809 DEBUG oslo_messaging._drivers.amqpdriver [-] AMQPListener connection consume poll /usr/lib/python3/dist-packages/oslo_messaging/_drivers/amqpdriver.py:357
2026-04-30 00:43:30.369 162487 DEBUG oslo_service.service [req-fb20635c-58e5-4c0a-8152-59b6d7170f72 - - - - -] compute.image_type_exclude_list = [] log_opt_values /usr/lib/python3/dist-packages/oslo_config/cfg.py:2609
2026-04-30 00:43:30.369 162487 DEBUG oslo_service.service [req-fb20635c-58e5-4c0a-8152-59b6d7170f72 - - - - -] compute.live_migration_wait_for_vif_plug = True log_opt_values /usr/lib/python3/dist-packages/oslo_config/cfg.py:2609
2026-04-30 00:43:30.370 162487 DEBUG oslo_service.service [req-fb20635c-58e5-4c0a-8152-59b6d7170f72 - - - - -] compute.max_concurrent_disk_ops = 0 log_opt_values /usr/lib/python3/dist-packages/oslo_config/cfg.py:2609
2026-04-30 00:43:30.370 162487 DEBUG oslo_service.service [req-fb20635c-58e5-4c0a-8152-59b6d7170f72 - - - - -] compute.max_disk_devices_to_attach = -1 log_opt_values /usr/lib/python3/dist-packages/oslo_config/cfg.py:2609
2026-04-30 00:43:30.370 162487 DEBUG oslo_service.service [req-fb20635c-58e5-4c0a-8152-59b6d7170f72 - - - - -] compute.packing_host_numa_cells_allocation_strategy = True log_opt_values /usr/lib/python3/dist-packages/oslo_config/cfg.py:2609
2026-04-30 00:43:30.370 162487 DEBUG oslo_service.service [req-fb20635c-58e5-4c0a-8152-59b6d7170f72 - - - - -] compute.provider_config_location = /etc/nova/provider_config/ log_opt_values /usr/lib/python3/dist-packages/oslo_config/cfg.py:2609
2026-04-30 00:43:30.370 162809 DEBUG nova.service [req-8b4b9dd7-d3af-4dd2-855f-b0cbd729ff4b - - - - -] Join ServiceGroup membership for this service scheduler start /usr/lib/python3/dist-packages/nova/service.py:199
2026-04-30 00:43:30.370 162487 DEBUG oslo_service.service [req-fb20635c-58e5-4c0a-8152-59b6d7170f72 - - - - -] compute.resource_provider_association_refresh = 300 log_opt_values /usr/lib/python3/dist-packages/oslo_config/cfg.py:2609
2026-04-30 00:43:30.370 162809 DEBUG nova.servicegroup.drivers.db [req-8b4b9dd7-d3af-4dd2-855f-b0cbd729ff4b - - - - -] DB_Driver: join new ServiceGroup member juju-b0b610-0-lxd-7 to the scheduler group, service = join /usr/lib/python3/dist-packages/nova/servicegroup/drivers/db.py:44
2026-04-30 00:43:30.370 162487 DEBUG oslo_service.service [req-fb20635c-58e5-4c0a-8152-59b6d7170f72 - - - - -] compute.shutdown_retry_interval = 10 log_opt_values /usr/lib/python3/dist-packages/oslo_config/cfg.py:2609
2026-04-30 00:43:30.371 162487 DEBUG oslo_service.service [req-fb20635c-58e5-4c0a-8152-59b6d7170f72 - - - - -] compute.vmdk_allowed_types = ['streamOptimized', 'monolithicSparse'] log_opt_values /usr/lib/python3/dist-packages/oslo_config/cfg.py:2609
2026-04-30 00:43:30.371 162487 DEBUG oslo_service.service [req-fb20635c-58e5-4c0a-8152-59b6d7170f72 - - - - -] conductor.workers = 4 log_opt_values /usr/lib/python3/dist-packages/oslo_config/cfg.py:2609
2026-04-30 00:43:30.371 162487 DEBUG oslo_service.service [req-fb20635c-58e5-4c0a-8152-59b6d7170f72 - - - - -] console.allowed_origins = [] log_opt_values /usr/lib/python3/dist-packages/oslo_config/cfg.py:2609
2026-04-30 00:43:30.371 162487 DEBUG oslo_service.service [req-fb20635c-58e5-4c0a-8152-59b6d7170f72 - - - - -] console.ssl_ciphers = None log_opt_values /usr/lib/python3/dist-packages/oslo_config/cfg.py:2609
2026-04-30 00:43:30.371 162487 DEBUG oslo_service.service [req-fb20635c-58e5-4c0a-8152-59b6d7170f72 - - - - -] console.ssl_minimum_version = default log_opt_values /usr/lib/python3/dist-packages/oslo_config/cfg.py:2609
2026-04-30 00:43:30.371 162487 DEBUG oslo_service.service [req-fb20635c-58e5-4c0a-8152-59b6d7170f72 - - - - -] consoleauth.token_ttl = 600 log_opt_values /usr/lib/python3/dist-packages/oslo_config/cfg.py:2609
2026-04-30 00:43:30.372 162487 DEBUG oslo_service.service [req-fb20635c-58e5-4c0a-8152-59b6d7170f72 - - - - -] cyborg.cafile = None log_opt_values /usr/lib/python3/dist-packages/oslo_config/cfg.py:2609
2026-04-30 00:43:30.372 162487 DEBUG oslo_service.service [req-fb20635c-58e5-4c0a-8152-59b6d7170f72 - - - - -] cyborg.certfile = None log_opt_values /usr/lib/python3/dist-packages/oslo_config/cfg.py:2609
2026-04-30 00:43:30.372 162487 DEBUG oslo_service.service [req-fb20635c-58e5-4c0a-8152-59b6d7170f72 - - - - -] cyborg.collect_timing = False log_opt_values /usr/lib/python3/dist-packages/oslo_config/cfg.py:2609
2026-04-30 00:43:30.372 162487 DEBUG oslo_service.service [req-fb20635c-58e5-4c0a-8152-59b6d7170f72 - - - - -] cyborg.connect_retries = None log_opt_values /usr/lib/python3/dist-packages/oslo_config/cfg.py:2609
2026-04-30 00:43:30.373 162809 DEBUG oslo_messaging._drivers.amqpdriver [-] AMQPListener connection timeout poll /usr/lib/python3/dist-packages/oslo_messaging/_drivers/amqpdriver.py:360
2026-04-30 00:43:30.373 162809 DEBUG oslo_messaging._drivers.amqpdriver [-] Listener is running poll /usr/lib/python3/dist-packages/oslo_messaging/_drivers/amqpdriver.py:343
2026-04-30 00:43:30.373 162809 DEBUG oslo_messaging._drivers.amqpdriver [-] AMQPListener connection consume poll /usr/lib/python3/dist-packages/oslo_messaging/_drivers/amqpdriver.py:357
2026-04-30 00:43:30.372 162487 DEBUG oslo_service.service [req-fb20635c-58e5-4c0a-8152-59b6d7170f72 - - - - -] cyborg.connect_retry_delay = None log_opt_values /usr/lib/python3/dist-packages/oslo_config/cfg.py:2609
2026-04-30 00:43:30.375 162487 DEBUG oslo_service.service [req-fb20635c-58e5-4c0a-8152-59b6d7170f72 - - - - -] cyborg.endpoint_override = None log_opt_values /usr/lib/python3/dist-packages/oslo_config/cfg.py:2609
2026-04-30 00:43:30.377 162487 DEBUG oslo_service.service [req-fb20635c-58e5-4c0a-8152-59b6d7170f72 - - - - -] cyborg.insecure = False log_opt_values /usr/lib/python3/dist-packages/oslo_config/cfg.py:2609
2026-04-30 00:43:30.377 162487 DEBUG oslo_service.service [req-fb20635c-58e5-4c0a-8152-59b6d7170f72 - - - - -] cyborg.keyfile = None log_opt_values /usr/lib/python3/dist-packages/oslo_config/cfg.py:2609
2026-04-30 00:43:30.378 162487 DEBUG oslo_service.service [req-fb20635c-58e5-4c0a-8152-59b6d7170f72 - - - - -] cyborg.max_version = None log_opt_values /usr/lib/python3/dist-packages/oslo_config/cfg.py:2609
2026-04-30 00:43:30.378 162487 DEBUG oslo_service.service [req-fb20635c-58e5-4c0a-8152-59b6d7170f72 - - - - -] cyborg.min_version = None log_opt_values /usr/lib/python3/dist-packages/oslo_config/cfg.py:2609
2026-04-30 00:43:30.378 162487 DEBUG oslo_service.service [req-fb20635c-58e5-4c0a-8152-59b6d7170f72 - - - - -] cyborg.region_name = None log_opt_values /usr/lib/python3/dist-packages/oslo_config/cfg.py:2609
2026-04-30 00:43:30.380 162487 DEBUG oslo_service.service [req-fb20635c-58e5-4c0a-8152-59b6d7170f72 - - - - -] cyborg.service_name = None log_opt_values /usr/lib/python3/dist-packages/oslo_config/cfg.py:2609
2026-04-30 00:43:30.380 162487 DEBUG oslo_service.service [req-fb20635c-58e5-4c0a-8152-59b6d7170f72 - - - - -] cyborg.service_type = accelerator log_opt_values /usr/lib/python3/dist-packages/oslo_config/cfg.py:2609
2026-04-30 00:43:30.380 162487 DEBUG oslo_service.service [req-fb20635c-58e5-4c0a-8152-59b6d7170f72 - - - - -] cyborg.split_loggers = False log_opt_values /usr/lib/python3/dist-packages/oslo_config/cfg.py:2609
2026-04-30 00:43:30.381 162487 DEBUG oslo_service.service [req-fb20635c-58e5-4c0a-8152-59b6d7170f72 - - - - -] cyborg.status_code_retries = None log_opt_values /usr/lib/python3/dist-packages/oslo_config/cfg.py:2609
2026-04-30 00:43:30.381 162487 DEBUG oslo_service.service [req-fb20635c-58e5-4c0a-8152-59b6d7170f72 - - - - -] cyborg.status_code_retry_delay = None log_opt_values /usr/lib/python3/dist-packages/oslo_config/cfg.py:2609
2026-04-30 00:43:30.381 162487 DEBUG oslo_service.service [req-fb20635c-58e5-4c0a-8152-59b6d7170f72 - - - - -] cyborg.timeout = None log_opt_values /usr/lib/python3/dist-packages/oslo_config/cfg.py:2609
2026-04-30 00:43:30.382 162487 DEBUG oslo_service.service [req-fb20635c-58e5-4c0a-8152-59b6d7170f72 - - - - -] cyborg.valid_interfaces = ['internal', 'public'] log_opt_values /usr/lib/python3/dist-packages/oslo_config/cfg.py:2609
2026-04-30 00:43:30.386 162487 DEBUG oslo_service.service [req-fb20635c-58e5-4c0a-8152-59b6d7170f72 - - - - -] cyborg.version = None log_opt_values /usr/lib/python3/dist-packages/oslo_config/cfg.py:2609
2026-04-30 00:43:30.386 162487 DEBUG oslo_service.service [req-fb20635c-58e5-4c0a-8152-59b6d7170f72 - - - - -] database.backend = sqlalchemy log_opt_values /usr/lib/python3/dist-packages/oslo_config/cfg.py:2609
2026-04-30 00:43:30.386 162810 DEBUG oslo_messaging._drivers.amqpdriver [-] Listener is running poll /usr/lib/python3/dist-packages/oslo_messaging/_drivers/amqpdriver.py:343
2026-04-30 00:43:30.386 162808 DEBUG oslo_messaging._drivers.amqpdriver [-] Listener is running poll /usr/lib/python3/dist-packages/oslo_messaging/_drivers/amqpdriver.py:343
2026-04-30 00:43:30.386 162810 DEBUG oslo_messaging._drivers.amqpdriver [-] AMQPListener connection consume poll /usr/lib/python3/dist-packages/oslo_messaging/_drivers/amqpdriver.py:357
2026-04-30 00:43:30.386 162808 DEBUG oslo_messaging._drivers.amqpdriver [-] AMQPListener connection consume poll /usr/lib/python3/dist-packages/oslo_messaging/_drivers/amqpdriver.py:357
2026-04-30 00:43:30.386 162487 DEBUG oslo_service.service [req-fb20635c-58e5-4c0a-8152-59b6d7170f72 - - - - -] database.connection = **** log_opt_values /usr/lib/python3/dist-packages/oslo_config/cfg.py:2609
2026-04-30 00:43:30.387 162487 DEBUG oslo_service.service [req-fb20635c-58e5-4c0a-8152-59b6d7170f72 - - - - -] database.connection_debug = 0 log_opt_values /usr/lib/python3/dist-packages/oslo_config/cfg.py:2609
2026-04-30 00:43:30.387 162810 DEBUG nova.service [req-c1cd65b8-18fe-488a-b529-1e6caedb0c6b - - - - -] Join ServiceGroup membership for this service scheduler start /usr/lib/python3/dist-packages/nova/service.py:199
2026-04-30 00:43:30.387 162808 DEBUG nova.service [req-b2d0f830-84d1-491c-99af-bb9c4a9fc68e - - - - -] Join ServiceGroup membership for this service scheduler start /usr/lib/python3/dist-packages/nova/service.py:199
2026-04-30 00:43:30.387 162487 DEBUG oslo_service.service [req-fb20635c-58e5-4c0a-8152-59b6d7170f72 - - - - -] database.connection_parameters = log_opt_values /usr/lib/python3/dist-packages/oslo_config/cfg.py:2609
2026-04-30 00:43:30.387 162808 DEBUG nova.servicegroup.drivers.db [req-b2d0f830-84d1-491c-99af-bb9c4a9fc68e - - - - -] DB_Driver: join new ServiceGroup member juju-b0b610-0-lxd-7 to the scheduler group, service = join /usr/lib/python3/dist-packages/nova/servicegroup/drivers/db.py:44
2026-04-30 00:43:30.387 162487 DEBUG oslo_service.service [req-fb20635c-58e5-4c0a-8152-59b6d7170f72 - - - - -] database.connection_recycle_time = 3600 log_opt_values /usr/lib/python3/dist-packages/oslo_config/cfg.py:2609
2026-04-30 00:43:30.387 162810 DEBUG nova.servicegroup.drivers.db [req-c1cd65b8-18fe-488a-b529-1e6caedb0c6b - - - - -] DB_Driver: join new ServiceGroup member juju-b0b610-0-lxd-7 to the scheduler group, service = join /usr/lib/python3/dist-packages/nova/servicegroup/drivers/db.py:44
2026-04-30 00:43:30.388 162487 DEBUG oslo_service.service [req-fb20635c-58e5-4c0a-8152-59b6d7170f72 - - - - -] database.connection_trace = False log_opt_values /usr/lib/python3/dist-packages/oslo_config/cfg.py:2609
2026-04-30 00:43:30.388 162487 DEBUG oslo_service.service [req-fb20635c-58e5-4c0a-8152-59b6d7170f72 - - - - -] database.db_inc_retry_interval = True log_opt_values /usr/lib/python3/dist-packages/oslo_config/cfg.py:2609
2026-04-30 00:43:30.388 162487 DEBUG oslo_service.service [req-fb20635c-58e5-4c0a-8152-59b6d7170f72 - - - - -] database.db_max_retries = 20 log_opt_values /usr/lib/python3/dist-packages/oslo_config/cfg.py:2609
2026-04-30 00:43:30.389 162487 DEBUG oslo_service.service [req-fb20635c-58e5-4c0a-8152-59b6d7170f72 - - - - -] database.db_max_retry_interval = 10 log_opt_values /usr/lib/python3/dist-packages/oslo_config/cfg.py:2609
2026-04-30 00:43:30.389 162487 DEBUG oslo_service.service [req-fb20635c-58e5-4c0a-8152-59b6d7170f72 - - - - -] database.db_retry_interval = 1 log_opt_values /usr/lib/python3/dist-packages/oslo_config/cfg.py:2609
2026-04-30 00:43:30.389 162487 DEBUG oslo_service.service [req-fb20635c-58e5-4c0a-8152-59b6d7170f72 - - - - -] database.max_overflow = 50 log_opt_values /usr/lib/python3/dist-packages/oslo_config/cfg.py:2609
2026-04-30 00:43:30.389 162487 DEBUG oslo_service.service [req-fb20635c-58e5-4c0a-8152-59b6d7170f72 - - - - -] database.max_pool_size = 4 log_opt_values /usr/lib/python3/dist-packages/oslo_config/cfg.py:2609
2026-04-30 00:43:30.389 162487 DEBUG oslo_service.service [req-fb20635c-58e5-4c0a-8152-59b6d7170f72 - - - - -] database.max_retries = 10 log_opt_values /usr/lib/python3/dist-packages/oslo_config/cfg.py:2609
2026-04-30 00:43:30.389 162487 DEBUG oslo_service.service [req-fb20635c-58e5-4c0a-8152-59b6d7170f72 - - - - -] database.mysql_enable_ndb = False log_opt_values /usr/lib/python3/dist-packages/oslo_config/cfg.py:2609
2026-04-30 00:43:30.390 162487 DEBUG oslo_service.service [req-fb20635c-58e5-4c0a-8152-59b6d7170f72 - - - - -] database.mysql_sql_mode = TRADITIONAL log_opt_values /usr/lib/python3/dist-packages/oslo_config/cfg.py:2609
2026-04-30 00:43:30.390 162810 DEBUG oslo_messaging._drivers.amqpdriver [-] AMQPListener connection timeout poll /usr/lib/python3/dist-packages/oslo_messaging/_drivers/amqpdriver.py:360
2026-04-30 00:43:30.390 162808 DEBUG oslo_messaging._drivers.amqpdriver [-] AMQPListener connection timeout poll /usr/lib/python3/dist-packages/oslo_messaging/_drivers/amqpdriver.py:360
2026-04-30 00:43:30.390 162487 DEBUG oslo_service.service [req-fb20635c-58e5-4c0a-8152-59b6d7170f72 - - - - -] database.pool_timeout = None log_opt_values /usr/lib/python3/dist-packages/oslo_config/cfg.py:2609
2026-04-30 00:43:30.390 162810 DEBUG oslo_messaging._drivers.amqpdriver [-] Listener is running poll /usr/lib/python3/dist-packages/oslo_messaging/_drivers/amqpdriver.py:343
2026-04-30 00:43:30.390 162808 DEBUG oslo_messaging._drivers.amqpdriver [-] Listener is running poll /usr/lib/python3/dist-packages/oslo_messaging/_drivers/amqpdriver.py:343
2026-04-30 00:43:30.390 162810 DEBUG oslo_messaging._drivers.amqpdriver [-] AMQPListener connection consume poll /usr/lib/python3/dist-packages/oslo_messaging/_drivers/amqpdriver.py:357
2026-04-30 00:43:30.390 162487 DEBUG oslo_service.service [req-fb20635c-58e5-4c0a-8152-59b6d7170f72 - - - - -] database.retry_interval = 10 log_opt_values /usr/lib/python3/dist-packages/oslo_config/cfg.py:2609
2026-04-30 00:43:30.390 162808 DEBUG oslo_messaging._drivers.amqpdriver [-] AMQPListener connection consume poll /usr/lib/python3/dist-packages/oslo_messaging/_drivers/amqpdriver.py:357
2026-04-30 00:43:30.390 162487 DEBUG oslo_service.service [req-fb20635c-58e5-4c0a-8152-59b6d7170f72 - - - - -] database.slave_connection = **** log_opt_values /usr/lib/python3/dist-packages/oslo_config/cfg.py:2609
2026-04-30 00:43:30.390 162487 DEBUG oslo_service.service [req-fb20635c-58e5-4c0a-8152-59b6d7170f72 - - - - -] database.sqlite_synchronous = True log_opt_values /usr/lib/python3/dist-packages/oslo_config/cfg.py:2609
2026-04-30 00:43:30.391 162487 DEBUG oslo_service.service [req-fb20635c-58e5-4c0a-8152-59b6d7170f72 - - - - -] database.use_db_reconnect = False log_opt_values /usr/lib/python3/dist-packages/oslo_config/cfg.py:2609
2026-04-30 00:43:30.391 162487 DEBUG oslo_service.service [req-fb20635c-58e5-4c0a-8152-59b6d7170f72 - - - - -] api_database.backend = sqlalchemy log_opt_values /usr/lib/python3/dist-packages/oslo_config/cfg.py:2609
2026-04-30 00:43:30.391 162487 DEBUG oslo_service.service [req-fb20635c-58e5-4c0a-8152-59b6d7170f72 - - - - -] api_database.connection = **** log_opt_values /usr/lib/python3/dist-packages/oslo_config/cfg.py:2609
2026-04-30 00:43:30.391 162487 DEBUG oslo_service.service [req-fb20635c-58e5-4c0a-8152-59b6d7170f72 - - - - -] api_database.connection_debug = 0 log_opt_values /usr/lib/python3/dist-packages/oslo_config/cfg.py:2609
2026-04-30 00:43:30.391 162487 DEBUG oslo_service.service [req-fb20635c-58e5-4c0a-8152-59b6d7170f72 - - - - -] api_database.connection_parameters = log_opt_values /usr/lib/python3/dist-packages/oslo_config/cfg.py:2609
2026-04-30 00:43:30.391 162487 DEBUG oslo_service.service [req-fb20635c-58e5-4c0a-8152-59b6d7170f72 - - - - -] api_database.connection_recycle_time = 3600 log_opt_values /usr/lib/python3/dist-packages/oslo_config/cfg.py:2609
2026-04-30 00:43:30.392 162487 DEBUG oslo_service.service [req-fb20635c-58e5-4c0a-8152-59b6d7170f72 - - - - -] api_database.connection_trace = False log_opt_values /usr/lib/python3/dist-packages/oslo_config/cfg.py:2609
2026-04-30 00:43:30.392 162487 DEBUG oslo_service.service [req-fb20635c-58e5-4c0a-8152-59b6d7170f72 - - - - -] api_database.db_inc_retry_interval = True log_opt_values /usr/lib/python3/dist-packages/oslo_config/cfg.py:2609
2026-04-30 00:43:30.392 162487 DEBUG oslo_service.service [req-fb20635c-58e5-4c0a-8152-59b6d7170f72 - - - - -] api_database.db_max_retries = 20 log_opt_values /usr/lib/python3/dist-packages/oslo_config/cfg.py:2609
2026-04-30 00:43:30.392 162487 DEBUG oslo_service.service [req-fb20635c-58e5-4c0a-8152-59b6d7170f72 - - - - -] api_database.db_max_retry_interval = 10 log_opt_values /usr/lib/python3/dist-packages/oslo_config/cfg.py:2609
2026-04-30 00:43:30.392 162487 DEBUG oslo_service.service [req-fb20635c-58e5-4c0a-8152-59b6d7170f72 - - - - -] api_database.db_retry_interval = 1 log_opt_values /usr/lib/python3/dist-packages/oslo_config/cfg.py:2609
2026-04-30 00:43:30.392 162487 DEBUG oslo_service.service [req-fb20635c-58e5-4c0a-8152-59b6d7170f72 - - - - -] api_database.max_overflow = 50 log_opt_values /usr/lib/python3/dist-packages/oslo_config/cfg.py:2609
2026-04-30 00:43:30.393 162487 DEBUG oslo_service.service [req-fb20635c-58e5-4c0a-8152-59b6d7170f72 - - - - -] api_database.max_pool_size = 4 log_opt_values /usr/lib/python3/dist-packages/oslo_config/cfg.py:2609
