2026-04-30 00:38:36.233 131214 DEBUG oslo_service.service [req-f930454f-6b00-4119-a170-46e02610eacb - - - - -] use_syslog = False log_opt_values /usr/lib/python3/dist-packages/oslo_config/cfg.py:2602
2026-04-30 00:38:36.233 131214 DEBUG oslo_service.service [req-f930454f-6b00-4119-a170-46e02610eacb - - - - -] vcpu_pin_set = None log_opt_values /usr/lib/python3/dist-packages/oslo_config/cfg.py:2602
2026-04-30 00:38:36.233 131214 DEBUG oslo_service.service [req-f930454f-6b00-4119-a170-46e02610eacb - - - - -] vif_plugging_is_fatal = True log_opt_values /usr/lib/python3/dist-packages/oslo_config/cfg.py:2602
2026-04-30 00:38:36.233 131214 DEBUG oslo_service.service [req-f930454f-6b00-4119-a170-46e02610eacb - - - - -] vif_plugging_timeout = 300 log_opt_values /usr/lib/python3/dist-packages/oslo_config/cfg.py:2602
2026-04-30 00:38:36.233 131521 DEBUG nova.service [req-9ccff3b2-c4fd-4850-8806-21c2fdda2baf - - - - -] Creating RPC server for service conductor start /usr/lib/python3/dist-packages/nova/service.py:182
2026-04-30 00:38:36.233 131214 DEBUG oslo_service.service [req-f930454f-6b00-4119-a170-46e02610eacb - - - - -] virt_mkfs = [] log_opt_values /usr/lib/python3/dist-packages/oslo_config/cfg.py:2602
2026-04-30 00:38:36.233 131214 DEBUG oslo_service.service [req-f930454f-6b00-4119-a170-46e02610eacb - - - - -] volume_usage_poll_interval = 0 log_opt_values /usr/lib/python3/dist-packages/oslo_config/cfg.py:2602
2026-04-30 00:38:36.234 131214 DEBUG oslo_service.service [req-f930454f-6b00-4119-a170-46e02610eacb - - - - -] watch_log_file = False log_opt_values /usr/lib/python3/dist-packages/oslo_config/cfg.py:2602
2026-04-30 00:38:36.234 131214 DEBUG oslo_service.service [req-f930454f-6b00-4119-a170-46e02610eacb - - - - -] web = /usr/share/spice-html5 log_opt_values /usr/lib/python3/dist-packages/oslo_config/cfg.py:2602
2026-04-30 00:38:36.234 131214 DEBUG oslo_service.service [req-f930454f-6b00-4119-a170-46e02610eacb - - - - -] oslo_concurrency.disable_process_locking = False log_opt_values /usr/lib/python3/dist-packages/oslo_config/cfg.py:2609
2026-04-30 00:38:36.234 131214 DEBUG oslo_service.service [req-f930454f-6b00-4119-a170-46e02610eacb - - - - -] oslo_concurrency.lock_path = /var/lock/nova log_opt_values /usr/lib/python3/dist-packages/oslo_config/cfg.py:2609
2026-04-30 00:38:36.234 131214 DEBUG oslo_service.service [req-f930454f-6b00-4119-a170-46e02610eacb - - - - -] oslo_messaging_metrics.metrics_buffer_size = 1000 log_opt_values /usr/lib/python3/dist-packages/oslo_config/cfg.py:2609
2026-04-30 00:38:36.235 131214 DEBUG oslo_service.service [req-f930454f-6b00-4119-a170-46e02610eacb - - - - -] oslo_messaging_metrics.metrics_enabled = False log_opt_values /usr/lib/python3/dist-packages/oslo_config/cfg.py:2609
2026-04-30 00:38:36.235 131214 DEBUG oslo_service.service [req-f930454f-6b00-4119-a170-46e02610eacb - - - - -] oslo_messaging_metrics.metrics_process_name = log_opt_values /usr/lib/python3/dist-packages/oslo_config/cfg.py:2609
2026-04-30 00:38:36.235 131214 DEBUG oslo_service.service [req-f930454f-6b00-4119-a170-46e02610eacb - - - - -] oslo_messaging_metrics.metrics_socket_file = /var/tmp/metrics_collector.sock log_opt_values /usr/lib/python3/dist-packages/oslo_config/cfg.py:2609
2026-04-30 00:38:36.235 131214 DEBUG oslo_service.service [req-f930454f-6b00-4119-a170-46e02610eacb - - - - -] oslo_messaging_metrics.metrics_thread_stop_timeout = 10 log_opt_values /usr/lib/python3/dist-packages/oslo_config/cfg.py:2609
2026-04-30 00:38:36.235 131214 WARNING oslo_config.cfg [req-f930454f-6b00-4119-a170-46e02610eacb - - - - -] Deprecated: Option "auth_strategy" from group "api" is deprecated for removal ( The only non-default choice, ``noauth2``, is for internal development and testing purposes only and should not be used in deployments. This option and its middleware, NoAuthMiddleware[V2_18], will be removed in a future release. ). Its value may be silently ignored in the future.
2026-04-30 00:38:36.236 131214 DEBUG oslo_service.service [req-f930454f-6b00-4119-a170-46e02610eacb - - - - -] api.auth_strategy = keystone log_opt_values /usr/lib/python3/dist-packages/oslo_config/cfg.py:2609
2026-04-30 00:38:36.236 131214 DEBUG oslo_service.service [req-f930454f-6b00-4119-a170-46e02610eacb - - - - -] api.compute_link_prefix = None log_opt_values /usr/lib/python3/dist-packages/oslo_config/cfg.py:2609
2026-04-30 00:38:36.236 131214 DEBUG oslo_service.service [req-f930454f-6b00-4119-a170-46e02610eacb - - - - -] api.config_drive_skip_versions = 1.0 2007-01-19 2007-03-01 2007-08-29 2007-10-10 2007-12-15 2008-02-01 2008-09-01 log_opt_values /usr/lib/python3/dist-packages/oslo_config/cfg.py:2609
2026-04-30 00:38:36.236 131214 DEBUG oslo_service.service [req-f930454f-6b00-4119-a170-46e02610eacb - - - - -] api.dhcp_domain = novalocal log_opt_values /usr/lib/python3/dist-packages/oslo_config/cfg.py:2609
2026-04-30 00:38:36.237 131214 DEBUG oslo_service.service [req-f930454f-6b00-4119-a170-46e02610eacb - - - - -] api.enable_instance_password = True log_opt_values /usr/lib/python3/dist-packages/oslo_config/cfg.py:2609
2026-04-30 00:38:36.237 131214 DEBUG oslo_service.service [req-f930454f-6b00-4119-a170-46e02610eacb - - - - -] api.glance_link_prefix = None log_opt_values /usr/lib/python3/dist-packages/oslo_config/cfg.py:2609
2026-04-30 00:38:36.237 131214 DEBUG oslo_service.service [req-f930454f-6b00-4119-a170-46e02610eacb - - - - -] api.instance_list_cells_batch_fixed_size = 100 log_opt_values /usr/lib/python3/dist-packages/oslo_config/cfg.py:2609
2026-04-30 00:38:36.237 131214 DEBUG oslo_service.service [req-f930454f-6b00-4119-a170-46e02610eacb - - - - -] api.instance_list_cells_batch_strategy = distributed log_opt_values /usr/lib/python3/dist-packages/oslo_config/cfg.py:2609
2026-04-30 00:38:36.237 131214 DEBUG oslo_service.service [req-f930454f-6b00-4119-a170-46e02610eacb - - - - -] api.instance_list_per_project_cells = False log_opt_values /usr/lib/python3/dist-packages/oslo_config/cfg.py:2609
2026-04-30 00:38:36.237 131214 DEBUG oslo_service.service [req-f930454f-6b00-4119-a170-46e02610eacb - - - - -] api.list_records_by_skipping_down_cells = True log_opt_values /usr/lib/python3/dist-packages/oslo_config/cfg.py:2609
2026-04-30 00:38:36.238 131214 DEBUG oslo_service.service [req-f930454f-6b00-4119-a170-46e02610eacb - - - - -] api.local_metadata_per_cell = False log_opt_values /usr/lib/python3/dist-packages/oslo_config/cfg.py:2609
2026-04-30 00:38:36.238 131214 DEBUG oslo_service.service [req-f930454f-6b00-4119-a170-46e02610eacb - - - - -] api.max_limit = 1000 log_opt_values /usr/lib/python3/dist-packages/oslo_config/cfg.py:2609
2026-04-30 00:38:36.238 131214 DEBUG oslo_service.service [req-f930454f-6b00-4119-a170-46e02610eacb - - - - -] api.metadata_cache_expiration = 15 log_opt_values /usr/lib/python3/dist-packages/oslo_config/cfg.py:2609
2026-04-30 00:38:36.238 131214 DEBUG oslo_service.service [req-f930454f-6b00-4119-a170-46e02610eacb - - - - -] api.neutron_default_tenant_id = default log_opt_values /usr/lib/python3/dist-packages/oslo_config/cfg.py:2609
2026-04-30 00:38:36.238 131214 DEBUG oslo_service.service [req-f930454f-6b00-4119-a170-46e02610eacb - - - - -] api.use_forwarded_for = False log_opt_values /usr/lib/python3/dist-packages/oslo_config/cfg.py:2609
2026-04-30 00:38:36.238 131214 DEBUG oslo_service.service [req-f930454f-6b00-4119-a170-46e02610eacb - - - - -] api.use_neutron_default_nets = False log_opt_values /usr/lib/python3/dist-packages/oslo_config/cfg.py:2609
2026-04-30 00:38:36.238 131214 DEBUG oslo_service.service [req-f930454f-6b00-4119-a170-46e02610eacb - - - - -] api.vendordata_dynamic_connect_timeout = 5 log_opt_values /usr/lib/python3/dist-packages/oslo_config/cfg.py:2609
2026-04-30 00:38:36.239 131214 DEBUG oslo_service.service [req-f930454f-6b00-4119-a170-46e02610eacb - - - - -] api.vendordata_dynamic_failure_fatal = False log_opt_values /usr/lib/python3/dist-packages/oslo_config/cfg.py:2609
2026-04-30 00:38:36.239 131214 DEBUG oslo_service.service [req-f930454f-6b00-4119-a170-46e02610eacb - - - - -] api.vendordata_dynamic_read_timeout = 5 log_opt_values /usr/lib/python3/dist-packages/oslo_config/cfg.py:2609
2026-04-30 00:38:36.239 131214 DEBUG oslo_service.service [req-f930454f-6b00-4119-a170-46e02610eacb - - - - -] api.vendordata_dynamic_ssl_certfile = log_opt_values /usr/lib/python3/dist-packages/oslo_config/cfg.py:2609
2026-04-30 00:38:36.239 131214 DEBUG oslo_service.service [req-f930454f-6b00-4119-a170-46e02610eacb - - - - -] api.vendordata_dynamic_targets = [] log_opt_values /usr/lib/python3/dist-packages/oslo_config/cfg.py:2609
2026-04-30 00:38:36.239 131214 DEBUG oslo_service.service [req-f930454f-6b00-4119-a170-46e02610eacb - - - - -] api.vendordata_jsonfile_path = None log_opt_values /usr/lib/python3/dist-packages/oslo_config/cfg.py:2609
2026-04-30 00:38:36.240 131214 DEBUG oslo_service.service [req-f930454f-6b00-4119-a170-46e02610eacb - - - - -] api.vendordata_providers = ['StaticJSON'] log_opt_values /usr/lib/python3/dist-packages/oslo_config/cfg.py:2609
2026-04-30 00:38:36.240 131214 DEBUG oslo_service.service [req-f930454f-6b00-4119-a170-46e02610eacb - - - - -] cache.backend = dogpile.cache.null log_opt_values /usr/lib/python3/dist-packages/oslo_config/cfg.py:2609
2026-04-30 00:38:36.240 131214 DEBUG oslo_service.service [req-f930454f-6b00-4119-a170-46e02610eacb - - - - -] cache.backend_argument = **** log_opt_values /usr/lib/python3/dist-packages/oslo_config/cfg.py:2609
2026-04-30 00:38:36.240 131214 DEBUG oslo_service.service [req-f930454f-6b00-4119-a170-46e02610eacb - - - - -] cache.config_prefix = cache.oslo log_opt_values /usr/lib/python3/dist-packages/oslo_config/cfg.py:2609
2026-04-30 00:38:36.240 131214 DEBUG oslo_service.service [req-f930454f-6b00-4119-a170-46e02610eacb - - - - -] cache.debug_cache_backend = False log_opt_values /usr/lib/python3/dist-packages/oslo_config/cfg.py:2609
2026-04-30 00:38:36.240 131214 DEBUG oslo_service.service [req-f930454f-6b00-4119-a170-46e02610eacb - - - - -] cache.enabled = False log_opt_values /usr/lib/python3/dist-packages/oslo_config/cfg.py:2609
2026-04-30 00:38:36.241 131214 DEBUG oslo_service.service [req-f930454f-6b00-4119-a170-46e02610eacb - - - - -] cache.expiration_time = 600 log_opt_values /usr/lib/python3/dist-packages/oslo_config/cfg.py:2609
2026-04-30 00:38:36.241 131214 DEBUG oslo_service.service [req-f930454f-6b00-4119-a170-46e02610eacb - - - - -] cache.memcache_dead_retry = 300 log_opt_values /usr/lib/python3/dist-packages/oslo_config/cfg.py:2609
2026-04-30 00:38:36.241 131214 DEBUG oslo_service.service [req-f930454f-6b00-4119-a170-46e02610eacb - - - - -] cache.memcache_pool_connection_get_timeout = 10 log_opt_values /usr/lib/python3/dist-packages/oslo_config/cfg.py:2609
2026-04-30 00:38:36.241 131214 DEBUG oslo_service.service [req-f930454f-6b00-4119-a170-46e02610eacb - - - - -] cache.memcache_pool_flush_on_reconnect = False log_opt_values /usr/lib/python3/dist-packages/oslo_config/cfg.py:2609
2026-04-30 00:38:36.241 131214 DEBUG oslo_service.service [req-f930454f-6b00-4119-a170-46e02610eacb - - - - -] cache.memcache_pool_maxsize = 10 log_opt_values /usr/lib/python3/dist-packages/oslo_config/cfg.py:2609
2026-04-30 00:38:36.241 131214 DEBUG oslo_service.service [req-f930454f-6b00-4119-a170-46e02610eacb - - - - -] cache.memcache_pool_unused_timeout = 60 log_opt_values /usr/lib/python3/dist-packages/oslo_config/cfg.py:2609
2026-04-30 00:38:36.242 131214 DEBUG oslo_service.service [req-f930454f-6b00-4119-a170-46e02610eacb - - - - -] cache.memcache_servers = ['localhost:11211'] log_opt_values /usr/lib/python3/dist-packages/oslo_config/cfg.py:2609
2026-04-30 00:38:36.242 131214 DEBUG oslo_service.service [req-f930454f-6b00-4119-a170-46e02610eacb - - - - -] cache.memcache_socket_timeout = 1.0 log_opt_values /usr/lib/python3/dist-packages/oslo_config/cfg.py:2609
2026-04-30 00:38:36.242 131214 DEBUG oslo_service.service [req-f930454f-6b00-4119-a170-46e02610eacb - - - - -] cache.proxies = [] log_opt_values /usr/lib/python3/dist-packages/oslo_config/cfg.py:2609
2026-04-30 00:38:36.242 131214 DEBUG oslo_service.service [req-f930454f-6b00-4119-a170-46e02610eacb - - - - -] cache.tls_allowed_ciphers = None log_opt_values /usr/lib/python3/dist-packages/oslo_config/cfg.py:2609
2026-04-30 00:38:36.242 131214 DEBUG oslo_service.service [req-f930454f-6b00-4119-a170-46e02610eacb - - - - -] cache.tls_cafile = None log_opt_values /usr/lib/python3/dist-packages/oslo_config/cfg.py:2609
2026-04-30 00:38:36.243 131214 DEBUG oslo_service.service [req-f930454f-6b00-4119-a170-46e02610eacb - - - - -] cache.tls_certfile = None log_opt_values /usr/lib/python3/dist-packages/oslo_config/cfg.py:2609
2026-04-30 00:38:36.243 131214 DEBUG oslo_service.service [req-f930454f-6b00-4119-a170-46e02610eacb - - - - -] cache.tls_enabled = False log_opt_values /usr/lib/python3/dist-packages/oslo_config/cfg.py:2609
2026-04-30 00:38:36.243 131214 DEBUG oslo_service.service [req-f930454f-6b00-4119-a170-46e02610eacb - - - - -] cache.tls_keyfile = None log_opt_values /usr/lib/python3/dist-packages/oslo_config/cfg.py:2609
2026-04-30 00:38:36.243 131214 DEBUG oslo_service.service [req-f930454f-6b00-4119-a170-46e02610eacb - - - - -] cinder.auth_section = None log_opt_values /usr/lib/python3/dist-packages/oslo_config/cfg.py:2609
2026-04-30 00:38:36.243 131214 DEBUG oslo_service.service [req-f930454f-6b00-4119-a170-46e02610eacb - - - - -] cinder.auth_type = None log_opt_values /usr/lib/python3/dist-packages/oslo_config/cfg.py:2609
2026-04-30 00:38:36.243 131214 DEBUG oslo_service.service [req-f930454f-6b00-4119-a170-46e02610eacb - - - - -] cinder.cafile = None log_opt_values /usr/lib/python3/dist-packages/oslo_config/cfg.py:2609
2026-04-30 00:38:36.244 131214 DEBUG oslo_service.service [req-f930454f-6b00-4119-a170-46e02610eacb - - - - -] cinder.catalog_info = volumev3::publicURL log_opt_values /usr/lib/python3/dist-packages/oslo_config/cfg.py:2609
2026-04-30 00:38:36.244 131214 DEBUG oslo_service.service [req-f930454f-6b00-4119-a170-46e02610eacb - - - - -] cinder.certfile = None log_opt_values /usr/lib/python3/dist-packages/oslo_config/cfg.py:2609
2026-04-30 00:38:36.244 131214 DEBUG oslo_service.service [req-f930454f-6b00-4119-a170-46e02610eacb - - - - -] cinder.collect_timing = False log_opt_values /usr/lib/python3/dist-packages/oslo_config/cfg.py:2609
2026-04-30 00:38:36.244 131214 DEBUG oslo_service.service [req-f930454f-6b00-4119-a170-46e02610eacb - - - - -] cinder.cross_az_attach = True log_opt_values /usr/lib/python3/dist-packages/oslo_config/cfg.py:2609
2026-04-30 00:38:36.244 131214 DEBUG oslo_service.service [req-f930454f-6b00-4119-a170-46e02610eacb - - - - -] cinder.debug = False log_opt_values /usr/lib/python3/dist-packages/oslo_config/cfg.py:2609
2026-04-30 00:38:36.245 131214 DEBUG oslo_service.service [req-f930454f-6b00-4119-a170-46e02610eacb - - - - -] cinder.endpoint_template = None log_opt_values /usr/lib/python3/dist-packages/oslo_config/cfg.py:2609
2026-04-30 00:38:36.245 131214 DEBUG oslo_service.service [req-f930454f-6b00-4119-a170-46e02610eacb - - - - -] cinder.http_retries = 3 log_opt_values /usr/lib/python3/dist-packages/oslo_config/cfg.py:2609
2026-04-30 00:38:36.245 131214 DEBUG oslo_service.service [req-f930454f-6b00-4119-a170-46e02610eacb - - - - -] cinder.insecure = False log_opt_values /usr/lib/python3/dist-packages/oslo_config/cfg.py:2609
2026-04-30 00:38:36.245 131214 DEBUG oslo_service.service [req-f930454f-6b00-4119-a170-46e02610eacb - - - - -] cinder.keyfile = None log_opt_values /usr/lib/python3/dist-packages/oslo_config/cfg.py:2609
2026-04-30 00:38:36.245 131214 DEBUG oslo_service.service [req-f930454f-6b00-4119-a170-46e02610eacb - - - - -] cinder.os_region_name = None log_opt_values /usr/lib/python3/dist-packages/oslo_config/cfg.py:2609
2026-04-30 00:38:36.245 131214 DEBUG oslo_service.service [req-f930454f-6b00-4119-a170-46e02610eacb - - - - -] cinder.split_loggers = False log_opt_values /usr/lib/python3/dist-packages/oslo_config/cfg.py:2609
2026-04-30 00:38:36.246 131214 DEBUG oslo_service.service [req-f930454f-6b00-4119-a170-46e02610eacb - - - - -] cinder.timeout = None log_opt_values /usr/lib/python3/dist-packages/oslo_config/cfg.py:2609
2026-04-30 00:38:36.246 131214 DEBUG oslo_service.service [req-f930454f-6b00-4119-a170-46e02610eacb - - - - -] compute.consecutive_build_service_disable_threshold = 10 log_opt_values /usr/lib/python3/dist-packages/oslo_config/cfg.py:2609
2026-04-30 00:38:36.246 131214 DEBUG oslo_service.service [req-f930454f-6b00-4119-a170-46e02610eacb - - - - -] compute.cpu_dedicated_set = None log_opt_values /usr/lib/python3/dist-packages/oslo_config/cfg.py:2609
2026-04-30 00:38:36.246 131214 DEBUG oslo_service.service [req-f930454f-6b00-4119-a170-46e02610eacb - - - - -] compute.cpu_shared_set = None log_opt_values /usr/lib/python3/dist-packages/oslo_config/cfg.py:2609
2026-04-30 00:38:36.246 131214 DEBUG oslo_service.service [req-f930454f-6b00-4119-a170-46e02610eacb - - - - -] compute.image_type_exclude_list = [] log_opt_values /usr/lib/python3/dist-packages/oslo_config/cfg.py:2609
2026-04-30 00:38:36.246 131214 DEBUG oslo_service.service [req-f930454f-6b00-4119-a170-46e02610eacb - - - - -] compute.live_migration_wait_for_vif_plug = True log_opt_values /usr/lib/python3/dist-packages/oslo_config/cfg.py:2609
2026-04-30 00:38:36.247 131214 DEBUG oslo_service.service [req-f930454f-6b00-4119-a170-46e02610eacb - - - - -] compute.max_concurrent_disk_ops = 0 log_opt_values /usr/lib/python3/dist-packages/oslo_config/cfg.py:2609
2026-04-30 00:38:36.247 131214 DEBUG oslo_service.service [req-f930454f-6b00-4119-a170-46e02610eacb - - - - -] compute.max_disk_devices_to_attach = -1 log_opt_values /usr/lib/python3/dist-packages/oslo_config/cfg.py:2609
2026-04-30 00:38:36.247 131214 DEBUG oslo_service.service [req-f930454f-6b00-4119-a170-46e02610eacb - - - - -] compute.packing_host_numa_cells_allocation_strategy = True log_opt_values /usr/lib/python3/dist-packages/oslo_config/cfg.py:2609
2026-04-30 00:38:36.247 131214 DEBUG oslo_service.service [req-f930454f-6b00-4119-a170-46e02610eacb - - - - -] compute.provider_config_location = /etc/nova/provider_config/ log_opt_values /usr/lib/python3/dist-packages/oslo_config/cfg.py:2609
2026-04-30 00:38:36.247 131214 DEBUG oslo_service.service [req-f930454f-6b00-4119-a170-46e02610eacb - - - - -] compute.resource_provider_association_refresh = 300 log_opt_values /usr/lib/python3/dist-packages/oslo_config/cfg.py:2609
2026-04-30 00:38:36.247 131214 DEBUG oslo_service.service [req-f930454f-6b00-4119-a170-46e02610eacb - - - - -] compute.shutdown_retry_interval = 10 log_opt_values /usr/lib/python3/dist-packages/oslo_config/cfg.py:2609
2026-04-30 00:38:36.248 131214 DEBUG oslo_service.service [req-f930454f-6b00-4119-a170-46e02610eacb - - - - -] compute.vmdk_allowed_types = ['streamOptimized', 'monolithicSparse'] log_opt_values /usr/lib/python3/dist-packages/oslo_config/cfg.py:2609
2026-04-30 00:38:36.248 131214 DEBUG oslo_service.service [req-f930454f-6b00-4119-a170-46e02610eacb - - - - -] conductor.workers = 4 log_opt_values /usr/lib/python3/dist-packages/oslo_config/cfg.py:2609
2026-04-30 00:38:36.248 131214 DEBUG oslo_service.service [req-f930454f-6b00-4119-a170-46e02610eacb - - - - -] console.allowed_origins = [] log_opt_values /usr/lib/python3/dist-packages/oslo_config/cfg.py:2609
2026-04-30 00:38:36.248 131214 DEBUG oslo_service.service [req-f930454f-6b00-4119-a170-46e02610eacb - - - - -] console.ssl_ciphers = None log_opt_values /usr/lib/python3/dist-packages/oslo_config/cfg.py:2609
2026-04-30 00:38:36.248 131214 DEBUG oslo_service.service [req-f930454f-6b00-4119-a170-46e02610eacb - - - - -] console.ssl_minimum_version = default log_opt_values /usr/lib/python3/dist-packages/oslo_config/cfg.py:2609
2026-04-30 00:38:36.248 131214 DEBUG oslo_service.service [req-f930454f-6b00-4119-a170-46e02610eacb - - - - -] consoleauth.token_ttl = 600 log_opt_values /usr/lib/python3/dist-packages/oslo_config/cfg.py:2609
2026-04-30 00:38:36.249 131214 DEBUG oslo_service.service [req-f930454f-6b00-4119-a170-46e02610eacb - - - - -] cyborg.cafile = None log_opt_values /usr/lib/python3/dist-packages/oslo_config/cfg.py:2609
2026-04-30 00:38:36.249 131214 DEBUG oslo_service.service [req-f930454f-6b00-4119-a170-46e02610eacb - - - - -] cyborg.certfile = None log_opt_values /usr/lib/python3/dist-packages/oslo_config/cfg.py:2609
2026-04-30 00:38:36.249 131214 DEBUG oslo_service.service [req-f930454f-6b00-4119-a170-46e02610eacb - - - - -] cyborg.collect_timing = False log_opt_values /usr/lib/python3/dist-packages/oslo_config/cfg.py:2609
2026-04-30 00:38:36.249 131214 DEBUG oslo_service.service [req-f930454f-6b00-4119-a170-46e02610eacb - - - - -] cyborg.connect_retries = None log_opt_values /usr/lib/python3/dist-packages/oslo_config/cfg.py:2609
2026-04-30 00:38:36.249 131214 DEBUG oslo_service.service [req-f930454f-6b00-4119-a170-46e02610eacb - - - - -] cyborg.connect_retry_delay = None log_opt_values /usr/lib/python3/dist-packages/oslo_config/cfg.py:2609
2026-04-30 00:38:36.250 131214 DEBUG oslo_service.service [req-f930454f-6b00-4119-a170-46e02610eacb - - - - -] cyborg.endpoint_override = None log_opt_values /usr/lib/python3/dist-packages/oslo_config/cfg.py:2609
2026-04-30 00:38:36.250 131214 DEBUG oslo_service.service [req-f930454f-6b00-4119-a170-46e02610eacb - - - - -] cyborg.insecure = False log_opt_values /usr/lib/python3/dist-packages/oslo_config/cfg.py:2609
2026-04-30 00:38:36.250 131214 DEBUG oslo_service.service [req-f930454f-6b00-4119-a170-46e02610eacb - - - - -] cyborg.keyfile = None log_opt_values /usr/lib/python3/dist-packages/oslo_config/cfg.py:2609
2026-04-30 00:38:36.250 131214 DEBUG oslo_service.service [req-f930454f-6b00-4119-a170-46e02610eacb - - - - -] cyborg.max_version = None log_opt_values /usr/lib/python3/dist-packages/oslo_config/cfg.py:2609
2026-04-30 00:38:36.250 131214 DEBUG oslo_service.service [req-f930454f-6b00-4119-a170-46e02610eacb - - - - -] cyborg.min_version = None log_opt_values /usr/lib/python3/dist-packages/oslo_config/cfg.py:2609
2026-04-30 00:38:36.250 131520 DEBUG oslo_messaging._drivers.amqpdriver [-] Listener is running poll /usr/lib/python3/dist-packages/oslo_messaging/_drivers/amqpdriver.py:343
2026-04-30 00:38:36.250 131214 DEBUG oslo_service.service [req-f930454f-6b00-4119-a170-46e02610eacb - - - - -] cyborg.region_name = None log_opt_values /usr/lib/python3/dist-packages/oslo_config/cfg.py:2609
2026-04-30 00:38:36.251 131214 DEBUG oslo_service.service [req-f930454f-6b00-4119-a170-46e02610eacb - - - - -] cyborg.service_name = None log_opt_values /usr/lib/python3/dist-packages/oslo_config/cfg.py:2609
2026-04-30 00:38:36.251 131520 DEBUG oslo_messaging._drivers.amqpdriver [-] AMQPListener connection consume poll /usr/lib/python3/dist-packages/oslo_messaging/_drivers/amqpdriver.py:357
2026-04-30 00:38:36.251 131214 DEBUG oslo_service.service [req-f930454f-6b00-4119-a170-46e02610eacb - - - - -] cyborg.service_type = accelerator log_opt_values /usr/lib/python3/dist-packages/oslo_config/cfg.py:2609
2026-04-30 00:38:36.251 131214 DEBUG oslo_service.service [req-f930454f-6b00-4119-a170-46e02610eacb - - - - -] cyborg.split_loggers = False log_opt_values /usr/lib/python3/dist-packages/oslo_config/cfg.py:2609
2026-04-30 00:38:36.251 131214 DEBUG oslo_service.service [req-f930454f-6b00-4119-a170-46e02610eacb - - - - -] cyborg.status_code_retries = None log_opt_values /usr/lib/python3/dist-packages/oslo_config/cfg.py:2609
2026-04-30 00:38:36.251 131520 DEBUG nova.service [req-62a95750-1db3-4108-b15b-040b1c13c6cc - - - - -] Join ServiceGroup membership for this service conductor start /usr/lib/python3/dist-packages/nova/service.py:199
2026-04-30 00:38:36.251 131214 DEBUG oslo_service.service [req-f930454f-6b00-4119-a170-46e02610eacb - - - - -] cyborg.status_code_retry_delay = None log_opt_values /usr/lib/python3/dist-packages/oslo_config/cfg.py:2609
2026-04-30 00:38:36.251 131214 DEBUG oslo_service.service [req-f930454f-6b00-4119-a170-46e02610eacb - - - - -] cyborg.timeout = None log_opt_values /usr/lib/python3/dist-packages/oslo_config/cfg.py:2609
2026-04-30 00:38:36.251 131520 DEBUG nova.servicegroup.drivers.db [req-62a95750-1db3-4108-b15b-040b1c13c6cc - - - - -] DB_Driver: join new ServiceGroup member juju-b0b610-0-lxd-7 to the conductor group, service = join /usr/lib/python3/dist-packages/nova/servicegroup/drivers/db.py:44
2026-04-30 00:38:36.252 131214 DEBUG oslo_service.service [req-f930454f-6b00-4119-a170-46e02610eacb - - - - -] cyborg.valid_interfaces = ['internal', 'public'] log_opt_values /usr/lib/python3/dist-packages/oslo_config/cfg.py:2609
2026-04-30 00:38:36.252 131214 DEBUG oslo_service.service [req-f930454f-6b00-4119-a170-46e02610eacb - - - - -] cyborg.version = None log_opt_values /usr/lib/python3/dist-packages/oslo_config/cfg.py:2609
2026-04-30 00:38:36.252 131214 DEBUG oslo_service.service [req-f930454f-6b00-4119-a170-46e02610eacb - - - - -] database.backend = sqlalchemy log_opt_values /usr/lib/python3/dist-packages/oslo_config/cfg.py:2609
2026-04-30 00:38:36.252 131214 DEBUG oslo_service.service [req-f930454f-6b00-4119-a170-46e02610eacb - - - - -] database.connection = **** log_opt_values /usr/lib/python3/dist-packages/oslo_config/cfg.py:2609
2026-04-30 00:38:36.252 131214 DEBUG oslo_service.service [req-f930454f-6b00-4119-a170-46e02610eacb - - - - -] database.connection_debug = 0 log_opt_values /usr/lib/python3/dist-packages/oslo_config/cfg.py:2609
2026-04-30 00:38:36.252 131520 DEBUG oslo_messaging._drivers.amqpdriver [-] received message msg_id: 41f219685ead464491713975680841b9 reply to reply_a77857d56bcc474a8245779286c4b6fd __call__ /usr/lib/python3/dist-packages/oslo_messaging/_drivers/amqpdriver.py:320
2026-04-30 00:38:36.253 131214 DEBUG oslo_service.service [req-f930454f-6b00-4119-a170-46e02610eacb - - - - -] database.connection_parameters = log_opt_values /usr/lib/python3/dist-packages/oslo_config/cfg.py:2609
2026-04-30 00:38:36.253 131214 DEBUG oslo_service.service [req-f930454f-6b00-4119-a170-46e02610eacb - - - - -] database.connection_recycle_time = 3600 log_opt_values /usr/lib/python3/dist-packages/oslo_config/cfg.py:2609
2026-04-30 00:38:36.253 131214 DEBUG oslo_service.service [req-f930454f-6b00-4119-a170-46e02610eacb - - - - -] database.connection_trace = False log_opt_values /usr/lib/python3/dist-packages/oslo_config/cfg.py:2609
2026-04-30 00:38:36.253 131214 DEBUG oslo_service.service [req-f930454f-6b00-4119-a170-46e02610eacb - - - - -] database.db_inc_retry_interval = True log_opt_values /usr/lib/python3/dist-packages/oslo_config/cfg.py:2609
2026-04-30 00:38:36.253 131214 DEBUG oslo_service.service [req-f930454f-6b00-4119-a170-46e02610eacb - - - - -] database.db_max_retries = 20 log_opt_values /usr/lib/python3/dist-packages/oslo_config/cfg.py:2609
2026-04-30 00:38:36.253 131214 DEBUG oslo_service.service [req-f930454f-6b00-4119-a170-46e02610eacb - - - - -] database.db_max_retry_interval = 10 log_opt_values /usr/lib/python3/dist-packages/oslo_config/cfg.py:2609
2026-04-30 00:38:36.254 131214 DEBUG oslo_service.service [req-f930454f-6b00-4119-a170-46e02610eacb - - - - -] database.db_retry_interval = 1 log_opt_values /usr/lib/python3/dist-packages/oslo_config/cfg.py:2609
2026-04-30 00:38:36.254 131214 DEBUG oslo_service.service [req-f930454f-6b00-4119-a170-46e02610eacb - - - - -] database.max_overflow = 50 log_opt_values /usr/lib/python3/dist-packages/oslo_config/cfg.py:2609
2026-04-30 00:38:36.254 131214 DEBUG oslo_service.service [req-f930454f-6b00-4119-a170-46e02610eacb - - - - -] database.max_pool_size = 4 log_opt_values /usr/lib/python3/dist-packages/oslo_config/cfg.py:2609
2026-04-30 00:38:36.254 131214 DEBUG oslo_service.service [req-f930454f-6b00-4119-a170-46e02610eacb - - - - -] database.max_retries = 10 log_opt_values /usr/lib/python3/dist-packages/oslo_config/cfg.py:2609
2026-04-30 00:38:36.254 131214 DEBUG oslo_service.service [req-f930454f-6b00-4119-a170-46e02610eacb - - - - -] database.mysql_enable_ndb = False log_opt_values /usr/lib/python3/dist-packages/oslo_config/cfg.py:2609
2026-04-30 00:38:36.254 131520 DEBUG oslo_messaging._drivers.amqpdriver [-] AMQPListener connection timeout poll /usr/lib/python3/dist-packages/oslo_messaging/_drivers/amqpdriver.py:360
2026-04-30 00:38:36.255 131520 DEBUG oslo_messaging._drivers.amqpdriver [-] Listener is running poll /usr/lib/python3/dist-packages/oslo_messaging/_drivers/amqpdriver.py:343
2026-04-30 00:38:36.255 131214 DEBUG oslo_service.service [req-f930454f-6b00-4119-a170-46e02610eacb - - - - -] database.mysql_sql_mode = TRADITIONAL log_opt_values /usr/lib/python3/dist-packages/oslo_config/cfg.py:2609
2026-04-30 00:38:36.255 131520 DEBUG oslo_messaging._drivers.amqpdriver [-] Poll the incoming message with unique_id: ee6c093220dc43f79ed0180568354f80 poll /usr/lib/python3/dist-packages/oslo_messaging/_drivers/amqpdriver.py:346
2026-04-30 00:38:36.255 131214 DEBUG oslo_service.service [req-f930454f-6b00-4119-a170-46e02610eacb - - - - -] database.pool_timeout = None log_opt_values /usr/lib/python3/dist-packages/oslo_config/cfg.py:2609
2026-04-30 00:38:36.255 131214 DEBUG oslo_service.service [req-f930454f-6b00-4119-a170-46e02610eacb - - - - -] database.retry_interval = 10 log_opt_values /usr/lib/python3/dist-packages/oslo_config/cfg.py:2609
2026-04-30 00:38:36.255 131520 DEBUG oslo_messaging._drivers.amqpdriver [-] Listener is running poll /usr/lib/python3/dist-packages/oslo_messaging/_drivers/amqpdriver.py:343
2026-04-30 00:38:36.255 131214 DEBUG oslo_service.service [req-f930454f-6b00-4119-a170-46e02610eacb - - - - -] database.slave_connection = **** log_opt_values /usr/lib/python3/dist-packages/oslo_config/cfg.py:2609
2026-04-30 00:38:36.255 131520 DEBUG oslo_messaging._drivers.amqpdriver [-] AMQPListener connection consume poll /usr/lib/python3/dist-packages/oslo_messaging/_drivers/amqpdriver.py:357
2026-04-30 00:38:36.255 131214 DEBUG oslo_service.service [req-f930454f-6b00-4119-a170-46e02610eacb - - - - -] database.sqlite_synchronous = True log_opt_values /usr/lib/python3/dist-packages/oslo_config/cfg.py:2609
2026-04-30 00:38:36.255 131214 DEBUG oslo_service.service [req-f930454f-6b00-4119-a170-46e02610eacb - - - - -] database.use_db_reconnect = False log_opt_values /usr/lib/python3/dist-packages/oslo_config/cfg.py:2609
2026-04-30 00:38:36.256 131214 DEBUG oslo_service.service [req-f930454f-6b00-4119-a170-46e02610eacb - - - - -] api_database.backend = sqlalchemy log_opt_values /usr/lib/python3/dist-packages/oslo_config/cfg.py:2609
2026-04-30 00:38:36.256 131214 DEBUG oslo_service.service [req-f930454f-6b00-4119-a170-46e02610eacb - - - - -] api_database.connection = **** log_opt_values /usr/lib/python3/dist-packages/oslo_config/cfg.py:2609
2026-04-30 00:38:36.256 131214 DEBUG oslo_service.service [req-f930454f-6b00-4119-a170-46e02610eacb - - - - -] api_database.connection_debug = 0 log_opt_values /usr/lib/python3/dist-packages/oslo_config/cfg.py:2609
2026-04-30 00:38:36.256 131214 DEBUG oslo_service.service [req-f930454f-6b00-4119-a170-46e02610eacb - - - - -] api_database.connection_parameters = log_opt_values /usr/lib/python3/dist-packages/oslo_config/cfg.py:2609
2026-04-30 00:38:36.256 131214 DEBUG oslo_service.service [req-f930454f-6b00-4119-a170-46e02610eacb - - - - -] api_database.connection_recycle_time = 3600 log_opt_values /usr/lib/python3/dist-packages/oslo_config/cfg.py:2609
2026-04-30 00:38:36.256 131214 DEBUG oslo_service.service [req-f930454f-6b00-4119-a170-46e02610eacb - - - - -] api_database.connection_trace = False log_opt_values /usr/lib/python3/dist-packages/oslo_config/cfg.py:2609
2026-04-30 00:38:36.257 131214 DEBUG oslo_service.service [req-f930454f-6b00-4119-a170-46e02610eacb - - - - -] api_database.db_inc_retry_interval = True log_opt_values /usr/lib/python3/dist-packages/oslo_config/cfg.py:2609
2026-04-30 00:38:36.257 131214 DEBUG oslo_service.service [req-f930454f-6b00-4119-a170-46e02610eacb - - - - -] api_database.db_max_retries = 20 log_opt_values /usr/lib/python3/dist-packages/oslo_config/cfg.py:2609
2026-04-30 00:38:36.257 131214 DEBUG oslo_service.service [req-f930454f-6b00-4119-a170-46e02610eacb - - - - -] api_database.db_max_retry_interval = 10 log_opt_values /usr/lib/python3/dist-packages/oslo_config/cfg.py:2609
2026-04-30 00:38:36.257 131214 DEBUG oslo_service.service [req-f930454f-6b00-4119-a170-46e02610eacb - - - - -] api_database.db_retry_interval = 1 log_opt_values /usr/lib/python3/dist-packages/oslo_config/cfg.py:2609
2026-04-30 00:38:36.257 131214 DEBUG oslo_service.service [req-f930454f-6b00-4119-a170-46e02610eacb - - - - -] api_database.max_overflow = 50 log_opt_values /usr/lib/python3/dist-packages/oslo_config/cfg.py:2609
2026-04-30 00:38:36.257 131214 DEBUG oslo_service.service [req-f930454f-6b00-4119-a170-46e02610eacb - - - - -] api_database.max_pool_size = 4 log_opt_values /usr/lib/python3/dist-packages/oslo_config/cfg.py:2609
2026-04-30 00:38:36.258 131214 DEBUG oslo_service.service [req-f930454f-6b00-4119-a170-46e02610eacb - - - - -] api_database.max_retries = 10 log_opt_values /usr/lib/python3/dist-packages/oslo_config/cfg.py:2609
2026-04-30 00:38:36.258 131214 DEBUG oslo_service.service [req-f930454f-6b00-4119-a170-46e02610eacb - - - - -] api_database.mysql_enable_ndb = False log_opt_values /usr/lib/python3/dist-packages/oslo_config/cfg.py:2609
2026-04-30 00:38:36.258 131214 DEBUG oslo_service.service [req-f930454f-6b00-4119-a170-46e02610eacb - - - - -] api_database.mysql_sql_mode = TRADITIONAL log_opt_values /usr/lib/python3/dist-packages/oslo_config/cfg.py:2609
2026-04-30 00:38:36.258 131214 DEBUG oslo_service.service [req-f930454f-6b00-4119-a170-46e02610eacb - - - - -] api_database.pool_timeout = None log_opt_values /usr/lib/python3/dist-packages/oslo_config/cfg.py:2609
2026-04-30 00:38:36.258 131214 DEBUG oslo_service.service [req-f930454f-6b00-4119-a170-46e02610eacb - - - - -] api_database.retry_interval = 10 log_opt_values /usr/lib/python3/dist-packages/oslo_config/cfg.py:2609
2026-04-30 00:38:36.258 131214 DEBUG oslo_service.service [req-f930454f-6b00-4119-a170-46e02610eacb - - - - -] api_database.slave_connection = **** log_opt_values /usr/lib/python3/dist-packages/oslo_config/cfg.py:2609
2026-04-30 00:38:36.257 131522 DEBUG oslo_messaging._drivers.amqpdriver [-] Listener is running poll /usr/lib/python3/dist-packages/oslo_messaging/_drivers/amqpdriver.py:343
2026-04-30 00:38:36.259 131214 DEBUG oslo_service.service [req-f930454f-6b00-4119-a170-46e02610eacb - - - - -] api_database.sqlite_synchronous = True log_opt_values /usr/lib/python3/dist-packages/oslo_config/cfg.py:2609
2026-04-30 00:38:36.259 131214 DEBUG oslo_service.service [req-f930454f-6b00-4119-a170-46e02610eacb - - - - -] devices.enabled_mdev_types = [] log_opt_values /usr/lib/python3/dist-packages/oslo_config/cfg.py:2609
2026-04-30 00:38:36.259 131522 DEBUG oslo_messaging._drivers.amqpdriver [-] AMQPListener connection consume poll /usr/lib/python3/dist-packages/oslo_messaging/_drivers/amqpdriver.py:357
2026-04-30 00:38:36.259 131214 DEBUG oslo_service.service [req-f930454f-6b00-4119-a170-46e02610eacb - - - - -] ephemeral_storage_encryption.cipher = aes-xts-plain64 log_opt_values /usr/lib/python3/dist-packages/oslo_config/cfg.py:2609
2026-04-30 00:38:36.259 131214 DEBUG oslo_service.service [req-f930454f-6b00-4119-a170-46e02610eacb - - - - -] ephemeral_storage_encryption.enabled = False log_opt_values /usr/lib/python3/dist-packages/oslo_config/cfg.py:2609
2026-04-30 00:38:36.259 131214 DEBUG oslo_service.service [req-f930454f-6b00-4119-a170-46e02610eacb - - - - -] ephemeral_storage_encryption.key_size = 512 log_opt_values /usr/lib/python3/dist-packages/oslo_config/cfg.py:2609
2026-04-30 00:38:36.260 131214 WARNING oslo_config.cfg [req-f930454f-6b00-4119-a170-46e02610eacb - - - - -] Deprecated: Option "api_servers" from group "glance" is deprecated for removal ( Support for image service configuration via standard keystoneauth1 Adapter options was added in the 17.0.0 Queens release. The api_servers option was retained temporarily to allow consumers time to cut over to a real load balancing solution. ). Its value may be silently ignored in the future.
2026-04-30 00:38:36.260 131520 DEBUG oslo_messaging._drivers.amqpdriver [req-49fff085-cf9c-4bb4-acb1-f266f11d5081 - - - - -] sending reply msg_id: 41f219685ead464491713975680841b9 reply queue: reply_a77857d56bcc474a8245779286c4b6fd time elapsed: 0.006892037999932654s _send_reply /usr/lib/python3/dist-packages/oslo_messaging/_drivers/amqpdriver.py:118
2026-04-30 00:38:36.260 131214 DEBUG oslo_service.service [req-f930454f-6b00-4119-a170-46e02610eacb - - - - -] glance.api_servers = ['http://252.27.56.176:9292'] log_opt_values /usr/lib/python3/dist-packages/oslo_config/cfg.py:2609
2026-04-30 00:38:36.260 131214 DEBUG oslo_service.service [req-f930454f-6b00-4119-a170-46e02610eacb - - - - -] glance.cafile = None log_opt_values /usr/lib/python3/dist-packages/oslo_config/cfg.py:2609
2026-04-30 00:38:36.260 131522 DEBUG nova.service [req-855d7789-1a20-45e2-b198-5cd87489bcba - - - - -] Join ServiceGroup membership for this service conductor start /usr/lib/python3/dist-packages/nova/service.py:199
2026-04-30 00:38:36.260 131214 DEBUG oslo_service.service [req-f930454f-6b00-4119-a170-46e02610eacb - - - - -] glance.certfile = None log_opt_values /usr/lib/python3/dist-packages/oslo_config/cfg.py:2609
2026-04-30 00:38:36.260 131214 DEBUG oslo_service.service [req-f930454f-6b00-4119-a170-46e02610eacb - - - - -] glance.collect_timing = False log_opt_values /usr/lib/python3/dist-packages/oslo_config/cfg.py:2609
2026-04-30 00:38:36.260 131522 DEBUG nova.servicegroup.drivers.db [req-855d7789-1a20-45e2-b198-5cd87489bcba - - - - -] DB_Driver: join new ServiceGroup member juju-b0b610-0-lxd-7 to the conductor group, service = join /usr/lib/python3/dist-packages/nova/servicegroup/drivers/db.py:44
2026-04-30 00:38:36.261 131214 DEBUG oslo_service.service [req-f930454f-6b00-4119-a170-46e02610eacb - - - - -] glance.connect_retries = None log_opt_values /usr/lib/python3/dist-packages/oslo_config/cfg.py:2609
2026-04-30 00:38:36.261 131214 DEBUG oslo_service.service [req-f930454f-6b00-4119-a170-46e02610eacb - - - - -] glance.connect_retry_delay = None log_opt_values /usr/lib/python3/dist-packages/oslo_config/cfg.py:2609
2026-04-30 00:38:36.261 131214 DEBUG oslo_service.service [req-f930454f-6b00-4119-a170-46e02610eacb - - - - -] glance.debug = False log_opt_values /usr/lib/python3/dist-packages/oslo_config/cfg.py:2609
2026-04-30 00:38:36.261 131214 DEBUG oslo_service.service [req-f930454f-6b00-4119-a170-46e02610eacb - - - - -] glance.default_trusted_certificate_ids = [] log_opt_values /usr/lib/python3/dist-packages/oslo_config/cfg.py:2609
2026-04-30 00:38:36.261 131214 DEBUG oslo_service.service [req-f930454f-6b00-4119-a170-46e02610eacb - - - - -] glance.enable_certificate_validation = False log_opt_values /usr/lib/python3/dist-packages/oslo_config/cfg.py:2609
2026-04-30 00:38:36.261 131214 DEBUG oslo_service.service [req-f930454f-6b00-4119-a170-46e02610eacb - - - - -] glance.enable_rbd_download = False log_opt_values /usr/lib/python3/dist-packages/oslo_config/cfg.py:2609
2026-04-30 00:38:36.262 131214 DEBUG oslo_service.service [req-f930454f-6b00-4119-a170-46e02610eacb - - - - -] glance.endpoint_override = None log_opt_values /usr/lib/python3/dist-packages/oslo_config/cfg.py:2609
2026-04-30 00:38:36.262 131214 DEBUG oslo_service.service [req-f930454f-6b00-4119-a170-46e02610eacb - - - - -] glance.insecure = False log_opt_values /usr/lib/python3/dist-packages/oslo_config/cfg.py:2609
2026-04-30 00:38:36.262 131214 DEBUG oslo_service.service [req-f930454f-6b00-4119-a170-46e02610eacb - - - - -] glance.keyfile = None log_opt_values /usr/lib/python3/dist-packages/oslo_config/cfg.py:2609
2026-04-30 00:38:36.262 131214 DEBUG oslo_service.service [req-f930454f-6b00-4119-a170-46e02610eacb - - - - -] glance.max_version = None log_opt_values /usr/lib/python3/dist-packages/oslo_config/cfg.py:2609
2026-04-30 00:38:36.262 131214 DEBUG oslo_service.service [req-f930454f-6b00-4119-a170-46e02610eacb - - - - -] glance.min_version = None log_opt_values /usr/lib/python3/dist-packages/oslo_config/cfg.py:2609
2026-04-30 00:38:36.262 131214 DEBUG oslo_service.service [req-f930454f-6b00-4119-a170-46e02610eacb - - - - -] glance.num_retries = 3 log_opt_values /usr/lib/python3/dist-packages/oslo_config/cfg.py:2609
2026-04-30 00:38:36.262 131214 DEBUG oslo_service.service [req-f930454f-6b00-4119-a170-46e02610eacb - - - - -] glance.rbd_ceph_conf = log_opt_values /usr/lib/python3/dist-packages/oslo_config/cfg.py:2609
2026-04-30 00:38:36.263 131214 DEBUG oslo_service.service [req-f930454f-6b00-4119-a170-46e02610eacb - - - - -] glance.rbd_connect_timeout = 5 log_opt_values /usr/lib/python3/dist-packages/oslo_config/cfg.py:2609
2026-04-30 00:38:36.263 131214 DEBUG oslo_service.service [req-f930454f-6b00-4119-a170-46e02610eacb - - - - -] glance.rbd_pool = log_opt_values /usr/lib/python3/dist-packages/oslo_config/cfg.py:2609
2026-04-30 00:38:36.263 131522 DEBUG oslo_messaging._drivers.amqpdriver [-] AMQPListener connection timeout poll /usr/lib/python3/dist-packages/oslo_messaging/_drivers/amqpdriver.py:360
2026-04-30 00:38:36.263 131214 DEBUG oslo_service.service [req-f930454f-6b00-4119-a170-46e02610eacb - - - - -] glance.rbd_user = log_opt_values /usr/lib/python3/dist-packages/oslo_config/cfg.py:2609
2026-04-30 00:38:36.263 131522 DEBUG oslo_messaging._drivers.amqpdriver [-] Listener is running poll /usr/lib/python3/dist-packages/oslo_messaging/_drivers/amqpdriver.py:343
2026-04-30 00:38:36.263 131214 DEBUG oslo_service.service [req-f930454f-6b00-4119-a170-46e02610eacb - - - - -] glance.region_name = None log_opt_values /usr/lib/python3/dist-packages/oslo_config/cfg.py:2609
2026-04-30 00:38:36.263 131522 DEBUG oslo_messaging._drivers.amqpdriver [-] AMQPListener connection consume poll /usr/lib/python3/dist-packages/oslo_messaging/_drivers/amqpdriver.py:357
2026-04-30 00:38:36.263 131214 DEBUG oslo_service.service [req-f930454f-6b00-4119-a170-46e02610eacb - - - - -] glance.service_name = None log_opt_values /usr/lib/python3/dist-packages/oslo_config/cfg.py:2609
2026-04-30 00:38:36.263 131214 DEBUG oslo_service.service [req-f930454f-6b00-4119-a170-46e02610eacb - - - - -] glance.service_type = image log_opt_values /usr/lib/python3/dist-packages/oslo_config/cfg.py:2609
2026-04-30 00:38:36.264 131214 DEBUG oslo_service.service [req-f930454f-6b00-4119-a170-46e02610eacb - - - - -] glance.split_loggers = False log_opt_values /usr/lib/python3/dist-packages/oslo_config/cfg.py:2609
2026-04-30 00:38:36.264 131214 DEBUG oslo_service.service [req-f930454f-6b00-4119-a170-46e02610eacb - - - - -] glance.status_code_retries = None log_opt_values /usr/lib/python3/dist-packages/oslo_config/cfg.py:2609
2026-04-30 00:38:36.264 131214 DEBUG oslo_service.service [req-f930454f-6b00-4119-a170-46e02610eacb - - - - -] glance.status_code_retry_delay = None log_opt_values /usr/lib/python3/dist-packages/oslo_config/cfg.py:2609
2026-04-30 00:38:36.264 131214 DEBUG oslo_service.service [req-f930454f-6b00-4119-a170-46e02610eacb - - - - -] glance.timeout = None log_opt_values /usr/lib/python3/dist-packages/oslo_config/cfg.py:2609
2026-04-30 00:38:36.264 131214 DEBUG oslo_service.service [req-f930454f-6b00-4119-a170-46e02610eacb - - - - -] glance.valid_interfaces = ['internal', 'public'] log_opt_values /usr/lib/python3/dist-packages/oslo_config/cfg.py:2609
2026-04-30 00:38:36.264 131214 DEBUG oslo_service.service [req-f930454f-6b00-4119-a170-46e02610eacb - - - - -] glance.verify_glance_signatures = False log_opt_values /usr/lib/python3/dist-packages/oslo_config/cfg.py:2609
2026-04-30 00:38:36.265 131214 DEBUG oslo_service.service [req-f930454f-6b00-4119-a170-46e02610eacb - - - - -] glance.version = None log_opt_values /usr/lib/python3/dist-packages/oslo_config/cfg.py:2609
2026-04-30 00:38:36.265 131214 DEBUG oslo_service.service [req-f930454f-6b00-4119-a170-46e02610eacb - - - - -] guestfs.debug = False log_opt_values /usr/lib/python3/dist-packages/oslo_config/cfg.py:2609
2026-04-30 00:38:36.265 131214 DEBUG oslo_service.service [req-f930454f-6b00-4119-a170-46e02610eacb - - - - -] hyperv.config_drive_cdrom = False log_opt_values /usr/lib/python3/dist-packages/oslo_config/cfg.py:2609
2026-04-30 00:38:36.265 131214 DEBUG oslo_service.service [req-f930454f-6b00-4119-a170-46e02610eacb - - - - -] hyperv.config_drive_inject_password = False log_opt_values /usr/lib/python3/dist-packages/oslo_config/cfg.py:2609
2026-04-30 00:38:36.265 131214 DEBUG oslo_service.service [req-f930454f-6b00-4119-a170-46e02610eacb - - - - -] hyperv.dynamic_memory_ratio = 1.0 log_opt_values /usr/lib/python3/dist-packages/oslo_config/cfg.py:2609
2026-04-30 00:38:36.265 131214 DEBUG oslo_service.service [req-f930454f-6b00-4119-a170-46e02610eacb - - - - -] hyperv.enable_instance_metrics_collection = False log_opt_values /usr/lib/python3/dist-packages/oslo_config/cfg.py:2609
2026-04-30 00:38:36.266 131214 DEBUG oslo_service.service [req-f930454f-6b00-4119-a170-46e02610eacb - - - - -] hyperv.enable_remotefx = False log_opt_values /usr/lib/python3/dist-packages/oslo_config/cfg.py:2609
2026-04-30 00:38:36.266 131214 DEBUG oslo_service.service [req-f930454f-6b00-4119-a170-46e02610eacb - - - - -] hyperv.instances_path_share = log_opt_values /usr/lib/python3/dist-packages/oslo_config/cfg.py:2609
2026-04-30 00:38:36.266 131214 DEBUG oslo_service.service [req-f930454f-6b00-4119-a170-46e02610eacb - - - - -] hyperv.iscsi_initiator_list = [] log_opt_values /usr/lib/python3/dist-packages/oslo_config/cfg.py:2609
2026-04-30 00:38:36.266 131214 DEBUG oslo_service.service [req-f930454f-6b00-4119-a170-46e02610eacb - - - - -] hyperv.limit_cpu_features = False log_opt_values /usr/lib/python3/dist-packages/oslo_config/cfg.py:2609
2026-04-30 00:38:36.266 131214 DEBUG oslo_service.service [req-f930454f-6b00-4119-a170-46e02610eacb - - - - -] hyperv.mounted_disk_query_retry_count = 10 log_opt_values /usr/lib/python3/dist-packages/oslo_config/cfg.py:2609
2026-04-30 00:38:36.266 131214 DEBUG oslo_service.service [req-f930454f-6b00-4119-a170-46e02610eacb - - - - -] hyperv.mounted_disk_query_retry_interval = 5 log_opt_values /usr/lib/python3/dist-packages/oslo_config/cfg.py:2609
2026-04-30 00:38:36.267 131214 DEBUG oslo_service.service [req-f930454f-6b00-4119-a170-46e02610eacb - - - - -] hyperv.power_state_check_timeframe = 60 log_opt_values /usr/lib/python3/dist-packages/oslo_config/cfg.py:2609
2026-04-30 00:38:36.267 131214 DEBUG oslo_service.service [req-f930454f-6b00-4119-a170-46e02610eacb - - - - -] hyperv.power_state_event_polling_interval = 2 log_opt_values /usr/lib/python3/dist-packages/oslo_config/cfg.py:2609
2026-04-30 00:38:36.267 131214 DEBUG oslo_service.service [req-f930454f-6b00-4119-a170-46e02610eacb - - - - -] hyperv.qemu_img_cmd = qemu-img.exe log_opt_values /usr/lib/python3/dist-packages/oslo_config/cfg.py:2609
2026-04-30 00:38:36.267 131214 DEBUG oslo_service.service [req-f930454f-6b00-4119-a170-46e02610eacb - - - - -] hyperv.use_multipath_io = False log_opt_values /usr/lib/python3/dist-packages/oslo_config/cfg.py:2609
2026-04-30 00:38:36.267 131214 DEBUG oslo_service.service [req-f930454f-6b00-4119-a170-46e02610eacb - - - - -] hyperv.volume_attach_retry_count = 10 log_opt_values /usr/lib/python3/dist-packages/oslo_config/cfg.py:2609
2026-04-30 00:38:36.267 131214 DEBUG oslo_service.service [req-f930454f-6b00-4119-a170-46e02610eacb - - - - -] hyperv.volume_attach_retry_interval = 5 log_opt_values /usr/lib/python3/dist-packages/oslo_config/cfg.py:2609
2026-04-30 00:38:36.268 131214 DEBUG oslo_service.service [req-f930454f-6b00-4119-a170-46e02610eacb - - - - -] hyperv.vswitch_name = None log_opt_values /usr/lib/python3/dist-packages/oslo_config/cfg.py:2609
2026-04-30 00:38:36.268 131214 DEBUG oslo_service.service [req-f930454f-6b00-4119-a170-46e02610eacb - - - - -] hyperv.wait_soft_reboot_seconds = 60 log_opt_values /usr/lib/python3/dist-packages/oslo_config/cfg.py:2609
2026-04-30 00:38:36.268 131214 DEBUG oslo_service.service [req-f930454f-6b00-4119-a170-46e02610eacb - - - - -] mks.enabled = False log_opt_values /usr/lib/python3/dist-packages/oslo_config/cfg.py:2609
2026-04-30 00:38:36.269 131214 DEBUG oslo_service.service [req-f930454f-6b00-4119-a170-46e02610eacb - - - - -] mks.mksproxy_base_url = http://127.0.0.1:6090/ log_opt_values /usr/lib/python3/dist-packages/oslo_config/cfg.py:2609
2026-04-30 00:38:36.270 131214 DEBUG oslo_service.service [req-f930454f-6b00-4119-a170-46e02610eacb - - - - -] image_cache.manager_interval = 2400 log_opt_values /usr/lib/python3/dist-packages/oslo_config/cfg.py:2609
2026-04-30 00:38:36.270 131214 DEBUG oslo_service.service [req-f930454f-6b00-4119-a170-46e02610eacb - - - - -] image_cache.precache_concurrency = 1 log_opt_values /usr/lib/python3/dist-packages/oslo_config/cfg.py:2609
2026-04-30 00:38:36.270 131521 DEBUG oslo_messaging._drivers.amqpdriver [-] Listener is running poll /usr/lib/python3/dist-packages/oslo_messaging/_drivers/amqpdriver.py:343
2026-04-30 00:38:36.270 131521 DEBUG oslo_messaging._drivers.amqpdriver [-] AMQPListener connection consume poll /usr/lib/python3/dist-packages/oslo_messaging/_drivers/amqpdriver.py:357
2026-04-30 00:38:36.270 131214 DEBUG oslo_service.service [req-f930454f-6b00-4119-a170-46e02610eacb - - - - -] image_cache.remove_unused_base_images = True log_opt_values /usr/lib/python3/dist-packages/oslo_config/cfg.py:2609
2026-04-30 00:38:36.271 131214 DEBUG oslo_service.service [req-f930454f-6b00-4119-a170-46e02610eacb - - - - -] image_cache.remove_unused_original_minimum_age_seconds = 86400 log_opt_values /usr/lib/python3/dist-packages/oslo_config/cfg.py:2609
2026-04-30 00:38:36.271 131214 DEBUG oslo_service.service [req-f930454f-6b00-4119-a170-46e02610eacb - - - - -] image_cache.remove_unused_resized_minimum_age_seconds = 3600 log_opt_values /usr/lib/python3/dist-packages/oslo_config/cfg.py:2609
