2026-04-30 00:38:24.750 125693 DEBUG oslo_service.service [req-69687665-8025-4619-b461-9a26cf4fbce1 - - - - -] cache.memcache_pool_unused_timeout = 60 log_opt_values /usr/lib/python3/dist-packages/oslo_config/cfg.py:2609
2026-04-30 00:38:24.750 125693 DEBUG oslo_service.service [req-69687665-8025-4619-b461-9a26cf4fbce1 - - - - -] cache.memcache_servers = ['localhost:11211'] log_opt_values /usr/lib/python3/dist-packages/oslo_config/cfg.py:2609
2026-04-30 00:38:24.750 125693 DEBUG oslo_service.service [req-69687665-8025-4619-b461-9a26cf4fbce1 - - - - -] cache.memcache_socket_timeout = 1.0 log_opt_values /usr/lib/python3/dist-packages/oslo_config/cfg.py:2609
2026-04-30 00:38:24.752 125693 DEBUG oslo_service.service [req-69687665-8025-4619-b461-9a26cf4fbce1 - - - - -] cache.proxies = [] log_opt_values /usr/lib/python3/dist-packages/oslo_config/cfg.py:2609
2026-04-30 00:38:24.752 125693 DEBUG oslo_service.service [req-69687665-8025-4619-b461-9a26cf4fbce1 - - - - -] cache.tls_allowed_ciphers = None log_opt_values /usr/lib/python3/dist-packages/oslo_config/cfg.py:2609
2026-04-30 00:38:24.752 125693 DEBUG oslo_service.service [req-69687665-8025-4619-b461-9a26cf4fbce1 - - - - -] cache.tls_cafile = None log_opt_values /usr/lib/python3/dist-packages/oslo_config/cfg.py:2609
2026-04-30 00:38:24.753 125693 DEBUG oslo_service.service [req-69687665-8025-4619-b461-9a26cf4fbce1 - - - - -] cache.tls_certfile = None log_opt_values /usr/lib/python3/dist-packages/oslo_config/cfg.py:2609
2026-04-30 00:38:24.753 125693 DEBUG oslo_service.service [req-69687665-8025-4619-b461-9a26cf4fbce1 - - - - -] cache.tls_enabled = False log_opt_values /usr/lib/python3/dist-packages/oslo_config/cfg.py:2609
2026-04-30 00:38:24.753 125693 DEBUG oslo_service.service [req-69687665-8025-4619-b461-9a26cf4fbce1 - - - - -] cache.tls_keyfile = None log_opt_values /usr/lib/python3/dist-packages/oslo_config/cfg.py:2609
2026-04-30 00:38:24.754 125693 DEBUG oslo_service.service [req-69687665-8025-4619-b461-9a26cf4fbce1 - - - - -] cinder.auth_section = None log_opt_values /usr/lib/python3/dist-packages/oslo_config/cfg.py:2609
2026-04-30 00:38:24.754 125693 DEBUG oslo_service.service [req-69687665-8025-4619-b461-9a26cf4fbce1 - - - - -] cinder.auth_type = None log_opt_values /usr/lib/python3/dist-packages/oslo_config/cfg.py:2609
2026-04-30 00:38:24.754 125693 DEBUG oslo_service.service [req-69687665-8025-4619-b461-9a26cf4fbce1 - - - - -] cinder.cafile = None log_opt_values /usr/lib/python3/dist-packages/oslo_config/cfg.py:2609
2026-04-30 00:38:24.754 125693 DEBUG oslo_service.service [req-69687665-8025-4619-b461-9a26cf4fbce1 - - - - -] cinder.catalog_info = volumev3::publicURL log_opt_values /usr/lib/python3/dist-packages/oslo_config/cfg.py:2609
2026-04-30 00:38:24.754 125693 DEBUG oslo_service.service [req-69687665-8025-4619-b461-9a26cf4fbce1 - - - - -] cinder.certfile = None log_opt_values /usr/lib/python3/dist-packages/oslo_config/cfg.py:2609
2026-04-30 00:38:24.755 125693 DEBUG oslo_service.service [req-69687665-8025-4619-b461-9a26cf4fbce1 - - - - -] cinder.collect_timing = False log_opt_values /usr/lib/python3/dist-packages/oslo_config/cfg.py:2609
2026-04-30 00:38:24.755 125693 DEBUG oslo_service.service [req-69687665-8025-4619-b461-9a26cf4fbce1 - - - - -] cinder.cross_az_attach = True log_opt_values /usr/lib/python3/dist-packages/oslo_config/cfg.py:2609
2026-04-30 00:38:24.755 125693 DEBUG oslo_service.service [req-69687665-8025-4619-b461-9a26cf4fbce1 - - - - -] cinder.debug = False log_opt_values /usr/lib/python3/dist-packages/oslo_config/cfg.py:2609
2026-04-30 00:38:24.755 125693 DEBUG oslo_service.service [req-69687665-8025-4619-b461-9a26cf4fbce1 - - - - -] cinder.endpoint_template = None log_opt_values /usr/lib/python3/dist-packages/oslo_config/cfg.py:2609
2026-04-30 00:38:24.755 125693 DEBUG oslo_service.service [req-69687665-8025-4619-b461-9a26cf4fbce1 - - - - -] cinder.http_retries = 3 log_opt_values /usr/lib/python3/dist-packages/oslo_config/cfg.py:2609
2026-04-30 00:38:24.755 125693 DEBUG oslo_service.service [req-69687665-8025-4619-b461-9a26cf4fbce1 - - - - -] cinder.insecure = False log_opt_values /usr/lib/python3/dist-packages/oslo_config/cfg.py:2609
2026-04-30 00:38:24.755 125693 DEBUG oslo_service.service [req-69687665-8025-4619-b461-9a26cf4fbce1 - - - - -] cinder.keyfile = None log_opt_values /usr/lib/python3/dist-packages/oslo_config/cfg.py:2609
2026-04-30 00:38:24.756 125693 DEBUG oslo_service.service [req-69687665-8025-4619-b461-9a26cf4fbce1 - - - - -] cinder.os_region_name = None log_opt_values /usr/lib/python3/dist-packages/oslo_config/cfg.py:2609
2026-04-30 00:38:24.756 125693 DEBUG oslo_service.service [req-69687665-8025-4619-b461-9a26cf4fbce1 - - - - -] cinder.split_loggers = False log_opt_values /usr/lib/python3/dist-packages/oslo_config/cfg.py:2609
2026-04-30 00:38:24.756 125693 DEBUG oslo_service.service [req-69687665-8025-4619-b461-9a26cf4fbce1 - - - - -] cinder.timeout = None log_opt_values /usr/lib/python3/dist-packages/oslo_config/cfg.py:2609
2026-04-30 00:38:24.756 125693 DEBUG oslo_service.service [req-69687665-8025-4619-b461-9a26cf4fbce1 - - - - -] compute.consecutive_build_service_disable_threshold = 10 log_opt_values /usr/lib/python3/dist-packages/oslo_config/cfg.py:2609
2026-04-30 00:38:24.757 125693 DEBUG oslo_service.service [req-69687665-8025-4619-b461-9a26cf4fbce1 - - - - -] compute.cpu_dedicated_set = None log_opt_values /usr/lib/python3/dist-packages/oslo_config/cfg.py:2609
2026-04-30 00:38:24.757 125693 DEBUG oslo_service.service [req-69687665-8025-4619-b461-9a26cf4fbce1 - - - - -] compute.cpu_shared_set = None log_opt_values /usr/lib/python3/dist-packages/oslo_config/cfg.py:2609
2026-04-30 00:38:24.757 125693 DEBUG oslo_service.service [req-69687665-8025-4619-b461-9a26cf4fbce1 - - - - -] compute.image_type_exclude_list = [] log_opt_values /usr/lib/python3/dist-packages/oslo_config/cfg.py:2609
2026-04-30 00:38:24.757 125693 DEBUG oslo_service.service [req-69687665-8025-4619-b461-9a26cf4fbce1 - - - - -] compute.live_migration_wait_for_vif_plug = True log_opt_values /usr/lib/python3/dist-packages/oslo_config/cfg.py:2609
2026-04-30 00:38:24.757 125693 DEBUG oslo_service.service [req-69687665-8025-4619-b461-9a26cf4fbce1 - - - - -] compute.max_concurrent_disk_ops = 0 log_opt_values /usr/lib/python3/dist-packages/oslo_config/cfg.py:2609
2026-04-30 00:38:24.757 125693 DEBUG oslo_service.service [req-69687665-8025-4619-b461-9a26cf4fbce1 - - - - -] compute.max_disk_devices_to_attach = -1 log_opt_values /usr/lib/python3/dist-packages/oslo_config/cfg.py:2609
2026-04-30 00:38:24.758 125693 DEBUG oslo_service.service [req-69687665-8025-4619-b461-9a26cf4fbce1 - - - - -] compute.packing_host_numa_cells_allocation_strategy = True log_opt_values /usr/lib/python3/dist-packages/oslo_config/cfg.py:2609
2026-04-30 00:38:24.758 125693 DEBUG oslo_service.service [req-69687665-8025-4619-b461-9a26cf4fbce1 - - - - -] compute.provider_config_location = /etc/nova/provider_config/ log_opt_values /usr/lib/python3/dist-packages/oslo_config/cfg.py:2609
2026-04-30 00:38:24.758 125693 DEBUG oslo_service.service [req-69687665-8025-4619-b461-9a26cf4fbce1 - - - - -] compute.resource_provider_association_refresh = 300 log_opt_values /usr/lib/python3/dist-packages/oslo_config/cfg.py:2609
2026-04-30 00:38:24.759 125693 DEBUG oslo_service.service [req-69687665-8025-4619-b461-9a26cf4fbce1 - - - - -] compute.shutdown_retry_interval = 10 log_opt_values /usr/lib/python3/dist-packages/oslo_config/cfg.py:2609
2026-04-30 00:38:24.759 125693 DEBUG oslo_service.service [req-69687665-8025-4619-b461-9a26cf4fbce1 - - - - -] compute.vmdk_allowed_types = ['streamOptimized', 'monolithicSparse'] log_opt_values /usr/lib/python3/dist-packages/oslo_config/cfg.py:2609
2026-04-30 00:38:24.759 125693 DEBUG oslo_service.service [req-69687665-8025-4619-b461-9a26cf4fbce1 - - - - -] conductor.workers = 4 log_opt_values /usr/lib/python3/dist-packages/oslo_config/cfg.py:2609
2026-04-30 00:38:24.759 125693 DEBUG oslo_service.service [req-69687665-8025-4619-b461-9a26cf4fbce1 - - - - -] console.allowed_origins = [] log_opt_values /usr/lib/python3/dist-packages/oslo_config/cfg.py:2609
2026-04-30 00:38:24.759 125693 DEBUG oslo_service.service [req-69687665-8025-4619-b461-9a26cf4fbce1 - - - - -] console.ssl_ciphers = None log_opt_values /usr/lib/python3/dist-packages/oslo_config/cfg.py:2609
2026-04-30 00:38:24.760 125693 DEBUG oslo_service.service [req-69687665-8025-4619-b461-9a26cf4fbce1 - - - - -] console.ssl_minimum_version = default log_opt_values /usr/lib/python3/dist-packages/oslo_config/cfg.py:2609
2026-04-30 00:38:24.760 125693 DEBUG oslo_service.service [req-69687665-8025-4619-b461-9a26cf4fbce1 - - - - -] consoleauth.token_ttl = 600 log_opt_values /usr/lib/python3/dist-packages/oslo_config/cfg.py:2609
2026-04-30 00:38:24.761 125693 DEBUG oslo_service.service [req-69687665-8025-4619-b461-9a26cf4fbce1 - - - - -] cyborg.cafile = None log_opt_values /usr/lib/python3/dist-packages/oslo_config/cfg.py:2609
2026-04-30 00:38:24.762 125693 DEBUG oslo_service.service [req-69687665-8025-4619-b461-9a26cf4fbce1 - - - - -] cyborg.certfile = None log_opt_values /usr/lib/python3/dist-packages/oslo_config/cfg.py:2609
2026-04-30 00:38:24.762 125693 DEBUG oslo_service.service [req-69687665-8025-4619-b461-9a26cf4fbce1 - - - - -] cyborg.collect_timing = False log_opt_values /usr/lib/python3/dist-packages/oslo_config/cfg.py:2609
2026-04-30 00:38:24.762 125693 DEBUG oslo_service.service [req-69687665-8025-4619-b461-9a26cf4fbce1 - - - - -] cyborg.connect_retries = None log_opt_values /usr/lib/python3/dist-packages/oslo_config/cfg.py:2609
2026-04-30 00:38:24.766 125693 DEBUG oslo_service.service [req-69687665-8025-4619-b461-9a26cf4fbce1 - - - - -] cyborg.connect_retry_delay = None log_opt_values /usr/lib/python3/dist-packages/oslo_config/cfg.py:2609
2026-04-30 00:38:24.765 127839 DEBUG nova.service [req-407b3614-ca96-4a44-b47b-b2b326ec5ec7 - - - - -] Creating RPC server for service conductor start /usr/lib/python3/dist-packages/nova/service.py:182
2026-04-30 00:38:24.766 125693 DEBUG oslo_service.service [req-69687665-8025-4619-b461-9a26cf4fbce1 - - - - -] cyborg.endpoint_override = None log_opt_values /usr/lib/python3/dist-packages/oslo_config/cfg.py:2609
2026-04-30 00:38:24.767 125693 DEBUG oslo_service.service [req-69687665-8025-4619-b461-9a26cf4fbce1 - - - - -] cyborg.insecure = False log_opt_values /usr/lib/python3/dist-packages/oslo_config/cfg.py:2609
2026-04-30 00:38:24.768 125693 DEBUG oslo_service.service [req-69687665-8025-4619-b461-9a26cf4fbce1 - - - - -] cyborg.keyfile = None log_opt_values /usr/lib/python3/dist-packages/oslo_config/cfg.py:2609
2026-04-30 00:38:24.768 125693 DEBUG oslo_service.service [req-69687665-8025-4619-b461-9a26cf4fbce1 - - - - -] cyborg.max_version = None log_opt_values /usr/lib/python3/dist-packages/oslo_config/cfg.py:2609
2026-04-30 00:38:24.768 125693 DEBUG oslo_service.service [req-69687665-8025-4619-b461-9a26cf4fbce1 - - - - -] cyborg.min_version = None log_opt_values /usr/lib/python3/dist-packages/oslo_config/cfg.py:2609
2026-04-30 00:38:24.768 125693 DEBUG oslo_service.service [req-69687665-8025-4619-b461-9a26cf4fbce1 - - - - -] cyborg.region_name = None log_opt_values /usr/lib/python3/dist-packages/oslo_config/cfg.py:2609
2026-04-30 00:38:24.768 125693 DEBUG oslo_service.service [req-69687665-8025-4619-b461-9a26cf4fbce1 - - - - -] cyborg.service_name = None log_opt_values /usr/lib/python3/dist-packages/oslo_config/cfg.py:2609
2026-04-30 00:38:24.768 125693 DEBUG oslo_service.service [req-69687665-8025-4619-b461-9a26cf4fbce1 - - - - -] cyborg.service_type = accelerator log_opt_values /usr/lib/python3/dist-packages/oslo_config/cfg.py:2609
2026-04-30 00:38:24.769 125693 DEBUG oslo_service.service [req-69687665-8025-4619-b461-9a26cf4fbce1 - - - - -] cyborg.split_loggers = False log_opt_values /usr/lib/python3/dist-packages/oslo_config/cfg.py:2609
2026-04-30 00:38:24.769 125693 DEBUG oslo_service.service [req-69687665-8025-4619-b461-9a26cf4fbce1 - - - - -] cyborg.status_code_retries = None log_opt_values /usr/lib/python3/dist-packages/oslo_config/cfg.py:2609
2026-04-30 00:38:24.769 125693 DEBUG oslo_service.service [req-69687665-8025-4619-b461-9a26cf4fbce1 - - - - -] cyborg.status_code_retry_delay = None log_opt_values /usr/lib/python3/dist-packages/oslo_config/cfg.py:2609
2026-04-30 00:38:24.769 125693 DEBUG oslo_service.service [req-69687665-8025-4619-b461-9a26cf4fbce1 - - - - -] cyborg.timeout = None log_opt_values /usr/lib/python3/dist-packages/oslo_config/cfg.py:2609
2026-04-30 00:38:24.769 125693 DEBUG oslo_service.service [req-69687665-8025-4619-b461-9a26cf4fbce1 - - - - -] cyborg.valid_interfaces = ['internal', 'public'] log_opt_values /usr/lib/python3/dist-packages/oslo_config/cfg.py:2609
2026-04-30 00:38:24.772 125693 DEBUG oslo_service.service [req-69687665-8025-4619-b461-9a26cf4fbce1 - - - - -] cyborg.version = None log_opt_values /usr/lib/python3/dist-packages/oslo_config/cfg.py:2609
2026-04-30 00:38:24.772 125693 DEBUG oslo_service.service [req-69687665-8025-4619-b461-9a26cf4fbce1 - - - - -] database.backend = sqlalchemy log_opt_values /usr/lib/python3/dist-packages/oslo_config/cfg.py:2609
2026-04-30 00:38:24.772 127838 DEBUG nova.service [req-07be4c40-6a22-42df-890d-8dddc6934153 - - - - -] Creating RPC server for service conductor start /usr/lib/python3/dist-packages/nova/service.py:182
2026-04-30 00:38:24.774 125693 DEBUG oslo_service.service [req-69687665-8025-4619-b461-9a26cf4fbce1 - - - - -] database.connection = **** log_opt_values /usr/lib/python3/dist-packages/oslo_config/cfg.py:2609
2026-04-30 00:38:24.777 125693 DEBUG oslo_service.service [req-69687665-8025-4619-b461-9a26cf4fbce1 - - - - -] database.connection_debug = 0 log_opt_values /usr/lib/python3/dist-packages/oslo_config/cfg.py:2609
2026-04-30 00:38:24.779 125693 DEBUG oslo_service.service [req-69687665-8025-4619-b461-9a26cf4fbce1 - - - - -] database.connection_parameters = log_opt_values /usr/lib/python3/dist-packages/oslo_config/cfg.py:2609
2026-04-30 00:38:24.784 127837 DEBUG oslo_messaging._drivers.amqpdriver [-] Listener is running poll /usr/lib/python3/dist-packages/oslo_messaging/_drivers/amqpdriver.py:343
2026-04-30 00:38:24.784 127837 DEBUG oslo_messaging._drivers.amqpdriver [-] AMQPListener connection consume poll /usr/lib/python3/dist-packages/oslo_messaging/_drivers/amqpdriver.py:357
2026-04-30 00:38:24.785 125693 DEBUG oslo_service.service [req-69687665-8025-4619-b461-9a26cf4fbce1 - - - - -] database.connection_recycle_time = 3600 log_opt_values /usr/lib/python3/dist-packages/oslo_config/cfg.py:2609
2026-04-30 00:38:24.785 127837 DEBUG nova.service [req-2738036e-ec5c-4d73-ad4c-6ecb261046c5 - - - - -] Join ServiceGroup membership for this service conductor start /usr/lib/python3/dist-packages/nova/service.py:199
2026-04-30 00:38:24.785 125693 DEBUG oslo_service.service [req-69687665-8025-4619-b461-9a26cf4fbce1 - - - - -] database.connection_trace = False log_opt_values /usr/lib/python3/dist-packages/oslo_config/cfg.py:2609
2026-04-30 00:38:24.786 127837 DEBUG nova.servicegroup.drivers.db [req-2738036e-ec5c-4d73-ad4c-6ecb261046c5 - - - - -] DB_Driver: join new ServiceGroup member juju-b0b610-0-lxd-7 to the conductor group, service = join /usr/lib/python3/dist-packages/nova/servicegroup/drivers/db.py:44
2026-04-30 00:38:24.786 125693 DEBUG oslo_service.service [req-69687665-8025-4619-b461-9a26cf4fbce1 - - - - -] database.db_inc_retry_interval = True log_opt_values /usr/lib/python3/dist-packages/oslo_config/cfg.py:2609
2026-04-30 00:38:24.786 125693 DEBUG oslo_service.service [req-69687665-8025-4619-b461-9a26cf4fbce1 - - - - -] database.db_max_retries = 20 log_opt_values /usr/lib/python3/dist-packages/oslo_config/cfg.py:2609
2026-04-30 00:38:24.786 125693 DEBUG oslo_service.service [req-69687665-8025-4619-b461-9a26cf4fbce1 - - - - -] database.db_max_retry_interval = 10 log_opt_values /usr/lib/python3/dist-packages/oslo_config/cfg.py:2609
2026-04-30 00:38:24.787 125693 DEBUG oslo_service.service [req-69687665-8025-4619-b461-9a26cf4fbce1 - - - - -] database.db_retry_interval = 1 log_opt_values /usr/lib/python3/dist-packages/oslo_config/cfg.py:2609
2026-04-30 00:38:24.788 125693 DEBUG oslo_service.service [req-69687665-8025-4619-b461-9a26cf4fbce1 - - - - -] database.max_overflow = 50 log_opt_values /usr/lib/python3/dist-packages/oslo_config/cfg.py:2609
2026-04-30 00:38:24.788 125693 DEBUG oslo_service.service [req-69687665-8025-4619-b461-9a26cf4fbce1 - - - - -] database.max_pool_size = 4 log_opt_values /usr/lib/python3/dist-packages/oslo_config/cfg.py:2609
2026-04-30 00:38:24.790 125693 DEBUG oslo_service.service [req-69687665-8025-4619-b461-9a26cf4fbce1 - - - - -] database.max_retries = 10 log_opt_values /usr/lib/python3/dist-packages/oslo_config/cfg.py:2609
2026-04-30 00:38:24.790 125693 DEBUG oslo_service.service [req-69687665-8025-4619-b461-9a26cf4fbce1 - - - - -] database.mysql_enable_ndb = False log_opt_values /usr/lib/python3/dist-packages/oslo_config/cfg.py:2609
2026-04-30 00:38:24.790 125693 DEBUG oslo_service.service [req-69687665-8025-4619-b461-9a26cf4fbce1 - - - - -] database.mysql_sql_mode = TRADITIONAL log_opt_values /usr/lib/python3/dist-packages/oslo_config/cfg.py:2609
2026-04-30 00:38:24.791 125693 DEBUG oslo_service.service [req-69687665-8025-4619-b461-9a26cf4fbce1 - - - - -] database.pool_timeout = None log_opt_values /usr/lib/python3/dist-packages/oslo_config/cfg.py:2609
2026-04-30 00:38:24.791 125693 DEBUG oslo_service.service [req-69687665-8025-4619-b461-9a26cf4fbce1 - - - - -] database.retry_interval = 10 log_opt_values /usr/lib/python3/dist-packages/oslo_config/cfg.py:2609
2026-04-30 00:38:24.791 125693 DEBUG oslo_service.service [req-69687665-8025-4619-b461-9a26cf4fbce1 - - - - -] database.slave_connection = **** log_opt_values /usr/lib/python3/dist-packages/oslo_config/cfg.py:2609
2026-04-30 00:38:24.792 125693 DEBUG oslo_service.service [req-69687665-8025-4619-b461-9a26cf4fbce1 - - - - -] database.sqlite_synchronous = True log_opt_values /usr/lib/python3/dist-packages/oslo_config/cfg.py:2609
2026-04-30 00:38:24.792 125693 DEBUG oslo_service.service [req-69687665-8025-4619-b461-9a26cf4fbce1 - - - - -] database.use_db_reconnect = False log_opt_values /usr/lib/python3/dist-packages/oslo_config/cfg.py:2609
2026-04-30 00:38:24.793 127837 DEBUG oslo_messaging._drivers.amqpdriver [-] AMQPListener connection timeout poll /usr/lib/python3/dist-packages/oslo_messaging/_drivers/amqpdriver.py:360
2026-04-30 00:38:24.793 127837 DEBUG oslo_messaging._drivers.amqpdriver [-] Listener is running poll /usr/lib/python3/dist-packages/oslo_messaging/_drivers/amqpdriver.py:343
2026-04-30 00:38:24.794 127837 DEBUG oslo_messaging._drivers.amqpdriver [-] AMQPListener connection consume poll /usr/lib/python3/dist-packages/oslo_messaging/_drivers/amqpdriver.py:357
2026-04-30 00:38:24.794 125693 DEBUG oslo_service.service [req-69687665-8025-4619-b461-9a26cf4fbce1 - - - - -] api_database.backend = sqlalchemy log_opt_values /usr/lib/python3/dist-packages/oslo_config/cfg.py:2609
2026-04-30 00:38:24.794 125693 DEBUG oslo_service.service [req-69687665-8025-4619-b461-9a26cf4fbce1 - - - - -] api_database.connection = **** log_opt_values /usr/lib/python3/dist-packages/oslo_config/cfg.py:2609
2026-04-30 00:38:24.794 125693 DEBUG oslo_service.service [req-69687665-8025-4619-b461-9a26cf4fbce1 - - - - -] api_database.connection_debug = 0 log_opt_values /usr/lib/python3/dist-packages/oslo_config/cfg.py:2609
2026-04-30 00:38:24.794 125693 DEBUG oslo_service.service [req-69687665-8025-4619-b461-9a26cf4fbce1 - - - - -] api_database.connection_parameters = log_opt_values /usr/lib/python3/dist-packages/oslo_config/cfg.py:2609
2026-04-30 00:38:24.795 125693 DEBUG oslo_service.service [req-69687665-8025-4619-b461-9a26cf4fbce1 - - - - -] api_database.connection_recycle_time = 3600 log_opt_values /usr/lib/python3/dist-packages/oslo_config/cfg.py:2609
2026-04-30 00:38:24.795 125693 DEBUG oslo_service.service [req-69687665-8025-4619-b461-9a26cf4fbce1 - - - - -] api_database.connection_trace = False log_opt_values /usr/lib/python3/dist-packages/oslo_config/cfg.py:2609
2026-04-30 00:38:24.795 125693 DEBUG oslo_service.service [req-69687665-8025-4619-b461-9a26cf4fbce1 - - - - -] api_database.db_inc_retry_interval = True log_opt_values /usr/lib/python3/dist-packages/oslo_config/cfg.py:2609
2026-04-30 00:38:24.796 125693 DEBUG oslo_service.service [req-69687665-8025-4619-b461-9a26cf4fbce1 - - - - -] api_database.db_max_retries = 20 log_opt_values /usr/lib/python3/dist-packages/oslo_config/cfg.py:2609
2026-04-30 00:38:24.796 125693 DEBUG oslo_service.service [req-69687665-8025-4619-b461-9a26cf4fbce1 - - - - -] api_database.db_max_retry_interval = 10 log_opt_values /usr/lib/python3/dist-packages/oslo_config/cfg.py:2609
2026-04-30 00:38:24.796 125693 DEBUG oslo_service.service [req-69687665-8025-4619-b461-9a26cf4fbce1 - - - - -] api_database.db_retry_interval = 1 log_opt_values /usr/lib/python3/dist-packages/oslo_config/cfg.py:2609
2026-04-30 00:38:24.796 125693 DEBUG oslo_service.service [req-69687665-8025-4619-b461-9a26cf4fbce1 - - - - -] api_database.max_overflow = 50 log_opt_values /usr/lib/python3/dist-packages/oslo_config/cfg.py:2609
2026-04-30 00:38:24.797 125693 DEBUG oslo_service.service [req-69687665-8025-4619-b461-9a26cf4fbce1 - - - - -] api_database.max_pool_size = 4 log_opt_values /usr/lib/python3/dist-packages/oslo_config/cfg.py:2609
2026-04-30 00:38:24.797 125693 DEBUG oslo_service.service [req-69687665-8025-4619-b461-9a26cf4fbce1 - - - - -] api_database.max_retries = 10 log_opt_values /usr/lib/python3/dist-packages/oslo_config/cfg.py:2609
2026-04-30 00:38:24.797 125693 DEBUG oslo_service.service [req-69687665-8025-4619-b461-9a26cf4fbce1 - - - - -] api_database.mysql_enable_ndb = False log_opt_values /usr/lib/python3/dist-packages/oslo_config/cfg.py:2609
2026-04-30 00:38:24.797 125693 DEBUG oslo_service.service [req-69687665-8025-4619-b461-9a26cf4fbce1 - - - - -] api_database.mysql_sql_mode = TRADITIONAL log_opt_values /usr/lib/python3/dist-packages/oslo_config/cfg.py:2609
2026-04-30 00:38:24.797 125693 DEBUG oslo_service.service [req-69687665-8025-4619-b461-9a26cf4fbce1 - - - - -] api_database.pool_timeout = None log_opt_values /usr/lib/python3/dist-packages/oslo_config/cfg.py:2609
2026-04-30 00:38:24.799 125693 DEBUG oslo_service.service [req-69687665-8025-4619-b461-9a26cf4fbce1 - - - - -] api_database.retry_interval = 10 log_opt_values /usr/lib/python3/dist-packages/oslo_config/cfg.py:2609
2026-04-30 00:38:24.799 125693 DEBUG oslo_service.service [req-69687665-8025-4619-b461-9a26cf4fbce1 - - - - -] api_database.slave_connection = **** log_opt_values /usr/lib/python3/dist-packages/oslo_config/cfg.py:2609
2026-04-30 00:38:24.799 125693 DEBUG oslo_service.service [req-69687665-8025-4619-b461-9a26cf4fbce1 - - - - -] api_database.sqlite_synchronous = True log_opt_values /usr/lib/python3/dist-packages/oslo_config/cfg.py:2609
2026-04-30 00:38:24.799 125693 DEBUG oslo_service.service [req-69687665-8025-4619-b461-9a26cf4fbce1 - - - - -] devices.enabled_mdev_types = [] log_opt_values /usr/lib/python3/dist-packages/oslo_config/cfg.py:2609
2026-04-30 00:38:24.799 125693 DEBUG oslo_service.service [req-69687665-8025-4619-b461-9a26cf4fbce1 - - - - -] ephemeral_storage_encryption.cipher = aes-xts-plain64 log_opt_values /usr/lib/python3/dist-packages/oslo_config/cfg.py:2609
2026-04-30 00:38:24.800 125693 DEBUG oslo_service.service [req-69687665-8025-4619-b461-9a26cf4fbce1 - - - - -] ephemeral_storage_encryption.enabled = False log_opt_values /usr/lib/python3/dist-packages/oslo_config/cfg.py:2609
2026-04-30 00:38:24.800 125693 DEBUG oslo_service.service [req-69687665-8025-4619-b461-9a26cf4fbce1 - - - - -] ephemeral_storage_encryption.key_size = 512 log_opt_values /usr/lib/python3/dist-packages/oslo_config/cfg.py:2609
2026-04-30 00:38:24.800 125693 WARNING oslo_config.cfg [req-69687665-8025-4619-b461-9a26cf4fbce1 - - - - -] Deprecated: Option "api_servers" from group "glance" is deprecated for removal ( Support for image service configuration via standard keystoneauth1 Adapter options was added in the 17.0.0 Queens release. The api_servers option was retained temporarily to allow consumers time to cut over to a real load balancing solution. ). Its value may be silently ignored in the future.
2026-04-30 00:38:24.801 125693 DEBUG oslo_service.service [req-69687665-8025-4619-b461-9a26cf4fbce1 - - - - -] glance.api_servers = ['http://252.27.56.176:9292'] log_opt_values /usr/lib/python3/dist-packages/oslo_config/cfg.py:2609
2026-04-30 00:38:24.801 125693 DEBUG oslo_service.service [req-69687665-8025-4619-b461-9a26cf4fbce1 - - - - -] glance.cafile = None log_opt_values /usr/lib/python3/dist-packages/oslo_config/cfg.py:2609
2026-04-30 00:38:24.801 125693 DEBUG oslo_service.service [req-69687665-8025-4619-b461-9a26cf4fbce1 - - - - -] glance.certfile = None log_opt_values /usr/lib/python3/dist-packages/oslo_config/cfg.py:2609
2026-04-30 00:38:24.801 125693 DEBUG oslo_service.service [req-69687665-8025-4619-b461-9a26cf4fbce1 - - - - -] glance.collect_timing = False log_opt_values /usr/lib/python3/dist-packages/oslo_config/cfg.py:2609
2026-04-30 00:38:24.801 125693 DEBUG oslo_service.service [req-69687665-8025-4619-b461-9a26cf4fbce1 - - - - -] glance.connect_retries = None log_opt_values /usr/lib/python3/dist-packages/oslo_config/cfg.py:2609
2026-04-30 00:38:24.802 125693 DEBUG oslo_service.service [req-69687665-8025-4619-b461-9a26cf4fbce1 - - - - -] glance.connect_retry_delay = None log_opt_values /usr/lib/python3/dist-packages/oslo_config/cfg.py:2609
2026-04-30 00:38:24.802 125693 DEBUG oslo_service.service [req-69687665-8025-4619-b461-9a26cf4fbce1 - - - - -] glance.debug = False log_opt_values /usr/lib/python3/dist-packages/oslo_config/cfg.py:2609
2026-04-30 00:38:24.802 125693 DEBUG oslo_service.service [req-69687665-8025-4619-b461-9a26cf4fbce1 - - - - -] glance.default_trusted_certificate_ids = [] log_opt_values /usr/lib/python3/dist-packages/oslo_config/cfg.py:2609
2026-04-30 00:38:24.803 125693 DEBUG oslo_service.service [req-69687665-8025-4619-b461-9a26cf4fbce1 - - - - -] glance.enable_certificate_validation = False log_opt_values /usr/lib/python3/dist-packages/oslo_config/cfg.py:2609
2026-04-30 00:38:24.803 125693 DEBUG oslo_service.service [req-69687665-8025-4619-b461-9a26cf4fbce1 - - - - -] glance.enable_rbd_download = False log_opt_values /usr/lib/python3/dist-packages/oslo_config/cfg.py:2609
2026-04-30 00:38:24.803 125693 DEBUG oslo_service.service [req-69687665-8025-4619-b461-9a26cf4fbce1 - - - - -] glance.endpoint_override = None log_opt_values /usr/lib/python3/dist-packages/oslo_config/cfg.py:2609
2026-04-30 00:38:24.803 125693 DEBUG oslo_service.service [req-69687665-8025-4619-b461-9a26cf4fbce1 - - - - -] glance.insecure = False log_opt_values /usr/lib/python3/dist-packages/oslo_config/cfg.py:2609
2026-04-30 00:38:24.803 125693 DEBUG oslo_service.service [req-69687665-8025-4619-b461-9a26cf4fbce1 - - - - -] glance.keyfile = None log_opt_values /usr/lib/python3/dist-packages/oslo_config/cfg.py:2609
2026-04-30 00:38:24.803 125693 DEBUG oslo_service.service [req-69687665-8025-4619-b461-9a26cf4fbce1 - - - - -] glance.max_version = None log_opt_values /usr/lib/python3/dist-packages/oslo_config/cfg.py:2609
2026-04-30 00:38:24.804 125693 DEBUG oslo_service.service [req-69687665-8025-4619-b461-9a26cf4fbce1 - - - - -] glance.min_version = None log_opt_values /usr/lib/python3/dist-packages/oslo_config/cfg.py:2609
2026-04-30 00:38:24.804 125693 DEBUG oslo_service.service [req-69687665-8025-4619-b461-9a26cf4fbce1 - - - - -] glance.num_retries = 3 log_opt_values /usr/lib/python3/dist-packages/oslo_config/cfg.py:2609
2026-04-30 00:38:24.804 125693 DEBUG oslo_service.service [req-69687665-8025-4619-b461-9a26cf4fbce1 - - - - -] glance.rbd_ceph_conf = log_opt_values /usr/lib/python3/dist-packages/oslo_config/cfg.py:2609
2026-04-30 00:38:24.804 125693 DEBUG oslo_service.service [req-69687665-8025-4619-b461-9a26cf4fbce1 - - - - -] glance.rbd_connect_timeout = 5 log_opt_values /usr/lib/python3/dist-packages/oslo_config/cfg.py:2609
2026-04-30 00:38:24.805 125693 DEBUG oslo_service.service [req-69687665-8025-4619-b461-9a26cf4fbce1 - - - - -] glance.rbd_pool = log_opt_values /usr/lib/python3/dist-packages/oslo_config/cfg.py:2609
2026-04-30 00:38:24.805 125693 DEBUG oslo_service.service [req-69687665-8025-4619-b461-9a26cf4fbce1 - - - - -] glance.rbd_user = log_opt_values /usr/lib/python3/dist-packages/oslo_config/cfg.py:2609
2026-04-30 00:38:24.805 127840 DEBUG oslo_messaging._drivers.amqpdriver [-] Listener is running poll /usr/lib/python3/dist-packages/oslo_messaging/_drivers/amqpdriver.py:343
2026-04-30 00:38:24.805 127840 DEBUG oslo_messaging._drivers.amqpdriver [-] AMQPListener connection consume poll /usr/lib/python3/dist-packages/oslo_messaging/_drivers/amqpdriver.py:357
2026-04-30 00:38:24.805 125693 DEBUG oslo_service.service [req-69687665-8025-4619-b461-9a26cf4fbce1 - - - - -] glance.region_name = None log_opt_values /usr/lib/python3/dist-packages/oslo_config/cfg.py:2609
2026-04-30 00:38:24.805 125693 DEBUG oslo_service.service [req-69687665-8025-4619-b461-9a26cf4fbce1 - - - - -] glance.service_name = None log_opt_values /usr/lib/python3/dist-packages/oslo_config/cfg.py:2609
2026-04-30 00:38:24.805 125693 DEBUG oslo_service.service [req-69687665-8025-4619-b461-9a26cf4fbce1 - - - - -] glance.service_type = image log_opt_values /usr/lib/python3/dist-packages/oslo_config/cfg.py:2609
2026-04-30 00:38:24.805 125693 DEBUG oslo_service.service [req-69687665-8025-4619-b461-9a26cf4fbce1 - - - - -] glance.split_loggers = False log_opt_values /usr/lib/python3/dist-packages/oslo_config/cfg.py:2609
2026-04-30 00:38:24.805 127840 DEBUG nova.service [req-6ed8c09e-67b9-4eeb-927a-1ade3befa7a8 - - - - -] Join ServiceGroup membership for this service conductor start /usr/lib/python3/dist-packages/nova/service.py:199
2026-04-30 00:38:24.806 125693 DEBUG oslo_service.service [req-69687665-8025-4619-b461-9a26cf4fbce1 - - - - -] glance.status_code_retries = None log_opt_values /usr/lib/python3/dist-packages/oslo_config/cfg.py:2609
2026-04-30 00:38:24.806 125693 DEBUG oslo_service.service [req-69687665-8025-4619-b461-9a26cf4fbce1 - - - - -] glance.status_code_retry_delay = None log_opt_values /usr/lib/python3/dist-packages/oslo_config/cfg.py:2609
2026-04-30 00:38:24.806 127840 DEBUG nova.servicegroup.drivers.db [req-6ed8c09e-67b9-4eeb-927a-1ade3befa7a8 - - - - -] DB_Driver: join new ServiceGroup member juju-b0b610-0-lxd-7 to the conductor group, service = join /usr/lib/python3/dist-packages/nova/servicegroup/drivers/db.py:44
2026-04-30 00:38:24.806 125693 DEBUG oslo_service.service [req-69687665-8025-4619-b461-9a26cf4fbce1 - - - - -] glance.timeout = None log_opt_values /usr/lib/python3/dist-packages/oslo_config/cfg.py:2609
2026-04-30 00:38:24.806 125693 DEBUG oslo_service.service [req-69687665-8025-4619-b461-9a26cf4fbce1 - - - - -] glance.valid_interfaces = ['internal', 'public'] log_opt_values /usr/lib/python3/dist-packages/oslo_config/cfg.py:2609
2026-04-30 00:38:24.806 125693 DEBUG oslo_service.service [req-69687665-8025-4619-b461-9a26cf4fbce1 - - - - -] glance.verify_glance_signatures = False log_opt_values /usr/lib/python3/dist-packages/oslo_config/cfg.py:2609
2026-04-30 00:38:24.807 125693 DEBUG oslo_service.service [req-69687665-8025-4619-b461-9a26cf4fbce1 - - - - -] glance.version = None log_opt_values /usr/lib/python3/dist-packages/oslo_config/cfg.py:2609
2026-04-30 00:38:24.807 125693 DEBUG oslo_service.service [req-69687665-8025-4619-b461-9a26cf4fbce1 - - - - -] guestfs.debug = False log_opt_values /usr/lib/python3/dist-packages/oslo_config/cfg.py:2609
2026-04-30 00:38:24.807 125693 DEBUG oslo_service.service [req-69687665-8025-4619-b461-9a26cf4fbce1 - - - - -] hyperv.config_drive_cdrom = False log_opt_values /usr/lib/python3/dist-packages/oslo_config/cfg.py:2609
2026-04-30 00:38:24.807 125693 DEBUG oslo_service.service [req-69687665-8025-4619-b461-9a26cf4fbce1 - - - - -] hyperv.config_drive_inject_password = False log_opt_values /usr/lib/python3/dist-packages/oslo_config/cfg.py:2609
2026-04-30 00:38:24.807 125693 DEBUG oslo_service.service [req-69687665-8025-4619-b461-9a26cf4fbce1 - - - - -] hyperv.dynamic_memory_ratio = 1.0 log_opt_values /usr/lib/python3/dist-packages/oslo_config/cfg.py:2609
2026-04-30 00:38:24.807 125693 DEBUG oslo_service.service [req-69687665-8025-4619-b461-9a26cf4fbce1 - - - - -] hyperv.enable_instance_metrics_collection = False log_opt_values /usr/lib/python3/dist-packages/oslo_config/cfg.py:2609
2026-04-30 00:38:24.808 125693 DEBUG oslo_service.service [req-69687665-8025-4619-b461-9a26cf4fbce1 - - - - -] hyperv.enable_remotefx = False log_opt_values /usr/lib/python3/dist-packages/oslo_config/cfg.py:2609
2026-04-30 00:38:24.808 127838 DEBUG oslo_messaging._drivers.amqpdriver [-] Listener is running poll /usr/lib/python3/dist-packages/oslo_messaging/_drivers/amqpdriver.py:343
2026-04-30 00:38:24.808 125693 DEBUG oslo_service.service [req-69687665-8025-4619-b461-9a26cf4fbce1 - - - - -] hyperv.instances_path_share = log_opt_values /usr/lib/python3/dist-packages/oslo_config/cfg.py:2609
2026-04-30 00:38:24.808 127838 DEBUG oslo_messaging._drivers.amqpdriver [-] AMQPListener connection consume poll /usr/lib/python3/dist-packages/oslo_messaging/_drivers/amqpdriver.py:357
2026-04-30 00:38:24.808 125693 DEBUG oslo_service.service [req-69687665-8025-4619-b461-9a26cf4fbce1 - - - - -] hyperv.iscsi_initiator_list = [] log_opt_values /usr/lib/python3/dist-packages/oslo_config/cfg.py:2609
2026-04-30 00:38:24.808 125693 DEBUG oslo_service.service [req-69687665-8025-4619-b461-9a26cf4fbce1 - - - - -] hyperv.limit_cpu_features = False log_opt_values /usr/lib/python3/dist-packages/oslo_config/cfg.py:2609
2026-04-30 00:38:24.808 127840 DEBUG oslo_messaging._drivers.amqpdriver [-] AMQPListener connection timeout poll /usr/lib/python3/dist-packages/oslo_messaging/_drivers/amqpdriver.py:360
2026-04-30 00:38:24.808 125693 DEBUG oslo_service.service [req-69687665-8025-4619-b461-9a26cf4fbce1 - - - - -] hyperv.mounted_disk_query_retry_count = 10 log_opt_values /usr/lib/python3/dist-packages/oslo_config/cfg.py:2609
2026-04-30 00:38:24.808 127840 DEBUG oslo_messaging._drivers.amqpdriver [-] Listener is running poll /usr/lib/python3/dist-packages/oslo_messaging/_drivers/amqpdriver.py:343
2026-04-30 00:38:24.809 127840 DEBUG oslo_messaging._drivers.amqpdriver [-] AMQPListener connection consume poll /usr/lib/python3/dist-packages/oslo_messaging/_drivers/amqpdriver.py:357
2026-04-30 00:38:24.809 125693 DEBUG oslo_service.service [req-69687665-8025-4619-b461-9a26cf4fbce1 - - - - -] hyperv.mounted_disk_query_retry_interval = 5 log_opt_values /usr/lib/python3/dist-packages/oslo_config/cfg.py:2609
2026-04-30 00:38:24.809 125693 DEBUG oslo_service.service [req-69687665-8025-4619-b461-9a26cf4fbce1 - - - - -] hyperv.power_state_check_timeframe = 60 log_opt_values /usr/lib/python3/dist-packages/oslo_config/cfg.py:2609
2026-04-30 00:38:24.809 125693 DEBUG oslo_service.service [req-69687665-8025-4619-b461-9a26cf4fbce1 - - - - -] hyperv.power_state_event_polling_interval = 2 log_opt_values /usr/lib/python3/dist-packages/oslo_config/cfg.py:2609
2026-04-30 00:38:24.809 125693 DEBUG oslo_service.service [req-69687665-8025-4619-b461-9a26cf4fbce1 - - - - -] hyperv.qemu_img_cmd = qemu-img.exe log_opt_values /usr/lib/python3/dist-packages/oslo_config/cfg.py:2609
2026-04-30 00:38:24.809 125693 DEBUG oslo_service.service [req-69687665-8025-4619-b461-9a26cf4fbce1 - - - - -] hyperv.use_multipath_io = False log_opt_values /usr/lib/python3/dist-packages/oslo_config/cfg.py:2609
2026-04-30 00:38:24.809 125693 DEBUG oslo_service.service [req-69687665-8025-4619-b461-9a26cf4fbce1 - - - - -] hyperv.volume_attach_retry_count = 10 log_opt_values /usr/lib/python3/dist-packages/oslo_config/cfg.py:2609
2026-04-30 00:38:24.810 125693 DEBUG oslo_service.service [req-69687665-8025-4619-b461-9a26cf4fbce1 - - - - -] hyperv.volume_attach_retry_interval = 5 log_opt_values /usr/lib/python3/dist-packages/oslo_config/cfg.py:2609
2026-04-30 00:38:24.810 125693 DEBUG oslo_service.service [req-69687665-8025-4619-b461-9a26cf4fbce1 - - - - -] hyperv.vswitch_name = None log_opt_values /usr/lib/python3/dist-packages/oslo_config/cfg.py:2609
2026-04-30 00:38:24.810 125693 DEBUG oslo_service.service [req-69687665-8025-4619-b461-9a26cf4fbce1 - - - - -] hyperv.wait_soft_reboot_seconds = 60 log_opt_values /usr/lib/python3/dist-packages/oslo_config/cfg.py:2609
2026-04-30 00:38:24.810 125693 DEBUG oslo_service.service [req-69687665-8025-4619-b461-9a26cf4fbce1 - - - - -] mks.enabled = False log_opt_values /usr/lib/python3/dist-packages/oslo_config/cfg.py:2609
2026-04-30 00:38:24.811 125693 DEBUG oslo_service.service [req-69687665-8025-4619-b461-9a26cf4fbce1 - - - - -] mks.mksproxy_base_url = http://127.0.0.1:6090/ log_opt_values /usr/lib/python3/dist-packages/oslo_config/cfg.py:2609
2026-04-30 00:38:24.811 125693 DEBUG oslo_service.service [req-69687665-8025-4619-b461-9a26cf4fbce1 - - - - -] image_cache.manager_interval = 2400 log_opt_values /usr/lib/python3/dist-packages/oslo_config/cfg.py:2609
2026-04-30 00:38:24.811 125693 DEBUG oslo_service.service [req-69687665-8025-4619-b461-9a26cf4fbce1 - - - - -] image_cache.precache_concurrency = 1 log_opt_values /usr/lib/python3/dist-packages/oslo_config/cfg.py:2609
2026-04-30 00:38:24.810 127838 DEBUG nova.service [req-07be4c40-6a22-42df-890d-8dddc6934153 - - - - -] Join ServiceGroup membership for this service conductor start /usr/lib/python3/dist-packages/nova/service.py:199
2026-04-30 00:38:24.811 125693 DEBUG oslo_service.service [req-69687665-8025-4619-b461-9a26cf4fbce1 - - - - -] image_cache.remove_unused_base_images = True log_opt_values /usr/lib/python3/dist-packages/oslo_config/cfg.py:2609
2026-04-30 00:38:24.812 127838 DEBUG nova.servicegroup.drivers.db [req-07be4c40-6a22-42df-890d-8dddc6934153 - - - - -] DB_Driver: join new ServiceGroup member juju-b0b610-0-lxd-7 to the conductor group, service = join /usr/lib/python3/dist-packages/nova/servicegroup/drivers/db.py:44
2026-04-30 00:38:24.812 125693 DEBUG oslo_service.service [req-69687665-8025-4619-b461-9a26cf4fbce1 - - - - -] image_cache.remove_unused_original_minimum_age_seconds = 86400 log_opt_values /usr/lib/python3/dist-packages/oslo_config/cfg.py:2609
2026-04-30 00:38:24.812 125693 DEBUG oslo_service.service [req-69687665-8025-4619-b461-9a26cf4fbce1 - - - - -] image_cache.remove_unused_resized_minimum_age_seconds = 3600 log_opt_values /usr/lib/python3/dist-packages/oslo_config/cfg.py:2609
2026-04-30 00:38:24.812 125693 DEBUG oslo_service.service [req-69687665-8025-4619-b461-9a26cf4fbce1 - - - - -] image_cache.subdirectory_name = _base log_opt_values /usr/lib/python3/dist-packages/oslo_config/cfg.py:2609
2026-04-30 00:38:24.812 125693 DEBUG oslo_service.service [req-69687665-8025-4619-b461-9a26cf4fbce1 - - - - -] ironic.api_max_retries = 60 log_opt_values /usr/lib/python3/dist-packages/oslo_config/cfg.py:2609
2026-04-30 00:38:24.813 125693 DEBUG oslo_service.service [req-69687665-8025-4619-b461-9a26cf4fbce1 - - - - -] ironic.api_retry_interval = 2 log_opt_values /usr/lib/python3/dist-packages/oslo_config/cfg.py:2609
2026-04-30 00:38:24.813 125693 DEBUG oslo_service.service [req-69687665-8025-4619-b461-9a26cf4fbce1 - - - - -] ironic.auth_section = None log_opt_values /usr/lib/python3/dist-packages/oslo_config/cfg.py:2609
2026-04-30 00:38:24.813 125693 DEBUG oslo_service.service [req-69687665-8025-4619-b461-9a26cf4fbce1 - - - - -] ironic.auth_type = None log_opt_values /usr/lib/python3/dist-packages/oslo_config/cfg.py:2609
2026-04-30 00:38:24.813 125693 DEBUG oslo_service.service [req-69687665-8025-4619-b461-9a26cf4fbce1 - - - - -] ironic.cafile = None log_opt_values /usr/lib/python3/dist-packages/oslo_config/cfg.py:2609
2026-04-30 00:38:24.813 125693 DEBUG oslo_service.service [req-69687665-8025-4619-b461-9a26cf4fbce1 - - - - -] ironic.certfile = None log_opt_values /usr/lib/python3/dist-packages/oslo_config/cfg.py:2609
2026-04-30 00:38:24.813 125693 DEBUG oslo_service.service [req-69687665-8025-4619-b461-9a26cf4fbce1 - - - - -] ironic.collect_timing = False log_opt_values /usr/lib/python3/dist-packages/oslo_config/cfg.py:2609
2026-04-30 00:38:24.814 125693 DEBUG oslo_service.service [req-69687665-8025-4619-b461-9a26cf4fbce1 - - - - -] ironic.connect_retries = None log_opt_values /usr/lib/python3/dist-packages/oslo_config/cfg.py:2609
2026-04-30 00:38:24.814 125693 DEBUG oslo_service.service [req-69687665-8025-4619-b461-9a26cf4fbce1 - - - - -] ironic.connect_retry_delay = None log_opt_values /usr/lib/python3/dist-packages/oslo_config/cfg.py:2609
2026-04-30 00:38:24.814 125693 DEBUG oslo_service.service [req-69687665-8025-4619-b461-9a26cf4fbce1 - - - - -] ironic.endpoint_override = None log_opt_values /usr/lib/python3/dist-packages/oslo_config/cfg.py:2609
2026-04-30 00:38:24.814 125693 DEBUG oslo_service.service [req-69687665-8025-4619-b461-9a26cf4fbce1 - - - - -] ironic.insecure = False log_opt_values /usr/lib/python3/dist-packages/oslo_config/cfg.py:2609
2026-04-30 00:38:24.814 125693 DEBUG oslo_service.service [req-69687665-8025-4619-b461-9a26cf4fbce1 - - - - -] ironic.keyfile = None log_opt_values /usr/lib/python3/dist-packages/oslo_config/cfg.py:2609
2026-04-30 00:38:24.815 125693 DEBUG oslo_service.service [req-69687665-8025-4619-b461-9a26cf4fbce1 - - - - -] ironic.max_version = None log_opt_values /usr/lib/python3/dist-packages/oslo_config/cfg.py:2609
2026-04-30 00:38:24.815 125693 DEBUG oslo_service.service [req-69687665-8025-4619-b461-9a26cf4fbce1 - - - - -] ironic.min_version = None log_opt_values /usr/lib/python3/dist-packages/oslo_config/cfg.py:2609
2026-04-30 00:38:24.815 127838 DEBUG oslo_messaging._drivers.amqpdriver [-] AMQPListener connection timeout poll /usr/lib/python3/dist-packages/oslo_messaging/_drivers/amqpdriver.py:360
2026-04-30 00:38:24.815 125693 DEBUG oslo_service.service [req-69687665-8025-4619-b461-9a26cf4fbce1 - - - - -] ironic.partition_key = None log_opt_values /usr/lib/python3/dist-packages/oslo_config/cfg.py:2609
2026-04-30 00:38:24.815 125693 DEBUG oslo_service.service [req-69687665-8025-4619-b461-9a26cf4fbce1 - - - - -] ironic.peer_list = [] log_opt_values /usr/lib/python3/dist-packages/oslo_config/cfg.py:2609
2026-04-30 00:38:24.815 127838 DEBUG oslo_messaging._drivers.amqpdriver [-] Listener is running poll /usr/lib/python3/dist-packages/oslo_messaging/_drivers/amqpdriver.py:343
2026-04-30 00:38:24.815 127838 DEBUG oslo_messaging._drivers.amqpdriver [-] AMQPListener connection consume poll /usr/lib/python3/dist-packages/oslo_messaging/_drivers/amqpdriver.py:357
2026-04-30 00:38:24.815 125693 DEBUG oslo_service.service [req-69687665-8025-4619-b461-9a26cf4fbce1 - - - - -] ironic.region_name = None log_opt_values /usr/lib/python3/dist-packages/oslo_config/cfg.py:2609
2026-04-30 00:38:24.815 125693 DEBUG oslo_service.service [req-69687665-8025-4619-b461-9a26cf4fbce1 - - - - -] ironic.serial_console_state_timeout = 10 log_opt_values /usr/lib/python3/dist-packages/oslo_config/cfg.py:2609
2026-04-30 00:38:24.816 125693 DEBUG oslo_service.service [req-69687665-8025-4619-b461-9a26cf4fbce1 - - - - -] ironic.service_name = None log_opt_values /usr/lib/python3/dist-packages/oslo_config/cfg.py:2609
2026-04-30 00:38:24.816 125693 DEBUG oslo_service.service [req-69687665-8025-4619-b461-9a26cf4fbce1 - - - - -] ironic.service_type = baremetal log_opt_values /usr/lib/python3/dist-packages/oslo_config/cfg.py:2609
2026-04-30 00:38:24.816 125693 DEBUG oslo_service.service [req-69687665-8025-4619-b461-9a26cf4fbce1 - - - - -] ironic.split_loggers = False log_opt_values /usr/lib/python3/dist-packages/oslo_config/cfg.py:2609
2026-04-30 00:38:24.816 125693 DEBUG oslo_service.service [req-69687665-8025-4619-b461-9a26cf4fbce1 - - - - -] ironic.status_code_retries = None log_opt_values /usr/lib/python3/dist-packages/oslo_config/cfg.py:2609
2026-04-30 00:38:24.817 125693 DEBUG oslo_service.service [req-69687665-8025-4619-b461-9a26cf4fbce1 - - - - -] ironic.status_code_retry_delay = None log_opt_values /usr/lib/python3/dist-packages/oslo_config/cfg.py:2609
2026-04-30 00:38:24.817 125693 DEBUG oslo_service.service [req-69687665-8025-4619-b461-9a26cf4fbce1 - - - - -] ironic.timeout = None log_opt_values /usr/lib/python3/dist-packages/oslo_config/cfg.py:2609
2026-04-30 00:38:24.817 125693 DEBUG oslo_service.service [req-69687665-8025-4619-b461-9a26cf4fbce1 - - - - -] ironic.valid_interfaces = ['internal', 'public'] log_opt_values /usr/lib/python3/dist-packages/oslo_config/cfg.py:2609
2026-04-30 00:38:24.817 125693 DEBUG oslo_service.service [req-69687665-8025-4619-b461-9a26cf4fbce1 - - - - -] ironic.version = None log_opt_values /usr/lib/python3/dist-packages/oslo_config/cfg.py:2609
2026-04-30 00:38:24.817 125693 DEBUG oslo_service.service [req-69687665-8025-4619-b461-9a26cf4fbce1 - - - - -] key_manager.backend = barbican log_opt_values /usr/lib/python3/dist-packages/oslo_config/cfg.py:2609
2026-04-30 00:38:24.818 125693 DEBUG oslo_service.service [req-69687665-8025-4619-b461-9a26cf4fbce1 - - - - -] key_manager.fixed_key = **** log_opt_values /usr/lib/python3/dist-packages/oslo_config/cfg.py:2609
2026-04-30 00:38:24.818 125693 DEBUG oslo_service.service [req-69687665-8025-4619-b461-9a26cf4fbce1 - - - - -] barbican.auth_endpoint = http://localhost/identity/v3 log_opt_values /usr/lib/python3/dist-packages/oslo_config/cfg.py:2609
2026-04-30 00:38:24.818 127839 DEBUG oslo_messaging._drivers.amqpdriver [-] Listener is running poll /usr/lib/python3/dist-packages/oslo_messaging/_drivers/amqpdriver.py:343
2026-04-30 00:38:24.818 125693 DEBUG oslo_service.service [req-69687665-8025-4619-b461-9a26cf4fbce1 - - - - -] barbican.barbican_api_version = None log_opt_values /usr/lib/python3/dist-packages/oslo_config/cfg.py:2609
2026-04-30 00:38:24.818 127839 DEBUG oslo_messaging._drivers.amqpdriver [-] AMQPListener connection consume poll /usr/lib/python3/dist-packages/oslo_messaging/_drivers/amqpdriver.py:357
2026-04-30 00:38:24.818 125693 DEBUG oslo_service.service [req-69687665-8025-4619-b461-9a26cf4fbce1 - - - - -] barbican.barbican_endpoint = None log_opt_values /usr/lib/python3/dist-packages/oslo_config/cfg.py:2609
2026-04-30 00:38:24.818 125693 DEBUG oslo_service.service [req-69687665-8025-4619-b461-9a26cf4fbce1 - - - - -] barbican.barbican_endpoint_type = public log_opt_values /usr/lib/python3/dist-packages/oslo_config/cfg.py:2609
2026-04-30 00:38:24.819 125693 DEBUG oslo_service.service [req-69687665-8025-4619-b461-9a26cf4fbce1 - - - - -] barbican.barbican_region_name = None log_opt_values /usr/lib/python3/dist-packages/oslo_config/cfg.py:2609
2026-04-30 00:38:24.819 127839 DEBUG nova.service [req-407b3614-ca96-4a44-b47b-b2b326ec5ec7 - - - - -] Join ServiceGroup membership for this service conductor start /usr/lib/python3/dist-packages/nova/service.py:199
2026-04-30 00:38:24.819 125693 DEBUG oslo_service.service [req-69687665-8025-4619-b461-9a26cf4fbce1 - - - - -] barbican.cafile = None log_opt_values /usr/lib/python3/dist-packages/oslo_config/cfg.py:2609
2026-04-30 00:38:24.819 125693 DEBUG oslo_service.service [req-69687665-8025-4619-b461-9a26cf4fbce1 - - - - -] barbican.certfile = None log_opt_values /usr/lib/python3/dist-packages/oslo_config/cfg.py:2609
2026-04-30 00:38:24.819 127839 DEBUG nova.servicegroup.drivers.db [req-407b3614-ca96-4a44-b47b-b2b326ec5ec7 - - - - -] DB_Driver: join new ServiceGroup member juju-b0b610-0-lxd-7 to the conductor group, service = join /usr/lib/python3/dist-packages/nova/servicegroup/drivers/db.py:44
2026-04-30 00:38:24.819 125693 DEBUG oslo_service.service [req-69687665-8025-4619-b461-9a26cf4fbce1 - - - - -] barbican.collect_timing = False log_opt_values /usr/lib/python3/dist-packages/oslo_config/cfg.py:2609
2026-04-30 00:38:24.819 125693 DEBUG oslo_service.service [req-69687665-8025-4619-b461-9a26cf4fbce1 - - - - -] barbican.insecure = False log_opt_values /usr/lib/python3/dist-packages/oslo_config/cfg.py:2609
2026-04-30 00:38:24.819 125693 DEBUG oslo_service.service [req-69687665-8025-4619-b461-9a26cf4fbce1 - - - - -] barbican.keyfile = None log_opt_values /usr/lib/python3/dist-packages/oslo_config/cfg.py:2609
2026-04-30 00:38:24.820 125693 DEBUG oslo_service.service [req-69687665-8025-4619-b461-9a26cf4fbce1 - - - - -] barbican.number_of_retries = 60 log_opt_values /usr/lib/python3/dist-packages/oslo_config/cfg.py:2609
2026-04-30 00:38:24.820 125693 DEBUG oslo_service.service [req-69687665-8025-4619-b461-9a26cf4fbce1 - - - - -] barbican.retry_delay = 1 log_opt_values /usr/lib/python3/dist-packages/oslo_config/cfg.py:2609
2026-04-30 00:38:24.820 125693 DEBUG oslo_service.service [req-69687665-8025-4619-b461-9a26cf4fbce1 - - - - -] barbican.send_service_user_token = False log_opt_values /usr/lib/python3/dist-packages/oslo_config/cfg.py:2609
2026-04-30 00:38:24.820 125693 DEBUG oslo_service.service [req-69687665-8025-4619-b461-9a26cf4fbce1 - - - - -] barbican.split_loggers = False log_opt_values /usr/lib/python3/dist-packages/oslo_config/cfg.py:2609
2026-04-30 00:38:24.820 125693 DEBUG oslo_service.service [req-69687665-8025-4619-b461-9a26cf4fbce1 - - - - -] barbican.timeout = None log_opt_values /usr/lib/python3/dist-packages/oslo_config/cfg.py:2609
2026-04-30 00:38:24.821 125693 DEBUG oslo_service.service [req-69687665-8025-4619-b461-9a26cf4fbce1 - - - - -] barbican.verify_ssl = True log_opt_values /usr/lib/python3/dist-packages/oslo_config/cfg.py:2609
2026-04-30 00:38:24.821 125693 DEBUG oslo_service.service [req-69687665-8025-4619-b461-9a26cf4fbce1 - - - - -] barbican.verify_ssl_path = None log_opt_values /usr/lib/python3/dist-packages/oslo_config/cfg.py:2609
