2026-04-30 00:43:29.906 162455 DEBUG oslo_service.service [req-6b4fffa6-1919-4351-92f6-5e495c2d418e - - - - -] cinder.auth_section = None log_opt_values /usr/lib/python3/dist-packages/oslo_config/cfg.py:2609
2026-04-30 00:43:29.906 162455 DEBUG oslo_service.service [req-6b4fffa6-1919-4351-92f6-5e495c2d418e - - - - -] cinder.auth_type = None log_opt_values /usr/lib/python3/dist-packages/oslo_config/cfg.py:2609
2026-04-30 00:43:29.907 162455 DEBUG oslo_service.service [req-6b4fffa6-1919-4351-92f6-5e495c2d418e - - - - -] cinder.cafile = None log_opt_values /usr/lib/python3/dist-packages/oslo_config/cfg.py:2609
2026-04-30 00:43:29.907 162455 DEBUG oslo_service.service [req-6b4fffa6-1919-4351-92f6-5e495c2d418e - - - - -] cinder.catalog_info = volumev3::publicURL log_opt_values /usr/lib/python3/dist-packages/oslo_config/cfg.py:2609
2026-04-30 00:43:29.907 162455 DEBUG oslo_service.service [req-6b4fffa6-1919-4351-92f6-5e495c2d418e - - - - -] cinder.certfile = None log_opt_values /usr/lib/python3/dist-packages/oslo_config/cfg.py:2609
2026-04-30 00:43:29.907 162455 DEBUG oslo_service.service [req-6b4fffa6-1919-4351-92f6-5e495c2d418e - - - - -] cinder.collect_timing = False log_opt_values /usr/lib/python3/dist-packages/oslo_config/cfg.py:2609
2026-04-30 00:43:29.907 162455 DEBUG oslo_service.service [req-6b4fffa6-1919-4351-92f6-5e495c2d418e - - - - -] cinder.cross_az_attach = True log_opt_values /usr/lib/python3/dist-packages/oslo_config/cfg.py:2609
2026-04-30 00:43:29.908 162455 DEBUG oslo_service.service [req-6b4fffa6-1919-4351-92f6-5e495c2d418e - - - - -] cinder.debug = False log_opt_values /usr/lib/python3/dist-packages/oslo_config/cfg.py:2609
2026-04-30 00:43:29.908 162455 DEBUG oslo_service.service [req-6b4fffa6-1919-4351-92f6-5e495c2d418e - - - - -] cinder.endpoint_template = None log_opt_values /usr/lib/python3/dist-packages/oslo_config/cfg.py:2609
2026-04-30 00:43:29.908 162455 DEBUG oslo_service.service [req-6b4fffa6-1919-4351-92f6-5e495c2d418e - - - - -] cinder.http_retries = 3 log_opt_values /usr/lib/python3/dist-packages/oslo_config/cfg.py:2609
2026-04-30 00:43:29.908 162455 DEBUG oslo_service.service [req-6b4fffa6-1919-4351-92f6-5e495c2d418e - - - - -] cinder.insecure = False log_opt_values /usr/lib/python3/dist-packages/oslo_config/cfg.py:2609
2026-04-30 00:43:29.909 162455 DEBUG oslo_service.service [req-6b4fffa6-1919-4351-92f6-5e495c2d418e - - - - -] cinder.keyfile = None log_opt_values /usr/lib/python3/dist-packages/oslo_config/cfg.py:2609
2026-04-30 00:43:29.909 162455 DEBUG oslo_service.service [req-6b4fffa6-1919-4351-92f6-5e495c2d418e - - - - -] cinder.os_region_name = None log_opt_values /usr/lib/python3/dist-packages/oslo_config/cfg.py:2609
2026-04-30 00:43:29.909 162455 DEBUG oslo_service.service [req-6b4fffa6-1919-4351-92f6-5e495c2d418e - - - - -] cinder.split_loggers = False log_opt_values /usr/lib/python3/dist-packages/oslo_config/cfg.py:2609
2026-04-30 00:43:29.909 162455 DEBUG oslo_service.service [req-6b4fffa6-1919-4351-92f6-5e495c2d418e - - - - -] cinder.timeout = None log_opt_values /usr/lib/python3/dist-packages/oslo_config/cfg.py:2609
2026-04-30 00:43:29.909 162455 DEBUG oslo_service.service [req-6b4fffa6-1919-4351-92f6-5e495c2d418e - - - - -] compute.consecutive_build_service_disable_threshold = 10 log_opt_values /usr/lib/python3/dist-packages/oslo_config/cfg.py:2609
2026-04-30 00:43:29.910 162455 DEBUG oslo_service.service [req-6b4fffa6-1919-4351-92f6-5e495c2d418e - - - - -] compute.cpu_dedicated_set = None log_opt_values /usr/lib/python3/dist-packages/oslo_config/cfg.py:2609
2026-04-30 00:43:29.910 162455 DEBUG oslo_service.service [req-6b4fffa6-1919-4351-92f6-5e495c2d418e - - - - -] compute.cpu_shared_set = None log_opt_values /usr/lib/python3/dist-packages/oslo_config/cfg.py:2609
2026-04-30 00:43:29.910 162455 DEBUG oslo_service.service [req-6b4fffa6-1919-4351-92f6-5e495c2d418e - - - - -] compute.image_type_exclude_list = [] log_opt_values /usr/lib/python3/dist-packages/oslo_config/cfg.py:2609
2026-04-30 00:43:29.910 162455 DEBUG oslo_service.service [req-6b4fffa6-1919-4351-92f6-5e495c2d418e - - - - -] compute.live_migration_wait_for_vif_plug = True log_opt_values /usr/lib/python3/dist-packages/oslo_config/cfg.py:2609
2026-04-30 00:43:29.910 162455 DEBUG oslo_service.service [req-6b4fffa6-1919-4351-92f6-5e495c2d418e - - - - -] compute.max_concurrent_disk_ops = 0 log_opt_values /usr/lib/python3/dist-packages/oslo_config/cfg.py:2609
2026-04-30 00:43:29.911 162455 DEBUG oslo_service.service [req-6b4fffa6-1919-4351-92f6-5e495c2d418e - - - - -] compute.max_disk_devices_to_attach = -1 log_opt_values /usr/lib/python3/dist-packages/oslo_config/cfg.py:2609
2026-04-30 00:43:29.911 162455 DEBUG oslo_service.service [req-6b4fffa6-1919-4351-92f6-5e495c2d418e - - - - -] compute.packing_host_numa_cells_allocation_strategy = True log_opt_values /usr/lib/python3/dist-packages/oslo_config/cfg.py:2609
2026-04-30 00:43:29.911 162798 DEBUG oslo_messaging._drivers.amqpdriver [-] Listener is running poll /usr/lib/python3/dist-packages/oslo_messaging/_drivers/amqpdriver.py:343
2026-04-30 00:43:29.911 162798 DEBUG oslo_messaging._drivers.amqpdriver [-] AMQPListener connection consume poll /usr/lib/python3/dist-packages/oslo_messaging/_drivers/amqpdriver.py:357
2026-04-30 00:43:29.911 162455 DEBUG oslo_service.service [req-6b4fffa6-1919-4351-92f6-5e495c2d418e - - - - -] compute.provider_config_location = /etc/nova/provider_config/ log_opt_values /usr/lib/python3/dist-packages/oslo_config/cfg.py:2609
2026-04-30 00:43:29.911 162455 DEBUG oslo_service.service [req-6b4fffa6-1919-4351-92f6-5e495c2d418e - - - - -] compute.resource_provider_association_refresh = 300 log_opt_values /usr/lib/python3/dist-packages/oslo_config/cfg.py:2609
2026-04-30 00:43:29.911 162455 DEBUG oslo_service.service [req-6b4fffa6-1919-4351-92f6-5e495c2d418e - - - - -] compute.shutdown_retry_interval = 10 log_opt_values /usr/lib/python3/dist-packages/oslo_config/cfg.py:2609
2026-04-30 00:43:29.912 162798 DEBUG nova.service [req-82d5bc77-2484-4e63-b9bb-ee8fca54ae7b - - - - -] Join ServiceGroup membership for this service conductor start /usr/lib/python3/dist-packages/nova/service.py:199
2026-04-30 00:43:29.912 162455 DEBUG oslo_service.service [req-6b4fffa6-1919-4351-92f6-5e495c2d418e - - - - -] compute.vmdk_allowed_types = ['streamOptimized', 'monolithicSparse'] log_opt_values /usr/lib/python3/dist-packages/oslo_config/cfg.py:2609
2026-04-30 00:43:29.912 162798 DEBUG nova.servicegroup.drivers.db [req-82d5bc77-2484-4e63-b9bb-ee8fca54ae7b - - - - -] DB_Driver: join new ServiceGroup member juju-b0b610-0-lxd-7 to the conductor group, service = join /usr/lib/python3/dist-packages/nova/servicegroup/drivers/db.py:44
2026-04-30 00:43:29.912 162455 DEBUG oslo_service.service [req-6b4fffa6-1919-4351-92f6-5e495c2d418e - - - - -] conductor.workers = 4 log_opt_values /usr/lib/python3/dist-packages/oslo_config/cfg.py:2609
2026-04-30 00:43:29.912 162455 DEBUG oslo_service.service [req-6b4fffa6-1919-4351-92f6-5e495c2d418e - - - - -] console.allowed_origins = [] log_opt_values /usr/lib/python3/dist-packages/oslo_config/cfg.py:2609
2026-04-30 00:43:29.912 162455 DEBUG oslo_service.service [req-6b4fffa6-1919-4351-92f6-5e495c2d418e - - - - -] console.ssl_ciphers = None log_opt_values /usr/lib/python3/dist-packages/oslo_config/cfg.py:2609
2026-04-30 00:43:29.913 162455 DEBUG oslo_service.service [req-6b4fffa6-1919-4351-92f6-5e495c2d418e - - - - -] console.ssl_minimum_version = default log_opt_values /usr/lib/python3/dist-packages/oslo_config/cfg.py:2609
2026-04-30 00:43:29.913 162455 DEBUG oslo_service.service [req-6b4fffa6-1919-4351-92f6-5e495c2d418e - - - - -] consoleauth.token_ttl = 600 log_opt_values /usr/lib/python3/dist-packages/oslo_config/cfg.py:2609
2026-04-30 00:43:29.913 162455 DEBUG oslo_service.service [req-6b4fffa6-1919-4351-92f6-5e495c2d418e - - - - -] cyborg.cafile = None log_opt_values /usr/lib/python3/dist-packages/oslo_config/cfg.py:2609
2026-04-30 00:43:29.913 162798 DEBUG oslo_messaging._drivers.amqpdriver [-] received message msg_id: a3ee1797495c43868cc53761a250477f reply to reply_ce55b4376e2b47b88d89e44f74abd290 __call__ /usr/lib/python3/dist-packages/oslo_messaging/_drivers/amqpdriver.py:320
2026-04-30 00:43:29.913 162455 DEBUG oslo_service.service [req-6b4fffa6-1919-4351-92f6-5e495c2d418e - - - - -] cyborg.certfile = None log_opt_values /usr/lib/python3/dist-packages/oslo_config/cfg.py:2609
2026-04-30 00:43:29.914 162455 DEBUG oslo_service.service [req-6b4fffa6-1919-4351-92f6-5e495c2d418e - - - - -] cyborg.collect_timing = False log_opt_values /usr/lib/python3/dist-packages/oslo_config/cfg.py:2609
2026-04-30 00:43:29.914 162455 DEBUG oslo_service.service [req-6b4fffa6-1919-4351-92f6-5e495c2d418e - - - - -] cyborg.connect_retries = None log_opt_values /usr/lib/python3/dist-packages/oslo_config/cfg.py:2609
2026-04-30 00:43:29.914 162455 DEBUG oslo_service.service [req-6b4fffa6-1919-4351-92f6-5e495c2d418e - - - - -] cyborg.connect_retry_delay = None log_opt_values /usr/lib/python3/dist-packages/oslo_config/cfg.py:2609
2026-04-30 00:43:29.911 162797 DEBUG oslo_messaging._drivers.amqpdriver [-] Listener is running poll /usr/lib/python3/dist-packages/oslo_messaging/_drivers/amqpdriver.py:343
2026-04-30 00:43:29.914 162455 DEBUG oslo_service.service [req-6b4fffa6-1919-4351-92f6-5e495c2d418e - - - - -] cyborg.endpoint_override = None log_opt_values /usr/lib/python3/dist-packages/oslo_config/cfg.py:2609
2026-04-30 00:43:29.914 162455 DEBUG oslo_service.service [req-6b4fffa6-1919-4351-92f6-5e495c2d418e - - - - -] cyborg.insecure = False log_opt_values /usr/lib/python3/dist-packages/oslo_config/cfg.py:2609
2026-04-30 00:43:29.914 162797 DEBUG oslo_messaging._drivers.amqpdriver [-] AMQPListener connection consume poll /usr/lib/python3/dist-packages/oslo_messaging/_drivers/amqpdriver.py:357
2026-04-30 00:43:29.915 162455 DEBUG oslo_service.service [req-6b4fffa6-1919-4351-92f6-5e495c2d418e - - - - -] cyborg.keyfile = None log_opt_values /usr/lib/python3/dist-packages/oslo_config/cfg.py:2609
2026-04-30 00:43:29.915 162799 DEBUG oslo_messaging._drivers.amqpdriver [-] Listener is running poll /usr/lib/python3/dist-packages/oslo_messaging/_drivers/amqpdriver.py:343
2026-04-30 00:43:29.915 162455 DEBUG oslo_service.service [req-6b4fffa6-1919-4351-92f6-5e495c2d418e - - - - -] cyborg.max_version = None log_opt_values /usr/lib/python3/dist-packages/oslo_config/cfg.py:2609
2026-04-30 00:43:29.915 162799 DEBUG oslo_messaging._drivers.amqpdriver [-] AMQPListener connection consume poll /usr/lib/python3/dist-packages/oslo_messaging/_drivers/amqpdriver.py:357
2026-04-30 00:43:29.915 162455 DEBUG oslo_service.service [req-6b4fffa6-1919-4351-92f6-5e495c2d418e - - - - -] cyborg.min_version = None log_opt_values /usr/lib/python3/dist-packages/oslo_config/cfg.py:2609
2026-04-30 00:43:29.915 162798 DEBUG oslo_messaging._drivers.amqpdriver [-] AMQPListener connection timeout poll /usr/lib/python3/dist-packages/oslo_messaging/_drivers/amqpdriver.py:360
2026-04-30 00:43:29.915 162455 DEBUG oslo_service.service [req-6b4fffa6-1919-4351-92f6-5e495c2d418e - - - - -] cyborg.region_name = None log_opt_values /usr/lib/python3/dist-packages/oslo_config/cfg.py:2609
2026-04-30 00:43:29.915 162798 DEBUG oslo_messaging._drivers.amqpdriver [-] Listener is running poll /usr/lib/python3/dist-packages/oslo_messaging/_drivers/amqpdriver.py:343
2026-04-30 00:43:29.916 162455 DEBUG oslo_service.service [req-6b4fffa6-1919-4351-92f6-5e495c2d418e - - - - -] cyborg.service_name = None log_opt_values /usr/lib/python3/dist-packages/oslo_config/cfg.py:2609
2026-04-30 00:43:29.916 162798 DEBUG oslo_messaging._drivers.amqpdriver [-] Poll the incoming message with unique_id: 8ec1754715fa4c72ac337e57dc79a666 poll /usr/lib/python3/dist-packages/oslo_messaging/_drivers/amqpdriver.py:346
2026-04-30 00:43:29.915 162799 DEBUG nova.service [req-d16cbb5f-e82e-4b35-b4a8-7f35ea81221d - - - - -] Join ServiceGroup membership for this service conductor start /usr/lib/python3/dist-packages/nova/service.py:199
2026-04-30 00:43:29.916 162455 DEBUG oslo_service.service [req-6b4fffa6-1919-4351-92f6-5e495c2d418e - - - - -] cyborg.service_type = accelerator log_opt_values /usr/lib/python3/dist-packages/oslo_config/cfg.py:2609
2026-04-30 00:43:29.916 162799 DEBUG nova.servicegroup.drivers.db [req-d16cbb5f-e82e-4b35-b4a8-7f35ea81221d - - - - -] DB_Driver: join new ServiceGroup member juju-b0b610-0-lxd-7 to the conductor group, service = join /usr/lib/python3/dist-packages/nova/servicegroup/drivers/db.py:44
2026-04-30 00:43:29.916 162798 DEBUG oslo_messaging._drivers.amqpdriver [-] Listener is running poll /usr/lib/python3/dist-packages/oslo_messaging/_drivers/amqpdriver.py:343
2026-04-30 00:43:29.916 162455 DEBUG oslo_service.service [req-6b4fffa6-1919-4351-92f6-5e495c2d418e - - - - -] cyborg.split_loggers = False log_opt_values /usr/lib/python3/dist-packages/oslo_config/cfg.py:2609
2026-04-30 00:43:29.916 162798 DEBUG oslo_messaging._drivers.amqpdriver [-] AMQPListener connection consume poll /usr/lib/python3/dist-packages/oslo_messaging/_drivers/amqpdriver.py:357
2026-04-30 00:43:29.916 162455 DEBUG oslo_service.service [req-6b4fffa6-1919-4351-92f6-5e495c2d418e - - - - -] cyborg.status_code_retries = None log_opt_values /usr/lib/python3/dist-packages/oslo_config/cfg.py:2609
2026-04-30 00:43:29.916 162455 DEBUG oslo_service.service [req-6b4fffa6-1919-4351-92f6-5e495c2d418e - - - - -] cyborg.status_code_retry_delay = None log_opt_values /usr/lib/python3/dist-packages/oslo_config/cfg.py:2609
2026-04-30 00:43:29.917 162455 DEBUG oslo_service.service [req-6b4fffa6-1919-4351-92f6-5e495c2d418e - - - - -] cyborg.timeout = None log_opt_values /usr/lib/python3/dist-packages/oslo_config/cfg.py:2609
2026-04-30 00:43:29.917 162455 DEBUG oslo_service.service [req-6b4fffa6-1919-4351-92f6-5e495c2d418e - - - - -] cyborg.valid_interfaces = ['internal', 'public'] log_opt_values /usr/lib/python3/dist-packages/oslo_config/cfg.py:2609
2026-04-30 00:43:29.917 162455 DEBUG oslo_service.service [req-6b4fffa6-1919-4351-92f6-5e495c2d418e - - - - -] cyborg.version = None log_opt_values /usr/lib/python3/dist-packages/oslo_config/cfg.py:2609
2026-04-30 00:43:29.917 162455 DEBUG oslo_service.service [req-6b4fffa6-1919-4351-92f6-5e495c2d418e - - - - -] database.backend = sqlalchemy log_opt_values /usr/lib/python3/dist-packages/oslo_config/cfg.py:2609
2026-04-30 00:43:29.918 162455 DEBUG oslo_service.service [req-6b4fffa6-1919-4351-92f6-5e495c2d418e - - - - -] database.connection = **** log_opt_values /usr/lib/python3/dist-packages/oslo_config/cfg.py:2609
2026-04-30 00:43:29.918 162455 DEBUG oslo_service.service [req-6b4fffa6-1919-4351-92f6-5e495c2d418e - - - - -] database.connection_debug = 0 log_opt_values /usr/lib/python3/dist-packages/oslo_config/cfg.py:2609
2026-04-30 00:43:29.918 162455 DEBUG oslo_service.service [req-6b4fffa6-1919-4351-92f6-5e495c2d418e - - - - -] database.connection_parameters = log_opt_values /usr/lib/python3/dist-packages/oslo_config/cfg.py:2609
2026-04-30 00:43:29.918 162455 DEBUG oslo_service.service [req-6b4fffa6-1919-4351-92f6-5e495c2d418e - - - - -] database.connection_recycle_time = 3600 log_opt_values /usr/lib/python3/dist-packages/oslo_config/cfg.py:2609
2026-04-30 00:43:29.918 162455 DEBUG oslo_service.service [req-6b4fffa6-1919-4351-92f6-5e495c2d418e - - - - -] database.connection_trace = False log_opt_values /usr/lib/python3/dist-packages/oslo_config/cfg.py:2609
2026-04-30 00:43:29.919 162455 DEBUG oslo_service.service [req-6b4fffa6-1919-4351-92f6-5e495c2d418e - - - - -] database.db_inc_retry_interval = True log_opt_values /usr/lib/python3/dist-packages/oslo_config/cfg.py:2609
2026-04-30 00:43:29.919 162455 DEBUG oslo_service.service [req-6b4fffa6-1919-4351-92f6-5e495c2d418e - - - - -] database.db_max_retries = 20 log_opt_values /usr/lib/python3/dist-packages/oslo_config/cfg.py:2609
2026-04-30 00:43:29.919 162799 DEBUG oslo_messaging._drivers.amqpdriver [-] AMQPListener connection timeout poll /usr/lib/python3/dist-packages/oslo_messaging/_drivers/amqpdriver.py:360
2026-04-30 00:43:29.919 162797 DEBUG nova.service [req-d2d8b7f1-bea5-4c1a-b792-97c3ba1adf74 - - - - -] Join ServiceGroup membership for this service conductor start /usr/lib/python3/dist-packages/nova/service.py:199
2026-04-30 00:43:29.921 162799 DEBUG oslo_messaging._drivers.amqpdriver [-] Listener is running poll /usr/lib/python3/dist-packages/oslo_messaging/_drivers/amqpdriver.py:343
2026-04-30 00:43:29.921 162455 DEBUG oslo_service.service [req-6b4fffa6-1919-4351-92f6-5e495c2d418e - - - - -] database.db_max_retry_interval = 10 log_opt_values /usr/lib/python3/dist-packages/oslo_config/cfg.py:2609
2026-04-30 00:43:29.921 162797 DEBUG nova.servicegroup.drivers.db [req-d2d8b7f1-bea5-4c1a-b792-97c3ba1adf74 - - - - -] DB_Driver: join new ServiceGroup member juju-b0b610-0-lxd-7 to the conductor group, service = join /usr/lib/python3/dist-packages/nova/servicegroup/drivers/db.py:44
2026-04-30 00:43:29.921 162455 DEBUG oslo_service.service [req-6b4fffa6-1919-4351-92f6-5e495c2d418e - - - - -] database.db_retry_interval = 1 log_opt_values /usr/lib/python3/dist-packages/oslo_config/cfg.py:2609
2026-04-30 00:43:29.921 162800 DEBUG oslo_messaging._drivers.amqpdriver [-] Listener is running poll /usr/lib/python3/dist-packages/oslo_messaging/_drivers/amqpdriver.py:343
2026-04-30 00:43:29.921 162800 DEBUG oslo_messaging._drivers.amqpdriver [-] AMQPListener connection consume poll /usr/lib/python3/dist-packages/oslo_messaging/_drivers/amqpdriver.py:357
2026-04-30 00:43:29.921 162455 DEBUG oslo_service.service [req-6b4fffa6-1919-4351-92f6-5e495c2d418e - - - - -] database.max_overflow = 50 log_opt_values /usr/lib/python3/dist-packages/oslo_config/cfg.py:2609
2026-04-30 00:43:29.921 162797 DEBUG oslo_messaging._drivers.amqpdriver [-] AMQPListener connection timeout poll /usr/lib/python3/dist-packages/oslo_messaging/_drivers/amqpdriver.py:360
2026-04-30 00:43:29.921 162799 DEBUG oslo_messaging._drivers.amqpdriver [-] AMQPListener connection consume poll /usr/lib/python3/dist-packages/oslo_messaging/_drivers/amqpdriver.py:357
2026-04-30 00:43:29.921 162455 DEBUG oslo_service.service [req-6b4fffa6-1919-4351-92f6-5e495c2d418e - - - - -] database.max_pool_size = 4 log_opt_values /usr/lib/python3/dist-packages/oslo_config/cfg.py:2609
2026-04-30 00:43:29.921 162797 DEBUG oslo_messaging._drivers.amqpdriver [-] Listener is running poll /usr/lib/python3/dist-packages/oslo_messaging/_drivers/amqpdriver.py:343
2026-04-30 00:43:29.922 162455 DEBUG oslo_service.service [req-6b4fffa6-1919-4351-92f6-5e495c2d418e - - - - -] database.max_retries = 10 log_opt_values /usr/lib/python3/dist-packages/oslo_config/cfg.py:2609
2026-04-30 00:43:29.922 162797 DEBUG oslo_messaging._drivers.amqpdriver [-] AMQPListener connection consume poll /usr/lib/python3/dist-packages/oslo_messaging/_drivers/amqpdriver.py:357
2026-04-30 00:43:29.922 162455 DEBUG oslo_service.service [req-6b4fffa6-1919-4351-92f6-5e495c2d418e - - - - -] database.mysql_enable_ndb = False log_opt_values /usr/lib/python3/dist-packages/oslo_config/cfg.py:2609
2026-04-30 00:43:29.922 162800 DEBUG nova.service [req-f9009629-1ad5-49c5-af4a-1a07b636bed4 - - - - -] Join ServiceGroup membership for this service conductor start /usr/lib/python3/dist-packages/nova/service.py:199
2026-04-30 00:43:29.922 162455 DEBUG oslo_service.service [req-6b4fffa6-1919-4351-92f6-5e495c2d418e - - - - -] database.mysql_sql_mode = TRADITIONAL log_opt_values /usr/lib/python3/dist-packages/oslo_config/cfg.py:2609
2026-04-30 00:43:29.922 162800 DEBUG nova.servicegroup.drivers.db [req-f9009629-1ad5-49c5-af4a-1a07b636bed4 - - - - -] DB_Driver: join new ServiceGroup member juju-b0b610-0-lxd-7 to the conductor group, service = join /usr/lib/python3/dist-packages/nova/servicegroup/drivers/db.py:44
2026-04-30 00:43:29.922 162455 DEBUG oslo_service.service [req-6b4fffa6-1919-4351-92f6-5e495c2d418e - - - - -] database.pool_timeout = None log_opt_values /usr/lib/python3/dist-packages/oslo_config/cfg.py:2609
2026-04-30 00:43:29.922 162455 DEBUG oslo_service.service [req-6b4fffa6-1919-4351-92f6-5e495c2d418e - - - - -] database.retry_interval = 10 log_opt_values /usr/lib/python3/dist-packages/oslo_config/cfg.py:2609
2026-04-30 00:43:29.923 162455 DEBUG oslo_service.service [req-6b4fffa6-1919-4351-92f6-5e495c2d418e - - - - -] database.slave_connection = **** log_opt_values /usr/lib/python3/dist-packages/oslo_config/cfg.py:2609
2026-04-30 00:43:29.923 162455 DEBUG oslo_service.service [req-6b4fffa6-1919-4351-92f6-5e495c2d418e - - - - -] database.sqlite_synchronous = True log_opt_values /usr/lib/python3/dist-packages/oslo_config/cfg.py:2609
2026-04-30 00:43:29.923 162455 DEBUG oslo_service.service [req-6b4fffa6-1919-4351-92f6-5e495c2d418e - - - - -] database.use_db_reconnect = False log_opt_values /usr/lib/python3/dist-packages/oslo_config/cfg.py:2609
2026-04-30 00:43:29.923 162455 DEBUG oslo_service.service [req-6b4fffa6-1919-4351-92f6-5e495c2d418e - - - - -] api_database.backend = sqlalchemy log_opt_values /usr/lib/python3/dist-packages/oslo_config/cfg.py:2609
2026-04-30 00:43:29.923 162455 DEBUG oslo_service.service [req-6b4fffa6-1919-4351-92f6-5e495c2d418e - - - - -] api_database.connection = **** log_opt_values /usr/lib/python3/dist-packages/oslo_config/cfg.py:2609
2026-04-30 00:43:29.924 162455 DEBUG oslo_service.service [req-6b4fffa6-1919-4351-92f6-5e495c2d418e - - - - -] api_database.connection_debug = 0 log_opt_values /usr/lib/python3/dist-packages/oslo_config/cfg.py:2609
2026-04-30 00:43:29.924 162455 DEBUG oslo_service.service [req-6b4fffa6-1919-4351-92f6-5e495c2d418e - - - - -] api_database.connection_parameters = log_opt_values /usr/lib/python3/dist-packages/oslo_config/cfg.py:2609
2026-04-30 00:43:29.924 162455 DEBUG oslo_service.service [req-6b4fffa6-1919-4351-92f6-5e495c2d418e - - - - -] api_database.connection_recycle_time = 3600 log_opt_values /usr/lib/python3/dist-packages/oslo_config/cfg.py:2609
2026-04-30 00:43:29.924 162455 DEBUG oslo_service.service [req-6b4fffa6-1919-4351-92f6-5e495c2d418e - - - - -] api_database.connection_trace = False log_opt_values /usr/lib/python3/dist-packages/oslo_config/cfg.py:2609
2026-04-30 00:43:29.925 162455 DEBUG oslo_service.service [req-6b4fffa6-1919-4351-92f6-5e495c2d418e - - - - -] api_database.db_inc_retry_interval = True log_opt_values /usr/lib/python3/dist-packages/oslo_config/cfg.py:2609
2026-04-30 00:43:29.925 162800 DEBUG oslo_messaging._drivers.amqpdriver [-] AMQPListener connection timeout poll /usr/lib/python3/dist-packages/oslo_messaging/_drivers/amqpdriver.py:360
2026-04-30 00:43:29.925 162800 DEBUG oslo_messaging._drivers.amqpdriver [-] Listener is running poll /usr/lib/python3/dist-packages/oslo_messaging/_drivers/amqpdriver.py:343
2026-04-30 00:43:29.925 162800 DEBUG oslo_messaging._drivers.amqpdriver [-] AMQPListener connection consume poll /usr/lib/python3/dist-packages/oslo_messaging/_drivers/amqpdriver.py:357
2026-04-30 00:43:29.925 162455 DEBUG oslo_service.service [req-6b4fffa6-1919-4351-92f6-5e495c2d418e - - - - -] api_database.db_max_retries = 20 log_opt_values /usr/lib/python3/dist-packages/oslo_config/cfg.py:2609
2026-04-30 00:43:29.925 162455 DEBUG oslo_service.service [req-6b4fffa6-1919-4351-92f6-5e495c2d418e - - - - -] api_database.db_max_retry_interval = 10 log_opt_values /usr/lib/python3/dist-packages/oslo_config/cfg.py:2609
2026-04-30 00:43:29.925 162455 DEBUG oslo_service.service [req-6b4fffa6-1919-4351-92f6-5e495c2d418e - - - - -] api_database.db_retry_interval = 1 log_opt_values /usr/lib/python3/dist-packages/oslo_config/cfg.py:2609
2026-04-30 00:43:29.926 162455 DEBUG oslo_service.service [req-6b4fffa6-1919-4351-92f6-5e495c2d418e - - - - -] api_database.max_overflow = 50 log_opt_values /usr/lib/python3/dist-packages/oslo_config/cfg.py:2609
2026-04-30 00:43:29.926 162455 DEBUG oslo_service.service [req-6b4fffa6-1919-4351-92f6-5e495c2d418e - - - - -] api_database.max_pool_size = 4 log_opt_values /usr/lib/python3/dist-packages/oslo_config/cfg.py:2609
2026-04-30 00:43:29.926 162455 DEBUG oslo_service.service [req-6b4fffa6-1919-4351-92f6-5e495c2d418e - - - - -] api_database.max_retries = 10 log_opt_values /usr/lib/python3/dist-packages/oslo_config/cfg.py:2609
2026-04-30 00:43:29.926 162455 DEBUG oslo_service.service [req-6b4fffa6-1919-4351-92f6-5e495c2d418e - - - - -] api_database.mysql_enable_ndb = False log_opt_values /usr/lib/python3/dist-packages/oslo_config/cfg.py:2609
2026-04-30 00:43:29.927 162455 DEBUG oslo_service.service [req-6b4fffa6-1919-4351-92f6-5e495c2d418e - - - - -] api_database.mysql_sql_mode = TRADITIONAL log_opt_values /usr/lib/python3/dist-packages/oslo_config/cfg.py:2609
2026-04-30 00:43:29.927 162455 DEBUG oslo_service.service [req-6b4fffa6-1919-4351-92f6-5e495c2d418e - - - - -] api_database.pool_timeout = None log_opt_values /usr/lib/python3/dist-packages/oslo_config/cfg.py:2609
2026-04-30 00:43:29.927 162455 DEBUG oslo_service.service [req-6b4fffa6-1919-4351-92f6-5e495c2d418e - - - - -] api_database.retry_interval = 10 log_opt_values /usr/lib/python3/dist-packages/oslo_config/cfg.py:2609
2026-04-30 00:43:29.927 162455 DEBUG oslo_service.service [req-6b4fffa6-1919-4351-92f6-5e495c2d418e - - - - -] api_database.slave_connection = **** log_opt_values /usr/lib/python3/dist-packages/oslo_config/cfg.py:2609
2026-04-30 00:43:29.927 162455 DEBUG oslo_service.service [req-6b4fffa6-1919-4351-92f6-5e495c2d418e - - - - -] api_database.sqlite_synchronous = True log_opt_values /usr/lib/python3/dist-packages/oslo_config/cfg.py:2609
2026-04-30 00:43:29.928 162455 DEBUG oslo_service.service [req-6b4fffa6-1919-4351-92f6-5e495c2d418e - - - - -] devices.enabled_mdev_types = [] log_opt_values /usr/lib/python3/dist-packages/oslo_config/cfg.py:2609
2026-04-30 00:43:29.928 162455 DEBUG oslo_service.service [req-6b4fffa6-1919-4351-92f6-5e495c2d418e - - - - -] ephemeral_storage_encryption.cipher = aes-xts-plain64 log_opt_values /usr/lib/python3/dist-packages/oslo_config/cfg.py:2609
2026-04-30 00:43:29.928 162455 DEBUG oslo_service.service [req-6b4fffa6-1919-4351-92f6-5e495c2d418e - - - - -] ephemeral_storage_encryption.enabled = False log_opt_values /usr/lib/python3/dist-packages/oslo_config/cfg.py:2609
2026-04-30 00:43:29.929 162455 DEBUG oslo_service.service [req-6b4fffa6-1919-4351-92f6-5e495c2d418e - - - - -] ephemeral_storage_encryption.key_size = 512 log_opt_values /usr/lib/python3/dist-packages/oslo_config/cfg.py:2609
2026-04-30 00:43:29.929 162455 WARNING oslo_config.cfg [req-6b4fffa6-1919-4351-92f6-5e495c2d418e - - - - -] Deprecated: Option "api_servers" from group "glance" is deprecated for removal ( Support for image service configuration via standard keystoneauth1 Adapter options was added in the 17.0.0 Queens release. The api_servers option was retained temporarily to allow consumers time to cut over to a real load balancing solution. ). Its value may be silently ignored in the future.
2026-04-30 00:43:29.929 162455 DEBUG oslo_service.service [req-6b4fffa6-1919-4351-92f6-5e495c2d418e - - - - -] glance.api_servers = ['http://252.27.56.176:9292'] log_opt_values /usr/lib/python3/dist-packages/oslo_config/cfg.py:2609
2026-04-30 00:43:29.929 162455 DEBUG oslo_service.service [req-6b4fffa6-1919-4351-92f6-5e495c2d418e - - - - -] glance.cafile = None log_opt_values /usr/lib/python3/dist-packages/oslo_config/cfg.py:2609
2026-04-30 00:43:29.930 162455 DEBUG oslo_service.service [req-6b4fffa6-1919-4351-92f6-5e495c2d418e - - - - -] glance.certfile = None log_opt_values /usr/lib/python3/dist-packages/oslo_config/cfg.py:2609
2026-04-30 00:43:29.930 162455 DEBUG oslo_service.service [req-6b4fffa6-1919-4351-92f6-5e495c2d418e - - - - -] glance.collect_timing = False log_opt_values /usr/lib/python3/dist-packages/oslo_config/cfg.py:2609
2026-04-30 00:43:29.930 162455 DEBUG oslo_service.service [req-6b4fffa6-1919-4351-92f6-5e495c2d418e - - - - -] glance.connect_retries = None log_opt_values /usr/lib/python3/dist-packages/oslo_config/cfg.py:2609
2026-04-30 00:43:29.930 162455 DEBUG oslo_service.service [req-6b4fffa6-1919-4351-92f6-5e495c2d418e - - - - -] glance.connect_retry_delay = None log_opt_values /usr/lib/python3/dist-packages/oslo_config/cfg.py:2609
2026-04-30 00:43:29.931 162455 DEBUG oslo_service.service [req-6b4fffa6-1919-4351-92f6-5e495c2d418e - - - - -] glance.debug = False log_opt_values /usr/lib/python3/dist-packages/oslo_config/cfg.py:2609
2026-04-30 00:43:29.931 162455 DEBUG oslo_service.service [req-6b4fffa6-1919-4351-92f6-5e495c2d418e - - - - -] glance.default_trusted_certificate_ids = [] log_opt_values /usr/lib/python3/dist-packages/oslo_config/cfg.py:2609
2026-04-30 00:43:29.931 162455 DEBUG oslo_service.service [req-6b4fffa6-1919-4351-92f6-5e495c2d418e - - - - -] glance.enable_certificate_validation = False log_opt_values /usr/lib/python3/dist-packages/oslo_config/cfg.py:2609
2026-04-30 00:43:29.931 162455 DEBUG oslo_service.service [req-6b4fffa6-1919-4351-92f6-5e495c2d418e - - - - -] glance.enable_rbd_download = False log_opt_values /usr/lib/python3/dist-packages/oslo_config/cfg.py:2609
2026-04-30 00:43:29.931 162455 DEBUG oslo_service.service [req-6b4fffa6-1919-4351-92f6-5e495c2d418e - - - - -] glance.endpoint_override = None log_opt_values /usr/lib/python3/dist-packages/oslo_config/cfg.py:2609
2026-04-30 00:43:29.932 162455 DEBUG oslo_service.service [req-6b4fffa6-1919-4351-92f6-5e495c2d418e - - - - -] glance.insecure = False log_opt_values /usr/lib/python3/dist-packages/oslo_config/cfg.py:2609
2026-04-30 00:43:29.932 162455 DEBUG oslo_service.service [req-6b4fffa6-1919-4351-92f6-5e495c2d418e - - - - -] glance.keyfile = None log_opt_values /usr/lib/python3/dist-packages/oslo_config/cfg.py:2609
2026-04-30 00:43:29.932 162455 DEBUG oslo_service.service [req-6b4fffa6-1919-4351-92f6-5e495c2d418e - - - - -] glance.max_version = None log_opt_values /usr/lib/python3/dist-packages/oslo_config/cfg.py:2609
2026-04-30 00:43:29.932 162455 DEBUG oslo_service.service [req-6b4fffa6-1919-4351-92f6-5e495c2d418e - - - - -] glance.min_version = None log_opt_values /usr/lib/python3/dist-packages/oslo_config/cfg.py:2609
2026-04-30 00:43:29.933 162455 DEBUG oslo_service.service [req-6b4fffa6-1919-4351-92f6-5e495c2d418e - - - - -] glance.num_retries = 3 log_opt_values /usr/lib/python3/dist-packages/oslo_config/cfg.py:2609
2026-04-30 00:43:29.933 162455 DEBUG oslo_service.service [req-6b4fffa6-1919-4351-92f6-5e495c2d418e - - - - -] glance.rbd_ceph_conf = log_opt_values /usr/lib/python3/dist-packages/oslo_config/cfg.py:2609
2026-04-30 00:43:29.933 162455 DEBUG oslo_service.service [req-6b4fffa6-1919-4351-92f6-5e495c2d418e - - - - -] glance.rbd_connect_timeout = 5 log_opt_values /usr/lib/python3/dist-packages/oslo_config/cfg.py:2609
2026-04-30 00:43:29.933 162455 DEBUG oslo_service.service [req-6b4fffa6-1919-4351-92f6-5e495c2d418e - - - - -] glance.rbd_pool = log_opt_values /usr/lib/python3/dist-packages/oslo_config/cfg.py:2609
2026-04-30 00:43:29.933 162455 DEBUG oslo_service.service [req-6b4fffa6-1919-4351-92f6-5e495c2d418e - - - - -] glance.rbd_user = log_opt_values /usr/lib/python3/dist-packages/oslo_config/cfg.py:2609
2026-04-30 00:43:29.934 162455 DEBUG oslo_service.service [req-6b4fffa6-1919-4351-92f6-5e495c2d418e - - - - -] glance.region_name = None log_opt_values /usr/lib/python3/dist-packages/oslo_config/cfg.py:2609
2026-04-30 00:43:29.934 162455 DEBUG oslo_service.service [req-6b4fffa6-1919-4351-92f6-5e495c2d418e - - - - -] glance.service_name = None log_opt_values /usr/lib/python3/dist-packages/oslo_config/cfg.py:2609
2026-04-30 00:43:29.934 162455 DEBUG oslo_service.service [req-6b4fffa6-1919-4351-92f6-5e495c2d418e - - - - -] glance.service_type = image log_opt_values /usr/lib/python3/dist-packages/oslo_config/cfg.py:2609
2026-04-30 00:43:29.934 162455 DEBUG oslo_service.service [req-6b4fffa6-1919-4351-92f6-5e495c2d418e - - - - -] glance.split_loggers = False log_opt_values /usr/lib/python3/dist-packages/oslo_config/cfg.py:2609
2026-04-30 00:43:29.937 162455 DEBUG oslo_service.service [req-6b4fffa6-1919-4351-92f6-5e495c2d418e - - - - -] glance.status_code_retries = None log_opt_values /usr/lib/python3/dist-packages/oslo_config/cfg.py:2609
2026-04-30 00:43:29.937 162455 DEBUG oslo_service.service [req-6b4fffa6-1919-4351-92f6-5e495c2d418e - - - - -] glance.status_code_retry_delay = None log_opt_values /usr/lib/python3/dist-packages/oslo_config/cfg.py:2609
2026-04-30 00:43:29.938 162455 DEBUG oslo_service.service [req-6b4fffa6-1919-4351-92f6-5e495c2d418e - - - - -] glance.timeout = None log_opt_values /usr/lib/python3/dist-packages/oslo_config/cfg.py:2609
2026-04-30 00:43:29.938 162455 DEBUG oslo_service.service [req-6b4fffa6-1919-4351-92f6-5e495c2d418e - - - - -] glance.valid_interfaces = ['internal', 'public'] log_opt_values /usr/lib/python3/dist-packages/oslo_config/cfg.py:2609
2026-04-30 00:43:29.939 162455 DEBUG oslo_service.service [req-6b4fffa6-1919-4351-92f6-5e495c2d418e - - - - -] glance.verify_glance_signatures = False log_opt_values /usr/lib/python3/dist-packages/oslo_config/cfg.py:2609
2026-04-30 00:43:29.939 162455 DEBUG oslo_service.service [req-6b4fffa6-1919-4351-92f6-5e495c2d418e - - - - -] glance.version = None log_opt_values /usr/lib/python3/dist-packages/oslo_config/cfg.py:2609
2026-04-30 00:43:29.940 162455 DEBUG oslo_service.service [req-6b4fffa6-1919-4351-92f6-5e495c2d418e - - - - -] guestfs.debug = False log_opt_values /usr/lib/python3/dist-packages/oslo_config/cfg.py:2609
2026-04-30 00:43:29.940 162455 DEBUG oslo_service.service [req-6b4fffa6-1919-4351-92f6-5e495c2d418e - - - - -] hyperv.config_drive_cdrom = False log_opt_values /usr/lib/python3/dist-packages/oslo_config/cfg.py:2609
2026-04-30 00:43:29.940 162455 DEBUG oslo_service.service [req-6b4fffa6-1919-4351-92f6-5e495c2d418e - - - - -] hyperv.config_drive_inject_password = False log_opt_values /usr/lib/python3/dist-packages/oslo_config/cfg.py:2609
2026-04-30 00:43:29.941 162455 DEBUG oslo_service.service [req-6b4fffa6-1919-4351-92f6-5e495c2d418e - - - - -] hyperv.dynamic_memory_ratio = 1.0 log_opt_values /usr/lib/python3/dist-packages/oslo_config/cfg.py:2609
2026-04-30 00:43:29.941 162455 DEBUG oslo_service.service [req-6b4fffa6-1919-4351-92f6-5e495c2d418e - - - - -] hyperv.enable_instance_metrics_collection = False log_opt_values /usr/lib/python3/dist-packages/oslo_config/cfg.py:2609
2026-04-30 00:43:29.941 162455 DEBUG oslo_service.service [req-6b4fffa6-1919-4351-92f6-5e495c2d418e - - - - -] hyperv.enable_remotefx = False log_opt_values /usr/lib/python3/dist-packages/oslo_config/cfg.py:2609
2026-04-30 00:43:29.942 162455 DEBUG oslo_service.service [req-6b4fffa6-1919-4351-92f6-5e495c2d418e - - - - -] hyperv.instances_path_share = log_opt_values /usr/lib/python3/dist-packages/oslo_config/cfg.py:2609
2026-04-30 00:43:29.942 162455 DEBUG oslo_service.service [req-6b4fffa6-1919-4351-92f6-5e495c2d418e - - - - -] hyperv.iscsi_initiator_list = [] log_opt_values /usr/lib/python3/dist-packages/oslo_config/cfg.py:2609
2026-04-30 00:43:29.942 162455 DEBUG oslo_service.service [req-6b4fffa6-1919-4351-92f6-5e495c2d418e - - - - -] hyperv.limit_cpu_features = False log_opt_values /usr/lib/python3/dist-packages/oslo_config/cfg.py:2609
2026-04-30 00:43:29.942 162455 DEBUG oslo_service.service [req-6b4fffa6-1919-4351-92f6-5e495c2d418e - - - - -] hyperv.mounted_disk_query_retry_count = 10 log_opt_values /usr/lib/python3/dist-packages/oslo_config/cfg.py:2609
2026-04-30 00:43:29.942 162455 DEBUG oslo_service.service [req-6b4fffa6-1919-4351-92f6-5e495c2d418e - - - - -] hyperv.mounted_disk_query_retry_interval = 5 log_opt_values /usr/lib/python3/dist-packages/oslo_config/cfg.py:2609
2026-04-30 00:43:29.943 162455 DEBUG oslo_service.service [req-6b4fffa6-1919-4351-92f6-5e495c2d418e - - - - -] hyperv.power_state_check_timeframe = 60 log_opt_values /usr/lib/python3/dist-packages/oslo_config/cfg.py:2609
2026-04-30 00:43:29.943 162455 DEBUG oslo_service.service [req-6b4fffa6-1919-4351-92f6-5e495c2d418e - - - - -] hyperv.power_state_event_polling_interval = 2 log_opt_values /usr/lib/python3/dist-packages/oslo_config/cfg.py:2609
2026-04-30 00:43:29.943 162455 DEBUG oslo_service.service [req-6b4fffa6-1919-4351-92f6-5e495c2d418e - - - - -] hyperv.qemu_img_cmd = qemu-img.exe log_opt_values /usr/lib/python3/dist-packages/oslo_config/cfg.py:2609
2026-04-30 00:43:29.944 162455 DEBUG oslo_service.service [req-6b4fffa6-1919-4351-92f6-5e495c2d418e - - - - -] hyperv.use_multipath_io = False log_opt_values /usr/lib/python3/dist-packages/oslo_config/cfg.py:2609
2026-04-30 00:43:29.944 162455 DEBUG oslo_service.service [req-6b4fffa6-1919-4351-92f6-5e495c2d418e - - - - -] hyperv.volume_attach_retry_count = 10 log_opt_values /usr/lib/python3/dist-packages/oslo_config/cfg.py:2609
2026-04-30 00:43:29.944 162455 DEBUG oslo_service.service [req-6b4fffa6-1919-4351-92f6-5e495c2d418e - - - - -] hyperv.volume_attach_retry_interval = 5 log_opt_values /usr/lib/python3/dist-packages/oslo_config/cfg.py:2609
2026-04-30 00:43:29.944 162455 DEBUG oslo_service.service [req-6b4fffa6-1919-4351-92f6-5e495c2d418e - - - - -] hyperv.vswitch_name = None log_opt_values /usr/lib/python3/dist-packages/oslo_config/cfg.py:2609
2026-04-30 00:43:29.945 162455 DEBUG oslo_service.service [req-6b4fffa6-1919-4351-92f6-5e495c2d418e - - - - -] hyperv.wait_soft_reboot_seconds = 60 log_opt_values /usr/lib/python3/dist-packages/oslo_config/cfg.py:2609
2026-04-30 00:43:29.945 162455 DEBUG oslo_service.service [req-6b4fffa6-1919-4351-92f6-5e495c2d418e - - - - -] mks.enabled = False log_opt_values /usr/lib/python3/dist-packages/oslo_config/cfg.py:2609
2026-04-30 00:43:29.945 162455 DEBUG oslo_service.service [req-6b4fffa6-1919-4351-92f6-5e495c2d418e - - - - -] mks.mksproxy_base_url = http://127.0.0.1:6090/ log_opt_values /usr/lib/python3/dist-packages/oslo_config/cfg.py:2609
2026-04-30 00:43:29.946 162455 DEBUG oslo_service.service [req-6b4fffa6-1919-4351-92f6-5e495c2d418e - - - - -] image_cache.manager_interval = 2400 log_opt_values /usr/lib/python3/dist-packages/oslo_config/cfg.py:2609
2026-04-30 00:43:29.946 162455 DEBUG oslo_service.service [req-6b4fffa6-1919-4351-92f6-5e495c2d418e - - - - -] image_cache.precache_concurrency = 1 log_opt_values /usr/lib/python3/dist-packages/oslo_config/cfg.py:2609
2026-04-30 00:43:29.947 162455 DEBUG oslo_service.service [req-6b4fffa6-1919-4351-92f6-5e495c2d418e - - - - -] image_cache.remove_unused_base_images = True log_opt_values /usr/lib/python3/dist-packages/oslo_config/cfg.py:2609
2026-04-30 00:43:29.947 162455 DEBUG oslo_service.service [req-6b4fffa6-1919-4351-92f6-5e495c2d418e - - - - -] image_cache.remove_unused_original_minimum_age_seconds = 86400 log_opt_values /usr/lib/python3/dist-packages/oslo_config/cfg.py:2609
2026-04-30 00:43:29.947 162455 DEBUG oslo_service.service [req-6b4fffa6-1919-4351-92f6-5e495c2d418e - - - - -] image_cache.remove_unused_resized_minimum_age_seconds = 3600 log_opt_values /usr/lib/python3/dist-packages/oslo_config/cfg.py:2609
2026-04-30 00:43:29.947 162455 DEBUG oslo_service.service [req-6b4fffa6-1919-4351-92f6-5e495c2d418e - - - - -] image_cache.subdirectory_name = _base log_opt_values /usr/lib/python3/dist-packages/oslo_config/cfg.py:2609
2026-04-30 00:43:29.948 162455 DEBUG oslo_service.service [req-6b4fffa6-1919-4351-92f6-5e495c2d418e - - - - -] ironic.api_max_retries = 60 log_opt_values /usr/lib/python3/dist-packages/oslo_config/cfg.py:2609
2026-04-30 00:43:29.948 162455 DEBUG oslo_service.service [req-6b4fffa6-1919-4351-92f6-5e495c2d418e - - - - -] ironic.api_retry_interval = 2 log_opt_values /usr/lib/python3/dist-packages/oslo_config/cfg.py:2609
2026-04-30 00:43:29.948 162455 DEBUG oslo_service.service [req-6b4fffa6-1919-4351-92f6-5e495c2d418e - - - - -] ironic.auth_section = None log_opt_values /usr/lib/python3/dist-packages/oslo_config/cfg.py:2609
2026-04-30 00:43:29.948 162455 DEBUG oslo_service.service [req-6b4fffa6-1919-4351-92f6-5e495c2d418e - - - - -] ironic.auth_type = None log_opt_values /usr/lib/python3/dist-packages/oslo_config/cfg.py:2609
2026-04-30 00:43:29.948 162455 DEBUG oslo_service.service [req-6b4fffa6-1919-4351-92f6-5e495c2d418e - - - - -] ironic.cafile = None log_opt_values /usr/lib/python3/dist-packages/oslo_config/cfg.py:2609
2026-04-30 00:43:29.948 162455 DEBUG oslo_service.service [req-6b4fffa6-1919-4351-92f6-5e495c2d418e - - - - -] ironic.certfile = None log_opt_values /usr/lib/python3/dist-packages/oslo_config/cfg.py:2609
2026-04-30 00:43:29.949 162455 DEBUG oslo_service.service [req-6b4fffa6-1919-4351-92f6-5e495c2d418e - - - - -] ironic.collect_timing = False log_opt_values /usr/lib/python3/dist-packages/oslo_config/cfg.py:2609
2026-04-30 00:43:29.949 162455 DEBUG oslo_service.service [req-6b4fffa6-1919-4351-92f6-5e495c2d418e - - - - -] ironic.connect_retries = None log_opt_values /usr/lib/python3/dist-packages/oslo_config/cfg.py:2609
2026-04-30 00:43:29.949 162455 DEBUG oslo_service.service [req-6b4fffa6-1919-4351-92f6-5e495c2d418e - - - - -] ironic.connect_retry_delay = None log_opt_values /usr/lib/python3/dist-packages/oslo_config/cfg.py:2609
2026-04-30 00:43:29.949 162455 DEBUG oslo_service.service [req-6b4fffa6-1919-4351-92f6-5e495c2d418e - - - - -] ironic.endpoint_override = None log_opt_values /usr/lib/python3/dist-packages/oslo_config/cfg.py:2609
2026-04-30 00:43:29.949 162455 DEBUG oslo_service.service [req-6b4fffa6-1919-4351-92f6-5e495c2d418e - - - - -] ironic.insecure = False log_opt_values /usr/lib/python3/dist-packages/oslo_config/cfg.py:2609
2026-04-30 00:43:29.949 162455 DEBUG oslo_service.service [req-6b4fffa6-1919-4351-92f6-5e495c2d418e - - - - -] ironic.keyfile = None log_opt_values /usr/lib/python3/dist-packages/oslo_config/cfg.py:2609
2026-04-30 00:43:29.950 162455 DEBUG oslo_service.service [req-6b4fffa6-1919-4351-92f6-5e495c2d418e - - - - -] ironic.max_version = None log_opt_values /usr/lib/python3/dist-packages/oslo_config/cfg.py:2609
2026-04-30 00:43:29.950 162455 DEBUG oslo_service.service [req-6b4fffa6-1919-4351-92f6-5e495c2d418e - - - - -] ironic.min_version = None log_opt_values /usr/lib/python3/dist-packages/oslo_config/cfg.py:2609
2026-04-30 00:43:29.950 162455 DEBUG oslo_service.service [req-6b4fffa6-1919-4351-92f6-5e495c2d418e - - - - -] ironic.partition_key = None log_opt_values /usr/lib/python3/dist-packages/oslo_config/cfg.py:2609
2026-04-30 00:43:29.950 162455 DEBUG oslo_service.service [req-6b4fffa6-1919-4351-92f6-5e495c2d418e - - - - -] ironic.peer_list = [] log_opt_values /usr/lib/python3/dist-packages/oslo_config/cfg.py:2609
2026-04-30 00:43:29.950 162455 DEBUG oslo_service.service [req-6b4fffa6-1919-4351-92f6-5e495c2d418e - - - - -] ironic.region_name = None log_opt_values /usr/lib/python3/dist-packages/oslo_config/cfg.py:2609
2026-04-30 00:43:29.950 162455 DEBUG oslo_service.service [req-6b4fffa6-1919-4351-92f6-5e495c2d418e - - - - -] ironic.serial_console_state_timeout = 10 log_opt_values /usr/lib/python3/dist-packages/oslo_config/cfg.py:2609
2026-04-30 00:43:29.951 162455 DEBUG oslo_service.service [req-6b4fffa6-1919-4351-92f6-5e495c2d418e - - - - -] ironic.service_name = None log_opt_values /usr/lib/python3/dist-packages/oslo_config/cfg.py:2609
2026-04-30 00:43:29.951 162455 DEBUG oslo_service.service [req-6b4fffa6-1919-4351-92f6-5e495c2d418e - - - - -] ironic.service_type = baremetal log_opt_values /usr/lib/python3/dist-packages/oslo_config/cfg.py:2609
2026-04-30 00:43:29.951 162798 DEBUG oslo_messaging._drivers.amqpdriver [req-3938993c-db86-4498-9780-6c421abb11d9 - - - - -] sending reply msg_id: a3ee1797495c43868cc53761a250477f reply queue: reply_ce55b4376e2b47b88d89e44f74abd290 time elapsed: 0.03756042499981049s _send_reply /usr/lib/python3/dist-packages/oslo_messaging/_drivers/amqpdriver.py:118
2026-04-30 00:43:29.952 162455 DEBUG oslo_service.service [req-6b4fffa6-1919-4351-92f6-5e495c2d418e - - - - -] ironic.split_loggers = False log_opt_values /usr/lib/python3/dist-packages/oslo_config/cfg.py:2609
2026-04-30 00:43:29.952 162455 DEBUG oslo_service.service [req-6b4fffa6-1919-4351-92f6-5e495c2d418e - - - - -] ironic.status_code_retries = None log_opt_values /usr/lib/python3/dist-packages/oslo_config/cfg.py:2609
2026-04-30 00:43:29.952 162455 DEBUG oslo_service.service [req-6b4fffa6-1919-4351-92f6-5e495c2d418e - - - - -] ironic.status_code_retry_delay = None log_opt_values /usr/lib/python3/dist-packages/oslo_config/cfg.py:2609
2026-04-30 00:43:29.952 162455 DEBUG oslo_service.service [req-6b4fffa6-1919-4351-92f6-5e495c2d418e - - - - -] ironic.timeout = None log_opt_values /usr/lib/python3/dist-packages/oslo_config/cfg.py:2609
2026-04-30 00:43:29.953 162455 DEBUG oslo_service.service [req-6b4fffa6-1919-4351-92f6-5e495c2d418e - - - - -] ironic.valid_interfaces = ['internal', 'public'] log_opt_values /usr/lib/python3/dist-packages/oslo_config/cfg.py:2609
2026-04-30 00:43:29.953 162455 DEBUG oslo_service.service [req-6b4fffa6-1919-4351-92f6-5e495c2d418e - - - - -] ironic.version = None log_opt_values /usr/lib/python3/dist-packages/oslo_config/cfg.py:2609
2026-04-30 00:43:29.953 162455 DEBUG oslo_service.service [req-6b4fffa6-1919-4351-92f6-5e495c2d418e - - - - -] key_manager.backend = barbican log_opt_values /usr/lib/python3/dist-packages/oslo_config/cfg.py:2609
2026-04-30 00:43:29.953 162455 DEBUG oslo_service.service [req-6b4fffa6-1919-4351-92f6-5e495c2d418e - - - - -] key_manager.fixed_key = **** log_opt_values /usr/lib/python3/dist-packages/oslo_config/cfg.py:2609
2026-04-30 00:43:29.954 162455 DEBUG oslo_service.service [req-6b4fffa6-1919-4351-92f6-5e495c2d418e - - - - -] barbican.auth_endpoint = http://localhost/identity/v3 log_opt_values /usr/lib/python3/dist-packages/oslo_config/cfg.py:2609
2026-04-30 00:43:29.954 162455 DEBUG oslo_service.service [req-6b4fffa6-1919-4351-92f6-5e495c2d418e - - - - -] barbican.barbican_api_version = None log_opt_values /usr/lib/python3/dist-packages/oslo_config/cfg.py:2609
2026-04-30 00:43:29.954 162455 DEBUG oslo_service.service [req-6b4fffa6-1919-4351-92f6-5e495c2d418e - - - - -] barbican.barbican_endpoint = None log_opt_values /usr/lib/python3/dist-packages/oslo_config/cfg.py:2609
2026-04-30 00:43:29.955 162455 DEBUG oslo_service.service [req-6b4fffa6-1919-4351-92f6-5e495c2d418e - - - - -] barbican.barbican_endpoint_type = public log_opt_values /usr/lib/python3/dist-packages/oslo_config/cfg.py:2609
2026-04-30 00:43:29.955 162455 DEBUG oslo_service.service [req-6b4fffa6-1919-4351-92f6-5e495c2d418e - - - - -] barbican.barbican_region_name = None log_opt_values /usr/lib/python3/dist-packages/oslo_config/cfg.py:2609
2026-04-30 00:43:29.956 162455 DEBUG oslo_service.service [req-6b4fffa6-1919-4351-92f6-5e495c2d418e - - - - -] barbican.cafile = None log_opt_values /usr/lib/python3/dist-packages/oslo_config/cfg.py:2609
2026-04-30 00:43:29.956 162455 DEBUG oslo_service.service [req-6b4fffa6-1919-4351-92f6-5e495c2d418e - - - - -] barbican.certfile = None log_opt_values /usr/lib/python3/dist-packages/oslo_config/cfg.py:2609
2026-04-30 00:43:29.957 162455 DEBUG oslo_service.service [req-6b4fffa6-1919-4351-92f6-5e495c2d418e - - - - -] barbican.collect_timing = False log_opt_values /usr/lib/python3/dist-packages/oslo_config/cfg.py:2609
2026-04-30 00:43:29.957 162455 DEBUG oslo_service.service [req-6b4fffa6-1919-4351-92f6-5e495c2d418e - - - - -] barbican.insecure = False log_opt_values /usr/lib/python3/dist-packages/oslo_config/cfg.py:2609
2026-04-30 00:43:29.957 162455 DEBUG oslo_service.service [req-6b4fffa6-1919-4351-92f6-5e495c2d418e - - - - -] barbican.keyfile = None log_opt_values /usr/lib/python3/dist-packages/oslo_config/cfg.py:2609
2026-04-30 00:43:29.958 162455 DEBUG oslo_service.service [req-6b4fffa6-1919-4351-92f6-5e495c2d418e - - - - -] barbican.number_of_retries = 60 log_opt_values /usr/lib/python3/dist-packages/oslo_config/cfg.py:2609
2026-04-30 00:43:29.958 162455 DEBUG oslo_service.service [req-6b4fffa6-1919-4351-92f6-5e495c2d418e - - - - -] barbican.retry_delay = 1 log_opt_values /usr/lib/python3/dist-packages/oslo_config/cfg.py:2609
2026-04-30 00:43:29.958 162455 DEBUG oslo_service.service [req-6b4fffa6-1919-4351-92f6-5e495c2d418e - - - - -] barbican.send_service_user_token = False log_opt_values /usr/lib/python3/dist-packages/oslo_config/cfg.py:2609
2026-04-30 00:43:29.959 162455 DEBUG oslo_service.service [req-6b4fffa6-1919-4351-92f6-5e495c2d418e - - - - -] barbican.split_loggers = False log_opt_values /usr/lib/python3/dist-packages/oslo_config/cfg.py:2609
2026-04-30 00:43:29.959 162455 DEBUG oslo_service.service [req-6b4fffa6-1919-4351-92f6-5e495c2d418e - - - - -] barbican.timeout = None log_opt_values /usr/lib/python3/dist-packages/oslo_config/cfg.py:2609
2026-04-30 00:43:29.959 162455 DEBUG oslo_service.service [req-6b4fffa6-1919-4351-92f6-5e495c2d418e - - - - -] barbican.verify_ssl = True log_opt_values /usr/lib/python3/dist-packages/oslo_config/cfg.py:2609
2026-04-30 00:43:29.959 162455 DEBUG oslo_service.service [req-6b4fffa6-1919-4351-92f6-5e495c2d418e - - - - -] barbican.verify_ssl_path = None log_opt_values /usr/lib/python3/dist-packages/oslo_config/cfg.py:2609
2026-04-30 00:43:29.960 162455 DEBUG oslo_service.service [req-6b4fffa6-1919-4351-92f6-5e495c2d418e - - - - -] barbican_service_user.auth_section = None log_opt_values /usr/lib/python3/dist-packages/oslo_config/cfg.py:2609
2026-04-30 00:43:29.960 162455 DEBUG oslo_service.service [req-6b4fffa6-1919-4351-92f6-5e495c2d418e - - - - -] barbican_service_user.auth_type = None log_opt_values /usr/lib/python3/dist-packages/oslo_config/cfg.py:2609
2026-04-30 00:43:29.960 162455 DEBUG oslo_service.service [req-6b4fffa6-1919-4351-92f6-5e495c2d418e - - - - -] barbican_service_user.cafile = None log_opt_values /usr/lib/python3/dist-packages/oslo_config/cfg.py:2609
2026-04-30 00:43:29.960 162455 DEBUG oslo_service.service [req-6b4fffa6-1919-4351-92f6-5e495c2d418e - - - - -] barbican_service_user.certfile = None log_opt_values /usr/lib/python3/dist-packages/oslo_config/cfg.py:2609
