2026-04-30 00:45:03.063 173709 DEBUG oslo_service.service [req-5ea5b7ec-ac95-423a-a0a9-f465dde59a84 - - - - -] cinder.cross_az_attach = True log_opt_values /usr/lib/python3/dist-packages/oslo_config/cfg.py:2609
2026-04-30 00:45:03.063 173709 DEBUG oslo_service.service [req-5ea5b7ec-ac95-423a-a0a9-f465dde59a84 - - - - -] cinder.debug = False log_opt_values /usr/lib/python3/dist-packages/oslo_config/cfg.py:2609
2026-04-30 00:45:03.063 173709 DEBUG oslo_service.service [req-5ea5b7ec-ac95-423a-a0a9-f465dde59a84 - - - - -] cinder.endpoint_template = None log_opt_values /usr/lib/python3/dist-packages/oslo_config/cfg.py:2609
2026-04-30 00:45:03.063 173709 DEBUG oslo_service.service [req-5ea5b7ec-ac95-423a-a0a9-f465dde59a84 - - - - -] cinder.http_retries = 3 log_opt_values /usr/lib/python3/dist-packages/oslo_config/cfg.py:2609
2026-04-30 00:45:03.063 173709 DEBUG oslo_service.service [req-5ea5b7ec-ac95-423a-a0a9-f465dde59a84 - - - - -] cinder.insecure = False log_opt_values /usr/lib/python3/dist-packages/oslo_config/cfg.py:2609
2026-04-30 00:45:03.064 173709 DEBUG oslo_service.service [req-5ea5b7ec-ac95-423a-a0a9-f465dde59a84 - - - - -] cinder.keyfile = None log_opt_values /usr/lib/python3/dist-packages/oslo_config/cfg.py:2609
2026-04-30 00:45:03.064 173709 DEBUG oslo_service.service [req-5ea5b7ec-ac95-423a-a0a9-f465dde59a84 - - - - -] cinder.os_region_name = None log_opt_values /usr/lib/python3/dist-packages/oslo_config/cfg.py:2609
2026-04-30 00:45:03.064 173709 DEBUG oslo_service.service [req-5ea5b7ec-ac95-423a-a0a9-f465dde59a84 - - - - -] cinder.split_loggers = False log_opt_values /usr/lib/python3/dist-packages/oslo_config/cfg.py:2609
2026-04-30 00:45:03.064 173709 DEBUG oslo_service.service [req-5ea5b7ec-ac95-423a-a0a9-f465dde59a84 - - - - -] cinder.timeout = None log_opt_values /usr/lib/python3/dist-packages/oslo_config/cfg.py:2609
2026-04-30 00:45:03.064 173709 DEBUG oslo_service.service [req-5ea5b7ec-ac95-423a-a0a9-f465dde59a84 - - - - -] compute.consecutive_build_service_disable_threshold = 10 log_opt_values /usr/lib/python3/dist-packages/oslo_config/cfg.py:2609
2026-04-30 00:45:03.064 173709 DEBUG oslo_service.service [req-5ea5b7ec-ac95-423a-a0a9-f465dde59a84 - - - - -] compute.cpu_dedicated_set = None log_opt_values /usr/lib/python3/dist-packages/oslo_config/cfg.py:2609
2026-04-30 00:45:03.065 173709 DEBUG oslo_service.service [req-5ea5b7ec-ac95-423a-a0a9-f465dde59a84 - - - - -] compute.cpu_shared_set = None log_opt_values /usr/lib/python3/dist-packages/oslo_config/cfg.py:2609
2026-04-30 00:45:03.065 173709 DEBUG oslo_service.service [req-5ea5b7ec-ac95-423a-a0a9-f465dde59a84 - - - - -] compute.image_type_exclude_list = [] log_opt_values /usr/lib/python3/dist-packages/oslo_config/cfg.py:2609
2026-04-30 00:45:03.065 173709 DEBUG oslo_service.service [req-5ea5b7ec-ac95-423a-a0a9-f465dde59a84 - - - - -] compute.live_migration_wait_for_vif_plug = True log_opt_values /usr/lib/python3/dist-packages/oslo_config/cfg.py:2609
2026-04-30 00:45:03.065 173709 DEBUG oslo_service.service [req-5ea5b7ec-ac95-423a-a0a9-f465dde59a84 - - - - -] compute.max_concurrent_disk_ops = 0 log_opt_values /usr/lib/python3/dist-packages/oslo_config/cfg.py:2609
2026-04-30 00:45:03.065 173709 DEBUG oslo_service.service [req-5ea5b7ec-ac95-423a-a0a9-f465dde59a84 - - - - -] compute.max_disk_devices_to_attach = -1 log_opt_values /usr/lib/python3/dist-packages/oslo_config/cfg.py:2609
2026-04-30 00:45:03.065 173709 DEBUG oslo_service.service [req-5ea5b7ec-ac95-423a-a0a9-f465dde59a84 - - - - -] compute.packing_host_numa_cells_allocation_strategy = True log_opt_values /usr/lib/python3/dist-packages/oslo_config/cfg.py:2609
2026-04-30 00:45:03.066 173709 DEBUG oslo_service.service [req-5ea5b7ec-ac95-423a-a0a9-f465dde59a84 - - - - -] compute.provider_config_location = /etc/nova/provider_config/ log_opt_values /usr/lib/python3/dist-packages/oslo_config/cfg.py:2609
2026-04-30 00:45:03.066 173709 DEBUG oslo_service.service [req-5ea5b7ec-ac95-423a-a0a9-f465dde59a84 - - - - -] compute.resource_provider_association_refresh = 300 log_opt_values /usr/lib/python3/dist-packages/oslo_config/cfg.py:2609
2026-04-30 00:45:03.066 173709 DEBUG oslo_service.service [req-5ea5b7ec-ac95-423a-a0a9-f465dde59a84 - - - - -] compute.shutdown_retry_interval = 10 log_opt_values /usr/lib/python3/dist-packages/oslo_config/cfg.py:2609
2026-04-30 00:45:03.066 173709 DEBUG oslo_service.service [req-5ea5b7ec-ac95-423a-a0a9-f465dde59a84 - - - - -] compute.vmdk_allowed_types = ['streamOptimized', 'monolithicSparse'] log_opt_values /usr/lib/python3/dist-packages/oslo_config/cfg.py:2609
2026-04-30 00:45:03.066 173709 DEBUG oslo_service.service [req-5ea5b7ec-ac95-423a-a0a9-f465dde59a84 - - - - -] conductor.workers = 4 log_opt_values /usr/lib/python3/dist-packages/oslo_config/cfg.py:2609
2026-04-30 00:45:03.067 173709 DEBUG oslo_service.service [req-5ea5b7ec-ac95-423a-a0a9-f465dde59a84 - - - - -] console.allowed_origins = [] log_opt_values /usr/lib/python3/dist-packages/oslo_config/cfg.py:2609
2026-04-30 00:45:03.067 173709 DEBUG oslo_service.service [req-5ea5b7ec-ac95-423a-a0a9-f465dde59a84 - - - - -] console.ssl_ciphers = None log_opt_values /usr/lib/python3/dist-packages/oslo_config/cfg.py:2609
2026-04-30 00:45:03.067 173709 DEBUG oslo_service.service [req-5ea5b7ec-ac95-423a-a0a9-f465dde59a84 - - - - -] console.ssl_minimum_version = default log_opt_values /usr/lib/python3/dist-packages/oslo_config/cfg.py:2609
2026-04-30 00:45:03.067 173709 DEBUG oslo_service.service [req-5ea5b7ec-ac95-423a-a0a9-f465dde59a84 - - - - -] consoleauth.token_ttl = 600 log_opt_values /usr/lib/python3/dist-packages/oslo_config/cfg.py:2609
2026-04-30 00:45:03.067 173709 DEBUG oslo_service.service [req-5ea5b7ec-ac95-423a-a0a9-f465dde59a84 - - - - -] cyborg.cafile = None log_opt_values /usr/lib/python3/dist-packages/oslo_config/cfg.py:2609
2026-04-30 00:45:03.068 173709 DEBUG oslo_service.service [req-5ea5b7ec-ac95-423a-a0a9-f465dde59a84 - - - - -] cyborg.certfile = None log_opt_values /usr/lib/python3/dist-packages/oslo_config/cfg.py:2609
2026-04-30 00:45:03.068 173709 DEBUG oslo_service.service [req-5ea5b7ec-ac95-423a-a0a9-f465dde59a84 - - - - -] cyborg.collect_timing = False log_opt_values /usr/lib/python3/dist-packages/oslo_config/cfg.py:2609
2026-04-30 00:45:03.068 173709 DEBUG oslo_service.service [req-5ea5b7ec-ac95-423a-a0a9-f465dde59a84 - - - - -] cyborg.connect_retries = None log_opt_values /usr/lib/python3/dist-packages/oslo_config/cfg.py:2609
2026-04-30 00:45:03.068 173709 DEBUG oslo_service.service [req-5ea5b7ec-ac95-423a-a0a9-f465dde59a84 - - - - -] cyborg.connect_retry_delay = None log_opt_values /usr/lib/python3/dist-packages/oslo_config/cfg.py:2609
2026-04-30 00:45:03.068 173709 DEBUG oslo_service.service [req-5ea5b7ec-ac95-423a-a0a9-f465dde59a84 - - - - -] cyborg.endpoint_override = None log_opt_values /usr/lib/python3/dist-packages/oslo_config/cfg.py:2609
2026-04-30 00:45:03.068 173709 DEBUG oslo_service.service [req-5ea5b7ec-ac95-423a-a0a9-f465dde59a84 - - - - -] cyborg.insecure = False log_opt_values /usr/lib/python3/dist-packages/oslo_config/cfg.py:2609
2026-04-30 00:45:03.069 173709 DEBUG oslo_service.service [req-5ea5b7ec-ac95-423a-a0a9-f465dde59a84 - - - - -] cyborg.keyfile = None log_opt_values /usr/lib/python3/dist-packages/oslo_config/cfg.py:2609
2026-04-30 00:45:03.069 173709 DEBUG oslo_service.service [req-5ea5b7ec-ac95-423a-a0a9-f465dde59a84 - - - - -] cyborg.max_version = None log_opt_values /usr/lib/python3/dist-packages/oslo_config/cfg.py:2609
2026-04-30 00:45:03.069 173709 DEBUG oslo_service.service [req-5ea5b7ec-ac95-423a-a0a9-f465dde59a84 - - - - -] cyborg.min_version = None log_opt_values /usr/lib/python3/dist-packages/oslo_config/cfg.py:2609
2026-04-30 00:45:03.069 173709 DEBUG oslo_service.service [req-5ea5b7ec-ac95-423a-a0a9-f465dde59a84 - - - - -] cyborg.region_name = None log_opt_values /usr/lib/python3/dist-packages/oslo_config/cfg.py:2609
2026-04-30 00:45:03.069 173709 DEBUG oslo_service.service [req-5ea5b7ec-ac95-423a-a0a9-f465dde59a84 - - - - -] cyborg.service_name = None log_opt_values /usr/lib/python3/dist-packages/oslo_config/cfg.py:2609
2026-04-30 00:45:03.069 173709 DEBUG oslo_service.service [req-5ea5b7ec-ac95-423a-a0a9-f465dde59a84 - - - - -] cyborg.service_type = accelerator log_opt_values /usr/lib/python3/dist-packages/oslo_config/cfg.py:2609
2026-04-30 00:45:03.070 173709 DEBUG oslo_service.service [req-5ea5b7ec-ac95-423a-a0a9-f465dde59a84 - - - - -] cyborg.split_loggers = False log_opt_values /usr/lib/python3/dist-packages/oslo_config/cfg.py:2609
2026-04-30 00:45:03.070 173709 DEBUG oslo_service.service [req-5ea5b7ec-ac95-423a-a0a9-f465dde59a84 - - - - -] cyborg.status_code_retries = None log_opt_values /usr/lib/python3/dist-packages/oslo_config/cfg.py:2609
2026-04-30 00:45:03.070 173709 DEBUG oslo_service.service [req-5ea5b7ec-ac95-423a-a0a9-f465dde59a84 - - - - -] cyborg.status_code_retry_delay = None log_opt_values /usr/lib/python3/dist-packages/oslo_config/cfg.py:2609
2026-04-30 00:45:03.070 173709 DEBUG oslo_service.service [req-5ea5b7ec-ac95-423a-a0a9-f465dde59a84 - - - - -] cyborg.timeout = None log_opt_values /usr/lib/python3/dist-packages/oslo_config/cfg.py:2609
2026-04-30 00:45:03.070 173709 DEBUG oslo_service.service [req-5ea5b7ec-ac95-423a-a0a9-f465dde59a84 - - - - -] cyborg.valid_interfaces = ['internal', 'public'] log_opt_values /usr/lib/python3/dist-packages/oslo_config/cfg.py:2609
2026-04-30 00:45:03.070 173709 DEBUG oslo_service.service [req-5ea5b7ec-ac95-423a-a0a9-f465dde59a84 - - - - -] cyborg.version = None log_opt_values /usr/lib/python3/dist-packages/oslo_config/cfg.py:2609
2026-04-30 00:45:03.071 173709 DEBUG oslo_service.service [req-5ea5b7ec-ac95-423a-a0a9-f465dde59a84 - - - - -] database.backend = sqlalchemy log_opt_values /usr/lib/python3/dist-packages/oslo_config/cfg.py:2609
2026-04-30 00:45:03.071 173709 DEBUG oslo_service.service [req-5ea5b7ec-ac95-423a-a0a9-f465dde59a84 - - - - -] database.connection = **** log_opt_values /usr/lib/python3/dist-packages/oslo_config/cfg.py:2609
2026-04-30 00:45:03.071 173709 DEBUG oslo_service.service [req-5ea5b7ec-ac95-423a-a0a9-f465dde59a84 - - - - -] database.connection_debug = 0 log_opt_values /usr/lib/python3/dist-packages/oslo_config/cfg.py:2609
2026-04-30 00:45:03.071 173709 DEBUG oslo_service.service [req-5ea5b7ec-ac95-423a-a0a9-f465dde59a84 - - - - -] database.connection_parameters = log_opt_values /usr/lib/python3/dist-packages/oslo_config/cfg.py:2609
2026-04-30 00:45:03.072 173709 DEBUG oslo_service.service [req-5ea5b7ec-ac95-423a-a0a9-f465dde59a84 - - - - -] database.connection_recycle_time = 3600 log_opt_values /usr/lib/python3/dist-packages/oslo_config/cfg.py:2609
2026-04-30 00:45:03.072 173709 DEBUG oslo_service.service [req-5ea5b7ec-ac95-423a-a0a9-f465dde59a84 - - - - -] database.connection_trace = False log_opt_values /usr/lib/python3/dist-packages/oslo_config/cfg.py:2609
2026-04-30 00:45:03.072 173709 DEBUG oslo_service.service [req-5ea5b7ec-ac95-423a-a0a9-f465dde59a84 - - - - -] database.db_inc_retry_interval = True log_opt_values /usr/lib/python3/dist-packages/oslo_config/cfg.py:2609
2026-04-30 00:45:03.072 173709 DEBUG oslo_service.service [req-5ea5b7ec-ac95-423a-a0a9-f465dde59a84 - - - - -] database.db_max_retries = 20 log_opt_values /usr/lib/python3/dist-packages/oslo_config/cfg.py:2609
2026-04-30 00:45:03.072 173709 DEBUG oslo_service.service [req-5ea5b7ec-ac95-423a-a0a9-f465dde59a84 - - - - -] database.db_max_retry_interval = 10 log_opt_values /usr/lib/python3/dist-packages/oslo_config/cfg.py:2609
2026-04-30 00:45:03.072 173709 DEBUG oslo_service.service [req-5ea5b7ec-ac95-423a-a0a9-f465dde59a84 - - - - -] database.db_retry_interval = 1 log_opt_values /usr/lib/python3/dist-packages/oslo_config/cfg.py:2609
2026-04-30 00:45:03.073 173709 DEBUG oslo_service.service [req-5ea5b7ec-ac95-423a-a0a9-f465dde59a84 - - - - -] database.max_overflow = 50 log_opt_values /usr/lib/python3/dist-packages/oslo_config/cfg.py:2609
2026-04-30 00:45:03.073 173709 DEBUG oslo_service.service [req-5ea5b7ec-ac95-423a-a0a9-f465dde59a84 - - - - -] database.max_pool_size = 4 log_opt_values /usr/lib/python3/dist-packages/oslo_config/cfg.py:2609
2026-04-30 00:45:03.073 173709 DEBUG oslo_service.service [req-5ea5b7ec-ac95-423a-a0a9-f465dde59a84 - - - - -] database.max_retries = 10 log_opt_values /usr/lib/python3/dist-packages/oslo_config/cfg.py:2609
2026-04-30 00:45:03.073 173709 DEBUG oslo_service.service [req-5ea5b7ec-ac95-423a-a0a9-f465dde59a84 - - - - -] database.mysql_enable_ndb = False log_opt_values /usr/lib/python3/dist-packages/oslo_config/cfg.py:2609
2026-04-30 00:45:03.073 173709 DEBUG oslo_service.service [req-5ea5b7ec-ac95-423a-a0a9-f465dde59a84 - - - - -] database.mysql_sql_mode = TRADITIONAL log_opt_values /usr/lib/python3/dist-packages/oslo_config/cfg.py:2609
2026-04-30 00:45:03.073 173709 DEBUG oslo_service.service [req-5ea5b7ec-ac95-423a-a0a9-f465dde59a84 - - - - -] database.pool_timeout = None log_opt_values /usr/lib/python3/dist-packages/oslo_config/cfg.py:2609
2026-04-30 00:45:03.074 173709 DEBUG oslo_service.service [req-5ea5b7ec-ac95-423a-a0a9-f465dde59a84 - - - - -] database.retry_interval = 10 log_opt_values /usr/lib/python3/dist-packages/oslo_config/cfg.py:2609
2026-04-30 00:45:03.074 173709 DEBUG oslo_service.service [req-5ea5b7ec-ac95-423a-a0a9-f465dde59a84 - - - - -] database.slave_connection = **** log_opt_values /usr/lib/python3/dist-packages/oslo_config/cfg.py:2609
2026-04-30 00:45:03.074 173709 DEBUG oslo_service.service [req-5ea5b7ec-ac95-423a-a0a9-f465dde59a84 - - - - -] database.sqlite_synchronous = True log_opt_values /usr/lib/python3/dist-packages/oslo_config/cfg.py:2609
2026-04-30 00:45:03.075 173709 DEBUG oslo_service.service [req-5ea5b7ec-ac95-423a-a0a9-f465dde59a84 - - - - -] database.use_db_reconnect = False log_opt_values /usr/lib/python3/dist-packages/oslo_config/cfg.py:2609
2026-04-30 00:45:03.075 173709 DEBUG oslo_service.service [req-5ea5b7ec-ac95-423a-a0a9-f465dde59a84 - - - - -] api_database.backend = sqlalchemy log_opt_values /usr/lib/python3/dist-packages/oslo_config/cfg.py:2609
2026-04-30 00:45:03.075 173709 DEBUG oslo_service.service [req-5ea5b7ec-ac95-423a-a0a9-f465dde59a84 - - - - -] api_database.connection = **** log_opt_values /usr/lib/python3/dist-packages/oslo_config/cfg.py:2609
2026-04-30 00:45:03.075 173709 DEBUG oslo_service.service [req-5ea5b7ec-ac95-423a-a0a9-f465dde59a84 - - - - -] api_database.connection_debug = 0 log_opt_values /usr/lib/python3/dist-packages/oslo_config/cfg.py:2609
2026-04-30 00:45:03.076 173709 DEBUG oslo_service.service [req-5ea5b7ec-ac95-423a-a0a9-f465dde59a84 - - - - -] api_database.connection_parameters = log_opt_values /usr/lib/python3/dist-packages/oslo_config/cfg.py:2609
2026-04-30 00:45:03.076 173709 DEBUG oslo_service.service [req-5ea5b7ec-ac95-423a-a0a9-f465dde59a84 - - - - -] api_database.connection_recycle_time = 3600 log_opt_values /usr/lib/python3/dist-packages/oslo_config/cfg.py:2609
2026-04-30 00:45:03.077 173709 DEBUG oslo_service.service [req-5ea5b7ec-ac95-423a-a0a9-f465dde59a84 - - - - -] api_database.connection_trace = False log_opt_values /usr/lib/python3/dist-packages/oslo_config/cfg.py:2609
2026-04-30 00:45:03.077 173709 DEBUG oslo_service.service [req-5ea5b7ec-ac95-423a-a0a9-f465dde59a84 - - - - -] api_database.db_inc_retry_interval = True log_opt_values /usr/lib/python3/dist-packages/oslo_config/cfg.py:2609
2026-04-30 00:45:03.077 173709 DEBUG oslo_service.service [req-5ea5b7ec-ac95-423a-a0a9-f465dde59a84 - - - - -] api_database.db_max_retries = 20 log_opt_values /usr/lib/python3/dist-packages/oslo_config/cfg.py:2609
2026-04-30 00:45:03.077 173709 DEBUG oslo_service.service [req-5ea5b7ec-ac95-423a-a0a9-f465dde59a84 - - - - -] api_database.db_max_retry_interval = 10 log_opt_values /usr/lib/python3/dist-packages/oslo_config/cfg.py:2609
2026-04-30 00:45:03.078 173709 DEBUG oslo_service.service [req-5ea5b7ec-ac95-423a-a0a9-f465dde59a84 - - - - -] api_database.db_retry_interval = 1 log_opt_values /usr/lib/python3/dist-packages/oslo_config/cfg.py:2609
2026-04-30 00:45:03.078 173709 DEBUG oslo_service.service [req-5ea5b7ec-ac95-423a-a0a9-f465dde59a84 - - - - -] api_database.max_overflow = 50 log_opt_values /usr/lib/python3/dist-packages/oslo_config/cfg.py:2609
2026-04-30 00:45:03.078 173709 DEBUG oslo_service.service [req-5ea5b7ec-ac95-423a-a0a9-f465dde59a84 - - - - -] api_database.max_pool_size = 4 log_opt_values /usr/lib/python3/dist-packages/oslo_config/cfg.py:2609
2026-04-30 00:45:03.079 173709 DEBUG oslo_service.service [req-5ea5b7ec-ac95-423a-a0a9-f465dde59a84 - - - - -] api_database.max_retries = 10 log_opt_values /usr/lib/python3/dist-packages/oslo_config/cfg.py:2609
2026-04-30 00:45:03.079 173709 DEBUG oslo_service.service [req-5ea5b7ec-ac95-423a-a0a9-f465dde59a84 - - - - -] api_database.mysql_enable_ndb = False log_opt_values /usr/lib/python3/dist-packages/oslo_config/cfg.py:2609
2026-04-30 00:45:03.079 173709 DEBUG oslo_service.service [req-5ea5b7ec-ac95-423a-a0a9-f465dde59a84 - - - - -] api_database.mysql_sql_mode = TRADITIONAL log_opt_values /usr/lib/python3/dist-packages/oslo_config/cfg.py:2609
2026-04-30 00:45:03.079 173709 DEBUG oslo_service.service [req-5ea5b7ec-ac95-423a-a0a9-f465dde59a84 - - - - -] api_database.pool_timeout = None log_opt_values /usr/lib/python3/dist-packages/oslo_config/cfg.py:2609
2026-04-30 00:45:03.079 173709 DEBUG oslo_service.service [req-5ea5b7ec-ac95-423a-a0a9-f465dde59a84 - - - - -] api_database.retry_interval = 10 log_opt_values /usr/lib/python3/dist-packages/oslo_config/cfg.py:2609
2026-04-30 00:45:03.079 173709 DEBUG oslo_service.service [req-5ea5b7ec-ac95-423a-a0a9-f465dde59a84 - - - - -] api_database.slave_connection = **** log_opt_values /usr/lib/python3/dist-packages/oslo_config/cfg.py:2609
2026-04-30 00:45:03.080 173709 DEBUG oslo_service.service [req-5ea5b7ec-ac95-423a-a0a9-f465dde59a84 - - - - -] api_database.sqlite_synchronous = True log_opt_values /usr/lib/python3/dist-packages/oslo_config/cfg.py:2609
2026-04-30 00:45:03.079 174085 DEBUG oslo_messaging._drivers.amqpdriver [-] Listener is running poll /usr/lib/python3/dist-packages/oslo_messaging/_drivers/amqpdriver.py:343
2026-04-30 00:45:03.080 173709 DEBUG oslo_service.service [req-5ea5b7ec-ac95-423a-a0a9-f465dde59a84 - - - - -] devices.enabled_mdev_types = [] log_opt_values /usr/lib/python3/dist-packages/oslo_config/cfg.py:2609
2026-04-30 00:45:03.080 174085 DEBUG oslo_messaging._drivers.amqpdriver [-] AMQPListener connection consume poll /usr/lib/python3/dist-packages/oslo_messaging/_drivers/amqpdriver.py:357
2026-04-30 00:45:03.080 173709 DEBUG oslo_service.service [req-5ea5b7ec-ac95-423a-a0a9-f465dde59a84 - - - - -] ephemeral_storage_encryption.cipher = aes-xts-plain64 log_opt_values /usr/lib/python3/dist-packages/oslo_config/cfg.py:2609
2026-04-30 00:45:03.080 174087 DEBUG oslo_messaging._drivers.amqpdriver [-] Listener is running poll /usr/lib/python3/dist-packages/oslo_messaging/_drivers/amqpdriver.py:343
2026-04-30 00:45:03.080 173709 DEBUG oslo_service.service [req-5ea5b7ec-ac95-423a-a0a9-f465dde59a84 - - - - -] ephemeral_storage_encryption.enabled = False log_opt_values /usr/lib/python3/dist-packages/oslo_config/cfg.py:2609
2026-04-30 00:45:03.080 174087 DEBUG oslo_messaging._drivers.amqpdriver [-] AMQPListener connection consume poll /usr/lib/python3/dist-packages/oslo_messaging/_drivers/amqpdriver.py:357
2026-04-30 00:45:03.080 173709 DEBUG oslo_service.service [req-5ea5b7ec-ac95-423a-a0a9-f465dde59a84 - - - - -] ephemeral_storage_encryption.key_size = 512 log_opt_values /usr/lib/python3/dist-packages/oslo_config/cfg.py:2609
2026-04-30 00:45:03.080 174085 DEBUG nova.service [req-32c8bc88-5fa2-4745-a277-32465550f5a1 - - - - -] Join ServiceGroup membership for this service conductor start /usr/lib/python3/dist-packages/nova/service.py:199
2026-04-30 00:45:03.081 173709 WARNING oslo_config.cfg [req-5ea5b7ec-ac95-423a-a0a9-f465dde59a84 - - - - -] Deprecated: Option "api_servers" from group "glance" is deprecated for removal ( Support for image service configuration via standard keystoneauth1 Adapter options was added in the 17.0.0 Queens release. The api_servers option was retained temporarily to allow consumers time to cut over to a real load balancing solution. ). Its value may be silently ignored in the future.
2026-04-30 00:45:03.081 173709 DEBUG oslo_service.service [req-5ea5b7ec-ac95-423a-a0a9-f465dde59a84 - - - - -] glance.api_servers = ['http://252.27.56.176:9292'] log_opt_values /usr/lib/python3/dist-packages/oslo_config/cfg.py:2609
2026-04-30 00:45:03.081 174085 DEBUG nova.servicegroup.drivers.db [req-32c8bc88-5fa2-4745-a277-32465550f5a1 - - - - -] DB_Driver: join new ServiceGroup member juju-b0b610-0-lxd-7 to the conductor group, service = join /usr/lib/python3/dist-packages/nova/servicegroup/drivers/db.py:44
2026-04-30 00:45:03.081 174087 DEBUG nova.service [req-8e9d483c-8255-46b9-b8be-92db77afda71 - - - - -] Join ServiceGroup membership for this service conductor start /usr/lib/python3/dist-packages/nova/service.py:199
2026-04-30 00:45:03.081 173709 DEBUG oslo_service.service [req-5ea5b7ec-ac95-423a-a0a9-f465dde59a84 - - - - -] glance.cafile = None log_opt_values /usr/lib/python3/dist-packages/oslo_config/cfg.py:2609
2026-04-30 00:45:03.081 173709 DEBUG oslo_service.service [req-5ea5b7ec-ac95-423a-a0a9-f465dde59a84 - - - - -] glance.certfile = None log_opt_values /usr/lib/python3/dist-packages/oslo_config/cfg.py:2609
2026-04-30 00:45:03.081 174087 DEBUG nova.servicegroup.drivers.db [req-8e9d483c-8255-46b9-b8be-92db77afda71 - - - - -] DB_Driver: join new ServiceGroup member juju-b0b610-0-lxd-7 to the conductor group, service = join /usr/lib/python3/dist-packages/nova/servicegroup/drivers/db.py:44
2026-04-30 00:45:03.081 173709 DEBUG oslo_service.service [req-5ea5b7ec-ac95-423a-a0a9-f465dde59a84 - - - - -] glance.collect_timing = False log_opt_values /usr/lib/python3/dist-packages/oslo_config/cfg.py:2609
2026-04-30 00:45:03.081 173709 DEBUG oslo_service.service [req-5ea5b7ec-ac95-423a-a0a9-f465dde59a84 - - - - -] glance.connect_retries = None log_opt_values /usr/lib/python3/dist-packages/oslo_config/cfg.py:2609
2026-04-30 00:45:03.082 173709 DEBUG oslo_service.service [req-5ea5b7ec-ac95-423a-a0a9-f465dde59a84 - - - - -] glance.connect_retry_delay = None log_opt_values /usr/lib/python3/dist-packages/oslo_config/cfg.py:2609
2026-04-30 00:45:03.082 173709 DEBUG oslo_service.service [req-5ea5b7ec-ac95-423a-a0a9-f465dde59a84 - - - - -] glance.debug = False log_opt_values /usr/lib/python3/dist-packages/oslo_config/cfg.py:2609
2026-04-30 00:45:03.082 173709 DEBUG oslo_service.service [req-5ea5b7ec-ac95-423a-a0a9-f465dde59a84 - - - - -] glance.default_trusted_certificate_ids = [] log_opt_values /usr/lib/python3/dist-packages/oslo_config/cfg.py:2609
2026-04-30 00:45:03.082 173709 DEBUG oslo_service.service [req-5ea5b7ec-ac95-423a-a0a9-f465dde59a84 - - - - -] glance.enable_certificate_validation = False log_opt_values /usr/lib/python3/dist-packages/oslo_config/cfg.py:2609
2026-04-30 00:45:03.083 173709 DEBUG oslo_service.service [req-5ea5b7ec-ac95-423a-a0a9-f465dde59a84 - - - - -] glance.enable_rbd_download = False log_opt_values /usr/lib/python3/dist-packages/oslo_config/cfg.py:2609
2026-04-30 00:45:03.083 173709 DEBUG oslo_service.service [req-5ea5b7ec-ac95-423a-a0a9-f465dde59a84 - - - - -] glance.endpoint_override = None log_opt_values /usr/lib/python3/dist-packages/oslo_config/cfg.py:2609
2026-04-30 00:45:03.083 173709 DEBUG oslo_service.service [req-5ea5b7ec-ac95-423a-a0a9-f465dde59a84 - - - - -] glance.insecure = False log_opt_values /usr/lib/python3/dist-packages/oslo_config/cfg.py:2609
2026-04-30 00:45:03.083 174085 DEBUG oslo_messaging._drivers.amqpdriver [-] AMQPListener connection timeout poll /usr/lib/python3/dist-packages/oslo_messaging/_drivers/amqpdriver.py:360
2026-04-30 00:45:03.083 174085 DEBUG oslo_messaging._drivers.amqpdriver [-] Listener is running poll /usr/lib/python3/dist-packages/oslo_messaging/_drivers/amqpdriver.py:343
2026-04-30 00:45:03.083 173709 DEBUG oslo_service.service [req-5ea5b7ec-ac95-423a-a0a9-f465dde59a84 - - - - -] glance.keyfile = None log_opt_values /usr/lib/python3/dist-packages/oslo_config/cfg.py:2609
2026-04-30 00:45:03.083 174085 DEBUG oslo_messaging._drivers.amqpdriver [-] AMQPListener connection consume poll /usr/lib/python3/dist-packages/oslo_messaging/_drivers/amqpdriver.py:357
2026-04-30 00:45:03.083 173709 DEBUG oslo_service.service [req-5ea5b7ec-ac95-423a-a0a9-f465dde59a84 - - - - -] glance.max_version = None log_opt_values /usr/lib/python3/dist-packages/oslo_config/cfg.py:2609
2026-04-30 00:45:03.084 173709 DEBUG oslo_service.service [req-5ea5b7ec-ac95-423a-a0a9-f465dde59a84 - - - - -] glance.min_version = None log_opt_values /usr/lib/python3/dist-packages/oslo_config/cfg.py:2609
2026-04-30 00:45:03.084 174087 DEBUG oslo_messaging._drivers.amqpdriver [-] AMQPListener connection timeout poll /usr/lib/python3/dist-packages/oslo_messaging/_drivers/amqpdriver.py:360
2026-04-30 00:45:03.084 174087 DEBUG oslo_messaging._drivers.amqpdriver [-] Listener is running poll /usr/lib/python3/dist-packages/oslo_messaging/_drivers/amqpdriver.py:343
2026-04-30 00:45:03.084 174087 DEBUG oslo_messaging._drivers.amqpdriver [-] AMQPListener connection consume poll /usr/lib/python3/dist-packages/oslo_messaging/_drivers/amqpdriver.py:357
2026-04-30 00:45:03.084 173709 DEBUG oslo_service.service [req-5ea5b7ec-ac95-423a-a0a9-f465dde59a84 - - - - -] glance.num_retries = 3 log_opt_values /usr/lib/python3/dist-packages/oslo_config/cfg.py:2609
2026-04-30 00:45:03.085 173709 DEBUG oslo_service.service [req-5ea5b7ec-ac95-423a-a0a9-f465dde59a84 - - - - -] glance.rbd_ceph_conf = log_opt_values /usr/lib/python3/dist-packages/oslo_config/cfg.py:2609
2026-04-30 00:45:03.085 173709 DEBUG oslo_service.service [req-5ea5b7ec-ac95-423a-a0a9-f465dde59a84 - - - - -] glance.rbd_connect_timeout = 5 log_opt_values /usr/lib/python3/dist-packages/oslo_config/cfg.py:2609
2026-04-30 00:45:03.085 173709 DEBUG oslo_service.service [req-5ea5b7ec-ac95-423a-a0a9-f465dde59a84 - - - - -] glance.rbd_pool = log_opt_values /usr/lib/python3/dist-packages/oslo_config/cfg.py:2609
2026-04-30 00:45:03.085 173709 DEBUG oslo_service.service [req-5ea5b7ec-ac95-423a-a0a9-f465dde59a84 - - - - -] glance.rbd_user = log_opt_values /usr/lib/python3/dist-packages/oslo_config/cfg.py:2609
2026-04-30 00:45:03.085 173709 DEBUG oslo_service.service [req-5ea5b7ec-ac95-423a-a0a9-f465dde59a84 - - - - -] glance.region_name = None log_opt_values /usr/lib/python3/dist-packages/oslo_config/cfg.py:2609
2026-04-30 00:45:03.086 173709 DEBUG oslo_service.service [req-5ea5b7ec-ac95-423a-a0a9-f465dde59a84 - - - - -] glance.service_name = None log_opt_values /usr/lib/python3/dist-packages/oslo_config/cfg.py:2609
2026-04-30 00:45:03.086 173709 DEBUG oslo_service.service [req-5ea5b7ec-ac95-423a-a0a9-f465dde59a84 - - - - -] glance.service_type = image log_opt_values /usr/lib/python3/dist-packages/oslo_config/cfg.py:2609
2026-04-30 00:45:03.086 173709 DEBUG oslo_service.service [req-5ea5b7ec-ac95-423a-a0a9-f465dde59a84 - - - - -] glance.split_loggers = False log_opt_values /usr/lib/python3/dist-packages/oslo_config/cfg.py:2609
2026-04-30 00:45:03.086 173709 DEBUG oslo_service.service [req-5ea5b7ec-ac95-423a-a0a9-f465dde59a84 - - - - -] glance.status_code_retries = None log_opt_values /usr/lib/python3/dist-packages/oslo_config/cfg.py:2609
2026-04-30 00:45:03.086 173709 DEBUG oslo_service.service [req-5ea5b7ec-ac95-423a-a0a9-f465dde59a84 - - - - -] glance.status_code_retry_delay = None log_opt_values /usr/lib/python3/dist-packages/oslo_config/cfg.py:2609
2026-04-30 00:45:03.087 173709 DEBUG oslo_service.service [req-5ea5b7ec-ac95-423a-a0a9-f465dde59a84 - - - - -] glance.timeout = None log_opt_values /usr/lib/python3/dist-packages/oslo_config/cfg.py:2609
2026-04-30 00:45:03.087 174088 DEBUG oslo_messaging._drivers.amqpdriver [-] Listener is running poll /usr/lib/python3/dist-packages/oslo_messaging/_drivers/amqpdriver.py:343
2026-04-30 00:45:03.087 173709 DEBUG oslo_service.service [req-5ea5b7ec-ac95-423a-a0a9-f465dde59a84 - - - - -] glance.valid_interfaces = ['internal', 'public'] log_opt_values /usr/lib/python3/dist-packages/oslo_config/cfg.py:2609
2026-04-30 00:45:03.087 174088 DEBUG oslo_messaging._drivers.amqpdriver [-] AMQPListener connection consume poll /usr/lib/python3/dist-packages/oslo_messaging/_drivers/amqpdriver.py:357
2026-04-30 00:45:03.087 173709 DEBUG oslo_service.service [req-5ea5b7ec-ac95-423a-a0a9-f465dde59a84 - - - - -] glance.verify_glance_signatures = False log_opt_values /usr/lib/python3/dist-packages/oslo_config/cfg.py:2609
2026-04-30 00:45:03.087 174086 DEBUG oslo_messaging._drivers.amqpdriver [-] Listener is running poll /usr/lib/python3/dist-packages/oslo_messaging/_drivers/amqpdriver.py:343
2026-04-30 00:45:03.087 173709 DEBUG oslo_service.service [req-5ea5b7ec-ac95-423a-a0a9-f465dde59a84 - - - - -] glance.version = None log_opt_values /usr/lib/python3/dist-packages/oslo_config/cfg.py:2609
2026-04-30 00:45:03.087 173709 DEBUG oslo_service.service [req-5ea5b7ec-ac95-423a-a0a9-f465dde59a84 - - - - -] guestfs.debug = False log_opt_values /usr/lib/python3/dist-packages/oslo_config/cfg.py:2609
2026-04-30 00:45:03.087 174086 DEBUG oslo_messaging._drivers.amqpdriver [-] AMQPListener connection consume poll /usr/lib/python3/dist-packages/oslo_messaging/_drivers/amqpdriver.py:357
2026-04-30 00:45:03.088 173709 DEBUG oslo_service.service [req-5ea5b7ec-ac95-423a-a0a9-f465dde59a84 - - - - -] hyperv.config_drive_cdrom = False log_opt_values /usr/lib/python3/dist-packages/oslo_config/cfg.py:2609
2026-04-30 00:45:03.088 174088 DEBUG nova.service [req-82cf2482-2d9c-41b0-a770-9c8d4ea6baa6 - - - - -] Join ServiceGroup membership for this service conductor start /usr/lib/python3/dist-packages/nova/service.py:199
2026-04-30 00:45:03.088 173709 DEBUG oslo_service.service [req-5ea5b7ec-ac95-423a-a0a9-f465dde59a84 - - - - -] hyperv.config_drive_inject_password = False log_opt_values /usr/lib/python3/dist-packages/oslo_config/cfg.py:2609
2026-04-30 00:45:03.088 174088 DEBUG nova.servicegroup.drivers.db [req-82cf2482-2d9c-41b0-a770-9c8d4ea6baa6 - - - - -] DB_Driver: join new ServiceGroup member juju-b0b610-0-lxd-7 to the conductor group, service = join /usr/lib/python3/dist-packages/nova/servicegroup/drivers/db.py:44
2026-04-30 00:45:03.088 173709 DEBUG oslo_service.service [req-5ea5b7ec-ac95-423a-a0a9-f465dde59a84 - - - - -] hyperv.dynamic_memory_ratio = 1.0 log_opt_values /usr/lib/python3/dist-packages/oslo_config/cfg.py:2609
2026-04-30 00:45:03.088 173709 DEBUG oslo_service.service [req-5ea5b7ec-ac95-423a-a0a9-f465dde59a84 - - - - -] hyperv.enable_instance_metrics_collection = False log_opt_values /usr/lib/python3/dist-packages/oslo_config/cfg.py:2609
2026-04-30 00:45:03.088 174086 DEBUG nova.service [req-a2d1f23b-81a0-4d07-92a7-cd2887ad181a - - - - -] Join ServiceGroup membership for this service conductor start /usr/lib/python3/dist-packages/nova/service.py:199
2026-04-30 00:45:03.089 173709 DEBUG oslo_service.service [req-5ea5b7ec-ac95-423a-a0a9-f465dde59a84 - - - - -] hyperv.enable_remotefx = False log_opt_values /usr/lib/python3/dist-packages/oslo_config/cfg.py:2609
2026-04-30 00:45:03.089 173709 DEBUG oslo_service.service [req-5ea5b7ec-ac95-423a-a0a9-f465dde59a84 - - - - -] hyperv.instances_path_share = log_opt_values /usr/lib/python3/dist-packages/oslo_config/cfg.py:2609
2026-04-30 00:45:03.089 173709 DEBUG oslo_service.service [req-5ea5b7ec-ac95-423a-a0a9-f465dde59a84 - - - - -] hyperv.iscsi_initiator_list = [] log_opt_values /usr/lib/python3/dist-packages/oslo_config/cfg.py:2609
2026-04-30 00:45:03.089 173709 DEBUG oslo_service.service [req-5ea5b7ec-ac95-423a-a0a9-f465dde59a84 - - - - -] hyperv.limit_cpu_features = False log_opt_values /usr/lib/python3/dist-packages/oslo_config/cfg.py:2609
2026-04-30 00:45:03.089 174086 DEBUG nova.servicegroup.drivers.db [req-a2d1f23b-81a0-4d07-92a7-cd2887ad181a - - - - -] DB_Driver: join new ServiceGroup member juju-b0b610-0-lxd-7 to the conductor group, service = join /usr/lib/python3/dist-packages/nova/servicegroup/drivers/db.py:44
2026-04-30 00:45:03.089 173709 DEBUG oslo_service.service [req-5ea5b7ec-ac95-423a-a0a9-f465dde59a84 - - - - -] hyperv.mounted_disk_query_retry_count = 10 log_opt_values /usr/lib/python3/dist-packages/oslo_config/cfg.py:2609
2026-04-30 00:45:03.090 173709 DEBUG oslo_service.service [req-5ea5b7ec-ac95-423a-a0a9-f465dde59a84 - - - - -] hyperv.mounted_disk_query_retry_interval = 5 log_opt_values /usr/lib/python3/dist-packages/oslo_config/cfg.py:2609
2026-04-30 00:45:03.090 173709 DEBUG oslo_service.service [req-5ea5b7ec-ac95-423a-a0a9-f465dde59a84 - - - - -] hyperv.power_state_check_timeframe = 60 log_opt_values /usr/lib/python3/dist-packages/oslo_config/cfg.py:2609
2026-04-30 00:45:03.090 173709 DEBUG oslo_service.service [req-5ea5b7ec-ac95-423a-a0a9-f465dde59a84 - - - - -] hyperv.power_state_event_polling_interval = 2 log_opt_values /usr/lib/python3/dist-packages/oslo_config/cfg.py:2609
2026-04-30 00:45:03.090 173709 DEBUG oslo_service.service [req-5ea5b7ec-ac95-423a-a0a9-f465dde59a84 - - - - -] hyperv.qemu_img_cmd = qemu-img.exe log_opt_values /usr/lib/python3/dist-packages/oslo_config/cfg.py:2609
2026-04-30 00:45:03.090 173709 DEBUG oslo_service.service [req-5ea5b7ec-ac95-423a-a0a9-f465dde59a84 - - - - -] hyperv.use_multipath_io = False log_opt_values /usr/lib/python3/dist-packages/oslo_config/cfg.py:2609
2026-04-30 00:45:03.091 173709 DEBUG oslo_service.service [req-5ea5b7ec-ac95-423a-a0a9-f465dde59a84 - - - - -] hyperv.volume_attach_retry_count = 10 log_opt_values /usr/lib/python3/dist-packages/oslo_config/cfg.py:2609
2026-04-30 00:45:03.091 173709 DEBUG oslo_service.service [req-5ea5b7ec-ac95-423a-a0a9-f465dde59a84 - - - - -] hyperv.volume_attach_retry_interval = 5 log_opt_values /usr/lib/python3/dist-packages/oslo_config/cfg.py:2609
2026-04-30 00:45:03.091 174088 DEBUG oslo_messaging._drivers.amqpdriver [-] AMQPListener connection timeout poll /usr/lib/python3/dist-packages/oslo_messaging/_drivers/amqpdriver.py:360
2026-04-30 00:45:03.091 173709 DEBUG oslo_service.service [req-5ea5b7ec-ac95-423a-a0a9-f465dde59a84 - - - - -] hyperv.vswitch_name = None log_opt_values /usr/lib/python3/dist-packages/oslo_config/cfg.py:2609
2026-04-30 00:45:03.091 174088 DEBUG oslo_messaging._drivers.amqpdriver [-] Listener is running poll /usr/lib/python3/dist-packages/oslo_messaging/_drivers/amqpdriver.py:343
2026-04-30 00:45:03.091 174088 DEBUG oslo_messaging._drivers.amqpdriver [-] AMQPListener connection consume poll /usr/lib/python3/dist-packages/oslo_messaging/_drivers/amqpdriver.py:357
2026-04-30 00:45:03.091 173709 DEBUG oslo_service.service [req-5ea5b7ec-ac95-423a-a0a9-f465dde59a84 - - - - -] hyperv.wait_soft_reboot_seconds = 60 log_opt_values /usr/lib/python3/dist-packages/oslo_config/cfg.py:2609
2026-04-30 00:45:03.091 173709 DEBUG oslo_service.service [req-5ea5b7ec-ac95-423a-a0a9-f465dde59a84 - - - - -] mks.enabled = False log_opt_values /usr/lib/python3/dist-packages/oslo_config/cfg.py:2609
2026-04-30 00:45:03.092 173709 DEBUG oslo_service.service [req-5ea5b7ec-ac95-423a-a0a9-f465dde59a84 - - - - -] mks.mksproxy_base_url = http://127.0.0.1:6090/ log_opt_values /usr/lib/python3/dist-packages/oslo_config/cfg.py:2609
2026-04-30 00:45:03.092 174086 DEBUG oslo_messaging._drivers.amqpdriver [-] AMQPListener connection timeout poll /usr/lib/python3/dist-packages/oslo_messaging/_drivers/amqpdriver.py:360
2026-04-30 00:45:03.092 173709 DEBUG oslo_service.service [req-5ea5b7ec-ac95-423a-a0a9-f465dde59a84 - - - - -] image_cache.manager_interval = 2400 log_opt_values /usr/lib/python3/dist-packages/oslo_config/cfg.py:2609
2026-04-30 00:45:03.092 174086 DEBUG oslo_messaging._drivers.amqpdriver [-] Listener is running poll /usr/lib/python3/dist-packages/oslo_messaging/_drivers/amqpdriver.py:343
2026-04-30 00:45:03.093 174086 DEBUG oslo_messaging._drivers.amqpdriver [-] AMQPListener connection consume poll /usr/lib/python3/dist-packages/oslo_messaging/_drivers/amqpdriver.py:357
2026-04-30 00:45:03.093 173709 DEBUG oslo_service.service [req-5ea5b7ec-ac95-423a-a0a9-f465dde59a84 - - - - -] image_cache.precache_concurrency = 1 log_opt_values /usr/lib/python3/dist-packages/oslo_config/cfg.py:2609
2026-04-30 00:45:03.093 173709 DEBUG oslo_service.service [req-5ea5b7ec-ac95-423a-a0a9-f465dde59a84 - - - - -] image_cache.remove_unused_base_images = True log_opt_values /usr/lib/python3/dist-packages/oslo_config/cfg.py:2609
2026-04-30 00:45:03.093 173709 DEBUG oslo_service.service [req-5ea5b7ec-ac95-423a-a0a9-f465dde59a84 - - - - -] image_cache.remove_unused_original_minimum_age_seconds = 86400 log_opt_values /usr/lib/python3/dist-packages/oslo_config/cfg.py:2609
2026-04-30 00:45:03.093 173709 DEBUG oslo_service.service [req-5ea5b7ec-ac95-423a-a0a9-f465dde59a84 - - - - -] image_cache.remove_unused_resized_minimum_age_seconds = 3600 log_opt_values /usr/lib/python3/dist-packages/oslo_config/cfg.py:2609
2026-04-30 00:45:03.093 173709 DEBUG oslo_service.service [req-5ea5b7ec-ac95-423a-a0a9-f465dde59a84 - - - - -] image_cache.subdirectory_name = _base log_opt_values /usr/lib/python3/dist-packages/oslo_config/cfg.py:2609
2026-04-30 00:45:03.094 173709 DEBUG oslo_service.service [req-5ea5b7ec-ac95-423a-a0a9-f465dde59a84 - - - - -] ironic.api_max_retries = 60 log_opt_values /usr/lib/python3/dist-packages/oslo_config/cfg.py:2609
2026-04-30 00:45:03.094 173709 DEBUG oslo_service.service [req-5ea5b7ec-ac95-423a-a0a9-f465dde59a84 - - - - -] ironic.api_retry_interval = 2 log_opt_values /usr/lib/python3/dist-packages/oslo_config/cfg.py:2609
2026-04-30 00:45:03.094 173709 DEBUG oslo_service.service [req-5ea5b7ec-ac95-423a-a0a9-f465dde59a84 - - - - -] ironic.auth_section = None log_opt_values /usr/lib/python3/dist-packages/oslo_config/cfg.py:2609
2026-04-30 00:45:03.094 173709 DEBUG oslo_service.service [req-5ea5b7ec-ac95-423a-a0a9-f465dde59a84 - - - - -] ironic.auth_type = None log_opt_values /usr/lib/python3/dist-packages/oslo_config/cfg.py:2609
2026-04-30 00:45:03.094 173709 DEBUG oslo_service.service [req-5ea5b7ec-ac95-423a-a0a9-f465dde59a84 - - - - -] ironic.cafile = None log_opt_values /usr/lib/python3/dist-packages/oslo_config/cfg.py:2609
2026-04-30 00:45:03.095 173709 DEBUG oslo_service.service [req-5ea5b7ec-ac95-423a-a0a9-f465dde59a84 - - - - -] ironic.certfile = None log_opt_values /usr/lib/python3/dist-packages/oslo_config/cfg.py:2609
2026-04-30 00:45:03.095 173709 DEBUG oslo_service.service [req-5ea5b7ec-ac95-423a-a0a9-f465dde59a84 - - - - -] ironic.collect_timing = False log_opt_values /usr/lib/python3/dist-packages/oslo_config/cfg.py:2609
2026-04-30 00:45:03.095 173709 DEBUG oslo_service.service [req-5ea5b7ec-ac95-423a-a0a9-f465dde59a84 - - - - -] ironic.connect_retries = None log_opt_values /usr/lib/python3/dist-packages/oslo_config/cfg.py:2609
2026-04-30 00:45:03.095 173709 DEBUG oslo_service.service [req-5ea5b7ec-ac95-423a-a0a9-f465dde59a84 - - - - -] ironic.connect_retry_delay = None log_opt_values /usr/lib/python3/dist-packages/oslo_config/cfg.py:2609
2026-04-30 00:45:03.096 173709 DEBUG oslo_service.service [req-5ea5b7ec-ac95-423a-a0a9-f465dde59a84 - - - - -] ironic.endpoint_override = None log_opt_values /usr/lib/python3/dist-packages/oslo_config/cfg.py:2609
2026-04-30 00:45:03.096 173709 DEBUG oslo_service.service [req-5ea5b7ec-ac95-423a-a0a9-f465dde59a84 - - - - -] ironic.insecure = False log_opt_values /usr/lib/python3/dist-packages/oslo_config/cfg.py:2609
2026-04-30 00:45:03.096 173709 DEBUG oslo_service.service [req-5ea5b7ec-ac95-423a-a0a9-f465dde59a84 - - - - -] ironic.keyfile = None log_opt_values /usr/lib/python3/dist-packages/oslo_config/cfg.py:2609
2026-04-30 00:45:03.096 173709 DEBUG oslo_service.service [req-5ea5b7ec-ac95-423a-a0a9-f465dde59a84 - - - - -] ironic.max_version = None log_opt_values /usr/lib/python3/dist-packages/oslo_config/cfg.py:2609
2026-04-30 00:45:03.096 173709 DEBUG oslo_service.service [req-5ea5b7ec-ac95-423a-a0a9-f465dde59a84 - - - - -] ironic.min_version = None log_opt_values /usr/lib/python3/dist-packages/oslo_config/cfg.py:2609
2026-04-30 00:45:03.097 173709 DEBUG oslo_service.service [req-5ea5b7ec-ac95-423a-a0a9-f465dde59a84 - - - - -] ironic.partition_key = None log_opt_values /usr/lib/python3/dist-packages/oslo_config/cfg.py:2609
2026-04-30 00:45:03.097 173709 DEBUG oslo_service.service [req-5ea5b7ec-ac95-423a-a0a9-f465dde59a84 - - - - -] ironic.peer_list = [] log_opt_values /usr/lib/python3/dist-packages/oslo_config/cfg.py:2609
2026-04-30 00:45:03.097 173709 DEBUG oslo_service.service [req-5ea5b7ec-ac95-423a-a0a9-f465dde59a84 - - - - -] ironic.region_name = None log_opt_values /usr/lib/python3/dist-packages/oslo_config/cfg.py:2609
2026-04-30 00:45:03.097 173709 DEBUG oslo_service.service [req-5ea5b7ec-ac95-423a-a0a9-f465dde59a84 - - - - -] ironic.serial_console_state_timeout = 10 log_opt_values /usr/lib/python3/dist-packages/oslo_config/cfg.py:2609
2026-04-30 00:45:03.097 173709 DEBUG oslo_service.service [req-5ea5b7ec-ac95-423a-a0a9-f465dde59a84 - - - - -] ironic.service_name = None log_opt_values /usr/lib/python3/dist-packages/oslo_config/cfg.py:2609
2026-04-30 00:45:03.098 173709 DEBUG oslo_service.service [req-5ea5b7ec-ac95-423a-a0a9-f465dde59a84 - - - - -] ironic.service_type = baremetal log_opt_values /usr/lib/python3/dist-packages/oslo_config/cfg.py:2609
2026-04-30 00:45:03.098 173709 DEBUG oslo_service.service [req-5ea5b7ec-ac95-423a-a0a9-f465dde59a84 - - - - -] ironic.split_loggers = False log_opt_values /usr/lib/python3/dist-packages/oslo_config/cfg.py:2609
2026-04-30 00:45:03.098 173709 DEBUG oslo_service.service [req-5ea5b7ec-ac95-423a-a0a9-f465dde59a84 - - - - -] ironic.status_code_retries = None log_opt_values /usr/lib/python3/dist-packages/oslo_config/cfg.py:2609
2026-04-30 00:45:03.098 173709 DEBUG oslo_service.service [req-5ea5b7ec-ac95-423a-a0a9-f465dde59a84 - - - - -] ironic.status_code_retry_delay = None log_opt_values /usr/lib/python3/dist-packages/oslo_config/cfg.py:2609
2026-04-30 00:45:03.099 173709 DEBUG oslo_service.service [req-5ea5b7ec-ac95-423a-a0a9-f465dde59a84 - - - - -] ironic.timeout = None log_opt_values /usr/lib/python3/dist-packages/oslo_config/cfg.py:2609
2026-04-30 00:45:03.099 173709 DEBUG oslo_service.service [req-5ea5b7ec-ac95-423a-a0a9-f465dde59a84 - - - - -] ironic.valid_interfaces = ['internal', 'public'] log_opt_values /usr/lib/python3/dist-packages/oslo_config/cfg.py:2609
2026-04-30 00:45:03.099 173709 DEBUG oslo_service.service [req-5ea5b7ec-ac95-423a-a0a9-f465dde59a84 - - - - -] ironic.version = None log_opt_values /usr/lib/python3/dist-packages/oslo_config/cfg.py:2609
2026-04-30 00:45:03.099 173709 DEBUG oslo_service.service [req-5ea5b7ec-ac95-423a-a0a9-f465dde59a84 - - - - -] key_manager.backend = barbican log_opt_values /usr/lib/python3/dist-packages/oslo_config/cfg.py:2609
2026-04-30 00:45:03.100 173709 DEBUG oslo_service.service [req-5ea5b7ec-ac95-423a-a0a9-f465dde59a84 - - - - -] key_manager.fixed_key = **** log_opt_values /usr/lib/python3/dist-packages/oslo_config/cfg.py:2609
2026-04-30 00:45:03.100 173709 DEBUG oslo_service.service [req-5ea5b7ec-ac95-423a-a0a9-f465dde59a84 - - - - -] barbican.auth_endpoint = http://localhost/identity/v3 log_opt_values /usr/lib/python3/dist-packages/oslo_config/cfg.py:2609
2026-04-30 00:45:03.100 173709 DEBUG oslo_service.service [req-5ea5b7ec-ac95-423a-a0a9-f465dde59a84 - - - - -] barbican.barbican_api_version = None log_opt_values /usr/lib/python3/dist-packages/oslo_config/cfg.py:2609
2026-04-30 00:45:03.101 173709 DEBUG oslo_service.service [req-5ea5b7ec-ac95-423a-a0a9-f465dde59a84 - - - - -] barbican.barbican_endpoint = None log_opt_values /usr/lib/python3/dist-packages/oslo_config/cfg.py:2609
2026-04-30 00:45:03.101 173709 DEBUG oslo_service.service [req-5ea5b7ec-ac95-423a-a0a9-f465dde59a84 - - - - -] barbican.barbican_endpoint_type = public log_opt_values /usr/lib/python3/dist-packages/oslo_config/cfg.py:2609
2026-04-30 00:45:03.101 173709 DEBUG oslo_service.service [req-5ea5b7ec-ac95-423a-a0a9-f465dde59a84 - - - - -] barbican.barbican_region_name = None log_opt_values /usr/lib/python3/dist-packages/oslo_config/cfg.py:2609
2026-04-30 00:45:03.101 173709 DEBUG oslo_service.service [req-5ea5b7ec-ac95-423a-a0a9-f465dde59a84 - - - - -] barbican.cafile = None log_opt_values /usr/lib/python3/dist-packages/oslo_config/cfg.py:2609
2026-04-30 00:45:03.102 173709 DEBUG oslo_service.service [req-5ea5b7ec-ac95-423a-a0a9-f465dde59a84 - - - - -] barbican.certfile = None log_opt_values /usr/lib/python3/dist-packages/oslo_config/cfg.py:2609
2026-04-30 00:45:03.102 173709 DEBUG oslo_service.service [req-5ea5b7ec-ac95-423a-a0a9-f465dde59a84 - - - - -] barbican.collect_timing = False log_opt_values /usr/lib/python3/dist-packages/oslo_config/cfg.py:2609
2026-04-30 00:45:03.102 173709 DEBUG oslo_service.service [req-5ea5b7ec-ac95-423a-a0a9-f465dde59a84 - - - - -] barbican.insecure = False log_opt_values /usr/lib/python3/dist-packages/oslo_config/cfg.py:2609
2026-04-30 00:45:03.102 173709 DEBUG oslo_service.service [req-5ea5b7ec-ac95-423a-a0a9-f465dde59a84 - - - - -] barbican.keyfile = None log_opt_values /usr/lib/python3/dist-packages/oslo_config/cfg.py:2609
2026-04-30 00:45:03.102 173709 DEBUG oslo_service.service [req-5ea5b7ec-ac95-423a-a0a9-f465dde59a84 - - - - -] barbican.number_of_retries = 60 log_opt_values /usr/lib/python3/dist-packages/oslo_config/cfg.py:2609
2026-04-30 00:45:03.103 173709 DEBUG oslo_service.service [req-5ea5b7ec-ac95-423a-a0a9-f465dde59a84 - - - - -] barbican.retry_delay = 1 log_opt_values /usr/lib/python3/dist-packages/oslo_config/cfg.py:2609
2026-04-30 00:45:03.103 173709 DEBUG oslo_service.service [req-5ea5b7ec-ac95-423a-a0a9-f465dde59a84 - - - - -] barbican.send_service_user_token = False log_opt_values /usr/lib/python3/dist-packages/oslo_config/cfg.py:2609
2026-04-30 00:45:03.103 173709 DEBUG oslo_service.service [req-5ea5b7ec-ac95-423a-a0a9-f465dde59a84 - - - - -] barbican.split_loggers = False log_opt_values /usr/lib/python3/dist-packages/oslo_config/cfg.py:2609
2026-04-30 00:45:03.103 173709 DEBUG oslo_service.service [req-5ea5b7ec-ac95-423a-a0a9-f465dde59a84 - - - - -] barbican.timeout = None log_opt_values /usr/lib/python3/dist-packages/oslo_config/cfg.py:2609
2026-04-30 00:45:03.103 173709 DEBUG oslo_service.service [req-5ea5b7ec-ac95-423a-a0a9-f465dde59a84 - - - - -] barbican.verify_ssl = True log_opt_values /usr/lib/python3/dist-packages/oslo_config/cfg.py:2609
2026-04-30 00:45:03.103 173709 DEBUG oslo_service.service [req-5ea5b7ec-ac95-423a-a0a9-f465dde59a84 - - - - -] barbican.verify_ssl_path = None log_opt_values /usr/lib/python3/dist-packages/oslo_config/cfg.py:2609
2026-04-30 00:45:03.103 173709 DEBUG oslo_service.service [req-5ea5b7ec-ac95-423a-a0a9-f465dde59a84 - - - - -] barbican_service_user.auth_section = None log_opt_values /usr/lib/python3/dist-packages/oslo_config/cfg.py:2609
2026-04-30 00:45:03.104 173709 DEBUG oslo_service.service [req-5ea5b7ec-ac95-423a-a0a9-f465dde59a84 - - - - -] barbican_service_user.auth_type = None log_opt_values /usr/lib/python3/dist-packages/oslo_config/cfg.py:2609
2026-04-30 00:45:03.104 173709 DEBUG oslo_service.service [req-5ea5b7ec-ac95-423a-a0a9-f465dde59a84 - - - - -] barbican_service_user.cafile = None log_opt_values /usr/lib/python3/dist-packages/oslo_config/cfg.py:2609
2026-04-30 00:45:03.104 173709 DEBUG oslo_service.service [req-5ea5b7ec-ac95-423a-a0a9-f465dde59a84 - - - - -] barbican_service_user.certfile = None log_opt_values /usr/lib/python3/dist-packages/oslo_config/cfg.py:2609
2026-04-30 00:45:03.104 173709 DEBUG oslo_service.service [req-5ea5b7ec-ac95-423a-a0a9-f465dde59a84 - - - - -] barbican_service_user.collect_timing = False log_opt_values /usr/lib/python3/dist-packages/oslo_config/cfg.py:2609
2026-04-30 00:45:03.104 173709 DEBUG oslo_service.service [req-5ea5b7ec-ac95-423a-a0a9-f465dde59a84 - - - - -] barbican_service_user.insecure = False log_opt_values /usr/lib/python3/dist-packages/oslo_config/cfg.py:2609
2026-04-30 00:45:03.104 173709 DEBUG oslo_service.service [req-5ea5b7ec-ac95-423a-a0a9-f465dde59a84 - - - - -] barbican_service_user.keyfile = None log_opt_values /usr/lib/python3/dist-packages/oslo_config/cfg.py:2609
2026-04-30 00:45:03.105 173709 DEBUG oslo_service.service [req-5ea5b7ec-ac95-423a-a0a9-f465dde59a84 - - - - -] barbican_service_user.split_loggers = False log_opt_values /usr/lib/python3/dist-packages/oslo_config/cfg.py:2609
2026-04-30 00:45:03.105 173709 DEBUG oslo_service.service [req-5ea5b7ec-ac95-423a-a0a9-f465dde59a84 - - - - -] barbican_service_user.timeout = None log_opt_values /usr/lib/python3/dist-packages/oslo_config/cfg.py:2609
2026-04-30 00:45:03.105 173709 DEBUG oslo_service.service [req-5ea5b7ec-ac95-423a-a0a9-f465dde59a84 - - - - -] vault.approle_role_id = None log_opt_values /usr/lib/python3/dist-packages/oslo_config/cfg.py:2609
2026-04-30 00:45:03.105 173709 DEBUG oslo_service.service [req-5ea5b7ec-ac95-423a-a0a9-f465dde59a84 - - - - -] vault.approle_secret_id = None log_opt_values /usr/lib/python3/dist-packages/oslo_config/cfg.py:2609
2026-04-30 00:45:03.105 173709 DEBUG oslo_service.service [req-5ea5b7ec-ac95-423a-a0a9-f465dde59a84 - - - - -] vault.cafile = None log_opt_values /usr/lib/python3/dist-packages/oslo_config/cfg.py:2609
2026-04-30 00:45:03.105 173709 DEBUG oslo_service.service [req-5ea5b7ec-ac95-423a-a0a9-f465dde59a84 - - - - -] vault.certfile = None log_opt_values /usr/lib/python3/dist-packages/oslo_config/cfg.py:2609
2026-04-30 00:45:03.106 173709 DEBUG oslo_service.service [req-5ea5b7ec-ac95-423a-a0a9-f465dde59a84 - - - - -] vault.collect_timing = False log_opt_values /usr/lib/python3/dist-packages/oslo_config/cfg.py:2609
2026-04-30 00:45:03.106 173709 DEBUG oslo_service.service [req-5ea5b7ec-ac95-423a-a0a9-f465dde59a84 - - - - -] vault.insecure = False log_opt_values /usr/lib/python3/dist-packages/oslo_config/cfg.py:2609
