2026-04-30 02:13:09.028 7 DEBUG oslo_service.service [-] ml2_type_gre.tunnel_id_ranges = [] log_opt_values /var/lib/kolla/venv/lib/python3.6/site-packages/oslo_config/cfg.py:2611
2026-04-30 02:13:09.028 7 DEBUG oslo_service.service [-] ml2_type_vlan.network_vlan_ranges = [] log_opt_values /var/lib/kolla/venv/lib/python3.6/site-packages/oslo_config/cfg.py:2611
2026-04-30 02:13:09.028 7 DEBUG oslo_service.service [-] ml2_type_vxlan.vni_ranges = [] log_opt_values /var/lib/kolla/venv/lib/python3.6/site-packages/oslo_config/cfg.py:2611
2026-04-30 02:13:09.028 7 DEBUG oslo_service.service [-] ml2_type_vxlan.vxlan_group = None log_opt_values /var/lib/kolla/venv/lib/python3.6/site-packages/oslo_config/cfg.py:2611
2026-04-30 02:13:09.028 7 DEBUG oslo_service.service [-] database.backend = sqlalchemy log_opt_values /var/lib/kolla/venv/lib/python3.6/site-packages/oslo_config/cfg.py:2611
2026-04-30 02:13:09.028 7 DEBUG oslo_service.service [-] database.connection = **** log_opt_values /var/lib/kolla/venv/lib/python3.6/site-packages/oslo_config/cfg.py:2611
2026-04-30 02:13:09.028 7 DEBUG oslo_service.service [-] database.connection_debug = 0 log_opt_values /var/lib/kolla/venv/lib/python3.6/site-packages/oslo_config/cfg.py:2611
2026-04-30 02:13:09.028 7 DEBUG oslo_service.service [-] database.connection_parameters = log_opt_values /var/lib/kolla/venv/lib/python3.6/site-packages/oslo_config/cfg.py:2611
2026-04-30 02:13:09.028 7 DEBUG oslo_service.service [-] database.connection_recycle_time = 10 log_opt_values /var/lib/kolla/venv/lib/python3.6/site-packages/oslo_config/cfg.py:2611
2026-04-30 02:13:09.028 7 DEBUG oslo_service.service [-] database.connection_trace = False log_opt_values /var/lib/kolla/venv/lib/python3.6/site-packages/oslo_config/cfg.py:2611
2026-04-30 02:13:09.028 7 DEBUG oslo_service.service [-] database.db_inc_retry_interval = True log_opt_values /var/lib/kolla/venv/lib/python3.6/site-packages/oslo_config/cfg.py:2611
2026-04-30 02:13:09.028 7 DEBUG oslo_service.service [-] database.db_max_retries = 20 log_opt_values /var/lib/kolla/venv/lib/python3.6/site-packages/oslo_config/cfg.py:2611
2026-04-30 02:13:09.028 7 DEBUG oslo_service.service [-] database.db_max_retry_interval = 10 log_opt_values /var/lib/kolla/venv/lib/python3.6/site-packages/oslo_config/cfg.py:2611
2026-04-30 02:13:09.028 7 DEBUG oslo_service.service [-] database.db_retry_interval = 1 log_opt_values /var/lib/kolla/venv/lib/python3.6/site-packages/oslo_config/cfg.py:2611
2026-04-30 02:13:09.029 7 DEBUG oslo_service.service [-] database.max_overflow = 50 log_opt_values /var/lib/kolla/venv/lib/python3.6/site-packages/oslo_config/cfg.py:2611
2026-04-30 02:13:09.029 7 DEBUG oslo_service.service [-] database.max_pool_size = 1 log_opt_values /var/lib/kolla/venv/lib/python3.6/site-packages/oslo_config/cfg.py:2611
2026-04-30 02:13:09.029 7 DEBUG oslo_service.service [-] database.max_retries = -1 log_opt_values /var/lib/kolla/venv/lib/python3.6/site-packages/oslo_config/cfg.py:2611
2026-04-30 02:13:09.029 7 DEBUG oslo_service.service [-] database.mysql_enable_ndb = False log_opt_values /var/lib/kolla/venv/lib/python3.6/site-packages/oslo_config/cfg.py:2611
2026-04-30 02:13:09.029 7 DEBUG oslo_service.service [-] database.mysql_sql_mode = TRADITIONAL log_opt_values /var/lib/kolla/venv/lib/python3.6/site-packages/oslo_config/cfg.py:2611
2026-04-30 02:13:09.029 7 DEBUG oslo_service.service [-] database.pool_timeout = None log_opt_values /var/lib/kolla/venv/lib/python3.6/site-packages/oslo_config/cfg.py:2611
2026-04-30 02:13:09.029 7 DEBUG oslo_service.service [-] database.retry_interval = 10 log_opt_values /var/lib/kolla/venv/lib/python3.6/site-packages/oslo_config/cfg.py:2611
2026-04-30 02:13:09.029 7 DEBUG oslo_service.service [-] database.slave_connection = **** log_opt_values /var/lib/kolla/venv/lib/python3.6/site-packages/oslo_config/cfg.py:2611
2026-04-30 02:13:09.029 7 DEBUG oslo_service.service [-] database.sqlite_synchronous = True log_opt_values /var/lib/kolla/venv/lib/python3.6/site-packages/oslo_config/cfg.py:2611
2026-04-30 02:13:09.029 7 DEBUG oslo_service.service [-] database.use_db_reconnect = False log_opt_values /var/lib/kolla/venv/lib/python3.6/site-packages/oslo_config/cfg.py:2611
2026-04-30 02:13:09.029 7 DEBUG oslo_service.service [-] ******************************************************************************** log_opt_values /var/lib/kolla/venv/lib/python3.6/site-packages/oslo_config/cfg.py:2613
2026-04-30 02:13:10.420 22 DEBUG neutron.wsgi [-] (22) accepted ('10.0.0.249', 42070) server /var/lib/kolla/venv/lib/python3.6/site-packages/eventlet/wsgi.py:1004
2026-04-30 02:13:10.427 22 INFO neutron.wsgi [-] 10.0.0.249 "GET / HTTP/1.1" status: 200 len: 228 time: 0.0049553
2026-04-30 02:13:13.541 23 DEBUG neutron.api.rpc.handlers.dhcp_rpc [req-ad298443-1c85-403f-974e-b89bbde7ec7b - - - - -] get_active_networks_info from cn-jenkins-deploy-platform-ansible-os-5724-1 get_active_networks_info /var/lib/kolla/venv/lib/python3.6/site-packages/neutron/api/rpc/handlers/dhcp_rpc.py:159
2026-04-30 02:13:13.575 27 DEBUG neutron_lib.callbacks.manager [req-acad69f1-d905-4c18-8fb9-7ab4756150ac - - - - -] Publish callbacks ['neutron.services.segments.db._update_segment_host_mapping_for_agent-8768814766195', 'neutron.services.l3_router.l3_router_plugin.DVRResourceOperationHandler.create_fip_agent_gw_ports-1653251'] for agent (83b17d3e-6e9b-4215-96ac-92b1a44a65a9), after_create _notify_loop /var/lib/kolla/venv/lib/python3.6/site-packages/neutron_lib/callbacks/manager.py:177
2026-04-30 02:13:13.583 23 DEBUG neutron.scheduler.dhcp_agent_scheduler [req-ad298443-1c85-403f-974e-b89bbde7ec7b - - - - -] No non-hosted networks auto_schedule_networks /var/lib/kolla/venv/lib/python3.6/site-packages/neutron/scheduler/dhcp_agent_scheduler.py:60
2026-04-30 02:13:36.765 28 DEBUG neutron_lib.callbacks.manager [req-a8bd2c05-b43e-4820-9512-8b3dfd7b6a21 - - - - -] Publish callbacks ['neutron.services.segments.db._update_segment_host_mapping_for_agent-8768814766195', 'neutron.services.l3_router.l3_router_plugin.DVRResourceOperationHandler.create_fip_agent_gw_ports-1653251'] for agent (99cedb71-a912-4517-abd3-4dfce37a2db4), after_create _notify_loop /var/lib/kolla/venv/lib/python3.6/site-packages/neutron_lib/callbacks/manager.py:177
2026-04-30 02:13:40.474 22 DEBUG neutron.wsgi [-] (22) accepted ('10.0.0.249', 47312) server /var/lib/kolla/venv/lib/python3.6/site-packages/eventlet/wsgi.py:1004
2026-04-30 02:13:40.480 22 INFO neutron.wsgi [-] 10.0.0.249 "GET / HTTP/1.1" status: 200 len: 228 time: 0.0048094
2026-04-30 02:13:43.555 26 DEBUG neutron_lib.callbacks.manager [req-87f7c6db-1f97-4b16-9b3c-ef02abfef40b - - - - -] Publish callbacks ['neutron.services.segments.db._update_segment_host_mapping_for_agent-8768814766195', 'neutron.plugins.ml2.plugin.Ml2Plugin._retry_binding_revived_agents--9223372036851341936'] for agent (83b17d3e-6e9b-4215-96ac-92b1a44a65a9), after_update _notify_loop /var/lib/kolla/venv/lib/python3.6/site-packages/neutron_lib/callbacks/manager.py:177
2026-04-30 02:14:06.743 25 DEBUG neutron_lib.callbacks.manager [req-a8bd2c05-b43e-4820-9512-8b3dfd7b6a21 - - - - -] Publish callbacks ['neutron.services.segments.db._update_segment_host_mapping_for_agent-8768814766195', 'neutron.plugins.ml2.plugin.Ml2Plugin._retry_binding_revived_agents--9223372036851341936'] for agent (99cedb71-a912-4517-abd3-4dfce37a2db4), after_update _notify_loop /var/lib/kolla/venv/lib/python3.6/site-packages/neutron_lib/callbacks/manager.py:177
2026-04-30 02:14:07.971 29 DEBUG neutron.db.agents_db [req-10b89cc4-7f07-4e64-9946-6f77c28fe211 - - - - -] Agent healthcheck: found 2 active agents agent_health_check /var/lib/kolla/venv/lib/python3.6/site-packages/neutron/db/agents_db.py:318
2026-04-30 02:14:10.523 22 DEBUG neutron.wsgi [-] (22) accepted ('10.0.0.249', 37684) server /var/lib/kolla/venv/lib/python3.6/site-packages/eventlet/wsgi.py:1004
2026-04-30 02:14:10.526 22 INFO neutron.wsgi [-] 10.0.0.249 "GET / HTTP/1.1" status: 200 len: 228 time: 0.0028477
2026-04-30 02:14:13.552 24 DEBUG neutron_lib.callbacks.manager [req-7ac32d8a-2be8-43c3-9c64-ccbc90ff8472 - - - - -] Publish callbacks ['neutron.services.segments.db._update_segment_host_mapping_for_agent-8768814766195', 'neutron.plugins.ml2.plugin.Ml2Plugin._retry_binding_revived_agents--9223372036851341936'] for agent (83b17d3e-6e9b-4215-96ac-92b1a44a65a9), after_update _notify_loop /var/lib/kolla/venv/lib/python3.6/site-packages/neutron_lib/callbacks/manager.py:177
2026-04-30 02:14:36.733 23 DEBUG neutron_lib.callbacks.manager [req-a8bd2c05-b43e-4820-9512-8b3dfd7b6a21 - - - - -] Publish callbacks ['neutron.services.segments.db._update_segment_host_mapping_for_agent-8768814766195', 'neutron.plugins.ml2.plugin.Ml2Plugin._retry_binding_revived_agents--9223372036851341936'] for agent (99cedb71-a912-4517-abd3-4dfce37a2db4), after_update _notify_loop /var/lib/kolla/venv/lib/python3.6/site-packages/neutron_lib/callbacks/manager.py:177
2026-04-30 02:14:40.569 22 DEBUG neutron.wsgi [-] (22) accepted ('10.0.0.249', 34922) server /var/lib/kolla/venv/lib/python3.6/site-packages/eventlet/wsgi.py:1004
2026-04-30 02:14:40.573 22 INFO neutron.wsgi [-] 10.0.0.249 "GET / HTTP/1.1" status: 200 len: 228 time: 0.0032592
2026-04-30 02:14:43.540 27 DEBUG neutron_lib.callbacks.manager [req-7e07af41-03ae-43bb-ae97-b3c286417fa8 - - - - -] Publish callbacks ['neutron.services.segments.db._update_segment_host_mapping_for_agent-8768814766195', 'neutron.plugins.ml2.plugin.Ml2Plugin._retry_binding_revived_agents--9223372036851341936'] for agent (83b17d3e-6e9b-4215-96ac-92b1a44a65a9), after_update _notify_loop /var/lib/kolla/venv/lib/python3.6/site-packages/neutron_lib/callbacks/manager.py:177
2026-04-30 02:14:44.968 29 DEBUG neutron.db.agents_db [req-10b89cc4-7f07-4e64-9946-6f77c28fe211 - - - - -] Agent healthcheck: found 2 active agents agent_health_check /var/lib/kolla/venv/lib/python3.6/site-packages/neutron/db/agents_db.py:318
2026-04-30 02:15:06.736 28 DEBUG neutron_lib.callbacks.manager [req-a8bd2c05-b43e-4820-9512-8b3dfd7b6a21 - - - - -] Publish callbacks ['neutron.services.segments.db._update_segment_host_mapping_for_agent-8768814766195', 'neutron.plugins.ml2.plugin.Ml2Plugin._retry_binding_revived_agents--9223372036851341936'] for agent (99cedb71-a912-4517-abd3-4dfce37a2db4), after_update _notify_loop /var/lib/kolla/venv/lib/python3.6/site-packages/neutron_lib/callbacks/manager.py:177
2026-04-30 02:15:10.622 22 DEBUG neutron.wsgi [-] (22) accepted ('10.0.0.249', 47778) server /var/lib/kolla/venv/lib/python3.6/site-packages/eventlet/wsgi.py:1004
2026-04-30 02:15:10.626 22 INFO neutron.wsgi [-] 10.0.0.249 "GET / HTTP/1.1" status: 200 len: 228 time: 0.0035391
2026-04-30 02:15:13.536 26 DEBUG neutron_lib.callbacks.manager [req-a83a3988-3c90-47eb-bee0-481545a38a2b - - - - -] Publish callbacks ['neutron.services.segments.db._update_segment_host_mapping_for_agent-8768814766195', 'neutron.plugins.ml2.plugin.Ml2Plugin._retry_binding_revived_agents--9223372036851341936'] for agent (83b17d3e-6e9b-4215-96ac-92b1a44a65a9), after_update _notify_loop /var/lib/kolla/venv/lib/python3.6/site-packages/neutron_lib/callbacks/manager.py:177
2026-04-30 02:15:21.965 29 DEBUG neutron.db.agents_db [req-10b89cc4-7f07-4e64-9946-6f77c28fe211 - - - - -] Agent healthcheck: found 2 active agents agent_health_check /var/lib/kolla/venv/lib/python3.6/site-packages/neutron/db/agents_db.py:318
2026-04-30 02:15:36.734 25 DEBUG neutron_lib.callbacks.manager [req-a8bd2c05-b43e-4820-9512-8b3dfd7b6a21 - - - - -] Publish callbacks ['neutron.services.segments.db._update_segment_host_mapping_for_agent-8768814766195', 'neutron.plugins.ml2.plugin.Ml2Plugin._retry_binding_revived_agents--9223372036851341936'] for agent (99cedb71-a912-4517-abd3-4dfce37a2db4), after_update _notify_loop /var/lib/kolla/venv/lib/python3.6/site-packages/neutron_lib/callbacks/manager.py:177
2026-04-30 02:15:40.670 22 DEBUG neutron.wsgi [-] (22) accepted ('10.0.0.249', 49618) server /var/lib/kolla/venv/lib/python3.6/site-packages/eventlet/wsgi.py:1004
2026-04-30 02:15:40.673 22 INFO neutron.wsgi [-] 10.0.0.249 "GET / HTTP/1.1" status: 200 len: 228 time: 0.0028422
2026-04-30 02:15:43.533 24 DEBUG neutron_lib.callbacks.manager [req-7b2e6810-82cb-4f70-8dfc-08a105684333 - - - - -] Publish callbacks ['neutron.services.segments.db._update_segment_host_mapping_for_agent-8768814766195', 'neutron.plugins.ml2.plugin.Ml2Plugin._retry_binding_revived_agents--9223372036851341936'] for agent (83b17d3e-6e9b-4215-96ac-92b1a44a65a9), after_update _notify_loop /var/lib/kolla/venv/lib/python3.6/site-packages/neutron_lib/callbacks/manager.py:177
2026-04-30 02:15:58.971 29 DEBUG neutron.db.agents_db [req-10b89cc4-7f07-4e64-9946-6f77c28fe211 - - - - -] Agent healthcheck: found 2 active agents agent_health_check /var/lib/kolla/venv/lib/python3.6/site-packages/neutron/db/agents_db.py:318
2026-04-30 02:16:06.740 23 DEBUG neutron_lib.callbacks.manager [req-a8bd2c05-b43e-4820-9512-8b3dfd7b6a21 - - - - -] Publish callbacks ['neutron.services.segments.db._update_segment_host_mapping_for_agent-8768814766195', 'neutron.plugins.ml2.plugin.Ml2Plugin._retry_binding_revived_agents--9223372036851341936'] for agent (99cedb71-a912-4517-abd3-4dfce37a2db4), after_update _notify_loop /var/lib/kolla/venv/lib/python3.6/site-packages/neutron_lib/callbacks/manager.py:177
2026-04-30 02:16:10.717 22 DEBUG neutron.wsgi [-] (22) accepted ('10.0.0.249', 36398) server /var/lib/kolla/venv/lib/python3.6/site-packages/eventlet/wsgi.py:1004
2026-04-30 02:16:10.720 22 INFO neutron.wsgi [-] 10.0.0.249 "GET / HTTP/1.1" status: 200 len: 228 time: 0.0026739
2026-04-30 02:16:13.530 27 DEBUG neutron_lib.callbacks.manager [req-ff23fc0d-640b-4e79-9c55-5ead753551f1 - - - - -] Publish callbacks ['neutron.services.segments.db._update_segment_host_mapping_for_agent-8768814766195', 'neutron.plugins.ml2.plugin.Ml2Plugin._retry_binding_revived_agents--9223372036851341936'] for agent (83b17d3e-6e9b-4215-96ac-92b1a44a65a9), after_update _notify_loop /var/lib/kolla/venv/lib/python3.6/site-packages/neutron_lib/callbacks/manager.py:177
2026-04-30 02:16:35.977 29 DEBUG neutron.db.agents_db [req-10b89cc4-7f07-4e64-9946-6f77c28fe211 - - - - -] Agent healthcheck: found 2 active agents agent_health_check /var/lib/kolla/venv/lib/python3.6/site-packages/neutron/db/agents_db.py:318
2026-04-30 02:16:36.738 28 DEBUG neutron_lib.callbacks.manager [req-a8bd2c05-b43e-4820-9512-8b3dfd7b6a21 - - - - -] Publish callbacks ['neutron.services.segments.db._update_segment_host_mapping_for_agent-8768814766195', 'neutron.plugins.ml2.plugin.Ml2Plugin._retry_binding_revived_agents--9223372036851341936'] for agent (99cedb71-a912-4517-abd3-4dfce37a2db4), after_update _notify_loop /var/lib/kolla/venv/lib/python3.6/site-packages/neutron_lib/callbacks/manager.py:177
2026-04-30 02:16:40.766 22 DEBUG neutron.wsgi [-] (22) accepted ('10.0.0.249', 48400) server /var/lib/kolla/venv/lib/python3.6/site-packages/eventlet/wsgi.py:1004
2026-04-30 02:16:40.769 22 INFO neutron.wsgi [-] 10.0.0.249 "GET / HTTP/1.1" status: 200 len: 228 time: 0.0026324
2026-04-30 02:16:43.525 26 DEBUG neutron_lib.callbacks.manager [req-1015fc4b-be16-453f-9ba7-c6799fd9d2e8 - - - - -] Publish callbacks ['neutron.services.segments.db._update_segment_host_mapping_for_agent-8768814766195', 'neutron.plugins.ml2.plugin.Ml2Plugin._retry_binding_revived_agents--9223372036851341936'] for agent (83b17d3e-6e9b-4215-96ac-92b1a44a65a9), after_update _notify_loop /var/lib/kolla/venv/lib/python3.6/site-packages/neutron_lib/callbacks/manager.py:177
2026-04-30 02:17:06.741 25 DEBUG neutron_lib.callbacks.manager [req-a8bd2c05-b43e-4820-9512-8b3dfd7b6a21 - - - - -] Publish callbacks ['neutron.services.segments.db._update_segment_host_mapping_for_agent-8768814766195', 'neutron.plugins.ml2.plugin.Ml2Plugin._retry_binding_revived_agents--9223372036851341936'] for agent (99cedb71-a912-4517-abd3-4dfce37a2db4), after_update _notify_loop /var/lib/kolla/venv/lib/python3.6/site-packages/neutron_lib/callbacks/manager.py:177
2026-04-30 02:17:10.812 22 DEBUG neutron.wsgi [-] (22) accepted ('10.0.0.249', 35748) server /var/lib/kolla/venv/lib/python3.6/site-packages/eventlet/wsgi.py:1004
2026-04-30 02:17:10.816 22 INFO neutron.wsgi [-] 10.0.0.249 "GET / HTTP/1.1" status: 200 len: 228 time: 0.0026612
2026-04-30 02:17:12.986 29 DEBUG neutron.db.agents_db [req-10b89cc4-7f07-4e64-9946-6f77c28fe211 - - - - -] Agent healthcheck: found 2 active agents agent_health_check /var/lib/kolla/venv/lib/python3.6/site-packages/neutron/db/agents_db.py:318
2026-04-30 02:17:13.521 24 DEBUG neutron_lib.callbacks.manager [req-e217f1ef-ede7-46c7-afdc-e1dd24be2b9a - - - - -] Publish callbacks ['neutron.services.segments.db._update_segment_host_mapping_for_agent-8768814766195', 'neutron.plugins.ml2.plugin.Ml2Plugin._retry_binding_revived_agents--9223372036851341936'] for agent (83b17d3e-6e9b-4215-96ac-92b1a44a65a9), after_update _notify_loop /var/lib/kolla/venv/lib/python3.6/site-packages/neutron_lib/callbacks/manager.py:177
2026-04-30 02:17:36.742 23 DEBUG neutron_lib.callbacks.manager [req-a8bd2c05-b43e-4820-9512-8b3dfd7b6a21 - - - - -] Publish callbacks ['neutron.services.segments.db._update_segment_host_mapping_for_agent-8768814766195', 'neutron.plugins.ml2.plugin.Ml2Plugin._retry_binding_revived_agents--9223372036851341936'] for agent (99cedb71-a912-4517-abd3-4dfce37a2db4), after_update _notify_loop /var/lib/kolla/venv/lib/python3.6/site-packages/neutron_lib/callbacks/manager.py:177
2026-04-30 02:17:40.875 22 DEBUG neutron.wsgi [-] (22) accepted ('10.0.0.249', 53318) server /var/lib/kolla/venv/lib/python3.6/site-packages/eventlet/wsgi.py:1004
2026-04-30 02:17:40.884 22 INFO neutron.wsgi [-] 10.0.0.249 "GET / HTTP/1.1" status: 200 len: 228 time: 0.0078018
2026-04-30 02:17:43.527 27 DEBUG neutron_lib.callbacks.manager [req-fdcf675d-fb20-453d-bb85-1b3a0d42e9e0 - - - - -] Publish callbacks ['neutron.services.segments.db._update_segment_host_mapping_for_agent-8768814766195', 'neutron.plugins.ml2.plugin.Ml2Plugin._retry_binding_revived_agents--9223372036851341936'] for agent (83b17d3e-6e9b-4215-96ac-92b1a44a65a9), after_update _notify_loop /var/lib/kolla/venv/lib/python3.6/site-packages/neutron_lib/callbacks/manager.py:177
2026-04-30 02:17:49.992 29 DEBUG neutron.db.agents_db [req-10b89cc4-7f07-4e64-9946-6f77c28fe211 - - - - -] Agent healthcheck: found 2 active agents agent_health_check /var/lib/kolla/venv/lib/python3.6/site-packages/neutron/db/agents_db.py:318
2026-04-30 02:18:06.747 28 DEBUG neutron_lib.callbacks.manager [req-a8bd2c05-b43e-4820-9512-8b3dfd7b6a21 - - - - -] Publish callbacks ['neutron.services.segments.db._update_segment_host_mapping_for_agent-8768814766195', 'neutron.plugins.ml2.plugin.Ml2Plugin._retry_binding_revived_agents--9223372036851341936'] for agent (99cedb71-a912-4517-abd3-4dfce37a2db4), after_update _notify_loop /var/lib/kolla/venv/lib/python3.6/site-packages/neutron_lib/callbacks/manager.py:177
2026-04-30 02:18:10.939 22 DEBUG neutron.wsgi [-] (22) accepted ('10.0.0.249', 59322) server /var/lib/kolla/venv/lib/python3.6/site-packages/eventlet/wsgi.py:1004
2026-04-30 02:18:10.944 22 INFO neutron.wsgi [-] 10.0.0.249 "GET / HTTP/1.1" status: 200 len: 228 time: 0.0041173
2026-04-30 02:18:13.537 26 DEBUG neutron_lib.callbacks.manager [req-d98ed16f-4e3f-4754-b3c7-5052f58f2b48 - - - - -] Publish callbacks ['neutron.services.segments.db._update_segment_host_mapping_for_agent-8768814766195', 'neutron.plugins.ml2.plugin.Ml2Plugin._retry_binding_revived_agents--9223372036851341936'] for agent (83b17d3e-6e9b-4215-96ac-92b1a44a65a9), after_update _notify_loop /var/lib/kolla/venv/lib/python3.6/site-packages/neutron_lib/callbacks/manager.py:177
2026-04-30 02:18:27.001 29 DEBUG neutron.db.agents_db [req-10b89cc4-7f07-4e64-9946-6f77c28fe211 - - - - -] Agent healthcheck: found 2 active agents agent_health_check /var/lib/kolla/venv/lib/python3.6/site-packages/neutron/db/agents_db.py:318
2026-04-30 02:18:36.750 25 DEBUG neutron_lib.callbacks.manager [req-a8bd2c05-b43e-4820-9512-8b3dfd7b6a21 - - - - -] Publish callbacks ['neutron.services.segments.db._update_segment_host_mapping_for_agent-8768814766195', 'neutron.plugins.ml2.plugin.Ml2Plugin._retry_binding_revived_agents--9223372036851341936'] for agent (99cedb71-a912-4517-abd3-4dfce37a2db4), after_update _notify_loop /var/lib/kolla/venv/lib/python3.6/site-packages/neutron_lib/callbacks/manager.py:177
2026-04-30 02:18:40.991 22 DEBUG neutron.wsgi [-] (22) accepted ('10.0.0.249', 48438) server /var/lib/kolla/venv/lib/python3.6/site-packages/eventlet/wsgi.py:1004
2026-04-30 02:18:40.995 22 INFO neutron.wsgi [-] 10.0.0.249 "GET / HTTP/1.1" status: 200 len: 228 time: 0.0029225
2026-04-30 02:18:43.534 24 DEBUG neutron_lib.callbacks.manager [req-a9df5ae8-1a1d-4640-af3f-b88e8dcc2cdd - - - - -] Publish callbacks ['neutron.services.segments.db._update_segment_host_mapping_for_agent-8768814766195', 'neutron.plugins.ml2.plugin.Ml2Plugin._retry_binding_revived_agents--9223372036851341936'] for agent (83b17d3e-6e9b-4215-96ac-92b1a44a65a9), after_update _notify_loop /var/lib/kolla/venv/lib/python3.6/site-packages/neutron_lib/callbacks/manager.py:177
2026-04-30 02:19:03.999 29 DEBUG neutron.db.agents_db [req-10b89cc4-7f07-4e64-9946-6f77c28fe211 - - - - -] Agent healthcheck: found 2 active agents agent_health_check /var/lib/kolla/venv/lib/python3.6/site-packages/neutron/db/agents_db.py:318
2026-04-30 02:19:06.755 23 DEBUG neutron_lib.callbacks.manager [req-a8bd2c05-b43e-4820-9512-8b3dfd7b6a21 - - - - -] Publish callbacks ['neutron.services.segments.db._update_segment_host_mapping_for_agent-8768814766195', 'neutron.plugins.ml2.plugin.Ml2Plugin._retry_binding_revived_agents--9223372036851341936'] for agent (99cedb71-a912-4517-abd3-4dfce37a2db4), after_update _notify_loop /var/lib/kolla/venv/lib/python3.6/site-packages/neutron_lib/callbacks/manager.py:177
2026-04-30 02:19:11.051 22 DEBUG neutron.wsgi [-] (22) accepted ('10.0.0.249', 36256) server /var/lib/kolla/venv/lib/python3.6/site-packages/eventlet/wsgi.py:1004
2026-04-30 02:19:11.054 22 INFO neutron.wsgi [-] 10.0.0.249 "GET / HTTP/1.1" status: 200 len: 228 time: 0.0026350
2026-04-30 02:19:13.530 27 DEBUG neutron_lib.callbacks.manager [req-cc2311e2-579f-4612-829b-0a3a5bb8b3a7 - - - - -] Publish callbacks ['neutron.services.segments.db._update_segment_host_mapping_for_agent-8768814766195', 'neutron.plugins.ml2.plugin.Ml2Plugin._retry_binding_revived_agents--9223372036851341936'] for agent (83b17d3e-6e9b-4215-96ac-92b1a44a65a9), after_update _notify_loop /var/lib/kolla/venv/lib/python3.6/site-packages/neutron_lib/callbacks/manager.py:177
2026-04-30 02:19:36.753 28 DEBUG neutron_lib.callbacks.manager [req-a8bd2c05-b43e-4820-9512-8b3dfd7b6a21 - - - - -] Publish callbacks ['neutron.services.segments.db._update_segment_host_mapping_for_agent-8768814766195', 'neutron.plugins.ml2.plugin.Ml2Plugin._retry_binding_revived_agents--9223372036851341936'] for agent (99cedb71-a912-4517-abd3-4dfce37a2db4), after_update _notify_loop /var/lib/kolla/venv/lib/python3.6/site-packages/neutron_lib/callbacks/manager.py:177
2026-04-30 02:19:41.006 29 DEBUG neutron.db.agents_db [req-10b89cc4-7f07-4e64-9946-6f77c28fe211 - - - - -] Agent healthcheck: found 2 active agents agent_health_check /var/lib/kolla/venv/lib/python3.6/site-packages/neutron/db/agents_db.py:318
2026-04-30 02:19:41.096 22 DEBUG neutron.wsgi [-] (22) accepted ('10.0.0.249', 37244) server /var/lib/kolla/venv/lib/python3.6/site-packages/eventlet/wsgi.py:1004
2026-04-30 02:19:41.100 22 INFO neutron.wsgi [-] 10.0.0.249 "GET / HTTP/1.1" status: 200 len: 228 time: 0.0027249
2026-04-30 02:19:43.527 26 DEBUG neutron_lib.callbacks.manager [req-b372ca4e-4880-4dcd-b63e-5a0a6ebc158c - - - - -] Publish callbacks ['neutron.services.segments.db._update_segment_host_mapping_for_agent-8768814766195', 'neutron.plugins.ml2.plugin.Ml2Plugin._retry_binding_revived_agents--9223372036851341936'] for agent (83b17d3e-6e9b-4215-96ac-92b1a44a65a9), after_update _notify_loop /var/lib/kolla/venv/lib/python3.6/site-packages/neutron_lib/callbacks/manager.py:177
2026-04-30 02:20:06.754 25 DEBUG neutron_lib.callbacks.manager [req-a8bd2c05-b43e-4820-9512-8b3dfd7b6a21 - - - - -] Publish callbacks ['neutron.services.segments.db._update_segment_host_mapping_for_agent-8768814766195', 'neutron.plugins.ml2.plugin.Ml2Plugin._retry_binding_revived_agents--9223372036851341936'] for agent (99cedb71-a912-4517-abd3-4dfce37a2db4), after_update _notify_loop /var/lib/kolla/venv/lib/python3.6/site-packages/neutron_lib/callbacks/manager.py:177
2026-04-30 02:20:11.145 22 DEBUG neutron.wsgi [-] (22) accepted ('10.0.0.249', 56922) server /var/lib/kolla/venv/lib/python3.6/site-packages/eventlet/wsgi.py:1004
2026-04-30 02:20:11.149 22 INFO neutron.wsgi [-] 10.0.0.249 "GET / HTTP/1.1" status: 200 len: 228 time: 0.0030830
2026-04-30 02:20:13.523 24 DEBUG neutron_lib.callbacks.manager [req-2d2871e9-8467-4aa9-bf08-bfe1c11cb697 - - - - -] Publish callbacks ['neutron.services.segments.db._update_segment_host_mapping_for_agent-8768814766195', 'neutron.plugins.ml2.plugin.Ml2Plugin._retry_binding_revived_agents--9223372036851341936'] for agent (83b17d3e-6e9b-4215-96ac-92b1a44a65a9), after_update _notify_loop /var/lib/kolla/venv/lib/python3.6/site-packages/neutron_lib/callbacks/manager.py:177
2026-04-30 02:20:18.003 29 DEBUG neutron.db.agents_db [req-10b89cc4-7f07-4e64-9946-6f77c28fe211 - - - - -] Agent healthcheck: found 2 active agents agent_health_check /var/lib/kolla/venv/lib/python3.6/site-packages/neutron/db/agents_db.py:318
2026-04-30 02:20:36.758 23 DEBUG neutron_lib.callbacks.manager [req-a8bd2c05-b43e-4820-9512-8b3dfd7b6a21 - - - - -] Publish callbacks ['neutron.services.segments.db._update_segment_host_mapping_for_agent-8768814766195', 'neutron.plugins.ml2.plugin.Ml2Plugin._retry_binding_revived_agents--9223372036851341936'] for agent (99cedb71-a912-4517-abd3-4dfce37a2db4), after_update _notify_loop /var/lib/kolla/venv/lib/python3.6/site-packages/neutron_lib/callbacks/manager.py:177
2026-04-30 02:20:41.192 22 DEBUG neutron.wsgi [-] (22) accepted ('10.0.0.249', 59124) server /var/lib/kolla/venv/lib/python3.6/site-packages/eventlet/wsgi.py:1004
2026-04-30 02:20:41.195 22 INFO neutron.wsgi [-] 10.0.0.249 "GET / HTTP/1.1" status: 200 len: 228 time: 0.0025342
2026-04-30 02:20:43.522 27 DEBUG neutron_lib.callbacks.manager [req-3d5bed5b-c081-4c5d-9c6d-466aece9507b - - - - -] Publish callbacks ['neutron.services.segments.db._update_segment_host_mapping_for_agent-8768814766195', 'neutron.plugins.ml2.plugin.Ml2Plugin._retry_binding_revived_agents--9223372036851341936'] for agent (83b17d3e-6e9b-4215-96ac-92b1a44a65a9), after_update _notify_loop /var/lib/kolla/venv/lib/python3.6/site-packages/neutron_lib/callbacks/manager.py:177
2026-04-30 02:20:55.012 29 DEBUG neutron.db.agents_db [req-10b89cc4-7f07-4e64-9946-6f77c28fe211 - - - - -] Agent healthcheck: found 2 active agents agent_health_check /var/lib/kolla/venv/lib/python3.6/site-packages/neutron/db/agents_db.py:318
2026-04-30 02:21:06.759 28 DEBUG neutron_lib.callbacks.manager [req-a8bd2c05-b43e-4820-9512-8b3dfd7b6a21 - - - - -] Publish callbacks ['neutron.services.segments.db._update_segment_host_mapping_for_agent-8768814766195', 'neutron.plugins.ml2.plugin.Ml2Plugin._retry_binding_revived_agents--9223372036851341936'] for agent (99cedb71-a912-4517-abd3-4dfce37a2db4), after_update _notify_loop /var/lib/kolla/venv/lib/python3.6/site-packages/neutron_lib/callbacks/manager.py:177
2026-04-30 02:21:11.240 22 DEBUG neutron.wsgi [-] (22) accepted ('10.0.0.249', 44828) server /var/lib/kolla/venv/lib/python3.6/site-packages/eventlet/wsgi.py:1004
2026-04-30 02:21:11.243 22 INFO neutron.wsgi [-] 10.0.0.249 "GET / HTTP/1.1" status: 200 len: 228 time: 0.0026073
2026-04-30 02:21:13.521 26 DEBUG neutron_lib.callbacks.manager [req-2af24760-1cae-4c3b-8dd6-3d8ba70b693f - - - - -] Publish callbacks ['neutron.services.segments.db._update_segment_host_mapping_for_agent-8768814766195', 'neutron.plugins.ml2.plugin.Ml2Plugin._retry_binding_revived_agents--9223372036851341936'] for agent (83b17d3e-6e9b-4215-96ac-92b1a44a65a9), after_update _notify_loop /var/lib/kolla/venv/lib/python3.6/site-packages/neutron_lib/callbacks/manager.py:177
2026-04-30 02:21:32.010 29 DEBUG neutron.db.agents_db [req-10b89cc4-7f07-4e64-9946-6f77c28fe211 - - - - -] Agent healthcheck: found 2 active agents agent_health_check /var/lib/kolla/venv/lib/python3.6/site-packages/neutron/db/agents_db.py:318
2026-04-30 02:21:36.763 25 DEBUG neutron_lib.callbacks.manager [req-a8bd2c05-b43e-4820-9512-8b3dfd7b6a21 - - - - -] Publish callbacks ['neutron.services.segments.db._update_segment_host_mapping_for_agent-8768814766195', 'neutron.plugins.ml2.plugin.Ml2Plugin._retry_binding_revived_agents--9223372036851341936'] for agent (99cedb71-a912-4517-abd3-4dfce37a2db4), after_update _notify_loop /var/lib/kolla/venv/lib/python3.6/site-packages/neutron_lib/callbacks/manager.py:177
2026-04-30 02:21:41.290 22 DEBUG neutron.wsgi [-] (22) accepted ('10.0.0.249', 55118) server /var/lib/kolla/venv/lib/python3.6/site-packages/eventlet/wsgi.py:1004
2026-04-30 02:21:41.293 22 INFO neutron.wsgi [-] 10.0.0.249 "GET / HTTP/1.1" status: 200 len: 228 time: 0.0024602
2026-04-30 02:21:43.517 24 DEBUG neutron_lib.callbacks.manager [req-1f0bccff-848f-45c2-a252-21fd777c65ba - - - - -] Publish callbacks ['neutron.services.segments.db._update_segment_host_mapping_for_agent-8768814766195', 'neutron.plugins.ml2.plugin.Ml2Plugin._retry_binding_revived_agents--9223372036851341936'] for agent (83b17d3e-6e9b-4215-96ac-92b1a44a65a9), after_update _notify_loop /var/lib/kolla/venv/lib/python3.6/site-packages/neutron_lib/callbacks/manager.py:177
2026-04-30 02:22:06.762 23 DEBUG neutron_lib.callbacks.manager [req-a8bd2c05-b43e-4820-9512-8b3dfd7b6a21 - - - - -] Publish callbacks ['neutron.services.segments.db._update_segment_host_mapping_for_agent-8768814766195', 'neutron.plugins.ml2.plugin.Ml2Plugin._retry_binding_revived_agents--9223372036851341936'] for agent (99cedb71-a912-4517-abd3-4dfce37a2db4), after_update _notify_loop /var/lib/kolla/venv/lib/python3.6/site-packages/neutron_lib/callbacks/manager.py:177
2026-04-30 02:22:09.016 29 DEBUG neutron.db.agents_db [req-10b89cc4-7f07-4e64-9946-6f77c28fe211 - - - - -] Agent healthcheck: found 2 active agents agent_health_check /var/lib/kolla/venv/lib/python3.6/site-packages/neutron/db/agents_db.py:318
2026-04-30 02:22:11.343 22 DEBUG neutron.wsgi [-] (22) accepted ('10.0.0.249', 44896) server /var/lib/kolla/venv/lib/python3.6/site-packages/eventlet/wsgi.py:1004
2026-04-30 02:22:11.347 22 INFO neutron.wsgi [-] 10.0.0.249 "GET / HTTP/1.1" status: 200 len: 228 time: 0.0028546
2026-04-30 02:22:13.512 27 DEBUG neutron_lib.callbacks.manager [req-80b57116-758f-4f3c-9ea5-deadf029b35b - - - - -] Publish callbacks ['neutron.services.segments.db._update_segment_host_mapping_for_agent-8768814766195', 'neutron.plugins.ml2.plugin.Ml2Plugin._retry_binding_revived_agents--9223372036851341936'] for agent (83b17d3e-6e9b-4215-96ac-92b1a44a65a9), after_update _notify_loop /var/lib/kolla/venv/lib/python3.6/site-packages/neutron_lib/callbacks/manager.py:177
2026-04-30 02:22:19.284 7 INFO oslo_service.service [-] Caught SIGTERM, stopping children
2026-04-30 02:22:19.284 7 DEBUG oslo_concurrency.lockutils [-] Acquired lock "singleton_lock" lock /var/lib/kolla/venv/lib/python3.6/site-packages/oslo_concurrency/lockutils.py:294
2026-04-30 02:22:19.285 7 DEBUG oslo_concurrency.lockutils [-] Releasing lock "singleton_lock" lock /var/lib/kolla/venv/lib/python3.6/site-packages/oslo_concurrency/lockutils.py:312
2026-04-30 02:22:19.285 7 DEBUG oslo_service.service [-] Stop services. stop /var/lib/kolla/venv/lib/python3.6/site-packages/oslo_service/service.py:695
2026-04-30 02:22:19.285 7 DEBUG neutron.service [-] calling RpcWorker stop() stop /var/lib/kolla/venv/lib/python3.6/site-packages/neutron/service.py:138
2026-04-30 02:22:19.285 7 DEBUG neutron.service [-] calling RpcWorker stop() stop /var/lib/kolla/venv/lib/python3.6/site-packages/neutron/service.py:138
2026-04-30 02:22:19.285 7 DEBUG oslo_service.service [-] Killing children. stop /var/lib/kolla/venv/lib/python3.6/site-packages/oslo_service/service.py:700
2026-04-30 02:22:19.285 7 INFO oslo_service.service [-] Waiting on 8 children to exit
2026-04-30 02:22:19.286 24 DEBUG neutron.service [-] calling RpcWorker stop() stop /var/lib/kolla/venv/lib/python3.6/site-packages/neutron/service.py:138
2026-04-30 02:22:19.286 25 DEBUG neutron.service [-] calling RpcWorker stop() stop /var/lib/kolla/venv/lib/python3.6/site-packages/neutron/service.py:138
2026-04-30 02:22:19.286 23 DEBUG neutron.service [-] calling RpcWorker stop() stop /var/lib/kolla/venv/lib/python3.6/site-packages/neutron/service.py:138
2026-04-30 02:22:19.286 29 DEBUG neutron.service [-] calling RpcWorker stop() stop /var/lib/kolla/venv/lib/python3.6/site-packages/neutron/service.py:138
2026-04-30 02:22:19.286 26 DEBUG neutron.service [-] calling RpcWorker stop() stop /var/lib/kolla/venv/lib/python3.6/site-packages/neutron/service.py:138
2026-04-30 02:22:19.286 22 INFO neutron.wsgi [-] (22) wsgi exited, is_accepting=True
2026-04-30 02:22:19.287 23 DEBUG neutron.service [-] calling stop on stop /var/lib/kolla/venv/lib/python3.6/site-packages/neutron/service.py:141
2026-04-30 02:22:19.288 22 DEBUG oslo_concurrency.lockutils [req-0540c4e1-513a-4b9c-a9af-4ddb9c723eb9 - - - - -] Acquired lock "singleton_lock" lock /var/lib/kolla/venv/lib/python3.6/site-packages/oslo_concurrency/lockutils.py:294
2026-04-30 02:22:19.288 27 DEBUG neutron.service [-] calling RpcWorker stop() stop /var/lib/kolla/venv/lib/python3.6/site-packages/neutron/service.py:138
2026-04-30 02:22:19.288 22 DEBUG oslo_concurrency.lockutils [req-0540c4e1-513a-4b9c-a9af-4ddb9c723eb9 - - - - -] Releasing lock "singleton_lock" lock /var/lib/kolla/venv/lib/python3.6/site-packages/oslo_concurrency/lockutils.py:312
2026-04-30 02:22:19.289 28 DEBUG neutron.service [-] calling RpcWorker stop() stop /var/lib/kolla/venv/lib/python3.6/site-packages/neutron/service.py:138
2026-04-30 02:22:19.286 24 DEBUG neutron.service [-] calling stop on stop /var/lib/kolla/venv/lib/python3.6/site-packages/neutron/service.py:141
2026-04-30 02:22:19.286 25 DEBUG neutron.service [-] calling stop on stop /var/lib/kolla/venv/lib/python3.6/site-packages/neutron/service.py:141
2026-04-30 02:22:19.287 26 DEBUG neutron.service [-] calling stop on stop /var/lib/kolla/venv/lib/python3.6/site-packages/neutron/service.py:141
2026-04-30 02:22:19.288 27 DEBUG neutron.service [-] calling stop on stop /var/lib/kolla/venv/lib/python3.6/site-packages/neutron/service.py:141
2026-04-30 02:22:19.287 29 DEBUG neutron.service [-] calling stop on stop /var/lib/kolla/venv/lib/python3.6/site-packages/neutron/service.py:141
2026-04-30 02:22:19.289 28 DEBUG neutron.service [-] calling stop on stop /var/lib/kolla/venv/lib/python3.6/site-packages/neutron/service.py:141
2026-04-30 02:22:19.293 7 INFO oslo_service.service [-] Child 22 exited with status 0
2026-04-30 02:22:21.706 27 DEBUG oslo_concurrency.lockutils [req-0540c4e1-513a-4b9c-a9af-4ddb9c723eb9 - - - - -] Acquired lock "singleton_lock" lock /var/lib/kolla/venv/lib/python3.6/site-packages/oslo_concurrency/lockutils.py:294
2026-04-30 02:22:21.706 27 DEBUG oslo_concurrency.lockutils [req-0540c4e1-513a-4b9c-a9af-4ddb9c723eb9 - - - - -] Releasing lock "singleton_lock" lock /var/lib/kolla/venv/lib/python3.6/site-packages/oslo_concurrency/lockutils.py:312
2026-04-30 02:22:21.707 27 DEBUG neutron.service [req-0540c4e1-513a-4b9c-a9af-4ddb9c723eb9 - - - - -] calling RpcWorker wait() _wait /var/lib/kolla/venv/lib/python3.6/site-packages/neutron/service.py:128
2026-04-30 02:22:21.707 27 DEBUG neutron.service [req-0540c4e1-513a-4b9c-a9af-4ddb9c723eb9 - - - - -] calling wait on _wait /var/lib/kolla/venv/lib/python3.6/site-packages/neutron/service.py:131
2026-04-30 02:22:21.719 27 WARNING amqp [req-0540c4e1-513a-4b9c-a9af-4ddb9c723eb9 - - - - -] Received method (60, 30) during closing channel 1. This method will be ignored
2026-04-30 02:22:21.719 27 DEBUG neutron.service [req-0540c4e1-513a-4b9c-a9af-4ddb9c723eb9 - - - - -] returning from RpcWorker wait() _wait /var/lib/kolla/venv/lib/python3.6/site-packages/neutron/service.py:135
2026-04-30 02:22:21.724 7 INFO oslo_service.service [-] Child 27 exited with status 0
2026-04-30 02:22:23.964 23 DEBUG neutron.service [-] calling stop on stop /var/lib/kolla/venv/lib/python3.6/site-packages/neutron/service.py:141
2026-04-30 02:22:23.968 24 DEBUG neutron.service [-] calling stop on stop /var/lib/kolla/venv/lib/python3.6/site-packages/neutron/service.py:141
2026-04-30 02:22:23.979 26 DEBUG oslo_concurrency.lockutils [req-0540c4e1-513a-4b9c-a9af-4ddb9c723eb9 - - - - -] Acquired lock "singleton_lock" lock /var/lib/kolla/venv/lib/python3.6/site-packages/oslo_concurrency/lockutils.py:294
2026-04-30 02:22:23.979 26 DEBUG oslo_concurrency.lockutils [req-0540c4e1-513a-4b9c-a9af-4ddb9c723eb9 - - - - -] Releasing lock "singleton_lock" lock /var/lib/kolla/venv/lib/python3.6/site-packages/oslo_concurrency/lockutils.py:312
2026-04-30 02:22:23.979 26 DEBUG neutron.service [req-0540c4e1-513a-4b9c-a9af-4ddb9c723eb9 - - - - -] calling RpcWorker wait() _wait /var/lib/kolla/venv/lib/python3.6/site-packages/neutron/service.py:128
2026-04-30 02:22:23.980 26 DEBUG neutron.service [req-0540c4e1-513a-4b9c-a9af-4ddb9c723eb9 - - - - -] calling wait on _wait /var/lib/kolla/venv/lib/python3.6/site-packages/neutron/service.py:131
2026-04-30 02:22:23.986 25 DEBUG neutron.service [-] calling stop on stop /var/lib/kolla/venv/lib/python3.6/site-packages/neutron/service.py:141
2026-04-30 02:22:23.986 26 WARNING amqp [req-0540c4e1-513a-4b9c-a9af-4ddb9c723eb9 - - - - -] Received method (60, 30) during closing channel 1. This method will be ignored
2026-04-30 02:22:23.987 26 DEBUG neutron.service [req-0540c4e1-513a-4b9c-a9af-4ddb9c723eb9 - - - - -] returning from RpcWorker wait() _wait /var/lib/kolla/venv/lib/python3.6/site-packages/neutron/service.py:135
2026-04-30 02:22:23.992 7 INFO oslo_service.service [-] Child 26 exited with status 0
2026-04-30 02:22:23.992 23 DEBUG neutron.service [-] calling stop on stop /var/lib/kolla/venv/lib/python3.6/site-packages/neutron/service.py:141
2026-04-30 02:22:23.994 28 DEBUG oslo_concurrency.lockutils [req-0540c4e1-513a-4b9c-a9af-4ddb9c723eb9 - - - - -] Acquired lock "singleton_lock" lock /var/lib/kolla/venv/lib/python3.6/site-packages/oslo_concurrency/lockutils.py:294
2026-04-30 02:22:23.994 28 DEBUG oslo_concurrency.lockutils [req-0540c4e1-513a-4b9c-a9af-4ddb9c723eb9 - - - - -] Releasing lock "singleton_lock" lock /var/lib/kolla/venv/lib/python3.6/site-packages/oslo_concurrency/lockutils.py:312
2026-04-30 02:22:23.994 28 DEBUG neutron.service [req-0540c4e1-513a-4b9c-a9af-4ddb9c723eb9 - - - - -] calling RpcWorker wait() _wait /var/lib/kolla/venv/lib/python3.6/site-packages/neutron/service.py:128
2026-04-30 02:22:23.994 28 DEBUG neutron.service [req-0540c4e1-513a-4b9c-a9af-4ddb9c723eb9 - - - - -] calling wait on _wait /var/lib/kolla/venv/lib/python3.6/site-packages/neutron/service.py:131
2026-04-30 02:22:24.000 29 DEBUG oslo_concurrency.lockutils [req-0540c4e1-513a-4b9c-a9af-4ddb9c723eb9 - - - - -] Acquired lock "singleton_lock" lock /var/lib/kolla/venv/lib/python3.6/site-packages/oslo_concurrency/lockutils.py:294
2026-04-30 02:22:24.000 28 WARNING amqp [req-0540c4e1-513a-4b9c-a9af-4ddb9c723eb9 - - - - -] Received method (60, 30) during closing channel 1. This method will be ignored
2026-04-30 02:22:24.000 29 DEBUG oslo_concurrency.lockutils [req-0540c4e1-513a-4b9c-a9af-4ddb9c723eb9 - - - - -] Releasing lock "singleton_lock" lock /var/lib/kolla/venv/lib/python3.6/site-packages/oslo_concurrency/lockutils.py:312
2026-04-30 02:22:24.000 29 DEBUG neutron.service [req-0540c4e1-513a-4b9c-a9af-4ddb9c723eb9 - - - - -] calling RpcWorker wait() _wait /var/lib/kolla/venv/lib/python3.6/site-packages/neutron/service.py:128
2026-04-30 02:22:24.001 29 DEBUG neutron.service [req-0540c4e1-513a-4b9c-a9af-4ddb9c723eb9 - - - - -] calling wait on _wait /var/lib/kolla/venv/lib/python3.6/site-packages/neutron/service.py:131
2026-04-30 02:22:24.001 25 DEBUG neutron.service [-] calling stop on stop /var/lib/kolla/venv/lib/python3.6/site-packages/neutron/service.py:141
2026-04-30 02:22:24.002 28 DEBUG neutron.service [req-0540c4e1-513a-4b9c-a9af-4ddb9c723eb9 - - - - -] returning from RpcWorker wait() _wait /var/lib/kolla/venv/lib/python3.6/site-packages/neutron/service.py:135
2026-04-30 02:22:24.005 24 DEBUG neutron.service [-] calling stop on stop /var/lib/kolla/venv/lib/python3.6/site-packages/neutron/service.py:141
2026-04-30 02:22:24.006 29 WARNING amqp [req-0540c4e1-513a-4b9c-a9af-4ddb9c723eb9 - - - - -] Received method (60, 30) during closing channel 1. This method will be ignored
2026-04-30 02:22:24.007 7 INFO oslo_service.service [-] Child 28 exited with status 0
2026-04-30 02:22:24.007 29 DEBUG neutron.service [req-0540c4e1-513a-4b9c-a9af-4ddb9c723eb9 - - - - -] returning from RpcWorker wait() _wait /var/lib/kolla/venv/lib/python3.6/site-packages/neutron/service.py:135
2026-04-30 02:22:24.011 7 INFO oslo_service.service [-] Child 29 exited with status 0
2026-04-30 02:22:24.019 25 DEBUG neutron.service [-] calling stop on stop /var/lib/kolla/venv/lib/python3.6/site-packages/neutron/service.py:141
2026-04-30 02:22:24.034 25 DEBUG oslo_concurrency.lockutils [req-0540c4e1-513a-4b9c-a9af-4ddb9c723eb9 - - - - -] Acquired lock "singleton_lock" lock /var/lib/kolla/venv/lib/python3.6/site-packages/oslo_concurrency/lockutils.py:294
2026-04-30 02:22:24.034 25 DEBUG oslo_concurrency.lockutils [req-0540c4e1-513a-4b9c-a9af-4ddb9c723eb9 - - - - -] Releasing lock "singleton_lock" lock /var/lib/kolla/venv/lib/python3.6/site-packages/oslo_concurrency/lockutils.py:312
2026-04-30 02:22:24.035 25 DEBUG neutron.service [req-0540c4e1-513a-4b9c-a9af-4ddb9c723eb9 - - - - -] calling RpcWorker wait() _wait /var/lib/kolla/venv/lib/python3.6/site-packages/neutron/service.py:128
2026-04-30 02:22:24.035 25 DEBUG neutron.service [req-0540c4e1-513a-4b9c-a9af-4ddb9c723eb9 - - - - -] calling wait on _wait /var/lib/kolla/venv/lib/python3.6/site-packages/neutron/service.py:131
2026-04-30 02:22:24.040 25 WARNING amqp [req-0540c4e1-513a-4b9c-a9af-4ddb9c723eb9 - - - - -] Received method (60, 30) during closing channel 1. This method will be ignored
2026-04-30 02:22:24.041 25 DEBUG neutron.service [req-0540c4e1-513a-4b9c-a9af-4ddb9c723eb9 - - - - -] calling wait on _wait /var/lib/kolla/venv/lib/python3.6/site-packages/neutron/service.py:131
2026-04-30 02:22:24.046 25 WARNING amqp [req-0540c4e1-513a-4b9c-a9af-4ddb9c723eb9 - - - - -] Received method (60, 30) during closing channel 1. This method will be ignored
2026-04-30 02:22:24.047 25 DEBUG neutron.service [req-0540c4e1-513a-4b9c-a9af-4ddb9c723eb9 - - - - -] calling wait on _wait /var/lib/kolla/venv/lib/python3.6/site-packages/neutron/service.py:131
2026-04-30 02:22:24.051 25 WARNING amqp [req-0540c4e1-513a-4b9c-a9af-4ddb9c723eb9 - - - - -] Received method (60, 30) during closing channel 1. This method will be ignored
2026-04-30 02:22:24.052 25 DEBUG neutron.service [req-0540c4e1-513a-4b9c-a9af-4ddb9c723eb9 - - - - -] calling wait on _wait /var/lib/kolla/venv/lib/python3.6/site-packages/neutron/service.py:131
2026-04-30 02:22:24.057 25 WARNING amqp [req-0540c4e1-513a-4b9c-a9af-4ddb9c723eb9 - - - - -] Received method (60, 30) during closing channel 1. This method will be ignored
2026-04-30 02:22:24.057 25 DEBUG neutron.service [req-0540c4e1-513a-4b9c-a9af-4ddb9c723eb9 - - - - -] returning from RpcWorker wait() _wait /var/lib/kolla/venv/lib/python3.6/site-packages/neutron/service.py:135
2026-04-30 02:22:24.063 7 INFO oslo_service.service [-] Child 25 exited with status 0
2026-04-30 02:22:24.958 23 DEBUG neutron.service [-] calling stop on stop /var/lib/kolla/venv/lib/python3.6/site-packages/neutron/service.py:141
2026-04-30 02:22:26.722 24 DEBUG neutron.service [-] calling stop on stop /var/lib/kolla/venv/lib/python3.6/site-packages/neutron/service.py:141
2026-04-30 02:22:33.001 7 INFO neutron.common.config [-] Logging enabled!
2026-04-30 02:22:33.001 7 INFO neutron.common.config [-] /var/lib/kolla/venv/bin/neutron-server version 20.5.1.dev23
2026-04-30 02:22:33.002 7 DEBUG neutron.common.config [-] command line: /var/lib/kolla/venv/bin/neutron-server --config-file /etc/neutron/neutron.conf --config-file /etc/neutron/ContrailPlugin.ini --config-file /etc/neutron/api-paste.ini setup_logging /var/lib/kolla/venv/lib/python3.6/site-packages/neutron/common/config.py:115
2026-04-30 02:22:33.005 7 INFO neutron.common.config [-] Logging enabled!
2026-04-30 02:22:33.005 7 INFO neutron.common.config [-] /var/lib/kolla/venv/bin/neutron-server version 20.5.1.dev23
2026-04-30 02:22:33.005 7 DEBUG neutron.common.config [-] command line: /var/lib/kolla/venv/bin/neutron-server --config-file /etc/neutron/neutron.conf --config-file /etc/neutron/ContrailPlugin.ini --config-file /etc/neutron/api-paste.ini setup_logging /var/lib/kolla/venv/lib/python3.6/site-packages/neutron/common/config.py:115
2026-04-30 02:22:33.006 7 DEBUG neutron.common.config [-] ******************************************************************************** log_opt_values /var/lib/kolla/venv/lib/python3.6/site-packages/oslo_config/cfg.py:2589
2026-04-30 02:22:33.006 7 DEBUG neutron.common.config [-] Configuration options gathered from: log_opt_values /var/lib/kolla/venv/lib/python3.6/site-packages/oslo_config/cfg.py:2590
2026-04-30 02:22:33.006 7 DEBUG neutron.common.config [-] command line args: ['--config-file', '/etc/neutron/neutron.conf', '--config-file', '/etc/neutron/ContrailPlugin.ini', '--config-file', '/etc/neutron/api-paste.ini'] log_opt_values /var/lib/kolla/venv/lib/python3.6/site-packages/oslo_config/cfg.py:2591
2026-04-30 02:22:33.007 7 DEBUG neutron.common.config [-] config files: ['/etc/neutron/neutron.conf', '/etc/neutron/ContrailPlugin.ini', '/etc/neutron/api-paste.ini'] log_opt_values /var/lib/kolla/venv/lib/python3.6/site-packages/oslo_config/cfg.py:2593
2026-04-30 02:22:33.007 7 DEBUG neutron.common.config [-] ================================================================================ log_opt_values /var/lib/kolla/venv/lib/python3.6/site-packages/oslo_config/cfg.py:2594
2026-04-30 02:22:33.007 7 DEBUG neutron.common.config [-] allow_bulk = True log_opt_values /var/lib/kolla/venv/lib/python3.6/site-packages/oslo_config/cfg.py:2603
2026-04-30 02:22:33.007 7 WARNING oslo_config.cfg [-] Deprecated: Option "allow_overlapping_ips" from group "DEFAULT" is deprecated for removal. Its value may be silently ignored in the future.
2026-04-30 02:22:33.007 7 DEBUG neutron.common.config [-] allow_overlapping_ips = True log_opt_values /var/lib/kolla/venv/lib/python3.6/site-packages/oslo_config/cfg.py:2603
2026-04-30 02:22:33.008 7 DEBUG neutron.common.config [-] api_extensions_path = /opt/plugin/site-packages/neutron_plugin_contrail/extensions:/opt/plugin/site-packages/neutron_lbaas/extensions log_opt_values /var/lib/kolla/venv/lib/python3.6/site-packages/oslo_config/cfg.py:2603
2026-04-30 02:22:33.008 7 DEBUG neutron.common.config [-] api_paste_config = /etc/neutron/api-paste.ini log_opt_values /var/lib/kolla/venv/lib/python3.6/site-packages/oslo_config/cfg.py:2603
2026-04-30 02:22:33.008 7 DEBUG neutron.common.config [-] api_workers = 1 log_opt_values /var/lib/kolla/venv/lib/python3.6/site-packages/oslo_config/cfg.py:2603
2026-04-30 02:22:33.008 7 DEBUG neutron.common.config [-] auth_strategy = keystone log_opt_values /var/lib/kolla/venv/lib/python3.6/site-packages/oslo_config/cfg.py:2603
2026-04-30 02:22:33.008 7 DEBUG neutron.common.config [-] backlog = 4096 log_opt_values /var/lib/kolla/venv/lib/python3.6/site-packages/oslo_config/cfg.py:2603
2026-04-30 02:22:33.008 7 DEBUG neutron.common.config [-] base_mac = fa:16:3e:00:00:00 log_opt_values /var/lib/kolla/venv/lib/python3.6/site-packages/oslo_config/cfg.py:2603
2026-04-30 02:22:33.008 7 DEBUG neutron.common.config [-] bind_host = 10.0.0.249 log_opt_values /var/lib/kolla/venv/lib/python3.6/site-packages/oslo_config/cfg.py:2603
2026-04-30 02:22:33.008 7 DEBUG neutron.common.config [-] bind_port = 9696 log_opt_values /var/lib/kolla/venv/lib/python3.6/site-packages/oslo_config/cfg.py:2603
2026-04-30 02:22:33.008 7 DEBUG neutron.common.config [-] client_socket_timeout = 900 log_opt_values /var/lib/kolla/venv/lib/python3.6/site-packages/oslo_config/cfg.py:2603
2026-04-30 02:22:33.008 7 DEBUG neutron.common.config [-] config_dir = [] log_opt_values /var/lib/kolla/venv/lib/python3.6/site-packages/oslo_config/cfg.py:2603
2026-04-30 02:22:33.009 7 DEBUG neutron.common.config [-] config_file = ['/etc/neutron/neutron.conf', '/etc/neutron/ContrailPlugin.ini', '/etc/neutron/api-paste.ini'] log_opt_values /var/lib/kolla/venv/lib/python3.6/site-packages/oslo_config/cfg.py:2603
2026-04-30 02:22:33.009 7 DEBUG neutron.common.config [-] config_source = [] log_opt_values /var/lib/kolla/venv/lib/python3.6/site-packages/oslo_config/cfg.py:2603
2026-04-30 02:22:33.009 7 DEBUG neutron.common.config [-] control_exchange = neutron log_opt_values /var/lib/kolla/venv/lib/python3.6/site-packages/oslo_config/cfg.py:2603
2026-04-30 02:22:33.009 7 DEBUG neutron.common.config [-] core_plugin = neutron_plugin_contrail.plugins.opencontrail.contrail_plugin.NeutronPluginContrailCoreV2 log_opt_values /var/lib/kolla/venv/lib/python3.6/site-packages/oslo_config/cfg.py:2603
2026-04-30 02:22:33.009 7 DEBUG neutron.common.config [-] debug = True log_opt_values /var/lib/kolla/venv/lib/python3.6/site-packages/oslo_config/cfg.py:2603
2026-04-30 02:22:33.009 7 DEBUG neutron.common.config [-] default_availability_zones = [] log_opt_values /var/lib/kolla/venv/lib/python3.6/site-packages/oslo_config/cfg.py:2603
