2026-04-02 00:38:38.028 142933 DEBUG oslo_service.service [req-ca17f5dc-e811-405e-b4ef-feda61ffbe85 - - - - -] glance.min_version = None log_opt_values /usr/lib/python3/dist-packages/oslo_config/cfg.py:2609
2026-04-02 00:38:38.028 142933 DEBUG oslo_service.service [req-ca17f5dc-e811-405e-b4ef-feda61ffbe85 - - - - -] glance.num_retries = 3 log_opt_values /usr/lib/python3/dist-packages/oslo_config/cfg.py:2609
2026-04-02 00:38:38.028 142933 DEBUG oslo_service.service [req-ca17f5dc-e811-405e-b4ef-feda61ffbe85 - - - - -] glance.rbd_ceph_conf = log_opt_values /usr/lib/python3/dist-packages/oslo_config/cfg.py:2609
2026-04-02 00:38:38.028 142933 DEBUG oslo_service.service [req-ca17f5dc-e811-405e-b4ef-feda61ffbe85 - - - - -] glance.rbd_connect_timeout = 5 log_opt_values /usr/lib/python3/dist-packages/oslo_config/cfg.py:2609
2026-04-02 00:38:38.029 142933 DEBUG oslo_service.service [req-ca17f5dc-e811-405e-b4ef-feda61ffbe85 - - - - -] glance.rbd_pool = log_opt_values /usr/lib/python3/dist-packages/oslo_config/cfg.py:2609
2026-04-02 00:38:38.029 142933 DEBUG oslo_service.service [req-ca17f5dc-e811-405e-b4ef-feda61ffbe85 - - - - -] glance.rbd_user = log_opt_values /usr/lib/python3/dist-packages/oslo_config/cfg.py:2609
2026-04-02 00:38:38.029 142933 DEBUG oslo_service.service [req-ca17f5dc-e811-405e-b4ef-feda61ffbe85 - - - - -] glance.region_name = None log_opt_values /usr/lib/python3/dist-packages/oslo_config/cfg.py:2609
2026-04-02 00:38:38.029 142933 DEBUG oslo_service.service [req-ca17f5dc-e811-405e-b4ef-feda61ffbe85 - - - - -] glance.service_name = None log_opt_values /usr/lib/python3/dist-packages/oslo_config/cfg.py:2609
2026-04-02 00:38:38.029 142933 DEBUG oslo_service.service [req-ca17f5dc-e811-405e-b4ef-feda61ffbe85 - - - - -] glance.service_type = image log_opt_values /usr/lib/python3/dist-packages/oslo_config/cfg.py:2609
2026-04-02 00:38:38.030 142933 DEBUG oslo_service.service [req-ca17f5dc-e811-405e-b4ef-feda61ffbe85 - - - - -] glance.split_loggers = False log_opt_values /usr/lib/python3/dist-packages/oslo_config/cfg.py:2609
2026-04-02 00:38:38.030 142933 DEBUG oslo_service.service [req-ca17f5dc-e811-405e-b4ef-feda61ffbe85 - - - - -] glance.status_code_retries = None log_opt_values /usr/lib/python3/dist-packages/oslo_config/cfg.py:2609
2026-04-02 00:38:38.030 142933 DEBUG oslo_service.service [req-ca17f5dc-e811-405e-b4ef-feda61ffbe85 - - - - -] glance.status_code_retry_delay = None log_opt_values /usr/lib/python3/dist-packages/oslo_config/cfg.py:2609
2026-04-02 00:38:38.030 142933 DEBUG oslo_service.service [req-ca17f5dc-e811-405e-b4ef-feda61ffbe85 - - - - -] glance.timeout = None log_opt_values /usr/lib/python3/dist-packages/oslo_config/cfg.py:2609
2026-04-02 00:38:38.030 142933 DEBUG oslo_service.service [req-ca17f5dc-e811-405e-b4ef-feda61ffbe85 - - - - -] glance.valid_interfaces = ['internal', 'public'] log_opt_values /usr/lib/python3/dist-packages/oslo_config/cfg.py:2609
2026-04-02 00:38:38.030 142933 DEBUG oslo_service.service [req-ca17f5dc-e811-405e-b4ef-feda61ffbe85 - - - - -] glance.verify_glance_signatures = False log_opt_values /usr/lib/python3/dist-packages/oslo_config/cfg.py:2609
2026-04-02 00:38:38.031 142933 DEBUG oslo_service.service [req-ca17f5dc-e811-405e-b4ef-feda61ffbe85 - - - - -] glance.version = None log_opt_values /usr/lib/python3/dist-packages/oslo_config/cfg.py:2609
2026-04-02 00:38:38.031 142933 DEBUG oslo_service.service [req-ca17f5dc-e811-405e-b4ef-feda61ffbe85 - - - - -] guestfs.debug = False log_opt_values /usr/lib/python3/dist-packages/oslo_config/cfg.py:2609
2026-04-02 00:38:38.030 143781 DEBUG oslo_messaging._drivers.amqpdriver [-] Listener is running poll /usr/lib/python3/dist-packages/oslo_messaging/_drivers/amqpdriver.py:343
2026-04-02 00:38:38.031 143781 DEBUG oslo_messaging._drivers.amqpdriver [-] AMQPListener connection consume poll /usr/lib/python3/dist-packages/oslo_messaging/_drivers/amqpdriver.py:357
2026-04-02 00:38:38.031 142933 DEBUG oslo_service.service [req-ca17f5dc-e811-405e-b4ef-feda61ffbe85 - - - - -] hyperv.config_drive_cdrom = False log_opt_values /usr/lib/python3/dist-packages/oslo_config/cfg.py:2609
2026-04-02 00:38:38.031 142933 DEBUG oslo_service.service [req-ca17f5dc-e811-405e-b4ef-feda61ffbe85 - - - - -] hyperv.config_drive_inject_password = False log_opt_values /usr/lib/python3/dist-packages/oslo_config/cfg.py:2609
2026-04-02 00:38:38.031 142933 DEBUG oslo_service.service [req-ca17f5dc-e811-405e-b4ef-feda61ffbe85 - - - - -] hyperv.dynamic_memory_ratio = 1.0 log_opt_values /usr/lib/python3/dist-packages/oslo_config/cfg.py:2609
2026-04-02 00:38:38.032 142933 DEBUG oslo_service.service [req-ca17f5dc-e811-405e-b4ef-feda61ffbe85 - - - - -] hyperv.enable_instance_metrics_collection = False log_opt_values /usr/lib/python3/dist-packages/oslo_config/cfg.py:2609
2026-04-02 00:38:38.032 142933 DEBUG oslo_service.service [req-ca17f5dc-e811-405e-b4ef-feda61ffbe85 - - - - -] hyperv.enable_remotefx = False log_opt_values /usr/lib/python3/dist-packages/oslo_config/cfg.py:2609
2026-04-02 00:38:38.032 142933 DEBUG oslo_service.service [req-ca17f5dc-e811-405e-b4ef-feda61ffbe85 - - - - -] hyperv.instances_path_share = log_opt_values /usr/lib/python3/dist-packages/oslo_config/cfg.py:2609
2026-04-02 00:38:38.032 142933 DEBUG oslo_service.service [req-ca17f5dc-e811-405e-b4ef-feda61ffbe85 - - - - -] hyperv.iscsi_initiator_list = [] log_opt_values /usr/lib/python3/dist-packages/oslo_config/cfg.py:2609
2026-04-02 00:38:38.032 142933 DEBUG oslo_service.service [req-ca17f5dc-e811-405e-b4ef-feda61ffbe85 - - - - -] hyperv.limit_cpu_features = False log_opt_values /usr/lib/python3/dist-packages/oslo_config/cfg.py:2609
2026-04-02 00:38:38.033 142933 DEBUG oslo_service.service [req-ca17f5dc-e811-405e-b4ef-feda61ffbe85 - - - - -] hyperv.mounted_disk_query_retry_count = 10 log_opt_values /usr/lib/python3/dist-packages/oslo_config/cfg.py:2609
2026-04-02 00:38:38.033 142933 DEBUG oslo_service.service [req-ca17f5dc-e811-405e-b4ef-feda61ffbe85 - - - - -] hyperv.mounted_disk_query_retry_interval = 5 log_opt_values /usr/lib/python3/dist-packages/oslo_config/cfg.py:2609
2026-04-02 00:38:38.033 142933 DEBUG oslo_service.service [req-ca17f5dc-e811-405e-b4ef-feda61ffbe85 - - - - -] hyperv.power_state_check_timeframe = 60 log_opt_values /usr/lib/python3/dist-packages/oslo_config/cfg.py:2609
2026-04-02 00:38:38.033 142933 DEBUG oslo_service.service [req-ca17f5dc-e811-405e-b4ef-feda61ffbe85 - - - - -] hyperv.power_state_event_polling_interval = 2 log_opt_values /usr/lib/python3/dist-packages/oslo_config/cfg.py:2609
2026-04-02 00:38:38.033 143781 DEBUG nova.service [req-7f726e0b-7c47-4937-aa26-2cfcf0a13662 - - - - -] Join ServiceGroup membership for this service scheduler start /usr/lib/python3/dist-packages/nova/service.py:199
2026-04-02 00:38:38.033 142933 DEBUG oslo_service.service [req-ca17f5dc-e811-405e-b4ef-feda61ffbe85 - - - - -] hyperv.qemu_img_cmd = qemu-img.exe log_opt_values /usr/lib/python3/dist-packages/oslo_config/cfg.py:2609
2026-04-02 00:38:38.033 143781 DEBUG nova.servicegroup.drivers.db [req-7f726e0b-7c47-4937-aa26-2cfcf0a13662 - - - - -] DB_Driver: join new ServiceGroup member juju-6f200b-0-lxd-7 to the scheduler group, service = join /usr/lib/python3/dist-packages/nova/servicegroup/drivers/db.py:44
2026-04-02 00:38:38.034 142933 DEBUG oslo_service.service [req-ca17f5dc-e811-405e-b4ef-feda61ffbe85 - - - - -] hyperv.use_multipath_io = False log_opt_values /usr/lib/python3/dist-packages/oslo_config/cfg.py:2609
2026-04-02 00:38:38.034 142933 DEBUG oslo_service.service [req-ca17f5dc-e811-405e-b4ef-feda61ffbe85 - - - - -] hyperv.volume_attach_retry_count = 10 log_opt_values /usr/lib/python3/dist-packages/oslo_config/cfg.py:2609
2026-04-02 00:38:38.034 142933 DEBUG oslo_service.service [req-ca17f5dc-e811-405e-b4ef-feda61ffbe85 - - - - -] hyperv.volume_attach_retry_interval = 5 log_opt_values /usr/lib/python3/dist-packages/oslo_config/cfg.py:2609
2026-04-02 00:38:38.034 142933 DEBUG oslo_service.service [req-ca17f5dc-e811-405e-b4ef-feda61ffbe85 - - - - -] hyperv.vswitch_name = None log_opt_values /usr/lib/python3/dist-packages/oslo_config/cfg.py:2609
2026-04-02 00:38:38.034 142933 DEBUG oslo_service.service [req-ca17f5dc-e811-405e-b4ef-feda61ffbe85 - - - - -] hyperv.wait_soft_reboot_seconds = 60 log_opt_values /usr/lib/python3/dist-packages/oslo_config/cfg.py:2609
2026-04-02 00:38:38.034 142933 DEBUG oslo_service.service [req-ca17f5dc-e811-405e-b4ef-feda61ffbe85 - - - - -] mks.enabled = False log_opt_values /usr/lib/python3/dist-packages/oslo_config/cfg.py:2609
2026-04-02 00:38:38.035 142933 DEBUG oslo_service.service [req-ca17f5dc-e811-405e-b4ef-feda61ffbe85 - - - - -] mks.mksproxy_base_url = http://127.0.0.1:6090/ log_opt_values /usr/lib/python3/dist-packages/oslo_config/cfg.py:2609
2026-04-02 00:38:38.035 142933 DEBUG oslo_service.service [req-ca17f5dc-e811-405e-b4ef-feda61ffbe85 - - - - -] image_cache.manager_interval = 2400 log_opt_values /usr/lib/python3/dist-packages/oslo_config/cfg.py:2609
2026-04-02 00:38:38.036 142933 DEBUG oslo_service.service [req-ca17f5dc-e811-405e-b4ef-feda61ffbe85 - - - - -] image_cache.precache_concurrency = 1 log_opt_values /usr/lib/python3/dist-packages/oslo_config/cfg.py:2609
2026-04-02 00:38:38.036 142933 DEBUG oslo_service.service [req-ca17f5dc-e811-405e-b4ef-feda61ffbe85 - - - - -] image_cache.remove_unused_base_images = True log_opt_values /usr/lib/python3/dist-packages/oslo_config/cfg.py:2609
2026-04-02 00:38:38.036 142933 DEBUG oslo_service.service [req-ca17f5dc-e811-405e-b4ef-feda61ffbe85 - - - - -] image_cache.remove_unused_original_minimum_age_seconds = 86400 log_opt_values /usr/lib/python3/dist-packages/oslo_config/cfg.py:2609
2026-04-02 00:38:38.036 142933 DEBUG oslo_service.service [req-ca17f5dc-e811-405e-b4ef-feda61ffbe85 - - - - -] image_cache.remove_unused_resized_minimum_age_seconds = 3600 log_opt_values /usr/lib/python3/dist-packages/oslo_config/cfg.py:2609
2026-04-02 00:38:38.037 142933 DEBUG oslo_service.service [req-ca17f5dc-e811-405e-b4ef-feda61ffbe85 - - - - -] image_cache.subdirectory_name = _base log_opt_values /usr/lib/python3/dist-packages/oslo_config/cfg.py:2609
2026-04-02 00:38:38.037 142933 DEBUG oslo_service.service [req-ca17f5dc-e811-405e-b4ef-feda61ffbe85 - - - - -] ironic.api_max_retries = 60 log_opt_values /usr/lib/python3/dist-packages/oslo_config/cfg.py:2609
2026-04-02 00:38:38.037 142933 DEBUG oslo_service.service [req-ca17f5dc-e811-405e-b4ef-feda61ffbe85 - - - - -] ironic.api_retry_interval = 2 log_opt_values /usr/lib/python3/dist-packages/oslo_config/cfg.py:2609
2026-04-02 00:38:38.037 142933 DEBUG oslo_service.service [req-ca17f5dc-e811-405e-b4ef-feda61ffbe85 - - - - -] ironic.auth_section = None log_opt_values /usr/lib/python3/dist-packages/oslo_config/cfg.py:2609
2026-04-02 00:38:38.037 142933 DEBUG oslo_service.service [req-ca17f5dc-e811-405e-b4ef-feda61ffbe85 - - - - -] ironic.auth_type = None log_opt_values /usr/lib/python3/dist-packages/oslo_config/cfg.py:2609
2026-04-02 00:38:38.037 143780 DEBUG oslo_messaging._drivers.amqpdriver [-] Listener is running poll /usr/lib/python3/dist-packages/oslo_messaging/_drivers/amqpdriver.py:343
2026-04-02 00:38:38.038 142933 DEBUG oslo_service.service [req-ca17f5dc-e811-405e-b4ef-feda61ffbe85 - - - - -] ironic.cafile = None log_opt_values /usr/lib/python3/dist-packages/oslo_config/cfg.py:2609
2026-04-02 00:38:38.038 143780 DEBUG oslo_messaging._drivers.amqpdriver [-] AMQPListener connection consume poll /usr/lib/python3/dist-packages/oslo_messaging/_drivers/amqpdriver.py:357
2026-04-02 00:38:38.038 142933 DEBUG oslo_service.service [req-ca17f5dc-e811-405e-b4ef-feda61ffbe85 - - - - -] ironic.certfile = None log_opt_values /usr/lib/python3/dist-packages/oslo_config/cfg.py:2609
2026-04-02 00:38:38.038 142933 DEBUG oslo_service.service [req-ca17f5dc-e811-405e-b4ef-feda61ffbe85 - - - - -] ironic.collect_timing = False log_opt_values /usr/lib/python3/dist-packages/oslo_config/cfg.py:2609
2026-04-02 00:38:38.038 142933 DEBUG oslo_service.service [req-ca17f5dc-e811-405e-b4ef-feda61ffbe85 - - - - -] ironic.connect_retries = None log_opt_values /usr/lib/python3/dist-packages/oslo_config/cfg.py:2609
2026-04-02 00:38:38.038 143780 DEBUG nova.service [req-38d9c1a9-887e-42ec-a4df-e5367368ef31 - - - - -] Join ServiceGroup membership for this service scheduler start /usr/lib/python3/dist-packages/nova/service.py:199
2026-04-02 00:38:38.038 142933 DEBUG oslo_service.service [req-ca17f5dc-e811-405e-b4ef-feda61ffbe85 - - - - -] ironic.connect_retry_delay = None log_opt_values /usr/lib/python3/dist-packages/oslo_config/cfg.py:2609
2026-04-02 00:38:38.039 142933 DEBUG oslo_service.service [req-ca17f5dc-e811-405e-b4ef-feda61ffbe85 - - - - -] ironic.endpoint_override = None log_opt_values /usr/lib/python3/dist-packages/oslo_config/cfg.py:2609
2026-04-02 00:38:38.039 143780 DEBUG nova.servicegroup.drivers.db [req-38d9c1a9-887e-42ec-a4df-e5367368ef31 - - - - -] DB_Driver: join new ServiceGroup member juju-6f200b-0-lxd-7 to the scheduler group, service = join /usr/lib/python3/dist-packages/nova/servicegroup/drivers/db.py:44
2026-04-02 00:38:38.039 142933 DEBUG oslo_service.service [req-ca17f5dc-e811-405e-b4ef-feda61ffbe85 - - - - -] ironic.insecure = False log_opt_values /usr/lib/python3/dist-packages/oslo_config/cfg.py:2609
2026-04-02 00:38:38.039 142933 DEBUG oslo_service.service [req-ca17f5dc-e811-405e-b4ef-feda61ffbe85 - - - - -] ironic.keyfile = None log_opt_values /usr/lib/python3/dist-packages/oslo_config/cfg.py:2609
2026-04-02 00:38:38.039 142933 DEBUG oslo_service.service [req-ca17f5dc-e811-405e-b4ef-feda61ffbe85 - - - - -] ironic.max_version = None log_opt_values /usr/lib/python3/dist-packages/oslo_config/cfg.py:2609
2026-04-02 00:38:38.039 143781 DEBUG oslo_messaging._drivers.amqpdriver [-] AMQPListener connection timeout poll /usr/lib/python3/dist-packages/oslo_messaging/_drivers/amqpdriver.py:360
2026-04-02 00:38:38.039 142933 DEBUG oslo_service.service [req-ca17f5dc-e811-405e-b4ef-feda61ffbe85 - - - - -] ironic.min_version = None log_opt_values /usr/lib/python3/dist-packages/oslo_config/cfg.py:2609
2026-04-02 00:38:38.040 142933 DEBUG oslo_service.service [req-ca17f5dc-e811-405e-b4ef-feda61ffbe85 - - - - -] ironic.partition_key = None log_opt_values /usr/lib/python3/dist-packages/oslo_config/cfg.py:2609
2026-04-02 00:38:38.040 142933 DEBUG oslo_service.service [req-ca17f5dc-e811-405e-b4ef-feda61ffbe85 - - - - -] ironic.peer_list = [] log_opt_values /usr/lib/python3/dist-packages/oslo_config/cfg.py:2609
2026-04-02 00:38:38.040 143781 DEBUG oslo_messaging._drivers.amqpdriver [-] Listener is running poll /usr/lib/python3/dist-packages/oslo_messaging/_drivers/amqpdriver.py:343
2026-04-02 00:38:38.040 143781 DEBUG oslo_messaging._drivers.amqpdriver [-] AMQPListener connection consume poll /usr/lib/python3/dist-packages/oslo_messaging/_drivers/amqpdriver.py:357
2026-04-02 00:38:38.040 142933 DEBUG oslo_service.service [req-ca17f5dc-e811-405e-b4ef-feda61ffbe85 - - - - -] ironic.region_name = None log_opt_values /usr/lib/python3/dist-packages/oslo_config/cfg.py:2609
2026-04-02 00:38:38.040 142933 DEBUG oslo_service.service [req-ca17f5dc-e811-405e-b4ef-feda61ffbe85 - - - - -] ironic.serial_console_state_timeout = 10 log_opt_values /usr/lib/python3/dist-packages/oslo_config/cfg.py:2609
2026-04-02 00:38:38.040 142933 DEBUG oslo_service.service [req-ca17f5dc-e811-405e-b4ef-feda61ffbe85 - - - - -] ironic.service_name = None log_opt_values /usr/lib/python3/dist-packages/oslo_config/cfg.py:2609
2026-04-02 00:38:38.041 142933 DEBUG oslo_service.service [req-ca17f5dc-e811-405e-b4ef-feda61ffbe85 - - - - -] ironic.service_type = baremetal log_opt_values /usr/lib/python3/dist-packages/oslo_config/cfg.py:2609
2026-04-02 00:38:38.041 142933 DEBUG oslo_service.service [req-ca17f5dc-e811-405e-b4ef-feda61ffbe85 - - - - -] ironic.split_loggers = False log_opt_values /usr/lib/python3/dist-packages/oslo_config/cfg.py:2609
2026-04-02 00:38:38.041 142933 DEBUG oslo_service.service [req-ca17f5dc-e811-405e-b4ef-feda61ffbe85 - - - - -] ironic.status_code_retries = None log_opt_values /usr/lib/python3/dist-packages/oslo_config/cfg.py:2609
2026-04-02 00:38:38.041 142933 DEBUG oslo_service.service [req-ca17f5dc-e811-405e-b4ef-feda61ffbe85 - - - - -] ironic.status_code_retry_delay = None log_opt_values /usr/lib/python3/dist-packages/oslo_config/cfg.py:2609
2026-04-02 00:38:38.041 143780 DEBUG oslo_messaging._drivers.amqpdriver [-] AMQPListener connection timeout poll /usr/lib/python3/dist-packages/oslo_messaging/_drivers/amqpdriver.py:360
2026-04-02 00:38:38.041 142933 DEBUG oslo_service.service [req-ca17f5dc-e811-405e-b4ef-feda61ffbe85 - - - - -] ironic.timeout = None log_opt_values /usr/lib/python3/dist-packages/oslo_config/cfg.py:2609
2026-04-02 00:38:38.041 143780 DEBUG oslo_messaging._drivers.amqpdriver [-] Listener is running poll /usr/lib/python3/dist-packages/oslo_messaging/_drivers/amqpdriver.py:343
2026-04-02 00:38:38.041 142933 DEBUG oslo_service.service [req-ca17f5dc-e811-405e-b4ef-feda61ffbe85 - - - - -] ironic.valid_interfaces = ['internal', 'public'] log_opt_values /usr/lib/python3/dist-packages/oslo_config/cfg.py:2609
2026-04-02 00:38:38.042 143780 DEBUG oslo_messaging._drivers.amqpdriver [-] AMQPListener connection consume poll /usr/lib/python3/dist-packages/oslo_messaging/_drivers/amqpdriver.py:357
2026-04-02 00:38:38.042 142933 DEBUG oslo_service.service [req-ca17f5dc-e811-405e-b4ef-feda61ffbe85 - - - - -] ironic.version = None log_opt_values /usr/lib/python3/dist-packages/oslo_config/cfg.py:2609
2026-04-02 00:38:38.042 142933 DEBUG oslo_service.service [req-ca17f5dc-e811-405e-b4ef-feda61ffbe85 - - - - -] key_manager.backend = barbican log_opt_values /usr/lib/python3/dist-packages/oslo_config/cfg.py:2609
2026-04-02 00:38:38.042 142933 DEBUG oslo_service.service [req-ca17f5dc-e811-405e-b4ef-feda61ffbe85 - - - - -] key_manager.fixed_key = **** log_opt_values /usr/lib/python3/dist-packages/oslo_config/cfg.py:2609
2026-04-02 00:38:38.042 142933 DEBUG oslo_service.service [req-ca17f5dc-e811-405e-b4ef-feda61ffbe85 - - - - -] barbican.auth_endpoint = http://localhost/identity/v3 log_opt_values /usr/lib/python3/dist-packages/oslo_config/cfg.py:2609
2026-04-02 00:38:38.043 142933 DEBUG oslo_service.service [req-ca17f5dc-e811-405e-b4ef-feda61ffbe85 - - - - -] barbican.barbican_api_version = None log_opt_values /usr/lib/python3/dist-packages/oslo_config/cfg.py:2609
2026-04-02 00:38:38.043 142933 DEBUG oslo_service.service [req-ca17f5dc-e811-405e-b4ef-feda61ffbe85 - - - - -] barbican.barbican_endpoint = None log_opt_values /usr/lib/python3/dist-packages/oslo_config/cfg.py:2609
2026-04-02 00:38:38.043 142933 DEBUG oslo_service.service [req-ca17f5dc-e811-405e-b4ef-feda61ffbe85 - - - - -] barbican.barbican_endpoint_type = public log_opt_values /usr/lib/python3/dist-packages/oslo_config/cfg.py:2609
2026-04-02 00:38:38.043 142933 DEBUG oslo_service.service [req-ca17f5dc-e811-405e-b4ef-feda61ffbe85 - - - - -] barbican.barbican_region_name = None log_opt_values /usr/lib/python3/dist-packages/oslo_config/cfg.py:2609
2026-04-02 00:38:38.043 142933 DEBUG oslo_service.service [req-ca17f5dc-e811-405e-b4ef-feda61ffbe85 - - - - -] barbican.cafile = None log_opt_values /usr/lib/python3/dist-packages/oslo_config/cfg.py:2609
2026-04-02 00:38:38.044 142933 DEBUG oslo_service.service [req-ca17f5dc-e811-405e-b4ef-feda61ffbe85 - - - - -] barbican.certfile = None log_opt_values /usr/lib/python3/dist-packages/oslo_config/cfg.py:2609
2026-04-02 00:38:38.043 143787 DEBUG nova.service [req-5c84845e-c5eb-4a7a-a293-4704a0f425c6 - - - - -] Creating RPC server for service scheduler start /usr/lib/python3/dist-packages/nova/service.py:182
2026-04-02 00:38:38.044 142933 DEBUG oslo_service.service [req-ca17f5dc-e811-405e-b4ef-feda61ffbe85 - - - - -] barbican.collect_timing = False log_opt_values /usr/lib/python3/dist-packages/oslo_config/cfg.py:2609
2026-04-02 00:38:38.044 142933 DEBUG oslo_service.service [req-ca17f5dc-e811-405e-b4ef-feda61ffbe85 - - - - -] barbican.insecure = False log_opt_values /usr/lib/python3/dist-packages/oslo_config/cfg.py:2609
2026-04-02 00:38:38.044 142933 DEBUG oslo_service.service [req-ca17f5dc-e811-405e-b4ef-feda61ffbe85 - - - - -] barbican.keyfile = None log_opt_values /usr/lib/python3/dist-packages/oslo_config/cfg.py:2609
2026-04-02 00:38:38.044 142933 DEBUG oslo_service.service [req-ca17f5dc-e811-405e-b4ef-feda61ffbe85 - - - - -] barbican.number_of_retries = 60 log_opt_values /usr/lib/python3/dist-packages/oslo_config/cfg.py:2609
2026-04-02 00:38:38.044 142933 DEBUG oslo_service.service [req-ca17f5dc-e811-405e-b4ef-feda61ffbe85 - - - - -] barbican.retry_delay = 1 log_opt_values /usr/lib/python3/dist-packages/oslo_config/cfg.py:2609
2026-04-02 00:38:38.045 142933 DEBUG oslo_service.service [req-ca17f5dc-e811-405e-b4ef-feda61ffbe85 - - - - -] barbican.send_service_user_token = False log_opt_values /usr/lib/python3/dist-packages/oslo_config/cfg.py:2609
2026-04-02 00:38:38.045 142933 DEBUG oslo_service.service [req-ca17f5dc-e811-405e-b4ef-feda61ffbe85 - - - - -] barbican.split_loggers = False log_opt_values /usr/lib/python3/dist-packages/oslo_config/cfg.py:2609
2026-04-02 00:38:38.045 142933 DEBUG oslo_service.service [req-ca17f5dc-e811-405e-b4ef-feda61ffbe85 - - - - -] barbican.timeout = None log_opt_values /usr/lib/python3/dist-packages/oslo_config/cfg.py:2609
2026-04-02 00:38:38.045 142933 DEBUG oslo_service.service [req-ca17f5dc-e811-405e-b4ef-feda61ffbe85 - - - - -] barbican.verify_ssl = True log_opt_values /usr/lib/python3/dist-packages/oslo_config/cfg.py:2609
2026-04-02 00:38:38.045 142933 DEBUG oslo_service.service [req-ca17f5dc-e811-405e-b4ef-feda61ffbe85 - - - - -] barbican.verify_ssl_path = None log_opt_values /usr/lib/python3/dist-packages/oslo_config/cfg.py:2609
2026-04-02 00:38:38.046 142933 DEBUG oslo_service.service [req-ca17f5dc-e811-405e-b4ef-feda61ffbe85 - - - - -] barbican_service_user.auth_section = None log_opt_values /usr/lib/python3/dist-packages/oslo_config/cfg.py:2609
2026-04-02 00:38:38.046 142933 DEBUG oslo_service.service [req-ca17f5dc-e811-405e-b4ef-feda61ffbe85 - - - - -] barbican_service_user.auth_type = None log_opt_values /usr/lib/python3/dist-packages/oslo_config/cfg.py:2609
2026-04-02 00:38:38.046 143779 DEBUG oslo_messaging._drivers.amqpdriver [-] Listener is running poll /usr/lib/python3/dist-packages/oslo_messaging/_drivers/amqpdriver.py:343
2026-04-02 00:38:38.046 143779 DEBUG oslo_messaging._drivers.amqpdriver [-] AMQPListener connection consume poll /usr/lib/python3/dist-packages/oslo_messaging/_drivers/amqpdriver.py:357
2026-04-02 00:38:38.046 142933 DEBUG oslo_service.service [req-ca17f5dc-e811-405e-b4ef-feda61ffbe85 - - - - -] barbican_service_user.cafile = None log_opt_values /usr/lib/python3/dist-packages/oslo_config/cfg.py:2609
2026-04-02 00:38:38.046 142933 DEBUG oslo_service.service [req-ca17f5dc-e811-405e-b4ef-feda61ffbe85 - - - - -] barbican_service_user.certfile = None log_opt_values /usr/lib/python3/dist-packages/oslo_config/cfg.py:2609
2026-04-02 00:38:38.047 142933 DEBUG oslo_service.service [req-ca17f5dc-e811-405e-b4ef-feda61ffbe85 - - - - -] barbican_service_user.collect_timing = False log_opt_values /usr/lib/python3/dist-packages/oslo_config/cfg.py:2609
2026-04-02 00:38:38.047 142933 DEBUG oslo_service.service [req-ca17f5dc-e811-405e-b4ef-feda61ffbe85 - - - - -] barbican_service_user.insecure = False log_opt_values /usr/lib/python3/dist-packages/oslo_config/cfg.py:2609
2026-04-02 00:38:38.047 143779 DEBUG nova.service [req-7a7d92a7-5fc0-4b6a-b3e2-f546b194b011 - - - - -] Join ServiceGroup membership for this service scheduler start /usr/lib/python3/dist-packages/nova/service.py:199
2026-04-02 00:38:38.047 142933 DEBUG oslo_service.service [req-ca17f5dc-e811-405e-b4ef-feda61ffbe85 - - - - -] barbican_service_user.keyfile = None log_opt_values /usr/lib/python3/dist-packages/oslo_config/cfg.py:2609
2026-04-02 00:38:38.047 142933 DEBUG oslo_service.service [req-ca17f5dc-e811-405e-b4ef-feda61ffbe85 - - - - -] barbican_service_user.split_loggers = False log_opt_values /usr/lib/python3/dist-packages/oslo_config/cfg.py:2609
2026-04-02 00:38:38.047 143779 DEBUG nova.servicegroup.drivers.db [req-7a7d92a7-5fc0-4b6a-b3e2-f546b194b011 - - - - -] DB_Driver: join new ServiceGroup member juju-6f200b-0-lxd-7 to the scheduler group, service = join /usr/lib/python3/dist-packages/nova/servicegroup/drivers/db.py:44
2026-04-02 00:38:38.047 142933 DEBUG oslo_service.service [req-ca17f5dc-e811-405e-b4ef-feda61ffbe85 - - - - -] barbican_service_user.timeout = None log_opt_values /usr/lib/python3/dist-packages/oslo_config/cfg.py:2609
2026-04-02 00:38:38.047 142933 DEBUG oslo_service.service [req-ca17f5dc-e811-405e-b4ef-feda61ffbe85 - - - - -] vault.approle_role_id = None log_opt_values /usr/lib/python3/dist-packages/oslo_config/cfg.py:2609
2026-04-02 00:38:38.048 142933 DEBUG oslo_service.service [req-ca17f5dc-e811-405e-b4ef-feda61ffbe85 - - - - -] vault.approle_secret_id = None log_opt_values /usr/lib/python3/dist-packages/oslo_config/cfg.py:2609
2026-04-02 00:38:38.048 142933 DEBUG oslo_service.service [req-ca17f5dc-e811-405e-b4ef-feda61ffbe85 - - - - -] vault.cafile = None log_opt_values /usr/lib/python3/dist-packages/oslo_config/cfg.py:2609
2026-04-02 00:38:38.048 142933 DEBUG oslo_service.service [req-ca17f5dc-e811-405e-b4ef-feda61ffbe85 - - - - -] vault.certfile = None log_opt_values /usr/lib/python3/dist-packages/oslo_config/cfg.py:2609
2026-04-02 00:38:38.048 142933 DEBUG oslo_service.service [req-ca17f5dc-e811-405e-b4ef-feda61ffbe85 - - - - -] vault.collect_timing = False log_opt_values /usr/lib/python3/dist-packages/oslo_config/cfg.py:2609
2026-04-02 00:38:38.048 142933 DEBUG oslo_service.service [req-ca17f5dc-e811-405e-b4ef-feda61ffbe85 - - - - -] vault.insecure = False log_opt_values /usr/lib/python3/dist-packages/oslo_config/cfg.py:2609
2026-04-02 00:38:38.049 142933 DEBUG oslo_service.service [req-ca17f5dc-e811-405e-b4ef-feda61ffbe85 - - - - -] vault.keyfile = None log_opt_values /usr/lib/python3/dist-packages/oslo_config/cfg.py:2609
2026-04-02 00:38:38.049 142933 DEBUG oslo_service.service [req-ca17f5dc-e811-405e-b4ef-feda61ffbe85 - - - - -] vault.kv_mountpoint = secret log_opt_values /usr/lib/python3/dist-packages/oslo_config/cfg.py:2609
2026-04-02 00:38:38.049 142933 DEBUG oslo_service.service [req-ca17f5dc-e811-405e-b4ef-feda61ffbe85 - - - - -] vault.kv_version = 2 log_opt_values /usr/lib/python3/dist-packages/oslo_config/cfg.py:2609
2026-04-02 00:38:38.049 142933 DEBUG oslo_service.service [req-ca17f5dc-e811-405e-b4ef-feda61ffbe85 - - - - -] vault.namespace = None log_opt_values /usr/lib/python3/dist-packages/oslo_config/cfg.py:2609
2026-04-02 00:38:38.049 142933 DEBUG oslo_service.service [req-ca17f5dc-e811-405e-b4ef-feda61ffbe85 - - - - -] vault.root_token_id = None log_opt_values /usr/lib/python3/dist-packages/oslo_config/cfg.py:2609
2026-04-02 00:38:38.049 142933 DEBUG oslo_service.service [req-ca17f5dc-e811-405e-b4ef-feda61ffbe85 - - - - -] vault.split_loggers = False log_opt_values /usr/lib/python3/dist-packages/oslo_config/cfg.py:2609
2026-04-02 00:38:38.050 142933 DEBUG oslo_service.service [req-ca17f5dc-e811-405e-b4ef-feda61ffbe85 - - - - -] vault.ssl_ca_crt_file = None log_opt_values /usr/lib/python3/dist-packages/oslo_config/cfg.py:2609
2026-04-02 00:38:38.050 142933 DEBUG oslo_service.service [req-ca17f5dc-e811-405e-b4ef-feda61ffbe85 - - - - -] vault.timeout = None log_opt_values /usr/lib/python3/dist-packages/oslo_config/cfg.py:2609
2026-04-02 00:38:38.050 142933 DEBUG oslo_service.service [req-ca17f5dc-e811-405e-b4ef-feda61ffbe85 - - - - -] vault.use_ssl = False log_opt_values /usr/lib/python3/dist-packages/oslo_config/cfg.py:2609
2026-04-02 00:38:38.050 142933 DEBUG oslo_service.service [req-ca17f5dc-e811-405e-b4ef-feda61ffbe85 - - - - -] vault.vault_url = http://127.0.0.1:8200 log_opt_values /usr/lib/python3/dist-packages/oslo_config/cfg.py:2609
2026-04-02 00:38:38.050 143779 DEBUG oslo_messaging._drivers.amqpdriver [-] AMQPListener connection timeout poll /usr/lib/python3/dist-packages/oslo_messaging/_drivers/amqpdriver.py:360
2026-04-02 00:38:38.050 142933 DEBUG oslo_service.service [req-ca17f5dc-e811-405e-b4ef-feda61ffbe85 - - - - -] keystone.cafile = None log_opt_values /usr/lib/python3/dist-packages/oslo_config/cfg.py:2609
2026-04-02 00:38:38.050 143779 DEBUG oslo_messaging._drivers.amqpdriver [-] Listener is running poll /usr/lib/python3/dist-packages/oslo_messaging/_drivers/amqpdriver.py:343
2026-04-02 00:38:38.051 143779 DEBUG oslo_messaging._drivers.amqpdriver [-] AMQPListener connection consume poll /usr/lib/python3/dist-packages/oslo_messaging/_drivers/amqpdriver.py:357
2026-04-02 00:38:38.051 142933 DEBUG oslo_service.service [req-ca17f5dc-e811-405e-b4ef-feda61ffbe85 - - - - -] keystone.certfile = None log_opt_values /usr/lib/python3/dist-packages/oslo_config/cfg.py:2609
2026-04-02 00:38:38.051 142933 DEBUG oslo_service.service [req-ca17f5dc-e811-405e-b4ef-feda61ffbe85 - - - - -] keystone.collect_timing = False log_opt_values /usr/lib/python3/dist-packages/oslo_config/cfg.py:2609
2026-04-02 00:38:38.051 142933 DEBUG oslo_service.service [req-ca17f5dc-e811-405e-b4ef-feda61ffbe85 - - - - -] keystone.connect_retries = None log_opt_values /usr/lib/python3/dist-packages/oslo_config/cfg.py:2609
2026-04-02 00:38:38.051 142933 DEBUG oslo_service.service [req-ca17f5dc-e811-405e-b4ef-feda61ffbe85 - - - - -] keystone.connect_retry_delay = None log_opt_values /usr/lib/python3/dist-packages/oslo_config/cfg.py:2609
2026-04-02 00:38:38.051 142933 DEBUG oslo_service.service [req-ca17f5dc-e811-405e-b4ef-feda61ffbe85 - - - - -] keystone.endpoint_override = None log_opt_values /usr/lib/python3/dist-packages/oslo_config/cfg.py:2609
2026-04-02 00:38:38.051 142933 DEBUG oslo_service.service [req-ca17f5dc-e811-405e-b4ef-feda61ffbe85 - - - - -] keystone.insecure = False log_opt_values /usr/lib/python3/dist-packages/oslo_config/cfg.py:2609
2026-04-02 00:38:38.052 142933 DEBUG oslo_service.service [req-ca17f5dc-e811-405e-b4ef-feda61ffbe85 - - - - -] keystone.keyfile = None log_opt_values /usr/lib/python3/dist-packages/oslo_config/cfg.py:2609
2026-04-02 00:38:38.052 142933 DEBUG oslo_service.service [req-ca17f5dc-e811-405e-b4ef-feda61ffbe85 - - - - -] keystone.max_version = None log_opt_values /usr/lib/python3/dist-packages/oslo_config/cfg.py:2609
2026-04-02 00:38:38.052 142933 DEBUG oslo_service.service [req-ca17f5dc-e811-405e-b4ef-feda61ffbe85 - - - - -] keystone.min_version = None log_opt_values /usr/lib/python3/dist-packages/oslo_config/cfg.py:2609
2026-04-02 00:38:38.052 142933 DEBUG oslo_service.service [req-ca17f5dc-e811-405e-b4ef-feda61ffbe85 - - - - -] keystone.region_name = None log_opt_values /usr/lib/python3/dist-packages/oslo_config/cfg.py:2609
2026-04-02 00:38:38.052 142933 DEBUG oslo_service.service [req-ca17f5dc-e811-405e-b4ef-feda61ffbe85 - - - - -] keystone.service_name = None log_opt_values /usr/lib/python3/dist-packages/oslo_config/cfg.py:2609
2026-04-02 00:38:38.053 142933 DEBUG oslo_service.service [req-ca17f5dc-e811-405e-b4ef-feda61ffbe85 - - - - -] keystone.service_type = identity log_opt_values /usr/lib/python3/dist-packages/oslo_config/cfg.py:2609
2026-04-02 00:38:38.053 142933 DEBUG oslo_service.service [req-ca17f5dc-e811-405e-b4ef-feda61ffbe85 - - - - -] keystone.split_loggers = False log_opt_values /usr/lib/python3/dist-packages/oslo_config/cfg.py:2609
2026-04-02 00:38:38.053 142933 DEBUG oslo_service.service [req-ca17f5dc-e811-405e-b4ef-feda61ffbe85 - - - - -] keystone.status_code_retries = None log_opt_values /usr/lib/python3/dist-packages/oslo_config/cfg.py:2609
2026-04-02 00:38:38.053 142933 DEBUG oslo_service.service [req-ca17f5dc-e811-405e-b4ef-feda61ffbe85 - - - - -] keystone.status_code_retry_delay = None log_opt_values /usr/lib/python3/dist-packages/oslo_config/cfg.py:2609
2026-04-02 00:38:38.053 142933 DEBUG oslo_service.service [req-ca17f5dc-e811-405e-b4ef-feda61ffbe85 - - - - -] keystone.timeout = None log_opt_values /usr/lib/python3/dist-packages/oslo_config/cfg.py:2609
2026-04-02 00:38:38.053 142933 DEBUG oslo_service.service [req-ca17f5dc-e811-405e-b4ef-feda61ffbe85 - - - - -] keystone.valid_interfaces = ['internal', 'public'] log_opt_values /usr/lib/python3/dist-packages/oslo_config/cfg.py:2609
2026-04-02 00:38:38.054 142933 DEBUG oslo_service.service [req-ca17f5dc-e811-405e-b4ef-feda61ffbe85 - - - - -] keystone.version = None log_opt_values /usr/lib/python3/dist-packages/oslo_config/cfg.py:2609
2026-04-02 00:38:38.054 142933 DEBUG oslo_service.service [req-ca17f5dc-e811-405e-b4ef-feda61ffbe85 - - - - -] libvirt.connection_uri = log_opt_values /usr/lib/python3/dist-packages/oslo_config/cfg.py:2609
2026-04-02 00:38:38.054 142933 DEBUG oslo_service.service [req-ca17f5dc-e811-405e-b4ef-feda61ffbe85 - - - - -] libvirt.cpu_mode = None log_opt_values /usr/lib/python3/dist-packages/oslo_config/cfg.py:2609
2026-04-02 00:38:38.054 142933 DEBUG oslo_service.service [req-ca17f5dc-e811-405e-b4ef-feda61ffbe85 - - - - -] libvirt.cpu_model_extra_flags = [] log_opt_values /usr/lib/python3/dist-packages/oslo_config/cfg.py:2609
2026-04-02 00:38:38.055 142933 DEBUG oslo_service.service [req-ca17f5dc-e811-405e-b4ef-feda61ffbe85 - - - - -] libvirt.cpu_models = [] log_opt_values /usr/lib/python3/dist-packages/oslo_config/cfg.py:2609
2026-04-02 00:38:38.055 142933 DEBUG oslo_service.service [req-ca17f5dc-e811-405e-b4ef-feda61ffbe85 - - - - -] libvirt.device_detach_attempts = 8 log_opt_values /usr/lib/python3/dist-packages/oslo_config/cfg.py:2609
2026-04-02 00:38:38.055 142933 DEBUG oslo_service.service [req-ca17f5dc-e811-405e-b4ef-feda61ffbe85 - - - - -] libvirt.device_detach_timeout = 20 log_opt_values /usr/lib/python3/dist-packages/oslo_config/cfg.py:2609
2026-04-02 00:38:38.055 142933 DEBUG oslo_service.service [req-ca17f5dc-e811-405e-b4ef-feda61ffbe85 - - - - -] libvirt.disk_cachemodes = [] log_opt_values /usr/lib/python3/dist-packages/oslo_config/cfg.py:2609
2026-04-02 00:38:38.055 142933 DEBUG oslo_service.service [req-ca17f5dc-e811-405e-b4ef-feda61ffbe85 - - - - -] libvirt.disk_prefix = None log_opt_values /usr/lib/python3/dist-packages/oslo_config/cfg.py:2609
2026-04-02 00:38:38.055 142933 DEBUG oslo_service.service [req-ca17f5dc-e811-405e-b4ef-feda61ffbe85 - - - - -] libvirt.enabled_perf_events = [] log_opt_values /usr/lib/python3/dist-packages/oslo_config/cfg.py:2609
2026-04-02 00:38:38.056 142933 DEBUG oslo_service.service [req-ca17f5dc-e811-405e-b4ef-feda61ffbe85 - - - - -] libvirt.file_backed_memory = 0 log_opt_values /usr/lib/python3/dist-packages/oslo_config/cfg.py:2609
2026-04-02 00:38:38.056 142933 DEBUG oslo_service.service [req-ca17f5dc-e811-405e-b4ef-feda61ffbe85 - - - - -] libvirt.gid_maps = [] log_opt_values /usr/lib/python3/dist-packages/oslo_config/cfg.py:2609
2026-04-02 00:38:38.056 142933 DEBUG oslo_service.service [req-ca17f5dc-e811-405e-b4ef-feda61ffbe85 - - - - -] libvirt.hw_disk_discard = None log_opt_values /usr/lib/python3/dist-packages/oslo_config/cfg.py:2609
2026-04-02 00:38:38.056 142933 DEBUG oslo_service.service [req-ca17f5dc-e811-405e-b4ef-feda61ffbe85 - - - - -] libvirt.hw_machine_type = None log_opt_values /usr/lib/python3/dist-packages/oslo_config/cfg.py:2609
2026-04-02 00:38:38.056 142933 DEBUG oslo_service.service [req-ca17f5dc-e811-405e-b4ef-feda61ffbe85 - - - - -] libvirt.images_rbd_ceph_conf = log_opt_values /usr/lib/python3/dist-packages/oslo_config/cfg.py:2609
2026-04-02 00:38:38.057 142933 DEBUG oslo_service.service [req-ca17f5dc-e811-405e-b4ef-feda61ffbe85 - - - - -] libvirt.images_rbd_glance_copy_poll_interval = 15 log_opt_values /usr/lib/python3/dist-packages/oslo_config/cfg.py:2609
2026-04-02 00:38:38.057 142933 DEBUG oslo_service.service [req-ca17f5dc-e811-405e-b4ef-feda61ffbe85 - - - - -] libvirt.images_rbd_glance_copy_timeout = 600 log_opt_values /usr/lib/python3/dist-packages/oslo_config/cfg.py:2609
2026-04-02 00:38:38.057 142933 DEBUG oslo_service.service [req-ca17f5dc-e811-405e-b4ef-feda61ffbe85 - - - - -] libvirt.images_rbd_glance_store_name = log_opt_values /usr/lib/python3/dist-packages/oslo_config/cfg.py:2609
2026-04-02 00:38:38.057 142933 DEBUG oslo_service.service [req-ca17f5dc-e811-405e-b4ef-feda61ffbe85 - - - - -] libvirt.images_rbd_pool = rbd log_opt_values /usr/lib/python3/dist-packages/oslo_config/cfg.py:2609
2026-04-02 00:38:38.057 142933 DEBUG oslo_service.service [req-ca17f5dc-e811-405e-b4ef-feda61ffbe85 - - - - -] libvirt.images_type = default log_opt_values /usr/lib/python3/dist-packages/oslo_config/cfg.py:2609
2026-04-02 00:38:38.058 142933 DEBUG oslo_service.service [req-ca17f5dc-e811-405e-b4ef-feda61ffbe85 - - - - -] libvirt.images_volume_group = None log_opt_values /usr/lib/python3/dist-packages/oslo_config/cfg.py:2609
2026-04-02 00:38:38.058 142933 DEBUG oslo_service.service [req-ca17f5dc-e811-405e-b4ef-feda61ffbe85 - - - - -] libvirt.inject_key = False log_opt_values /usr/lib/python3/dist-packages/oslo_config/cfg.py:2609
2026-04-02 00:38:38.058 142933 DEBUG oslo_service.service [req-ca17f5dc-e811-405e-b4ef-feda61ffbe85 - - - - -] libvirt.inject_partition = -2 log_opt_values /usr/lib/python3/dist-packages/oslo_config/cfg.py:2609
2026-04-02 00:38:38.058 142933 DEBUG oslo_service.service [req-ca17f5dc-e811-405e-b4ef-feda61ffbe85 - - - - -] libvirt.inject_password = False log_opt_values /usr/lib/python3/dist-packages/oslo_config/cfg.py:2609
2026-04-02 00:38:38.058 142933 DEBUG oslo_service.service [req-ca17f5dc-e811-405e-b4ef-feda61ffbe85 - - - - -] libvirt.iscsi_iface = None log_opt_values /usr/lib/python3/dist-packages/oslo_config/cfg.py:2609
2026-04-02 00:38:38.059 142933 DEBUG oslo_service.service [req-ca17f5dc-e811-405e-b4ef-feda61ffbe85 - - - - -] libvirt.iser_use_multipath = False log_opt_values /usr/lib/python3/dist-packages/oslo_config/cfg.py:2609
2026-04-02 00:38:38.059 142933 DEBUG oslo_service.service [req-ca17f5dc-e811-405e-b4ef-feda61ffbe85 - - - - -] libvirt.live_migration_bandwidth = 0 log_opt_values /usr/lib/python3/dist-packages/oslo_config/cfg.py:2609
2026-04-02 00:38:38.059 142933 DEBUG oslo_service.service [req-ca17f5dc-e811-405e-b4ef-feda61ffbe85 - - - - -] libvirt.live_migration_completion_timeout = 800 log_opt_values /usr/lib/python3/dist-packages/oslo_config/cfg.py:2609
2026-04-02 00:38:38.059 142933 DEBUG oslo_service.service [req-ca17f5dc-e811-405e-b4ef-feda61ffbe85 - - - - -] libvirt.live_migration_downtime = 500 log_opt_values /usr/lib/python3/dist-packages/oslo_config/cfg.py:2609
2026-04-02 00:38:38.059 142933 DEBUG oslo_service.service [req-ca17f5dc-e811-405e-b4ef-feda61ffbe85 - - - - -] libvirt.live_migration_downtime_delay = 75 log_opt_values /usr/lib/python3/dist-packages/oslo_config/cfg.py:2609
2026-04-02 00:38:38.060 142933 DEBUG oslo_service.service [req-ca17f5dc-e811-405e-b4ef-feda61ffbe85 - - - - -] libvirt.live_migration_downtime_steps = 10 log_opt_values /usr/lib/python3/dist-packages/oslo_config/cfg.py:2609
2026-04-02 00:38:38.060 142933 DEBUG oslo_service.service [req-ca17f5dc-e811-405e-b4ef-feda61ffbe85 - - - - -] libvirt.live_migration_inbound_addr = None log_opt_values /usr/lib/python3/dist-packages/oslo_config/cfg.py:2609
2026-04-02 00:38:38.060 142933 DEBUG oslo_service.service [req-ca17f5dc-e811-405e-b4ef-feda61ffbe85 - - - - -] libvirt.live_migration_permit_auto_converge = False log_opt_values /usr/lib/python3/dist-packages/oslo_config/cfg.py:2609
2026-04-02 00:38:38.060 142933 DEBUG oslo_service.service [req-ca17f5dc-e811-405e-b4ef-feda61ffbe85 - - - - -] libvirt.live_migration_permit_post_copy = False log_opt_values /usr/lib/python3/dist-packages/oslo_config/cfg.py:2609
2026-04-02 00:38:38.060 142933 DEBUG oslo_service.service [req-ca17f5dc-e811-405e-b4ef-feda61ffbe85 - - - - -] libvirt.live_migration_scheme = None log_opt_values /usr/lib/python3/dist-packages/oslo_config/cfg.py:2609
2026-04-02 00:38:38.060 142933 DEBUG oslo_service.service [req-ca17f5dc-e811-405e-b4ef-feda61ffbe85 - - - - -] libvirt.live_migration_timeout_action = abort log_opt_values /usr/lib/python3/dist-packages/oslo_config/cfg.py:2609
2026-04-02 00:38:38.061 142933 DEBUG oslo_service.service [req-ca17f5dc-e811-405e-b4ef-feda61ffbe85 - - - - -] libvirt.live_migration_tunnelled = False log_opt_values /usr/lib/python3/dist-packages/oslo_config/cfg.py:2609
2026-04-02 00:38:38.061 142933 DEBUG oslo_service.service [req-ca17f5dc-e811-405e-b4ef-feda61ffbe85 - - - - -] libvirt.live_migration_uri = None log_opt_values /usr/lib/python3/dist-packages/oslo_config/cfg.py:2609
2026-04-02 00:38:38.061 142933 DEBUG oslo_service.service [req-ca17f5dc-e811-405e-b4ef-feda61ffbe85 - - - - -] libvirt.live_migration_with_native_tls = False log_opt_values /usr/lib/python3/dist-packages/oslo_config/cfg.py:2609
2026-04-02 00:38:38.061 142933 DEBUG oslo_service.service [req-ca17f5dc-e811-405e-b4ef-feda61ffbe85 - - - - -] libvirt.max_queues = None log_opt_values /usr/lib/python3/dist-packages/oslo_config/cfg.py:2609
2026-04-02 00:38:38.061 142933 DEBUG oslo_service.service [req-ca17f5dc-e811-405e-b4ef-feda61ffbe85 - - - - -] libvirt.mem_stats_period_seconds = 10 log_opt_values /usr/lib/python3/dist-packages/oslo_config/cfg.py:2609
2026-04-02 00:38:38.063 142933 DEBUG oslo_service.service [req-ca17f5dc-e811-405e-b4ef-feda61ffbe85 - - - - -] libvirt.nfs_mount_options = None log_opt_values /usr/lib/python3/dist-packages/oslo_config/cfg.py:2609
2026-04-02 00:38:38.063 142933 DEBUG oslo_service.service [req-ca17f5dc-e811-405e-b4ef-feda61ffbe85 - - - - -] libvirt.nfs_mount_point_base = /var/lib/nova/mnt log_opt_values /usr/lib/python3/dist-packages/oslo_config/cfg.py:2609
2026-04-02 00:38:38.063 142933 DEBUG oslo_service.service [req-ca17f5dc-e811-405e-b4ef-feda61ffbe85 - - - - -] libvirt.num_aoe_discover_tries = 3 log_opt_values /usr/lib/python3/dist-packages/oslo_config/cfg.py:2609
2026-04-02 00:38:38.063 142933 DEBUG oslo_service.service [req-ca17f5dc-e811-405e-b4ef-feda61ffbe85 - - - - -] libvirt.num_iser_scan_tries = 5 log_opt_values /usr/lib/python3/dist-packages/oslo_config/cfg.py:2609
2026-04-02 00:38:38.064 142933 DEBUG oslo_service.service [req-ca17f5dc-e811-405e-b4ef-feda61ffbe85 - - - - -] libvirt.num_memory_encrypted_guests = None log_opt_values /usr/lib/python3/dist-packages/oslo_config/cfg.py:2609
2026-04-02 00:38:38.064 142933 DEBUG oslo_service.service [req-ca17f5dc-e811-405e-b4ef-feda61ffbe85 - - - - -] libvirt.num_nvme_discover_tries = 5 log_opt_values /usr/lib/python3/dist-packages/oslo_config/cfg.py:2609
2026-04-02 00:38:38.064 142933 DEBUG oslo_service.service [req-ca17f5dc-e811-405e-b4ef-feda61ffbe85 - - - - -] libvirt.num_pcie_ports = 0 log_opt_values /usr/lib/python3/dist-packages/oslo_config/cfg.py:2609
2026-04-02 00:38:38.064 142933 DEBUG oslo_service.service [req-ca17f5dc-e811-405e-b4ef-feda61ffbe85 - - - - -] libvirt.num_volume_scan_tries = 5 log_opt_values /usr/lib/python3/dist-packages/oslo_config/cfg.py:2609
2026-04-02 00:38:38.064 142933 DEBUG oslo_service.service [req-ca17f5dc-e811-405e-b4ef-feda61ffbe85 - - - - -] libvirt.pmem_namespaces = [] log_opt_values /usr/lib/python3/dist-packages/oslo_config/cfg.py:2609
2026-04-02 00:38:38.065 142933 DEBUG oslo_service.service [req-ca17f5dc-e811-405e-b4ef-feda61ffbe85 - - - - -] libvirt.quobyte_client_cfg = None log_opt_values /usr/lib/python3/dist-packages/oslo_config/cfg.py:2609
2026-04-02 00:38:38.065 142933 DEBUG oslo_service.service [req-ca17f5dc-e811-405e-b4ef-feda61ffbe85 - - - - -] libvirt.quobyte_mount_point_base = /var/lib/nova/mnt log_opt_values /usr/lib/python3/dist-packages/oslo_config/cfg.py:2609
2026-04-02 00:38:38.066 142933 DEBUG oslo_service.service [req-ca17f5dc-e811-405e-b4ef-feda61ffbe85 - - - - -] libvirt.rbd_connect_timeout = 5 log_opt_values /usr/lib/python3/dist-packages/oslo_config/cfg.py:2609
2026-04-02 00:38:38.066 142933 DEBUG oslo_service.service [req-ca17f5dc-e811-405e-b4ef-feda61ffbe85 - - - - -] libvirt.rbd_destroy_volume_retries = 12 log_opt_values /usr/lib/python3/dist-packages/oslo_config/cfg.py:2609
2026-04-02 00:38:38.066 142933 DEBUG oslo_service.service [req-ca17f5dc-e811-405e-b4ef-feda61ffbe85 - - - - -] libvirt.rbd_destroy_volume_retry_interval = 5 log_opt_values /usr/lib/python3/dist-packages/oslo_config/cfg.py:2609
2026-04-02 00:38:38.067 142933 DEBUG oslo_service.service [req-ca17f5dc-e811-405e-b4ef-feda61ffbe85 - - - - -] libvirt.rbd_secret_uuid = None log_opt_values /usr/lib/python3/dist-packages/oslo_config/cfg.py:2609
2026-04-02 00:38:38.067 142933 DEBUG oslo_service.service [req-ca17f5dc-e811-405e-b4ef-feda61ffbe85 - - - - -] libvirt.rbd_user = None log_opt_values /usr/lib/python3/dist-packages/oslo_config/cfg.py:2609
2026-04-02 00:38:38.067 142933 DEBUG oslo_service.service [req-ca17f5dc-e811-405e-b4ef-feda61ffbe85 - - - - -] libvirt.realtime_scheduler_priority = 1 log_opt_values /usr/lib/python3/dist-packages/oslo_config/cfg.py:2609
2026-04-02 00:38:38.067 142933 DEBUG oslo_service.service [req-ca17f5dc-e811-405e-b4ef-feda61ffbe85 - - - - -] libvirt.remote_filesystem_transport = ssh log_opt_values /usr/lib/python3/dist-packages/oslo_config/cfg.py:2609
2026-04-02 00:38:38.068 142933 DEBUG oslo_service.service [req-ca17f5dc-e811-405e-b4ef-feda61ffbe85 - - - - -] libvirt.rescue_image_id = None log_opt_values /usr/lib/python3/dist-packages/oslo_config/cfg.py:2609
2026-04-02 00:38:38.068 142933 DEBUG oslo_service.service [req-ca17f5dc-e811-405e-b4ef-feda61ffbe85 - - - - -] libvirt.rescue_kernel_id = None log_opt_values /usr/lib/python3/dist-packages/oslo_config/cfg.py:2609
2026-04-02 00:38:38.068 142933 DEBUG oslo_service.service [req-ca17f5dc-e811-405e-b4ef-feda61ffbe85 - - - - -] libvirt.rescue_ramdisk_id = None log_opt_values /usr/lib/python3/dist-packages/oslo_config/cfg.py:2609
2026-04-02 00:38:38.069 142933 DEBUG oslo_service.service [req-ca17f5dc-e811-405e-b4ef-feda61ffbe85 - - - - -] libvirt.rng_dev_path = /dev/urandom log_opt_values /usr/lib/python3/dist-packages/oslo_config/cfg.py:2609
2026-04-02 00:38:38.069 142933 DEBUG oslo_service.service [req-ca17f5dc-e811-405e-b4ef-feda61ffbe85 - - - - -] libvirt.rx_queue_size = None log_opt_values /usr/lib/python3/dist-packages/oslo_config/cfg.py:2609
2026-04-02 00:38:38.069 142933 DEBUG oslo_service.service [req-ca17f5dc-e811-405e-b4ef-feda61ffbe85 - - - - -] libvirt.smbfs_mount_options = log_opt_values /usr/lib/python3/dist-packages/oslo_config/cfg.py:2609
2026-04-02 00:38:38.069 143787 DEBUG oslo_messaging._drivers.amqpdriver [-] Listener is running poll /usr/lib/python3/dist-packages/oslo_messaging/_drivers/amqpdriver.py:343
2026-04-02 00:38:38.070 142933 DEBUG oslo_service.service [req-ca17f5dc-e811-405e-b4ef-feda61ffbe85 - - - - -] libvirt.smbfs_mount_point_base = /var/lib/nova/mnt log_opt_values /usr/lib/python3/dist-packages/oslo_config/cfg.py:2609
2026-04-02 00:38:38.070 143787 DEBUG oslo_messaging._drivers.amqpdriver [-] AMQPListener connection consume poll /usr/lib/python3/dist-packages/oslo_messaging/_drivers/amqpdriver.py:357
2026-04-02 00:38:38.070 142933 DEBUG oslo_service.service [req-ca17f5dc-e811-405e-b4ef-feda61ffbe85 - - - - -] libvirt.snapshot_compression = False log_opt_values /usr/lib/python3/dist-packages/oslo_config/cfg.py:2609
2026-04-02 00:38:38.070 142933 DEBUG oslo_service.service [req-ca17f5dc-e811-405e-b4ef-feda61ffbe85 - - - - -] libvirt.snapshot_image_format = None log_opt_values /usr/lib/python3/dist-packages/oslo_config/cfg.py:2609
2026-04-02 00:38:38.070 142933 DEBUG oslo_service.service [req-ca17f5dc-e811-405e-b4ef-feda61ffbe85 - - - - -] libvirt.snapshots_directory = /var/lib/nova/instances/snapshots log_opt_values /usr/lib/python3/dist-packages/oslo_config/cfg.py:2609
2026-04-02 00:38:38.071 142933 DEBUG oslo_service.service [req-ca17f5dc-e811-405e-b4ef-feda61ffbe85 - - - - -] libvirt.sparse_logical_volumes = False log_opt_values /usr/lib/python3/dist-packages/oslo_config/cfg.py:2609
2026-04-02 00:38:38.072 142933 DEBUG oslo_service.service [req-ca17f5dc-e811-405e-b4ef-feda61ffbe85 - - - - -] libvirt.swtpm_enabled = False log_opt_values /usr/lib/python3/dist-packages/oslo_config/cfg.py:2609
2026-04-02 00:38:38.072 142933 DEBUG oslo_service.service [req-ca17f5dc-e811-405e-b4ef-feda61ffbe85 - - - - -] libvirt.swtpm_group = tss log_opt_values /usr/lib/python3/dist-packages/oslo_config/cfg.py:2609
2026-04-02 00:38:38.072 142933 DEBUG oslo_service.service [req-ca17f5dc-e811-405e-b4ef-feda61ffbe85 - - - - -] libvirt.swtpm_user = tss log_opt_values /usr/lib/python3/dist-packages/oslo_config/cfg.py:2609
2026-04-02 00:38:38.071 143787 DEBUG nova.service [req-5c84845e-c5eb-4a7a-a293-4704a0f425c6 - - - - -] Join ServiceGroup membership for this service scheduler start /usr/lib/python3/dist-packages/nova/service.py:199
2026-04-02 00:38:38.072 143787 DEBUG nova.servicegroup.drivers.db [req-5c84845e-c5eb-4a7a-a293-4704a0f425c6 - - - - -] DB_Driver: join new ServiceGroup member juju-6f200b-0-lxd-7 to the scheduler group, service = join /usr/lib/python3/dist-packages/nova/servicegroup/drivers/db.py:44
2026-04-02 00:38:38.072 142933 DEBUG oslo_service.service [req-ca17f5dc-e811-405e-b4ef-feda61ffbe85 - - - - -] libvirt.sysinfo_serial = unique log_opt_values /usr/lib/python3/dist-packages/oslo_config/cfg.py:2609
2026-04-02 00:38:38.073 142933 DEBUG oslo_service.service [req-ca17f5dc-e811-405e-b4ef-feda61ffbe85 - - - - -] libvirt.tx_queue_size = None log_opt_values /usr/lib/python3/dist-packages/oslo_config/cfg.py:2609
2026-04-02 00:38:38.074 142933 DEBUG oslo_service.service [req-ca17f5dc-e811-405e-b4ef-feda61ffbe85 - - - - -] libvirt.uid_maps = [] log_opt_values /usr/lib/python3/dist-packages/oslo_config/cfg.py:2609
2026-04-02 00:38:38.074 142933 DEBUG oslo_service.service [req-ca17f5dc-e811-405e-b4ef-feda61ffbe85 - - - - -] libvirt.use_virtio_for_bridges = True log_opt_values /usr/lib/python3/dist-packages/oslo_config/cfg.py:2609
