2026-04-02 01:43:27.564 69433 DEBUG oslo_service.service [-] eventlet_opts.wsgi_keep_alive = True log_opt_values /usr/lib/python3/dist-packages/oslo_config/cfg.py:2609
2026-04-02 01:43:27.564 69433 DEBUG oslo_service.service [-] paste_deploy.api_paste_config = /etc/heat/api-paste.ini log_opt_values /usr/lib/python3/dist-packages/oslo_config/cfg.py:2609
2026-04-02 01:43:27.564 69433 DEBUG oslo_service.service [-] paste_deploy.flavor = None log_opt_values /usr/lib/python3/dist-packages/oslo_config/cfg.py:2609
2026-04-02 01:43:27.564 69433 DEBUG oslo_service.service [-] auth_password.allowed_auth_uris = [] log_opt_values /usr/lib/python3/dist-packages/oslo_config/cfg.py:2609
2026-04-02 01:43:27.566 69433 DEBUG oslo_service.service [-] auth_password.multi_cloud = False log_opt_values /usr/lib/python3/dist-packages/oslo_config/cfg.py:2609
2026-04-02 01:43:27.566 69433 DEBUG oslo_service.service [-] revision.heat_revision = unknown log_opt_values /usr/lib/python3/dist-packages/oslo_config/cfg.py:2609
2026-04-02 01:43:27.566 69433 DEBUG oslo_service.service [-] volumes.backups_enabled = True log_opt_values /usr/lib/python3/dist-packages/oslo_config/cfg.py:2609
2026-04-02 01:43:27.566 69433 DEBUG oslo_service.service [-] noauth.token_response = log_opt_values /usr/lib/python3/dist-packages/oslo_config/cfg.py:2609
2026-04-02 01:43:27.567 69433 DEBUG oslo_service.service [-] clients.ca_file = None log_opt_values /usr/lib/python3/dist-packages/oslo_config/cfg.py:2609
2026-04-02 01:43:27.567 69433 DEBUG oslo_service.service [-] clients.cert_file = None log_opt_values /usr/lib/python3/dist-packages/oslo_config/cfg.py:2609
2026-04-02 01:43:27.567 69433 DEBUG oslo_service.service [-] clients.endpoint_type = publicURL log_opt_values /usr/lib/python3/dist-packages/oslo_config/cfg.py:2609
2026-04-02 01:43:27.567 69433 DEBUG oslo_service.service [-] clients.insecure = False log_opt_values /usr/lib/python3/dist-packages/oslo_config/cfg.py:2609
2026-04-02 01:43:27.567 69433 DEBUG oslo_service.service [-] clients.key_file = None log_opt_values /usr/lib/python3/dist-packages/oslo_config/cfg.py:2609
2026-04-02 01:43:27.567 69433 DEBUG oslo_service.service [-] clients_aodh.ca_file = None log_opt_values /usr/lib/python3/dist-packages/oslo_config/cfg.py:2609
2026-04-02 01:43:27.568 69433 DEBUG oslo_service.service [-] clients_aodh.cert_file = None log_opt_values /usr/lib/python3/dist-packages/oslo_config/cfg.py:2609
2026-04-02 01:43:27.568 69433 DEBUG oslo_service.service [-] clients_aodh.endpoint_type = None log_opt_values /usr/lib/python3/dist-packages/oslo_config/cfg.py:2609
2026-04-02 01:43:27.568 69433 DEBUG oslo_service.service [-] clients_aodh.insecure = None log_opt_values /usr/lib/python3/dist-packages/oslo_config/cfg.py:2609
2026-04-02 01:43:27.568 69433 DEBUG oslo_service.service [-] clients_aodh.key_file = None log_opt_values /usr/lib/python3/dist-packages/oslo_config/cfg.py:2609
2026-04-02 01:43:27.568 69433 DEBUG oslo_service.service [-] clients_barbican.ca_file = None log_opt_values /usr/lib/python3/dist-packages/oslo_config/cfg.py:2609
2026-04-02 01:43:27.568 69433 DEBUG oslo_service.service [-] clients_barbican.cert_file = None log_opt_values /usr/lib/python3/dist-packages/oslo_config/cfg.py:2609
2026-04-02 01:43:27.568 69433 DEBUG oslo_service.service [-] clients_barbican.endpoint_type = None log_opt_values /usr/lib/python3/dist-packages/oslo_config/cfg.py:2609
2026-04-02 01:43:27.569 69433 DEBUG oslo_service.service [-] clients_barbican.insecure = None log_opt_values /usr/lib/python3/dist-packages/oslo_config/cfg.py:2609
2026-04-02 01:43:27.569 69433 DEBUG oslo_service.service [-] clients_barbican.key_file = None log_opt_values /usr/lib/python3/dist-packages/oslo_config/cfg.py:2609
2026-04-02 01:43:27.569 69433 DEBUG oslo_service.service [-] clients_cinder.ca_file = None log_opt_values /usr/lib/python3/dist-packages/oslo_config/cfg.py:2609
2026-04-02 01:43:27.569 69433 DEBUG oslo_service.service [-] clients_cinder.cert_file = None log_opt_values /usr/lib/python3/dist-packages/oslo_config/cfg.py:2609
2026-04-02 01:43:27.569 69433 DEBUG oslo_service.service [-] clients_cinder.endpoint_type = None log_opt_values /usr/lib/python3/dist-packages/oslo_config/cfg.py:2609
2026-04-02 01:43:27.570 69433 DEBUG oslo_service.service [-] clients_cinder.http_log_debug = False log_opt_values /usr/lib/python3/dist-packages/oslo_config/cfg.py:2609
2026-04-02 01:43:27.570 69433 DEBUG oslo_service.service [-] clients_cinder.insecure = None log_opt_values /usr/lib/python3/dist-packages/oslo_config/cfg.py:2609
2026-04-02 01:43:27.570 69433 DEBUG oslo_service.service [-] clients_cinder.key_file = None log_opt_values /usr/lib/python3/dist-packages/oslo_config/cfg.py:2609
2026-04-02 01:43:27.570 69433 DEBUG oslo_service.service [-] clients_designate.ca_file = None log_opt_values /usr/lib/python3/dist-packages/oslo_config/cfg.py:2609
2026-04-02 01:43:27.570 69433 DEBUG oslo_service.service [-] clients_designate.cert_file = None log_opt_values /usr/lib/python3/dist-packages/oslo_config/cfg.py:2609
2026-04-02 01:43:27.571 69433 DEBUG oslo_service.service [-] clients_designate.endpoint_type = None log_opt_values /usr/lib/python3/dist-packages/oslo_config/cfg.py:2609
2026-04-02 01:43:27.571 69433 DEBUG oslo_service.service [-] clients_designate.insecure = None log_opt_values /usr/lib/python3/dist-packages/oslo_config/cfg.py:2609
2026-04-02 01:43:27.571 69433 DEBUG oslo_service.service [-] clients_designate.key_file = None log_opt_values /usr/lib/python3/dist-packages/oslo_config/cfg.py:2609
2026-04-02 01:43:27.571 69433 DEBUG oslo_service.service [-] clients_glance.ca_file = None log_opt_values /usr/lib/python3/dist-packages/oslo_config/cfg.py:2609
2026-04-02 01:43:27.572 69433 DEBUG oslo_service.service [-] clients_glance.cert_file = None log_opt_values /usr/lib/python3/dist-packages/oslo_config/cfg.py:2609
2026-04-02 01:43:27.572 69433 DEBUG oslo_service.service [-] clients_glance.endpoint_type = None log_opt_values /usr/lib/python3/dist-packages/oslo_config/cfg.py:2609
2026-04-02 01:43:27.572 69433 DEBUG oslo_service.service [-] clients_glance.insecure = None log_opt_values /usr/lib/python3/dist-packages/oslo_config/cfg.py:2609
2026-04-02 01:43:27.572 69433 DEBUG oslo_service.service [-] clients_glance.key_file = None log_opt_values /usr/lib/python3/dist-packages/oslo_config/cfg.py:2609
2026-04-02 01:43:27.573 69433 DEBUG oslo_service.service [-] clients_heat.ca_file = None log_opt_values /usr/lib/python3/dist-packages/oslo_config/cfg.py:2609
2026-04-02 01:43:27.573 69433 DEBUG oslo_service.service [-] clients_heat.cert_file = None log_opt_values /usr/lib/python3/dist-packages/oslo_config/cfg.py:2609
2026-04-02 01:43:27.573 69433 DEBUG oslo_service.service [-] clients_heat.endpoint_type = None log_opt_values /usr/lib/python3/dist-packages/oslo_config/cfg.py:2609
2026-04-02 01:43:27.573 69433 DEBUG oslo_service.service [-] clients_heat.insecure = None log_opt_values /usr/lib/python3/dist-packages/oslo_config/cfg.py:2609
2026-04-02 01:43:27.573 69433 DEBUG oslo_service.service [-] clients_heat.key_file = None log_opt_values /usr/lib/python3/dist-packages/oslo_config/cfg.py:2609
2026-04-02 01:43:27.573 69433 DEBUG oslo_service.service [-] clients_heat.url = log_opt_values /usr/lib/python3/dist-packages/oslo_config/cfg.py:2609
2026-04-02 01:43:27.574 69433 DEBUG oslo_service.service [-] clients_keystone.auth_uri = http://252.41.11.116:5050 log_opt_values /usr/lib/python3/dist-packages/oslo_config/cfg.py:2609
2026-04-02 01:43:27.575 69433 DEBUG oslo_service.service [-] clients_keystone.ca_file = None log_opt_values /usr/lib/python3/dist-packages/oslo_config/cfg.py:2609
2026-04-02 01:43:27.575 69433 DEBUG oslo_service.service [-] clients_keystone.cert_file = None log_opt_values /usr/lib/python3/dist-packages/oslo_config/cfg.py:2609
2026-04-02 01:43:27.575 69433 DEBUG oslo_service.service [-] clients_keystone.endpoint_type = None log_opt_values /usr/lib/python3/dist-packages/oslo_config/cfg.py:2609
2026-04-02 01:43:27.575 69433 DEBUG oslo_service.service [-] clients_keystone.insecure = None log_opt_values /usr/lib/python3/dist-packages/oslo_config/cfg.py:2609
2026-04-02 01:43:27.575 69433 DEBUG oslo_service.service [-] clients_keystone.key_file = None log_opt_values /usr/lib/python3/dist-packages/oslo_config/cfg.py:2609
2026-04-02 01:43:27.576 69433 DEBUG oslo_service.service [-] clients_magnum.ca_file = None log_opt_values /usr/lib/python3/dist-packages/oslo_config/cfg.py:2609
2026-04-02 01:43:27.576 69433 DEBUG oslo_service.service [-] clients_magnum.cert_file = None log_opt_values /usr/lib/python3/dist-packages/oslo_config/cfg.py:2609
2026-04-02 01:43:27.576 69433 DEBUG oslo_service.service [-] clients_magnum.endpoint_type = None log_opt_values /usr/lib/python3/dist-packages/oslo_config/cfg.py:2609
2026-04-02 01:43:27.576 69433 DEBUG oslo_service.service [-] clients_magnum.insecure = None log_opt_values /usr/lib/python3/dist-packages/oslo_config/cfg.py:2609
2026-04-02 01:43:27.576 69433 DEBUG oslo_service.service [-] clients_magnum.key_file = None log_opt_values /usr/lib/python3/dist-packages/oslo_config/cfg.py:2609
2026-04-02 01:43:27.576 69433 DEBUG oslo_service.service [-] clients_manila.ca_file = None log_opt_values /usr/lib/python3/dist-packages/oslo_config/cfg.py:2609
2026-04-02 01:43:27.577 69433 DEBUG oslo_service.service [-] clients_manila.cert_file = None log_opt_values /usr/lib/python3/dist-packages/oslo_config/cfg.py:2609
2026-04-02 01:43:27.577 69433 DEBUG oslo_service.service [-] clients_manila.endpoint_type = None log_opt_values /usr/lib/python3/dist-packages/oslo_config/cfg.py:2609
2026-04-02 01:43:27.577 69433 DEBUG oslo_service.service [-] clients_manila.insecure = None log_opt_values /usr/lib/python3/dist-packages/oslo_config/cfg.py:2609
2026-04-02 01:43:27.577 69433 DEBUG oslo_service.service [-] clients_manila.key_file = None log_opt_values /usr/lib/python3/dist-packages/oslo_config/cfg.py:2609
2026-04-02 01:43:27.577 69433 DEBUG oslo_service.service [-] clients_mistral.ca_file = None log_opt_values /usr/lib/python3/dist-packages/oslo_config/cfg.py:2609
2026-04-02 01:43:27.577 69433 DEBUG oslo_service.service [-] clients_mistral.cert_file = None log_opt_values /usr/lib/python3/dist-packages/oslo_config/cfg.py:2609
2026-04-02 01:43:27.578 69433 DEBUG oslo_service.service [-] clients_mistral.endpoint_type = None log_opt_values /usr/lib/python3/dist-packages/oslo_config/cfg.py:2609
2026-04-02 01:43:27.578 69433 DEBUG oslo_service.service [-] clients_mistral.insecure = None log_opt_values /usr/lib/python3/dist-packages/oslo_config/cfg.py:2609
2026-04-02 01:43:27.578 69433 DEBUG oslo_service.service [-] clients_mistral.key_file = None log_opt_values /usr/lib/python3/dist-packages/oslo_config/cfg.py:2609
2026-04-02 01:43:27.578 69433 DEBUG oslo_service.service [-] clients_monasca.ca_file = None log_opt_values /usr/lib/python3/dist-packages/oslo_config/cfg.py:2609
2026-04-02 01:43:27.578 69433 DEBUG oslo_service.service [-] clients_monasca.cert_file = None log_opt_values /usr/lib/python3/dist-packages/oslo_config/cfg.py:2609
2026-04-02 01:43:27.578 69433 DEBUG oslo_service.service [-] clients_monasca.endpoint_type = None log_opt_values /usr/lib/python3/dist-packages/oslo_config/cfg.py:2609
2026-04-02 01:43:27.578 69433 DEBUG oslo_service.service [-] clients_monasca.insecure = None log_opt_values /usr/lib/python3/dist-packages/oslo_config/cfg.py:2609
2026-04-02 01:43:27.579 69433 DEBUG oslo_service.service [-] clients_monasca.key_file = None log_opt_values /usr/lib/python3/dist-packages/oslo_config/cfg.py:2609
2026-04-02 01:43:27.579 69433 DEBUG oslo_service.service [-] clients_neutron.ca_file = None log_opt_values /usr/lib/python3/dist-packages/oslo_config/cfg.py:2609
2026-04-02 01:43:27.579 69433 DEBUG oslo_service.service [-] clients_neutron.cert_file = None log_opt_values /usr/lib/python3/dist-packages/oslo_config/cfg.py:2609
2026-04-02 01:43:27.579 69433 DEBUG oslo_service.service [-] clients_neutron.endpoint_type = None log_opt_values /usr/lib/python3/dist-packages/oslo_config/cfg.py:2609
2026-04-02 01:43:27.579 69433 DEBUG oslo_service.service [-] clients_neutron.insecure = None log_opt_values /usr/lib/python3/dist-packages/oslo_config/cfg.py:2609
2026-04-02 01:43:27.580 69433 DEBUG oslo_service.service [-] clients_neutron.key_file = None log_opt_values /usr/lib/python3/dist-packages/oslo_config/cfg.py:2609
2026-04-02 01:43:27.580 69433 DEBUG oslo_service.service [-] clients_nova.ca_file = None log_opt_values /usr/lib/python3/dist-packages/oslo_config/cfg.py:2609
2026-04-02 01:43:27.580 69433 DEBUG oslo_service.service [-] clients_nova.cert_file = None log_opt_values /usr/lib/python3/dist-packages/oslo_config/cfg.py:2609
2026-04-02 01:43:27.580 69433 DEBUG oslo_service.service [-] clients_nova.endpoint_type = None log_opt_values /usr/lib/python3/dist-packages/oslo_config/cfg.py:2609
2026-04-02 01:43:27.580 69433 DEBUG oslo_service.service [-] clients_nova.http_log_debug = False log_opt_values /usr/lib/python3/dist-packages/oslo_config/cfg.py:2609
2026-04-02 01:43:27.580 69433 DEBUG oslo_service.service [-] clients_nova.insecure = None log_opt_values /usr/lib/python3/dist-packages/oslo_config/cfg.py:2609
2026-04-02 01:43:27.581 69433 DEBUG oslo_service.service [-] clients_nova.key_file = None log_opt_values /usr/lib/python3/dist-packages/oslo_config/cfg.py:2609
2026-04-02 01:43:27.581 69433 DEBUG oslo_service.service [-] clients_octavia.ca_file = None log_opt_values /usr/lib/python3/dist-packages/oslo_config/cfg.py:2609
2026-04-02 01:43:27.581 69433 DEBUG oslo_service.service [-] clients_octavia.cert_file = None log_opt_values /usr/lib/python3/dist-packages/oslo_config/cfg.py:2609
2026-04-02 01:43:27.581 69433 DEBUG oslo_service.service [-] clients_octavia.endpoint_type = None log_opt_values /usr/lib/python3/dist-packages/oslo_config/cfg.py:2609
2026-04-02 01:43:27.581 69433 DEBUG oslo_service.service [-] clients_octavia.insecure = None log_opt_values /usr/lib/python3/dist-packages/oslo_config/cfg.py:2609
2026-04-02 01:43:27.581 69433 DEBUG oslo_service.service [-] clients_octavia.key_file = None log_opt_values /usr/lib/python3/dist-packages/oslo_config/cfg.py:2609
2026-04-02 01:43:27.582 69433 DEBUG oslo_service.service [-] clients_sahara.ca_file = None log_opt_values /usr/lib/python3/dist-packages/oslo_config/cfg.py:2609
2026-04-02 01:43:27.582 69433 DEBUG oslo_service.service [-] clients_sahara.cert_file = None log_opt_values /usr/lib/python3/dist-packages/oslo_config/cfg.py:2609
2026-04-02 01:43:27.583 69433 DEBUG oslo_service.service [-] clients_sahara.endpoint_type = None log_opt_values /usr/lib/python3/dist-packages/oslo_config/cfg.py:2609
2026-04-02 01:43:27.583 69433 DEBUG oslo_service.service [-] clients_sahara.insecure = None log_opt_values /usr/lib/python3/dist-packages/oslo_config/cfg.py:2609
2026-04-02 01:43:27.583 69433 DEBUG oslo_service.service [-] clients_sahara.key_file = None log_opt_values /usr/lib/python3/dist-packages/oslo_config/cfg.py:2609
2026-04-02 01:43:27.584 69433 DEBUG oslo_service.service [-] clients_senlin.ca_file = None log_opt_values /usr/lib/python3/dist-packages/oslo_config/cfg.py:2609
2026-04-02 01:43:27.584 69433 DEBUG oslo_service.service [-] clients_senlin.cert_file = None log_opt_values /usr/lib/python3/dist-packages/oslo_config/cfg.py:2609
2026-04-02 01:43:27.585 69433 DEBUG oslo_service.service [-] clients_senlin.endpoint_type = None log_opt_values /usr/lib/python3/dist-packages/oslo_config/cfg.py:2609
2026-04-02 01:43:27.585 69433 DEBUG oslo_service.service [-] clients_senlin.insecure = None log_opt_values /usr/lib/python3/dist-packages/oslo_config/cfg.py:2609
2026-04-02 01:43:27.585 69433 DEBUG oslo_service.service [-] clients_senlin.key_file = None log_opt_values /usr/lib/python3/dist-packages/oslo_config/cfg.py:2609
2026-04-02 01:43:27.586 69433 DEBUG oslo_service.service [-] clients_swift.ca_file = None log_opt_values /usr/lib/python3/dist-packages/oslo_config/cfg.py:2609
2026-04-02 01:43:27.586 69433 DEBUG oslo_service.service [-] clients_swift.cert_file = None log_opt_values /usr/lib/python3/dist-packages/oslo_config/cfg.py:2609
2026-04-02 01:43:27.586 69433 DEBUG oslo_service.service [-] clients_swift.endpoint_type = None log_opt_values /usr/lib/python3/dist-packages/oslo_config/cfg.py:2609
2026-04-02 01:43:27.587 69433 DEBUG oslo_service.service [-] clients_swift.insecure = None log_opt_values /usr/lib/python3/dist-packages/oslo_config/cfg.py:2609
2026-04-02 01:43:27.587 69433 DEBUG oslo_service.service [-] clients_swift.key_file = None log_opt_values /usr/lib/python3/dist-packages/oslo_config/cfg.py:2609
2026-04-02 01:43:27.588 69433 DEBUG oslo_service.service [-] clients_trove.ca_file = None log_opt_values /usr/lib/python3/dist-packages/oslo_config/cfg.py:2609
2026-04-02 01:43:27.588 69433 DEBUG oslo_service.service [-] clients_trove.cert_file = None log_opt_values /usr/lib/python3/dist-packages/oslo_config/cfg.py:2609
2026-04-02 01:43:27.588 69433 DEBUG oslo_service.service [-] clients_trove.endpoint_type = None log_opt_values /usr/lib/python3/dist-packages/oslo_config/cfg.py:2609
2026-04-02 01:43:27.588 69433 DEBUG oslo_service.service [-] clients_trove.insecure = None log_opt_values /usr/lib/python3/dist-packages/oslo_config/cfg.py:2609
2026-04-02 01:43:27.588 69433 DEBUG oslo_service.service [-] clients_trove.key_file = None log_opt_values /usr/lib/python3/dist-packages/oslo_config/cfg.py:2609
2026-04-02 01:43:27.588 69433 DEBUG oslo_service.service [-] clients_vitrage.ca_file = None log_opt_values /usr/lib/python3/dist-packages/oslo_config/cfg.py:2609
2026-04-02 01:43:27.591 69433 DEBUG oslo_service.service [-] clients_vitrage.cert_file = None log_opt_values /usr/lib/python3/dist-packages/oslo_config/cfg.py:2609
2026-04-02 01:43:27.591 69433 DEBUG oslo_service.service [-] clients_vitrage.endpoint_type = None log_opt_values /usr/lib/python3/dist-packages/oslo_config/cfg.py:2609
2026-04-02 01:43:27.591 69433 DEBUG oslo_service.service [-] clients_vitrage.insecure = None log_opt_values /usr/lib/python3/dist-packages/oslo_config/cfg.py:2609
2026-04-02 01:43:27.591 69433 DEBUG oslo_service.service [-] clients_vitrage.key_file = None log_opt_values /usr/lib/python3/dist-packages/oslo_config/cfg.py:2609
2026-04-02 01:43:27.596 69433 DEBUG oslo_service.service [-] clients_zaqar.ca_file = None log_opt_values /usr/lib/python3/dist-packages/oslo_config/cfg.py:2609
2026-04-02 01:43:27.596 69433 DEBUG oslo_service.service [-] clients_zaqar.cert_file = None log_opt_values /usr/lib/python3/dist-packages/oslo_config/cfg.py:2609
2026-04-02 01:43:27.596 69433 DEBUG oslo_service.service [-] clients_zaqar.endpoint_type = None log_opt_values /usr/lib/python3/dist-packages/oslo_config/cfg.py:2609
2026-04-02 01:43:27.596 69433 DEBUG oslo_service.service [-] clients_zaqar.insecure = None log_opt_values /usr/lib/python3/dist-packages/oslo_config/cfg.py:2609
2026-04-02 01:43:27.596 69433 DEBUG oslo_service.service [-] clients_zaqar.key_file = None log_opt_values /usr/lib/python3/dist-packages/oslo_config/cfg.py:2609
2026-04-02 01:43:27.597 69433 DEBUG oslo_service.service [-] database.backend = sqlalchemy log_opt_values /usr/lib/python3/dist-packages/oslo_config/cfg.py:2609
2026-04-02 01:43:27.597 69433 DEBUG oslo_service.service [-] database.connection = **** log_opt_values /usr/lib/python3/dist-packages/oslo_config/cfg.py:2609
2026-04-02 01:43:27.597 69433 DEBUG oslo_service.service [-] database.connection_debug = 0 log_opt_values /usr/lib/python3/dist-packages/oslo_config/cfg.py:2609
2026-04-02 01:43:27.600 69433 DEBUG oslo_service.service [-] database.connection_parameters = log_opt_values /usr/lib/python3/dist-packages/oslo_config/cfg.py:2609
2026-04-02 01:43:27.600 69433 DEBUG oslo_service.service [-] database.connection_recycle_time = 3600 log_opt_values /usr/lib/python3/dist-packages/oslo_config/cfg.py:2609
2026-04-02 01:43:27.600 69433 DEBUG oslo_service.service [-] database.connection_trace = False log_opt_values /usr/lib/python3/dist-packages/oslo_config/cfg.py:2609
2026-04-02 01:43:27.600 69433 DEBUG oslo_service.service [-] database.db_inc_retry_interval = True log_opt_values /usr/lib/python3/dist-packages/oslo_config/cfg.py:2609
2026-04-02 01:43:27.600 69433 DEBUG oslo_service.service [-] database.db_max_retries = 20 log_opt_values /usr/lib/python3/dist-packages/oslo_config/cfg.py:2609
2026-04-02 01:43:27.601 69433 DEBUG oslo_service.service [-] database.db_max_retry_interval = 10 log_opt_values /usr/lib/python3/dist-packages/oslo_config/cfg.py:2609
2026-04-02 01:43:27.601 69433 DEBUG oslo_service.service [-] database.db_retry_interval = 1 log_opt_values /usr/lib/python3/dist-packages/oslo_config/cfg.py:2609
2026-04-02 01:43:27.601 69433 DEBUG oslo_service.service [-] database.max_overflow = 50 log_opt_values /usr/lib/python3/dist-packages/oslo_config/cfg.py:2609
2026-04-02 01:43:27.601 69433 DEBUG oslo_service.service [-] database.max_pool_size = 5 log_opt_values /usr/lib/python3/dist-packages/oslo_config/cfg.py:2609
2026-04-02 01:43:27.602 69656 INFO heat.engine.worker [-] Starting engine_worker (1.4) in engine 04dd9bd9-1e76-452b-9d32-e6d22cfa8ee3.
2026-04-02 01:43:27.602 69433 DEBUG oslo_service.service [-] database.max_retries = 10 log_opt_values /usr/lib/python3/dist-packages/oslo_config/cfg.py:2609
2026-04-02 01:43:27.605 69433 DEBUG oslo_service.service [-] database.mysql_enable_ndb = False log_opt_values /usr/lib/python3/dist-packages/oslo_config/cfg.py:2609
2026-04-02 01:43:27.605 69433 DEBUG oslo_service.service [-] database.mysql_sql_mode = TRADITIONAL log_opt_values /usr/lib/python3/dist-packages/oslo_config/cfg.py:2609
2026-04-02 01:43:27.605 69433 DEBUG oslo_service.service [-] database.pool_timeout = None log_opt_values /usr/lib/python3/dist-packages/oslo_config/cfg.py:2609
2026-04-02 01:43:27.606 69433 DEBUG oslo_service.service [-] database.retry_interval = 10 log_opt_values /usr/lib/python3/dist-packages/oslo_config/cfg.py:2609
2026-04-02 01:43:27.606 69433 DEBUG oslo_service.service [-] database.slave_connection = **** log_opt_values /usr/lib/python3/dist-packages/oslo_config/cfg.py:2609
2026-04-02 01:43:27.607 69433 DEBUG oslo_service.service [-] database.sqlite_synchronous = True log_opt_values /usr/lib/python3/dist-packages/oslo_config/cfg.py:2609
2026-04-02 01:43:27.607 69433 DEBUG oslo_service.service [-] database.use_db_reconnect = False log_opt_values /usr/lib/python3/dist-packages/oslo_config/cfg.py:2609
2026-04-02 01:43:27.607 69433 DEBUG oslo_service.service [-] oslo_messaging_metrics.metrics_buffer_size = 1000 log_opt_values /usr/lib/python3/dist-packages/oslo_config/cfg.py:2609
2026-04-02 01:43:27.607 69433 DEBUG oslo_service.service [-] oslo_messaging_metrics.metrics_enabled = False log_opt_values /usr/lib/python3/dist-packages/oslo_config/cfg.py:2609
2026-04-02 01:43:27.607 69433 DEBUG oslo_service.service [-] oslo_messaging_metrics.metrics_process_name = log_opt_values /usr/lib/python3/dist-packages/oslo_config/cfg.py:2609
2026-04-02 01:43:27.607 69433 DEBUG oslo_service.service [-] oslo_messaging_metrics.metrics_socket_file = /var/tmp/metrics_collector.sock log_opt_values /usr/lib/python3/dist-packages/oslo_config/cfg.py:2609
2026-04-02 01:43:27.607 69433 DEBUG oslo_service.service [-] oslo_messaging_metrics.metrics_thread_stop_timeout = 10 log_opt_values /usr/lib/python3/dist-packages/oslo_config/cfg.py:2609
2026-04-02 01:43:27.612 69433 DEBUG oslo_service.service [-] oslo_policy.enforce_new_defaults = False log_opt_values /usr/lib/python3/dist-packages/oslo_config/cfg.py:2609
2026-04-02 01:43:27.612 69433 DEBUG oslo_service.service [-] oslo_policy.enforce_scope = False log_opt_values /usr/lib/python3/dist-packages/oslo_config/cfg.py:2609
2026-04-02 01:43:27.616 69433 DEBUG oslo_service.service [-] oslo_policy.policy_default_rule = default log_opt_values /usr/lib/python3/dist-packages/oslo_config/cfg.py:2609
2026-04-02 01:43:27.617 69433 DEBUG oslo_service.service [-] oslo_policy.policy_dirs = ['policy.d'] log_opt_values /usr/lib/python3/dist-packages/oslo_config/cfg.py:2609
2026-04-02 01:43:27.617 69433 DEBUG oslo_service.service [-] oslo_policy.policy_file = policy.yaml log_opt_values /usr/lib/python3/dist-packages/oslo_config/cfg.py:2609
2026-04-02 01:43:27.617 69433 DEBUG oslo_service.service [-] oslo_policy.remote_content_type = application/x-www-form-urlencoded log_opt_values /usr/lib/python3/dist-packages/oslo_config/cfg.py:2609
2026-04-02 01:43:27.617 69433 DEBUG oslo_service.service [-] oslo_policy.remote_ssl_ca_crt_file = None log_opt_values /usr/lib/python3/dist-packages/oslo_config/cfg.py:2609
2026-04-02 01:43:27.617 69433 DEBUG oslo_service.service [-] oslo_policy.remote_ssl_client_crt_file = None log_opt_values /usr/lib/python3/dist-packages/oslo_config/cfg.py:2609
2026-04-02 01:43:27.617 69433 DEBUG oslo_service.service [-] oslo_policy.remote_ssl_client_key_file = None log_opt_values /usr/lib/python3/dist-packages/oslo_config/cfg.py:2609
2026-04-02 01:43:27.618 69433 DEBUG oslo_service.service [-] oslo_policy.remote_ssl_verify_server_crt = False log_opt_values /usr/lib/python3/dist-packages/oslo_config/cfg.py:2609
2026-04-02 01:43:27.619 69433 DEBUG oslo_service.service [-] trustee.auth_section = None log_opt_values /usr/lib/python3/dist-packages/oslo_config/cfg.py:2609
2026-04-02 01:43:27.619 69433 WARNING oslo_config.cfg [-] Deprecated: Option "auth_plugin" from group "trustee" is deprecated. Use option "auth_type" from group "trustee".
2026-04-02 01:43:27.619 69433 DEBUG oslo_service.service [-] trustee.auth_type = password log_opt_values /usr/lib/python3/dist-packages/oslo_config/cfg.py:2609
2026-04-02 01:43:27.620 69433 DEBUG oslo_service.service [-] oslo_versionedobjects.fatal_exception_format_errors = False log_opt_values /usr/lib/python3/dist-packages/oslo_config/cfg.py:2609
2026-04-02 01:43:27.620 69433 DEBUG oslo_service.service [-] oslo_messaging_rabbit.amqp_auto_delete = False log_opt_values /usr/lib/python3/dist-packages/oslo_config/cfg.py:2609
2026-04-02 01:43:27.621 69433 DEBUG oslo_service.service [-] oslo_messaging_rabbit.amqp_durable_queues = False log_opt_values /usr/lib/python3/dist-packages/oslo_config/cfg.py:2609
2026-04-02 01:43:27.621 69433 DEBUG oslo_service.service [-] oslo_messaging_rabbit.conn_pool_min_size = 2 log_opt_values /usr/lib/python3/dist-packages/oslo_config/cfg.py:2609
2026-04-02 01:43:27.621 69433 DEBUG oslo_service.service [-] oslo_messaging_rabbit.conn_pool_ttl = 1200 log_opt_values /usr/lib/python3/dist-packages/oslo_config/cfg.py:2609
2026-04-02 01:43:27.621 69433 DEBUG oslo_service.service [-] oslo_messaging_rabbit.direct_mandatory_flag = True log_opt_values /usr/lib/python3/dist-packages/oslo_config/cfg.py:2609
2026-04-02 01:43:27.621 69433 DEBUG oslo_service.service [-] oslo_messaging_rabbit.enable_cancel_on_failover = False log_opt_values /usr/lib/python3/dist-packages/oslo_config/cfg.py:2609
2026-04-02 01:43:27.621 69433 DEBUG oslo_service.service [-] oslo_messaging_rabbit.heartbeat_in_pthread = False log_opt_values /usr/lib/python3/dist-packages/oslo_config/cfg.py:2609
2026-04-02 01:43:27.622 69433 DEBUG oslo_service.service [-] oslo_messaging_rabbit.heartbeat_rate = 2 log_opt_values /usr/lib/python3/dist-packages/oslo_config/cfg.py:2609
2026-04-02 01:43:27.622 69433 DEBUG oslo_service.service [-] oslo_messaging_rabbit.heartbeat_timeout_threshold = 60 log_opt_values /usr/lib/python3/dist-packages/oslo_config/cfg.py:2609
2026-04-02 01:43:27.622 69433 DEBUG oslo_service.service [-] oslo_messaging_rabbit.kombu_compression = None log_opt_values /usr/lib/python3/dist-packages/oslo_config/cfg.py:2609
2026-04-02 01:43:27.622 69433 DEBUG oslo_service.service [-] oslo_messaging_rabbit.kombu_failover_strategy = round-robin log_opt_values /usr/lib/python3/dist-packages/oslo_config/cfg.py:2609
2026-04-02 01:43:27.622 69433 DEBUG oslo_service.service [-] oslo_messaging_rabbit.kombu_missing_consumer_retry_timeout = 60 log_opt_values /usr/lib/python3/dist-packages/oslo_config/cfg.py:2609
2026-04-02 01:43:27.622 69433 DEBUG oslo_service.service [-] oslo_messaging_rabbit.kombu_reconnect_delay = 1.0 log_opt_values /usr/lib/python3/dist-packages/oslo_config/cfg.py:2609
2026-04-02 01:43:27.622 69433 DEBUG oslo_service.service [-] oslo_messaging_rabbit.rabbit_ha_queues = False log_opt_values /usr/lib/python3/dist-packages/oslo_config/cfg.py:2609
2026-04-02 01:43:27.623 69433 DEBUG oslo_service.service [-] oslo_messaging_rabbit.rabbit_interval_max = 30 log_opt_values /usr/lib/python3/dist-packages/oslo_config/cfg.py:2609
2026-04-02 01:43:27.623 69433 DEBUG oslo_service.service [-] oslo_messaging_rabbit.rabbit_login_method = AMQPLAIN log_opt_values /usr/lib/python3/dist-packages/oslo_config/cfg.py:2609
2026-04-02 01:43:27.623 69433 DEBUG oslo_service.service [-] oslo_messaging_rabbit.rabbit_qos_prefetch_count = 0 log_opt_values /usr/lib/python3/dist-packages/oslo_config/cfg.py:2609
2026-04-02 01:43:27.623 69433 DEBUG oslo_service.service [-] oslo_messaging_rabbit.rabbit_quorum_queue = False log_opt_values /usr/lib/python3/dist-packages/oslo_config/cfg.py:2609
2026-04-02 01:43:27.623 69433 DEBUG oslo_service.service [-] oslo_messaging_rabbit.rabbit_retry_backoff = 2 log_opt_values /usr/lib/python3/dist-packages/oslo_config/cfg.py:2609
2026-04-02 01:43:27.623 69433 DEBUG oslo_service.service [-] oslo_messaging_rabbit.rabbit_retry_interval = 1 log_opt_values /usr/lib/python3/dist-packages/oslo_config/cfg.py:2609
2026-04-02 01:43:27.623 69433 DEBUG oslo_service.service [-] oslo_messaging_rabbit.rabbit_transient_queues_ttl = 1800 log_opt_values /usr/lib/python3/dist-packages/oslo_config/cfg.py:2609
2026-04-02 01:43:27.623 69433 DEBUG oslo_service.service [-] oslo_messaging_rabbit.rpc_conn_pool_size = 30 log_opt_values /usr/lib/python3/dist-packages/oslo_config/cfg.py:2609
2026-04-02 01:43:27.624 69433 DEBUG oslo_service.service [-] oslo_messaging_rabbit.ssl = False log_opt_values /usr/lib/python3/dist-packages/oslo_config/cfg.py:2609
2026-04-02 01:43:27.624 69433 DEBUG oslo_service.service [-] oslo_messaging_rabbit.ssl_ca_file = log_opt_values /usr/lib/python3/dist-packages/oslo_config/cfg.py:2609
2026-04-02 01:43:27.624 69433 DEBUG oslo_service.service [-] oslo_messaging_rabbit.ssl_cert_file = log_opt_values /usr/lib/python3/dist-packages/oslo_config/cfg.py:2609
2026-04-02 01:43:27.624 69433 DEBUG oslo_service.service [-] oslo_messaging_rabbit.ssl_key_file = log_opt_values /usr/lib/python3/dist-packages/oslo_config/cfg.py:2609
2026-04-02 01:43:27.624 69433 DEBUG oslo_service.service [-] oslo_messaging_rabbit.ssl_version = log_opt_values /usr/lib/python3/dist-packages/oslo_config/cfg.py:2609
2026-04-02 01:43:27.624 69433 DEBUG oslo_service.service [-] oslo_messaging_notifications.driver = [] log_opt_values /usr/lib/python3/dist-packages/oslo_config/cfg.py:2609
2026-04-02 01:43:27.624 69433 DEBUG oslo_service.service [-] oslo_messaging_notifications.retry = -1 log_opt_values /usr/lib/python3/dist-packages/oslo_config/cfg.py:2609
2026-04-02 01:43:27.624 69433 DEBUG oslo_service.service [-] oslo_messaging_notifications.topics = ['notifications'] log_opt_values /usr/lib/python3/dist-packages/oslo_config/cfg.py:2609
2026-04-02 01:43:27.625 69433 DEBUG oslo_service.service [-] oslo_messaging_notifications.transport_url = **** log_opt_values /usr/lib/python3/dist-packages/oslo_config/cfg.py:2609
2026-04-02 01:43:27.625 69433 DEBUG oslo_service.service [-] cache.backend = dogpile.cache.null log_opt_values /usr/lib/python3/dist-packages/oslo_config/cfg.py:2609
2026-04-02 01:43:27.625 69433 DEBUG oslo_service.service [-] cache.backend_argument = **** log_opt_values /usr/lib/python3/dist-packages/oslo_config/cfg.py:2609
2026-04-02 01:43:27.625 69433 DEBUG oslo_service.service [-] cache.config_prefix = cache.oslo log_opt_values /usr/lib/python3/dist-packages/oslo_config/cfg.py:2609
2026-04-02 01:43:27.625 69433 DEBUG oslo_service.service [-] cache.debug_cache_backend = False log_opt_values /usr/lib/python3/dist-packages/oslo_config/cfg.py:2609
2026-04-02 01:43:27.625 69433 DEBUG oslo_service.service [-] cache.enabled = False log_opt_values /usr/lib/python3/dist-packages/oslo_config/cfg.py:2609
2026-04-02 01:43:27.625 69433 DEBUG oslo_service.service [-] cache.expiration_time = 600 log_opt_values /usr/lib/python3/dist-packages/oslo_config/cfg.py:2609
2026-04-02 01:43:27.625 69433 DEBUG oslo_service.service [-] cache.memcache_dead_retry = 300 log_opt_values /usr/lib/python3/dist-packages/oslo_config/cfg.py:2609
2026-04-02 01:43:27.626 69433 DEBUG oslo_service.service [-] cache.memcache_pool_connection_get_timeout = 10 log_opt_values /usr/lib/python3/dist-packages/oslo_config/cfg.py:2609
2026-04-02 01:43:27.626 69433 DEBUG oslo_service.service [-] cache.memcache_pool_flush_on_reconnect = False log_opt_values /usr/lib/python3/dist-packages/oslo_config/cfg.py:2609
2026-04-02 01:43:27.627 69433 DEBUG oslo_service.service [-] cache.memcache_pool_maxsize = 10 log_opt_values /usr/lib/python3/dist-packages/oslo_config/cfg.py:2609
2026-04-02 01:43:27.627 69433 DEBUG oslo_service.service [-] cache.memcache_pool_unused_timeout = 60 log_opt_values /usr/lib/python3/dist-packages/oslo_config/cfg.py:2609
2026-04-02 01:43:27.627 69433 DEBUG oslo_service.service [-] cache.memcache_servers = ['localhost:11211'] log_opt_values /usr/lib/python3/dist-packages/oslo_config/cfg.py:2609
2026-04-02 01:43:27.628 69433 DEBUG oslo_service.service [-] cache.memcache_socket_timeout = 1.0 log_opt_values /usr/lib/python3/dist-packages/oslo_config/cfg.py:2609
2026-04-02 01:43:27.628 69433 DEBUG oslo_service.service [-] cache.proxies = [] log_opt_values /usr/lib/python3/dist-packages/oslo_config/cfg.py:2609
2026-04-02 01:43:27.628 69433 DEBUG oslo_service.service [-] cache.tls_allowed_ciphers = None log_opt_values /usr/lib/python3/dist-packages/oslo_config/cfg.py:2609
2026-04-02 01:43:27.628 69433 DEBUG oslo_service.service [-] cache.tls_cafile = None log_opt_values /usr/lib/python3/dist-packages/oslo_config/cfg.py:2609
2026-04-02 01:43:27.630 69433 DEBUG oslo_service.service [-] cache.tls_certfile = None log_opt_values /usr/lib/python3/dist-packages/oslo_config/cfg.py:2609
2026-04-02 01:43:27.630 69433 DEBUG oslo_service.service [-] cache.tls_enabled = False log_opt_values /usr/lib/python3/dist-packages/oslo_config/cfg.py:2609
2026-04-02 01:43:27.630 69433 DEBUG oslo_service.service [-] cache.tls_keyfile = None log_opt_values /usr/lib/python3/dist-packages/oslo_config/cfg.py:2609
2026-04-02 01:43:27.630 69433 DEBUG oslo_service.service [-] constraint_validation_cache.caching = True log_opt_values /usr/lib/python3/dist-packages/oslo_config/cfg.py:2609
2026-04-02 01:43:27.631 69433 DEBUG oslo_service.service [-] constraint_validation_cache.expiration_time = 60 log_opt_values /usr/lib/python3/dist-packages/oslo_config/cfg.py:2609
2026-04-02 01:43:27.631 69433 DEBUG oslo_service.service [-] service_extension_cache.caching = True log_opt_values /usr/lib/python3/dist-packages/oslo_config/cfg.py:2609
2026-04-02 01:43:27.632 69433 DEBUG oslo_service.service [-] service_extension_cache.expiration_time = 3600 log_opt_values /usr/lib/python3/dist-packages/oslo_config/cfg.py:2609
2026-04-02 01:43:27.632 69433 DEBUG oslo_service.service [-] resource_finder_cache.caching = True log_opt_values /usr/lib/python3/dist-packages/oslo_config/cfg.py:2609
2026-04-02 01:43:27.632 69433 DEBUG oslo_service.service [-] resource_finder_cache.expiration_time = 3600 log_opt_values /usr/lib/python3/dist-packages/oslo_config/cfg.py:2609
2026-04-02 01:43:27.632 69653 DEBUG oslo_db.sqlalchemy.engines [req-7ae337fe-4790-48b9-ac0d-b5fd8671e2b8 - - - - -] MySQL server mode set to STRICT_TRANS_TABLES,STRICT_ALL_TABLES,NO_ZERO_IN_DATE,NO_ZERO_DATE,ERROR_FOR_DIVISION_BY_ZERO,TRADITIONAL,NO_ENGINE_SUBSTITUTION _check_effective_sql_mode /usr/lib/python3/dist-packages/oslo_db/sqlalchemy/engines.py:314
2026-04-02 01:43:27.632 69433 DEBUG oslo_service.service [-] yaql.limit_iterators = 200 log_opt_values /usr/lib/python3/dist-packages/oslo_config/cfg.py:2609
2026-04-02 01:43:27.634 69433 DEBUG oslo_service.service [-] yaql.memory_quota = 10000 log_opt_values /usr/lib/python3/dist-packages/oslo_config/cfg.py:2609
2026-04-02 01:43:27.634 69433 DEBUG oslo_service.service [-] ******************************************************************************** log_opt_values /usr/lib/python3/dist-packages/oslo_config/cfg.py:2613
2026-04-02 01:43:27.643 69655 DEBUG oslo_db.sqlalchemy.engines [req-43700089-3edc-4e98-a45a-fb3096a4407a - - - - -] MySQL server mode set to STRICT_TRANS_TABLES,STRICT_ALL_TABLES,NO_ZERO_IN_DATE,NO_ZERO_DATE,ERROR_FOR_DIVISION_BY_ZERO,TRADITIONAL,NO_ENGINE_SUBSTITUTION _check_effective_sql_mode /usr/lib/python3/dist-packages/oslo_db/sqlalchemy/engines.py:314
2026-04-02 01:43:27.647 69654 DEBUG oslo_db.sqlalchemy.engines [req-d14eb599-b96a-4615-9cbf-16973681c6df - - - - -] MySQL server mode set to STRICT_TRANS_TABLES,STRICT_ALL_TABLES,NO_ZERO_IN_DATE,NO_ZERO_DATE,ERROR_FOR_DIVISION_BY_ZERO,TRADITIONAL,NO_ENGINE_SUBSTITUTION _check_effective_sql_mode /usr/lib/python3/dist-packages/oslo_db/sqlalchemy/engines.py:314
2026-04-02 01:43:27.704 69656 DEBUG oslo_db.sqlalchemy.engines [req-8823c0ca-9bc4-43ed-b139-f6bebe11e75f - - - - -] MySQL server mode set to STRICT_TRANS_TABLES,STRICT_ALL_TABLES,NO_ZERO_IN_DATE,NO_ZERO_DATE,ERROR_FOR_DIVISION_BY_ZERO,TRADITIONAL,NO_ENGINE_SUBSTITUTION _check_effective_sql_mode /usr/lib/python3/dist-packages/oslo_db/sqlalchemy/engines.py:314
2026-04-02 01:43:27.741 69653 DEBUG heat.engine.service [req-ba9295b6-38ed-43e9-ac19-5fd0e6f800a0 - - - - -] Service 8d4ca47e-b1e4-493e-84b7-7e5e78820b02 is started service_manage_report /usr/lib/python3/dist-packages/heat/engine/service.py:2363
2026-04-02 01:43:27.750 69655 DEBUG heat.engine.service [req-02e8bf20-27da-4756-9fe0-b812e8e8b261 - - - - -] Service a147b6f8-694e-4866-a585-2fdaf5d6b565 is started service_manage_report /usr/lib/python3/dist-packages/heat/engine/service.py:2363
2026-04-02 01:43:27.759 69653 DEBUG heat.engine.service [req-ba9295b6-38ed-43e9-ac19-5fd0e6f800a0 - - - - -] Service 8d4ca47e-b1e4-493e-84b7-7e5e78820b02 is updated service_manage_report /usr/lib/python3/dist-packages/heat/engine/service.py:2370
2026-04-02 01:43:27.777 69654 DEBUG heat.engine.service [req-db31525c-b8cb-48eb-b4d1-61915b9f45da - - - - -] Service 035f43f1-02d5-4322-b94b-f78fad0a37a6 is started service_manage_report /usr/lib/python3/dist-packages/heat/engine/service.py:2363
2026-04-02 01:43:27.778 69655 DEBUG heat.engine.service [req-02e8bf20-27da-4756-9fe0-b812e8e8b261 - - - - -] Service a147b6f8-694e-4866-a585-2fdaf5d6b565 is updated service_manage_report /usr/lib/python3/dist-packages/heat/engine/service.py:2370
2026-04-02 01:43:27.801 69654 DEBUG heat.engine.service [req-db31525c-b8cb-48eb-b4d1-61915b9f45da - - - - -] Service 035f43f1-02d5-4322-b94b-f78fad0a37a6 is updated service_manage_report /usr/lib/python3/dist-packages/heat/engine/service.py:2370
2026-04-02 01:43:27.805 69656 DEBUG heat.engine.service [req-aa4c04e4-4571-464a-ae06-758bfc4a1525 - - - - -] Service 44c9c994-bcb4-490e-b90d-5c2117422160 is started service_manage_report /usr/lib/python3/dist-packages/heat/engine/service.py:2363
2026-04-02 01:43:27.825 69656 DEBUG heat.engine.service [req-aa4c04e4-4571-464a-ae06-758bfc4a1525 - - - - -] Service 44c9c994-bcb4-490e-b90d-5c2117422160 is updated service_manage_report /usr/lib/python3/dist-packages/heat/engine/service.py:2370
2026-04-02 01:44:27.945 69653 DEBUG heat.engine.service [req-8efc48a4-079f-4b0f-af02-da10a5dce0f5 - - - - -] Service 8d4ca47e-b1e4-493e-84b7-7e5e78820b02 is updated service_manage_report /usr/lib/python3/dist-packages/heat/engine/service.py:2370
2026-04-02 01:44:27.960 69655 DEBUG heat.engine.service [req-d3ac80b7-c7ab-4eb9-a5d4-b77960ead2ae - - - - -] Service a147b6f8-694e-4866-a585-2fdaf5d6b565 is updated service_manage_report /usr/lib/python3/dist-packages/heat/engine/service.py:2370
2026-04-02 01:44:27.961 69656 DEBUG heat.engine.service [req-574bc7be-a679-42fb-a1a9-f2342edb7cd4 - - - - -] Service 44c9c994-bcb4-490e-b90d-5c2117422160 is updated service_manage_report /usr/lib/python3/dist-packages/heat/engine/service.py:2370
2026-04-02 01:44:27.961 69654 DEBUG heat.engine.service [req-cc464079-6ada-47a4-a6af-71e047096780 - - - - -] Service 035f43f1-02d5-4322-b94b-f78fad0a37a6 is updated service_manage_report /usr/lib/python3/dist-packages/heat/engine/service.py:2370
2026-04-02 01:45:27.719 69653 DEBUG heat.engine.service [req-fc0dab91-b825-4648-9bb6-1dbce2b020ea - - - - -] Service 8d4ca47e-b1e4-493e-84b7-7e5e78820b02 is updated service_manage_report /usr/lib/python3/dist-packages/heat/engine/service.py:2370
2026-04-02 01:45:27.746 69655 DEBUG heat.engine.service [req-5d27cf67-ecdd-461f-8251-4f6d4741aee2 - - - - -] Service a147b6f8-694e-4866-a585-2fdaf5d6b565 is updated service_manage_report /usr/lib/python3/dist-packages/heat/engine/service.py:2370
2026-04-02 01:45:27.765 69654 DEBUG heat.engine.service [req-8eed652d-ecc8-4ec8-a265-4ef3881500cf - - - - -] Service 035f43f1-02d5-4322-b94b-f78fad0a37a6 is updated service_manage_report /usr/lib/python3/dist-packages/heat/engine/service.py:2370
2026-04-02 01:45:27.802 69656 DEBUG heat.engine.service [req-ac01eca6-7ebb-4e9c-ac2a-7803b602f5dc - - - - -] Service 44c9c994-bcb4-490e-b90d-5c2117422160 is updated service_manage_report /usr/lib/python3/dist-packages/heat/engine/service.py:2370
2026-04-02 01:46:27.724 69653 DEBUG heat.engine.service [req-09db4f19-f717-44a5-b278-5acd4d909348 - - - - -] Service 8d4ca47e-b1e4-493e-84b7-7e5e78820b02 is updated service_manage_report /usr/lib/python3/dist-packages/heat/engine/service.py:2370
2026-04-02 01:46:27.743 69655 DEBUG heat.engine.service [req-e58a1f36-64f7-4bb0-8b42-f0e13ccde1b0 - - - - -] Service a147b6f8-694e-4866-a585-2fdaf5d6b565 is updated service_manage_report /usr/lib/python3/dist-packages/heat/engine/service.py:2370
2026-04-02 01:46:27.762 69654 DEBUG heat.engine.service [req-0af8a1df-8e73-4bb6-9fc8-09e0236684e6 - - - - -] Service 035f43f1-02d5-4322-b94b-f78fad0a37a6 is updated service_manage_report /usr/lib/python3/dist-packages/heat/engine/service.py:2370
2026-04-02 01:46:27.808 69656 DEBUG heat.engine.service [req-0e7e225e-ca63-46a0-892d-dc94036a31f3 - - - - -] Service 44c9c994-bcb4-490e-b90d-5c2117422160 is updated service_manage_report /usr/lib/python3/dist-packages/heat/engine/service.py:2370
2026-04-02 01:47:27.741 69655 DEBUG heat.engine.service [req-6cbf6824-5b48-47a1-abd5-94edbb15d8a5 - - - - -] Service a147b6f8-694e-4866-a585-2fdaf5d6b565 is updated service_manage_report /usr/lib/python3/dist-packages/heat/engine/service.py:2370
2026-04-02 01:47:27.749 69653 DEBUG heat.engine.service [req-96394d34-b675-449b-b92c-34d72a99734a - - - - -] Service 8d4ca47e-b1e4-493e-84b7-7e5e78820b02 is updated service_manage_report /usr/lib/python3/dist-packages/heat/engine/service.py:2370
2026-04-02 01:47:27.775 69654 DEBUG heat.engine.service [req-2737a953-c5c1-437c-8966-990344439d75 - - - - -] Service 035f43f1-02d5-4322-b94b-f78fad0a37a6 is updated service_manage_report /usr/lib/python3/dist-packages/heat/engine/service.py:2370
2026-04-02 01:47:27.827 69656 DEBUG heat.engine.service [req-96eea437-b1c5-41a7-bea1-efd2808e714d - - - - -] Service 44c9c994-bcb4-490e-b90d-5c2117422160 is updated service_manage_report /usr/lib/python3/dist-packages/heat/engine/service.py:2370
2026-04-02 01:48:27.733 69653 DEBUG heat.engine.service [req-7f42b0fa-4ba1-42fa-9ba7-e70082a80a74 - - - - -] Service 8d4ca47e-b1e4-493e-84b7-7e5e78820b02 is updated service_manage_report /usr/lib/python3/dist-packages/heat/engine/service.py:2370
2026-04-02 01:48:27.735 69655 DEBUG heat.engine.service [req-3d4b71d2-1568-4eb0-b12b-781f99026670 - - - - -] Service a147b6f8-694e-4866-a585-2fdaf5d6b565 is updated service_manage_report /usr/lib/python3/dist-packages/heat/engine/service.py:2370
2026-04-02 01:48:27.760 69654 DEBUG heat.engine.service [req-2e405087-f598-4dbd-ae52-5d3c33baff8c - - - - -] Service 035f43f1-02d5-4322-b94b-f78fad0a37a6 is updated service_manage_report /usr/lib/python3/dist-packages/heat/engine/service.py:2370
2026-04-02 01:48:27.815 69656 DEBUG heat.engine.service [req-fa2a1b81-568d-41af-b0c8-eefd47936a3b - - - - -] Service 44c9c994-bcb4-490e-b90d-5c2117422160 is updated service_manage_report /usr/lib/python3/dist-packages/heat/engine/service.py:2370
2026-04-02 01:49:27.739 69653 DEBUG heat.engine.service [req-43a5ee36-dad3-4340-8557-73a9fc7b1cfc - - - - -] Service 8d4ca47e-b1e4-493e-84b7-7e5e78820b02 is updated service_manage_report /usr/lib/python3/dist-packages/heat/engine/service.py:2370
2026-04-02 01:49:27.741 69655 DEBUG heat.engine.service [req-d451c8bc-5097-41ef-9b2b-9c776d54f220 - - - - -] Service a147b6f8-694e-4866-a585-2fdaf5d6b565 is updated service_manage_report /usr/lib/python3/dist-packages/heat/engine/service.py:2370
2026-04-02 01:49:27.765 69654 DEBUG heat.engine.service [req-e49f2593-99cd-4815-83d4-89a36cf31b62 - - - - -] Service 035f43f1-02d5-4322-b94b-f78fad0a37a6 is updated service_manage_report /usr/lib/python3/dist-packages/heat/engine/service.py:2370
2026-04-02 01:49:27.813 69656 DEBUG heat.engine.service [req-ec8be428-9aee-4d86-a989-0bd9f4fbbce5 - - - - -] Service 44c9c994-bcb4-490e-b90d-5c2117422160 is updated service_manage_report /usr/lib/python3/dist-packages/heat/engine/service.py:2370
2026-04-02 01:50:27.738 69655 DEBUG heat.engine.service [req-bd875e68-387a-4b97-808d-887024beac0a - - - - -] Service a147b6f8-694e-4866-a585-2fdaf5d6b565 is updated service_manage_report /usr/lib/python3/dist-packages/heat/engine/service.py:2370
2026-04-02 01:50:27.741 69653 DEBUG heat.engine.service [req-3e50d302-4c24-4f3a-9b34-4babe5a0f929 - - - - -] Service 8d4ca47e-b1e4-493e-84b7-7e5e78820b02 is updated service_manage_report /usr/lib/python3/dist-packages/heat/engine/service.py:2370
2026-04-02 01:50:27.769 69654 DEBUG heat.engine.service [req-4c986795-6e30-4035-a24a-d4d2b5631292 - - - - -] Service 035f43f1-02d5-4322-b94b-f78fad0a37a6 is updated service_manage_report /usr/lib/python3/dist-packages/heat/engine/service.py:2370
2026-04-02 01:50:27.806 69656 DEBUG heat.engine.service [req-3f444f71-0c0d-4b22-93c0-528ac8b3262a - - - - -] Service 44c9c994-bcb4-490e-b90d-5c2117422160 is updated service_manage_report /usr/lib/python3/dist-packages/heat/engine/service.py:2370
2026-04-02 01:51:27.733 69655 DEBUG heat.engine.service [req-49df6f13-e4a7-4301-983e-b464285aa2fd - - - - -] Service a147b6f8-694e-4866-a585-2fdaf5d6b565 is updated service_manage_report /usr/lib/python3/dist-packages/heat/engine/service.py:2370
2026-04-02 01:51:27.735 69653 DEBUG heat.engine.service [req-9b366339-acf0-41fa-b89d-a1548dd01ab5 - - - - -] Service 8d4ca47e-b1e4-493e-84b7-7e5e78820b02 is updated service_manage_report /usr/lib/python3/dist-packages/heat/engine/service.py:2370
2026-04-02 01:51:27.774 69654 DEBUG heat.engine.service [req-aee69f44-20e9-4a79-b57e-8a100fad817d - - - - -] Service 035f43f1-02d5-4322-b94b-f78fad0a37a6 is updated service_manage_report /usr/lib/python3/dist-packages/heat/engine/service.py:2370
2026-04-02 01:51:27.811 69656 DEBUG heat.engine.service [req-ae8592c9-2fb7-481a-91e5-36f72ae073cc - - - - -] Service 44c9c994-bcb4-490e-b90d-5c2117422160 is updated service_manage_report /usr/lib/python3/dist-packages/heat/engine/service.py:2370
2026-04-02 01:52:27.748 69653 DEBUG heat.engine.service [req-a259945b-74ce-41f6-91d5-a9a158d780a8 - - - - -] Service 8d4ca47e-b1e4-493e-84b7-7e5e78820b02 is updated service_manage_report /usr/lib/python3/dist-packages/heat/engine/service.py:2370
2026-04-02 01:52:27.758 69655 DEBUG heat.engine.service [req-ef1aff03-5cf7-41ca-ae4f-b000f9b2a92f - - - - -] Service a147b6f8-694e-4866-a585-2fdaf5d6b565 is updated service_manage_report /usr/lib/python3/dist-packages/heat/engine/service.py:2370
2026-04-02 01:52:27.788 69654 DEBUG heat.engine.service [req-30bb2cd3-8f11-4771-b021-c5a6ec8446e9 - - - - -] Service 035f43f1-02d5-4322-b94b-f78fad0a37a6 is updated service_manage_report /usr/lib/python3/dist-packages/heat/engine/service.py:2370
2026-04-02 01:52:27.818 69656 DEBUG heat.engine.service [req-a560aa0f-ec0e-4245-94b8-df0b28636bef - - - - -] Service 44c9c994-bcb4-490e-b90d-5c2117422160 is updated service_manage_report /usr/lib/python3/dist-packages/heat/engine/service.py:2370
2026-04-02 01:53:27.745 69655 DEBUG heat.engine.service [req-80266c80-37a7-4ae9-baa8-b75ebf5d9219 - - - - -] Service a147b6f8-694e-4866-a585-2fdaf5d6b565 is updated service_manage_report /usr/lib/python3/dist-packages/heat/engine/service.py:2370
2026-04-02 01:53:27.748 69653 DEBUG heat.engine.service [req-def99a47-5534-4220-96df-2b98ef72b89d - - - - -] Service 8d4ca47e-b1e4-493e-84b7-7e5e78820b02 is updated service_manage_report /usr/lib/python3/dist-packages/heat/engine/service.py:2370
2026-04-02 01:53:27.785 69654 DEBUG heat.engine.service [req-6176dc60-4381-4654-b3a1-9629fe84d238 - - - - -] Service 035f43f1-02d5-4322-b94b-f78fad0a37a6 is updated service_manage_report /usr/lib/python3/dist-packages/heat/engine/service.py:2370
2026-04-02 01:53:27.820 69656 DEBUG heat.engine.service [req-068ab361-aca1-454a-8401-ed680fcf0373 - - - - -] Service 44c9c994-bcb4-490e-b90d-5c2117422160 is updated service_manage_report /usr/lib/python3/dist-packages/heat/engine/service.py:2370
2026-04-02 01:54:27.740 69655 DEBUG heat.engine.service [req-8c2d2ddd-24aa-4540-b617-6ae4b2b72dc4 - - - - -] Service a147b6f8-694e-4866-a585-2fdaf5d6b565 is updated service_manage_report /usr/lib/python3/dist-packages/heat/engine/service.py:2370
2026-04-02 01:54:27.743 69653 DEBUG heat.engine.service [req-4a06a812-d3d9-441d-bf00-86bfc9f7a3eb - - - - -] Service 8d4ca47e-b1e4-493e-84b7-7e5e78820b02 is updated service_manage_report /usr/lib/python3/dist-packages/heat/engine/service.py:2370
