2026-04-02 01:10:27.271 38064 DEBUG heat.engine.service [req-e8a413b9-3dfb-4e1a-a081-be13b22c412b - - - - -] Service f2c89fae-3aa2-4fec-886a-9dbec0589234 is updated service_manage_report /usr/lib/python3/dist-packages/heat/engine/service.py:2370
2026-04-02 01:10:27.292 38059 DEBUG heat.engine.service [req-a466adfb-ab7c-452e-9575-1967fbbc356d - - - - -] Service b47f3e0b-19b2-445d-afeb-c49be0496007 is updated service_manage_report /usr/lib/python3/dist-packages/heat/engine/service.py:2370
2026-04-02 01:11:27.223 38047 DEBUG heat.engine.service [req-6df9473d-bfb2-4dfe-8eee-a7a74a92d058 - - - - -] Service df80a6d5-0dd9-47eb-ac79-2ec44d3b2052 is updated service_manage_report /usr/lib/python3/dist-packages/heat/engine/service.py:2370
2026-04-02 01:11:27.235 38051 DEBUG heat.engine.service [req-e7e309de-6083-4d57-8587-aa9f414c73e2 - - - - -] Service 40fdde86-9aa1-480c-b690-143c27dfa977 is updated service_manage_report /usr/lib/python3/dist-packages/heat/engine/service.py:2370
2026-04-02 01:11:27.274 38064 DEBUG heat.engine.service [req-6be22018-b374-43e9-acf3-75d702cfa4b0 - - - - -] Service f2c89fae-3aa2-4fec-886a-9dbec0589234 is updated service_manage_report /usr/lib/python3/dist-packages/heat/engine/service.py:2370
2026-04-02 01:11:27.297 38059 DEBUG heat.engine.service [req-61100e97-f56c-4468-a7c8-1ff4390b219e - - - - -] Service b47f3e0b-19b2-445d-afeb-c49be0496007 is updated service_manage_report /usr/lib/python3/dist-packages/heat/engine/service.py:2370
2026-04-02 01:12:27.228 38047 DEBUG heat.engine.service [req-b1ba3059-74c0-4cd6-a8f5-9892139d5193 - - - - -] Service df80a6d5-0dd9-47eb-ac79-2ec44d3b2052 is updated service_manage_report /usr/lib/python3/dist-packages/heat/engine/service.py:2370
2026-04-02 01:12:27.236 38051 DEBUG heat.engine.service [req-ad5d562a-4793-45e8-8700-5e23beed58d4 - - - - -] Service 40fdde86-9aa1-480c-b690-143c27dfa977 is updated service_manage_report /usr/lib/python3/dist-packages/heat/engine/service.py:2370
2026-04-02 01:12:27.277 38064 DEBUG heat.engine.service [req-e4c27921-0964-4fea-8025-49117e77c14f - - - - -] Service f2c89fae-3aa2-4fec-886a-9dbec0589234 is updated service_manage_report /usr/lib/python3/dist-packages/heat/engine/service.py:2370
2026-04-02 01:12:27.299 38059 DEBUG heat.engine.service [req-6b8ac774-0d6b-488f-8494-b264c8f9d832 - - - - -] Service b47f3e0b-19b2-445d-afeb-c49be0496007 is updated service_manage_report /usr/lib/python3/dist-packages/heat/engine/service.py:2370
2026-04-02 01:13:27.230 38047 DEBUG heat.engine.service [req-3a5e0dfe-4192-4594-a985-ff52058ccde1 - - - - -] Service df80a6d5-0dd9-47eb-ac79-2ec44d3b2052 is updated service_manage_report /usr/lib/python3/dist-packages/heat/engine/service.py:2370
2026-04-02 01:13:27.237 38051 DEBUG heat.engine.service [req-9d790286-a004-4fc0-82e4-98cbb3d915d4 - - - - -] Service 40fdde86-9aa1-480c-b690-143c27dfa977 is updated service_manage_report /usr/lib/python3/dist-packages/heat/engine/service.py:2370
2026-04-02 01:13:27.279 38064 DEBUG heat.engine.service [req-975902ba-cfb1-432d-b8dd-eeee02a1ea4d - - - - -] Service f2c89fae-3aa2-4fec-886a-9dbec0589234 is updated service_manage_report /usr/lib/python3/dist-packages/heat/engine/service.py:2370
2026-04-02 01:13:27.302 38059 DEBUG heat.engine.service [req-43640df7-d465-4964-9b0a-1e5413f4780b - - - - -] Service b47f3e0b-19b2-445d-afeb-c49be0496007 is updated service_manage_report /usr/lib/python3/dist-packages/heat/engine/service.py:2370
2026-04-02 01:14:27.232 38047 DEBUG heat.engine.service [req-ac660879-a439-4d83-a5f6-24e8f2f5ef77 - - - - -] Service df80a6d5-0dd9-47eb-ac79-2ec44d3b2052 is updated service_manage_report /usr/lib/python3/dist-packages/heat/engine/service.py:2370
2026-04-02 01:14:27.238 38051 DEBUG heat.engine.service [req-53b83177-9a3b-4bc7-ab23-ad69d67e31e8 - - - - -] Service 40fdde86-9aa1-480c-b690-143c27dfa977 is updated service_manage_report /usr/lib/python3/dist-packages/heat/engine/service.py:2370
2026-04-02 01:14:27.282 38064 DEBUG heat.engine.service [req-93ec36cc-8bb0-4d4b-99b7-a3109de59a86 - - - - -] Service f2c89fae-3aa2-4fec-886a-9dbec0589234 is updated service_manage_report /usr/lib/python3/dist-packages/heat/engine/service.py:2370
2026-04-02 01:14:27.305 38059 DEBUG heat.engine.service [req-7ee23678-09d9-4077-b60a-8bc3570ae7f6 - - - - -] Service b47f3e0b-19b2-445d-afeb-c49be0496007 is updated service_manage_report /usr/lib/python3/dist-packages/heat/engine/service.py:2370
2026-04-02 01:15:27.238 38047 DEBUG heat.engine.service [req-9df65a1d-d6a4-4798-9220-780887236e8c - - - - -] Service df80a6d5-0dd9-47eb-ac79-2ec44d3b2052 is updated service_manage_report /usr/lib/python3/dist-packages/heat/engine/service.py:2370
2026-04-02 01:15:27.241 38051 DEBUG heat.engine.service [req-98a2e2d0-471a-4a7c-bdbf-ef86515ac685 - - - - -] Service 40fdde86-9aa1-480c-b690-143c27dfa977 is updated service_manage_report /usr/lib/python3/dist-packages/heat/engine/service.py:2370
2026-04-02 01:15:27.285 38064 DEBUG heat.engine.service [req-37f7ee3e-c36b-415f-943c-81f79ebd0f17 - - - - -] Service f2c89fae-3aa2-4fec-886a-9dbec0589234 is updated service_manage_report /usr/lib/python3/dist-packages/heat/engine/service.py:2370
2026-04-02 01:15:27.307 38059 DEBUG heat.engine.service [req-00ad94cc-74d6-4cc5-8943-61270eccaa9b - - - - -] Service b47f3e0b-19b2-445d-afeb-c49be0496007 is updated service_manage_report /usr/lib/python3/dist-packages/heat/engine/service.py:2370
2026-04-02 01:16:27.231 38047 DEBUG heat.engine.service [req-17ce7374-4104-40da-9e9e-a2d552a8d957 - - - - -] Service df80a6d5-0dd9-47eb-ac79-2ec44d3b2052 is updated service_manage_report /usr/lib/python3/dist-packages/heat/engine/service.py:2370
2026-04-02 01:16:27.243 38051 DEBUG heat.engine.service [req-2d030d63-b62a-4723-b7f6-e7d0c300989f - - - - -] Service 40fdde86-9aa1-480c-b690-143c27dfa977 is updated service_manage_report /usr/lib/python3/dist-packages/heat/engine/service.py:2370
2026-04-02 01:16:27.289 38064 DEBUG heat.engine.service [req-2ed93ebf-2b38-418f-8395-8f4cfa4416ac - - - - -] Service f2c89fae-3aa2-4fec-886a-9dbec0589234 is updated service_manage_report /usr/lib/python3/dist-packages/heat/engine/service.py:2370
2026-04-02 01:16:27.310 38059 DEBUG heat.engine.service [req-11a5b984-cbd2-42b7-b3da-bb0aa933f7e2 - - - - -] Service b47f3e0b-19b2-445d-afeb-c49be0496007 is updated service_manage_report /usr/lib/python3/dist-packages/heat/engine/service.py:2370
2026-04-02 01:17:27.236 38047 DEBUG heat.engine.service [req-518f6fab-cd29-4e7e-b56e-c1d765d26d67 - - - - -] Service df80a6d5-0dd9-47eb-ac79-2ec44d3b2052 is updated service_manage_report /usr/lib/python3/dist-packages/heat/engine/service.py:2370
2026-04-02 01:17:27.245 38051 DEBUG heat.engine.service [req-3a27a211-fe7d-44e7-99ce-ca253db0f23b - - - - -] Service 40fdde86-9aa1-480c-b690-143c27dfa977 is updated service_manage_report /usr/lib/python3/dist-packages/heat/engine/service.py:2370
2026-04-02 01:17:27.291 38064 DEBUG heat.engine.service [req-fa2054a9-b0c7-498c-829c-5c3571e1710f - - - - -] Service f2c89fae-3aa2-4fec-886a-9dbec0589234 is updated service_manage_report /usr/lib/python3/dist-packages/heat/engine/service.py:2370
2026-04-02 01:17:27.312 38059 DEBUG heat.engine.service [req-ae1881fa-fc28-4fbb-bbd3-2c154222b445 - - - - -] Service b47f3e0b-19b2-445d-afeb-c49be0496007 is updated service_manage_report /usr/lib/python3/dist-packages/heat/engine/service.py:2370
2026-04-02 01:18:27.240 38047 DEBUG heat.engine.service [req-a82a68e1-bee6-4c44-970a-1daab9e452ac - - - - -] Service df80a6d5-0dd9-47eb-ac79-2ec44d3b2052 is updated service_manage_report /usr/lib/python3/dist-packages/heat/engine/service.py:2370
2026-04-02 01:18:27.246 38051 DEBUG heat.engine.service [req-37acef6a-2188-4a3e-9d3f-9385f3d5761e - - - - -] Service 40fdde86-9aa1-480c-b690-143c27dfa977 is updated service_manage_report /usr/lib/python3/dist-packages/heat/engine/service.py:2370
2026-04-02 01:18:27.295 38064 DEBUG heat.engine.service [req-300ee0eb-f017-4740-affa-909a2f326ab9 - - - - -] Service f2c89fae-3aa2-4fec-886a-9dbec0589234 is updated service_manage_report /usr/lib/python3/dist-packages/heat/engine/service.py:2370
2026-04-02 01:18:27.314 38059 DEBUG heat.engine.service [req-48091b9f-b3c8-4a66-a7dc-ca1b5c6ad38e - - - - -] Service b47f3e0b-19b2-445d-afeb-c49be0496007 is updated service_manage_report /usr/lib/python3/dist-packages/heat/engine/service.py:2370
2026-04-02 01:19:27.246 38047 DEBUG heat.engine.service [req-bf53348f-a680-4198-85f8-edd92f2ad48f - - - - -] Service df80a6d5-0dd9-47eb-ac79-2ec44d3b2052 is updated service_manage_report /usr/lib/python3/dist-packages/heat/engine/service.py:2370
2026-04-02 01:19:27.253 38051 DEBUG heat.engine.service [req-04fe5bb9-f90c-4e60-adc9-8444a1fdccdc - - - - -] Service 40fdde86-9aa1-480c-b690-143c27dfa977 is updated service_manage_report /usr/lib/python3/dist-packages/heat/engine/service.py:2370
2026-04-02 01:19:27.299 38064 DEBUG heat.engine.service [req-8c12013c-dad1-4a92-87a8-9d6d760a2bf2 - - - - -] Service f2c89fae-3aa2-4fec-886a-9dbec0589234 is updated service_manage_report /usr/lib/python3/dist-packages/heat/engine/service.py:2370
2026-04-02 01:19:27.316 38059 DEBUG heat.engine.service [req-b652a8a5-bf14-45ac-9a12-8ece6d9832f9 - - - - -] Service b47f3e0b-19b2-445d-afeb-c49be0496007 is updated service_manage_report /usr/lib/python3/dist-packages/heat/engine/service.py:2370
2026-04-02 01:20:27.240 38047 DEBUG heat.engine.service [req-91cb1b14-900d-46ab-b27e-c0fbc2ceeae7 - - - - -] Service df80a6d5-0dd9-47eb-ac79-2ec44d3b2052 is updated service_manage_report /usr/lib/python3/dist-packages/heat/engine/service.py:2370
2026-04-02 01:20:27.247 38051 DEBUG heat.engine.service [req-233e073f-0f6b-4882-9ff3-62c1fa2bff6f - - - - -] Service 40fdde86-9aa1-480c-b690-143c27dfa977 is updated service_manage_report /usr/lib/python3/dist-packages/heat/engine/service.py:2370
2026-04-02 01:20:27.303 38064 DEBUG heat.engine.service [req-2b86ce15-6388-4e83-a622-26c6b804e5ed - - - - -] Service f2c89fae-3aa2-4fec-886a-9dbec0589234 is updated service_manage_report /usr/lib/python3/dist-packages/heat/engine/service.py:2370
2026-04-02 01:20:27.321 38059 DEBUG heat.engine.service [req-f269f29a-14e3-4c2b-b589-534518124fe8 - - - - -] Service b47f3e0b-19b2-445d-afeb-c49be0496007 is updated service_manage_report /usr/lib/python3/dist-packages/heat/engine/service.py:2370
2026-04-02 01:21:27.248 38047 DEBUG heat.engine.service [req-84858a13-6556-47d0-bc89-e26f2cf25aa2 - - - - -] Service df80a6d5-0dd9-47eb-ac79-2ec44d3b2052 is updated service_manage_report /usr/lib/python3/dist-packages/heat/engine/service.py:2370
2026-04-02 01:21:27.251 38051 DEBUG heat.engine.service [req-32a7a48c-e76c-4747-a8e5-0fb240ad18fc - - - - -] Service 40fdde86-9aa1-480c-b690-143c27dfa977 is updated service_manage_report /usr/lib/python3/dist-packages/heat/engine/service.py:2370
2026-04-02 01:21:27.306 38064 DEBUG heat.engine.service [req-356d630f-cc8e-49e0-9619-1b10eea3e494 - - - - -] Service f2c89fae-3aa2-4fec-886a-9dbec0589234 is updated service_manage_report /usr/lib/python3/dist-packages/heat/engine/service.py:2370
2026-04-02 01:21:27.324 38059 DEBUG heat.engine.service [req-376eccca-3179-4b9c-bf2c-49ddde13c45f - - - - -] Service b47f3e0b-19b2-445d-afeb-c49be0496007 is updated service_manage_report /usr/lib/python3/dist-packages/heat/engine/service.py:2370
2026-04-02 01:22:27.242 38047 DEBUG heat.engine.service [req-55a522b1-f6b8-444b-8066-559844b14990 - - - - -] Service df80a6d5-0dd9-47eb-ac79-2ec44d3b2052 is updated service_manage_report /usr/lib/python3/dist-packages/heat/engine/service.py:2370
2026-04-02 01:22:27.253 38051 DEBUG heat.engine.service [req-37926dae-dc8a-4250-988c-e2af05894e9a - - - - -] Service 40fdde86-9aa1-480c-b690-143c27dfa977 is updated service_manage_report /usr/lib/python3/dist-packages/heat/engine/service.py:2370
2026-04-02 01:22:27.309 38064 DEBUG heat.engine.service [req-12c422d5-9a4c-4341-9722-6a5e29bf7324 - - - - -] Service f2c89fae-3aa2-4fec-886a-9dbec0589234 is updated service_manage_report /usr/lib/python3/dist-packages/heat/engine/service.py:2370
2026-04-02 01:22:27.327 38059 DEBUG heat.engine.service [req-78d84215-e6f9-4d87-b63e-37ee5bfb1e34 - - - - -] Service b47f3e0b-19b2-445d-afeb-c49be0496007 is updated service_manage_report /usr/lib/python3/dist-packages/heat/engine/service.py:2370
2026-04-02 01:23:27.247 38047 DEBUG heat.engine.service [req-c9a4c13f-0b27-4afd-8859-15b0a99ba6f7 - - - - -] Service df80a6d5-0dd9-47eb-ac79-2ec44d3b2052 is updated service_manage_report /usr/lib/python3/dist-packages/heat/engine/service.py:2370
2026-04-02 01:23:27.258 38051 DEBUG heat.engine.service [req-21e2b1c4-f057-43a8-9a56-4552183bd69b - - - - -] Service 40fdde86-9aa1-480c-b690-143c27dfa977 is updated service_manage_report /usr/lib/python3/dist-packages/heat/engine/service.py:2370
2026-04-02 01:23:27.315 38064 DEBUG heat.engine.service [req-5050fbb1-1ef1-414c-ae61-b4d74c68b235 - - - - -] Service f2c89fae-3aa2-4fec-886a-9dbec0589234 is updated service_manage_report /usr/lib/python3/dist-packages/heat/engine/service.py:2370
2026-04-02 01:23:27.331 38059 DEBUG heat.engine.service [req-5602ae3d-85e0-40ad-a919-18f01a7d547f - - - - -] Service b47f3e0b-19b2-445d-afeb-c49be0496007 is updated service_manage_report /usr/lib/python3/dist-packages/heat/engine/service.py:2370
2026-04-02 01:24:27.252 38047 DEBUG heat.engine.service [req-9fe03f9e-557d-47d2-a626-3faea9173dd1 - - - - -] Service df80a6d5-0dd9-47eb-ac79-2ec44d3b2052 is updated service_manage_report /usr/lib/python3/dist-packages/heat/engine/service.py:2370
2026-04-02 01:24:27.262 38051 DEBUG heat.engine.service [req-ed194477-b250-47b5-9b38-f3a4dd89f1f6 - - - - -] Service 40fdde86-9aa1-480c-b690-143c27dfa977 is updated service_manage_report /usr/lib/python3/dist-packages/heat/engine/service.py:2370
2026-04-02 01:24:27.308 38064 DEBUG heat.engine.service [req-75d2d822-d2d7-4e6a-b55b-b2e9c316f40b - - - - -] Service f2c89fae-3aa2-4fec-886a-9dbec0589234 is updated service_manage_report /usr/lib/python3/dist-packages/heat/engine/service.py:2370
2026-04-02 01:24:27.334 38059 DEBUG heat.engine.service [req-7eff3043-99de-4fa7-a02c-abbbc0830466 - - - - -] Service b47f3e0b-19b2-445d-afeb-c49be0496007 is updated service_manage_report /usr/lib/python3/dist-packages/heat/engine/service.py:2370
2026-04-02 01:25:27.256 38047 DEBUG heat.engine.service [req-8d8bc84a-796e-448a-b0ef-e8d84de2ebd5 - - - - -] Service df80a6d5-0dd9-47eb-ac79-2ec44d3b2052 is updated service_manage_report /usr/lib/python3/dist-packages/heat/engine/service.py:2370
2026-04-02 01:25:27.265 38051 DEBUG heat.engine.service [req-80ae14c6-173a-48ac-8300-ded3fdd24539 - - - - -] Service 40fdde86-9aa1-480c-b690-143c27dfa977 is updated service_manage_report /usr/lib/python3/dist-packages/heat/engine/service.py:2370
2026-04-02 01:25:27.311 38064 DEBUG heat.engine.service [req-3876f32a-774a-482a-a517-bceb234d6bb4 - - - - -] Service f2c89fae-3aa2-4fec-886a-9dbec0589234 is updated service_manage_report /usr/lib/python3/dist-packages/heat/engine/service.py:2370
2026-04-02 01:25:27.338 38059 DEBUG heat.engine.service [req-dac99acd-bc9e-4123-af2b-f07a9140f53b - - - - -] Service b47f3e0b-19b2-445d-afeb-c49be0496007 is updated service_manage_report /usr/lib/python3/dist-packages/heat/engine/service.py:2370
2026-04-02 01:26:27.259 38047 DEBUG heat.engine.service [req-44bada33-9ea4-46e2-a28f-451159b72e8b - - - - -] Service df80a6d5-0dd9-47eb-ac79-2ec44d3b2052 is updated service_manage_report /usr/lib/python3/dist-packages/heat/engine/service.py:2370
2026-04-02 01:26:27.268 38051 DEBUG heat.engine.service [req-7c40450c-0152-4eaa-b385-337c2d0cbd85 - - - - -] Service 40fdde86-9aa1-480c-b690-143c27dfa977 is updated service_manage_report /usr/lib/python3/dist-packages/heat/engine/service.py:2370
2026-04-02 01:26:27.314 38064 DEBUG heat.engine.service [req-0094bea5-f812-4618-80a7-9cf9073b8fe3 - - - - -] Service f2c89fae-3aa2-4fec-886a-9dbec0589234 is updated service_manage_report /usr/lib/python3/dist-packages/heat/engine/service.py:2370
2026-04-02 01:26:27.344 38059 DEBUG heat.engine.service [req-f68322ba-7d78-437a-9dfd-9aa0e2a7cd37 - - - - -] Service b47f3e0b-19b2-445d-afeb-c49be0496007 is updated service_manage_report /usr/lib/python3/dist-packages/heat/engine/service.py:2370
2026-04-02 01:27:27.266 38047 DEBUG heat.engine.service [req-543a2d5f-8e36-41e6-a67d-5d062752efcc - - - - -] Service df80a6d5-0dd9-47eb-ac79-2ec44d3b2052 is updated service_manage_report /usr/lib/python3/dist-packages/heat/engine/service.py:2370
2026-04-02 01:27:27.271 38051 DEBUG heat.engine.service [req-15a770bd-a566-42e0-9b48-f65af9d1843d - - - - -] Service 40fdde86-9aa1-480c-b690-143c27dfa977 is updated service_manage_report /usr/lib/python3/dist-packages/heat/engine/service.py:2370
2026-04-02 01:27:27.318 38064 DEBUG heat.engine.service [req-ac3f254d-4886-4162-817b-9b4d94a9a56b - - - - -] Service f2c89fae-3aa2-4fec-886a-9dbec0589234 is updated service_manage_report /usr/lib/python3/dist-packages/heat/engine/service.py:2370
2026-04-02 01:27:27.342 38059 DEBUG heat.engine.service [req-6a5dbb2c-5eb0-46ca-89e3-4ea5683531a6 - - - - -] Service b47f3e0b-19b2-445d-afeb-c49be0496007 is updated service_manage_report /usr/lib/python3/dist-packages/heat/engine/service.py:2370
2026-04-02 01:28:27.262 38047 DEBUG heat.engine.service [req-432e75ce-1a94-4dac-a0a5-edfb74cfc309 - - - - -] Service df80a6d5-0dd9-47eb-ac79-2ec44d3b2052 is updated service_manage_report /usr/lib/python3/dist-packages/heat/engine/service.py:2370
2026-04-02 01:28:27.272 38051 DEBUG heat.engine.service [req-f05fd50b-da90-4b0c-94de-fe9b307acafc - - - - -] Service 40fdde86-9aa1-480c-b690-143c27dfa977 is updated service_manage_report /usr/lib/python3/dist-packages/heat/engine/service.py:2370
2026-04-02 01:28:27.321 38064 DEBUG heat.engine.service [req-d27a0120-87d6-4ca6-84bf-ed8756613321 - - - - -] Service f2c89fae-3aa2-4fec-886a-9dbec0589234 is updated service_manage_report /usr/lib/python3/dist-packages/heat/engine/service.py:2370
2026-04-02 01:28:27.335 38059 DEBUG heat.engine.service [req-2b3017e7-700a-47e8-b1f6-a688e4a117c5 - - - - -] Service b47f3e0b-19b2-445d-afeb-c49be0496007 is updated service_manage_report /usr/lib/python3/dist-packages/heat/engine/service.py:2370
2026-04-02 01:29:27.255 38047 DEBUG heat.engine.service [req-7a860b14-f998-40b6-b351-862771ea6212 - - - - -] Service df80a6d5-0dd9-47eb-ac79-2ec44d3b2052 is updated service_manage_report /usr/lib/python3/dist-packages/heat/engine/service.py:2370
2026-04-02 01:29:27.274 38051 DEBUG heat.engine.service [req-45d53555-0915-410e-81be-f88b20341433 - - - - -] Service 40fdde86-9aa1-480c-b690-143c27dfa977 is updated service_manage_report /usr/lib/python3/dist-packages/heat/engine/service.py:2370
2026-04-02 01:29:27.324 38064 DEBUG heat.engine.service [req-aaccdc13-fdd4-4090-ba5c-8ceef60347fa - - - - -] Service f2c89fae-3aa2-4fec-886a-9dbec0589234 is updated service_manage_report /usr/lib/python3/dist-packages/heat/engine/service.py:2370
2026-04-02 01:29:27.338 38059 DEBUG heat.engine.service [req-668cd72e-43df-4e4a-b2a7-2d86d5fd1871 - - - - -] Service b47f3e0b-19b2-445d-afeb-c49be0496007 is updated service_manage_report /usr/lib/python3/dist-packages/heat/engine/service.py:2370
2026-04-02 01:30:27.259 38047 DEBUG heat.engine.service [req-a3048cea-e730-445a-9a24-964454963a97 - - - - -] Service df80a6d5-0dd9-47eb-ac79-2ec44d3b2052 is updated service_manage_report /usr/lib/python3/dist-packages/heat/engine/service.py:2370
2026-04-02 01:30:27.276 38051 DEBUG heat.engine.service [req-686ed021-d752-479d-a90d-65264c294df0 - - - - -] Service 40fdde86-9aa1-480c-b690-143c27dfa977 is updated service_manage_report /usr/lib/python3/dist-packages/heat/engine/service.py:2370
2026-04-02 01:30:27.328 38064 DEBUG heat.engine.service [req-0d8edcd8-d858-4bc4-9674-547e35afd264 - - - - -] Service f2c89fae-3aa2-4fec-886a-9dbec0589234 is updated service_manage_report /usr/lib/python3/dist-packages/heat/engine/service.py:2370
2026-04-02 01:30:27.340 38059 DEBUG heat.engine.service [req-04a49f56-f11d-4b58-a679-07064d60f711 - - - - -] Service b47f3e0b-19b2-445d-afeb-c49be0496007 is updated service_manage_report /usr/lib/python3/dist-packages/heat/engine/service.py:2370
2026-04-02 01:31:27.264 38047 DEBUG heat.engine.service [req-3fa3ee7d-e901-467f-b391-f2b98cfa129d - - - - -] Service df80a6d5-0dd9-47eb-ac79-2ec44d3b2052 is updated service_manage_report /usr/lib/python3/dist-packages/heat/engine/service.py:2370
2026-04-02 01:31:27.280 38051 DEBUG heat.engine.service [req-f7ee7525-b22a-4bb3-be79-fb2a19479fd2 - - - - -] Service 40fdde86-9aa1-480c-b690-143c27dfa977 is updated service_manage_report /usr/lib/python3/dist-packages/heat/engine/service.py:2370
2026-04-02 01:31:27.332 38064 DEBUG heat.engine.service [req-0c4f1b79-a029-4b04-8b75-b23ad4b46a44 - - - - -] Service f2c89fae-3aa2-4fec-886a-9dbec0589234 is updated service_manage_report /usr/lib/python3/dist-packages/heat/engine/service.py:2370
2026-04-02 01:31:27.344 38059 DEBUG heat.engine.service [req-2e688a3a-9ccd-4c73-a830-9523e9e17251 - - - - -] Service b47f3e0b-19b2-445d-afeb-c49be0496007 is updated service_manage_report /usr/lib/python3/dist-packages/heat/engine/service.py:2370
2026-04-02 01:32:27.272 38047 DEBUG heat.engine.service [req-fbabc6d3-dddf-40b3-a276-a1cabe2ea4b8 - - - - -] Service df80a6d5-0dd9-47eb-ac79-2ec44d3b2052 is updated service_manage_report /usr/lib/python3/dist-packages/heat/engine/service.py:2370
2026-04-02 01:32:27.286 38051 DEBUG heat.engine.service [req-adfd0d4c-8778-4cf9-ac14-6b3b28ef721d - - - - -] Service 40fdde86-9aa1-480c-b690-143c27dfa977 is updated service_manage_report /usr/lib/python3/dist-packages/heat/engine/service.py:2370
2026-04-02 01:32:27.338 38064 DEBUG heat.engine.service [req-844b9134-59f5-4545-853e-aeb920fc7cfa - - - - -] Service f2c89fae-3aa2-4fec-886a-9dbec0589234 is updated service_manage_report /usr/lib/python3/dist-packages/heat/engine/service.py:2370
2026-04-02 01:32:27.347 38059 DEBUG heat.engine.service [req-5f82ba0d-21e5-4546-92bc-8e598ce621ca - - - - -] Service b47f3e0b-19b2-445d-afeb-c49be0496007 is updated service_manage_report /usr/lib/python3/dist-packages/heat/engine/service.py:2370
2026-04-02 01:33:27.272 38047 DEBUG heat.engine.service [req-9093e522-e3c7-4ab9-a19b-06feff4e56c3 - - - - -] Service df80a6d5-0dd9-47eb-ac79-2ec44d3b2052 is updated service_manage_report /usr/lib/python3/dist-packages/heat/engine/service.py:2370
2026-04-02 01:33:27.281 38051 DEBUG heat.engine.service [req-fe39ff12-fa22-4aba-a491-bd4a79dbed01 - - - - -] Service 40fdde86-9aa1-480c-b690-143c27dfa977 is updated service_manage_report /usr/lib/python3/dist-packages/heat/engine/service.py:2370
2026-04-02 01:33:27.337 38064 DEBUG heat.engine.service [req-44e8008a-d8bc-4a92-a139-a4013ee96bbc - - - - -] Service f2c89fae-3aa2-4fec-886a-9dbec0589234 is updated service_manage_report /usr/lib/python3/dist-packages/heat/engine/service.py:2370
2026-04-02 01:33:27.352 38059 DEBUG heat.engine.service [req-2915b053-9d94-4614-ade3-be0e9bea0781 - - - - -] Service b47f3e0b-19b2-445d-afeb-c49be0496007 is updated service_manage_report /usr/lib/python3/dist-packages/heat/engine/service.py:2370
2026-04-02 01:34:27.265 38047 DEBUG heat.engine.service [req-951cc35c-8403-4da4-aadf-2f875ae789a4 - - - - -] Service df80a6d5-0dd9-47eb-ac79-2ec44d3b2052 is updated service_manage_report /usr/lib/python3/dist-packages/heat/engine/service.py:2370
2026-04-02 01:34:27.286 38051 DEBUG heat.engine.service [req-75be4a0d-3c05-47a6-a413-47473f1ed43f - - - - -] Service 40fdde86-9aa1-480c-b690-143c27dfa977 is updated service_manage_report /usr/lib/python3/dist-packages/heat/engine/service.py:2370
2026-04-02 01:34:27.330 38064 DEBUG heat.engine.service [req-64d4ded4-f3ea-4997-bbcd-66d84d802050 - - - - -] Service f2c89fae-3aa2-4fec-886a-9dbec0589234 is updated service_manage_report /usr/lib/python3/dist-packages/heat/engine/service.py:2370
2026-04-02 01:34:27.357 38059 DEBUG heat.engine.service [req-45d22da7-85c5-4059-8690-91840a431c4e - - - - -] Service b47f3e0b-19b2-445d-afeb-c49be0496007 is updated service_manage_report /usr/lib/python3/dist-packages/heat/engine/service.py:2370
2026-04-02 01:35:27.274 38047 DEBUG heat.engine.service [req-f4334350-1739-4acf-b68c-64c539d2312b - - - - -] Service df80a6d5-0dd9-47eb-ac79-2ec44d3b2052 is updated service_manage_report /usr/lib/python3/dist-packages/heat/engine/service.py:2370
2026-04-02 01:35:27.293 38051 DEBUG heat.engine.service [req-ce7a1443-4284-4854-9de4-c25c44092fba - - - - -] Service 40fdde86-9aa1-480c-b690-143c27dfa977 is updated service_manage_report /usr/lib/python3/dist-packages/heat/engine/service.py:2370
2026-04-02 01:35:27.338 38064 DEBUG heat.engine.service [req-066aaf70-f71f-40f1-8ea3-aa7e974e469a - - - - -] Service f2c89fae-3aa2-4fec-886a-9dbec0589234 is updated service_manage_report /usr/lib/python3/dist-packages/heat/engine/service.py:2370
2026-04-02 01:35:27.366 38059 DEBUG heat.engine.service [req-eab67641-99fe-4732-8498-e0cbeada0b30 - - - - -] Service b47f3e0b-19b2-445d-afeb-c49be0496007 is updated service_manage_report /usr/lib/python3/dist-packages/heat/engine/service.py:2370
2026-04-02 01:36:27.268 38047 DEBUG heat.engine.service [req-2c0fa300-a7b3-438c-a2a2-7f7b8bc1b46f - - - - -] Service df80a6d5-0dd9-47eb-ac79-2ec44d3b2052 is updated service_manage_report /usr/lib/python3/dist-packages/heat/engine/service.py:2370
2026-04-02 01:36:27.287 38051 DEBUG heat.engine.service [req-c43c0c12-1e08-4ace-ac84-e910c7bd454d - - - - -] Service 40fdde86-9aa1-480c-b690-143c27dfa977 is updated service_manage_report /usr/lib/python3/dist-packages/heat/engine/service.py:2370
2026-04-02 01:36:27.332 38064 DEBUG heat.engine.service [req-c5d94e50-3f0b-485f-adf8-6c92c3fe6efb - - - - -] Service f2c89fae-3aa2-4fec-886a-9dbec0589234 is updated service_manage_report /usr/lib/python3/dist-packages/heat/engine/service.py:2370
2026-04-02 01:36:27.359 38059 DEBUG heat.engine.service [req-a3b4e3be-4a29-4a3e-add8-c8b5479f1ecb - - - - -] Service b47f3e0b-19b2-445d-afeb-c49be0496007 is updated service_manage_report /usr/lib/python3/dist-packages/heat/engine/service.py:2370
2026-04-02 01:37:27.274 38047 DEBUG heat.engine.service [req-08b3a795-25ec-46dc-b4f1-643090dbae54 - - - - -] Service df80a6d5-0dd9-47eb-ac79-2ec44d3b2052 is updated service_manage_report /usr/lib/python3/dist-packages/heat/engine/service.py:2370
2026-04-02 01:37:27.290 38051 DEBUG heat.engine.service [req-70817944-c021-44d8-9414-9611bd09f6cc - - - - -] Service 40fdde86-9aa1-480c-b690-143c27dfa977 is updated service_manage_report /usr/lib/python3/dist-packages/heat/engine/service.py:2370
2026-04-02 01:37:27.335 38064 DEBUG heat.engine.service [req-dd5cc8b4-fb06-4b01-95d2-10c568a03c8d - - - - -] Service f2c89fae-3aa2-4fec-886a-9dbec0589234 is updated service_manage_report /usr/lib/python3/dist-packages/heat/engine/service.py:2370
2026-04-02 01:37:27.368 38059 DEBUG heat.engine.service [req-8cd6cdc9-c565-4449-b67d-b5a36c348ac8 - - - - -] Service b47f3e0b-19b2-445d-afeb-c49be0496007 is updated service_manage_report /usr/lib/python3/dist-packages/heat/engine/service.py:2370
2026-04-02 01:38:24.185 38047 DEBUG heat.engine.service [-] Attempting to stop engine service... _stop_rpc_server /usr/lib/python3/dist-packages/heat/engine/service.py:437
2026-04-02 01:38:24.185 38059 DEBUG heat.engine.service [-] Attempting to stop engine service... _stop_rpc_server /usr/lib/python3/dist-packages/heat/engine/service.py:437
2026-04-02 01:38:24.185 38051 DEBUG heat.engine.service [-] Attempting to stop engine service... _stop_rpc_server /usr/lib/python3/dist-packages/heat/engine/service.py:437
2026-04-02 01:38:24.186 38064 DEBUG heat.engine.service [-] Attempting to stop engine service... _stop_rpc_server /usr/lib/python3/dist-packages/heat/engine/service.py:437
2026-04-02 01:38:24.193 37682 INFO oslo_service.service [-] Caught SIGTERM, stopping children
2026-04-02 01:38:24.193 37682 DEBUG oslo_concurrency.lockutils [-] Acquired lock "singleton_lock" lock /usr/lib/python3/dist-packages/oslo_concurrency/lockutils.py:294
2026-04-02 01:38:24.194 37682 DEBUG oslo_concurrency.lockutils [-] Releasing lock "singleton_lock" lock /usr/lib/python3/dist-packages/oslo_concurrency/lockutils.py:312
2026-04-02 01:38:24.194 37682 DEBUG oslo_service.service [-] Stop services. stop /usr/lib/python3/dist-packages/oslo_service/service.py:695
2026-04-02 01:38:24.194 37682 INFO heat.engine.service [-] All threads were gone, terminating engine
2026-04-02 01:38:24.195 37682 DEBUG oslo_service.service [-] Killing children. stop /usr/lib/python3/dist-packages/oslo_service/service.py:700
2026-04-02 01:38:24.195 37682 INFO oslo_service.service [-] Waiting on 4 children to exit
2026-04-02 01:38:24.204 37682 INFO oslo_service.service [-] Child 38047 killed by signal 15
2026-04-02 01:38:24.205 37682 INFO oslo_service.service [-] Child 38051 killed by signal 15
2026-04-02 01:38:24.206 37682 INFO oslo_service.service [-] Child 38059 killed by signal 15
2026-04-02 01:38:24.207 37682 INFO oslo_service.service [-] Child 38064 killed by signal 15
2026-04-02 01:38:26.277 61865 DEBUG oslo_concurrency.lockutils [-] Lock "context-manager" acquired by "neutron_lib.db.api._create_context_manager" :: waited 0.000s inner /usr/lib/python3/dist-packages/oslo_concurrency/lockutils.py:386
2026-04-02 01:38:26.278 61865 DEBUG oslo_concurrency.lockutils [-] Lock "context-manager" "released" by "neutron_lib.db.api._create_context_manager" :: held 0.000s inner /usr/lib/python3/dist-packages/oslo_concurrency/lockutils.py:400
2026-04-02 01:38:26.548 61865 WARNING heat.engine.environment [-] OS::Aodh::Alarm is DEPRECATED. Theshold alarm relies on ceilometer-api and has been deprecated in aodh since Ocata. Use OS::Aodh::GnocchiAggregationByResourcesAlarm instead.
2026-04-02 01:38:26.548 61865 WARNING heat.engine.environment [-] OS::Aodh::CombinationAlarm is HIDDEN. OS::Aodh::CombinationAlarm is deprecated and has been removed from Aodh, use OS::Aodh::CompositeAlarm instead.
2026-04-02 01:38:26.549 61865 WARNING heat.engine.environment [-] OS::Designate::Domain is HIDDEN. This resource has been removed, use OS::Designate::Zone instead.
2026-04-02 01:38:26.549 61865 WARNING heat.engine.environment [-] OS::Designate::Record is HIDDEN. This resource has been removed, use OS::Designate::RecordSet instead.
2026-04-02 01:38:26.549 61865 WARNING heat.engine.environment [-] OS::Glance::Image is DEPRECATED. Creating a Glance Image based on an existing URL location requires the Glance v1 API, which is deprecated.
2026-04-02 01:38:26.549 61865 WARNING heat.engine.environment [-] OS::Heat::HARestarter is HIDDEN. The HARestarter resource type has been removed. Existing stacks containing HARestarter resources can still be used, but the HARestarter resource will be a placeholder that does nothing.
2026-04-02 01:38:26.550 61865 WARNING heat.engine.environment [-] OS::Heat::SoftwareDeployments is HIDDEN. Please use OS::Heat::SoftwareDeploymentGroup instead.
2026-04-02 01:38:26.550 61865 WARNING heat.engine.environment [-] OS::Heat::StructuredDeployments is HIDDEN. Please use OS::Heat::StructuredDeploymentGroup instead.
2026-04-02 01:38:26.550 61865 WARNING heat.engine.environment [-] OS::Magnum::Bay is HIDDEN. Please use OS::Magnum::Cluster instead.
2026-04-02 01:38:26.550 61865 WARNING heat.engine.environment [-] OS::Magnum::BayModel is HIDDEN. Please use OS::Magnum::ClusterTemplate instead.
2026-04-02 01:38:26.551 61865 WARNING heat.engine.environment [-] OS::Neutron::ExtraRoute is UNSUPPORTED. Use this resource at your own risk.
2026-04-02 01:38:26.551 61865 WARNING heat.engine.environment [-] OS::Neutron::HealthMonitor is HIDDEN. Use LBaaS V2 instead.
2026-04-02 01:38:26.551 61865 WARNING heat.engine.environment [-] OS::Neutron::Pool is HIDDEN. Use LBaaS V2 instead.
2026-04-02 01:38:26.551 61865 WARNING heat.engine.environment [-] OS::Neutron::PoolMember is HIDDEN. Use LBaaS V2 instead.
2026-04-02 01:38:26.552 61865 WARNING heat.engine.environment [-] OS::Neutron::LoadBalancer is HIDDEN. Use LBaaS V2 instead.
2026-04-02 01:38:26.552 61865 WARNING heat.engine.environment [-] OS::Neutron::RouterGateway is HIDDEN. Use the `external_gateway_info` property in the router resource to set up the gateway.
2026-04-02 01:38:26.552 61865 WARNING heat.engine.environment [-] OS::Nova::FloatingIP is HIDDEN. Please use OS::Neutron::FloatingIP instead.
2026-04-02 01:38:26.552 61865 WARNING heat.engine.environment [-] OS::Nova::FloatingIPAssociation is HIDDEN. Please use OS::Neutron::FloatingIPAssociation instead.
2026-04-02 01:38:26.554 61865 INFO heat.engine.environment [-] Loading /etc/heat/environment.d/default.yaml
2026-04-02 01:38:26.555 61865 INFO heat.engine.environment [-] Registered: [Plugin](User:False) AWS::AutoScaling::AutoScalingGroup ->
2026-04-02 01:38:26.555 61865 INFO heat.engine.environment [-] Registered: [Plugin](User:False) AWS::AutoScaling::LaunchConfiguration ->
2026-04-02 01:38:26.555 61865 INFO heat.engine.environment [-] Registered: [Plugin](User:False) AWS::AutoScaling::ScalingPolicy ->
2026-04-02 01:38:26.555 61865 INFO heat.engine.environment [-] Registered: [Plugin](User:False) AWS::CloudFormation::Stack ->
2026-04-02 01:38:26.555 61865 INFO heat.engine.environment [-] Registered: [Plugin](User:False) AWS::CloudFormation::WaitCondition ->
2026-04-02 01:38:26.555 61865 INFO heat.engine.environment [-] Registered: [Plugin](User:False) AWS::CloudFormation::WaitConditionHandle ->
2026-04-02 01:38:26.555 61865 INFO heat.engine.environment [-] Registered: [Plugin](User:False) AWS::EC2::EIP ->
2026-04-02 01:38:26.555 61865 INFO heat.engine.environment [-] Registered: [Plugin](User:False) AWS::EC2::EIPAssociation ->
2026-04-02 01:38:26.555 61865 INFO heat.engine.environment [-] Registered: [Plugin](User:False) AWS::EC2::Instance ->
2026-04-02 01:38:26.556 61865 INFO heat.engine.environment [-] Registered: [Plugin](User:False) AWS::EC2::InternetGateway ->
2026-04-02 01:38:26.556 61865 INFO heat.engine.environment [-] Registered: [Plugin](User:False) AWS::EC2::VPCGatewayAttachment ->
2026-04-02 01:38:26.556 61865 INFO heat.engine.environment [-] Registered: [Plugin](User:False) AWS::EC2::NetworkInterface ->
2026-04-02 01:38:26.556 61865 INFO heat.engine.environment [-] Registered: [Plugin](User:False) AWS::EC2::RouteTable ->
2026-04-02 01:38:26.556 61865 INFO heat.engine.environment [-] Registered: [Plugin](User:False) AWS::EC2::SubnetRouteTableAssociation ->
2026-04-02 01:38:26.556 61865 INFO heat.engine.environment [-] Registered: [Plugin](User:False) AWS::EC2::SecurityGroup ->
2026-04-02 01:38:26.556 61865 INFO heat.engine.environment [-] Registered: [Plugin](User:False) AWS::EC2::Subnet ->
2026-04-02 01:38:26.556 61865 INFO heat.engine.environment [-] Registered: [Plugin](User:False) AWS::EC2::Volume ->
2026-04-02 01:38:26.556 61865 INFO heat.engine.environment [-] Registered: [Plugin](User:False) AWS::EC2::VolumeAttachment ->
2026-04-02 01:38:26.556 61865 INFO heat.engine.environment [-] Registered: [Plugin](User:False) AWS::EC2::VPC ->
2026-04-02 01:38:26.556 61865 INFO heat.engine.environment [-] Registered: [Plugin](User:False) AWS::IAM::User ->
2026-04-02 01:38:26.557 61865 INFO heat.engine.environment [-] Registered: [Plugin](User:False) AWS::IAM::AccessKey ->
2026-04-02 01:38:26.557 61865 INFO heat.engine.environment [-] Registered: [Plugin](User:False) AWS::ElasticLoadBalancing::LoadBalancer ->
2026-04-02 01:38:26.557 61865 INFO heat.engine.environment [-] Registered: [Plugin](User:False) AWS::S3::Bucket ->
2026-04-02 01:38:26.557 61865 INFO heat.engine.environment [-] Registered: [Plugin](User:False) OS::Aodh::Alarm ->
2026-04-02 01:38:26.557 61865 INFO heat.engine.environment [-] Registered: [Plugin](User:False) OS::Aodh::CombinationAlarm ->
2026-04-02 01:38:26.557 61865 INFO heat.engine.environment [-] Registered: [Plugin](User:False) OS::Aodh::EventAlarm ->
2026-04-02 01:38:26.557 61865 INFO heat.engine.environment [-] Registered: [Plugin](User:False) OS::Aodh::LBMemberHealthAlarm ->
2026-04-02 01:38:26.557 61865 INFO heat.engine.environment [-] Registered: [Plugin](User:False) OS::Aodh::CompositeAlarm ->
2026-04-02 01:38:26.557 61865 INFO heat.engine.environment [-] Registered: [Plugin](User:False) OS::Aodh::GnocchiResourcesAlarm ->
2026-04-02 01:38:26.557 61865 INFO heat.engine.environment [-] Registered: [Plugin](User:False) OS::Aodh::GnocchiAggregationByMetricsAlarm ->
2026-04-02 01:38:26.558 61865 INFO heat.engine.environment [-] Registered: [Plugin](User:False) OS::Aodh::GnocchiAggregationByResourcesAlarm ->
2026-04-02 01:38:26.558 61865 INFO heat.engine.environment [-] Registered: [Plugin](User:False) OS::Barbican::GenericContainer ->
2026-04-02 01:38:26.558 61865 INFO heat.engine.environment [-] Registered: [Plugin](User:False) OS::Barbican::CertificateContainer ->
2026-04-02 01:38:26.558 61865 INFO heat.engine.environment [-] Registered: [Plugin](User:False) OS::Barbican::RSAContainer ->
2026-04-02 01:38:26.558 61865 INFO heat.engine.environment [-] Registered: [Plugin](User:False) OS::Barbican::Order ->
2026-04-02 01:38:26.558 61865 INFO heat.engine.environment [-] Registered: [Plugin](User:False) OS::Barbican::Secret ->
2026-04-02 01:38:26.558 61865 INFO heat.engine.environment [-] Registered: [Plugin](User:False) OS::Blazar::Host ->
2026-04-02 01:38:26.558 61865 INFO heat.engine.environment [-] Registered: [Plugin](User:False) OS::Blazar::Lease ->
2026-04-02 01:38:26.558 61865 INFO heat.engine.environment [-] Registered: [Plugin](User:False) OS::Cinder::EncryptedVolumeType ->
2026-04-02 01:38:26.558 61865 INFO heat.engine.environment [-] Registered: [Plugin](User:False) OS::Cinder::QoSSpecs ->
2026-04-02 01:38:26.558 61865 INFO heat.engine.environment [-] Registered: [Plugin](User:False) OS::Cinder::QoSAssociation ->
2026-04-02 01:38:26.559 61865 INFO heat.engine.environment [-] Registered: [Plugin](User:False) OS::Cinder::Quota ->
2026-04-02 01:38:26.559 61865 INFO heat.engine.environment [-] Registered: [Plugin](User:False) OS::Cinder::Volume ->
2026-04-02 01:38:26.559 61865 INFO heat.engine.environment [-] Registered: [Plugin](User:False) OS::Cinder::VolumeAttachment ->
2026-04-02 01:38:26.559 61865 INFO heat.engine.environment [-] Registered: [Plugin](User:False) OS::Cinder::VolumeType ->
2026-04-02 01:38:26.559 61865 INFO heat.engine.environment [-] Registered: [Plugin](User:False) OS::Designate::Domain ->
2026-04-02 01:38:26.559 61865 INFO heat.engine.environment [-] Registered: [Plugin](User:False) OS::Designate::Record ->
2026-04-02 01:38:26.559 61865 INFO heat.engine.environment [-] Registered: [Plugin](User:False) OS::Designate::RecordSet ->
2026-04-02 01:38:26.559 61865 INFO heat.engine.environment [-] Registered: [Plugin](User:False) OS::Designate::Zone ->
2026-04-02 01:38:26.559 61865 INFO heat.engine.environment [-] Registered: [Plugin](User:False) OS::Glance::Image ->
2026-04-02 01:38:26.559 61865 INFO heat.engine.environment [-] Registered: [Plugin](User:False) OS::Glance::WebImage ->
2026-04-02 01:38:26.559 61865 INFO heat.engine.environment [-] Registered: [Plugin](User:False) OS::Heat::AccessPolicy ->
2026-04-02 01:38:26.560 61865 INFO heat.engine.environment [-] Registered: [Plugin](User:False) OS::Heat::AutoScalingGroup ->
2026-04-02 01:38:26.560 61865 INFO heat.engine.environment [-] Registered: [Plugin](User:False) OS::Heat::CloudConfig ->
2026-04-02 01:38:26.560 61865 INFO heat.engine.environment [-] Registered: [Plugin](User:False) OS::Heat::Delay ->
2026-04-02 01:38:26.560 61865 INFO heat.engine.environment [-] Registered: [Plugin](User:False) OS::Heat::DeployedServer ->
2026-04-02 01:38:26.560 61865 INFO heat.engine.environment [-] Registered: [Plugin](User:False) OS::Heat::HARestarter ->
2026-04-02 01:38:26.560 61865 INFO heat.engine.environment [-] Registered: [Plugin](User:False) OS::Heat::InstanceGroup ->
2026-04-02 01:38:26.560 61865 INFO heat.engine.environment [-] Registered: [Plugin](User:False) OS::Heat::MultipartMime ->
2026-04-02 01:38:26.560 61865 INFO heat.engine.environment [-] Registered: [Plugin](User:False) OS::Heat::None ->
2026-04-02 01:38:26.560 61865 INFO heat.engine.environment [-] Registered: [Plugin](User:False) OS::Heat::RandomString ->
2026-04-02 01:38:26.560 61865 INFO heat.engine.environment [-] Registered: [Plugin](User:False) OS::Heat::Stack ->
2026-04-02 01:38:26.561 61865 INFO heat.engine.environment [-] Registered: [Plugin](User:False) OS::Heat::ResourceChain ->
2026-04-02 01:38:26.561 61865 INFO heat.engine.environment [-] Registered: [Plugin](User:False) OS::Heat::ResourceGroup ->
2026-04-02 01:38:26.561 61865 INFO heat.engine.environment [-] Registered: [Plugin](User:False) OS::Heat::ScalingPolicy ->
2026-04-02 01:38:26.561 61865 INFO heat.engine.environment [-] Registered: [Plugin](User:False) OS::Heat::SoftwareComponent ->
2026-04-02 01:38:26.561 61865 INFO heat.engine.environment [-] Registered: [Plugin](User:False) OS::Heat::SoftwareConfig ->
2026-04-02 01:38:26.561 61865 INFO heat.engine.environment [-] Registered: [Plugin](User:False) OS::Heat::SoftwareDeployment ->
2026-04-02 01:38:26.561 61865 INFO heat.engine.environment [-] Registered: [Plugin](User:False) OS::Heat::SoftwareDeploymentGroup ->
2026-04-02 01:38:26.561 61865 INFO heat.engine.environment [-] Registered: [Plugin](User:False) OS::Heat::SoftwareDeployments ->
2026-04-02 01:38:26.561 61865 INFO heat.engine.environment [-] Registered: [Plugin](User:False) OS::Heat::StructuredConfig ->
2026-04-02 01:38:26.561 61865 INFO heat.engine.environment [-] Registered: [Plugin](User:False) OS::Heat::StructuredDeployment ->
2026-04-02 01:38:26.561 61865 INFO heat.engine.environment [-] Registered: [Plugin](User:False) OS::Heat::StructuredDeploymentGroup ->
2026-04-02 01:38:26.562 61865 INFO heat.engine.environment [-] Registered: [Plugin](User:False) OS::Heat::StructuredDeployments ->
2026-04-02 01:38:26.562 61865 INFO heat.engine.environment [-] Registered: [Plugin](User:False) OS::Heat::SwiftSignal ->
2026-04-02 01:38:26.562 61865 INFO heat.engine.environment [-] Registered: [Plugin](User:False) OS::Heat::SwiftSignalHandle ->
2026-04-02 01:38:26.562 61865 INFO heat.engine.environment [-] Registered: [Plugin](User:False) OS::Heat::TestResource ->
2026-04-02 01:38:26.562 61865 INFO heat.engine.environment [-] Registered: [Plugin](User:False) OS::Heat::Value ->
2026-04-02 01:38:26.562 61865 INFO heat.engine.environment [-] Registered: [Plugin](User:False) OS::Heat::WaitCondition ->
2026-04-02 01:38:26.562 61865 INFO heat.engine.environment [-] Registered: [Plugin](User:False) OS::Heat::WaitConditionHandle ->
2026-04-02 01:38:26.562 61865 INFO heat.engine.environment [-] Registered: [Plugin](User:False) OS::Heat::UpdateWaitConditionHandle ->
2026-04-02 01:38:26.562 61865 INFO heat.engine.environment [-] Registered: [Plugin](User:False) OS::Ironic::Port ->
2026-04-02 01:38:26.562 61865 INFO heat.engine.environment [-] Registered: [Plugin](User:False) OS::Keystone::Domain ->
2026-04-02 01:38:26.562 61865 INFO heat.engine.environment [-] Registered: [Plugin](User:False) OS::Keystone::Endpoint ->
2026-04-02 01:38:26.562 61865 INFO heat.engine.environment [-] Registered: [Plugin](User:False) OS::Keystone::Group ->
2026-04-02 01:38:26.563 61865 INFO heat.engine.environment [-] Registered: [Plugin](User:False) OS::Keystone::Project ->
2026-04-02 01:38:26.563 61865 INFO heat.engine.environment [-] Registered: [Plugin](User:False) OS::Keystone::Region ->
2026-04-02 01:38:26.563 61865 INFO heat.engine.environment [-] Registered: [Plugin](User:False) OS::Keystone::Role ->
2026-04-02 01:38:26.563 61865 INFO heat.engine.environment [-] Registered: [Plugin](User:False) OS::Keystone::UserRoleAssignment ->
2026-04-02 01:38:26.563 61865 INFO heat.engine.environment [-] Registered: [Plugin](User:False) OS::Keystone::GroupRoleAssignment ->
2026-04-02 01:38:26.563 61865 INFO heat.engine.environment [-] Registered: [Plugin](User:False) OS::Keystone::Service ->
2026-04-02 01:38:26.563 61865 INFO heat.engine.environment [-] Registered: [Plugin](User:False) OS::Keystone::User ->
2026-04-02 01:38:26.563 61865 INFO heat.engine.environment [-] Registered: [Plugin](User:False) OS::Magnum::Bay ->
2026-04-02 01:38:26.563 61865 INFO heat.engine.environment [-] Registered: [Plugin](User:False) OS::Magnum::BayModel ->
2026-04-02 01:38:26.563 61865 INFO heat.engine.environment [-] Registered: [Plugin](User:False) OS::Magnum::Cluster ->
2026-04-02 01:38:26.563 61865 INFO heat.engine.environment [-] Registered: [Plugin](User:False) OS::Magnum::ClusterTemplate ->
2026-04-02 01:38:26.563 61865 INFO heat.engine.environment [-] Registered: [Plugin](User:False) OS::Manila::SecurityService ->
2026-04-02 01:38:26.564 61865 INFO heat.engine.environment [-] Registered: [Plugin](User:False) OS::Manila::Share ->
2026-04-02 01:38:26.564 61865 INFO heat.engine.environment [-] Registered: [Plugin](User:False) OS::Manila::ShareNetwork ->
2026-04-02 01:38:26.564 61865 INFO heat.engine.environment [-] Registered: [Plugin](User:False) OS::Manila::ShareType ->
2026-04-02 01:38:26.564 61865 INFO heat.engine.environment [-] Registered: [Plugin](User:False) OS::Mistral::CronTrigger ->
2026-04-02 01:38:26.564 61865 INFO heat.engine.environment [-] Registered: [Plugin](User:False) OS::Mistral::ExternalResource ->
2026-04-02 01:38:26.564 61865 INFO heat.engine.environment [-] Registered: [Plugin](User:False) OS::Mistral::Workflow ->
2026-04-02 01:38:26.564 61865 INFO heat.engine.environment [-] Registered: [Plugin](User:False) OS::Monasca::AlarmDefinition ->
2026-04-02 01:38:26.564 61865 INFO heat.engine.environment [-] Registered: [Plugin](User:False) OS::Monasca::Notification ->
2026-04-02 01:38:26.564 61865 INFO heat.engine.environment [-] Registered: [Plugin](User:False) OS::Neutron::AddressScope ->
2026-04-02 01:38:26.564 61865 INFO heat.engine.environment [-] Registered: [Plugin](User:False) OS::Neutron::ExtraRoute ->
2026-04-02 01:38:26.564 61865 INFO heat.engine.environment [-] Registered: [Plugin](User:False) OS::Neutron::ExtraRouteSet ->
2026-04-02 01:38:26.564 61865 INFO heat.engine.environment [-] Registered: [Plugin](User:False) OS::Neutron::Firewall ->
2026-04-02 01:38:26.565 61865 INFO heat.engine.environment [-] Registered: [Plugin](User:False) OS::Neutron::FirewallPolicy ->
2026-04-02 01:38:26.565 61865 INFO heat.engine.environment [-] Registered: [Plugin](User:False) OS::Neutron::FirewallRule ->
2026-04-02 01:38:26.565 61865 INFO heat.engine.environment [-] Registered: [Plugin](User:False) OS::Neutron::FloatingIP ->
2026-04-02 01:38:26.565 61865 INFO heat.engine.environment [-] Registered: [Plugin](User:False) OS::Neutron::FloatingIPAssociation ->
2026-04-02 01:38:26.565 61865 INFO heat.engine.environment [-] Registered: [Plugin](User:False) OS::Neutron::L2Gateway ->
2026-04-02 01:38:26.565 61865 INFO heat.engine.environment [-] Registered: [Plugin](User:False) OS::Neutron::L2GatewayConnection ->
2026-04-02 01:38:26.565 61865 INFO heat.engine.environment [-] Registered: [Plugin](User:False) OS::Neutron::LBaaS::HealthMonitor ->
2026-04-02 01:38:26.565 61865 INFO heat.engine.environment [-] Registered: [Plugin](User:False) OS::Neutron::LBaaS::L7Policy ->
2026-04-02 01:38:26.565 61865 INFO heat.engine.environment [-] Registered: [Plugin](User:False) OS::Neutron::LBaaS::L7Rule ->
2026-04-02 01:38:26.565 61865 INFO heat.engine.environment [-] Registered: [Plugin](User:False) OS::Neutron::LBaaS::Listener ->
2026-04-02 01:38:26.565 61865 INFO heat.engine.environment [-] Registered: [Plugin](User:False) OS::Neutron::LBaaS::LoadBalancer ->
2026-04-02 01:38:26.565 61865 INFO heat.engine.environment [-] Registered: [Plugin](User:False) OS::Neutron::LBaaS::Pool ->
2026-04-02 01:38:26.566 61865 INFO heat.engine.environment [-] Registered: [Plugin](User:False) OS::Neutron::LBaaS::PoolMember ->
2026-04-02 01:38:26.566 61865 INFO heat.engine.environment [-] Registered: [Plugin](User:False) OS::Neutron::HealthMonitor ->
2026-04-02 01:38:26.566 61865 INFO heat.engine.environment [-] Registered: [Plugin](User:False) OS::Neutron::Pool ->
2026-04-02 01:38:26.566 61865 INFO heat.engine.environment [-] Registered: [Plugin](User:False) OS::Neutron::PoolMember ->
2026-04-02 01:38:26.566 61865 INFO heat.engine.environment [-] Registered: [Plugin](User:False) OS::Neutron::LoadBalancer ->
2026-04-02 01:38:26.566 61865 INFO heat.engine.environment [-] Registered: [Plugin](User:False) OS::Neutron::MeteringLabel ->
2026-04-02 01:38:26.566 61865 INFO heat.engine.environment [-] Registered: [Plugin](User:False) OS::Neutron::MeteringRule ->
2026-04-02 01:38:26.566 61865 INFO heat.engine.environment [-] Registered: [Plugin](User:False) OS::Neutron::Net ->
2026-04-02 01:38:26.566 61865 INFO heat.engine.environment [-] Registered: [Plugin](User:False) OS::Neutron::NetworkGateway ->
2026-04-02 01:38:26.566 61865 INFO heat.engine.environment [-] Registered: [Plugin](User:False) OS::Neutron::Port ->
2026-04-02 01:38:26.566 61865 INFO heat.engine.environment [-] Registered: [Plugin](User:False) OS::Neutron::ProviderNet ->
2026-04-02 01:38:26.566 61865 INFO heat.engine.environment [-] Registered: [Plugin](User:False) OS::Neutron::QoSPolicy ->
2026-04-02 01:38:26.567 61865 INFO heat.engine.environment [-] Registered: [Plugin](User:False) OS::Neutron::QoSBandwidthLimitRule ->
2026-04-02 01:38:26.567 61865 INFO heat.engine.environment [-] Registered: [Plugin](User:False) OS::Neutron::QoSDscpMarkingRule ->
2026-04-02 01:38:26.567 61865 INFO heat.engine.environment [-] Registered: [Plugin](User:False) OS::Neutron::QoSMinimumBandwidthRule ->
2026-04-02 01:38:26.567 61865 INFO heat.engine.environment [-] Registered: [Plugin](User:False) OS::Neutron::Quota ->
2026-04-02 01:38:26.567 61865 INFO heat.engine.environment [-] Registered: [Plugin](User:False) OS::Neutron::RBACPolicy ->
2026-04-02 01:38:26.567 61865 INFO heat.engine.environment [-] Registered: [Plugin](User:False) OS::Neutron::Router ->
