2026-04-02 02:09:36.002 7 DEBUG oslo_service.service [-] ml2_type_gre.tunnel_id_ranges = [] log_opt_values /var/lib/kolla/venv/lib/python3.6/site-packages/oslo_config/cfg.py:2611
2026-04-02 02:09:36.002 7 DEBUG oslo_service.service [-] ml2_type_vlan.network_vlan_ranges = [] log_opt_values /var/lib/kolla/venv/lib/python3.6/site-packages/oslo_config/cfg.py:2611
2026-04-02 02:09:36.003 7 DEBUG oslo_service.service [-] ml2_type_vxlan.vni_ranges = [] log_opt_values /var/lib/kolla/venv/lib/python3.6/site-packages/oslo_config/cfg.py:2611
2026-04-02 02:09:36.003 7 DEBUG oslo_service.service [-] ml2_type_vxlan.vxlan_group = None log_opt_values /var/lib/kolla/venv/lib/python3.6/site-packages/oslo_config/cfg.py:2611
2026-04-02 02:09:36.003 7 DEBUG oslo_service.service [-] database.backend = sqlalchemy log_opt_values /var/lib/kolla/venv/lib/python3.6/site-packages/oslo_config/cfg.py:2611
2026-04-02 02:09:36.003 7 DEBUG oslo_service.service [-] database.connection = **** log_opt_values /var/lib/kolla/venv/lib/python3.6/site-packages/oslo_config/cfg.py:2611
2026-04-02 02:09:36.003 7 DEBUG oslo_service.service [-] database.connection_debug = 0 log_opt_values /var/lib/kolla/venv/lib/python3.6/site-packages/oslo_config/cfg.py:2611
2026-04-02 02:09:36.003 7 DEBUG oslo_service.service [-] database.connection_parameters = log_opt_values /var/lib/kolla/venv/lib/python3.6/site-packages/oslo_config/cfg.py:2611
2026-04-02 02:09:36.003 7 DEBUG oslo_service.service [-] database.connection_recycle_time = 10 log_opt_values /var/lib/kolla/venv/lib/python3.6/site-packages/oslo_config/cfg.py:2611
2026-04-02 02:09:36.003 7 DEBUG oslo_service.service [-] database.connection_trace = False log_opt_values /var/lib/kolla/venv/lib/python3.6/site-packages/oslo_config/cfg.py:2611
2026-04-02 02:09:36.003 7 DEBUG oslo_service.service [-] database.db_inc_retry_interval = True log_opt_values /var/lib/kolla/venv/lib/python3.6/site-packages/oslo_config/cfg.py:2611
2026-04-02 02:09:36.003 7 DEBUG oslo_service.service [-] database.db_max_retries = 20 log_opt_values /var/lib/kolla/venv/lib/python3.6/site-packages/oslo_config/cfg.py:2611
2026-04-02 02:09:36.003 7 DEBUG oslo_service.service [-] database.db_max_retry_interval = 10 log_opt_values /var/lib/kolla/venv/lib/python3.6/site-packages/oslo_config/cfg.py:2611
2026-04-02 02:09:36.003 7 DEBUG oslo_service.service [-] database.db_retry_interval = 1 log_opt_values /var/lib/kolla/venv/lib/python3.6/site-packages/oslo_config/cfg.py:2611
2026-04-02 02:09:36.003 7 DEBUG oslo_service.service [-] database.max_overflow = 50 log_opt_values /var/lib/kolla/venv/lib/python3.6/site-packages/oslo_config/cfg.py:2611
2026-04-02 02:09:36.003 7 DEBUG oslo_service.service [-] database.max_pool_size = 1 log_opt_values /var/lib/kolla/venv/lib/python3.6/site-packages/oslo_config/cfg.py:2611
2026-04-02 02:09:36.003 7 DEBUG oslo_service.service [-] database.max_retries = -1 log_opt_values /var/lib/kolla/venv/lib/python3.6/site-packages/oslo_config/cfg.py:2611
2026-04-02 02:09:36.003 7 DEBUG oslo_service.service [-] database.mysql_enable_ndb = False log_opt_values /var/lib/kolla/venv/lib/python3.6/site-packages/oslo_config/cfg.py:2611
2026-04-02 02:09:36.003 7 DEBUG oslo_service.service [-] database.mysql_sql_mode = TRADITIONAL log_opt_values /var/lib/kolla/venv/lib/python3.6/site-packages/oslo_config/cfg.py:2611
2026-04-02 02:09:36.004 7 DEBUG oslo_service.service [-] database.pool_timeout = None log_opt_values /var/lib/kolla/venv/lib/python3.6/site-packages/oslo_config/cfg.py:2611
2026-04-02 02:09:36.004 7 DEBUG oslo_service.service [-] database.retry_interval = 10 log_opt_values /var/lib/kolla/venv/lib/python3.6/site-packages/oslo_config/cfg.py:2611
2026-04-02 02:09:36.004 7 DEBUG oslo_service.service [-] database.slave_connection = **** log_opt_values /var/lib/kolla/venv/lib/python3.6/site-packages/oslo_config/cfg.py:2611
2026-04-02 02:09:36.004 7 DEBUG oslo_service.service [-] database.sqlite_synchronous = True log_opt_values /var/lib/kolla/venv/lib/python3.6/site-packages/oslo_config/cfg.py:2611
2026-04-02 02:09:36.004 7 DEBUG oslo_service.service [-] database.use_db_reconnect = False log_opt_values /var/lib/kolla/venv/lib/python3.6/site-packages/oslo_config/cfg.py:2611
2026-04-02 02:09:36.004 7 DEBUG oslo_service.service [-] ******************************************************************************** log_opt_values /var/lib/kolla/venv/lib/python3.6/site-packages/oslo_config/cfg.py:2613
2026-04-02 02:09:37.521 22 DEBUG neutron.wsgi [-] (22) accepted ('10.0.0.49', 36498) server /var/lib/kolla/venv/lib/python3.6/site-packages/eventlet/wsgi.py:1004
2026-04-02 02:09:37.528 22 INFO neutron.wsgi [-] 10.0.0.49 "GET / HTTP/1.1" status: 200 len: 227 time: 0.0051479
2026-04-02 02:09:39.843 23 DEBUG neutron.api.rpc.handlers.dhcp_rpc [req-064f8ecf-0bb2-45f9-9d68-8f5a5aa08a56 - - - - -] get_active_networks_info from cn-jenkins-deploy-platform-ansible-os-5574-1 get_active_networks_info /var/lib/kolla/venv/lib/python3.6/site-packages/neutron/api/rpc/handlers/dhcp_rpc.py:159
2026-04-02 02:09:39.868 26 DEBUG neutron_lib.callbacks.manager [req-f022dfaf-5601-4015-ba5f-56967845679f - - - - -] Publish callbacks ['neutron.services.segments.db._update_segment_host_mapping_for_agent-8749845011776', 'neutron.services.l3_router.l3_router_plugin.DVRResourceOperationHandler.create_fip_agent_gw_ports--9223372036850983963'] for agent (d23c0255-d3b3-4b69-b729-ae7a89ca2878), after_create _notify_loop /var/lib/kolla/venv/lib/python3.6/site-packages/neutron_lib/callbacks/manager.py:177
2026-04-02 02:09:39.882 23 DEBUG neutron.scheduler.dhcp_agent_scheduler [req-064f8ecf-0bb2-45f9-9d68-8f5a5aa08a56 - - - - -] No non-hosted networks auto_schedule_networks /var/lib/kolla/venv/lib/python3.6/site-packages/neutron/scheduler/dhcp_agent_scheduler.py:60
2026-04-02 02:09:58.001 28 DEBUG neutron_lib.callbacks.manager [req-dfe72ddc-9a76-48f6-a6c1-8edc962a8d4f - - - - -] Publish callbacks ['neutron.services.segments.db._update_segment_host_mapping_for_agent-8749845011776', 'neutron.services.l3_router.l3_router_plugin.DVRResourceOperationHandler.create_fip_agent_gw_ports--9223372036850983963'] for agent (f1f4fa80-99ad-4675-8b5c-953be9c5917d), after_create _notify_loop /var/lib/kolla/venv/lib/python3.6/site-packages/neutron_lib/callbacks/manager.py:177
2026-04-02 02:10:07.576 22 DEBUG neutron.wsgi [-] (22) accepted ('10.0.0.49', 50988) server /var/lib/kolla/venv/lib/python3.6/site-packages/eventlet/wsgi.py:1004
2026-04-02 02:10:07.580 22 INFO neutron.wsgi [-] 10.0.0.49 "GET / HTTP/1.1" status: 200 len: 227 time: 0.0035384
2026-04-02 02:10:09.839 23 DEBUG neutron_lib.callbacks.manager [req-963ffab3-feaa-4703-a767-1b1f3fa6bdc5 - - - - -] Publish callbacks ['neutron.services.segments.db._update_segment_host_mapping_for_agent-8749845011776', 'neutron.plugins.ml2.plugin.Ml2Plugin._retry_binding_revived_agents-1320979'] for agent (d23c0255-d3b3-4b69-b729-ae7a89ca2878), after_update _notify_loop /var/lib/kolla/venv/lib/python3.6/site-packages/neutron_lib/callbacks/manager.py:177
2026-04-02 02:10:27.982 25 DEBUG neutron_lib.callbacks.manager [req-dfe72ddc-9a76-48f6-a6c1-8edc962a8d4f - - - - -] Publish callbacks ['neutron.services.segments.db._update_segment_host_mapping_for_agent-8749845011776', 'neutron.plugins.ml2.plugin.Ml2Plugin._retry_binding_revived_agents-1320979'] for agent (f1f4fa80-99ad-4675-8b5c-953be9c5917d), after_update _notify_loop /var/lib/kolla/venv/lib/python3.6/site-packages/neutron_lib/callbacks/manager.py:177
2026-04-02 02:10:37.629 22 DEBUG neutron.wsgi [-] (22) accepted ('10.0.0.49', 40598) server /var/lib/kolla/venv/lib/python3.6/site-packages/eventlet/wsgi.py:1004
2026-04-02 02:10:37.634 22 INFO neutron.wsgi [-] 10.0.0.49 "GET / HTTP/1.1" status: 200 len: 227 time: 0.0036952
2026-04-02 02:10:39.857 27 DEBUG neutron_lib.callbacks.manager [req-b38c3072-00ac-4a42-b829-c87c2ac82759 - - - - -] Publish callbacks ['neutron.services.segments.db._update_segment_host_mapping_for_agent-8749845011776', 'neutron.plugins.ml2.plugin.Ml2Plugin._retry_binding_revived_agents-1320979'] for agent (d23c0255-d3b3-4b69-b729-ae7a89ca2878), after_update _notify_loop /var/lib/kolla/venv/lib/python3.6/site-packages/neutron_lib/callbacks/manager.py:177
2026-04-02 02:10:39.979 29 DEBUG neutron.db.agents_db [req-0d793557-af6d-4da6-b7d8-2d3b40bfeab8 - - - - -] Agent healthcheck: found 2 active agents agent_health_check /var/lib/kolla/venv/lib/python3.6/site-packages/neutron/db/agents_db.py:318
2026-04-02 02:10:57.988 24 DEBUG neutron_lib.callbacks.manager [req-dfe72ddc-9a76-48f6-a6c1-8edc962a8d4f - - - - -] Publish callbacks ['neutron.services.segments.db._update_segment_host_mapping_for_agent-8749845011776', 'neutron.plugins.ml2.plugin.Ml2Plugin._retry_binding_revived_agents-1320979'] for agent (f1f4fa80-99ad-4675-8b5c-953be9c5917d), after_update _notify_loop /var/lib/kolla/venv/lib/python3.6/site-packages/neutron_lib/callbacks/manager.py:177
2026-04-02 02:11:07.686 22 DEBUG neutron.wsgi [-] (22) accepted ('10.0.0.49', 44200) server /var/lib/kolla/venv/lib/python3.6/site-packages/eventlet/wsgi.py:1004
2026-04-02 02:11:07.690 22 INFO neutron.wsgi [-] 10.0.0.49 "GET / HTTP/1.1" status: 200 len: 227 time: 0.0030046
2026-04-02 02:11:09.845 26 DEBUG neutron_lib.callbacks.manager [req-3ad81a89-3ea2-4382-b618-d5701a2a51ff - - - - -] Publish callbacks ['neutron.services.segments.db._update_segment_host_mapping_for_agent-8749845011776', 'neutron.plugins.ml2.plugin.Ml2Plugin._retry_binding_revived_agents-1320979'] for agent (d23c0255-d3b3-4b69-b729-ae7a89ca2878), after_update _notify_loop /var/lib/kolla/venv/lib/python3.6/site-packages/neutron_lib/callbacks/manager.py:177
2026-04-02 02:11:16.967 29 DEBUG neutron.db.agents_db [req-0d793557-af6d-4da6-b7d8-2d3b40bfeab8 - - - - -] Agent healthcheck: found 2 active agents agent_health_check /var/lib/kolla/venv/lib/python3.6/site-packages/neutron/db/agents_db.py:318
2026-04-02 02:11:27.974 28 DEBUG neutron_lib.callbacks.manager [req-dfe72ddc-9a76-48f6-a6c1-8edc962a8d4f - - - - -] Publish callbacks ['neutron.services.segments.db._update_segment_host_mapping_for_agent-8749845011776', 'neutron.plugins.ml2.plugin.Ml2Plugin._retry_binding_revived_agents-1320979'] for agent (f1f4fa80-99ad-4675-8b5c-953be9c5917d), after_update _notify_loop /var/lib/kolla/venv/lib/python3.6/site-packages/neutron_lib/callbacks/manager.py:177
2026-04-02 02:11:37.736 22 DEBUG neutron.wsgi [-] (22) accepted ('10.0.0.49', 38932) server /var/lib/kolla/venv/lib/python3.6/site-packages/eventlet/wsgi.py:1004
2026-04-02 02:11:37.740 22 INFO neutron.wsgi [-] 10.0.0.49 "GET / HTTP/1.1" status: 200 len: 227 time: 0.0029132
2026-04-02 02:11:39.845 23 DEBUG neutron_lib.callbacks.manager [req-9599ab30-1045-49ac-8bac-0249de3b3935 - - - - -] Publish callbacks ['neutron.services.segments.db._update_segment_host_mapping_for_agent-8749845011776', 'neutron.plugins.ml2.plugin.Ml2Plugin._retry_binding_revived_agents-1320979'] for agent (d23c0255-d3b3-4b69-b729-ae7a89ca2878), after_update _notify_loop /var/lib/kolla/venv/lib/python3.6/site-packages/neutron_lib/callbacks/manager.py:177
2026-04-02 02:11:53.968 29 DEBUG neutron.db.agents_db [req-0d793557-af6d-4da6-b7d8-2d3b40bfeab8 - - - - -] Agent healthcheck: found 2 active agents agent_health_check /var/lib/kolla/venv/lib/python3.6/site-packages/neutron/db/agents_db.py:318
2026-04-02 02:11:57.975 25 DEBUG neutron_lib.callbacks.manager [req-dfe72ddc-9a76-48f6-a6c1-8edc962a8d4f - - - - -] Publish callbacks ['neutron.services.segments.db._update_segment_host_mapping_for_agent-8749845011776', 'neutron.plugins.ml2.plugin.Ml2Plugin._retry_binding_revived_agents-1320979'] for agent (f1f4fa80-99ad-4675-8b5c-953be9c5917d), after_update _notify_loop /var/lib/kolla/venv/lib/python3.6/site-packages/neutron_lib/callbacks/manager.py:177
2026-04-02 02:12:07.788 22 DEBUG neutron.wsgi [-] (22) accepted ('10.0.0.49', 42388) server /var/lib/kolla/venv/lib/python3.6/site-packages/eventlet/wsgi.py:1004
2026-04-02 02:12:07.793 22 INFO neutron.wsgi [-] 10.0.0.49 "GET / HTTP/1.1" status: 200 len: 227 time: 0.0049822
2026-04-02 02:12:09.843 27 DEBUG neutron_lib.callbacks.manager [req-edd88839-e3f7-4623-b4d3-149f263e99eb - - - - -] Publish callbacks ['neutron.services.segments.db._update_segment_host_mapping_for_agent-8749845011776', 'neutron.plugins.ml2.plugin.Ml2Plugin._retry_binding_revived_agents-1320979'] for agent (d23c0255-d3b3-4b69-b729-ae7a89ca2878), after_update _notify_loop /var/lib/kolla/venv/lib/python3.6/site-packages/neutron_lib/callbacks/manager.py:177
2026-04-02 02:12:27.981 24 DEBUG neutron_lib.callbacks.manager [req-dfe72ddc-9a76-48f6-a6c1-8edc962a8d4f - - - - -] Publish callbacks ['neutron.services.segments.db._update_segment_host_mapping_for_agent-8749845011776', 'neutron.plugins.ml2.plugin.Ml2Plugin._retry_binding_revived_agents-1320979'] for agent (f1f4fa80-99ad-4675-8b5c-953be9c5917d), after_update _notify_loop /var/lib/kolla/venv/lib/python3.6/site-packages/neutron_lib/callbacks/manager.py:177
2026-04-02 02:12:30.967 29 DEBUG neutron.db.agents_db [req-0d793557-af6d-4da6-b7d8-2d3b40bfeab8 - - - - -] Agent healthcheck: found 2 active agents agent_health_check /var/lib/kolla/venv/lib/python3.6/site-packages/neutron/db/agents_db.py:318
2026-04-02 02:12:37.840 22 DEBUG neutron.wsgi [-] (22) accepted ('10.0.0.49', 41016) server /var/lib/kolla/venv/lib/python3.6/site-packages/eventlet/wsgi.py:1004
2026-04-02 02:12:37.843 22 INFO neutron.wsgi [-] 10.0.0.49 "GET / HTTP/1.1" status: 200 len: 227 time: 0.0027683
2026-04-02 02:12:39.841 26 DEBUG neutron_lib.callbacks.manager [req-37231405-3fb4-42ef-afda-7d3160cf5d69 - - - - -] Publish callbacks ['neutron.services.segments.db._update_segment_host_mapping_for_agent-8749845011776', 'neutron.plugins.ml2.plugin.Ml2Plugin._retry_binding_revived_agents-1320979'] for agent (d23c0255-d3b3-4b69-b729-ae7a89ca2878), after_update _notify_loop /var/lib/kolla/venv/lib/python3.6/site-packages/neutron_lib/callbacks/manager.py:177
2026-04-02 02:12:57.987 28 DEBUG neutron_lib.callbacks.manager [req-dfe72ddc-9a76-48f6-a6c1-8edc962a8d4f - - - - -] Publish callbacks ['neutron.services.segments.db._update_segment_host_mapping_for_agent-8749845011776', 'neutron.plugins.ml2.plugin.Ml2Plugin._retry_binding_revived_agents-1320979'] for agent (f1f4fa80-99ad-4675-8b5c-953be9c5917d), after_update _notify_loop /var/lib/kolla/venv/lib/python3.6/site-packages/neutron_lib/callbacks/manager.py:177
2026-04-02 02:13:07.889 22 DEBUG neutron.wsgi [-] (22) accepted ('10.0.0.49', 35810) server /var/lib/kolla/venv/lib/python3.6/site-packages/eventlet/wsgi.py:1004
2026-04-02 02:13:07.893 22 INFO neutron.wsgi [-] 10.0.0.49 "GET / HTTP/1.1" status: 200 len: 227 time: 0.0035255
2026-04-02 02:13:07.964 29 DEBUG neutron.db.agents_db [req-0d793557-af6d-4da6-b7d8-2d3b40bfeab8 - - - - -] Agent healthcheck: found 2 active agents agent_health_check /var/lib/kolla/venv/lib/python3.6/site-packages/neutron/db/agents_db.py:318
2026-04-02 02:13:09.841 23 DEBUG neutron_lib.callbacks.manager [req-8ed6be07-f7eb-4430-80d4-fdcd8a6151bb - - - - -] Publish callbacks ['neutron.services.segments.db._update_segment_host_mapping_for_agent-8749845011776', 'neutron.plugins.ml2.plugin.Ml2Plugin._retry_binding_revived_agents-1320979'] for agent (d23c0255-d3b3-4b69-b729-ae7a89ca2878), after_update _notify_loop /var/lib/kolla/venv/lib/python3.6/site-packages/neutron_lib/callbacks/manager.py:177
2026-04-02 02:13:27.986 25 DEBUG neutron_lib.callbacks.manager [req-dfe72ddc-9a76-48f6-a6c1-8edc962a8d4f - - - - -] Publish callbacks ['neutron.services.segments.db._update_segment_host_mapping_for_agent-8749845011776', 'neutron.plugins.ml2.plugin.Ml2Plugin._retry_binding_revived_agents-1320979'] for agent (f1f4fa80-99ad-4675-8b5c-953be9c5917d), after_update _notify_loop /var/lib/kolla/venv/lib/python3.6/site-packages/neutron_lib/callbacks/manager.py:177
2026-04-02 02:13:37.942 22 DEBUG neutron.wsgi [-] (22) accepted ('10.0.0.49', 57916) server /var/lib/kolla/venv/lib/python3.6/site-packages/eventlet/wsgi.py:1004
2026-04-02 02:13:37.945 22 INFO neutron.wsgi [-] 10.0.0.49 "GET / HTTP/1.1" status: 200 len: 227 time: 0.0028374
2026-04-02 02:13:39.842 27 DEBUG neutron_lib.callbacks.manager [req-0bcfd62a-37d5-4f2e-893a-982bb41dcfc1 - - - - -] Publish callbacks ['neutron.services.segments.db._update_segment_host_mapping_for_agent-8749845011776', 'neutron.plugins.ml2.plugin.Ml2Plugin._retry_binding_revived_agents-1320979'] for agent (d23c0255-d3b3-4b69-b729-ae7a89ca2878), after_update _notify_loop /var/lib/kolla/venv/lib/python3.6/site-packages/neutron_lib/callbacks/manager.py:177
2026-04-02 02:13:44.966 29 DEBUG neutron.db.agents_db [req-0d793557-af6d-4da6-b7d8-2d3b40bfeab8 - - - - -] Agent healthcheck: found 2 active agents agent_health_check /var/lib/kolla/venv/lib/python3.6/site-packages/neutron/db/agents_db.py:318
2026-04-02 02:13:57.987 24 DEBUG neutron_lib.callbacks.manager [req-dfe72ddc-9a76-48f6-a6c1-8edc962a8d4f - - - - -] Publish callbacks ['neutron.services.segments.db._update_segment_host_mapping_for_agent-8749845011776', 'neutron.plugins.ml2.plugin.Ml2Plugin._retry_binding_revived_agents-1320979'] for agent (f1f4fa80-99ad-4675-8b5c-953be9c5917d), after_update _notify_loop /var/lib/kolla/venv/lib/python3.6/site-packages/neutron_lib/callbacks/manager.py:177
2026-04-02 02:14:07.991 22 DEBUG neutron.wsgi [-] (22) accepted ('10.0.0.49', 60108) server /var/lib/kolla/venv/lib/python3.6/site-packages/eventlet/wsgi.py:1004
2026-04-02 02:14:07.996 22 INFO neutron.wsgi [-] 10.0.0.49 "GET / HTTP/1.1" status: 200 len: 227 time: 0.0030453
2026-04-02 02:14:09.840 26 DEBUG neutron_lib.callbacks.manager [req-a2052153-241f-4455-95a9-a05cc6506ecf - - - - -] Publish callbacks ['neutron.services.segments.db._update_segment_host_mapping_for_agent-8749845011776', 'neutron.plugins.ml2.plugin.Ml2Plugin._retry_binding_revived_agents-1320979'] for agent (d23c0255-d3b3-4b69-b729-ae7a89ca2878), after_update _notify_loop /var/lib/kolla/venv/lib/python3.6/site-packages/neutron_lib/callbacks/manager.py:177
2026-04-02 02:14:21.964 29 DEBUG neutron.db.agents_db [req-0d793557-af6d-4da6-b7d8-2d3b40bfeab8 - - - - -] Agent healthcheck: found 2 active agents agent_health_check /var/lib/kolla/venv/lib/python3.6/site-packages/neutron/db/agents_db.py:318
2026-04-02 02:14:27.990 28 DEBUG neutron_lib.callbacks.manager [req-dfe72ddc-9a76-48f6-a6c1-8edc962a8d4f - - - - -] Publish callbacks ['neutron.services.segments.db._update_segment_host_mapping_for_agent-8749845011776', 'neutron.plugins.ml2.plugin.Ml2Plugin._retry_binding_revived_agents-1320979'] for agent (f1f4fa80-99ad-4675-8b5c-953be9c5917d), after_update _notify_loop /var/lib/kolla/venv/lib/python3.6/site-packages/neutron_lib/callbacks/manager.py:177
2026-04-02 02:14:38.054 22 DEBUG neutron.wsgi [-] (22) accepted ('10.0.0.49', 33994) server /var/lib/kolla/venv/lib/python3.6/site-packages/eventlet/wsgi.py:1004
2026-04-02 02:14:38.059 22 INFO neutron.wsgi [-] 10.0.0.49 "GET / HTTP/1.1" status: 200 len: 227 time: 0.0036211
2026-04-02 02:14:39.837 23 DEBUG neutron_lib.callbacks.manager [req-9b248756-5a45-469f-9714-9cb1408d5d2e - - - - -] Publish callbacks ['neutron.services.segments.db._update_segment_host_mapping_for_agent-8749845011776', 'neutron.plugins.ml2.plugin.Ml2Plugin._retry_binding_revived_agents-1320979'] for agent (d23c0255-d3b3-4b69-b729-ae7a89ca2878), after_update _notify_loop /var/lib/kolla/venv/lib/python3.6/site-packages/neutron_lib/callbacks/manager.py:177
2026-04-02 02:14:57.992 25 DEBUG neutron_lib.callbacks.manager [req-dfe72ddc-9a76-48f6-a6c1-8edc962a8d4f - - - - -] Publish callbacks ['neutron.services.segments.db._update_segment_host_mapping_for_agent-8749845011776', 'neutron.plugins.ml2.plugin.Ml2Plugin._retry_binding_revived_agents-1320979'] for agent (f1f4fa80-99ad-4675-8b5c-953be9c5917d), after_update _notify_loop /var/lib/kolla/venv/lib/python3.6/site-packages/neutron_lib/callbacks/manager.py:177
2026-04-02 02:14:58.963 29 DEBUG neutron.db.agents_db [req-0d793557-af6d-4da6-b7d8-2d3b40bfeab8 - - - - -] Agent healthcheck: found 2 active agents agent_health_check /var/lib/kolla/venv/lib/python3.6/site-packages/neutron/db/agents_db.py:318
2026-04-02 02:15:08.108 22 DEBUG neutron.wsgi [-] (22) accepted ('10.0.0.49', 47616) server /var/lib/kolla/venv/lib/python3.6/site-packages/eventlet/wsgi.py:1004
2026-04-02 02:15:08.111 22 INFO neutron.wsgi [-] 10.0.0.49 "GET / HTTP/1.1" status: 200 len: 227 time: 0.0025258
2026-04-02 02:15:09.834 27 DEBUG neutron_lib.callbacks.manager [req-af023772-9b49-4ab1-8709-3b08c0af51c5 - - - - -] Publish callbacks ['neutron.services.segments.db._update_segment_host_mapping_for_agent-8749845011776', 'neutron.plugins.ml2.plugin.Ml2Plugin._retry_binding_revived_agents-1320979'] for agent (d23c0255-d3b3-4b69-b729-ae7a89ca2878), after_update _notify_loop /var/lib/kolla/venv/lib/python3.6/site-packages/neutron_lib/callbacks/manager.py:177
2026-04-02 02:15:28.047 24 DEBUG neutron_lib.callbacks.manager [req-dfe72ddc-9a76-48f6-a6c1-8edc962a8d4f - - - - -] Publish callbacks ['neutron.services.segments.db._update_segment_host_mapping_for_agent-8749845011776', 'neutron.plugins.ml2.plugin.Ml2Plugin._retry_binding_revived_agents-1320979'] for agent (f1f4fa80-99ad-4675-8b5c-953be9c5917d), after_update _notify_loop /var/lib/kolla/venv/lib/python3.6/site-packages/neutron_lib/callbacks/manager.py:177
2026-04-02 02:15:35.964 29 DEBUG neutron.db.agents_db [req-0d793557-af6d-4da6-b7d8-2d3b40bfeab8 - - - - -] Agent healthcheck: found 2 active agents agent_health_check /var/lib/kolla/venv/lib/python3.6/site-packages/neutron/db/agents_db.py:318
2026-04-02 02:15:38.158 22 DEBUG neutron.wsgi [-] (22) accepted ('10.0.0.49', 48060) server /var/lib/kolla/venv/lib/python3.6/site-packages/eventlet/wsgi.py:1004
2026-04-02 02:15:38.162 22 INFO neutron.wsgi [-] 10.0.0.49 "GET / HTTP/1.1" status: 200 len: 227 time: 0.0027466
2026-04-02 02:15:39.835 26 DEBUG neutron_lib.callbacks.manager [req-be651307-2865-4b2c-90ab-d6def3ae928a - - - - -] Publish callbacks ['neutron.services.segments.db._update_segment_host_mapping_for_agent-8749845011776', 'neutron.plugins.ml2.plugin.Ml2Plugin._retry_binding_revived_agents-1320979'] for agent (d23c0255-d3b3-4b69-b729-ae7a89ca2878), after_update _notify_loop /var/lib/kolla/venv/lib/python3.6/site-packages/neutron_lib/callbacks/manager.py:177
2026-04-02 02:15:58.003 28 DEBUG neutron_lib.callbacks.manager [req-dfe72ddc-9a76-48f6-a6c1-8edc962a8d4f - - - - -] Publish callbacks ['neutron.services.segments.db._update_segment_host_mapping_for_agent-8749845011776', 'neutron.plugins.ml2.plugin.Ml2Plugin._retry_binding_revived_agents-1320979'] for agent (f1f4fa80-99ad-4675-8b5c-953be9c5917d), after_update _notify_loop /var/lib/kolla/venv/lib/python3.6/site-packages/neutron_lib/callbacks/manager.py:177
2026-04-02 02:16:08.208 22 DEBUG neutron.wsgi [-] (22) accepted ('10.0.0.49', 47600) server /var/lib/kolla/venv/lib/python3.6/site-packages/eventlet/wsgi.py:1004
2026-04-02 02:16:08.211 22 INFO neutron.wsgi [-] 10.0.0.49 "GET / HTTP/1.1" status: 200 len: 227 time: 0.0027366
2026-04-02 02:16:09.833 23 DEBUG neutron_lib.callbacks.manager [req-7ba485a7-5133-4c4d-942e-0c1e71e09c91 - - - - -] Publish callbacks ['neutron.services.segments.db._update_segment_host_mapping_for_agent-8749845011776', 'neutron.plugins.ml2.plugin.Ml2Plugin._retry_binding_revived_agents-1320979'] for agent (d23c0255-d3b3-4b69-b729-ae7a89ca2878), after_update _notify_loop /var/lib/kolla/venv/lib/python3.6/site-packages/neutron_lib/callbacks/manager.py:177
2026-04-02 02:16:12.963 29 DEBUG neutron.db.agents_db [req-0d793557-af6d-4da6-b7d8-2d3b40bfeab8 - - - - -] Agent healthcheck: found 2 active agents agent_health_check /var/lib/kolla/venv/lib/python3.6/site-packages/neutron/db/agents_db.py:318
2026-04-02 02:16:28.004 25 DEBUG neutron_lib.callbacks.manager [req-dfe72ddc-9a76-48f6-a6c1-8edc962a8d4f - - - - -] Publish callbacks ['neutron.services.segments.db._update_segment_host_mapping_for_agent-8749845011776', 'neutron.plugins.ml2.plugin.Ml2Plugin._retry_binding_revived_agents-1320979'] for agent (f1f4fa80-99ad-4675-8b5c-953be9c5917d), after_update _notify_loop /var/lib/kolla/venv/lib/python3.6/site-packages/neutron_lib/callbacks/manager.py:177
2026-04-02 02:16:38.260 22 DEBUG neutron.wsgi [-] (22) accepted ('10.0.0.49', 36882) server /var/lib/kolla/venv/lib/python3.6/site-packages/eventlet/wsgi.py:1004
2026-04-02 02:16:38.263 22 INFO neutron.wsgi [-] 10.0.0.49 "GET / HTTP/1.1" status: 200 len: 227 time: 0.0027013
2026-04-02 02:16:39.831 27 DEBUG neutron_lib.callbacks.manager [req-017e068a-14cb-4630-a3bd-28f455bc44c6 - - - - -] Publish callbacks ['neutron.services.segments.db._update_segment_host_mapping_for_agent-8749845011776', 'neutron.plugins.ml2.plugin.Ml2Plugin._retry_binding_revived_agents-1320979'] for agent (d23c0255-d3b3-4b69-b729-ae7a89ca2878), after_update _notify_loop /var/lib/kolla/venv/lib/python3.6/site-packages/neutron_lib/callbacks/manager.py:177
2026-04-02 02:16:49.964 29 DEBUG neutron.db.agents_db [req-0d793557-af6d-4da6-b7d8-2d3b40bfeab8 - - - - -] Agent healthcheck: found 2 active agents agent_health_check /var/lib/kolla/venv/lib/python3.6/site-packages/neutron/db/agents_db.py:318
2026-04-02 02:16:58.007 24 DEBUG neutron_lib.callbacks.manager [req-dfe72ddc-9a76-48f6-a6c1-8edc962a8d4f - - - - -] Publish callbacks ['neutron.services.segments.db._update_segment_host_mapping_for_agent-8749845011776', 'neutron.plugins.ml2.plugin.Ml2Plugin._retry_binding_revived_agents-1320979'] for agent (f1f4fa80-99ad-4675-8b5c-953be9c5917d), after_update _notify_loop /var/lib/kolla/venv/lib/python3.6/site-packages/neutron_lib/callbacks/manager.py:177
2026-04-02 02:17:08.312 22 DEBUG neutron.wsgi [-] (22) accepted ('10.0.0.49', 56478) server /var/lib/kolla/venv/lib/python3.6/site-packages/eventlet/wsgi.py:1004
2026-04-02 02:17:08.316 22 INFO neutron.wsgi [-] 10.0.0.49 "GET / HTTP/1.1" status: 200 len: 227 time: 0.0030375
2026-04-02 02:17:09.828 26 DEBUG neutron_lib.callbacks.manager [req-f38bd83e-3a75-4e5c-a946-0db2b0383056 - - - - -] Publish callbacks ['neutron.services.segments.db._update_segment_host_mapping_for_agent-8749845011776', 'neutron.plugins.ml2.plugin.Ml2Plugin._retry_binding_revived_agents-1320979'] for agent (d23c0255-d3b3-4b69-b729-ae7a89ca2878), after_update _notify_loop /var/lib/kolla/venv/lib/python3.6/site-packages/neutron_lib/callbacks/manager.py:177
2026-04-02 02:17:26.961 29 DEBUG neutron.db.agents_db [req-0d793557-af6d-4da6-b7d8-2d3b40bfeab8 - - - - -] Agent healthcheck: found 2 active agents agent_health_check /var/lib/kolla/venv/lib/python3.6/site-packages/neutron/db/agents_db.py:318
2026-04-02 02:17:28.009 28 DEBUG neutron_lib.callbacks.manager [req-dfe72ddc-9a76-48f6-a6c1-8edc962a8d4f - - - - -] Publish callbacks ['neutron.services.segments.db._update_segment_host_mapping_for_agent-8749845011776', 'neutron.plugins.ml2.plugin.Ml2Plugin._retry_binding_revived_agents-1320979'] for agent (f1f4fa80-99ad-4675-8b5c-953be9c5917d), after_update _notify_loop /var/lib/kolla/venv/lib/python3.6/site-packages/neutron_lib/callbacks/manager.py:177
2026-04-02 02:17:38.372 22 DEBUG neutron.wsgi [-] (22) accepted ('10.0.0.49', 60404) server /var/lib/kolla/venv/lib/python3.6/site-packages/eventlet/wsgi.py:1004
2026-04-02 02:17:38.376 22 INFO neutron.wsgi [-] 10.0.0.49 "GET / HTTP/1.1" status: 200 len: 227 time: 0.0027354
2026-04-02 02:17:39.827 23 DEBUG neutron_lib.callbacks.manager [req-60a918a8-08d0-4428-b40a-6b54c6911046 - - - - -] Publish callbacks ['neutron.services.segments.db._update_segment_host_mapping_for_agent-8749845011776', 'neutron.plugins.ml2.plugin.Ml2Plugin._retry_binding_revived_agents-1320979'] for agent (d23c0255-d3b3-4b69-b729-ae7a89ca2878), after_update _notify_loop /var/lib/kolla/venv/lib/python3.6/site-packages/neutron_lib/callbacks/manager.py:177
2026-04-02 02:17:58.013 25 DEBUG neutron_lib.callbacks.manager [req-dfe72ddc-9a76-48f6-a6c1-8edc962a8d4f - - - - -] Publish callbacks ['neutron.services.segments.db._update_segment_host_mapping_for_agent-8749845011776', 'neutron.plugins.ml2.plugin.Ml2Plugin._retry_binding_revived_agents-1320979'] for agent (f1f4fa80-99ad-4675-8b5c-953be9c5917d), after_update _notify_loop /var/lib/kolla/venv/lib/python3.6/site-packages/neutron_lib/callbacks/manager.py:177
2026-04-02 02:18:03.960 29 DEBUG neutron.db.agents_db [req-0d793557-af6d-4da6-b7d8-2d3b40bfeab8 - - - - -] Agent healthcheck: found 2 active agents agent_health_check /var/lib/kolla/venv/lib/python3.6/site-packages/neutron/db/agents_db.py:318
2026-04-02 02:18:08.424 22 DEBUG neutron.wsgi [-] (22) accepted ('10.0.0.49', 38322) server /var/lib/kolla/venv/lib/python3.6/site-packages/eventlet/wsgi.py:1004
2026-04-02 02:18:08.427 22 INFO neutron.wsgi [-] 10.0.0.49 "GET / HTTP/1.1" status: 200 len: 227 time: 0.0027685
2026-04-02 02:18:09.827 27 DEBUG neutron_lib.callbacks.manager [req-eb5122b3-c695-4620-9dc9-0c76182a47de - - - - -] Publish callbacks ['neutron.services.segments.db._update_segment_host_mapping_for_agent-8749845011776', 'neutron.plugins.ml2.plugin.Ml2Plugin._retry_binding_revived_agents-1320979'] for agent (d23c0255-d3b3-4b69-b729-ae7a89ca2878), after_update _notify_loop /var/lib/kolla/venv/lib/python3.6/site-packages/neutron_lib/callbacks/manager.py:177
2026-04-02 02:18:28.019 24 DEBUG neutron_lib.callbacks.manager [req-dfe72ddc-9a76-48f6-a6c1-8edc962a8d4f - - - - -] Publish callbacks ['neutron.services.segments.db._update_segment_host_mapping_for_agent-8749845011776', 'neutron.plugins.ml2.plugin.Ml2Plugin._retry_binding_revived_agents-1320979'] for agent (f1f4fa80-99ad-4675-8b5c-953be9c5917d), after_update _notify_loop /var/lib/kolla/venv/lib/python3.6/site-packages/neutron_lib/callbacks/manager.py:177
2026-04-02 02:18:38.489 22 DEBUG neutron.wsgi [-] (22) accepted ('10.0.0.49', 56170) server /var/lib/kolla/venv/lib/python3.6/site-packages/eventlet/wsgi.py:1004
2026-04-02 02:18:38.493 22 INFO neutron.wsgi [-] 10.0.0.49 "GET / HTTP/1.1" status: 200 len: 227 time: 0.0029018
2026-04-02 02:18:39.824 26 DEBUG neutron_lib.callbacks.manager [req-8fdb4d65-ed7b-4315-a988-ed827d7006c8 - - - - -] Publish callbacks ['neutron.services.segments.db._update_segment_host_mapping_for_agent-8749845011776', 'neutron.plugins.ml2.plugin.Ml2Plugin._retry_binding_revived_agents-1320979'] for agent (d23c0255-d3b3-4b69-b729-ae7a89ca2878), after_update _notify_loop /var/lib/kolla/venv/lib/python3.6/site-packages/neutron_lib/callbacks/manager.py:177
2026-04-02 02:18:40.292 7 INFO oslo_service.service [-] Caught SIGTERM, stopping children
2026-04-02 02:18:40.292 7 DEBUG oslo_concurrency.lockutils [-] Acquired lock "singleton_lock" lock /var/lib/kolla/venv/lib/python3.6/site-packages/oslo_concurrency/lockutils.py:294
2026-04-02 02:18:40.292 7 DEBUG oslo_concurrency.lockutils [-] Releasing lock "singleton_lock" lock /var/lib/kolla/venv/lib/python3.6/site-packages/oslo_concurrency/lockutils.py:312
2026-04-02 02:18:40.293 7 DEBUG oslo_service.service [-] Stop services. stop /var/lib/kolla/venv/lib/python3.6/site-packages/oslo_service/service.py:695
2026-04-02 02:18:40.293 7 DEBUG neutron.service [-] calling RpcWorker stop() stop /var/lib/kolla/venv/lib/python3.6/site-packages/neutron/service.py:138
2026-04-02 02:18:40.293 7 DEBUG neutron.service [-] calling RpcWorker stop() stop /var/lib/kolla/venv/lib/python3.6/site-packages/neutron/service.py:138
2026-04-02 02:18:40.293 7 DEBUG oslo_service.service [-] Killing children. stop /var/lib/kolla/venv/lib/python3.6/site-packages/oslo_service/service.py:700
2026-04-02 02:18:40.293 7 INFO oslo_service.service [-] Waiting on 8 children to exit
2026-04-02 02:18:40.294 22 INFO neutron.wsgi [-] (22) wsgi exited, is_accepting=True
2026-04-02 02:18:40.294 28 DEBUG neutron.service [-] calling RpcWorker stop() stop /var/lib/kolla/venv/lib/python3.6/site-packages/neutron/service.py:138
2026-04-02 02:18:40.294 22 DEBUG oslo_concurrency.lockutils [req-3f4f61c6-1f89-486e-9042-77d939894a2a - - - - -] Acquired lock "singleton_lock" lock /var/lib/kolla/venv/lib/python3.6/site-packages/oslo_concurrency/lockutils.py:294
2026-04-02 02:18:40.295 22 DEBUG oslo_concurrency.lockutils [req-3f4f61c6-1f89-486e-9042-77d939894a2a - - - - -] Releasing lock "singleton_lock" lock /var/lib/kolla/venv/lib/python3.6/site-packages/oslo_concurrency/lockutils.py:312
2026-04-02 02:18:40.297 24 DEBUG neutron.service [-] calling RpcWorker stop() stop /var/lib/kolla/venv/lib/python3.6/site-packages/neutron/service.py:138
2026-04-02 02:18:40.297 27 DEBUG neutron.service [-] calling RpcWorker stop() stop /var/lib/kolla/venv/lib/python3.6/site-packages/neutron/service.py:138
2026-04-02 02:18:40.298 24 DEBUG neutron.service [-] calling stop on stop /var/lib/kolla/venv/lib/python3.6/site-packages/neutron/service.py:141
2026-04-02 02:18:40.298 27 DEBUG neutron.service [-] calling stop on stop /var/lib/kolla/venv/lib/python3.6/site-packages/neutron/service.py:141
2026-04-02 02:18:40.294 28 DEBUG neutron.service [-] calling stop on stop /var/lib/kolla/venv/lib/python3.6/site-packages/neutron/service.py:141
2026-04-02 02:18:40.301 25 DEBUG neutron.service [-] calling RpcWorker stop() stop /var/lib/kolla/venv/lib/python3.6/site-packages/neutron/service.py:138
2026-04-02 02:18:40.301 26 DEBUG neutron.service [-] calling RpcWorker stop() stop /var/lib/kolla/venv/lib/python3.6/site-packages/neutron/service.py:138
2026-04-02 02:18:40.301 25 DEBUG neutron.service [-] calling stop on stop /var/lib/kolla/venv/lib/python3.6/site-packages/neutron/service.py:141
2026-04-02 02:18:40.304 29 DEBUG neutron.service [-] calling RpcWorker stop() stop /var/lib/kolla/venv/lib/python3.6/site-packages/neutron/service.py:138
2026-04-02 02:18:40.302 26 DEBUG neutron.service [-] calling stop on stop /var/lib/kolla/venv/lib/python3.6/site-packages/neutron/service.py:141
2026-04-02 02:18:40.304 29 DEBUG neutron.service [-] calling stop on stop /var/lib/kolla/venv/lib/python3.6/site-packages/neutron/service.py:141
2026-04-02 02:18:40.305 23 DEBUG neutron.service [-] calling RpcWorker stop() stop /var/lib/kolla/venv/lib/python3.6/site-packages/neutron/service.py:138
2026-04-02 02:18:40.306 23 DEBUG neutron.service [-] calling stop on stop /var/lib/kolla/venv/lib/python3.6/site-packages/neutron/service.py:141
2026-04-02 02:18:40.307 7 INFO oslo_service.service [-] Child 22 exited with status 0
2026-04-02 02:18:40.337 26 DEBUG oslo_concurrency.lockutils [req-3f4f61c6-1f89-486e-9042-77d939894a2a - - - - -] Acquired lock "singleton_lock" lock /var/lib/kolla/venv/lib/python3.6/site-packages/oslo_concurrency/lockutils.py:294
2026-04-02 02:18:40.338 26 DEBUG oslo_concurrency.lockutils [req-3f4f61c6-1f89-486e-9042-77d939894a2a - - - - -] Releasing lock "singleton_lock" lock /var/lib/kolla/venv/lib/python3.6/site-packages/oslo_concurrency/lockutils.py:312
2026-04-02 02:18:40.339 26 DEBUG neutron.service [req-3f4f61c6-1f89-486e-9042-77d939894a2a - - - - -] calling RpcWorker wait() _wait /var/lib/kolla/venv/lib/python3.6/site-packages/neutron/service.py:128
2026-04-02 02:18:40.339 26 DEBUG neutron.service [req-3f4f61c6-1f89-486e-9042-77d939894a2a - - - - -] calling wait on _wait /var/lib/kolla/venv/lib/python3.6/site-packages/neutron/service.py:131
2026-04-02 02:18:40.348 26 WARNING amqp [req-3f4f61c6-1f89-486e-9042-77d939894a2a - - - - -] Received method (60, 30) during closing channel 1. This method will be ignored
2026-04-02 02:18:40.349 26 DEBUG neutron.service [req-3f4f61c6-1f89-486e-9042-77d939894a2a - - - - -] returning from RpcWorker wait() _wait /var/lib/kolla/venv/lib/python3.6/site-packages/neutron/service.py:135
2026-04-02 02:18:40.355 7 INFO oslo_service.service [-] Child 26 exited with status 0
2026-04-02 02:18:40.932 23 DEBUG neutron.service [-] calling stop on stop /var/lib/kolla/venv/lib/python3.6/site-packages/neutron/service.py:141
2026-04-02 02:18:40.935 24 DEBUG neutron.service [-] calling stop on stop /var/lib/kolla/venv/lib/python3.6/site-packages/neutron/service.py:141
2026-04-02 02:18:40.943 25 DEBUG neutron.service [-] calling stop on stop /var/lib/kolla/venv/lib/python3.6/site-packages/neutron/service.py:141
2026-04-02 02:18:40.944 23 DEBUG neutron.service [-] calling stop on stop /var/lib/kolla/venv/lib/python3.6/site-packages/neutron/service.py:141
2026-04-02 02:18:40.947 24 DEBUG neutron.service [-] calling stop on stop /var/lib/kolla/venv/lib/python3.6/site-packages/neutron/service.py:141
2026-04-02 02:18:40.951 25 DEBUG neutron.service [-] calling stop on stop /var/lib/kolla/venv/lib/python3.6/site-packages/neutron/service.py:141
2026-04-02 02:18:40.957 29 DEBUG neutron.db.agents_db [req-0d793557-af6d-4da6-b7d8-2d3b40bfeab8 - - - - -] Agent healthcheck: found 2 active agents agent_health_check /var/lib/kolla/venv/lib/python3.6/site-packages/neutron/db/agents_db.py:318
2026-04-02 02:18:40.958 28 DEBUG oslo_concurrency.lockutils [req-3f4f61c6-1f89-486e-9042-77d939894a2a - - - - -] Acquired lock "singleton_lock" lock /var/lib/kolla/venv/lib/python3.6/site-packages/oslo_concurrency/lockutils.py:294
2026-04-02 02:18:40.959 28 DEBUG oslo_concurrency.lockutils [req-3f4f61c6-1f89-486e-9042-77d939894a2a - - - - -] Releasing lock "singleton_lock" lock /var/lib/kolla/venv/lib/python3.6/site-packages/oslo_concurrency/lockutils.py:312
2026-04-02 02:18:40.959 28 DEBUG neutron.service [req-3f4f61c6-1f89-486e-9042-77d939894a2a - - - - -] calling RpcWorker wait() _wait /var/lib/kolla/venv/lib/python3.6/site-packages/neutron/service.py:128
2026-04-02 02:18:40.959 28 DEBUG neutron.service [req-3f4f61c6-1f89-486e-9042-77d939894a2a - - - - -] calling wait on _wait /var/lib/kolla/venv/lib/python3.6/site-packages/neutron/service.py:131
2026-04-02 02:18:40.964 25 DEBUG neutron.service [-] calling stop on stop /var/lib/kolla/venv/lib/python3.6/site-packages/neutron/service.py:141
2026-04-02 02:18:40.964 23 DEBUG neutron.service [-] calling stop on stop /var/lib/kolla/venv/lib/python3.6/site-packages/neutron/service.py:141
2026-04-02 02:18:40.966 28 WARNING amqp [req-3f4f61c6-1f89-486e-9042-77d939894a2a - - - - -] Received method (60, 30) during closing channel 1. This method will be ignored
2026-04-02 02:18:40.967 28 DEBUG neutron.service [req-3f4f61c6-1f89-486e-9042-77d939894a2a - - - - -] returning from RpcWorker wait() _wait /var/lib/kolla/venv/lib/python3.6/site-packages/neutron/service.py:135
2026-04-02 02:18:40.973 7 INFO oslo_service.service [-] Child 28 exited with status 0
2026-04-02 02:18:40.979 25 DEBUG oslo_concurrency.lockutils [req-3f4f61c6-1f89-486e-9042-77d939894a2a - - - - -] Acquired lock "singleton_lock" lock /var/lib/kolla/venv/lib/python3.6/site-packages/oslo_concurrency/lockutils.py:294
2026-04-02 02:18:40.978 23 DEBUG oslo_concurrency.lockutils [req-3f4f61c6-1f89-486e-9042-77d939894a2a - - - - -] Acquired lock "singleton_lock" lock /var/lib/kolla/venv/lib/python3.6/site-packages/oslo_concurrency/lockutils.py:294
2026-04-02 02:18:40.979 25 DEBUG oslo_concurrency.lockutils [req-3f4f61c6-1f89-486e-9042-77d939894a2a - - - - -] Releasing lock "singleton_lock" lock /var/lib/kolla/venv/lib/python3.6/site-packages/oslo_concurrency/lockutils.py:312
2026-04-02 02:18:40.979 25 DEBUG neutron.service [req-3f4f61c6-1f89-486e-9042-77d939894a2a - - - - -] calling RpcWorker wait() _wait /var/lib/kolla/venv/lib/python3.6/site-packages/neutron/service.py:128
2026-04-02 02:18:40.979 25 DEBUG neutron.service [req-3f4f61c6-1f89-486e-9042-77d939894a2a - - - - -] calling wait on _wait /var/lib/kolla/venv/lib/python3.6/site-packages/neutron/service.py:131
2026-04-02 02:18:40.981 29 DEBUG oslo_concurrency.lockutils [req-3f4f61c6-1f89-486e-9042-77d939894a2a - - - - -] Acquired lock "singleton_lock" lock /var/lib/kolla/venv/lib/python3.6/site-packages/oslo_concurrency/lockutils.py:294
2026-04-02 02:18:40.979 23 DEBUG oslo_concurrency.lockutils [req-3f4f61c6-1f89-486e-9042-77d939894a2a - - - - -] Releasing lock "singleton_lock" lock /var/lib/kolla/venv/lib/python3.6/site-packages/oslo_concurrency/lockutils.py:312
2026-04-02 02:18:40.981 23 DEBUG neutron.service [req-3f4f61c6-1f89-486e-9042-77d939894a2a - - - - -] calling RpcWorker wait() _wait /var/lib/kolla/venv/lib/python3.6/site-packages/neutron/service.py:128
2026-04-02 02:18:40.982 23 DEBUG neutron.service [req-3f4f61c6-1f89-486e-9042-77d939894a2a - - - - -] calling wait on _wait /var/lib/kolla/venv/lib/python3.6/site-packages/neutron/service.py:131
2026-04-02 02:18:40.982 29 DEBUG oslo_concurrency.lockutils [req-3f4f61c6-1f89-486e-9042-77d939894a2a - - - - -] Releasing lock "singleton_lock" lock /var/lib/kolla/venv/lib/python3.6/site-packages/oslo_concurrency/lockutils.py:312
2026-04-02 02:18:40.983 29 DEBUG neutron.service [req-3f4f61c6-1f89-486e-9042-77d939894a2a - - - - -] calling RpcWorker wait() _wait /var/lib/kolla/venv/lib/python3.6/site-packages/neutron/service.py:128
2026-04-02 02:18:40.984 29 DEBUG neutron.service [req-3f4f61c6-1f89-486e-9042-77d939894a2a - - - - -] calling wait on _wait /var/lib/kolla/venv/lib/python3.6/site-packages/neutron/service.py:131
2026-04-02 02:18:40.990 25 WARNING amqp [req-3f4f61c6-1f89-486e-9042-77d939894a2a - - - - -] Received method (60, 30) during closing channel 1. This method will be ignored
2026-04-02 02:18:40.991 25 DEBUG neutron.service [req-3f4f61c6-1f89-486e-9042-77d939894a2a - - - - -] calling wait on _wait /var/lib/kolla/venv/lib/python3.6/site-packages/neutron/service.py:131
2026-04-02 02:18:40.993 29 WARNING amqp [req-3f4f61c6-1f89-486e-9042-77d939894a2a - - - - -] Received method (60, 30) during closing channel 1. This method will be ignored
2026-04-02 02:18:40.995 29 DEBUG neutron.service [req-3f4f61c6-1f89-486e-9042-77d939894a2a - - - - -] returning from RpcWorker wait() _wait /var/lib/kolla/venv/lib/python3.6/site-packages/neutron/service.py:135
2026-04-02 02:18:40.996 23 WARNING amqp [req-3f4f61c6-1f89-486e-9042-77d939894a2a - - - - -] Received method (60, 30) during closing channel 1. This method will be ignored
2026-04-02 02:18:40.997 23 DEBUG neutron.service [req-3f4f61c6-1f89-486e-9042-77d939894a2a - - - - -] calling wait on _wait /var/lib/kolla/venv/lib/python3.6/site-packages/neutron/service.py:131
2026-04-02 02:18:41.001 25 WARNING amqp [req-3f4f61c6-1f89-486e-9042-77d939894a2a - - - - -] Received method (60, 30) during closing channel 1. This method will be ignored
2026-04-02 02:18:41.002 25 DEBUG neutron.service [req-3f4f61c6-1f89-486e-9042-77d939894a2a - - - - -] calling wait on _wait /var/lib/kolla/venv/lib/python3.6/site-packages/neutron/service.py:131
2026-04-02 02:18:41.004 23 WARNING amqp [req-3f4f61c6-1f89-486e-9042-77d939894a2a - - - - -] Received method (60, 30) during closing channel 1. This method will be ignored
2026-04-02 02:18:41.005 23 DEBUG neutron.service [req-3f4f61c6-1f89-486e-9042-77d939894a2a - - - - -] calling wait on _wait /var/lib/kolla/venv/lib/python3.6/site-packages/neutron/service.py:131
2026-04-02 02:18:41.007 25 WARNING amqp [req-3f4f61c6-1f89-486e-9042-77d939894a2a - - - - -] Received method (60, 30) during closing channel 1. This method will be ignored
2026-04-02 02:18:41.008 25 DEBUG neutron.service [req-3f4f61c6-1f89-486e-9042-77d939894a2a - - - - -] calling wait on _wait /var/lib/kolla/venv/lib/python3.6/site-packages/neutron/service.py:131
2026-04-02 02:18:41.011 23 WARNING amqp [req-3f4f61c6-1f89-486e-9042-77d939894a2a - - - - -] Received method (60, 30) during closing channel 1. This method will be ignored
2026-04-02 02:18:41.013 23 DEBUG neutron.service [req-3f4f61c6-1f89-486e-9042-77d939894a2a - - - - -] calling wait on _wait /var/lib/kolla/venv/lib/python3.6/site-packages/neutron/service.py:131
2026-04-02 02:18:41.013 7 INFO oslo_service.service [-] Child 29 exited with status 0
2026-04-02 02:18:41.015 25 WARNING amqp [req-3f4f61c6-1f89-486e-9042-77d939894a2a - - - - -] Received method (60, 30) during closing channel 1. This method will be ignored
2026-04-02 02:18:41.015 25 DEBUG neutron.service [req-3f4f61c6-1f89-486e-9042-77d939894a2a - - - - -] returning from RpcWorker wait() _wait /var/lib/kolla/venv/lib/python3.6/site-packages/neutron/service.py:135
2026-04-02 02:18:41.020 23 WARNING amqp [req-3f4f61c6-1f89-486e-9042-77d939894a2a - - - - -] Received method (60, 30) during closing channel 1. This method will be ignored
2026-04-02 02:18:41.022 23 DEBUG neutron.service [req-3f4f61c6-1f89-486e-9042-77d939894a2a - - - - -] returning from RpcWorker wait() _wait /var/lib/kolla/venv/lib/python3.6/site-packages/neutron/service.py:135
2026-04-02 02:18:41.023 7 INFO oslo_service.service [-] Child 25 exited with status 0
2026-04-02 02:18:41.030 7 INFO oslo_service.service [-] Child 23 exited with status 0
2026-04-02 02:18:41.210 24 DEBUG neutron.service [-] calling stop on stop /var/lib/kolla/venv/lib/python3.6/site-packages/neutron/service.py:141
2026-04-02 02:18:43.024 27 DEBUG oslo_concurrency.lockutils [req-3f4f61c6-1f89-486e-9042-77d939894a2a - - - - -] Acquired lock "singleton_lock" lock /var/lib/kolla/venv/lib/python3.6/site-packages/oslo_concurrency/lockutils.py:294
2026-04-02 02:18:43.025 27 DEBUG oslo_concurrency.lockutils [req-3f4f61c6-1f89-486e-9042-77d939894a2a - - - - -] Releasing lock "singleton_lock" lock /var/lib/kolla/venv/lib/python3.6/site-packages/oslo_concurrency/lockutils.py:312
2026-04-02 02:18:43.025 27 DEBUG neutron.service [req-3f4f61c6-1f89-486e-9042-77d939894a2a - - - - -] calling RpcWorker wait() _wait /var/lib/kolla/venv/lib/python3.6/site-packages/neutron/service.py:128
2026-04-02 02:18:43.025 27 DEBUG neutron.service [req-3f4f61c6-1f89-486e-9042-77d939894a2a - - - - -] calling wait on _wait /var/lib/kolla/venv/lib/python3.6/site-packages/neutron/service.py:131
2026-04-02 02:18:43.031 27 WARNING amqp [req-3f4f61c6-1f89-486e-9042-77d939894a2a - - - - -] Received method (60, 30) during closing channel 1. This method will be ignored
2026-04-02 02:18:43.034 27 DEBUG neutron.service [req-3f4f61c6-1f89-486e-9042-77d939894a2a - - - - -] returning from RpcWorker wait() _wait /var/lib/kolla/venv/lib/python3.6/site-packages/neutron/service.py:135
2026-04-02 02:18:43.040 7 INFO oslo_service.service [-] Child 27 exited with status 0
2026-04-02 02:18:45.997 24 DEBUG oslo_concurrency.lockutils [req-3f4f61c6-1f89-486e-9042-77d939894a2a - - - - -] Acquired lock "singleton_lock" lock /var/lib/kolla/venv/lib/python3.6/site-packages/oslo_concurrency/lockutils.py:294
2026-04-02 02:18:45.997 24 DEBUG oslo_concurrency.lockutils [req-3f4f61c6-1f89-486e-9042-77d939894a2a - - - - -] Releasing lock "singleton_lock" lock /var/lib/kolla/venv/lib/python3.6/site-packages/oslo_concurrency/lockutils.py:312
2026-04-02 02:18:45.998 24 DEBUG neutron.service [req-3f4f61c6-1f89-486e-9042-77d939894a2a - - - - -] calling RpcWorker wait() _wait /var/lib/kolla/venv/lib/python3.6/site-packages/neutron/service.py:128
2026-04-02 02:18:45.998 24 DEBUG neutron.service [req-3f4f61c6-1f89-486e-9042-77d939894a2a - - - - -] calling wait on _wait /var/lib/kolla/venv/lib/python3.6/site-packages/neutron/service.py:131
2026-04-02 02:18:46.007 24 WARNING amqp [req-3f4f61c6-1f89-486e-9042-77d939894a2a - - - - -] Received method (60, 30) during closing channel 1. This method will be ignored
2026-04-02 02:18:46.009 24 DEBUG neutron.service [req-3f4f61c6-1f89-486e-9042-77d939894a2a - - - - -] calling wait on _wait /var/lib/kolla/venv/lib/python3.6/site-packages/neutron/service.py:131
2026-04-02 02:18:46.016 24 WARNING amqp [req-3f4f61c6-1f89-486e-9042-77d939894a2a - - - - -] Received method (60, 30) during closing channel 1. This method will be ignored
2026-04-02 02:18:46.018 24 DEBUG neutron.service [req-3f4f61c6-1f89-486e-9042-77d939894a2a - - - - -] calling wait on _wait /var/lib/kolla/venv/lib/python3.6/site-packages/neutron/service.py:131
2026-04-02 02:18:46.024 24 WARNING amqp [req-3f4f61c6-1f89-486e-9042-77d939894a2a - - - - -] Received method (60, 30) during closing channel 1. This method will be ignored
2026-04-02 02:18:46.027 24 DEBUG neutron.service [req-3f4f61c6-1f89-486e-9042-77d939894a2a - - - - -] calling wait on _wait /var/lib/kolla/venv/lib/python3.6/site-packages/neutron/service.py:131
2026-04-02 02:18:46.038 24 WARNING amqp [req-3f4f61c6-1f89-486e-9042-77d939894a2a - - - - -] Received method (60, 30) during closing channel 1. This method will be ignored
2026-04-02 02:18:46.040 24 DEBUG neutron.service [req-3f4f61c6-1f89-486e-9042-77d939894a2a - - - - -] returning from RpcWorker wait() _wait /var/lib/kolla/venv/lib/python3.6/site-packages/neutron/service.py:135
2026-04-02 02:18:46.046 7 INFO oslo_service.service [-] Child 24 exited with status 0
2026-04-02 02:18:46.047 7 INFO oslo_service.service [-] Wait called after thread killed. Cleaning up.
2026-04-02 02:18:46.047 7 DEBUG oslo_service.service [-] Stop services. stop /var/lib/kolla/venv/lib/python3.6/site-packages/oslo_service/service.py:695
2026-04-02 02:18:46.047 7 DEBUG oslo_service.service [-] Killing children. stop /var/lib/kolla/venv/lib/python3.6/site-packages/oslo_service/service.py:700
2026-04-02 02:18:50.531 7 INFO neutron.common.config [-] Logging enabled!
2026-04-02 02:18:50.532 7 INFO neutron.common.config [-] /var/lib/kolla/venv/bin/neutron-server version 20.5.1.dev23
2026-04-02 02:18:50.532 7 DEBUG neutron.common.config [-] command line: /var/lib/kolla/venv/bin/neutron-server --config-file /etc/neutron/neutron.conf --config-file /etc/neutron/ContrailPlugin.ini --config-file /etc/neutron/api-paste.ini setup_logging /var/lib/kolla/venv/lib/python3.6/site-packages/neutron/common/config.py:115
2026-04-02 02:18:50.536 7 INFO neutron.common.config [-] Logging enabled!
2026-04-02 02:18:50.536 7 INFO neutron.common.config [-] /var/lib/kolla/venv/bin/neutron-server version 20.5.1.dev23
2026-04-02 02:18:50.536 7 DEBUG neutron.common.config [-] command line: /var/lib/kolla/venv/bin/neutron-server --config-file /etc/neutron/neutron.conf --config-file /etc/neutron/ContrailPlugin.ini --config-file /etc/neutron/api-paste.ini setup_logging /var/lib/kolla/venv/lib/python3.6/site-packages/neutron/common/config.py:115
