2026-03-30 03:24:05.150 7 DEBUG oslo_service.service [-] ml2_type_gre.tunnel_id_ranges = [] log_opt_values /var/lib/kolla/venv/lib/python3.6/site-packages/oslo_config/cfg.py:2611
2026-03-30 03:24:05.150 7 DEBUG oslo_service.service [-] ml2_type_vlan.network_vlan_ranges = [] log_opt_values /var/lib/kolla/venv/lib/python3.6/site-packages/oslo_config/cfg.py:2611
2026-03-30 03:24:05.151 7 DEBUG oslo_service.service [-] ml2_type_vxlan.vni_ranges = [] log_opt_values /var/lib/kolla/venv/lib/python3.6/site-packages/oslo_config/cfg.py:2611
2026-03-30 03:24:05.151 7 DEBUG oslo_service.service [-] ml2_type_vxlan.vxlan_group = None log_opt_values /var/lib/kolla/venv/lib/python3.6/site-packages/oslo_config/cfg.py:2611
2026-03-30 03:24:05.151 7 DEBUG oslo_service.service [-] database.backend = sqlalchemy log_opt_values /var/lib/kolla/venv/lib/python3.6/site-packages/oslo_config/cfg.py:2611
2026-03-30 03:24:05.151 7 DEBUG oslo_service.service [-] database.connection = **** log_opt_values /var/lib/kolla/venv/lib/python3.6/site-packages/oslo_config/cfg.py:2611
2026-03-30 03:24:05.151 7 DEBUG oslo_service.service [-] database.connection_debug = 0 log_opt_values /var/lib/kolla/venv/lib/python3.6/site-packages/oslo_config/cfg.py:2611
2026-03-30 03:24:05.151 7 DEBUG oslo_service.service [-] database.connection_parameters = log_opt_values /var/lib/kolla/venv/lib/python3.6/site-packages/oslo_config/cfg.py:2611
2026-03-30 03:24:05.151 7 DEBUG oslo_service.service [-] database.connection_recycle_time = 10 log_opt_values /var/lib/kolla/venv/lib/python3.6/site-packages/oslo_config/cfg.py:2611
2026-03-30 03:24:05.151 7 DEBUG oslo_service.service [-] database.connection_trace = False log_opt_values /var/lib/kolla/venv/lib/python3.6/site-packages/oslo_config/cfg.py:2611
2026-03-30 03:24:05.151 7 DEBUG oslo_service.service [-] database.db_inc_retry_interval = True log_opt_values /var/lib/kolla/venv/lib/python3.6/site-packages/oslo_config/cfg.py:2611
2026-03-30 03:24:05.152 7 DEBUG oslo_service.service [-] database.db_max_retries = 20 log_opt_values /var/lib/kolla/venv/lib/python3.6/site-packages/oslo_config/cfg.py:2611
2026-03-30 03:24:05.152 7 DEBUG oslo_service.service [-] database.db_max_retry_interval = 10 log_opt_values /var/lib/kolla/venv/lib/python3.6/site-packages/oslo_config/cfg.py:2611
2026-03-30 03:24:05.152 7 DEBUG oslo_service.service [-] database.db_retry_interval = 1 log_opt_values /var/lib/kolla/venv/lib/python3.6/site-packages/oslo_config/cfg.py:2611
2026-03-30 03:24:05.152 7 DEBUG oslo_service.service [-] database.max_overflow = 50 log_opt_values /var/lib/kolla/venv/lib/python3.6/site-packages/oslo_config/cfg.py:2611
2026-03-30 03:24:05.152 7 DEBUG oslo_service.service [-] database.max_pool_size = 1 log_opt_values /var/lib/kolla/venv/lib/python3.6/site-packages/oslo_config/cfg.py:2611
2026-03-30 03:24:05.152 7 DEBUG oslo_service.service [-] database.max_retries = -1 log_opt_values /var/lib/kolla/venv/lib/python3.6/site-packages/oslo_config/cfg.py:2611
2026-03-30 03:24:05.152 7 DEBUG oslo_service.service [-] database.mysql_enable_ndb = False log_opt_values /var/lib/kolla/venv/lib/python3.6/site-packages/oslo_config/cfg.py:2611
2026-03-30 03:24:05.152 7 DEBUG oslo_service.service [-] database.mysql_sql_mode = TRADITIONAL log_opt_values /var/lib/kolla/venv/lib/python3.6/site-packages/oslo_config/cfg.py:2611
2026-03-30 03:24:05.152 7 DEBUG oslo_service.service [-] database.pool_timeout = None log_opt_values /var/lib/kolla/venv/lib/python3.6/site-packages/oslo_config/cfg.py:2611
2026-03-30 03:24:05.152 7 DEBUG oslo_service.service [-] database.retry_interval = 10 log_opt_values /var/lib/kolla/venv/lib/python3.6/site-packages/oslo_config/cfg.py:2611
2026-03-30 03:24:05.152 7 DEBUG oslo_service.service [-] database.slave_connection = **** log_opt_values /var/lib/kolla/venv/lib/python3.6/site-packages/oslo_config/cfg.py:2611
2026-03-30 03:24:05.153 7 DEBUG oslo_service.service [-] database.sqlite_synchronous = True log_opt_values /var/lib/kolla/venv/lib/python3.6/site-packages/oslo_config/cfg.py:2611
2026-03-30 03:24:05.153 7 DEBUG oslo_service.service [-] database.use_db_reconnect = False log_opt_values /var/lib/kolla/venv/lib/python3.6/site-packages/oslo_config/cfg.py:2611
2026-03-30 03:24:05.153 7 DEBUG oslo_service.service [-] ******************************************************************************** log_opt_values /var/lib/kolla/venv/lib/python3.6/site-packages/oslo_config/cfg.py:2613
2026-03-30 03:24:05.723 22 DEBUG neutron.wsgi [-] (22) accepted ('10.0.0.22', 43156) server /var/lib/kolla/venv/lib/python3.6/site-packages/eventlet/wsgi.py:1004
2026-03-30 03:24:05.730 22 INFO neutron.wsgi [-] 10.0.0.22 "GET / HTTP/1.1" status: 200 len: 227 time: 0.0048215
2026-03-30 03:24:08.136 24 DEBUG neutron.api.rpc.handlers.dhcp_rpc [req-33fab29c-741d-4a0d-a768-0498458f4a21 - - - - -] get_active_networks_info from cn-jenkins-deploy-platform-ansible-os-5561-1 get_active_networks_info /var/lib/kolla/venv/lib/python3.6/site-packages/neutron/api/rpc/handlers/dhcp_rpc.py:159
2026-03-30 03:24:08.160 26 DEBUG neutron_lib.callbacks.manager [req-90b4b861-b2c1-47c7-833a-613e0d9018d1 - - - - -] Publish callbacks ['neutron.services.segments.db._update_segment_host_mapping_for_agent-8756432450624', 'neutron.services.l3_router.l3_router_plugin.DVRResourceOperationHandler.create_fip_agent_gw_ports-975549'] for agent (6ff8ac41-dafa-47c1-90f2-43e96e7633fb), after_create _notify_loop /var/lib/kolla/venv/lib/python3.6/site-packages/neutron_lib/callbacks/manager.py:177
2026-03-30 03:24:08.187 24 DEBUG neutron.scheduler.dhcp_agent_scheduler [req-33fab29c-741d-4a0d-a768-0498458f4a21 - - - - -] No non-hosted networks auto_schedule_networks /var/lib/kolla/venv/lib/python3.6/site-packages/neutron/scheduler/dhcp_agent_scheduler.py:60
2026-03-30 03:24:28.795 27 DEBUG neutron_lib.callbacks.manager [req-17077904-9574-4961-bdb1-f6ce5a8313ad - - - - -] Publish callbacks ['neutron.services.segments.db._update_segment_host_mapping_for_agent-8756432450624', 'neutron.services.l3_router.l3_router_plugin.DVRResourceOperationHandler.create_fip_agent_gw_ports-975549'] for agent (4bc693f4-b302-4719-84ec-ac45789334b4), after_create _notify_loop /var/lib/kolla/venv/lib/python3.6/site-packages/neutron_lib/callbacks/manager.py:177
2026-03-30 03:24:35.774 22 DEBUG neutron.wsgi [-] (22) accepted ('10.0.0.22', 34404) server /var/lib/kolla/venv/lib/python3.6/site-packages/eventlet/wsgi.py:1004
2026-03-30 03:24:35.777 22 INFO neutron.wsgi [-] 10.0.0.22 "GET / HTTP/1.1" status: 200 len: 227 time: 0.0028584
2026-03-30 03:24:38.152 28 DEBUG neutron_lib.callbacks.manager [req-b2666695-9ab6-4291-a314-c7f666cb6371 - - - - -] Publish callbacks ['neutron.services.segments.db._update_segment_host_mapping_for_agent-8756432450624', 'neutron.plugins.ml2.plugin.Ml2Plugin._retry_binding_revived_agents--9223372036852926277'] for agent (6ff8ac41-dafa-47c1-90f2-43e96e7633fb), after_update _notify_loop /var/lib/kolla/venv/lib/python3.6/site-packages/neutron_lib/callbacks/manager.py:177
2026-03-30 03:24:56.100 29 DEBUG neutron.db.agents_db [req-54f566b7-410c-4619-93b7-86f2a7704d70 - - - - -] Agent healthcheck: found 2 active agents agent_health_check /var/lib/kolla/venv/lib/python3.6/site-packages/neutron/db/agents_db.py:318
2026-03-30 03:24:58.772 23 DEBUG neutron_lib.callbacks.manager [req-17077904-9574-4961-bdb1-f6ce5a8313ad - - - - -] Publish callbacks ['neutron.services.segments.db._update_segment_host_mapping_for_agent-8756432450624', 'neutron.plugins.ml2.plugin.Ml2Plugin._retry_binding_revived_agents--9223372036852926277'] for agent (4bc693f4-b302-4719-84ec-ac45789334b4), after_update _notify_loop /var/lib/kolla/venv/lib/python3.6/site-packages/neutron_lib/callbacks/manager.py:177
2026-03-30 03:25:05.819 22 DEBUG neutron.wsgi [-] (22) accepted ('10.0.0.22', 54578) server /var/lib/kolla/venv/lib/python3.6/site-packages/eventlet/wsgi.py:1004
2026-03-30 03:25:05.823 22 INFO neutron.wsgi [-] 10.0.0.22 "GET / HTTP/1.1" status: 200 len: 227 time: 0.0028908
2026-03-30 03:25:08.138 24 DEBUG neutron_lib.callbacks.manager [req-7d5ceb74-1a39-4906-8646-d72ac853c733 - - - - -] Publish callbacks ['neutron.services.segments.db._update_segment_host_mapping_for_agent-8756432450624', 'neutron.plugins.ml2.plugin.Ml2Plugin._retry_binding_revived_agents--9223372036852926277'] for agent (6ff8ac41-dafa-47c1-90f2-43e96e7633fb), after_update _notify_loop /var/lib/kolla/venv/lib/python3.6/site-packages/neutron_lib/callbacks/manager.py:177
2026-03-30 03:25:28.773 25 DEBUG neutron_lib.callbacks.manager [req-17077904-9574-4961-bdb1-f6ce5a8313ad - - - - -] Publish callbacks ['neutron.services.segments.db._update_segment_host_mapping_for_agent-8756432450624', 'neutron.plugins.ml2.plugin.Ml2Plugin._retry_binding_revived_agents--9223372036852926277'] for agent (4bc693f4-b302-4719-84ec-ac45789334b4), after_update _notify_loop /var/lib/kolla/venv/lib/python3.6/site-packages/neutron_lib/callbacks/manager.py:177
2026-03-30 03:25:33.101 29 DEBUG neutron.db.agents_db [req-54f566b7-410c-4619-93b7-86f2a7704d70 - - - - -] Agent healthcheck: found 2 active agents agent_health_check /var/lib/kolla/venv/lib/python3.6/site-packages/neutron/db/agents_db.py:318
2026-03-30 03:25:35.866 22 DEBUG neutron.wsgi [-] (22) accepted ('10.0.0.22', 56104) server /var/lib/kolla/venv/lib/python3.6/site-packages/eventlet/wsgi.py:1004
2026-03-30 03:25:35.869 22 INFO neutron.wsgi [-] 10.0.0.22 "GET / HTTP/1.1" status: 200 len: 227 time: 0.0025964
2026-03-30 03:25:38.136 26 DEBUG neutron_lib.callbacks.manager [req-c05b4870-1c0a-4882-8066-84913380204b - - - - -] Publish callbacks ['neutron.services.segments.db._update_segment_host_mapping_for_agent-8756432450624', 'neutron.plugins.ml2.plugin.Ml2Plugin._retry_binding_revived_agents--9223372036852926277'] for agent (6ff8ac41-dafa-47c1-90f2-43e96e7633fb), after_update _notify_loop /var/lib/kolla/venv/lib/python3.6/site-packages/neutron_lib/callbacks/manager.py:177
2026-03-30 03:25:58.763 27 DEBUG neutron_lib.callbacks.manager [req-17077904-9574-4961-bdb1-f6ce5a8313ad - - - - -] Publish callbacks ['neutron.services.segments.db._update_segment_host_mapping_for_agent-8756432450624', 'neutron.plugins.ml2.plugin.Ml2Plugin._retry_binding_revived_agents--9223372036852926277'] for agent (4bc693f4-b302-4719-84ec-ac45789334b4), after_update _notify_loop /var/lib/kolla/venv/lib/python3.6/site-packages/neutron_lib/callbacks/manager.py:177
2026-03-30 03:26:05.915 22 DEBUG neutron.wsgi [-] (22) accepted ('10.0.0.22', 47612) server /var/lib/kolla/venv/lib/python3.6/site-packages/eventlet/wsgi.py:1004
2026-03-30 03:26:05.918 22 INFO neutron.wsgi [-] 10.0.0.22 "GET / HTTP/1.1" status: 200 len: 227 time: 0.0025537
2026-03-30 03:26:08.135 28 DEBUG neutron_lib.callbacks.manager [req-a8329f04-3c3e-4f98-9339-da0d92ee2784 - - - - -] Publish callbacks ['neutron.services.segments.db._update_segment_host_mapping_for_agent-8756432450624', 'neutron.plugins.ml2.plugin.Ml2Plugin._retry_binding_revived_agents--9223372036852926277'] for agent (6ff8ac41-dafa-47c1-90f2-43e96e7633fb), after_update _notify_loop /var/lib/kolla/venv/lib/python3.6/site-packages/neutron_lib/callbacks/manager.py:177
2026-03-30 03:26:10.100 29 DEBUG neutron.db.agents_db [req-54f566b7-410c-4619-93b7-86f2a7704d70 - - - - -] Agent healthcheck: found 2 active agents agent_health_check /var/lib/kolla/venv/lib/python3.6/site-packages/neutron/db/agents_db.py:318
2026-03-30 03:26:28.764 23 DEBUG neutron_lib.callbacks.manager [req-17077904-9574-4961-bdb1-f6ce5a8313ad - - - - -] Publish callbacks ['neutron.services.segments.db._update_segment_host_mapping_for_agent-8756432450624', 'neutron.plugins.ml2.plugin.Ml2Plugin._retry_binding_revived_agents--9223372036852926277'] for agent (4bc693f4-b302-4719-84ec-ac45789334b4), after_update _notify_loop /var/lib/kolla/venv/lib/python3.6/site-packages/neutron_lib/callbacks/manager.py:177
2026-03-30 03:26:35.968 22 DEBUG neutron.wsgi [-] (22) accepted ('10.0.0.22', 48800) server /var/lib/kolla/venv/lib/python3.6/site-packages/eventlet/wsgi.py:1004
2026-03-30 03:26:35.974 22 INFO neutron.wsgi [-] 10.0.0.22 "GET / HTTP/1.1" status: 200 len: 227 time: 0.0051730
2026-03-30 03:26:38.131 24 DEBUG neutron_lib.callbacks.manager [req-6f3fe37d-ffae-4020-8b1e-7e83d5b9bf7b - - - - -] Publish callbacks ['neutron.services.segments.db._update_segment_host_mapping_for_agent-8756432450624', 'neutron.plugins.ml2.plugin.Ml2Plugin._retry_binding_revived_agents--9223372036852926277'] for agent (6ff8ac41-dafa-47c1-90f2-43e96e7633fb), after_update _notify_loop /var/lib/kolla/venv/lib/python3.6/site-packages/neutron_lib/callbacks/manager.py:177
2026-03-30 03:26:47.107 29 DEBUG neutron.db.agents_db [req-54f566b7-410c-4619-93b7-86f2a7704d70 - - - - -] Agent healthcheck: found 2 active agents agent_health_check /var/lib/kolla/venv/lib/python3.6/site-packages/neutron/db/agents_db.py:318
2026-03-30 03:26:58.767 25 DEBUG neutron_lib.callbacks.manager [req-17077904-9574-4961-bdb1-f6ce5a8313ad - - - - -] Publish callbacks ['neutron.services.segments.db._update_segment_host_mapping_for_agent-8756432450624', 'neutron.plugins.ml2.plugin.Ml2Plugin._retry_binding_revived_agents--9223372036852926277'] for agent (4bc693f4-b302-4719-84ec-ac45789334b4), after_update _notify_loop /var/lib/kolla/venv/lib/python3.6/site-packages/neutron_lib/callbacks/manager.py:177
2026-03-30 03:27:06.023 22 DEBUG neutron.wsgi [-] (22) accepted ('10.0.0.22', 51580) server /var/lib/kolla/venv/lib/python3.6/site-packages/eventlet/wsgi.py:1004
2026-03-30 03:27:06.026 22 INFO neutron.wsgi [-] 10.0.0.22 "GET / HTTP/1.1" status: 200 len: 227 time: 0.0029218
2026-03-30 03:27:08.127 26 DEBUG neutron_lib.callbacks.manager [req-3fdb0c9e-f0d0-4b58-b8e5-171239499d93 - - - - -] Publish callbacks ['neutron.services.segments.db._update_segment_host_mapping_for_agent-8756432450624', 'neutron.plugins.ml2.plugin.Ml2Plugin._retry_binding_revived_agents--9223372036852926277'] for agent (6ff8ac41-dafa-47c1-90f2-43e96e7633fb), after_update _notify_loop /var/lib/kolla/venv/lib/python3.6/site-packages/neutron_lib/callbacks/manager.py:177
2026-03-30 03:27:24.117 29 DEBUG neutron.db.agents_db [req-54f566b7-410c-4619-93b7-86f2a7704d70 - - - - -] Agent healthcheck: found 2 active agents agent_health_check /var/lib/kolla/venv/lib/python3.6/site-packages/neutron/db/agents_db.py:318
2026-03-30 03:27:28.769 27 DEBUG neutron_lib.callbacks.manager [req-17077904-9574-4961-bdb1-f6ce5a8313ad - - - - -] Publish callbacks ['neutron.services.segments.db._update_segment_host_mapping_for_agent-8756432450624', 'neutron.plugins.ml2.plugin.Ml2Plugin._retry_binding_revived_agents--9223372036852926277'] for agent (4bc693f4-b302-4719-84ec-ac45789334b4), after_update _notify_loop /var/lib/kolla/venv/lib/python3.6/site-packages/neutron_lib/callbacks/manager.py:177
2026-03-30 03:27:36.072 22 DEBUG neutron.wsgi [-] (22) accepted ('10.0.0.22', 34348) server /var/lib/kolla/venv/lib/python3.6/site-packages/eventlet/wsgi.py:1004
2026-03-30 03:27:36.075 22 INFO neutron.wsgi [-] 10.0.0.22 "GET / HTTP/1.1" status: 200 len: 227 time: 0.0028708
2026-03-30 03:27:38.122 28 DEBUG neutron_lib.callbacks.manager [req-74350903-965a-4278-824d-df8fb38a3fc4 - - - - -] Publish callbacks ['neutron.services.segments.db._update_segment_host_mapping_for_agent-8756432450624', 'neutron.plugins.ml2.plugin.Ml2Plugin._retry_binding_revived_agents--9223372036852926277'] for agent (6ff8ac41-dafa-47c1-90f2-43e96e7633fb), after_update _notify_loop /var/lib/kolla/venv/lib/python3.6/site-packages/neutron_lib/callbacks/manager.py:177
2026-03-30 03:27:58.770 23 DEBUG neutron_lib.callbacks.manager [req-17077904-9574-4961-bdb1-f6ce5a8313ad - - - - -] Publish callbacks ['neutron.services.segments.db._update_segment_host_mapping_for_agent-8756432450624', 'neutron.plugins.ml2.plugin.Ml2Plugin._retry_binding_revived_agents--9223372036852926277'] for agent (4bc693f4-b302-4719-84ec-ac45789334b4), after_update _notify_loop /var/lib/kolla/venv/lib/python3.6/site-packages/neutron_lib/callbacks/manager.py:177
2026-03-30 03:28:01.114 29 DEBUG neutron.db.agents_db [req-54f566b7-410c-4619-93b7-86f2a7704d70 - - - - -] Agent healthcheck: found 2 active agents agent_health_check /var/lib/kolla/venv/lib/python3.6/site-packages/neutron/db/agents_db.py:318
2026-03-30 03:28:06.120 22 DEBUG neutron.wsgi [-] (22) accepted ('10.0.0.22', 57612) server /var/lib/kolla/venv/lib/python3.6/site-packages/eventlet/wsgi.py:1004
2026-03-30 03:28:06.124 22 INFO neutron.wsgi [-] 10.0.0.22 "GET / HTTP/1.1" status: 200 len: 227 time: 0.0026755
2026-03-30 03:28:08.129 24 DEBUG neutron_lib.callbacks.manager [req-3654ee9d-22e5-441f-8df9-f9c064f58000 - - - - -] Publish callbacks ['neutron.services.segments.db._update_segment_host_mapping_for_agent-8756432450624', 'neutron.plugins.ml2.plugin.Ml2Plugin._retry_binding_revived_agents--9223372036852926277'] for agent (6ff8ac41-dafa-47c1-90f2-43e96e7633fb), after_update _notify_loop /var/lib/kolla/venv/lib/python3.6/site-packages/neutron_lib/callbacks/manager.py:177
2026-03-30 03:28:28.777 25 DEBUG neutron_lib.callbacks.manager [req-17077904-9574-4961-bdb1-f6ce5a8313ad - - - - -] Publish callbacks ['neutron.services.segments.db._update_segment_host_mapping_for_agent-8756432450624', 'neutron.plugins.ml2.plugin.Ml2Plugin._retry_binding_revived_agents--9223372036852926277'] for agent (4bc693f4-b302-4719-84ec-ac45789334b4), after_update _notify_loop /var/lib/kolla/venv/lib/python3.6/site-packages/neutron_lib/callbacks/manager.py:177
2026-03-30 03:28:36.167 22 DEBUG neutron.wsgi [-] (22) accepted ('10.0.0.22', 56226) server /var/lib/kolla/venv/lib/python3.6/site-packages/eventlet/wsgi.py:1004
2026-03-30 03:28:36.170 22 INFO neutron.wsgi [-] 10.0.0.22 "GET / HTTP/1.1" status: 200 len: 227 time: 0.0028162
2026-03-30 03:28:38.121 29 DEBUG neutron.db.agents_db [req-54f566b7-410c-4619-93b7-86f2a7704d70 - - - - -] Agent healthcheck: found 2 active agents agent_health_check /var/lib/kolla/venv/lib/python3.6/site-packages/neutron/db/agents_db.py:318
2026-03-30 03:28:38.125 26 DEBUG neutron_lib.callbacks.manager [req-3885aee8-67c2-46c3-80a1-135dbad25ad8 - - - - -] Publish callbacks ['neutron.services.segments.db._update_segment_host_mapping_for_agent-8756432450624', 'neutron.plugins.ml2.plugin.Ml2Plugin._retry_binding_revived_agents--9223372036852926277'] for agent (6ff8ac41-dafa-47c1-90f2-43e96e7633fb), after_update _notify_loop /var/lib/kolla/venv/lib/python3.6/site-packages/neutron_lib/callbacks/manager.py:177
2026-03-30 03:28:58.775 27 DEBUG neutron_lib.callbacks.manager [req-17077904-9574-4961-bdb1-f6ce5a8313ad - - - - -] Publish callbacks ['neutron.services.segments.db._update_segment_host_mapping_for_agent-8756432450624', 'neutron.plugins.ml2.plugin.Ml2Plugin._retry_binding_revived_agents--9223372036852926277'] for agent (4bc693f4-b302-4719-84ec-ac45789334b4), after_update _notify_loop /var/lib/kolla/venv/lib/python3.6/site-packages/neutron_lib/callbacks/manager.py:177
2026-03-30 03:29:06.215 22 DEBUG neutron.wsgi [-] (22) accepted ('10.0.0.22', 60424) server /var/lib/kolla/venv/lib/python3.6/site-packages/eventlet/wsgi.py:1004
2026-03-30 03:29:06.219 22 INFO neutron.wsgi [-] 10.0.0.22 "GET / HTTP/1.1" status: 200 len: 227 time: 0.0033665
2026-03-30 03:29:08.145 28 DEBUG neutron_lib.callbacks.manager [req-24373a79-d6d6-4f13-9385-dac14c9f3047 - - - - -] Publish callbacks ['neutron.services.segments.db._update_segment_host_mapping_for_agent-8756432450624', 'neutron.plugins.ml2.plugin.Ml2Plugin._retry_binding_revived_agents--9223372036852926277'] for agent (6ff8ac41-dafa-47c1-90f2-43e96e7633fb), after_update _notify_loop /var/lib/kolla/venv/lib/python3.6/site-packages/neutron_lib/callbacks/manager.py:177
2026-03-30 03:29:15.127 29 DEBUG neutron.db.agents_db [req-54f566b7-410c-4619-93b7-86f2a7704d70 - - - - -] Agent healthcheck: found 2 active agents agent_health_check /var/lib/kolla/venv/lib/python3.6/site-packages/neutron/db/agents_db.py:318
2026-03-30 03:29:28.777 23 DEBUG neutron_lib.callbacks.manager [req-17077904-9574-4961-bdb1-f6ce5a8313ad - - - - -] Publish callbacks ['neutron.services.segments.db._update_segment_host_mapping_for_agent-8756432450624', 'neutron.plugins.ml2.plugin.Ml2Plugin._retry_binding_revived_agents--9223372036852926277'] for agent (4bc693f4-b302-4719-84ec-ac45789334b4), after_update _notify_loop /var/lib/kolla/venv/lib/python3.6/site-packages/neutron_lib/callbacks/manager.py:177
2026-03-30 03:29:36.269 22 DEBUG neutron.wsgi [-] (22) accepted ('10.0.0.22', 39852) server /var/lib/kolla/venv/lib/python3.6/site-packages/eventlet/wsgi.py:1004
2026-03-30 03:29:36.273 22 INFO neutron.wsgi [-] 10.0.0.22 "GET / HTTP/1.1" status: 200 len: 227 time: 0.0036838
2026-03-30 03:29:38.134 24 DEBUG neutron_lib.callbacks.manager [req-8f13447c-7240-47ba-9764-aa0f0ef7d996 - - - - -] Publish callbacks ['neutron.services.segments.db._update_segment_host_mapping_for_agent-8756432450624', 'neutron.plugins.ml2.plugin.Ml2Plugin._retry_binding_revived_agents--9223372036852926277'] for agent (6ff8ac41-dafa-47c1-90f2-43e96e7633fb), after_update _notify_loop /var/lib/kolla/venv/lib/python3.6/site-packages/neutron_lib/callbacks/manager.py:177
2026-03-30 03:29:52.133 29 DEBUG neutron.db.agents_db [req-54f566b7-410c-4619-93b7-86f2a7704d70 - - - - -] Agent healthcheck: found 2 active agents agent_health_check /var/lib/kolla/venv/lib/python3.6/site-packages/neutron/db/agents_db.py:318
2026-03-30 03:29:58.779 25 DEBUG neutron_lib.callbacks.manager [req-17077904-9574-4961-bdb1-f6ce5a8313ad - - - - -] Publish callbacks ['neutron.services.segments.db._update_segment_host_mapping_for_agent-8756432450624', 'neutron.plugins.ml2.plugin.Ml2Plugin._retry_binding_revived_agents--9223372036852926277'] for agent (4bc693f4-b302-4719-84ec-ac45789334b4), after_update _notify_loop /var/lib/kolla/venv/lib/python3.6/site-packages/neutron_lib/callbacks/manager.py:177
2026-03-30 03:30:06.319 22 DEBUG neutron.wsgi [-] (22) accepted ('10.0.0.22', 48064) server /var/lib/kolla/venv/lib/python3.6/site-packages/eventlet/wsgi.py:1004
2026-03-30 03:30:06.322 22 INFO neutron.wsgi [-] 10.0.0.22 "GET / HTTP/1.1" status: 200 len: 227 time: 0.0027869
2026-03-30 03:30:08.131 26 DEBUG neutron_lib.callbacks.manager [req-8f9039b3-a137-4223-bea7-7d25632b8847 - - - - -] Publish callbacks ['neutron.services.segments.db._update_segment_host_mapping_for_agent-8756432450624', 'neutron.plugins.ml2.plugin.Ml2Plugin._retry_binding_revived_agents--9223372036852926277'] for agent (6ff8ac41-dafa-47c1-90f2-43e96e7633fb), after_update _notify_loop /var/lib/kolla/venv/lib/python3.6/site-packages/neutron_lib/callbacks/manager.py:177
2026-03-30 03:30:28.782 27 DEBUG neutron_lib.callbacks.manager [req-17077904-9574-4961-bdb1-f6ce5a8313ad - - - - -] Publish callbacks ['neutron.services.segments.db._update_segment_host_mapping_for_agent-8756432450624', 'neutron.plugins.ml2.plugin.Ml2Plugin._retry_binding_revived_agents--9223372036852926277'] for agent (4bc693f4-b302-4719-84ec-ac45789334b4), after_update _notify_loop /var/lib/kolla/venv/lib/python3.6/site-packages/neutron_lib/callbacks/manager.py:177
2026-03-30 03:30:29.130 29 DEBUG neutron.db.agents_db [req-54f566b7-410c-4619-93b7-86f2a7704d70 - - - - -] Agent healthcheck: found 2 active agents agent_health_check /var/lib/kolla/venv/lib/python3.6/site-packages/neutron/db/agents_db.py:318
2026-03-30 03:30:36.367 22 DEBUG neutron.wsgi [-] (22) accepted ('10.0.0.22', 37912) server /var/lib/kolla/venv/lib/python3.6/site-packages/eventlet/wsgi.py:1004
2026-03-30 03:30:36.370 22 INFO neutron.wsgi [-] 10.0.0.22 "GET / HTTP/1.1" status: 200 len: 227 time: 0.0024788
2026-03-30 03:30:38.126 28 DEBUG neutron_lib.callbacks.manager [req-834443c5-08c1-4893-a55d-2eb6ab160556 - - - - -] Publish callbacks ['neutron.services.segments.db._update_segment_host_mapping_for_agent-8756432450624', 'neutron.plugins.ml2.plugin.Ml2Plugin._retry_binding_revived_agents--9223372036852926277'] for agent (6ff8ac41-dafa-47c1-90f2-43e96e7633fb), after_update _notify_loop /var/lib/kolla/venv/lib/python3.6/site-packages/neutron_lib/callbacks/manager.py:177
2026-03-30 03:30:58.784 23 DEBUG neutron_lib.callbacks.manager [req-17077904-9574-4961-bdb1-f6ce5a8313ad - - - - -] Publish callbacks ['neutron.services.segments.db._update_segment_host_mapping_for_agent-8756432450624', 'neutron.plugins.ml2.plugin.Ml2Plugin._retry_binding_revived_agents--9223372036852926277'] for agent (4bc693f4-b302-4719-84ec-ac45789334b4), after_update _notify_loop /var/lib/kolla/venv/lib/python3.6/site-packages/neutron_lib/callbacks/manager.py:177
2026-03-30 03:31:06.127 29 DEBUG neutron.db.agents_db [req-54f566b7-410c-4619-93b7-86f2a7704d70 - - - - -] Agent healthcheck: found 2 active agents agent_health_check /var/lib/kolla/venv/lib/python3.6/site-packages/neutron/db/agents_db.py:318
2026-03-30 03:31:06.417 22 DEBUG neutron.wsgi [-] (22) accepted ('10.0.0.22', 55876) server /var/lib/kolla/venv/lib/python3.6/site-packages/eventlet/wsgi.py:1004
2026-03-30 03:31:06.420 22 INFO neutron.wsgi [-] 10.0.0.22 "GET / HTTP/1.1" status: 200 len: 227 time: 0.0024936
2026-03-30 03:31:08.131 24 DEBUG neutron_lib.callbacks.manager [req-e2956666-f68f-4157-84e7-77cf212caf5d - - - - -] Publish callbacks ['neutron.services.segments.db._update_segment_host_mapping_for_agent-8756432450624', 'neutron.plugins.ml2.plugin.Ml2Plugin._retry_binding_revived_agents--9223372036852926277'] for agent (6ff8ac41-dafa-47c1-90f2-43e96e7633fb), after_update _notify_loop /var/lib/kolla/venv/lib/python3.6/site-packages/neutron_lib/callbacks/manager.py:177
2026-03-30 03:31:28.789 25 DEBUG neutron_lib.callbacks.manager [req-17077904-9574-4961-bdb1-f6ce5a8313ad - - - - -] Publish callbacks ['neutron.services.segments.db._update_segment_host_mapping_for_agent-8756432450624', 'neutron.plugins.ml2.plugin.Ml2Plugin._retry_binding_revived_agents--9223372036852926277'] for agent (4bc693f4-b302-4719-84ec-ac45789334b4), after_update _notify_loop /var/lib/kolla/venv/lib/python3.6/site-packages/neutron_lib/callbacks/manager.py:177
2026-03-30 03:31:36.467 22 DEBUG neutron.wsgi [-] (22) accepted ('10.0.0.22', 33574) server /var/lib/kolla/venv/lib/python3.6/site-packages/eventlet/wsgi.py:1004
2026-03-30 03:31:36.471 22 INFO neutron.wsgi [-] 10.0.0.22 "GET / HTTP/1.1" status: 200 len: 227 time: 0.0027010
2026-03-30 03:31:38.137 26 DEBUG neutron_lib.callbacks.manager [req-8b97a7bc-5a43-4fd0-8e24-465dba35a8f4 - - - - -] Publish callbacks ['neutron.services.segments.db._update_segment_host_mapping_for_agent-8756432450624', 'neutron.plugins.ml2.plugin.Ml2Plugin._retry_binding_revived_agents--9223372036852926277'] for agent (6ff8ac41-dafa-47c1-90f2-43e96e7633fb), after_update _notify_loop /var/lib/kolla/venv/lib/python3.6/site-packages/neutron_lib/callbacks/manager.py:177
2026-03-30 03:31:43.136 29 DEBUG neutron.db.agents_db [req-54f566b7-410c-4619-93b7-86f2a7704d70 - - - - -] Agent healthcheck: found 2 active agents agent_health_check /var/lib/kolla/venv/lib/python3.6/site-packages/neutron/db/agents_db.py:318
2026-03-30 03:31:58.790 27 DEBUG neutron_lib.callbacks.manager [req-17077904-9574-4961-bdb1-f6ce5a8313ad - - - - -] Publish callbacks ['neutron.services.segments.db._update_segment_host_mapping_for_agent-8756432450624', 'neutron.plugins.ml2.plugin.Ml2Plugin._retry_binding_revived_agents--9223372036852926277'] for agent (4bc693f4-b302-4719-84ec-ac45789334b4), after_update _notify_loop /var/lib/kolla/venv/lib/python3.6/site-packages/neutron_lib/callbacks/manager.py:177
2026-03-30 03:32:06.517 22 DEBUG neutron.wsgi [-] (22) accepted ('10.0.0.22', 59552) server /var/lib/kolla/venv/lib/python3.6/site-packages/eventlet/wsgi.py:1004
2026-03-30 03:32:06.520 22 INFO neutron.wsgi [-] 10.0.0.22 "GET / HTTP/1.1" status: 200 len: 227 time: 0.0024188
2026-03-30 03:32:08.136 28 DEBUG neutron_lib.callbacks.manager [req-e26c0752-c14a-44c8-8af5-f6b0654e69ef - - - - -] Publish callbacks ['neutron.services.segments.db._update_segment_host_mapping_for_agent-8756432450624', 'neutron.plugins.ml2.plugin.Ml2Plugin._retry_binding_revived_agents--9223372036852926277'] for agent (6ff8ac41-dafa-47c1-90f2-43e96e7633fb), after_update _notify_loop /var/lib/kolla/venv/lib/python3.6/site-packages/neutron_lib/callbacks/manager.py:177
2026-03-30 03:32:20.133 29 DEBUG neutron.db.agents_db [req-54f566b7-410c-4619-93b7-86f2a7704d70 - - - - -] Agent healthcheck: found 2 active agents agent_health_check /var/lib/kolla/venv/lib/python3.6/site-packages/neutron/db/agents_db.py:318
2026-03-30 03:32:28.793 23 DEBUG neutron_lib.callbacks.manager [req-17077904-9574-4961-bdb1-f6ce5a8313ad - - - - -] Publish callbacks ['neutron.services.segments.db._update_segment_host_mapping_for_agent-8756432450624', 'neutron.plugins.ml2.plugin.Ml2Plugin._retry_binding_revived_agents--9223372036852926277'] for agent (4bc693f4-b302-4719-84ec-ac45789334b4), after_update _notify_loop /var/lib/kolla/venv/lib/python3.6/site-packages/neutron_lib/callbacks/manager.py:177
2026-03-30 03:32:36.574 22 DEBUG neutron.wsgi [-] (22) accepted ('10.0.0.22', 41422) server /var/lib/kolla/venv/lib/python3.6/site-packages/eventlet/wsgi.py:1004
2026-03-30 03:32:36.578 22 INFO neutron.wsgi [-] 10.0.0.22 "GET / HTTP/1.1" status: 200 len: 227 time: 0.0028834
2026-03-30 03:32:38.132 24 DEBUG neutron_lib.callbacks.manager [req-cf055645-0678-464c-a06c-b89fea4d5e40 - - - - -] Publish callbacks ['neutron.services.segments.db._update_segment_host_mapping_for_agent-8756432450624', 'neutron.plugins.ml2.plugin.Ml2Plugin._retry_binding_revived_agents--9223372036852926277'] for agent (6ff8ac41-dafa-47c1-90f2-43e96e7633fb), after_update _notify_loop /var/lib/kolla/venv/lib/python3.6/site-packages/neutron_lib/callbacks/manager.py:177
2026-03-30 03:32:47.401 7 INFO oslo_service.service [-] Caught SIGTERM, stopping children
2026-03-30 03:32:47.401 7 DEBUG oslo_concurrency.lockutils [-] Acquired lock "singleton_lock" lock /var/lib/kolla/venv/lib/python3.6/site-packages/oslo_concurrency/lockutils.py:294
2026-03-30 03:32:47.401 7 DEBUG oslo_concurrency.lockutils [-] Releasing lock "singleton_lock" lock /var/lib/kolla/venv/lib/python3.6/site-packages/oslo_concurrency/lockutils.py:312
2026-03-30 03:32:47.402 7 DEBUG oslo_service.service [-] Stop services. stop /var/lib/kolla/venv/lib/python3.6/site-packages/oslo_service/service.py:695
2026-03-30 03:32:47.402 7 DEBUG neutron.service [-] calling RpcWorker stop() stop /var/lib/kolla/venv/lib/python3.6/site-packages/neutron/service.py:138
2026-03-30 03:32:47.402 7 DEBUG neutron.service [-] calling RpcWorker stop() stop /var/lib/kolla/venv/lib/python3.6/site-packages/neutron/service.py:138
2026-03-30 03:32:47.402 7 DEBUG oslo_service.service [-] Killing children. stop /var/lib/kolla/venv/lib/python3.6/site-packages/oslo_service/service.py:700
2026-03-30 03:32:47.402 7 INFO oslo_service.service [-] Waiting on 8 children to exit
2026-03-30 03:32:47.403 22 INFO neutron.wsgi [-] (22) wsgi exited, is_accepting=True
2026-03-30 03:32:47.403 23 DEBUG neutron.service [-] calling RpcWorker stop() stop /var/lib/kolla/venv/lib/python3.6/site-packages/neutron/service.py:138
2026-03-30 03:32:47.403 25 DEBUG neutron.service [-] calling RpcWorker stop() stop /var/lib/kolla/venv/lib/python3.6/site-packages/neutron/service.py:138
2026-03-30 03:32:47.403 28 DEBUG neutron.service [-] calling RpcWorker stop() stop /var/lib/kolla/venv/lib/python3.6/site-packages/neutron/service.py:138
2026-03-30 03:32:47.403 24 DEBUG neutron.service [-] calling RpcWorker stop() stop /var/lib/kolla/venv/lib/python3.6/site-packages/neutron/service.py:138
2026-03-30 03:32:47.403 22 DEBUG oslo_concurrency.lockutils [req-80e05da5-04be-4102-8ab3-305a63fe5fc8 - - - - -] Acquired lock "singleton_lock" lock /var/lib/kolla/venv/lib/python3.6/site-packages/oslo_concurrency/lockutils.py:294
2026-03-30 03:32:47.404 22 DEBUG oslo_concurrency.lockutils [req-80e05da5-04be-4102-8ab3-305a63fe5fc8 - - - - -] Releasing lock "singleton_lock" lock /var/lib/kolla/venv/lib/python3.6/site-packages/oslo_concurrency/lockutils.py:312
2026-03-30 03:32:47.403 24 DEBUG neutron.service [-] calling stop on stop /var/lib/kolla/venv/lib/python3.6/site-packages/neutron/service.py:141
2026-03-30 03:32:47.405 27 DEBUG neutron.service [-] calling RpcWorker stop() stop /var/lib/kolla/venv/lib/python3.6/site-packages/neutron/service.py:138
2026-03-30 03:32:47.403 25 DEBUG neutron.service [-] calling stop on stop /var/lib/kolla/venv/lib/python3.6/site-packages/neutron/service.py:141
2026-03-30 03:32:47.403 23 DEBUG neutron.service [-] calling stop on stop /var/lib/kolla/venv/lib/python3.6/site-packages/neutron/service.py:141
2026-03-30 03:32:47.403 28 DEBUG neutron.service [-] calling stop on stop /var/lib/kolla/venv/lib/python3.6/site-packages/neutron/service.py:141
2026-03-30 03:32:47.406 29 DEBUG neutron.service [-] calling RpcWorker stop() stop /var/lib/kolla/venv/lib/python3.6/site-packages/neutron/service.py:138
2026-03-30 03:32:47.406 26 DEBUG neutron.service [-] calling RpcWorker stop() stop /var/lib/kolla/venv/lib/python3.6/site-packages/neutron/service.py:138
2026-03-30 03:32:47.407 29 DEBUG neutron.service [-] calling stop on stop /var/lib/kolla/venv/lib/python3.6/site-packages/neutron/service.py:141
2026-03-30 03:32:47.405 27 DEBUG neutron.service [-] calling stop on stop /var/lib/kolla/venv/lib/python3.6/site-packages/neutron/service.py:141
2026-03-30 03:32:47.408 7 INFO oslo_service.service [-] Child 22 exited with status 0
2026-03-30 03:32:47.407 26 DEBUG neutron.service [-] calling stop on stop /var/lib/kolla/venv/lib/python3.6/site-packages/neutron/service.py:141
2026-03-30 03:32:50.069 23 DEBUG neutron.service [-] calling stop on stop /var/lib/kolla/venv/lib/python3.6/site-packages/neutron/service.py:141
2026-03-30 03:32:50.072 24 DEBUG neutron.service [-] calling stop on stop /var/lib/kolla/venv/lib/python3.6/site-packages/neutron/service.py:141
2026-03-30 03:32:50.087 25 DEBUG neutron.service [-] calling stop on stop /var/lib/kolla/venv/lib/python3.6/site-packages/neutron/service.py:141
2026-03-30 03:32:50.090 26 DEBUG oslo_concurrency.lockutils [req-80e05da5-04be-4102-8ab3-305a63fe5fc8 - - - - -] Acquired lock "singleton_lock" lock /var/lib/kolla/venv/lib/python3.6/site-packages/oslo_concurrency/lockutils.py:294
2026-03-30 03:32:50.091 24 DEBUG neutron.service [-] calling stop on stop /var/lib/kolla/venv/lib/python3.6/site-packages/neutron/service.py:141
2026-03-30 03:32:50.091 26 DEBUG oslo_concurrency.lockutils [req-80e05da5-04be-4102-8ab3-305a63fe5fc8 - - - - -] Releasing lock "singleton_lock" lock /var/lib/kolla/venv/lib/python3.6/site-packages/oslo_concurrency/lockutils.py:312
2026-03-30 03:32:50.091 23 DEBUG neutron.service [-] calling stop on stop /var/lib/kolla/venv/lib/python3.6/site-packages/neutron/service.py:141
2026-03-30 03:32:50.092 27 DEBUG oslo_concurrency.lockutils [req-80e05da5-04be-4102-8ab3-305a63fe5fc8 - - - - -] Acquired lock "singleton_lock" lock /var/lib/kolla/venv/lib/python3.6/site-packages/oslo_concurrency/lockutils.py:294
2026-03-30 03:32:50.091 26 DEBUG neutron.service [req-80e05da5-04be-4102-8ab3-305a63fe5fc8 - - - - -] calling RpcWorker wait() _wait /var/lib/kolla/venv/lib/python3.6/site-packages/neutron/service.py:128
2026-03-30 03:32:50.093 27 DEBUG oslo_concurrency.lockutils [req-80e05da5-04be-4102-8ab3-305a63fe5fc8 - - - - -] Releasing lock "singleton_lock" lock /var/lib/kolla/venv/lib/python3.6/site-packages/oslo_concurrency/lockutils.py:312
2026-03-30 03:32:50.093 27 DEBUG neutron.service [req-80e05da5-04be-4102-8ab3-305a63fe5fc8 - - - - -] calling RpcWorker wait() _wait /var/lib/kolla/venv/lib/python3.6/site-packages/neutron/service.py:128
2026-03-30 03:32:50.094 26 DEBUG neutron.service [req-80e05da5-04be-4102-8ab3-305a63fe5fc8 - - - - -] calling wait on _wait /var/lib/kolla/venv/lib/python3.6/site-packages/neutron/service.py:131
2026-03-30 03:32:50.094 27 DEBUG neutron.service [req-80e05da5-04be-4102-8ab3-305a63fe5fc8 - - - - -] calling wait on _wait /var/lib/kolla/venv/lib/python3.6/site-packages/neutron/service.py:131
2026-03-30 03:32:50.111 25 DEBUG neutron.service [-] calling stop on stop /var/lib/kolla/venv/lib/python3.6/site-packages/neutron/service.py:141
2026-03-30 03:32:50.118 29 DEBUG oslo_concurrency.lockutils [req-80e05da5-04be-4102-8ab3-305a63fe5fc8 - - - - -] Acquired lock "singleton_lock" lock /var/lib/kolla/venv/lib/python3.6/site-packages/oslo_concurrency/lockutils.py:294
2026-03-30 03:32:50.224 29 DEBUG oslo_concurrency.lockutils [req-80e05da5-04be-4102-8ab3-305a63fe5fc8 - - - - -] Releasing lock "singleton_lock" lock /var/lib/kolla/venv/lib/python3.6/site-packages/oslo_concurrency/lockutils.py:312
2026-03-30 03:32:50.224 29 DEBUG neutron.service [req-80e05da5-04be-4102-8ab3-305a63fe5fc8 - - - - -] calling RpcWorker wait() _wait /var/lib/kolla/venv/lib/python3.6/site-packages/neutron/service.py:128
2026-03-30 03:32:50.225 29 DEBUG neutron.service [req-80e05da5-04be-4102-8ab3-305a63fe5fc8 - - - - -] calling wait on _wait /var/lib/kolla/venv/lib/python3.6/site-packages/neutron/service.py:131
2026-03-30 03:32:50.226 25 DEBUG neutron.service [-] calling stop on stop /var/lib/kolla/venv/lib/python3.6/site-packages/neutron/service.py:141
2026-03-30 03:32:50.233 27 WARNING amqp [req-80e05da5-04be-4102-8ab3-305a63fe5fc8 - - - - -] Received method (60, 30) during closing channel 1. This method will be ignored
2026-03-30 03:32:50.234 27 DEBUG neutron.service [req-80e05da5-04be-4102-8ab3-305a63fe5fc8 - - - - -] returning from RpcWorker wait() _wait /var/lib/kolla/venv/lib/python3.6/site-packages/neutron/service.py:135
2026-03-30 03:32:50.239 29 WARNING amqp [req-80e05da5-04be-4102-8ab3-305a63fe5fc8 - - - - -] Received method (60, 30) during closing channel 1. This method will be ignored
2026-03-30 03:32:50.240 26 WARNING amqp [req-80e05da5-04be-4102-8ab3-305a63fe5fc8 - - - - -] Received method (60, 30) during closing channel 1. This method will be ignored
2026-03-30 03:32:50.242 7 INFO oslo_service.service [-] Child 27 exited with status 0
2026-03-30 03:32:50.264 29 DEBUG neutron.service [req-80e05da5-04be-4102-8ab3-305a63fe5fc8 - - - - -] returning from RpcWorker wait() _wait /var/lib/kolla/venv/lib/python3.6/site-packages/neutron/service.py:135
2026-03-30 03:32:50.267 26 DEBUG neutron.service [req-80e05da5-04be-4102-8ab3-305a63fe5fc8 - - - - -] returning from RpcWorker wait() _wait /var/lib/kolla/venv/lib/python3.6/site-packages/neutron/service.py:135
2026-03-30 03:32:50.269 7 INFO oslo_service.service [-] Child 29 exited with status 0
2026-03-30 03:32:50.272 7 INFO oslo_service.service [-] Child 26 exited with status 0
2026-03-30 03:32:51.328 24 DEBUG neutron.service [-] calling stop on stop /var/lib/kolla/venv/lib/python3.6/site-packages/neutron/service.py:141
2026-03-30 03:32:51.334 28 DEBUG oslo_concurrency.lockutils [req-80e05da5-04be-4102-8ab3-305a63fe5fc8 - - - - -] Acquired lock "singleton_lock" lock /var/lib/kolla/venv/lib/python3.6/site-packages/oslo_concurrency/lockutils.py:294
2026-03-30 03:32:51.334 28 DEBUG oslo_concurrency.lockutils [req-80e05da5-04be-4102-8ab3-305a63fe5fc8 - - - - -] Releasing lock "singleton_lock" lock /var/lib/kolla/venv/lib/python3.6/site-packages/oslo_concurrency/lockutils.py:312
2026-03-30 03:32:51.335 28 DEBUG neutron.service [req-80e05da5-04be-4102-8ab3-305a63fe5fc8 - - - - -] calling RpcWorker wait() _wait /var/lib/kolla/venv/lib/python3.6/site-packages/neutron/service.py:128
2026-03-30 03:32:51.335 28 DEBUG neutron.service [req-80e05da5-04be-4102-8ab3-305a63fe5fc8 - - - - -] calling wait on _wait /var/lib/kolla/venv/lib/python3.6/site-packages/neutron/service.py:131
2026-03-30 03:32:51.341 28 WARNING amqp [req-80e05da5-04be-4102-8ab3-305a63fe5fc8 - - - - -] Received method (60, 30) during closing channel 1. This method will be ignored
2026-03-30 03:32:51.343 28 DEBUG neutron.service [req-80e05da5-04be-4102-8ab3-305a63fe5fc8 - - - - -] returning from RpcWorker wait() _wait /var/lib/kolla/venv/lib/python3.6/site-packages/neutron/service.py:135
2026-03-30 03:32:51.348 7 INFO oslo_service.service [-] Child 28 exited with status 0
2026-03-30 03:32:51.993 23 DEBUG neutron.service [-] calling stop on stop /var/lib/kolla/venv/lib/python3.6/site-packages/neutron/service.py:141
2026-03-30 03:32:55.134 23 DEBUG oslo_concurrency.lockutils [req-80e05da5-04be-4102-8ab3-305a63fe5fc8 - - - - -] Acquired lock "singleton_lock" lock /var/lib/kolla/venv/lib/python3.6/site-packages/oslo_concurrency/lockutils.py:294
2026-03-30 03:32:55.134 23 DEBUG oslo_concurrency.lockutils [req-80e05da5-04be-4102-8ab3-305a63fe5fc8 - - - - -] Releasing lock "singleton_lock" lock /var/lib/kolla/venv/lib/python3.6/site-packages/oslo_concurrency/lockutils.py:312
2026-03-30 03:32:55.134 23 DEBUG neutron.service [req-80e05da5-04be-4102-8ab3-305a63fe5fc8 - - - - -] calling RpcWorker wait() _wait /var/lib/kolla/venv/lib/python3.6/site-packages/neutron/service.py:128
2026-03-30 03:32:55.135 23 DEBUG neutron.service [req-80e05da5-04be-4102-8ab3-305a63fe5fc8 - - - - -] calling wait on _wait /var/lib/kolla/venv/lib/python3.6/site-packages/neutron/service.py:131
2026-03-30 03:32:55.141 23 WARNING amqp [req-80e05da5-04be-4102-8ab3-305a63fe5fc8 - - - - -] Received method (60, 30) during closing channel 1. This method will be ignored
2026-03-30 03:32:55.142 24 DEBUG oslo_concurrency.lockutils [req-80e05da5-04be-4102-8ab3-305a63fe5fc8 - - - - -] Acquired lock "singleton_lock" lock /var/lib/kolla/venv/lib/python3.6/site-packages/oslo_concurrency/lockutils.py:294
2026-03-30 03:32:55.143 24 DEBUG oslo_concurrency.lockutils [req-80e05da5-04be-4102-8ab3-305a63fe5fc8 - - - - -] Releasing lock "singleton_lock" lock /var/lib/kolla/venv/lib/python3.6/site-packages/oslo_concurrency/lockutils.py:312
2026-03-30 03:32:55.144 24 DEBUG neutron.service [req-80e05da5-04be-4102-8ab3-305a63fe5fc8 - - - - -] calling RpcWorker wait() _wait /var/lib/kolla/venv/lib/python3.6/site-packages/neutron/service.py:128
2026-03-30 03:32:55.144 24 DEBUG neutron.service [req-80e05da5-04be-4102-8ab3-305a63fe5fc8 - - - - -] calling wait on _wait /var/lib/kolla/venv/lib/python3.6/site-packages/neutron/service.py:131
2026-03-30 03:32:55.145 23 DEBUG neutron.service [req-80e05da5-04be-4102-8ab3-305a63fe5fc8 - - - - -] calling wait on _wait /var/lib/kolla/venv/lib/python3.6/site-packages/neutron/service.py:131
2026-03-30 03:32:55.150 24 WARNING amqp [req-80e05da5-04be-4102-8ab3-305a63fe5fc8 - - - - -] Received method (60, 30) during closing channel 1. This method will be ignored
2026-03-30 03:32:55.151 24 DEBUG neutron.service [req-80e05da5-04be-4102-8ab3-305a63fe5fc8 - - - - -] calling wait on _wait /var/lib/kolla/venv/lib/python3.6/site-packages/neutron/service.py:131
2026-03-30 03:32:55.152 23 WARNING amqp [req-80e05da5-04be-4102-8ab3-305a63fe5fc8 - - - - -] Received method (60, 30) during closing channel 1. This method will be ignored
2026-03-30 03:32:55.153 23 DEBUG neutron.service [req-80e05da5-04be-4102-8ab3-305a63fe5fc8 - - - - -] calling wait on _wait /var/lib/kolla/venv/lib/python3.6/site-packages/neutron/service.py:131
2026-03-30 03:32:55.156 24 WARNING amqp [req-80e05da5-04be-4102-8ab3-305a63fe5fc8 - - - - -] Received method (60, 30) during closing channel 1. This method will be ignored
2026-03-30 03:32:55.157 24 DEBUG neutron.service [req-80e05da5-04be-4102-8ab3-305a63fe5fc8 - - - - -] calling wait on _wait /var/lib/kolla/venv/lib/python3.6/site-packages/neutron/service.py:131
2026-03-30 03:32:55.158 23 WARNING amqp [req-80e05da5-04be-4102-8ab3-305a63fe5fc8 - - - - -] Received method (60, 30) during closing channel 1. This method will be ignored
2026-03-30 03:32:55.160 23 DEBUG neutron.service [req-80e05da5-04be-4102-8ab3-305a63fe5fc8 - - - - -] calling wait on _wait /var/lib/kolla/venv/lib/python3.6/site-packages/neutron/service.py:131
2026-03-30 03:32:55.162 24 WARNING amqp [req-80e05da5-04be-4102-8ab3-305a63fe5fc8 - - - - -] Received method (60, 30) during closing channel 1. This method will be ignored
2026-03-30 03:32:55.162 24 DEBUG neutron.service [req-80e05da5-04be-4102-8ab3-305a63fe5fc8 - - - - -] calling wait on _wait /var/lib/kolla/venv/lib/python3.6/site-packages/neutron/service.py:131
2026-03-30 03:32:55.165 23 WARNING amqp [req-80e05da5-04be-4102-8ab3-305a63fe5fc8 - - - - -] Received method (60, 30) during closing channel 1. This method will be ignored
2026-03-30 03:32:55.166 23 DEBUG neutron.service [req-80e05da5-04be-4102-8ab3-305a63fe5fc8 - - - - -] returning from RpcWorker wait() _wait /var/lib/kolla/venv/lib/python3.6/site-packages/neutron/service.py:135
2026-03-30 03:32:55.167 24 WARNING amqp [req-80e05da5-04be-4102-8ab3-305a63fe5fc8 - - - - -] Received method (60, 30) during closing channel 1. This method will be ignored
2026-03-30 03:32:55.169 24 DEBUG neutron.service [req-80e05da5-04be-4102-8ab3-305a63fe5fc8 - - - - -] returning from RpcWorker wait() _wait /var/lib/kolla/venv/lib/python3.6/site-packages/neutron/service.py:135
2026-03-30 03:32:55.172 7 INFO oslo_service.service [-] Child 23 exited with status 0
2026-03-30 03:32:55.173 7 INFO oslo_service.service [-] Child 24 exited with status 0
2026-03-30 03:32:55.226 25 DEBUG oslo_concurrency.lockutils [req-80e05da5-04be-4102-8ab3-305a63fe5fc8 - - - - -] Acquired lock "singleton_lock" lock /var/lib/kolla/venv/lib/python3.6/site-packages/oslo_concurrency/lockutils.py:294
2026-03-30 03:32:55.227 25 DEBUG oslo_concurrency.lockutils [req-80e05da5-04be-4102-8ab3-305a63fe5fc8 - - - - -] Releasing lock "singleton_lock" lock /var/lib/kolla/venv/lib/python3.6/site-packages/oslo_concurrency/lockutils.py:312
2026-03-30 03:32:55.227 25 DEBUG neutron.service [req-80e05da5-04be-4102-8ab3-305a63fe5fc8 - - - - -] calling RpcWorker wait() _wait /var/lib/kolla/venv/lib/python3.6/site-packages/neutron/service.py:128
2026-03-30 03:32:55.228 25 DEBUG neutron.service [req-80e05da5-04be-4102-8ab3-305a63fe5fc8 - - - - -] calling wait on _wait /var/lib/kolla/venv/lib/python3.6/site-packages/neutron/service.py:131
2026-03-30 03:32:55.233 25 WARNING amqp [req-80e05da5-04be-4102-8ab3-305a63fe5fc8 - - - - -] Received method (60, 30) during closing channel 1. This method will be ignored
2026-03-30 03:32:55.234 25 DEBUG neutron.service [req-80e05da5-04be-4102-8ab3-305a63fe5fc8 - - - - -] calling wait on _wait /var/lib/kolla/venv/lib/python3.6/site-packages/neutron/service.py:131
2026-03-30 03:32:55.239 25 WARNING amqp [req-80e05da5-04be-4102-8ab3-305a63fe5fc8 - - - - -] Received method (60, 30) during closing channel 1. This method will be ignored
2026-03-30 03:32:55.240 25 DEBUG neutron.service [req-80e05da5-04be-4102-8ab3-305a63fe5fc8 - - - - -] calling wait on _wait /var/lib/kolla/venv/lib/python3.6/site-packages/neutron/service.py:131
2026-03-30 03:32:55.245 25 WARNING amqp [req-80e05da5-04be-4102-8ab3-305a63fe5fc8 - - - - -] Received method (60, 30) during closing channel 1. This method will be ignored
2026-03-30 03:32:55.245 25 DEBUG neutron.service [req-80e05da5-04be-4102-8ab3-305a63fe5fc8 - - - - -] calling wait on _wait /var/lib/kolla/venv/lib/python3.6/site-packages/neutron/service.py:131
2026-03-30 03:32:55.250 25 WARNING amqp [req-80e05da5-04be-4102-8ab3-305a63fe5fc8 - - - - -] Received method (60, 30) during closing channel 1. This method will be ignored
2026-03-30 03:32:55.251 25 DEBUG neutron.service [req-80e05da5-04be-4102-8ab3-305a63fe5fc8 - - - - -] returning from RpcWorker wait() _wait /var/lib/kolla/venv/lib/python3.6/site-packages/neutron/service.py:135
2026-03-30 03:32:55.255 7 INFO oslo_service.service [-] Child 25 exited with status 0
2026-03-30 03:32:55.255 7 INFO oslo_service.service [-] Wait called after thread killed. Cleaning up.
2026-03-30 03:32:55.255 7 DEBUG oslo_service.service [-] Stop services. stop /var/lib/kolla/venv/lib/python3.6/site-packages/oslo_service/service.py:695
2026-03-30 03:32:55.255 7 DEBUG oslo_service.service [-] Killing children. stop /var/lib/kolla/venv/lib/python3.6/site-packages/oslo_service/service.py:700
2026-03-30 03:32:58.689 7 INFO neutron.common.config [-] Logging enabled!
2026-03-30 03:32:58.689 7 INFO neutron.common.config [-] /var/lib/kolla/venv/bin/neutron-server version 20.5.1.dev23
2026-03-30 03:32:58.690 7 DEBUG neutron.common.config [-] command line: /var/lib/kolla/venv/bin/neutron-server --config-file /etc/neutron/neutron.conf --config-file /etc/neutron/ContrailPlugin.ini --config-file /etc/neutron/api-paste.ini setup_logging /var/lib/kolla/venv/lib/python3.6/site-packages/neutron/common/config.py:115
2026-03-30 03:32:58.693 7 INFO neutron.common.config [-] Logging enabled!
2026-03-30 03:32:58.694 7 INFO neutron.common.config [-] /var/lib/kolla/venv/bin/neutron-server version 20.5.1.dev23
2026-03-30 03:32:58.695 7 DEBUG neutron.common.config [-] command line: /var/lib/kolla/venv/bin/neutron-server --config-file /etc/neutron/neutron.conf --config-file /etc/neutron/ContrailPlugin.ini --config-file /etc/neutron/api-paste.ini setup_logging /var/lib/kolla/venv/lib/python3.6/site-packages/neutron/common/config.py:115
2026-03-30 03:32:58.695 7 DEBUG neutron.common.config [-] ******************************************************************************** log_opt_values /var/lib/kolla/venv/lib/python3.6/site-packages/oslo_config/cfg.py:2589
2026-03-30 03:32:58.696 7 DEBUG neutron.common.config [-] Configuration options gathered from: log_opt_values /var/lib/kolla/venv/lib/python3.6/site-packages/oslo_config/cfg.py:2590
2026-03-30 03:32:58.696 7 DEBUG neutron.common.config [-] command line args: ['--config-file', '/etc/neutron/neutron.conf', '--config-file', '/etc/neutron/ContrailPlugin.ini', '--config-file', '/etc/neutron/api-paste.ini'] log_opt_values /var/lib/kolla/venv/lib/python3.6/site-packages/oslo_config/cfg.py:2591
2026-03-30 03:32:58.697 7 DEBUG neutron.common.config [-] config files: ['/etc/neutron/neutron.conf', '/etc/neutron/ContrailPlugin.ini', '/etc/neutron/api-paste.ini'] log_opt_values /var/lib/kolla/venv/lib/python3.6/site-packages/oslo_config/cfg.py:2593
