2026-03-26 01:27:54.386 40350 DEBUG heat.engine.service [req-faccbecc-3d97-45a9-b1e5-98af31bbad60 - - - - -] Service d6a0b5d1-d222-4138-91af-e0e9e4c2516d is updated service_manage_report /usr/lib/python3/dist-packages/heat/engine/service.py:2370
2026-03-26 01:28:54.309 40349 DEBUG heat.engine.service [req-9a6fe298-7489-4dc2-a58d-a4ba57b29644 - - - - -] Service 406e33b8-1c24-4e82-a66f-6f48eabdf81e is updated service_manage_report /usr/lib/python3/dist-packages/heat/engine/service.py:2370
2026-03-26 01:28:54.348 40347 DEBUG heat.engine.service [req-3f8993e3-b69f-4195-b5af-b8ac3cb7d202 - - - - -] Service 17ff5041-3c3e-49a1-9911-416edfa30705 is updated service_manage_report /usr/lib/python3/dist-packages/heat/engine/service.py:2370
2026-03-26 01:28:54.350 40348 DEBUG heat.engine.service [req-9d6e9b14-698b-47d8-be96-bab40e73c186 - - - - -] Service e8d82cda-5ea0-41bf-85a8-a5ff3ade7e14 is updated service_manage_report /usr/lib/python3/dist-packages/heat/engine/service.py:2370
2026-03-26 01:28:54.389 40350 DEBUG heat.engine.service [req-ab9d3763-07a1-4ef1-afb8-d3b9688864ff - - - - -] Service d6a0b5d1-d222-4138-91af-e0e9e4c2516d is updated service_manage_report /usr/lib/python3/dist-packages/heat/engine/service.py:2370
2026-03-26 01:29:54.313 40349 DEBUG heat.engine.service [req-90776590-3846-48af-979a-66face9ecf23 - - - - -] Service 406e33b8-1c24-4e82-a66f-6f48eabdf81e is updated service_manage_report /usr/lib/python3/dist-packages/heat/engine/service.py:2370
2026-03-26 01:29:54.353 40347 DEBUG heat.engine.service [req-b74395a3-87da-422d-b599-a9e9655fc62a - - - - -] Service 17ff5041-3c3e-49a1-9911-416edfa30705 is updated service_manage_report /usr/lib/python3/dist-packages/heat/engine/service.py:2370
2026-03-26 01:29:54.355 40348 DEBUG heat.engine.service [req-ab682475-d46c-4f4a-87bd-6b20bbec3c21 - - - - -] Service e8d82cda-5ea0-41bf-85a8-a5ff3ade7e14 is updated service_manage_report /usr/lib/python3/dist-packages/heat/engine/service.py:2370
2026-03-26 01:29:54.393 40350 DEBUG heat.engine.service [req-7cc1d103-f690-4954-883e-d77c1354d490 - - - - -] Service d6a0b5d1-d222-4138-91af-e0e9e4c2516d is updated service_manage_report /usr/lib/python3/dist-packages/heat/engine/service.py:2370
2026-03-26 01:30:54.318 40349 DEBUG heat.engine.service [req-bba312bf-ddec-4831-9b71-4e7d43acb950 - - - - -] Service 406e33b8-1c24-4e82-a66f-6f48eabdf81e is updated service_manage_report /usr/lib/python3/dist-packages/heat/engine/service.py:2370
2026-03-26 01:30:54.357 40347 DEBUG heat.engine.service [req-a264b809-3664-4fd2-9e75-7acf43bed0d4 - - - - -] Service 17ff5041-3c3e-49a1-9911-416edfa30705 is updated service_manage_report /usr/lib/python3/dist-packages/heat/engine/service.py:2370
2026-03-26 01:30:54.361 40348 DEBUG heat.engine.service [req-5dbd04b3-223e-46ae-a27d-e9331a015f42 - - - - -] Service e8d82cda-5ea0-41bf-85a8-a5ff3ade7e14 is updated service_manage_report /usr/lib/python3/dist-packages/heat/engine/service.py:2370
2026-03-26 01:30:54.396 40350 DEBUG heat.engine.service [req-d02712fa-a7a1-4bf4-9f9c-ea911009da98 - - - - -] Service d6a0b5d1-d222-4138-91af-e0e9e4c2516d is updated service_manage_report /usr/lib/python3/dist-packages/heat/engine/service.py:2370
2026-03-26 01:31:54.339 40349 DEBUG heat.engine.service [req-5fcc1ea5-efb4-4a04-8b90-c074cb01ff48 - - - - -] Service 406e33b8-1c24-4e82-a66f-6f48eabdf81e is updated service_manage_report /usr/lib/python3/dist-packages/heat/engine/service.py:2370
2026-03-26 01:31:54.366 40347 DEBUG heat.engine.service [req-0309b2dd-784b-479d-ad7d-0c515566a67b - - - - -] Service 17ff5041-3c3e-49a1-9911-416edfa30705 is updated service_manage_report /usr/lib/python3/dist-packages/heat/engine/service.py:2370
2026-03-26 01:31:54.371 40348 DEBUG heat.engine.service [req-51614344-9012-4191-98d6-9811202a5539 - - - - -] Service e8d82cda-5ea0-41bf-85a8-a5ff3ade7e14 is updated service_manage_report /usr/lib/python3/dist-packages/heat/engine/service.py:2370
2026-03-26 01:31:54.406 40350 DEBUG heat.engine.service [req-589ee9e6-d281-4d9f-a488-f5d072cc6e17 - - - - -] Service d6a0b5d1-d222-4138-91af-e0e9e4c2516d is updated service_manage_report /usr/lib/python3/dist-packages/heat/engine/service.py:2370
2026-03-26 01:32:54.322 40349 DEBUG heat.engine.service [req-70e702ed-5917-4693-b0ae-77ed63c0d814 - - - - -] Service 406e33b8-1c24-4e82-a66f-6f48eabdf81e is updated service_manage_report /usr/lib/python3/dist-packages/heat/engine/service.py:2370
2026-03-26 01:32:54.361 40347 DEBUG heat.engine.service [req-54b9c344-ad96-4f59-9c57-9c130f9d7025 - - - - -] Service 17ff5041-3c3e-49a1-9911-416edfa30705 is updated service_manage_report /usr/lib/python3/dist-packages/heat/engine/service.py:2370
2026-03-26 01:32:54.364 40348 DEBUG heat.engine.service [req-6e3b3578-9b02-4a40-863c-432c20f96b83 - - - - -] Service e8d82cda-5ea0-41bf-85a8-a5ff3ade7e14 is updated service_manage_report /usr/lib/python3/dist-packages/heat/engine/service.py:2370
2026-03-26 01:32:54.404 40350 DEBUG heat.engine.service [req-cecaf17e-cc4d-4c0a-9112-d33ea5d9ebc0 - - - - -] Service d6a0b5d1-d222-4138-91af-e0e9e4c2516d is updated service_manage_report /usr/lib/python3/dist-packages/heat/engine/service.py:2370
2026-03-26 01:33:54.326 40349 DEBUG heat.engine.service [req-6bfe1b6f-9222-4a5c-9e5e-e10fe3e4572a - - - - -] Service 406e33b8-1c24-4e82-a66f-6f48eabdf81e is updated service_manage_report /usr/lib/python3/dist-packages/heat/engine/service.py:2370
2026-03-26 01:33:54.366 40347 DEBUG heat.engine.service [req-971a3aec-a4f8-4b29-a154-2cd8a498be6d - - - - -] Service 17ff5041-3c3e-49a1-9911-416edfa30705 is updated service_manage_report /usr/lib/python3/dist-packages/heat/engine/service.py:2370
2026-03-26 01:33:54.369 40348 DEBUG heat.engine.service [req-74c75a8c-ab84-4304-8ed3-c0eaadccf8e6 - - - - -] Service e8d82cda-5ea0-41bf-85a8-a5ff3ade7e14 is updated service_manage_report /usr/lib/python3/dist-packages/heat/engine/service.py:2370
2026-03-26 01:33:54.399 40350 DEBUG heat.engine.service [req-8b46bde6-6025-4305-9a73-f0535879d829 - - - - -] Service d6a0b5d1-d222-4138-91af-e0e9e4c2516d is updated service_manage_report /usr/lib/python3/dist-packages/heat/engine/service.py:2370
2026-03-26 01:34:54.330 40349 DEBUG heat.engine.service [req-0db64a2a-e995-4207-8178-37f6c6fee44f - - - - -] Service 406e33b8-1c24-4e82-a66f-6f48eabdf81e is updated service_manage_report /usr/lib/python3/dist-packages/heat/engine/service.py:2370
2026-03-26 01:34:54.371 40347 DEBUG heat.engine.service [req-4233bf7b-f2a0-4b08-995f-5eedc4805856 - - - - -] Service 17ff5041-3c3e-49a1-9911-416edfa30705 is updated service_manage_report /usr/lib/python3/dist-packages/heat/engine/service.py:2370
2026-03-26 01:34:54.372 40348 DEBUG heat.engine.service [req-08849977-603d-44e1-aebe-83355c6babbb - - - - -] Service e8d82cda-5ea0-41bf-85a8-a5ff3ade7e14 is updated service_manage_report /usr/lib/python3/dist-packages/heat/engine/service.py:2370
2026-03-26 01:34:54.400 40350 DEBUG heat.engine.service [req-58192969-a83d-4876-8610-0c7c3f59774a - - - - -] Service d6a0b5d1-d222-4138-91af-e0e9e4c2516d is updated service_manage_report /usr/lib/python3/dist-packages/heat/engine/service.py:2370
2026-03-26 01:35:54.334 40349 DEBUG heat.engine.service [req-9d1bd982-9182-45e6-9a95-9a3657543fb6 - - - - -] Service 406e33b8-1c24-4e82-a66f-6f48eabdf81e is updated service_manage_report /usr/lib/python3/dist-packages/heat/engine/service.py:2370
2026-03-26 01:35:54.376 40347 DEBUG heat.engine.service [req-b9fd6338-8c49-425b-bcf4-4eac711803c4 - - - - -] Service 17ff5041-3c3e-49a1-9911-416edfa30705 is updated service_manage_report /usr/lib/python3/dist-packages/heat/engine/service.py:2370
2026-03-26 01:35:54.381 40348 DEBUG heat.engine.service [req-1e982a3e-b722-4656-8a3c-aa4c9a659c62 - - - - -] Service e8d82cda-5ea0-41bf-85a8-a5ff3ade7e14 is updated service_manage_report /usr/lib/python3/dist-packages/heat/engine/service.py:2370
2026-03-26 01:35:54.404 40350 DEBUG heat.engine.service [req-b9956cec-97dc-48a1-9ca7-d56ca756a564 - - - - -] Service d6a0b5d1-d222-4138-91af-e0e9e4c2516d is updated service_manage_report /usr/lib/python3/dist-packages/heat/engine/service.py:2370
2026-03-26 01:36:54.336 40349 DEBUG heat.engine.service [req-c438fd11-93a1-4e28-84fd-983a728abd7b - - - - -] Service 406e33b8-1c24-4e82-a66f-6f48eabdf81e is updated service_manage_report /usr/lib/python3/dist-packages/heat/engine/service.py:2370
2026-03-26 01:36:54.375 40348 DEBUG heat.engine.service [req-8a947121-e598-45d4-86cb-2849fd33d92c - - - - -] Service e8d82cda-5ea0-41bf-85a8-a5ff3ade7e14 is updated service_manage_report /usr/lib/python3/dist-packages/heat/engine/service.py:2370
2026-03-26 01:36:54.382 40347 DEBUG heat.engine.service [req-6e57de09-95dd-4b90-9c3a-c17769e6eef8 - - - - -] Service 17ff5041-3c3e-49a1-9911-416edfa30705 is updated service_manage_report /usr/lib/python3/dist-packages/heat/engine/service.py:2370
2026-03-26 01:36:54.406 40350 DEBUG heat.engine.service [req-af503e71-0b55-427f-8513-c99280ebeb79 - - - - -] Service d6a0b5d1-d222-4138-91af-e0e9e4c2516d is updated service_manage_report /usr/lib/python3/dist-packages/heat/engine/service.py:2370
2026-03-26 01:37:54.341 40349 DEBUG heat.engine.service [req-b26e54c1-8788-4575-8ef5-000f0247286d - - - - -] Service 406e33b8-1c24-4e82-a66f-6f48eabdf81e is updated service_manage_report /usr/lib/python3/dist-packages/heat/engine/service.py:2370
2026-03-26 01:37:54.378 40348 DEBUG heat.engine.service [req-7aecc6a3-efee-44b3-83a3-5c9cc8548887 - - - - -] Service e8d82cda-5ea0-41bf-85a8-a5ff3ade7e14 is updated service_manage_report /usr/lib/python3/dist-packages/heat/engine/service.py:2370
2026-03-26 01:37:54.385 40347 DEBUG heat.engine.service [req-a74abe65-c515-4394-9eab-cc0d36d13f29 - - - - -] Service 17ff5041-3c3e-49a1-9911-416edfa30705 is updated service_manage_report /usr/lib/python3/dist-packages/heat/engine/service.py:2370
2026-03-26 01:37:54.409 40350 DEBUG heat.engine.service [req-c75ff9ba-0b6f-40ff-838b-76149e7c4202 - - - - -] Service d6a0b5d1-d222-4138-91af-e0e9e4c2516d is updated service_manage_report /usr/lib/python3/dist-packages/heat/engine/service.py:2370
2026-03-26 01:38:54.345 40349 DEBUG heat.engine.service [req-91761c2c-8c40-42ce-a0d5-565b5cc5dfd7 - - - - -] Service 406e33b8-1c24-4e82-a66f-6f48eabdf81e is updated service_manage_report /usr/lib/python3/dist-packages/heat/engine/service.py:2370
2026-03-26 01:38:54.381 40348 DEBUG heat.engine.service [req-7f0f951d-e371-427e-b1a8-9d1ac02c3cb0 - - - - -] Service e8d82cda-5ea0-41bf-85a8-a5ff3ade7e14 is updated service_manage_report /usr/lib/python3/dist-packages/heat/engine/service.py:2370
2026-03-26 01:38:54.388 40347 DEBUG heat.engine.service [req-af11ba25-def5-418e-a3c9-596905b00116 - - - - -] Service 17ff5041-3c3e-49a1-9911-416edfa30705 is updated service_manage_report /usr/lib/python3/dist-packages/heat/engine/service.py:2370
2026-03-26 01:38:54.413 40350 DEBUG heat.engine.service [req-f3943f88-c78f-4e68-b57b-c0f5d03a3c4e - - - - -] Service d6a0b5d1-d222-4138-91af-e0e9e4c2516d is updated service_manage_report /usr/lib/python3/dist-packages/heat/engine/service.py:2370
2026-03-26 01:39:54.348 40349 DEBUG heat.engine.service [req-fd75b5b2-38d0-4167-b7c6-2b57a0d8e67c - - - - -] Service 406e33b8-1c24-4e82-a66f-6f48eabdf81e is updated service_manage_report /usr/lib/python3/dist-packages/heat/engine/service.py:2370
2026-03-26 01:39:54.384 40348 DEBUG heat.engine.service [req-ad86f5e1-deec-4d56-9ed0-93d7c6edf391 - - - - -] Service e8d82cda-5ea0-41bf-85a8-a5ff3ade7e14 is updated service_manage_report /usr/lib/python3/dist-packages/heat/engine/service.py:2370
2026-03-26 01:39:54.392 40347 DEBUG heat.engine.service [req-1a416f65-af02-4830-93cd-566e6785567b - - - - -] Service 17ff5041-3c3e-49a1-9911-416edfa30705 is updated service_manage_report /usr/lib/python3/dist-packages/heat/engine/service.py:2370
2026-03-26 01:39:54.416 40350 DEBUG heat.engine.service [req-5da5c294-9a65-49c1-9bf9-ce91ccc2b387 - - - - -] Service d6a0b5d1-d222-4138-91af-e0e9e4c2516d is updated service_manage_report /usr/lib/python3/dist-packages/heat/engine/service.py:2370
2026-03-26 01:40:54.352 40349 DEBUG heat.engine.service [req-198dd8ac-2ff3-4c63-a6e9-63c80fa1a5dd - - - - -] Service 406e33b8-1c24-4e82-a66f-6f48eabdf81e is updated service_manage_report /usr/lib/python3/dist-packages/heat/engine/service.py:2370
2026-03-26 01:40:54.386 40348 DEBUG heat.engine.service [req-c51423a6-1d7b-4234-883d-2a7d7082b213 - - - - -] Service e8d82cda-5ea0-41bf-85a8-a5ff3ade7e14 is updated service_manage_report /usr/lib/python3/dist-packages/heat/engine/service.py:2370
2026-03-26 01:40:54.394 40347 DEBUG heat.engine.service [req-cea45ae5-57a4-46b9-a272-89b72e671bdf - - - - -] Service 17ff5041-3c3e-49a1-9911-416edfa30705 is updated service_manage_report /usr/lib/python3/dist-packages/heat/engine/service.py:2370
2026-03-26 01:40:54.422 40350 DEBUG heat.engine.service [req-b96d4c50-509e-4ea8-9dc4-0a0b9c123662 - - - - -] Service d6a0b5d1-d222-4138-91af-e0e9e4c2516d is updated service_manage_report /usr/lib/python3/dist-packages/heat/engine/service.py:2370
2026-03-26 01:41:54.422 40347 DEBUG heat.engine.service [req-3dd595b3-635d-472f-b542-ec7931fede02 - - - - -] Service 17ff5041-3c3e-49a1-9911-416edfa30705 is updated service_manage_report /usr/lib/python3/dist-packages/heat/engine/service.py:2370
2026-03-26 01:41:54.422 40349 DEBUG heat.engine.service [req-78328b5f-2d6e-49f6-916e-4b10314ace2b - - - - -] Service 406e33b8-1c24-4e82-a66f-6f48eabdf81e is updated service_manage_report /usr/lib/python3/dist-packages/heat/engine/service.py:2370
2026-03-26 01:41:54.423 40348 DEBUG heat.engine.service [req-13141774-461a-4548-9c4c-e053a06d58bb - - - - -] Service e8d82cda-5ea0-41bf-85a8-a5ff3ade7e14 is updated service_manage_report /usr/lib/python3/dist-packages/heat/engine/service.py:2370
2026-03-26 01:41:54.443 40350 DEBUG heat.engine.service [req-4e458d4a-f1fe-418d-8c53-300d321e0063 - - - - -] Service d6a0b5d1-d222-4138-91af-e0e9e4c2516d is updated service_manage_report /usr/lib/python3/dist-packages/heat/engine/service.py:2370
2026-03-26 01:42:54.376 40349 DEBUG heat.engine.service [req-0be1ac19-7bb2-441d-8e52-15a2e8124336 - - - - -] Service 406e33b8-1c24-4e82-a66f-6f48eabdf81e is updated service_manage_report /usr/lib/python3/dist-packages/heat/engine/service.py:2370
2026-03-26 01:42:54.393 40348 DEBUG heat.engine.service [req-bb12a9d2-64da-4593-b4b5-908ad0a20e6a - - - - -] Service e8d82cda-5ea0-41bf-85a8-a5ff3ade7e14 is updated service_manage_report /usr/lib/python3/dist-packages/heat/engine/service.py:2370
2026-03-26 01:42:54.417 40347 DEBUG heat.engine.service [req-51f5bd7f-22e3-4581-894a-abccf241fdec - - - - -] Service 17ff5041-3c3e-49a1-9911-416edfa30705 is updated service_manage_report /usr/lib/python3/dist-packages/heat/engine/service.py:2370
2026-03-26 01:42:54.434 40350 DEBUG heat.engine.service [req-afa22316-4c60-4e9c-ba69-bcec2fceab73 - - - - -] Service d6a0b5d1-d222-4138-91af-e0e9e4c2516d is updated service_manage_report /usr/lib/python3/dist-packages/heat/engine/service.py:2370
2026-03-26 01:43:19.471 40349 DEBUG heat.engine.service [-] Attempting to stop engine service... _stop_rpc_server /usr/lib/python3/dist-packages/heat/engine/service.py:437
2026-03-26 01:43:19.471 40348 DEBUG heat.engine.service [-] Attempting to stop engine service... _stop_rpc_server /usr/lib/python3/dist-packages/heat/engine/service.py:437
2026-03-26 01:43:19.471 40350 DEBUG heat.engine.service [-] Attempting to stop engine service... _stop_rpc_server /usr/lib/python3/dist-packages/heat/engine/service.py:437
2026-03-26 01:43:19.472 40347 DEBUG heat.engine.service [-] Attempting to stop engine service... _stop_rpc_server /usr/lib/python3/dist-packages/heat/engine/service.py:437
2026-03-26 01:43:19.480 40134 INFO oslo_service.service [-] Caught SIGTERM, stopping children
2026-03-26 01:43:19.481 40134 DEBUG oslo_concurrency.lockutils [-] Acquired lock "singleton_lock" lock /usr/lib/python3/dist-packages/oslo_concurrency/lockutils.py:294
2026-03-26 01:43:19.481 40134 DEBUG oslo_concurrency.lockutils [-] Releasing lock "singleton_lock" lock /usr/lib/python3/dist-packages/oslo_concurrency/lockutils.py:312
2026-03-26 01:43:19.481 40134 DEBUG oslo_service.service [-] Stop services. stop /usr/lib/python3/dist-packages/oslo_service/service.py:695
2026-03-26 01:43:19.482 40134 INFO heat.engine.service [-] All threads were gone, terminating engine
2026-03-26 01:43:19.482 40134 DEBUG oslo_service.service [-] Killing children. stop /usr/lib/python3/dist-packages/oslo_service/service.py:700
2026-03-26 01:43:19.482 40134 INFO oslo_service.service [-] Waiting on 4 children to exit
2026-03-26 01:43:19.489 40134 INFO oslo_service.service [-] Child 40350 killed by signal 15
2026-03-26 01:43:19.490 40134 INFO oslo_service.service [-] Child 40348 killed by signal 15
2026-03-26 01:43:19.491 40134 INFO oslo_service.service [-] Child 40349 killed by signal 15
2026-03-26 01:43:19.492 40134 INFO oslo_service.service [-] Child 40347 killed by signal 15
2026-03-26 01:43:21.640 63017 DEBUG oslo_concurrency.lockutils [-] Lock "context-manager" acquired by "neutron_lib.db.api._create_context_manager" :: waited 0.000s inner /usr/lib/python3/dist-packages/oslo_concurrency/lockutils.py:386
2026-03-26 01:43:21.641 63017 DEBUG oslo_concurrency.lockutils [-] Lock "context-manager" "released" by "neutron_lib.db.api._create_context_manager" :: held 0.001s inner /usr/lib/python3/dist-packages/oslo_concurrency/lockutils.py:400
2026-03-26 01:43:21.929 63017 WARNING heat.engine.environment [-] OS::Aodh::Alarm is DEPRECATED. Theshold alarm relies on ceilometer-api and has been deprecated in aodh since Ocata. Use OS::Aodh::GnocchiAggregationByResourcesAlarm instead.
2026-03-26 01:43:21.929 63017 WARNING heat.engine.environment [-] OS::Aodh::CombinationAlarm is HIDDEN. OS::Aodh::CombinationAlarm is deprecated and has been removed from Aodh, use OS::Aodh::CompositeAlarm instead.
2026-03-26 01:43:21.929 63017 WARNING heat.engine.environment [-] OS::Designate::Domain is HIDDEN. This resource has been removed, use OS::Designate::Zone instead.
2026-03-26 01:43:21.930 63017 WARNING heat.engine.environment [-] OS::Designate::Record is HIDDEN. This resource has been removed, use OS::Designate::RecordSet instead.
2026-03-26 01:43:21.930 63017 WARNING heat.engine.environment [-] OS::Glance::Image is DEPRECATED. Creating a Glance Image based on an existing URL location requires the Glance v1 API, which is deprecated.
2026-03-26 01:43:21.930 63017 WARNING heat.engine.environment [-] OS::Heat::HARestarter is HIDDEN. The HARestarter resource type has been removed. Existing stacks containing HARestarter resources can still be used, but the HARestarter resource will be a placeholder that does nothing.
2026-03-26 01:43:21.930 63017 WARNING heat.engine.environment [-] OS::Heat::SoftwareDeployments is HIDDEN. Please use OS::Heat::SoftwareDeploymentGroup instead.
2026-03-26 01:43:21.930 63017 WARNING heat.engine.environment [-] OS::Heat::StructuredDeployments is HIDDEN. Please use OS::Heat::StructuredDeploymentGroup instead.
2026-03-26 01:43:21.931 63017 WARNING heat.engine.environment [-] OS::Magnum::Bay is HIDDEN. Please use OS::Magnum::Cluster instead.
2026-03-26 01:43:21.931 63017 WARNING heat.engine.environment [-] OS::Magnum::BayModel is HIDDEN. Please use OS::Magnum::ClusterTemplate instead.
2026-03-26 01:43:21.931 63017 WARNING heat.engine.environment [-] OS::Neutron::ExtraRoute is UNSUPPORTED. Use this resource at your own risk.
2026-03-26 01:43:21.931 63017 WARNING heat.engine.environment [-] OS::Neutron::HealthMonitor is HIDDEN. Use LBaaS V2 instead.
2026-03-26 01:43:21.931 63017 WARNING heat.engine.environment [-] OS::Neutron::Pool is HIDDEN. Use LBaaS V2 instead.
2026-03-26 01:43:21.931 63017 WARNING heat.engine.environment [-] OS::Neutron::PoolMember is HIDDEN. Use LBaaS V2 instead.
2026-03-26 01:43:21.932 63017 WARNING heat.engine.environment [-] OS::Neutron::LoadBalancer is HIDDEN. Use LBaaS V2 instead.
2026-03-26 01:43:21.932 63017 WARNING heat.engine.environment [-] OS::Neutron::RouterGateway is HIDDEN. Use the `external_gateway_info` property in the router resource to set up the gateway.
2026-03-26 01:43:21.932 63017 WARNING heat.engine.environment [-] OS::Nova::FloatingIP is HIDDEN. Please use OS::Neutron::FloatingIP instead.
2026-03-26 01:43:21.932 63017 WARNING heat.engine.environment [-] OS::Nova::FloatingIPAssociation is HIDDEN. Please use OS::Neutron::FloatingIPAssociation instead.
2026-03-26 01:43:21.933 63017 INFO heat.engine.environment [-] Loading /etc/heat/environment.d/default.yaml
2026-03-26 01:43:21.934 63017 INFO heat.engine.environment [-] Registered: [Plugin](User:False) AWS::AutoScaling::AutoScalingGroup ->
2026-03-26 01:43:21.934 63017 INFO heat.engine.environment [-] Registered: [Plugin](User:False) AWS::AutoScaling::LaunchConfiguration ->
2026-03-26 01:43:21.934 63017 INFO heat.engine.environment [-] Registered: [Plugin](User:False) AWS::AutoScaling::ScalingPolicy ->
2026-03-26 01:43:21.934 63017 INFO heat.engine.environment [-] Registered: [Plugin](User:False) AWS::CloudFormation::Stack ->
2026-03-26 01:43:21.935 63017 INFO heat.engine.environment [-] Registered: [Plugin](User:False) AWS::CloudFormation::WaitCondition ->
2026-03-26 01:43:21.935 63017 INFO heat.engine.environment [-] Registered: [Plugin](User:False) AWS::CloudFormation::WaitConditionHandle ->
2026-03-26 01:43:21.935 63017 INFO heat.engine.environment [-] Registered: [Plugin](User:False) AWS::EC2::EIP ->
2026-03-26 01:43:21.935 63017 INFO heat.engine.environment [-] Registered: [Plugin](User:False) AWS::EC2::EIPAssociation ->
2026-03-26 01:43:21.935 63017 INFO heat.engine.environment [-] Registered: [Plugin](User:False) AWS::EC2::Instance ->
2026-03-26 01:43:21.935 63017 INFO heat.engine.environment [-] Registered: [Plugin](User:False) AWS::EC2::InternetGateway ->
2026-03-26 01:43:21.935 63017 INFO heat.engine.environment [-] Registered: [Plugin](User:False) AWS::EC2::VPCGatewayAttachment ->
2026-03-26 01:43:21.935 63017 INFO heat.engine.environment [-] Registered: [Plugin](User:False) AWS::EC2::NetworkInterface ->
2026-03-26 01:43:21.935 63017 INFO heat.engine.environment [-] Registered: [Plugin](User:False) AWS::EC2::RouteTable ->
2026-03-26 01:43:21.935 63017 INFO heat.engine.environment [-] Registered: [Plugin](User:False) AWS::EC2::SubnetRouteTableAssociation ->
2026-03-26 01:43:21.935 63017 INFO heat.engine.environment [-] Registered: [Plugin](User:False) AWS::EC2::SecurityGroup ->
2026-03-26 01:43:21.936 63017 INFO heat.engine.environment [-] Registered: [Plugin](User:False) AWS::EC2::Subnet ->
2026-03-26 01:43:21.936 63017 INFO heat.engine.environment [-] Registered: [Plugin](User:False) AWS::EC2::Volume ->
2026-03-26 01:43:21.936 63017 INFO heat.engine.environment [-] Registered: [Plugin](User:False) AWS::EC2::VolumeAttachment ->
2026-03-26 01:43:21.936 63017 INFO heat.engine.environment [-] Registered: [Plugin](User:False) AWS::EC2::VPC ->
2026-03-26 01:43:21.936 63017 INFO heat.engine.environment [-] Registered: [Plugin](User:False) AWS::IAM::User ->
2026-03-26 01:43:21.936 63017 INFO heat.engine.environment [-] Registered: [Plugin](User:False) AWS::IAM::AccessKey ->
2026-03-26 01:43:21.936 63017 INFO heat.engine.environment [-] Registered: [Plugin](User:False) AWS::ElasticLoadBalancing::LoadBalancer ->
2026-03-26 01:43:21.936 63017 INFO heat.engine.environment [-] Registered: [Plugin](User:False) AWS::S3::Bucket ->
2026-03-26 01:43:21.936 63017 INFO heat.engine.environment [-] Registered: [Plugin](User:False) OS::Aodh::Alarm ->
2026-03-26 01:43:21.936 63017 INFO heat.engine.environment [-] Registered: [Plugin](User:False) OS::Aodh::CombinationAlarm ->
2026-03-26 01:43:21.936 63017 INFO heat.engine.environment [-] Registered: [Plugin](User:False) OS::Aodh::EventAlarm ->
2026-03-26 01:43:21.937 63017 INFO heat.engine.environment [-] Registered: [Plugin](User:False) OS::Aodh::LBMemberHealthAlarm ->
2026-03-26 01:43:21.937 63017 INFO heat.engine.environment [-] Registered: [Plugin](User:False) OS::Aodh::CompositeAlarm ->
2026-03-26 01:43:21.937 63017 INFO heat.engine.environment [-] Registered: [Plugin](User:False) OS::Aodh::GnocchiResourcesAlarm ->
2026-03-26 01:43:21.937 63017 INFO heat.engine.environment [-] Registered: [Plugin](User:False) OS::Aodh::GnocchiAggregationByMetricsAlarm ->
2026-03-26 01:43:21.937 63017 INFO heat.engine.environment [-] Registered: [Plugin](User:False) OS::Aodh::GnocchiAggregationByResourcesAlarm ->
2026-03-26 01:43:21.937 63017 INFO heat.engine.environment [-] Registered: [Plugin](User:False) OS::Barbican::GenericContainer ->
2026-03-26 01:43:21.937 63017 INFO heat.engine.environment [-] Registered: [Plugin](User:False) OS::Barbican::CertificateContainer ->
2026-03-26 01:43:21.937 63017 INFO heat.engine.environment [-] Registered: [Plugin](User:False) OS::Barbican::RSAContainer ->
2026-03-26 01:43:21.937 63017 INFO heat.engine.environment [-] Registered: [Plugin](User:False) OS::Barbican::Order ->
2026-03-26 01:43:21.937 63017 INFO heat.engine.environment [-] Registered: [Plugin](User:False) OS::Barbican::Secret ->
2026-03-26 01:43:21.937 63017 INFO heat.engine.environment [-] Registered: [Plugin](User:False) OS::Blazar::Host ->
2026-03-26 01:43:21.938 63017 INFO heat.engine.environment [-] Registered: [Plugin](User:False) OS::Blazar::Lease ->
2026-03-26 01:43:21.938 63017 INFO heat.engine.environment [-] Registered: [Plugin](User:False) OS::Cinder::EncryptedVolumeType ->
2026-03-26 01:43:21.938 63017 INFO heat.engine.environment [-] Registered: [Plugin](User:False) OS::Cinder::QoSSpecs ->
2026-03-26 01:43:21.938 63017 INFO heat.engine.environment [-] Registered: [Plugin](User:False) OS::Cinder::QoSAssociation ->
2026-03-26 01:43:21.938 63017 INFO heat.engine.environment [-] Registered: [Plugin](User:False) OS::Cinder::Quota ->
2026-03-26 01:43:21.938 63017 INFO heat.engine.environment [-] Registered: [Plugin](User:False) OS::Cinder::Volume ->
2026-03-26 01:43:21.938 63017 INFO heat.engine.environment [-] Registered: [Plugin](User:False) OS::Cinder::VolumeAttachment ->
2026-03-26 01:43:21.938 63017 INFO heat.engine.environment [-] Registered: [Plugin](User:False) OS::Cinder::VolumeType ->
2026-03-26 01:43:21.938 63017 INFO heat.engine.environment [-] Registered: [Plugin](User:False) OS::Designate::Domain ->
2026-03-26 01:43:21.938 63017 INFO heat.engine.environment [-] Registered: [Plugin](User:False) OS::Designate::Record ->
2026-03-26 01:43:21.938 63017 INFO heat.engine.environment [-] Registered: [Plugin](User:False) OS::Designate::RecordSet ->
2026-03-26 01:43:21.938 63017 INFO heat.engine.environment [-] Registered: [Plugin](User:False) OS::Designate::Zone ->
2026-03-26 01:43:21.939 63017 INFO heat.engine.environment [-] Registered: [Plugin](User:False) OS::Glance::Image ->
2026-03-26 01:43:21.939 63017 INFO heat.engine.environment [-] Registered: [Plugin](User:False) OS::Glance::WebImage ->
2026-03-26 01:43:21.939 63017 INFO heat.engine.environment [-] Registered: [Plugin](User:False) OS::Heat::AccessPolicy ->
2026-03-26 01:43:21.939 63017 INFO heat.engine.environment [-] Registered: [Plugin](User:False) OS::Heat::AutoScalingGroup ->
2026-03-26 01:43:21.939 63017 INFO heat.engine.environment [-] Registered: [Plugin](User:False) OS::Heat::CloudConfig ->
2026-03-26 01:43:21.939 63017 INFO heat.engine.environment [-] Registered: [Plugin](User:False) OS::Heat::Delay ->
2026-03-26 01:43:21.939 63017 INFO heat.engine.environment [-] Registered: [Plugin](User:False) OS::Heat::DeployedServer ->
2026-03-26 01:43:21.939 63017 INFO heat.engine.environment [-] Registered: [Plugin](User:False) OS::Heat::HARestarter ->
2026-03-26 01:43:21.939 63017 INFO heat.engine.environment [-] Registered: [Plugin](User:False) OS::Heat::InstanceGroup ->
2026-03-26 01:43:21.939 63017 INFO heat.engine.environment [-] Registered: [Plugin](User:False) OS::Heat::MultipartMime ->
2026-03-26 01:43:21.939 63017 INFO heat.engine.environment [-] Registered: [Plugin](User:False) OS::Heat::None ->
2026-03-26 01:43:21.939 63017 INFO heat.engine.environment [-] Registered: [Plugin](User:False) OS::Heat::RandomString ->
2026-03-26 01:43:21.940 63017 INFO heat.engine.environment [-] Registered: [Plugin](User:False) OS::Heat::Stack ->
2026-03-26 01:43:21.940 63017 INFO heat.engine.environment [-] Registered: [Plugin](User:False) OS::Heat::ResourceChain ->
2026-03-26 01:43:21.940 63017 INFO heat.engine.environment [-] Registered: [Plugin](User:False) OS::Heat::ResourceGroup ->
2026-03-26 01:43:21.940 63017 INFO heat.engine.environment [-] Registered: [Plugin](User:False) OS::Heat::ScalingPolicy ->
2026-03-26 01:43:21.940 63017 INFO heat.engine.environment [-] Registered: [Plugin](User:False) OS::Heat::SoftwareComponent ->
2026-03-26 01:43:21.940 63017 INFO heat.engine.environment [-] Registered: [Plugin](User:False) OS::Heat::SoftwareConfig ->
2026-03-26 01:43:21.940 63017 INFO heat.engine.environment [-] Registered: [Plugin](User:False) OS::Heat::SoftwareDeployment ->
2026-03-26 01:43:21.940 63017 INFO heat.engine.environment [-] Registered: [Plugin](User:False) OS::Heat::SoftwareDeploymentGroup ->
2026-03-26 01:43:21.940 63017 INFO heat.engine.environment [-] Registered: [Plugin](User:False) OS::Heat::SoftwareDeployments ->
2026-03-26 01:43:21.940 63017 INFO heat.engine.environment [-] Registered: [Plugin](User:False) OS::Heat::StructuredConfig ->
2026-03-26 01:43:21.941 63017 INFO heat.engine.environment [-] Registered: [Plugin](User:False) OS::Heat::StructuredDeployment ->
2026-03-26 01:43:21.941 63017 INFO heat.engine.environment [-] Registered: [Plugin](User:False) OS::Heat::StructuredDeploymentGroup ->
2026-03-26 01:43:21.941 63017 INFO heat.engine.environment [-] Registered: [Plugin](User:False) OS::Heat::StructuredDeployments ->
2026-03-26 01:43:21.941 63017 INFO heat.engine.environment [-] Registered: [Plugin](User:False) OS::Heat::SwiftSignal ->
2026-03-26 01:43:21.941 63017 INFO heat.engine.environment [-] Registered: [Plugin](User:False) OS::Heat::SwiftSignalHandle ->
2026-03-26 01:43:21.941 63017 INFO heat.engine.environment [-] Registered: [Plugin](User:False) OS::Heat::TestResource ->
2026-03-26 01:43:21.941 63017 INFO heat.engine.environment [-] Registered: [Plugin](User:False) OS::Heat::Value ->
2026-03-26 01:43:21.941 63017 INFO heat.engine.environment [-] Registered: [Plugin](User:False) OS::Heat::WaitCondition ->
2026-03-26 01:43:21.941 63017 INFO heat.engine.environment [-] Registered: [Plugin](User:False) OS::Heat::WaitConditionHandle ->
2026-03-26 01:43:21.941 63017 INFO heat.engine.environment [-] Registered: [Plugin](User:False) OS::Heat::UpdateWaitConditionHandle ->
2026-03-26 01:43:21.942 63017 INFO heat.engine.environment [-] Registered: [Plugin](User:False) OS::Ironic::Port ->
2026-03-26 01:43:21.942 63017 INFO heat.engine.environment [-] Registered: [Plugin](User:False) OS::Keystone::Domain ->
2026-03-26 01:43:21.942 63017 INFO heat.engine.environment [-] Registered: [Plugin](User:False) OS::Keystone::Endpoint ->
2026-03-26 01:43:21.942 63017 INFO heat.engine.environment [-] Registered: [Plugin](User:False) OS::Keystone::Group ->
2026-03-26 01:43:21.942 63017 INFO heat.engine.environment [-] Registered: [Plugin](User:False) OS::Keystone::Project ->
2026-03-26 01:43:21.942 63017 INFO heat.engine.environment [-] Registered: [Plugin](User:False) OS::Keystone::Region ->
2026-03-26 01:43:21.942 63017 INFO heat.engine.environment [-] Registered: [Plugin](User:False) OS::Keystone::Role ->
2026-03-26 01:43:21.942 63017 INFO heat.engine.environment [-] Registered: [Plugin](User:False) OS::Keystone::UserRoleAssignment ->
2026-03-26 01:43:21.942 63017 INFO heat.engine.environment [-] Registered: [Plugin](User:False) OS::Keystone::GroupRoleAssignment ->
2026-03-26 01:43:21.942 63017 INFO heat.engine.environment [-] Registered: [Plugin](User:False) OS::Keystone::Service ->
2026-03-26 01:43:21.942 63017 INFO heat.engine.environment [-] Registered: [Plugin](User:False) OS::Keystone::User ->
2026-03-26 01:43:21.942 63017 INFO heat.engine.environment [-] Registered: [Plugin](User:False) OS::Magnum::Bay ->
2026-03-26 01:43:21.943 63017 INFO heat.engine.environment [-] Registered: [Plugin](User:False) OS::Magnum::BayModel ->
2026-03-26 01:43:21.943 63017 INFO heat.engine.environment [-] Registered: [Plugin](User:False) OS::Magnum::Cluster ->
2026-03-26 01:43:21.943 63017 INFO heat.engine.environment [-] Registered: [Plugin](User:False) OS::Magnum::ClusterTemplate ->
2026-03-26 01:43:21.943 63017 INFO heat.engine.environment [-] Registered: [Plugin](User:False) OS::Manila::SecurityService ->
2026-03-26 01:43:21.943 63017 INFO heat.engine.environment [-] Registered: [Plugin](User:False) OS::Manila::Share ->
2026-03-26 01:43:21.943 63017 INFO heat.engine.environment [-] Registered: [Plugin](User:False) OS::Manila::ShareNetwork ->
2026-03-26 01:43:21.943 63017 INFO heat.engine.environment [-] Registered: [Plugin](User:False) OS::Manila::ShareType ->
2026-03-26 01:43:21.943 63017 INFO heat.engine.environment [-] Registered: [Plugin](User:False) OS::Mistral::CronTrigger ->
2026-03-26 01:43:21.943 63017 INFO heat.engine.environment [-] Registered: [Plugin](User:False) OS::Mistral::ExternalResource ->
2026-03-26 01:43:21.943 63017 INFO heat.engine.environment [-] Registered: [Plugin](User:False) OS::Mistral::Workflow ->
2026-03-26 01:43:21.943 63017 INFO heat.engine.environment [-] Registered: [Plugin](User:False) OS::Monasca::AlarmDefinition ->
2026-03-26 01:43:21.943 63017 INFO heat.engine.environment [-] Registered: [Plugin](User:False) OS::Monasca::Notification ->
2026-03-26 01:43:21.944 63017 INFO heat.engine.environment [-] Registered: [Plugin](User:False) OS::Neutron::AddressScope ->
2026-03-26 01:43:21.944 63017 INFO heat.engine.environment [-] Registered: [Plugin](User:False) OS::Neutron::ExtraRoute ->
2026-03-26 01:43:21.944 63017 INFO heat.engine.environment [-] Registered: [Plugin](User:False) OS::Neutron::ExtraRouteSet ->
2026-03-26 01:43:21.944 63017 INFO heat.engine.environment [-] Registered: [Plugin](User:False) OS::Neutron::Firewall ->
2026-03-26 01:43:21.944 63017 INFO heat.engine.environment [-] Registered: [Plugin](User:False) OS::Neutron::FirewallPolicy ->
2026-03-26 01:43:21.944 63017 INFO heat.engine.environment [-] Registered: [Plugin](User:False) OS::Neutron::FirewallRule ->
2026-03-26 01:43:21.944 63017 INFO heat.engine.environment [-] Registered: [Plugin](User:False) OS::Neutron::FloatingIP ->
2026-03-26 01:43:21.944 63017 INFO heat.engine.environment [-] Registered: [Plugin](User:False) OS::Neutron::FloatingIPAssociation ->
2026-03-26 01:43:21.944 63017 INFO heat.engine.environment [-] Registered: [Plugin](User:False) OS::Neutron::L2Gateway ->
2026-03-26 01:43:21.944 63017 INFO heat.engine.environment [-] Registered: [Plugin](User:False) OS::Neutron::L2GatewayConnection ->
2026-03-26 01:43:21.944 63017 INFO heat.engine.environment [-] Registered: [Plugin](User:False) OS::Neutron::LBaaS::HealthMonitor ->
2026-03-26 01:43:21.945 63017 INFO heat.engine.environment [-] Registered: [Plugin](User:False) OS::Neutron::LBaaS::L7Policy ->
2026-03-26 01:43:21.945 63017 INFO heat.engine.environment [-] Registered: [Plugin](User:False) OS::Neutron::LBaaS::L7Rule ->
2026-03-26 01:43:21.945 63017 INFO heat.engine.environment [-] Registered: [Plugin](User:False) OS::Neutron::LBaaS::Listener ->
2026-03-26 01:43:21.945 63017 INFO heat.engine.environment [-] Registered: [Plugin](User:False) OS::Neutron::LBaaS::LoadBalancer ->
2026-03-26 01:43:21.945 63017 INFO heat.engine.environment [-] Registered: [Plugin](User:False) OS::Neutron::LBaaS::Pool ->
2026-03-26 01:43:21.945 63017 INFO heat.engine.environment [-] Registered: [Plugin](User:False) OS::Neutron::LBaaS::PoolMember ->
2026-03-26 01:43:21.945 63017 INFO heat.engine.environment [-] Registered: [Plugin](User:False) OS::Neutron::HealthMonitor ->
2026-03-26 01:43:21.945 63017 INFO heat.engine.environment [-] Registered: [Plugin](User:False) OS::Neutron::Pool ->
2026-03-26 01:43:21.945 63017 INFO heat.engine.environment [-] Registered: [Plugin](User:False) OS::Neutron::PoolMember ->
2026-03-26 01:43:21.945 63017 INFO heat.engine.environment [-] Registered: [Plugin](User:False) OS::Neutron::LoadBalancer ->
2026-03-26 01:43:21.945 63017 INFO heat.engine.environment [-] Registered: [Plugin](User:False) OS::Neutron::MeteringLabel ->
2026-03-26 01:43:21.945 63017 INFO heat.engine.environment [-] Registered: [Plugin](User:False) OS::Neutron::MeteringRule ->
2026-03-26 01:43:21.946 63017 INFO heat.engine.environment [-] Registered: [Plugin](User:False) OS::Neutron::Net ->
2026-03-26 01:43:21.946 63017 INFO heat.engine.environment [-] Registered: [Plugin](User:False) OS::Neutron::NetworkGateway ->
2026-03-26 01:43:21.946 63017 INFO heat.engine.environment [-] Registered: [Plugin](User:False) OS::Neutron::Port ->
2026-03-26 01:43:21.946 63017 INFO heat.engine.environment [-] Registered: [Plugin](User:False) OS::Neutron::ProviderNet ->
2026-03-26 01:43:21.946 63017 INFO heat.engine.environment [-] Registered: [Plugin](User:False) OS::Neutron::QoSPolicy ->
2026-03-26 01:43:21.946 63017 INFO heat.engine.environment [-] Registered: [Plugin](User:False) OS::Neutron::QoSBandwidthLimitRule ->
2026-03-26 01:43:21.946 63017 INFO heat.engine.environment [-] Registered: [Plugin](User:False) OS::Neutron::QoSDscpMarkingRule ->
2026-03-26 01:43:21.946 63017 INFO heat.engine.environment [-] Registered: [Plugin](User:False) OS::Neutron::QoSMinimumBandwidthRule ->
2026-03-26 01:43:21.946 63017 INFO heat.engine.environment [-] Registered: [Plugin](User:False) OS::Neutron::Quota ->
2026-03-26 01:43:21.946 63017 INFO heat.engine.environment [-] Registered: [Plugin](User:False) OS::Neutron::RBACPolicy ->
2026-03-26 01:43:21.946 63017 INFO heat.engine.environment [-] Registered: [Plugin](User:False) OS::Neutron::Router ->
2026-03-26 01:43:21.947 63017 INFO heat.engine.environment [-] Registered: [Plugin](User:False) OS::Neutron::RouterInterface ->
2026-03-26 01:43:21.947 63017 INFO heat.engine.environment [-] Registered: [Plugin](User:False) OS::Neutron::RouterGateway ->
2026-03-26 01:43:21.947 63017 INFO heat.engine.environment [-] Registered: [Plugin](User:False) OS::Neutron::SecurityGroup ->
2026-03-26 01:43:21.947 63017 INFO heat.engine.environment [-] Registered: [Plugin](User:False) OS::Neutron::SecurityGroupRule ->
2026-03-26 01:43:21.947 63017 INFO heat.engine.environment [-] Registered: [Plugin](User:False) OS::Neutron::Segment ->
2026-03-26 01:43:21.947 63017 INFO heat.engine.environment [-] Registered: [Plugin](User:False) OS::Neutron::FlowClassifier ->
2026-03-26 01:43:21.947 63017 INFO heat.engine.environment [-] Registered: [Plugin](User:False) OS::Neutron::PortChain ->
2026-03-26 01:43:21.947 63017 INFO heat.engine.environment [-] Registered: [Plugin](User:False) OS::Neutron::PortPair ->
2026-03-26 01:43:21.947 63017 INFO heat.engine.environment [-] Registered: [Plugin](User:False) OS::Neutron::PortPairGroup ->
2026-03-26 01:43:21.947 63017 INFO heat.engine.environment [-] Registered: [Plugin](User:False) OS::Neutron::Subnet ->
2026-03-26 01:43:21.947 63017 INFO heat.engine.environment [-] Registered: [Plugin](User:False) OS::Neutron::SubnetPool ->
2026-03-26 01:43:21.947 63017 INFO heat.engine.environment [-] Registered: [Plugin](User:False) OS::Neutron::TaaS::TapFlow ->
2026-03-26 01:43:21.948 63017 INFO heat.engine.environment [-] Registered: [Plugin](User:False) OS::Neutron::TaaS::TapService ->
2026-03-26 01:43:21.948 63017 INFO heat.engine.environment [-] Registered: [Plugin](User:False) OS::Neutron::Trunk ->
2026-03-26 01:43:21.948 63017 INFO heat.engine.environment [-] Registered: [Plugin](User:False) OS::Neutron::VPNService ->
2026-03-26 01:43:21.948 63017 INFO heat.engine.environment [-] Registered: [Plugin](User:False) OS::Neutron::IPsecSiteConnection ->
2026-03-26 01:43:21.948 63017 INFO heat.engine.environment [-] Registered: [Plugin](User:False) OS::Neutron::IKEPolicy ->
2026-03-26 01:43:21.948 63017 INFO heat.engine.environment [-] Registered: [Plugin](User:False) OS::Neutron::IPsecPolicy ->
2026-03-26 01:43:21.948 63017 INFO heat.engine.environment [-] Registered: [Plugin](User:False) OS::Nova::Flavor ->
2026-03-26 01:43:21.948 63017 INFO heat.engine.environment [-] Registered: [Plugin](User:False) OS::Nova::FloatingIP ->
2026-03-26 01:43:21.948 63017 INFO heat.engine.environment [-] Registered: [Plugin](User:False) OS::Nova::FloatingIPAssociation ->
2026-03-26 01:43:21.948 63017 INFO heat.engine.environment [-] Registered: [Plugin](User:False) OS::Nova::HostAggregate ->
2026-03-26 01:43:21.948 63017 INFO heat.engine.environment [-] Registered: [Plugin](User:False) OS::Nova::KeyPair ->
2026-03-26 01:43:21.949 63017 INFO heat.engine.environment [-] Registered: [Plugin](User:False) OS::Nova::Quota ->
2026-03-26 01:43:21.949 63017 INFO heat.engine.environment [-] Registered: [Plugin](User:False) OS::Nova::Server ->
2026-03-26 01:43:21.949 63017 INFO heat.engine.environment [-] Registered: [Plugin](User:False) OS::Nova::ServerGroup ->
2026-03-26 01:43:21.949 63017 INFO heat.engine.environment [-] Registered: [Plugin](User:False) OS::Octavia::Flavor ->
2026-03-26 01:43:21.949 63017 INFO heat.engine.environment [-] Registered: [Plugin](User:False) OS::Octavia::FlavorProfile ->
2026-03-26 01:43:21.949 63017 INFO heat.engine.environment [-] Registered: [Plugin](User:False) OS::Octavia::HealthMonitor ->
2026-03-26 01:43:21.949 63017 INFO heat.engine.environment [-] Registered: [Plugin](User:False) OS::Octavia::L7Policy ->
2026-03-26 01:43:21.949 63017 INFO heat.engine.environment [-] Registered: [Plugin](User:False) OS::Octavia::L7Rule ->
2026-03-26 01:43:21.949 63017 INFO heat.engine.environment [-] Registered: [Plugin](User:False) OS::Octavia::Listener ->
2026-03-26 01:43:21.949 63017 INFO heat.engine.environment [-] Registered: [Plugin](User:False) OS::Octavia::LoadBalancer ->
2026-03-26 01:43:21.949 63017 INFO heat.engine.environment [-] Registered: [Plugin](User:False) OS::Octavia::Pool ->
2026-03-26 01:43:21.949 63017 INFO heat.engine.environment [-] Registered: [Plugin](User:False) OS::Octavia::PoolMember ->
2026-03-26 01:43:21.950 63017 INFO heat.engine.environment [-] Registered: [Plugin](User:False) OS::Octavia::Quota ->
2026-03-26 01:43:21.950 63017 INFO heat.engine.environment [-] Registered: [Plugin](User:False) OS::Sahara::Cluster ->
2026-03-26 01:43:21.950 63017 INFO heat.engine.environment [-] Registered: [Plugin](User:False) OS::Sahara::DataSource ->
2026-03-26 01:43:21.950 63017 INFO heat.engine.environment [-] Registered: [Plugin](User:False) OS::Sahara::ImageRegistry ->
2026-03-26 01:43:21.950 63017 INFO heat.engine.environment [-] Registered: [Plugin](User:False) OS::Sahara::Job ->
2026-03-26 01:43:21.950 63017 INFO heat.engine.environment [-] Registered: [Plugin](User:False) OS::Sahara::JobBinary ->
2026-03-26 01:43:21.950 63017 INFO heat.engine.environment [-] Registered: [Plugin](User:False) OS::Sahara::NodeGroupTemplate ->
2026-03-26 01:43:21.950 63017 INFO heat.engine.environment [-] Registered: [Plugin](User:False) OS::Sahara::ClusterTemplate ->
2026-03-26 01:43:21.950 63017 INFO heat.engine.environment [-] Registered: [Plugin](User:False) OS::Senlin::Cluster ->
2026-03-26 01:43:21.950 63017 INFO heat.engine.environment [-] Registered: [Plugin](User:False) OS::Senlin::Node ->
2026-03-26 01:43:21.950 63017 INFO heat.engine.environment [-] Registered: [Plugin](User:False) OS::Senlin::Policy ->
2026-03-26 01:43:21.951 63017 INFO heat.engine.environment [-] Registered: [Plugin](User:False) OS::Senlin::Profile ->
2026-03-26 01:43:21.951 63017 INFO heat.engine.environment [-] Registered: [Plugin](User:False) OS::Senlin::Receiver ->
2026-03-26 01:43:21.951 63017 INFO heat.engine.environment [-] Registered: [Plugin](User:False) OS::Swift::Container ->
2026-03-26 01:43:21.951 63017 INFO heat.engine.environment [-] Registered: [Plugin](User:False) OS::Trove::Cluster ->
2026-03-26 01:43:21.951 63017 INFO heat.engine.environment [-] Registered: [Plugin](User:False) OS::Trove::Instance ->
2026-03-26 01:43:21.951 63017 INFO heat.engine.environment [-] Registered: [Plugin](User:False) OS::Vitrage::Template ->
2026-03-26 01:43:21.951 63017 INFO heat.engine.environment [-] Registered: [Plugin](User:False) OS::Zaqar::Queue ->
2026-03-26 01:43:21.951 63017 INFO heat.engine.environment [-] Registered: [Plugin](User:False) OS::Zaqar::SignedQueueURL ->
2026-03-26 01:43:21.951 63017 INFO heat.engine.environment [-] Registered: [Plugin](User:False) OS::Zaqar::Subscription ->
2026-03-26 01:43:21.951 63017 INFO heat.engine.environment [-] Registered: [Plugin](User:False) OS::Zaqar::MistralTrigger ->
2026-03-26 01:43:21.951 63017 INFO heat.engine.environment [-] Registered: [Wildcard Mapping](User:False) OS::Quantum* -> OS::Neutron*
2026-03-26 01:43:21.951 63017 INFO heat.engine.environment [-] Registered: [Template](User:False) AWS::CloudWatch::Alarm -> file:///etc/heat/templates/AWS_CloudWatch_Alarm.yaml
2026-03-26 01:43:21.952 63017 INFO heat.engine.environment [-] Registered: [Mapping](User:False) OS::Metering::Alarm -> OS::Aodh::Alarm
2026-03-26 01:43:21.952 63017 INFO heat.engine.environment [-] Registered: [Template](User:False) AWS::RDS::DBInstance -> file:///etc/heat/templates/AWS_RDS_DBInstance.yaml
2026-03-26 01:43:21.952 63017 INFO heat.engine.environment [-] Registered: [Mapping](User:False) OS::Ceilometer::Alarm -> OS::Aodh::Alarm
2026-03-26 01:43:21.952 63017 INFO heat.engine.environment [-] Registered: [Mapping](User:False) OS::Ceilometer::GnocchiResourcesAlarm -> OS::Aodh::GnocchiResourcesAlarm
2026-03-26 01:43:21.952 63017 INFO heat.engine.environment [-] Registered: [Mapping](User:False) OS::Ceilometer::GnocchiAggregationByMetricsAlarm -> OS::Aodh::GnocchiAggregationByMetricsAlarm
2026-03-26 01:43:21.952 63017 INFO heat.engine.environment [-] Registered: [Mapping](User:False) OS::Ceilometer::GnocchiAggregationByResourcesAlarm -> OS::Aodh::GnocchiAggregationByResourcesAlarm
2026-03-26 01:43:21.952 63017 INFO heat.engine.environment [-] Registered: [Mapping](User:False) OS::Ceilometer::CombinationAlarm -> OS::Aodh::CombinationAlarm
2026-03-26 01:43:21.962 63017 DEBUG oslo_concurrency.lockutils [-] Acquired lock "singleton_lock" lock /usr/lib/python3/dist-packages/oslo_concurrency/lockutils.py:294
2026-03-26 01:43:21.962 63017 DEBUG oslo_concurrency.lockutils [-] Releasing lock "singleton_lock" lock /usr/lib/python3/dist-packages/oslo_concurrency/lockutils.py:312
2026-03-26 01:43:21.963 63017 INFO oslo_service.service [-] Starting 4 workers
2026-03-26 01:43:21.967 63017 DEBUG oslo_service.service [-] Started child 63231 _start_child /usr/lib/python3/dist-packages/oslo_service/service.py:575
2026-03-26 01:43:21.972 63231 DEBUG heat.engine.service [-] Starting listener for engine 895d1bc8-44f8-464a-832f-9b86a7b9553a start /usr/lib/python3/dist-packages/heat/engine/service.py:392
2026-03-26 01:43:21.972 63017 DEBUG oslo_service.service [-] Started child 63232 _start_child /usr/lib/python3/dist-packages/oslo_service/service.py:575
2026-03-26 01:43:21.976 63232 DEBUG heat.engine.service [-] Starting listener for engine 2736b0cd-7955-4d58-b548-618c7b1e20c6 start /usr/lib/python3/dist-packages/heat/engine/service.py:392
2026-03-26 01:43:21.977 63017 DEBUG oslo_service.service [-] Started child 63233 _start_child /usr/lib/python3/dist-packages/oslo_service/service.py:575
2026-03-26 01:43:21.982 63017 DEBUG oslo_service.service [-] Started child 63234 _start_child /usr/lib/python3/dist-packages/oslo_service/service.py:575
2026-03-26 01:43:21.984 63017 DEBUG oslo_service.service [-] Full set of CONF: wait /usr/lib/python3/dist-packages/oslo_service/service.py:649
2026-03-26 01:43:21.984 63017 DEBUG oslo_service.service [-] ******************************************************************************** log_opt_values /usr/lib/python3/dist-packages/oslo_config/cfg.py:2589
2026-03-26 01:43:21.985 63017 DEBUG oslo_service.service [-] Configuration options gathered from: log_opt_values /usr/lib/python3/dist-packages/oslo_config/cfg.py:2590
2026-03-26 01:43:21.984 63233 DEBUG heat.engine.service [-] Starting listener for engine ca5c6f30-9f0f-4e46-9f6e-e1f6f6736a2d start /usr/lib/python3/dist-packages/heat/engine/service.py:392
2026-03-26 01:43:21.985 63017 DEBUG oslo_service.service [-] command line args: ['--config-file=/etc/heat/heat.conf', '--log-file=/var/log/heat/heat-engine.log'] log_opt_values /usr/lib/python3/dist-packages/oslo_config/cfg.py:2591
2026-03-26 01:43:21.986 63017 DEBUG oslo_service.service [-] config files: ['/etc/heat/heat.conf'] log_opt_values /usr/lib/python3/dist-packages/oslo_config/cfg.py:2592
2026-03-26 01:43:21.986 63017 DEBUG oslo_service.service [-] ================================================================================ log_opt_values /usr/lib/python3/dist-packages/oslo_config/cfg.py:2594
2026-03-26 01:43:21.987 63017 DEBUG oslo_service.service [-] action_retry_limit = 5 log_opt_values /usr/lib/python3/dist-packages/oslo_config/cfg.py:2602
2026-03-26 01:43:21.987 63017 DEBUG oslo_service.service [-] allow_trusts_redelegation = False log_opt_values /usr/lib/python3/dist-packages/oslo_config/cfg.py:2602
2026-03-26 01:43:21.987 63017 DEBUG oslo_service.service [-] auth_encryption_key = **** log_opt_values /usr/lib/python3/dist-packages/oslo_config/cfg.py:2602
2026-03-26 01:43:21.987 63017 DEBUG oslo_service.service [-] client_retry_limit = 2 log_opt_values /usr/lib/python3/dist-packages/oslo_config/cfg.py:2602
2026-03-26 01:43:21.987 63234 DEBUG heat.engine.service [-] Starting listener for engine ce053080-52a4-4360-ab8c-cadb0e549509 start /usr/lib/python3/dist-packages/heat/engine/service.py:392
2026-03-26 01:43:21.988 63017 DEBUG oslo_service.service [-] cloud_backend = heat.engine.clients.OpenStackClients log_opt_values /usr/lib/python3/dist-packages/oslo_config/cfg.py:2602
