2026-03-26 02:07:02.269 7 DEBUG oslo_service.service [-] ml2_type_gre.tunnel_id_ranges = [] log_opt_values /var/lib/kolla/venv/lib/python3.6/site-packages/oslo_config/cfg.py:2611
2026-03-26 02:07:02.269 7 DEBUG oslo_service.service [-] ml2_type_vlan.network_vlan_ranges = [] log_opt_values /var/lib/kolla/venv/lib/python3.6/site-packages/oslo_config/cfg.py:2611
2026-03-26 02:07:02.269 7 DEBUG oslo_service.service [-] ml2_type_vxlan.vni_ranges = [] log_opt_values /var/lib/kolla/venv/lib/python3.6/site-packages/oslo_config/cfg.py:2611
2026-03-26 02:07:02.269 7 DEBUG oslo_service.service [-] ml2_type_vxlan.vxlan_group = None log_opt_values /var/lib/kolla/venv/lib/python3.6/site-packages/oslo_config/cfg.py:2611
2026-03-26 02:07:02.269 7 DEBUG oslo_service.service [-] database.backend = sqlalchemy log_opt_values /var/lib/kolla/venv/lib/python3.6/site-packages/oslo_config/cfg.py:2611
2026-03-26 02:07:02.269 7 DEBUG oslo_service.service [-] database.connection = **** log_opt_values /var/lib/kolla/venv/lib/python3.6/site-packages/oslo_config/cfg.py:2611
2026-03-26 02:07:02.269 7 DEBUG oslo_service.service [-] database.connection_debug = 0 log_opt_values /var/lib/kolla/venv/lib/python3.6/site-packages/oslo_config/cfg.py:2611
2026-03-26 02:07:02.269 7 DEBUG oslo_service.service [-] database.connection_parameters = log_opt_values /var/lib/kolla/venv/lib/python3.6/site-packages/oslo_config/cfg.py:2611
2026-03-26 02:07:02.269 7 DEBUG oslo_service.service [-] database.connection_recycle_time = 10 log_opt_values /var/lib/kolla/venv/lib/python3.6/site-packages/oslo_config/cfg.py:2611
2026-03-26 02:07:02.269 7 DEBUG oslo_service.service [-] database.connection_trace = False log_opt_values /var/lib/kolla/venv/lib/python3.6/site-packages/oslo_config/cfg.py:2611
2026-03-26 02:07:02.270 7 DEBUG oslo_service.service [-] database.db_inc_retry_interval = True log_opt_values /var/lib/kolla/venv/lib/python3.6/site-packages/oslo_config/cfg.py:2611
2026-03-26 02:07:02.270 7 DEBUG oslo_service.service [-] database.db_max_retries = 20 log_opt_values /var/lib/kolla/venv/lib/python3.6/site-packages/oslo_config/cfg.py:2611
2026-03-26 02:07:02.270 7 DEBUG oslo_service.service [-] database.db_max_retry_interval = 10 log_opt_values /var/lib/kolla/venv/lib/python3.6/site-packages/oslo_config/cfg.py:2611
2026-03-26 02:07:02.270 7 DEBUG oslo_service.service [-] database.db_retry_interval = 1 log_opt_values /var/lib/kolla/venv/lib/python3.6/site-packages/oslo_config/cfg.py:2611
2026-03-26 02:07:02.270 7 DEBUG oslo_service.service [-] database.max_overflow = 50 log_opt_values /var/lib/kolla/venv/lib/python3.6/site-packages/oslo_config/cfg.py:2611
2026-03-26 02:07:02.270 7 DEBUG oslo_service.service [-] database.max_pool_size = 1 log_opt_values /var/lib/kolla/venv/lib/python3.6/site-packages/oslo_config/cfg.py:2611
2026-03-26 02:07:02.270 7 DEBUG oslo_service.service [-] database.max_retries = -1 log_opt_values /var/lib/kolla/venv/lib/python3.6/site-packages/oslo_config/cfg.py:2611
2026-03-26 02:07:02.270 7 DEBUG oslo_service.service [-] database.mysql_enable_ndb = False log_opt_values /var/lib/kolla/venv/lib/python3.6/site-packages/oslo_config/cfg.py:2611
2026-03-26 02:07:02.270 7 DEBUG oslo_service.service [-] database.mysql_sql_mode = TRADITIONAL log_opt_values /var/lib/kolla/venv/lib/python3.6/site-packages/oslo_config/cfg.py:2611
2026-03-26 02:07:02.270 7 DEBUG oslo_service.service [-] database.pool_timeout = None log_opt_values /var/lib/kolla/venv/lib/python3.6/site-packages/oslo_config/cfg.py:2611
2026-03-26 02:07:02.270 7 DEBUG oslo_service.service [-] database.retry_interval = 10 log_opt_values /var/lib/kolla/venv/lib/python3.6/site-packages/oslo_config/cfg.py:2611
2026-03-26 02:07:02.270 7 DEBUG oslo_service.service [-] database.slave_connection = **** log_opt_values /var/lib/kolla/venv/lib/python3.6/site-packages/oslo_config/cfg.py:2611
2026-03-26 02:07:02.270 7 DEBUG oslo_service.service [-] database.sqlite_synchronous = True log_opt_values /var/lib/kolla/venv/lib/python3.6/site-packages/oslo_config/cfg.py:2611
2026-03-26 02:07:02.270 7 DEBUG oslo_service.service [-] database.use_db_reconnect = False log_opt_values /var/lib/kolla/venv/lib/python3.6/site-packages/oslo_config/cfg.py:2611
2026-03-26 02:07:02.270 7 DEBUG oslo_service.service [-] ******************************************************************************** log_opt_values /var/lib/kolla/venv/lib/python3.6/site-packages/oslo_config/cfg.py:2613
2026-03-26 02:07:04.069 22 DEBUG neutron.wsgi [-] (22) accepted ('10.0.0.249', 34802) server /var/lib/kolla/venv/lib/python3.6/site-packages/eventlet/wsgi.py:1004
2026-03-26 02:07:04.074 22 INFO neutron.wsgi [-] 10.0.0.249 "GET / HTTP/1.1" status: 200 len: 228 time: 0.0044825
2026-03-26 02:07:05.621 23 DEBUG neutron.api.rpc.handlers.dhcp_rpc [req-6e50c5cf-ada8-427c-b369-c0398932e290 - - - - -] get_active_networks_info from cn-jenkins-deploy-platform-ansible-os-5544-1 get_active_networks_info /var/lib/kolla/venv/lib/python3.6/site-packages/neutron/api/rpc/handlers/dhcp_rpc.py:159
2026-03-26 02:07:05.642 26 DEBUG neutron_lib.callbacks.manager [req-09591417-7fd1-4340-92c5-0455ae4dbaca - - - - -] Publish callbacks ['neutron.services.segments.db._update_segment_host_mapping_for_agent-8745492723264', 'neutron.services.l3_router.l3_router_plugin.DVRResourceOperationHandler.create_fip_agent_gw_ports-1008573'] for agent (e8b5bde7-0f81-4a60-a23a-d99079fc7b40), after_create _notify_loop /var/lib/kolla/venv/lib/python3.6/site-packages/neutron_lib/callbacks/manager.py:177
2026-03-26 02:07:05.655 23 DEBUG neutron.scheduler.dhcp_agent_scheduler [req-6e50c5cf-ada8-427c-b369-c0398932e290 - - - - -] No non-hosted networks auto_schedule_networks /var/lib/kolla/venv/lib/python3.6/site-packages/neutron/scheduler/dhcp_agent_scheduler.py:60
2026-03-26 02:07:16.381 28 DEBUG neutron_lib.callbacks.manager [req-0f1c8218-6236-42cb-973b-1b0d0b594a2c - - - - -] Publish callbacks ['neutron.services.segments.db._update_segment_host_mapping_for_agent-8745492723264', 'neutron.services.l3_router.l3_router_plugin.DVRResourceOperationHandler.create_fip_agent_gw_ports-1008573'] for agent (7cfb8840-bd46-4fca-ad86-75b79ec3aba1), after_create _notify_loop /var/lib/kolla/venv/lib/python3.6/site-packages/neutron_lib/callbacks/manager.py:177
2026-03-26 02:07:34.115 22 DEBUG neutron.wsgi [-] (22) accepted ('10.0.0.249', 37956) server /var/lib/kolla/venv/lib/python3.6/site-packages/eventlet/wsgi.py:1004
2026-03-26 02:07:34.119 22 INFO neutron.wsgi [-] 10.0.0.249 "GET / HTTP/1.1" status: 200 len: 228 time: 0.0027850
2026-03-26 02:07:35.617 23 DEBUG neutron_lib.callbacks.manager [req-a8257333-a9f1-4c30-8e3e-7f88ef518384 - - - - -] Publish callbacks ['neutron.services.segments.db._update_segment_host_mapping_for_agent-8745492723264', 'neutron.plugins.ml2.plugin.Ml2Plugin._retry_binding_revived_agents--9223372036586481662'] for agent (e8b5bde7-0f81-4a60-a23a-d99079fc7b40), after_update _notify_loop /var/lib/kolla/venv/lib/python3.6/site-packages/neutron_lib/callbacks/manager.py:177
2026-03-26 02:07:41.191 29 DEBUG neutron.db.agents_db [req-27c1e769-1049-4b32-a982-70e77240821c - - - - -] Agent healthcheck: found 2 active agents agent_health_check /var/lib/kolla/venv/lib/python3.6/site-packages/neutron/db/agents_db.py:318
2026-03-26 02:07:46.366 27 DEBUG neutron_lib.callbacks.manager [req-0f1c8218-6236-42cb-973b-1b0d0b594a2c - - - - -] Publish callbacks ['neutron.services.segments.db._update_segment_host_mapping_for_agent-8745492723264', 'neutron.plugins.ml2.plugin.Ml2Plugin._retry_binding_revived_agents--9223372036586481662'] for agent (7cfb8840-bd46-4fca-ad86-75b79ec3aba1), after_update _notify_loop /var/lib/kolla/venv/lib/python3.6/site-packages/neutron_lib/callbacks/manager.py:177
2026-03-26 02:08:04.160 22 DEBUG neutron.wsgi [-] (22) accepted ('10.0.0.249', 37982) server /var/lib/kolla/venv/lib/python3.6/site-packages/eventlet/wsgi.py:1004
2026-03-26 02:08:04.163 22 INFO neutron.wsgi [-] 10.0.0.249 "GET / HTTP/1.1" status: 200 len: 228 time: 0.0025821
2026-03-26 02:08:05.628 24 DEBUG neutron_lib.callbacks.manager [req-969b1038-a153-4a17-a473-e0b28c6a9334 - - - - -] Publish callbacks ['neutron.services.segments.db._update_segment_host_mapping_for_agent-8745492723264', 'neutron.plugins.ml2.plugin.Ml2Plugin._retry_binding_revived_agents--9223372036586481662'] for agent (e8b5bde7-0f81-4a60-a23a-d99079fc7b40), after_update _notify_loop /var/lib/kolla/venv/lib/python3.6/site-packages/neutron_lib/callbacks/manager.py:177
2026-03-26 02:08:16.369 25 DEBUG neutron_lib.callbacks.manager [req-0f1c8218-6236-42cb-973b-1b0d0b594a2c - - - - -] Publish callbacks ['neutron.services.segments.db._update_segment_host_mapping_for_agent-8745492723264', 'neutron.plugins.ml2.plugin.Ml2Plugin._retry_binding_revived_agents--9223372036586481662'] for agent (7cfb8840-bd46-4fca-ad86-75b79ec3aba1), after_update _notify_loop /var/lib/kolla/venv/lib/python3.6/site-packages/neutron_lib/callbacks/manager.py:177
2026-03-26 02:08:18.188 29 DEBUG neutron.db.agents_db [req-27c1e769-1049-4b32-a982-70e77240821c - - - - -] Agent healthcheck: found 2 active agents agent_health_check /var/lib/kolla/venv/lib/python3.6/site-packages/neutron/db/agents_db.py:318
2026-03-26 02:08:34.206 22 DEBUG neutron.wsgi [-] (22) accepted ('10.0.0.249', 54336) server /var/lib/kolla/venv/lib/python3.6/site-packages/eventlet/wsgi.py:1004
2026-03-26 02:08:34.209 22 INFO neutron.wsgi [-] 10.0.0.249 "GET / HTTP/1.1" status: 200 len: 228 time: 0.0025630
2026-03-26 02:08:35.611 26 DEBUG neutron_lib.callbacks.manager [req-720d7ccd-02e4-4476-a536-7396a0ce2f72 - - - - -] Publish callbacks ['neutron.services.segments.db._update_segment_host_mapping_for_agent-8745492723264', 'neutron.plugins.ml2.plugin.Ml2Plugin._retry_binding_revived_agents--9223372036586481662'] for agent (e8b5bde7-0f81-4a60-a23a-d99079fc7b40), after_update _notify_loop /var/lib/kolla/venv/lib/python3.6/site-packages/neutron_lib/callbacks/manager.py:177
2026-03-26 02:08:46.361 28 DEBUG neutron_lib.callbacks.manager [req-0f1c8218-6236-42cb-973b-1b0d0b594a2c - - - - -] Publish callbacks ['neutron.services.segments.db._update_segment_host_mapping_for_agent-8745492723264', 'neutron.plugins.ml2.plugin.Ml2Plugin._retry_binding_revived_agents--9223372036586481662'] for agent (7cfb8840-bd46-4fca-ad86-75b79ec3aba1), after_update _notify_loop /var/lib/kolla/venv/lib/python3.6/site-packages/neutron_lib/callbacks/manager.py:177
2026-03-26 02:08:55.186 29 DEBUG neutron.db.agents_db [req-27c1e769-1049-4b32-a982-70e77240821c - - - - -] Agent healthcheck: found 2 active agents agent_health_check /var/lib/kolla/venv/lib/python3.6/site-packages/neutron/db/agents_db.py:318
2026-03-26 02:09:04.252 22 DEBUG neutron.wsgi [-] (22) accepted ('10.0.0.249', 38902) server /var/lib/kolla/venv/lib/python3.6/site-packages/eventlet/wsgi.py:1004
2026-03-26 02:09:04.255 22 INFO neutron.wsgi [-] 10.0.0.249 "GET / HTTP/1.1" status: 200 len: 228 time: 0.0024130
2026-03-26 02:09:05.608 23 DEBUG neutron_lib.callbacks.manager [req-1e8ec3fa-fa91-4d23-8cc7-08dae9ee6a87 - - - - -] Publish callbacks ['neutron.services.segments.db._update_segment_host_mapping_for_agent-8745492723264', 'neutron.plugins.ml2.plugin.Ml2Plugin._retry_binding_revived_agents--9223372036586481662'] for agent (e8b5bde7-0f81-4a60-a23a-d99079fc7b40), after_update _notify_loop /var/lib/kolla/venv/lib/python3.6/site-packages/neutron_lib/callbacks/manager.py:177
2026-03-26 02:09:16.360 27 DEBUG neutron_lib.callbacks.manager [req-0f1c8218-6236-42cb-973b-1b0d0b594a2c - - - - -] Publish callbacks ['neutron.services.segments.db._update_segment_host_mapping_for_agent-8745492723264', 'neutron.plugins.ml2.plugin.Ml2Plugin._retry_binding_revived_agents--9223372036586481662'] for agent (7cfb8840-bd46-4fca-ad86-75b79ec3aba1), after_update _notify_loop /var/lib/kolla/venv/lib/python3.6/site-packages/neutron_lib/callbacks/manager.py:177
2026-03-26 02:09:32.182 29 DEBUG neutron.db.agents_db [req-27c1e769-1049-4b32-a982-70e77240821c - - - - -] Agent healthcheck: found 2 active agents agent_health_check /var/lib/kolla/venv/lib/python3.6/site-packages/neutron/db/agents_db.py:318
2026-03-26 02:09:34.298 22 DEBUG neutron.wsgi [-] (22) accepted ('10.0.0.249', 45838) server /var/lib/kolla/venv/lib/python3.6/site-packages/eventlet/wsgi.py:1004
2026-03-26 02:09:34.303 22 INFO neutron.wsgi [-] 10.0.0.249 "GET / HTTP/1.1" status: 200 len: 228 time: 0.0040984
2026-03-26 02:09:35.602 24 DEBUG neutron_lib.callbacks.manager [req-e9b2ea7b-8b07-4db9-a174-e93322550b17 - - - - -] Publish callbacks ['neutron.services.segments.db._update_segment_host_mapping_for_agent-8745492723264', 'neutron.plugins.ml2.plugin.Ml2Plugin._retry_binding_revived_agents--9223372036586481662'] for agent (e8b5bde7-0f81-4a60-a23a-d99079fc7b40), after_update _notify_loop /var/lib/kolla/venv/lib/python3.6/site-packages/neutron_lib/callbacks/manager.py:177
2026-03-26 02:09:46.362 25 DEBUG neutron_lib.callbacks.manager [req-0f1c8218-6236-42cb-973b-1b0d0b594a2c - - - - -] Publish callbacks ['neutron.services.segments.db._update_segment_host_mapping_for_agent-8745492723264', 'neutron.plugins.ml2.plugin.Ml2Plugin._retry_binding_revived_agents--9223372036586481662'] for agent (7cfb8840-bd46-4fca-ad86-75b79ec3aba1), after_update _notify_loop /var/lib/kolla/venv/lib/python3.6/site-packages/neutron_lib/callbacks/manager.py:177
2026-03-26 02:10:04.345 22 DEBUG neutron.wsgi [-] (22) accepted ('10.0.0.249', 52258) server /var/lib/kolla/venv/lib/python3.6/site-packages/eventlet/wsgi.py:1004
2026-03-26 02:10:04.348 22 INFO neutron.wsgi [-] 10.0.0.249 "GET / HTTP/1.1" status: 200 len: 228 time: 0.0025086
2026-03-26 02:10:05.608 26 DEBUG neutron_lib.callbacks.manager [req-75c982e9-7679-46a6-9edf-85b808c2e5bb - - - - -] Publish callbacks ['neutron.services.segments.db._update_segment_host_mapping_for_agent-8745492723264', 'neutron.plugins.ml2.plugin.Ml2Plugin._retry_binding_revived_agents--9223372036586481662'] for agent (e8b5bde7-0f81-4a60-a23a-d99079fc7b40), after_update _notify_loop /var/lib/kolla/venv/lib/python3.6/site-packages/neutron_lib/callbacks/manager.py:177
2026-03-26 02:10:09.179 29 DEBUG neutron.db.agents_db [req-27c1e769-1049-4b32-a982-70e77240821c - - - - -] Agent healthcheck: found 2 active agents agent_health_check /var/lib/kolla/venv/lib/python3.6/site-packages/neutron/db/agents_db.py:318
2026-03-26 02:10:16.365 28 DEBUG neutron_lib.callbacks.manager [req-0f1c8218-6236-42cb-973b-1b0d0b594a2c - - - - -] Publish callbacks ['neutron.services.segments.db._update_segment_host_mapping_for_agent-8745492723264', 'neutron.plugins.ml2.plugin.Ml2Plugin._retry_binding_revived_agents--9223372036586481662'] for agent (7cfb8840-bd46-4fca-ad86-75b79ec3aba1), after_update _notify_loop /var/lib/kolla/venv/lib/python3.6/site-packages/neutron_lib/callbacks/manager.py:177
2026-03-26 02:10:34.390 22 DEBUG neutron.wsgi [-] (22) accepted ('10.0.0.249', 48460) server /var/lib/kolla/venv/lib/python3.6/site-packages/eventlet/wsgi.py:1004
2026-03-26 02:10:34.393 22 INFO neutron.wsgi [-] 10.0.0.249 "GET / HTTP/1.1" status: 200 len: 228 time: 0.0025091
2026-03-26 02:10:35.614 23 DEBUG neutron_lib.callbacks.manager [req-a73aa056-465a-403b-bdb6-f426bc417b97 - - - - -] Publish callbacks ['neutron.services.segments.db._update_segment_host_mapping_for_agent-8745492723264', 'neutron.plugins.ml2.plugin.Ml2Plugin._retry_binding_revived_agents--9223372036586481662'] for agent (e8b5bde7-0f81-4a60-a23a-d99079fc7b40), after_update _notify_loop /var/lib/kolla/venv/lib/python3.6/site-packages/neutron_lib/callbacks/manager.py:177
2026-03-26 02:10:46.176 29 DEBUG neutron.db.agents_db [req-27c1e769-1049-4b32-a982-70e77240821c - - - - -] Agent healthcheck: found 2 active agents agent_health_check /var/lib/kolla/venv/lib/python3.6/site-packages/neutron/db/agents_db.py:318
2026-03-26 02:10:46.368 27 DEBUG neutron_lib.callbacks.manager [req-0f1c8218-6236-42cb-973b-1b0d0b594a2c - - - - -] Publish callbacks ['neutron.services.segments.db._update_segment_host_mapping_for_agent-8745492723264', 'neutron.plugins.ml2.plugin.Ml2Plugin._retry_binding_revived_agents--9223372036586481662'] for agent (7cfb8840-bd46-4fca-ad86-75b79ec3aba1), after_update _notify_loop /var/lib/kolla/venv/lib/python3.6/site-packages/neutron_lib/callbacks/manager.py:177
2026-03-26 02:11:04.436 22 DEBUG neutron.wsgi [-] (22) accepted ('10.0.0.249', 49586) server /var/lib/kolla/venv/lib/python3.6/site-packages/eventlet/wsgi.py:1004
2026-03-26 02:11:04.439 22 INFO neutron.wsgi [-] 10.0.0.249 "GET / HTTP/1.1" status: 200 len: 228 time: 0.0023892
2026-03-26 02:11:05.609 24 DEBUG neutron_lib.callbacks.manager [req-6c50b28e-e139-4ece-9f42-cfab3b133c3a - - - - -] Publish callbacks ['neutron.services.segments.db._update_segment_host_mapping_for_agent-8745492723264', 'neutron.plugins.ml2.plugin.Ml2Plugin._retry_binding_revived_agents--9223372036586481662'] for agent (e8b5bde7-0f81-4a60-a23a-d99079fc7b40), after_update _notify_loop /var/lib/kolla/venv/lib/python3.6/site-packages/neutron_lib/callbacks/manager.py:177
2026-03-26 02:11:16.371 25 DEBUG neutron_lib.callbacks.manager [req-0f1c8218-6236-42cb-973b-1b0d0b594a2c - - - - -] Publish callbacks ['neutron.services.segments.db._update_segment_host_mapping_for_agent-8745492723264', 'neutron.plugins.ml2.plugin.Ml2Plugin._retry_binding_revived_agents--9223372036586481662'] for agent (7cfb8840-bd46-4fca-ad86-75b79ec3aba1), after_update _notify_loop /var/lib/kolla/venv/lib/python3.6/site-packages/neutron_lib/callbacks/manager.py:177
2026-03-26 02:11:23.172 29 DEBUG neutron.db.agents_db [req-27c1e769-1049-4b32-a982-70e77240821c - - - - -] Agent healthcheck: found 2 active agents agent_health_check /var/lib/kolla/venv/lib/python3.6/site-packages/neutron/db/agents_db.py:318
2026-03-26 02:11:34.479 22 DEBUG neutron.wsgi [-] (22) accepted ('10.0.0.249', 58388) server /var/lib/kolla/venv/lib/python3.6/site-packages/eventlet/wsgi.py:1004
2026-03-26 02:11:34.484 22 INFO neutron.wsgi [-] 10.0.0.249 "GET / HTTP/1.1" status: 200 len: 228 time: 0.0039318
2026-03-26 02:11:35.613 26 DEBUG neutron_lib.callbacks.manager [req-0e8bfbf0-c6da-4a0d-b9c5-d14bdfd7bcbf - - - - -] Publish callbacks ['neutron.services.segments.db._update_segment_host_mapping_for_agent-8745492723264', 'neutron.plugins.ml2.plugin.Ml2Plugin._retry_binding_revived_agents--9223372036586481662'] for agent (e8b5bde7-0f81-4a60-a23a-d99079fc7b40), after_update _notify_loop /var/lib/kolla/venv/lib/python3.6/site-packages/neutron_lib/callbacks/manager.py:177
2026-03-26 02:11:46.371 28 DEBUG neutron_lib.callbacks.manager [req-0f1c8218-6236-42cb-973b-1b0d0b594a2c - - - - -] Publish callbacks ['neutron.services.segments.db._update_segment_host_mapping_for_agent-8745492723264', 'neutron.plugins.ml2.plugin.Ml2Plugin._retry_binding_revived_agents--9223372036586481662'] for agent (7cfb8840-bd46-4fca-ad86-75b79ec3aba1), after_update _notify_loop /var/lib/kolla/venv/lib/python3.6/site-packages/neutron_lib/callbacks/manager.py:177
2026-03-26 02:12:00.170 29 DEBUG neutron.db.agents_db [req-27c1e769-1049-4b32-a982-70e77240821c - - - - -] Agent healthcheck: found 2 active agents agent_health_check /var/lib/kolla/venv/lib/python3.6/site-packages/neutron/db/agents_db.py:318
2026-03-26 02:12:04.531 22 DEBUG neutron.wsgi [-] (22) accepted ('10.0.0.249', 52882) server /var/lib/kolla/venv/lib/python3.6/site-packages/eventlet/wsgi.py:1004
2026-03-26 02:12:04.535 22 INFO neutron.wsgi [-] 10.0.0.249 "GET / HTTP/1.1" status: 200 len: 228 time: 0.0026689
2026-03-26 02:12:05.618 23 DEBUG neutron_lib.callbacks.manager [req-ebe6b85a-afff-4c97-93b9-4fe054e0a251 - - - - -] Publish callbacks ['neutron.services.segments.db._update_segment_host_mapping_for_agent-8745492723264', 'neutron.plugins.ml2.plugin.Ml2Plugin._retry_binding_revived_agents--9223372036586481662'] for agent (e8b5bde7-0f81-4a60-a23a-d99079fc7b40), after_update _notify_loop /var/lib/kolla/venv/lib/python3.6/site-packages/neutron_lib/callbacks/manager.py:177
2026-03-26 02:12:16.382 27 DEBUG neutron_lib.callbacks.manager [req-0f1c8218-6236-42cb-973b-1b0d0b594a2c - - - - -] Publish callbacks ['neutron.services.segments.db._update_segment_host_mapping_for_agent-8745492723264', 'neutron.plugins.ml2.plugin.Ml2Plugin._retry_binding_revived_agents--9223372036586481662'] for agent (7cfb8840-bd46-4fca-ad86-75b79ec3aba1), after_update _notify_loop /var/lib/kolla/venv/lib/python3.6/site-packages/neutron_lib/callbacks/manager.py:177
2026-03-26 02:12:34.578 22 DEBUG neutron.wsgi [-] (22) accepted ('10.0.0.249', 54402) server /var/lib/kolla/venv/lib/python3.6/site-packages/eventlet/wsgi.py:1004
2026-03-26 02:12:34.581 22 INFO neutron.wsgi [-] 10.0.0.249 "GET / HTTP/1.1" status: 200 len: 228 time: 0.0025821
2026-03-26 02:12:35.622 24 DEBUG neutron_lib.callbacks.manager [req-48ca4277-f0b1-4f10-a5c2-5a6b835696c3 - - - - -] Publish callbacks ['neutron.services.segments.db._update_segment_host_mapping_for_agent-8745492723264', 'neutron.plugins.ml2.plugin.Ml2Plugin._retry_binding_revived_agents--9223372036586481662'] for agent (e8b5bde7-0f81-4a60-a23a-d99079fc7b40), after_update _notify_loop /var/lib/kolla/venv/lib/python3.6/site-packages/neutron_lib/callbacks/manager.py:177
2026-03-26 02:12:37.166 29 DEBUG neutron.db.agents_db [req-27c1e769-1049-4b32-a982-70e77240821c - - - - -] Agent healthcheck: found 2 active agents agent_health_check /var/lib/kolla/venv/lib/python3.6/site-packages/neutron/db/agents_db.py:318
2026-03-26 02:12:46.376 25 DEBUG neutron_lib.callbacks.manager [req-0f1c8218-6236-42cb-973b-1b0d0b594a2c - - - - -] Publish callbacks ['neutron.services.segments.db._update_segment_host_mapping_for_agent-8745492723264', 'neutron.plugins.ml2.plugin.Ml2Plugin._retry_binding_revived_agents--9223372036586481662'] for agent (7cfb8840-bd46-4fca-ad86-75b79ec3aba1), after_update _notify_loop /var/lib/kolla/venv/lib/python3.6/site-packages/neutron_lib/callbacks/manager.py:177
2026-03-26 02:13:04.623 22 DEBUG neutron.wsgi [-] (22) accepted ('10.0.0.249', 35974) server /var/lib/kolla/venv/lib/python3.6/site-packages/eventlet/wsgi.py:1004
2026-03-26 02:13:04.626 22 INFO neutron.wsgi [-] 10.0.0.249 "GET / HTTP/1.1" status: 200 len: 228 time: 0.0026486
2026-03-26 02:13:05.627 26 DEBUG neutron_lib.callbacks.manager [req-c1db90fe-422d-4175-83ce-785412862566 - - - - -] Publish callbacks ['neutron.services.segments.db._update_segment_host_mapping_for_agent-8745492723264', 'neutron.plugins.ml2.plugin.Ml2Plugin._retry_binding_revived_agents--9223372036586481662'] for agent (e8b5bde7-0f81-4a60-a23a-d99079fc7b40), after_update _notify_loop /var/lib/kolla/venv/lib/python3.6/site-packages/neutron_lib/callbacks/manager.py:177
2026-03-26 02:13:14.164 29 DEBUG neutron.db.agents_db [req-27c1e769-1049-4b32-a982-70e77240821c - - - - -] Agent healthcheck: found 2 active agents agent_health_check /var/lib/kolla/venv/lib/python3.6/site-packages/neutron/db/agents_db.py:318
2026-03-26 02:13:16.377 28 DEBUG neutron_lib.callbacks.manager [req-0f1c8218-6236-42cb-973b-1b0d0b594a2c - - - - -] Publish callbacks ['neutron.services.segments.db._update_segment_host_mapping_for_agent-8745492723264', 'neutron.plugins.ml2.plugin.Ml2Plugin._retry_binding_revived_agents--9223372036586481662'] for agent (7cfb8840-bd46-4fca-ad86-75b79ec3aba1), after_update _notify_loop /var/lib/kolla/venv/lib/python3.6/site-packages/neutron_lib/callbacks/manager.py:177
2026-03-26 02:13:34.675 22 DEBUG neutron.wsgi [-] (22) accepted ('10.0.0.249', 44580) server /var/lib/kolla/venv/lib/python3.6/site-packages/eventlet/wsgi.py:1004
2026-03-26 02:13:34.678 22 INFO neutron.wsgi [-] 10.0.0.249 "GET / HTTP/1.1" status: 200 len: 228 time: 0.0023921
2026-03-26 02:13:35.632 23 DEBUG neutron_lib.callbacks.manager [req-dbb4ea4b-12d3-48d6-8046-dd39b137969f - - - - -] Publish callbacks ['neutron.services.segments.db._update_segment_host_mapping_for_agent-8745492723264', 'neutron.plugins.ml2.plugin.Ml2Plugin._retry_binding_revived_agents--9223372036586481662'] for agent (e8b5bde7-0f81-4a60-a23a-d99079fc7b40), after_update _notify_loop /var/lib/kolla/venv/lib/python3.6/site-packages/neutron_lib/callbacks/manager.py:177
2026-03-26 02:13:46.379 27 DEBUG neutron_lib.callbacks.manager [req-0f1c8218-6236-42cb-973b-1b0d0b594a2c - - - - -] Publish callbacks ['neutron.services.segments.db._update_segment_host_mapping_for_agent-8745492723264', 'neutron.plugins.ml2.plugin.Ml2Plugin._retry_binding_revived_agents--9223372036586481662'] for agent (7cfb8840-bd46-4fca-ad86-75b79ec3aba1), after_update _notify_loop /var/lib/kolla/venv/lib/python3.6/site-packages/neutron_lib/callbacks/manager.py:177
2026-03-26 02:13:51.161 29 DEBUG neutron.db.agents_db [req-27c1e769-1049-4b32-a982-70e77240821c - - - - -] Agent healthcheck: found 2 active agents agent_health_check /var/lib/kolla/venv/lib/python3.6/site-packages/neutron/db/agents_db.py:318
2026-03-26 02:14:04.723 22 DEBUG neutron.wsgi [-] (22) accepted ('10.0.0.249', 58522) server /var/lib/kolla/venv/lib/python3.6/site-packages/eventlet/wsgi.py:1004
2026-03-26 02:14:04.727 22 INFO neutron.wsgi [-] 10.0.0.249 "GET / HTTP/1.1" status: 200 len: 228 time: 0.0024455
2026-03-26 02:14:05.639 24 DEBUG neutron_lib.callbacks.manager [req-4be1507e-e012-4eb0-bfa8-a10e41c9876f - - - - -] Publish callbacks ['neutron.services.segments.db._update_segment_host_mapping_for_agent-8745492723264', 'neutron.plugins.ml2.plugin.Ml2Plugin._retry_binding_revived_agents--9223372036586481662'] for agent (e8b5bde7-0f81-4a60-a23a-d99079fc7b40), after_update _notify_loop /var/lib/kolla/venv/lib/python3.6/site-packages/neutron_lib/callbacks/manager.py:177
2026-03-26 02:14:16.383 25 DEBUG neutron_lib.callbacks.manager [req-0f1c8218-6236-42cb-973b-1b0d0b594a2c - - - - -] Publish callbacks ['neutron.services.segments.db._update_segment_host_mapping_for_agent-8745492723264', 'neutron.plugins.ml2.plugin.Ml2Plugin._retry_binding_revived_agents--9223372036586481662'] for agent (7cfb8840-bd46-4fca-ad86-75b79ec3aba1), after_update _notify_loop /var/lib/kolla/venv/lib/python3.6/site-packages/neutron_lib/callbacks/manager.py:177
2026-03-26 02:14:28.159 29 DEBUG neutron.db.agents_db [req-27c1e769-1049-4b32-a982-70e77240821c - - - - -] Agent healthcheck: found 2 active agents agent_health_check /var/lib/kolla/venv/lib/python3.6/site-packages/neutron/db/agents_db.py:318
2026-03-26 02:14:34.770 22 DEBUG neutron.wsgi [-] (22) accepted ('10.0.0.249', 40946) server /var/lib/kolla/venv/lib/python3.6/site-packages/eventlet/wsgi.py:1004
2026-03-26 02:14:34.773 22 INFO neutron.wsgi [-] 10.0.0.249 "GET / HTTP/1.1" status: 200 len: 228 time: 0.0026371
2026-03-26 02:14:35.634 26 DEBUG neutron_lib.callbacks.manager [req-da8082ad-d659-4b97-9c76-4b444846ac38 - - - - -] Publish callbacks ['neutron.services.segments.db._update_segment_host_mapping_for_agent-8745492723264', 'neutron.plugins.ml2.plugin.Ml2Plugin._retry_binding_revived_agents--9223372036586481662'] for agent (e8b5bde7-0f81-4a60-a23a-d99079fc7b40), after_update _notify_loop /var/lib/kolla/venv/lib/python3.6/site-packages/neutron_lib/callbacks/manager.py:177
2026-03-26 02:14:46.384 28 DEBUG neutron_lib.callbacks.manager [req-0f1c8218-6236-42cb-973b-1b0d0b594a2c - - - - -] Publish callbacks ['neutron.services.segments.db._update_segment_host_mapping_for_agent-8745492723264', 'neutron.plugins.ml2.plugin.Ml2Plugin._retry_binding_revived_agents--9223372036586481662'] for agent (7cfb8840-bd46-4fca-ad86-75b79ec3aba1), after_update _notify_loop /var/lib/kolla/venv/lib/python3.6/site-packages/neutron_lib/callbacks/manager.py:177
2026-03-26 02:14:58.426 7 INFO oslo_service.service [-] Caught SIGTERM, stopping children
2026-03-26 02:14:58.426 7 DEBUG oslo_concurrency.lockutils [-] Acquired lock "singleton_lock" lock /var/lib/kolla/venv/lib/python3.6/site-packages/oslo_concurrency/lockutils.py:294
2026-03-26 02:14:58.426 7 DEBUG oslo_concurrency.lockutils [-] Releasing lock "singleton_lock" lock /var/lib/kolla/venv/lib/python3.6/site-packages/oslo_concurrency/lockutils.py:312
2026-03-26 02:14:58.426 7 DEBUG oslo_service.service [-] Stop services. stop /var/lib/kolla/venv/lib/python3.6/site-packages/oslo_service/service.py:695
2026-03-26 02:14:58.427 7 DEBUG neutron.service [-] calling RpcWorker stop() stop /var/lib/kolla/venv/lib/python3.6/site-packages/neutron/service.py:138
2026-03-26 02:14:58.427 7 DEBUG neutron.service [-] calling RpcWorker stop() stop /var/lib/kolla/venv/lib/python3.6/site-packages/neutron/service.py:138
2026-03-26 02:14:58.427 7 DEBUG oslo_service.service [-] Killing children. stop /var/lib/kolla/venv/lib/python3.6/site-packages/oslo_service/service.py:700
2026-03-26 02:14:58.427 7 INFO oslo_service.service [-] Waiting on 8 children to exit
2026-03-26 02:14:58.427 22 INFO neutron.wsgi [-] (22) wsgi exited, is_accepting=True
2026-03-26 02:14:58.427 25 DEBUG neutron.service [-] calling RpcWorker stop() stop /var/lib/kolla/venv/lib/python3.6/site-packages/neutron/service.py:138
2026-03-26 02:14:58.427 24 DEBUG neutron.service [-] calling RpcWorker stop() stop /var/lib/kolla/venv/lib/python3.6/site-packages/neutron/service.py:138
2026-03-26 02:14:58.428 27 DEBUG neutron.service [-] calling RpcWorker stop() stop /var/lib/kolla/venv/lib/python3.6/site-packages/neutron/service.py:138
2026-03-26 02:14:58.428 22 DEBUG oslo_concurrency.lockutils [req-5f275061-de28-4ffa-ba05-64ef094a0fd7 - - - - -] Acquired lock "singleton_lock" lock /var/lib/kolla/venv/lib/python3.6/site-packages/oslo_concurrency/lockutils.py:294
2026-03-26 02:14:58.428 22 DEBUG oslo_concurrency.lockutils [req-5f275061-de28-4ffa-ba05-64ef094a0fd7 - - - - -] Releasing lock "singleton_lock" lock /var/lib/kolla/venv/lib/python3.6/site-packages/oslo_concurrency/lockutils.py:312
2026-03-26 02:14:58.428 24 DEBUG neutron.service [-] calling stop on stop /var/lib/kolla/venv/lib/python3.6/site-packages/neutron/service.py:141
2026-03-26 02:14:58.428 27 DEBUG neutron.service [-] calling stop on stop /var/lib/kolla/venv/lib/python3.6/site-packages/neutron/service.py:141
2026-03-26 02:14:58.428 25 DEBUG neutron.service [-] calling stop on stop /var/lib/kolla/venv/lib/python3.6/site-packages/neutron/service.py:141
2026-03-26 02:14:58.431 26 DEBUG neutron.service [-] calling RpcWorker stop() stop /var/lib/kolla/venv/lib/python3.6/site-packages/neutron/service.py:138
2026-03-26 02:14:58.431 23 DEBUG neutron.service [-] calling RpcWorker stop() stop /var/lib/kolla/venv/lib/python3.6/site-packages/neutron/service.py:138
2026-03-26 02:14:58.432 7 INFO oslo_service.service [-] Child 22 exited with status 0
2026-03-26 02:14:58.432 23 DEBUG neutron.service [-] calling stop on stop /var/lib/kolla/venv/lib/python3.6/site-packages/neutron/service.py:141
2026-03-26 02:14:58.431 26 DEBUG neutron.service [-] calling stop on stop /var/lib/kolla/venv/lib/python3.6/site-packages/neutron/service.py:141
2026-03-26 02:14:58.435 29 DEBUG neutron.service [-] calling RpcWorker stop() stop /var/lib/kolla/venv/lib/python3.6/site-packages/neutron/service.py:138
2026-03-26 02:14:58.435 29 DEBUG neutron.service [-] calling stop on stop /var/lib/kolla/venv/lib/python3.6/site-packages/neutron/service.py:141
2026-03-26 02:14:58.442 28 DEBUG neutron.service [-] calling RpcWorker stop() stop /var/lib/kolla/venv/lib/python3.6/site-packages/neutron/service.py:138
2026-03-26 02:14:58.442 28 DEBUG neutron.service [-] calling stop on stop /var/lib/kolla/venv/lib/python3.6/site-packages/neutron/service.py:141
2026-03-26 02:14:58.831 26 DEBUG oslo_concurrency.lockutils [req-5f275061-de28-4ffa-ba05-64ef094a0fd7 - - - - -] Acquired lock "singleton_lock" lock /var/lib/kolla/venv/lib/python3.6/site-packages/oslo_concurrency/lockutils.py:294
2026-03-26 02:14:58.831 26 DEBUG oslo_concurrency.lockutils [req-5f275061-de28-4ffa-ba05-64ef094a0fd7 - - - - -] Releasing lock "singleton_lock" lock /var/lib/kolla/venv/lib/python3.6/site-packages/oslo_concurrency/lockutils.py:312
2026-03-26 02:14:58.831 26 DEBUG neutron.service [req-5f275061-de28-4ffa-ba05-64ef094a0fd7 - - - - -] calling RpcWorker wait() _wait /var/lib/kolla/venv/lib/python3.6/site-packages/neutron/service.py:128
2026-03-26 02:14:58.832 26 DEBUG neutron.service [req-5f275061-de28-4ffa-ba05-64ef094a0fd7 - - - - -] calling wait on _wait /var/lib/kolla/venv/lib/python3.6/site-packages/neutron/service.py:131
2026-03-26 02:14:58.838 26 WARNING amqp [req-5f275061-de28-4ffa-ba05-64ef094a0fd7 - - - - -] Received method (60, 30) during closing channel 1. This method will be ignored
2026-03-26 02:14:58.839 26 DEBUG neutron.service [req-5f275061-de28-4ffa-ba05-64ef094a0fd7 - - - - -] returning from RpcWorker wait() _wait /var/lib/kolla/venv/lib/python3.6/site-packages/neutron/service.py:135
2026-03-26 02:14:58.844 7 INFO oslo_service.service [-] Child 26 exited with status 0
2026-03-26 02:14:59.580 28 DEBUG oslo_concurrency.lockutils [req-5f275061-de28-4ffa-ba05-64ef094a0fd7 - - - - -] Acquired lock "singleton_lock" lock /var/lib/kolla/venv/lib/python3.6/site-packages/oslo_concurrency/lockutils.py:294
2026-03-26 02:14:59.580 28 DEBUG oslo_concurrency.lockutils [req-5f275061-de28-4ffa-ba05-64ef094a0fd7 - - - - -] Releasing lock "singleton_lock" lock /var/lib/kolla/venv/lib/python3.6/site-packages/oslo_concurrency/lockutils.py:312
2026-03-26 02:14:59.581 28 DEBUG neutron.service [req-5f275061-de28-4ffa-ba05-64ef094a0fd7 - - - - -] calling RpcWorker wait() _wait /var/lib/kolla/venv/lib/python3.6/site-packages/neutron/service.py:128
2026-03-26 02:14:59.581 28 DEBUG neutron.service [req-5f275061-de28-4ffa-ba05-64ef094a0fd7 - - - - -] calling wait on _wait /var/lib/kolla/venv/lib/python3.6/site-packages/neutron/service.py:131
2026-03-26 02:14:59.589 28 WARNING amqp [req-5f275061-de28-4ffa-ba05-64ef094a0fd7 - - - - -] Received method (60, 30) during closing channel 1. This method will be ignored
2026-03-26 02:14:59.590 28 DEBUG neutron.service [req-5f275061-de28-4ffa-ba05-64ef094a0fd7 - - - - -] returning from RpcWorker wait() _wait /var/lib/kolla/venv/lib/python3.6/site-packages/neutron/service.py:135
2026-03-26 02:14:59.594 7 INFO oslo_service.service [-] Child 28 exited with status 0
2026-03-26 02:15:05.635 23 DEBUG neutron_lib.callbacks.manager [req-f5506b9d-da66-4a58-ad83-d81d02ae4614 - - - - -] Publish callbacks ['neutron.services.segments.db._update_segment_host_mapping_for_agent-8745492723264', 'neutron.plugins.ml2.plugin.Ml2Plugin._retry_binding_revived_agents--9223372036586481662'] for agent (e8b5bde7-0f81-4a60-a23a-d99079fc7b40), after_update _notify_loop /var/lib/kolla/venv/lib/python3.6/site-packages/neutron_lib/callbacks/manager.py:177
2026-03-26 02:15:07.156 23 DEBUG neutron.service [-] calling stop on stop /var/lib/kolla/venv/lib/python3.6/site-packages/neutron/service.py:141
2026-03-26 02:15:07.166 24 DEBUG neutron.service [-] calling stop on stop /var/lib/kolla/venv/lib/python3.6/site-packages/neutron/service.py:141
2026-03-26 02:15:07.170 23 DEBUG neutron.service [-] calling stop on stop /var/lib/kolla/venv/lib/python3.6/site-packages/neutron/service.py:141
2026-03-26 02:15:07.176 27 DEBUG oslo_concurrency.lockutils [req-5f275061-de28-4ffa-ba05-64ef094a0fd7 - - - - -] Acquired lock "singleton_lock" lock /var/lib/kolla/venv/lib/python3.6/site-packages/oslo_concurrency/lockutils.py:294
2026-03-26 02:15:07.177 27 DEBUG oslo_concurrency.lockutils [req-5f275061-de28-4ffa-ba05-64ef094a0fd7 - - - - -] Releasing lock "singleton_lock" lock /var/lib/kolla/venv/lib/python3.6/site-packages/oslo_concurrency/lockutils.py:312
2026-03-26 02:15:07.177 27 DEBUG neutron.service [req-5f275061-de28-4ffa-ba05-64ef094a0fd7 - - - - -] calling RpcWorker wait() _wait /var/lib/kolla/venv/lib/python3.6/site-packages/neutron/service.py:128
2026-03-26 02:15:07.177 27 DEBUG neutron.service [req-5f275061-de28-4ffa-ba05-64ef094a0fd7 - - - - -] calling wait on _wait /var/lib/kolla/venv/lib/python3.6/site-packages/neutron/service.py:131
2026-03-26 02:15:07.184 27 WARNING amqp [req-5f275061-de28-4ffa-ba05-64ef094a0fd7 - - - - -] Received method (60, 30) during closing channel 1. This method will be ignored
2026-03-26 02:15:07.185 24 DEBUG neutron.service [-] calling stop on stop /var/lib/kolla/venv/lib/python3.6/site-packages/neutron/service.py:141
2026-03-26 02:15:07.186 27 DEBUG neutron.service [req-5f275061-de28-4ffa-ba05-64ef094a0fd7 - - - - -] returning from RpcWorker wait() _wait /var/lib/kolla/venv/lib/python3.6/site-packages/neutron/service.py:135
2026-03-26 02:15:07.189 25 DEBUG neutron.service [-] calling stop on stop /var/lib/kolla/venv/lib/python3.6/site-packages/neutron/service.py:141
2026-03-26 02:15:07.191 7 INFO oslo_service.service [-] Child 27 exited with status 0
2026-03-26 02:15:07.193 29 DEBUG oslo_concurrency.lockutils [req-5f275061-de28-4ffa-ba05-64ef094a0fd7 - - - - -] Acquired lock "singleton_lock" lock /var/lib/kolla/venv/lib/python3.6/site-packages/oslo_concurrency/lockutils.py:294
2026-03-26 02:15:07.193 29 DEBUG oslo_concurrency.lockutils [req-5f275061-de28-4ffa-ba05-64ef094a0fd7 - - - - -] Releasing lock "singleton_lock" lock /var/lib/kolla/venv/lib/python3.6/site-packages/oslo_concurrency/lockutils.py:312
2026-03-26 02:15:07.193 29 DEBUG neutron.service [req-5f275061-de28-4ffa-ba05-64ef094a0fd7 - - - - -] calling RpcWorker wait() _wait /var/lib/kolla/venv/lib/python3.6/site-packages/neutron/service.py:128
2026-03-26 02:15:07.193 29 DEBUG neutron.service [req-5f275061-de28-4ffa-ba05-64ef094a0fd7 - - - - -] calling wait on _wait /var/lib/kolla/venv/lib/python3.6/site-packages/neutron/service.py:131
2026-03-26 02:15:07.198 29 WARNING amqp [req-5f275061-de28-4ffa-ba05-64ef094a0fd7 - - - - -] Received method (60, 30) during closing channel 1. This method will be ignored
2026-03-26 02:15:07.199 25 DEBUG neutron.service [-] calling stop on stop /var/lib/kolla/venv/lib/python3.6/site-packages/neutron/service.py:141
2026-03-26 02:15:07.199 24 DEBUG neutron.service [-] calling stop on stop /var/lib/kolla/venv/lib/python3.6/site-packages/neutron/service.py:141
2026-03-26 02:15:07.201 29 DEBUG neutron.service [req-5f275061-de28-4ffa-ba05-64ef094a0fd7 - - - - -] returning from RpcWorker wait() _wait /var/lib/kolla/venv/lib/python3.6/site-packages/neutron/service.py:135
2026-03-26 02:15:07.208 7 INFO oslo_service.service [-] Child 29 exited with status 0
2026-03-26 02:15:07.209 25 DEBUG neutron.service [-] calling stop on stop /var/lib/kolla/venv/lib/python3.6/site-packages/neutron/service.py:141
2026-03-26 02:15:07.215 24 DEBUG oslo_concurrency.lockutils [req-5f275061-de28-4ffa-ba05-64ef094a0fd7 - - - - -] Acquired lock "singleton_lock" lock /var/lib/kolla/venv/lib/python3.6/site-packages/oslo_concurrency/lockutils.py:294
2026-03-26 02:15:07.215 24 DEBUG oslo_concurrency.lockutils [req-5f275061-de28-4ffa-ba05-64ef094a0fd7 - - - - -] Releasing lock "singleton_lock" lock /var/lib/kolla/venv/lib/python3.6/site-packages/oslo_concurrency/lockutils.py:312
2026-03-26 02:15:07.215 24 DEBUG neutron.service [req-5f275061-de28-4ffa-ba05-64ef094a0fd7 - - - - -] calling RpcWorker wait() _wait /var/lib/kolla/venv/lib/python3.6/site-packages/neutron/service.py:128
2026-03-26 02:15:07.216 24 DEBUG neutron.service [req-5f275061-de28-4ffa-ba05-64ef094a0fd7 - - - - -] calling wait on _wait /var/lib/kolla/venv/lib/python3.6/site-packages/neutron/service.py:131
2026-03-26 02:15:07.221 24 WARNING amqp [req-5f275061-de28-4ffa-ba05-64ef094a0fd7 - - - - -] Received method (60, 30) during closing channel 1. This method will be ignored
2026-03-26 02:15:07.222 24 DEBUG neutron.service [req-5f275061-de28-4ffa-ba05-64ef094a0fd7 - - - - -] calling wait on _wait /var/lib/kolla/venv/lib/python3.6/site-packages/neutron/service.py:131
2026-03-26 02:15:07.225 25 DEBUG oslo_concurrency.lockutils [req-5f275061-de28-4ffa-ba05-64ef094a0fd7 - - - - -] Acquired lock "singleton_lock" lock /var/lib/kolla/venv/lib/python3.6/site-packages/oslo_concurrency/lockutils.py:294
2026-03-26 02:15:07.225 25 DEBUG oslo_concurrency.lockutils [req-5f275061-de28-4ffa-ba05-64ef094a0fd7 - - - - -] Releasing lock "singleton_lock" lock /var/lib/kolla/venv/lib/python3.6/site-packages/oslo_concurrency/lockutils.py:312
2026-03-26 02:15:07.226 25 DEBUG neutron.service [req-5f275061-de28-4ffa-ba05-64ef094a0fd7 - - - - -] calling RpcWorker wait() _wait /var/lib/kolla/venv/lib/python3.6/site-packages/neutron/service.py:128
2026-03-26 02:15:07.226 25 DEBUG neutron.service [req-5f275061-de28-4ffa-ba05-64ef094a0fd7 - - - - -] calling wait on _wait /var/lib/kolla/venv/lib/python3.6/site-packages/neutron/service.py:131
2026-03-26 02:15:07.227 24 WARNING amqp [req-5f275061-de28-4ffa-ba05-64ef094a0fd7 - - - - -] Received method (60, 30) during closing channel 1. This method will be ignored
2026-03-26 02:15:07.228 24 DEBUG neutron.service [req-5f275061-de28-4ffa-ba05-64ef094a0fd7 - - - - -] calling wait on _wait /var/lib/kolla/venv/lib/python3.6/site-packages/neutron/service.py:131
2026-03-26 02:15:07.232 25 WARNING amqp [req-5f275061-de28-4ffa-ba05-64ef094a0fd7 - - - - -] Received method (60, 30) during closing channel 1. This method will be ignored
2026-03-26 02:15:07.233 25 DEBUG neutron.service [req-5f275061-de28-4ffa-ba05-64ef094a0fd7 - - - - -] calling wait on _wait /var/lib/kolla/venv/lib/python3.6/site-packages/neutron/service.py:131
2026-03-26 02:15:07.234 24 WARNING amqp [req-5f275061-de28-4ffa-ba05-64ef094a0fd7 - - - - -] Received method (60, 30) during closing channel 1. This method will be ignored
2026-03-26 02:15:07.235 24 DEBUG neutron.service [req-5f275061-de28-4ffa-ba05-64ef094a0fd7 - - - - -] calling wait on _wait /var/lib/kolla/venv/lib/python3.6/site-packages/neutron/service.py:131
2026-03-26 02:15:07.237 25 WARNING amqp [req-5f275061-de28-4ffa-ba05-64ef094a0fd7 - - - - -] Received method (60, 30) during closing channel 1. This method will be ignored
2026-03-26 02:15:07.239 25 DEBUG neutron.service [req-5f275061-de28-4ffa-ba05-64ef094a0fd7 - - - - -] calling wait on _wait /var/lib/kolla/venv/lib/python3.6/site-packages/neutron/service.py:131
2026-03-26 02:15:07.243 24 WARNING amqp [req-5f275061-de28-4ffa-ba05-64ef094a0fd7 - - - - -] Received method (60, 30) during closing channel 1. This method will be ignored
2026-03-26 02:15:07.244 24 DEBUG neutron.service [req-5f275061-de28-4ffa-ba05-64ef094a0fd7 - - - - -] returning from RpcWorker wait() _wait /var/lib/kolla/venv/lib/python3.6/site-packages/neutron/service.py:135
2026-03-26 02:15:07.245 25 WARNING amqp [req-5f275061-de28-4ffa-ba05-64ef094a0fd7 - - - - -] Received method (60, 30) during closing channel 1. This method will be ignored
2026-03-26 02:15:07.246 25 DEBUG neutron.service [req-5f275061-de28-4ffa-ba05-64ef094a0fd7 - - - - -] calling wait on _wait /var/lib/kolla/venv/lib/python3.6/site-packages/neutron/service.py:131
2026-03-26 02:15:07.253 25 WARNING amqp [req-5f275061-de28-4ffa-ba05-64ef094a0fd7 - - - - -] Received method (60, 30) during closing channel 1. This method will be ignored
2026-03-26 02:15:07.254 7 INFO oslo_service.service [-] Child 24 exited with status 0
2026-03-26 02:15:07.254 25 DEBUG neutron.service [req-5f275061-de28-4ffa-ba05-64ef094a0fd7 - - - - -] returning from RpcWorker wait() _wait /var/lib/kolla/venv/lib/python3.6/site-packages/neutron/service.py:135
2026-03-26 02:15:07.258 7 INFO oslo_service.service [-] Child 25 exited with status 0
2026-03-26 02:15:07.679 23 DEBUG neutron.service [-] calling stop on stop /var/lib/kolla/venv/lib/python3.6/site-packages/neutron/service.py:141
2026-03-26 02:15:11.731 7 INFO neutron.common.config [-] Logging enabled!
2026-03-26 02:15:11.731 7 INFO neutron.common.config [-] /var/lib/kolla/venv/bin/neutron-server version 20.5.1.dev23
2026-03-26 02:15:11.732 7 DEBUG neutron.common.config [-] command line: /var/lib/kolla/venv/bin/neutron-server --config-file /etc/neutron/neutron.conf --config-file /etc/neutron/ContrailPlugin.ini --config-file /etc/neutron/api-paste.ini setup_logging /var/lib/kolla/venv/lib/python3.6/site-packages/neutron/common/config.py:115
2026-03-26 02:15:11.735 7 INFO neutron.common.config [-] Logging enabled!
2026-03-26 02:15:11.735 7 INFO neutron.common.config [-] /var/lib/kolla/venv/bin/neutron-server version 20.5.1.dev23
2026-03-26 02:15:11.735 7 DEBUG neutron.common.config [-] command line: /var/lib/kolla/venv/bin/neutron-server --config-file /etc/neutron/neutron.conf --config-file /etc/neutron/ContrailPlugin.ini --config-file /etc/neutron/api-paste.ini setup_logging /var/lib/kolla/venv/lib/python3.6/site-packages/neutron/common/config.py:115
2026-03-26 02:15:11.735 7 DEBUG neutron.common.config [-] ******************************************************************************** log_opt_values /var/lib/kolla/venv/lib/python3.6/site-packages/oslo_config/cfg.py:2589
2026-03-26 02:15:11.736 7 DEBUG neutron.common.config [-] Configuration options gathered from: log_opt_values /var/lib/kolla/venv/lib/python3.6/site-packages/oslo_config/cfg.py:2590
2026-03-26 02:15:11.736 7 DEBUG neutron.common.config [-] command line args: ['--config-file', '/etc/neutron/neutron.conf', '--config-file', '/etc/neutron/ContrailPlugin.ini', '--config-file', '/etc/neutron/api-paste.ini'] log_opt_values /var/lib/kolla/venv/lib/python3.6/site-packages/oslo_config/cfg.py:2591
2026-03-26 02:15:11.736 7 DEBUG neutron.common.config [-] config files: ['/etc/neutron/neutron.conf', '/etc/neutron/ContrailPlugin.ini', '/etc/neutron/api-paste.ini'] log_opt_values /var/lib/kolla/venv/lib/python3.6/site-packages/oslo_config/cfg.py:2593
2026-03-26 02:15:11.736 7 DEBUG neutron.common.config [-] ================================================================================ log_opt_values /var/lib/kolla/venv/lib/python3.6/site-packages/oslo_config/cfg.py:2594
2026-03-26 02:15:11.736 7 DEBUG neutron.common.config [-] allow_bulk = True log_opt_values /var/lib/kolla/venv/lib/python3.6/site-packages/oslo_config/cfg.py:2603
2026-03-26 02:15:11.737 7 WARNING oslo_config.cfg [-] Deprecated: Option "allow_overlapping_ips" from group "DEFAULT" is deprecated for removal. Its value may be silently ignored in the future.
2026-03-26 02:15:11.737 7 DEBUG neutron.common.config [-] allow_overlapping_ips = True log_opt_values /var/lib/kolla/venv/lib/python3.6/site-packages/oslo_config/cfg.py:2603
2026-03-26 02:15:11.737 7 DEBUG neutron.common.config [-] api_extensions_path = /opt/plugin/site-packages/neutron_plugin_contrail/extensions:/opt/plugin/site-packages/neutron_lbaas/extensions log_opt_values /var/lib/kolla/venv/lib/python3.6/site-packages/oslo_config/cfg.py:2603
2026-03-26 02:15:11.737 7 DEBUG neutron.common.config [-] api_paste_config = /etc/neutron/api-paste.ini log_opt_values /var/lib/kolla/venv/lib/python3.6/site-packages/oslo_config/cfg.py:2603
2026-03-26 02:15:11.737 7 DEBUG neutron.common.config [-] api_workers = 1 log_opt_values /var/lib/kolla/venv/lib/python3.6/site-packages/oslo_config/cfg.py:2603
2026-03-26 02:15:11.737 7 DEBUG neutron.common.config [-] auth_strategy = keystone log_opt_values /var/lib/kolla/venv/lib/python3.6/site-packages/oslo_config/cfg.py:2603
2026-03-26 02:15:11.737 7 DEBUG neutron.common.config [-] backlog = 4096 log_opt_values /var/lib/kolla/venv/lib/python3.6/site-packages/oslo_config/cfg.py:2603
2026-03-26 02:15:11.737 7 DEBUG neutron.common.config [-] base_mac = fa:16:3e:00:00:00 log_opt_values /var/lib/kolla/venv/lib/python3.6/site-packages/oslo_config/cfg.py:2603
2026-03-26 02:15:11.738 7 DEBUG neutron.common.config [-] bind_host = 10.0.0.249 log_opt_values /var/lib/kolla/venv/lib/python3.6/site-packages/oslo_config/cfg.py:2603
2026-03-26 02:15:11.738 7 DEBUG neutron.common.config [-] bind_port = 9696 log_opt_values /var/lib/kolla/venv/lib/python3.6/site-packages/oslo_config/cfg.py:2603
2026-03-26 02:15:11.738 7 DEBUG neutron.common.config [-] client_socket_timeout = 900 log_opt_values /var/lib/kolla/venv/lib/python3.6/site-packages/oslo_config/cfg.py:2603
2026-03-26 02:15:11.738 7 DEBUG neutron.common.config [-] config_dir = [] log_opt_values /var/lib/kolla/venv/lib/python3.6/site-packages/oslo_config/cfg.py:2603
2026-03-26 02:15:11.738 7 DEBUG neutron.common.config [-] config_file = ['/etc/neutron/neutron.conf', '/etc/neutron/ContrailPlugin.ini', '/etc/neutron/api-paste.ini'] log_opt_values /var/lib/kolla/venv/lib/python3.6/site-packages/oslo_config/cfg.py:2603
2026-03-26 02:15:11.738 7 DEBUG neutron.common.config [-] config_source = [] log_opt_values /var/lib/kolla/venv/lib/python3.6/site-packages/oslo_config/cfg.py:2603
2026-03-26 02:15:11.738 7 DEBUG neutron.common.config [-] control_exchange = neutron log_opt_values /var/lib/kolla/venv/lib/python3.6/site-packages/oslo_config/cfg.py:2603
2026-03-26 02:15:11.738 7 DEBUG neutron.common.config [-] core_plugin = neutron_plugin_contrail.plugins.opencontrail.contrail_plugin.NeutronPluginContrailCoreV2 log_opt_values /var/lib/kolla/venv/lib/python3.6/site-packages/oslo_config/cfg.py:2603
2026-03-26 02:15:11.738 7 DEBUG neutron.common.config [-] debug = True log_opt_values /var/lib/kolla/venv/lib/python3.6/site-packages/oslo_config/cfg.py:2603
2026-03-26 02:15:11.739 7 DEBUG neutron.common.config [-] default_availability_zones = [] log_opt_values /var/lib/kolla/venv/lib/python3.6/site-packages/oslo_config/cfg.py:2603
2026-03-26 02:15:11.739 7 DEBUG neutron.common.config [-] default_log_levels = ['amqp=WARN', 'amqplib=WARN', 'boto=WARN', 'qpid=WARN', 'sqlalchemy=WARN', 'suds=INFO', 'oslo.messaging=INFO', 'oslo_messaging=INFO', 'iso8601=WARN', 'requests.packages.urllib3.connectionpool=WARN', 'urllib3.connectionpool=WARN', 'websocket=WARN', 'requests.packages.urllib3.util.retry=WARN', 'urllib3.util.retry=WARN', 'keystonemiddleware=WARN', 'routes.middleware=WARN', 'stevedore=WARN', 'taskflow=WARN', 'keystoneauth=WARN', 'oslo.cache=INFO', 'oslo_policy=INFO', 'dogpile.core.dogpile=INFO', 'OFPHandler=INFO', 'OfctlService=INFO', 'os_ken.base.app_manager=INFO', 'os_ken.controller.controller=INFO'] log_opt_values /var/lib/kolla/venv/lib/python3.6/site-packages/oslo_config/cfg.py:2603
