2026-03-23 00:42:37.786 135933 DEBUG oslo_service.service [req-b18ce893-84d7-4573-a0d6-93d818cecc28 - - - - -] sync_power_state_interval = 600 log_opt_values /usr/lib/python3/dist-packages/oslo_config/cfg.py:2602
2026-03-23 00:42:37.787 135933 DEBUG oslo_service.service [req-b18ce893-84d7-4573-a0d6-93d818cecc28 - - - - -] sync_power_state_pool_size = 1000 log_opt_values /usr/lib/python3/dist-packages/oslo_config/cfg.py:2602
2026-03-23 00:42:37.787 137439 DEBUG nova.service [req-ee8ec47a-3e56-4f24-b5d9-e5a8372db136 - - - - -] Creating RPC server for service scheduler start /usr/lib/python3/dist-packages/nova/service.py:182
2026-03-23 00:42:37.788 135933 DEBUG oslo_service.service [req-b18ce893-84d7-4573-a0d6-93d818cecc28 - - - - -] syslog_log_facility = LOG_USER log_opt_values /usr/lib/python3/dist-packages/oslo_config/cfg.py:2602
2026-03-23 00:42:37.789 135933 DEBUG oslo_service.service [req-b18ce893-84d7-4573-a0d6-93d818cecc28 - - - - -] tempdir = None log_opt_values /usr/lib/python3/dist-packages/oslo_config/cfg.py:2602
2026-03-23 00:42:37.789 135933 DEBUG oslo_service.service [req-b18ce893-84d7-4573-a0d6-93d818cecc28 - - - - -] timeout_nbd = 10 log_opt_values /usr/lib/python3/dist-packages/oslo_config/cfg.py:2602
2026-03-23 00:42:37.789 135933 DEBUG oslo_service.service [req-b18ce893-84d7-4573-a0d6-93d818cecc28 - - - - -] transport_url = **** log_opt_values /usr/lib/python3/dist-packages/oslo_config/cfg.py:2602
2026-03-23 00:42:37.789 135933 DEBUG oslo_service.service [req-b18ce893-84d7-4573-a0d6-93d818cecc28 - - - - -] update_resources_interval = 0 log_opt_values /usr/lib/python3/dist-packages/oslo_config/cfg.py:2602
2026-03-23 00:42:37.789 135933 DEBUG oslo_service.service [req-b18ce893-84d7-4573-a0d6-93d818cecc28 - - - - -] use_cow_images = True log_opt_values /usr/lib/python3/dist-packages/oslo_config/cfg.py:2602
2026-03-23 00:42:37.790 135933 DEBUG oslo_service.service [req-b18ce893-84d7-4573-a0d6-93d818cecc28 - - - - -] use_eventlog = False log_opt_values /usr/lib/python3/dist-packages/oslo_config/cfg.py:2602
2026-03-23 00:42:37.790 135933 DEBUG oslo_service.service [req-b18ce893-84d7-4573-a0d6-93d818cecc28 - - - - -] use_journal = False log_opt_values /usr/lib/python3/dist-packages/oslo_config/cfg.py:2602
2026-03-23 00:42:37.790 135933 DEBUG oslo_service.service [req-b18ce893-84d7-4573-a0d6-93d818cecc28 - - - - -] use_json = False log_opt_values /usr/lib/python3/dist-packages/oslo_config/cfg.py:2602
2026-03-23 00:42:37.791 135933 DEBUG oslo_service.service [req-b18ce893-84d7-4573-a0d6-93d818cecc28 - - - - -] use_rootwrap_daemon = False log_opt_values /usr/lib/python3/dist-packages/oslo_config/cfg.py:2602
2026-03-23 00:42:37.791 135933 DEBUG oslo_service.service [req-b18ce893-84d7-4573-a0d6-93d818cecc28 - - - - -] use_stderr = False log_opt_values /usr/lib/python3/dist-packages/oslo_config/cfg.py:2602
2026-03-23 00:42:37.792 135933 DEBUG oslo_service.service [req-b18ce893-84d7-4573-a0d6-93d818cecc28 - - - - -] use_syslog = False log_opt_values /usr/lib/python3/dist-packages/oslo_config/cfg.py:2602
2026-03-23 00:42:37.792 135933 DEBUG oslo_service.service [req-b18ce893-84d7-4573-a0d6-93d818cecc28 - - - - -] vcpu_pin_set = None log_opt_values /usr/lib/python3/dist-packages/oslo_config/cfg.py:2602
2026-03-23 00:42:37.792 135933 DEBUG oslo_service.service [req-b18ce893-84d7-4573-a0d6-93d818cecc28 - - - - -] vif_plugging_is_fatal = True log_opt_values /usr/lib/python3/dist-packages/oslo_config/cfg.py:2602
2026-03-23 00:42:37.792 135933 DEBUG oslo_service.service [req-b18ce893-84d7-4573-a0d6-93d818cecc28 - - - - -] vif_plugging_timeout = 300 log_opt_values /usr/lib/python3/dist-packages/oslo_config/cfg.py:2602
2026-03-23 00:42:37.792 135933 DEBUG oslo_service.service [req-b18ce893-84d7-4573-a0d6-93d818cecc28 - - - - -] virt_mkfs = [] log_opt_values /usr/lib/python3/dist-packages/oslo_config/cfg.py:2602
2026-03-23 00:42:37.793 135933 DEBUG oslo_service.service [req-b18ce893-84d7-4573-a0d6-93d818cecc28 - - - - -] volume_usage_poll_interval = 0 log_opt_values /usr/lib/python3/dist-packages/oslo_config/cfg.py:2602
2026-03-23 00:42:37.793 135933 DEBUG oslo_service.service [req-b18ce893-84d7-4573-a0d6-93d818cecc28 - - - - -] watch_log_file = False log_opt_values /usr/lib/python3/dist-packages/oslo_config/cfg.py:2602
2026-03-23 00:42:37.793 137436 DEBUG nova.service [req-a94bbd2a-2daf-47a8-a5de-1e779bd93b4b - - - - -] Creating RPC server for service scheduler start /usr/lib/python3/dist-packages/nova/service.py:182
2026-03-23 00:42:37.793 135933 DEBUG oslo_service.service [req-b18ce893-84d7-4573-a0d6-93d818cecc28 - - - - -] web = /usr/share/spice-html5 log_opt_values /usr/lib/python3/dist-packages/oslo_config/cfg.py:2602
2026-03-23 00:42:37.793 137440 DEBUG nova.service [req-5114a93d-1180-4bf4-a9fc-def0c6095df6 - - - - -] Creating RPC server for service scheduler start /usr/lib/python3/dist-packages/nova/service.py:182
2026-03-23 00:42:37.794 135933 DEBUG oslo_service.service [req-b18ce893-84d7-4573-a0d6-93d818cecc28 - - - - -] oslo_concurrency.disable_process_locking = False log_opt_values /usr/lib/python3/dist-packages/oslo_config/cfg.py:2609
2026-03-23 00:42:37.794 135933 DEBUG oslo_service.service [req-b18ce893-84d7-4573-a0d6-93d818cecc28 - - - - -] oslo_concurrency.lock_path = /var/lock/nova log_opt_values /usr/lib/python3/dist-packages/oslo_config/cfg.py:2609
2026-03-23 00:42:37.794 135933 WARNING oslo_config.cfg [req-b18ce893-84d7-4573-a0d6-93d818cecc28 - - - - -] Deprecated: Option "auth_strategy" from group "api" is deprecated for removal ( The only non-default choice, ``noauth2``, is for internal development and testing purposes only and should not be used in deployments. This option and its middleware, NoAuthMiddleware[V2_18], will be removed in a future release. ). Its value may be silently ignored in the future.
2026-03-23 00:42:37.795 135933 DEBUG oslo_service.service [req-b18ce893-84d7-4573-a0d6-93d818cecc28 - - - - -] api.auth_strategy = keystone log_opt_values /usr/lib/python3/dist-packages/oslo_config/cfg.py:2609
2026-03-23 00:42:37.795 135933 DEBUG oslo_service.service [req-b18ce893-84d7-4573-a0d6-93d818cecc28 - - - - -] api.compute_link_prefix = None log_opt_values /usr/lib/python3/dist-packages/oslo_config/cfg.py:2609
2026-03-23 00:42:37.795 135933 DEBUG oslo_service.service [req-b18ce893-84d7-4573-a0d6-93d818cecc28 - - - - -] api.config_drive_skip_versions = 1.0 2007-01-19 2007-03-01 2007-08-29 2007-10-10 2007-12-15 2008-02-01 2008-09-01 log_opt_values /usr/lib/python3/dist-packages/oslo_config/cfg.py:2609
2026-03-23 00:42:37.795 135933 DEBUG oslo_service.service [req-b18ce893-84d7-4573-a0d6-93d818cecc28 - - - - -] api.dhcp_domain = novalocal log_opt_values /usr/lib/python3/dist-packages/oslo_config/cfg.py:2609
2026-03-23 00:42:37.796 135933 DEBUG oslo_service.service [req-b18ce893-84d7-4573-a0d6-93d818cecc28 - - - - -] api.enable_instance_password = True log_opt_values /usr/lib/python3/dist-packages/oslo_config/cfg.py:2609
2026-03-23 00:42:37.796 135933 DEBUG oslo_service.service [req-b18ce893-84d7-4573-a0d6-93d818cecc28 - - - - -] api.glance_link_prefix = None log_opt_values /usr/lib/python3/dist-packages/oslo_config/cfg.py:2609
2026-03-23 00:42:37.796 135933 DEBUG oslo_service.service [req-b18ce893-84d7-4573-a0d6-93d818cecc28 - - - - -] api.instance_list_cells_batch_fixed_size = 100 log_opt_values /usr/lib/python3/dist-packages/oslo_config/cfg.py:2609
2026-03-23 00:42:37.796 135933 DEBUG oslo_service.service [req-b18ce893-84d7-4573-a0d6-93d818cecc28 - - - - -] api.instance_list_cells_batch_strategy = distributed log_opt_values /usr/lib/python3/dist-packages/oslo_config/cfg.py:2609
2026-03-23 00:42:37.797 135933 DEBUG oslo_service.service [req-b18ce893-84d7-4573-a0d6-93d818cecc28 - - - - -] api.instance_list_per_project_cells = False log_opt_values /usr/lib/python3/dist-packages/oslo_config/cfg.py:2609
2026-03-23 00:42:37.797 135933 DEBUG oslo_service.service [req-b18ce893-84d7-4573-a0d6-93d818cecc28 - - - - -] api.list_records_by_skipping_down_cells = True log_opt_values /usr/lib/python3/dist-packages/oslo_config/cfg.py:2609
2026-03-23 00:42:37.797 135933 DEBUG oslo_service.service [req-b18ce893-84d7-4573-a0d6-93d818cecc28 - - - - -] api.local_metadata_per_cell = False log_opt_values /usr/lib/python3/dist-packages/oslo_config/cfg.py:2609
2026-03-23 00:42:37.797 135933 DEBUG oslo_service.service [req-b18ce893-84d7-4573-a0d6-93d818cecc28 - - - - -] api.max_limit = 1000 log_opt_values /usr/lib/python3/dist-packages/oslo_config/cfg.py:2609
2026-03-23 00:42:37.797 135933 DEBUG oslo_service.service [req-b18ce893-84d7-4573-a0d6-93d818cecc28 - - - - -] api.metadata_cache_expiration = 15 log_opt_values /usr/lib/python3/dist-packages/oslo_config/cfg.py:2609
2026-03-23 00:42:37.797 135933 DEBUG oslo_service.service [req-b18ce893-84d7-4573-a0d6-93d818cecc28 - - - - -] api.neutron_default_tenant_id = default log_opt_values /usr/lib/python3/dist-packages/oslo_config/cfg.py:2609
2026-03-23 00:42:37.798 135933 DEBUG oslo_service.service [req-b18ce893-84d7-4573-a0d6-93d818cecc28 - - - - -] api.use_forwarded_for = False log_opt_values /usr/lib/python3/dist-packages/oslo_config/cfg.py:2609
2026-03-23 00:42:37.798 135933 DEBUG oslo_service.service [req-b18ce893-84d7-4573-a0d6-93d818cecc28 - - - - -] api.use_neutron_default_nets = False log_opt_values /usr/lib/python3/dist-packages/oslo_config/cfg.py:2609
2026-03-23 00:42:37.798 135933 DEBUG oslo_service.service [req-b18ce893-84d7-4573-a0d6-93d818cecc28 - - - - -] api.vendordata_dynamic_connect_timeout = 5 log_opt_values /usr/lib/python3/dist-packages/oslo_config/cfg.py:2609
2026-03-23 00:42:37.798 135933 DEBUG oslo_service.service [req-b18ce893-84d7-4573-a0d6-93d818cecc28 - - - - -] api.vendordata_dynamic_failure_fatal = False log_opt_values /usr/lib/python3/dist-packages/oslo_config/cfg.py:2609
2026-03-23 00:42:37.798 135933 DEBUG oslo_service.service [req-b18ce893-84d7-4573-a0d6-93d818cecc28 - - - - -] api.vendordata_dynamic_read_timeout = 5 log_opt_values /usr/lib/python3/dist-packages/oslo_config/cfg.py:2609
2026-03-23 00:42:37.798 135933 DEBUG oslo_service.service [req-b18ce893-84d7-4573-a0d6-93d818cecc28 - - - - -] api.vendordata_dynamic_ssl_certfile = log_opt_values /usr/lib/python3/dist-packages/oslo_config/cfg.py:2609
2026-03-23 00:42:37.799 135933 DEBUG oslo_service.service [req-b18ce893-84d7-4573-a0d6-93d818cecc28 - - - - -] api.vendordata_dynamic_targets = [] log_opt_values /usr/lib/python3/dist-packages/oslo_config/cfg.py:2609
2026-03-23 00:42:37.799 135933 DEBUG oslo_service.service [req-b18ce893-84d7-4573-a0d6-93d818cecc28 - - - - -] api.vendordata_jsonfile_path = None log_opt_values /usr/lib/python3/dist-packages/oslo_config/cfg.py:2609
2026-03-23 00:42:37.799 135933 DEBUG oslo_service.service [req-b18ce893-84d7-4573-a0d6-93d818cecc28 - - - - -] api.vendordata_providers = ['StaticJSON'] log_opt_values /usr/lib/python3/dist-packages/oslo_config/cfg.py:2609
2026-03-23 00:42:37.799 135933 DEBUG oslo_service.service [req-b18ce893-84d7-4573-a0d6-93d818cecc28 - - - - -] cache.backend = dogpile.cache.null log_opt_values /usr/lib/python3/dist-packages/oslo_config/cfg.py:2609
2026-03-23 00:42:37.799 135933 DEBUG oslo_service.service [req-b18ce893-84d7-4573-a0d6-93d818cecc28 - - - - -] cache.backend_argument = **** log_opt_values /usr/lib/python3/dist-packages/oslo_config/cfg.py:2609
2026-03-23 00:42:37.800 135933 DEBUG oslo_service.service [req-b18ce893-84d7-4573-a0d6-93d818cecc28 - - - - -] cache.config_prefix = cache.oslo log_opt_values /usr/lib/python3/dist-packages/oslo_config/cfg.py:2609
2026-03-23 00:42:37.800 135933 DEBUG oslo_service.service [req-b18ce893-84d7-4573-a0d6-93d818cecc28 - - - - -] cache.debug_cache_backend = False log_opt_values /usr/lib/python3/dist-packages/oslo_config/cfg.py:2609
2026-03-23 00:42:37.800 135933 DEBUG oslo_service.service [req-b18ce893-84d7-4573-a0d6-93d818cecc28 - - - - -] cache.enabled = False log_opt_values /usr/lib/python3/dist-packages/oslo_config/cfg.py:2609
2026-03-23 00:42:37.800 137438 DEBUG nova.service [req-8fc5fccc-1a8f-4bc8-9941-8f93eb55132b - - - - -] Creating RPC server for service scheduler start /usr/lib/python3/dist-packages/nova/service.py:182
2026-03-23 00:42:37.800 135933 DEBUG oslo_service.service [req-b18ce893-84d7-4573-a0d6-93d818cecc28 - - - - -] cache.expiration_time = 600 log_opt_values /usr/lib/python3/dist-packages/oslo_config/cfg.py:2609
2026-03-23 00:42:37.801 135933 DEBUG oslo_service.service [req-b18ce893-84d7-4573-a0d6-93d818cecc28 - - - - -] cache.memcache_dead_retry = 300 log_opt_values /usr/lib/python3/dist-packages/oslo_config/cfg.py:2609
2026-03-23 00:42:37.801 135933 DEBUG oslo_service.service [req-b18ce893-84d7-4573-a0d6-93d818cecc28 - - - - -] cache.memcache_pool_connection_get_timeout = 10 log_opt_values /usr/lib/python3/dist-packages/oslo_config/cfg.py:2609
2026-03-23 00:42:37.801 135933 DEBUG oslo_service.service [req-b18ce893-84d7-4573-a0d6-93d818cecc28 - - - - -] cache.memcache_pool_flush_on_reconnect = False log_opt_values /usr/lib/python3/dist-packages/oslo_config/cfg.py:2609
2026-03-23 00:42:37.801 135933 DEBUG oslo_service.service [req-b18ce893-84d7-4573-a0d6-93d818cecc28 - - - - -] cache.memcache_pool_maxsize = 10 log_opt_values /usr/lib/python3/dist-packages/oslo_config/cfg.py:2609
2026-03-23 00:42:37.801 135933 DEBUG oslo_service.service [req-b18ce893-84d7-4573-a0d6-93d818cecc28 - - - - -] cache.memcache_pool_unused_timeout = 60 log_opt_values /usr/lib/python3/dist-packages/oslo_config/cfg.py:2609
2026-03-23 00:42:37.802 135933 DEBUG oslo_service.service [req-b18ce893-84d7-4573-a0d6-93d818cecc28 - - - - -] cache.memcache_servers = ['localhost:11211'] log_opt_values /usr/lib/python3/dist-packages/oslo_config/cfg.py:2609
2026-03-23 00:42:37.802 135933 DEBUG oslo_service.service [req-b18ce893-84d7-4573-a0d6-93d818cecc28 - - - - -] cache.memcache_socket_timeout = 1.0 log_opt_values /usr/lib/python3/dist-packages/oslo_config/cfg.py:2609
2026-03-23 00:42:37.802 135933 DEBUG oslo_service.service [req-b18ce893-84d7-4573-a0d6-93d818cecc28 - - - - -] cache.proxies = [] log_opt_values /usr/lib/python3/dist-packages/oslo_config/cfg.py:2609
2026-03-23 00:42:37.803 135933 DEBUG oslo_service.service [req-b18ce893-84d7-4573-a0d6-93d818cecc28 - - - - -] cache.tls_allowed_ciphers = None log_opt_values /usr/lib/python3/dist-packages/oslo_config/cfg.py:2609
2026-03-23 00:42:37.803 135933 DEBUG oslo_service.service [req-b18ce893-84d7-4573-a0d6-93d818cecc28 - - - - -] cache.tls_cafile = None log_opt_values /usr/lib/python3/dist-packages/oslo_config/cfg.py:2609
2026-03-23 00:42:37.803 135933 DEBUG oslo_service.service [req-b18ce893-84d7-4573-a0d6-93d818cecc28 - - - - -] cache.tls_certfile = None log_opt_values /usr/lib/python3/dist-packages/oslo_config/cfg.py:2609
2026-03-23 00:42:37.803 135933 DEBUG oslo_service.service [req-b18ce893-84d7-4573-a0d6-93d818cecc28 - - - - -] cache.tls_enabled = False log_opt_values /usr/lib/python3/dist-packages/oslo_config/cfg.py:2609
2026-03-23 00:42:37.803 135933 DEBUG oslo_service.service [req-b18ce893-84d7-4573-a0d6-93d818cecc28 - - - - -] cache.tls_keyfile = None log_opt_values /usr/lib/python3/dist-packages/oslo_config/cfg.py:2609
2026-03-23 00:42:37.804 135933 DEBUG oslo_service.service [req-b18ce893-84d7-4573-a0d6-93d818cecc28 - - - - -] cinder.auth_section = None log_opt_values /usr/lib/python3/dist-packages/oslo_config/cfg.py:2609
2026-03-23 00:42:37.804 135933 DEBUG oslo_service.service [req-b18ce893-84d7-4573-a0d6-93d818cecc28 - - - - -] cinder.auth_type = None log_opt_values /usr/lib/python3/dist-packages/oslo_config/cfg.py:2609
2026-03-23 00:42:37.804 135933 DEBUG oslo_service.service [req-b18ce893-84d7-4573-a0d6-93d818cecc28 - - - - -] cinder.cafile = None log_opt_values /usr/lib/python3/dist-packages/oslo_config/cfg.py:2609
2026-03-23 00:42:37.804 135933 DEBUG oslo_service.service [req-b18ce893-84d7-4573-a0d6-93d818cecc28 - - - - -] cinder.catalog_info = volumev3::publicURL log_opt_values /usr/lib/python3/dist-packages/oslo_config/cfg.py:2609
2026-03-23 00:42:37.805 135933 DEBUG oslo_service.service [req-b18ce893-84d7-4573-a0d6-93d818cecc28 - - - - -] cinder.certfile = None log_opt_values /usr/lib/python3/dist-packages/oslo_config/cfg.py:2609
2026-03-23 00:42:37.805 135933 DEBUG oslo_service.service [req-b18ce893-84d7-4573-a0d6-93d818cecc28 - - - - -] cinder.collect_timing = False log_opt_values /usr/lib/python3/dist-packages/oslo_config/cfg.py:2609
2026-03-23 00:42:37.805 135933 DEBUG oslo_service.service [req-b18ce893-84d7-4573-a0d6-93d818cecc28 - - - - -] cinder.cross_az_attach = True log_opt_values /usr/lib/python3/dist-packages/oslo_config/cfg.py:2609
2026-03-23 00:42:37.806 135933 DEBUG oslo_service.service [req-b18ce893-84d7-4573-a0d6-93d818cecc28 - - - - -] cinder.debug = False log_opt_values /usr/lib/python3/dist-packages/oslo_config/cfg.py:2609
2026-03-23 00:42:37.806 135933 DEBUG oslo_service.service [req-b18ce893-84d7-4573-a0d6-93d818cecc28 - - - - -] cinder.endpoint_template = None log_opt_values /usr/lib/python3/dist-packages/oslo_config/cfg.py:2609
2026-03-23 00:42:37.807 135933 DEBUG oslo_service.service [req-b18ce893-84d7-4573-a0d6-93d818cecc28 - - - - -] cinder.http_retries = 3 log_opt_values /usr/lib/python3/dist-packages/oslo_config/cfg.py:2609
2026-03-23 00:42:37.807 135933 DEBUG oslo_service.service [req-b18ce893-84d7-4573-a0d6-93d818cecc28 - - - - -] cinder.insecure = False log_opt_values /usr/lib/python3/dist-packages/oslo_config/cfg.py:2609
2026-03-23 00:42:37.807 135933 DEBUG oslo_service.service [req-b18ce893-84d7-4573-a0d6-93d818cecc28 - - - - -] cinder.keyfile = None log_opt_values /usr/lib/python3/dist-packages/oslo_config/cfg.py:2609
2026-03-23 00:42:37.807 135933 DEBUG oslo_service.service [req-b18ce893-84d7-4573-a0d6-93d818cecc28 - - - - -] cinder.os_region_name = None log_opt_values /usr/lib/python3/dist-packages/oslo_config/cfg.py:2609
2026-03-23 00:42:37.808 135933 DEBUG oslo_service.service [req-b18ce893-84d7-4573-a0d6-93d818cecc28 - - - - -] cinder.split_loggers = False log_opt_values /usr/lib/python3/dist-packages/oslo_config/cfg.py:2609
2026-03-23 00:42:37.808 135933 DEBUG oslo_service.service [req-b18ce893-84d7-4573-a0d6-93d818cecc28 - - - - -] cinder.timeout = None log_opt_values /usr/lib/python3/dist-packages/oslo_config/cfg.py:2609
2026-03-23 00:42:37.808 135933 DEBUG oslo_service.service [req-b18ce893-84d7-4573-a0d6-93d818cecc28 - - - - -] compute.consecutive_build_service_disable_threshold = 10 log_opt_values /usr/lib/python3/dist-packages/oslo_config/cfg.py:2609
2026-03-23 00:42:37.808 135933 DEBUG oslo_service.service [req-b18ce893-84d7-4573-a0d6-93d818cecc28 - - - - -] compute.cpu_dedicated_set = None log_opt_values /usr/lib/python3/dist-packages/oslo_config/cfg.py:2609
2026-03-23 00:42:37.809 135933 DEBUG oslo_service.service [req-b18ce893-84d7-4573-a0d6-93d818cecc28 - - - - -] compute.cpu_shared_set = None log_opt_values /usr/lib/python3/dist-packages/oslo_config/cfg.py:2609
2026-03-23 00:42:37.809 135933 DEBUG oslo_service.service [req-b18ce893-84d7-4573-a0d6-93d818cecc28 - - - - -] compute.image_type_exclude_list = [] log_opt_values /usr/lib/python3/dist-packages/oslo_config/cfg.py:2609
2026-03-23 00:42:37.809 135933 DEBUG oslo_service.service [req-b18ce893-84d7-4573-a0d6-93d818cecc28 - - - - -] compute.live_migration_wait_for_vif_plug = True log_opt_values /usr/lib/python3/dist-packages/oslo_config/cfg.py:2609
2026-03-23 00:42:37.809 135933 DEBUG oslo_service.service [req-b18ce893-84d7-4573-a0d6-93d818cecc28 - - - - -] compute.max_concurrent_disk_ops = 0 log_opt_values /usr/lib/python3/dist-packages/oslo_config/cfg.py:2609
2026-03-23 00:42:37.809 135933 DEBUG oslo_service.service [req-b18ce893-84d7-4573-a0d6-93d818cecc28 - - - - -] compute.max_disk_devices_to_attach = -1 log_opt_values /usr/lib/python3/dist-packages/oslo_config/cfg.py:2609
2026-03-23 00:42:37.810 135933 DEBUG oslo_service.service [req-b18ce893-84d7-4573-a0d6-93d818cecc28 - - - - -] compute.packing_host_numa_cells_allocation_strategy = True log_opt_values /usr/lib/python3/dist-packages/oslo_config/cfg.py:2609
2026-03-23 00:42:37.810 135933 DEBUG oslo_service.service [req-b18ce893-84d7-4573-a0d6-93d818cecc28 - - - - -] compute.provider_config_location = /etc/nova/provider_config/ log_opt_values /usr/lib/python3/dist-packages/oslo_config/cfg.py:2609
2026-03-23 00:42:37.810 135933 DEBUG oslo_service.service [req-b18ce893-84d7-4573-a0d6-93d818cecc28 - - - - -] compute.resource_provider_association_refresh = 300 log_opt_values /usr/lib/python3/dist-packages/oslo_config/cfg.py:2609
2026-03-23 00:42:37.810 135933 DEBUG oslo_service.service [req-b18ce893-84d7-4573-a0d6-93d818cecc28 - - - - -] compute.shutdown_retry_interval = 10 log_opt_values /usr/lib/python3/dist-packages/oslo_config/cfg.py:2609
2026-03-23 00:42:37.811 135933 DEBUG oslo_service.service [req-b18ce893-84d7-4573-a0d6-93d818cecc28 - - - - -] compute.vmdk_allowed_types = ['streamOptimized', 'monolithicSparse'] log_opt_values /usr/lib/python3/dist-packages/oslo_config/cfg.py:2609
2026-03-23 00:42:37.811 135933 DEBUG oslo_service.service [req-b18ce893-84d7-4573-a0d6-93d818cecc28 - - - - -] conductor.workers = 4 log_opt_values /usr/lib/python3/dist-packages/oslo_config/cfg.py:2609
2026-03-23 00:42:37.811 135933 DEBUG oslo_service.service [req-b18ce893-84d7-4573-a0d6-93d818cecc28 - - - - -] console.allowed_origins = [] log_opt_values /usr/lib/python3/dist-packages/oslo_config/cfg.py:2609
2026-03-23 00:42:37.811 135933 DEBUG oslo_service.service [req-b18ce893-84d7-4573-a0d6-93d818cecc28 - - - - -] console.ssl_ciphers = None log_opt_values /usr/lib/python3/dist-packages/oslo_config/cfg.py:2609
2026-03-23 00:42:37.812 135933 DEBUG oslo_service.service [req-b18ce893-84d7-4573-a0d6-93d818cecc28 - - - - -] console.ssl_minimum_version = default log_opt_values /usr/lib/python3/dist-packages/oslo_config/cfg.py:2609
2026-03-23 00:42:37.812 135933 DEBUG oslo_service.service [req-b18ce893-84d7-4573-a0d6-93d818cecc28 - - - - -] consoleauth.token_ttl = 600 log_opt_values /usr/lib/python3/dist-packages/oslo_config/cfg.py:2609
2026-03-23 00:42:37.812 135933 DEBUG oslo_service.service [req-b18ce893-84d7-4573-a0d6-93d818cecc28 - - - - -] cyborg.cafile = None log_opt_values /usr/lib/python3/dist-packages/oslo_config/cfg.py:2609
2026-03-23 00:42:37.813 135933 DEBUG oslo_service.service [req-b18ce893-84d7-4573-a0d6-93d818cecc28 - - - - -] cyborg.certfile = None log_opt_values /usr/lib/python3/dist-packages/oslo_config/cfg.py:2609
2026-03-23 00:42:37.813 135933 DEBUG oslo_service.service [req-b18ce893-84d7-4573-a0d6-93d818cecc28 - - - - -] cyborg.collect_timing = False log_opt_values /usr/lib/python3/dist-packages/oslo_config/cfg.py:2609
2026-03-23 00:42:37.813 135933 DEBUG oslo_service.service [req-b18ce893-84d7-4573-a0d6-93d818cecc28 - - - - -] cyborg.connect_retries = None log_opt_values /usr/lib/python3/dist-packages/oslo_config/cfg.py:2609
2026-03-23 00:42:37.813 135933 DEBUG oslo_service.service [req-b18ce893-84d7-4573-a0d6-93d818cecc28 - - - - -] cyborg.connect_retry_delay = None log_opt_values /usr/lib/python3/dist-packages/oslo_config/cfg.py:2609
2026-03-23 00:42:37.814 135933 DEBUG oslo_service.service [req-b18ce893-84d7-4573-a0d6-93d818cecc28 - - - - -] cyborg.endpoint_override = None log_opt_values /usr/lib/python3/dist-packages/oslo_config/cfg.py:2609
2026-03-23 00:42:37.814 135933 DEBUG oslo_service.service [req-b18ce893-84d7-4573-a0d6-93d818cecc28 - - - - -] cyborg.insecure = False log_opt_values /usr/lib/python3/dist-packages/oslo_config/cfg.py:2609
2026-03-23 00:42:37.814 135933 DEBUG oslo_service.service [req-b18ce893-84d7-4573-a0d6-93d818cecc28 - - - - -] cyborg.keyfile = None log_opt_values /usr/lib/python3/dist-packages/oslo_config/cfg.py:2609
2026-03-23 00:42:37.814 135933 DEBUG oslo_service.service [req-b18ce893-84d7-4573-a0d6-93d818cecc28 - - - - -] cyborg.max_version = None log_opt_values /usr/lib/python3/dist-packages/oslo_config/cfg.py:2609
2026-03-23 00:42:37.815 135933 DEBUG oslo_service.service [req-b18ce893-84d7-4573-a0d6-93d818cecc28 - - - - -] cyborg.min_version = None log_opt_values /usr/lib/python3/dist-packages/oslo_config/cfg.py:2609
2026-03-23 00:42:37.815 135933 DEBUG oslo_service.service [req-b18ce893-84d7-4573-a0d6-93d818cecc28 - - - - -] cyborg.region_name = None log_opt_values /usr/lib/python3/dist-packages/oslo_config/cfg.py:2609
2026-03-23 00:42:37.815 135933 DEBUG oslo_service.service [req-b18ce893-84d7-4573-a0d6-93d818cecc28 - - - - -] cyborg.service_name = None log_opt_values /usr/lib/python3/dist-packages/oslo_config/cfg.py:2609
2026-03-23 00:42:37.815 135933 DEBUG oslo_service.service [req-b18ce893-84d7-4573-a0d6-93d818cecc28 - - - - -] cyborg.service_type = accelerator log_opt_values /usr/lib/python3/dist-packages/oslo_config/cfg.py:2609
2026-03-23 00:42:37.816 135933 DEBUG oslo_service.service [req-b18ce893-84d7-4573-a0d6-93d818cecc28 - - - - -] cyborg.split_loggers = False log_opt_values /usr/lib/python3/dist-packages/oslo_config/cfg.py:2609
2026-03-23 00:42:37.816 135933 DEBUG oslo_service.service [req-b18ce893-84d7-4573-a0d6-93d818cecc28 - - - - -] cyborg.status_code_retries = None log_opt_values /usr/lib/python3/dist-packages/oslo_config/cfg.py:2609
2026-03-23 00:42:37.817 135933 DEBUG oslo_service.service [req-b18ce893-84d7-4573-a0d6-93d818cecc28 - - - - -] cyborg.status_code_retry_delay = None log_opt_values /usr/lib/python3/dist-packages/oslo_config/cfg.py:2609
2026-03-23 00:42:37.817 135933 DEBUG oslo_service.service [req-b18ce893-84d7-4573-a0d6-93d818cecc28 - - - - -] cyborg.timeout = None log_opt_values /usr/lib/python3/dist-packages/oslo_config/cfg.py:2609
2026-03-23 00:42:37.817 135933 DEBUG oslo_service.service [req-b18ce893-84d7-4573-a0d6-93d818cecc28 - - - - -] cyborg.valid_interfaces = ['internal', 'public'] log_opt_values /usr/lib/python3/dist-packages/oslo_config/cfg.py:2609
2026-03-23 00:42:37.817 135933 DEBUG oslo_service.service [req-b18ce893-84d7-4573-a0d6-93d818cecc28 - - - - -] cyborg.version = None log_opt_values /usr/lib/python3/dist-packages/oslo_config/cfg.py:2609
2026-03-23 00:42:37.818 135933 DEBUG oslo_service.service [req-b18ce893-84d7-4573-a0d6-93d818cecc28 - - - - -] database.backend = sqlalchemy log_opt_values /usr/lib/python3/dist-packages/oslo_config/cfg.py:2609
2026-03-23 00:42:37.818 135933 DEBUG oslo_service.service [req-b18ce893-84d7-4573-a0d6-93d818cecc28 - - - - -] database.connection = **** log_opt_values /usr/lib/python3/dist-packages/oslo_config/cfg.py:2609
2026-03-23 00:42:37.818 135933 DEBUG oslo_service.service [req-b18ce893-84d7-4573-a0d6-93d818cecc28 - - - - -] database.connection_debug = 0 log_opt_values /usr/lib/python3/dist-packages/oslo_config/cfg.py:2609
2026-03-23 00:42:37.819 135933 DEBUG oslo_service.service [req-b18ce893-84d7-4573-a0d6-93d818cecc28 - - - - -] database.connection_parameters = log_opt_values /usr/lib/python3/dist-packages/oslo_config/cfg.py:2609
2026-03-23 00:42:37.819 135933 DEBUG oslo_service.service [req-b18ce893-84d7-4573-a0d6-93d818cecc28 - - - - -] database.connection_recycle_time = 3600 log_opt_values /usr/lib/python3/dist-packages/oslo_config/cfg.py:2609
2026-03-23 00:42:37.819 135933 DEBUG oslo_service.service [req-b18ce893-84d7-4573-a0d6-93d818cecc28 - - - - -] database.connection_trace = False log_opt_values /usr/lib/python3/dist-packages/oslo_config/cfg.py:2609
2026-03-23 00:42:37.819 135933 DEBUG oslo_service.service [req-b18ce893-84d7-4573-a0d6-93d818cecc28 - - - - -] database.db_inc_retry_interval = True log_opt_values /usr/lib/python3/dist-packages/oslo_config/cfg.py:2609
2026-03-23 00:42:37.819 135933 DEBUG oslo_service.service [req-b18ce893-84d7-4573-a0d6-93d818cecc28 - - - - -] database.db_max_retries = 20 log_opt_values /usr/lib/python3/dist-packages/oslo_config/cfg.py:2609
2026-03-23 00:42:37.820 135933 DEBUG oslo_service.service [req-b18ce893-84d7-4573-a0d6-93d818cecc28 - - - - -] database.db_max_retry_interval = 10 log_opt_values /usr/lib/python3/dist-packages/oslo_config/cfg.py:2609
2026-03-23 00:42:37.820 135933 DEBUG oslo_service.service [req-b18ce893-84d7-4573-a0d6-93d818cecc28 - - - - -] database.db_retry_interval = 1 log_opt_values /usr/lib/python3/dist-packages/oslo_config/cfg.py:2609
2026-03-23 00:42:37.820 135933 DEBUG oslo_service.service [req-b18ce893-84d7-4573-a0d6-93d818cecc28 - - - - -] database.max_overflow = 50 log_opt_values /usr/lib/python3/dist-packages/oslo_config/cfg.py:2609
2026-03-23 00:42:37.820 135933 DEBUG oslo_service.service [req-b18ce893-84d7-4573-a0d6-93d818cecc28 - - - - -] database.max_pool_size = 4 log_opt_values /usr/lib/python3/dist-packages/oslo_config/cfg.py:2609
2026-03-23 00:42:37.821 135933 DEBUG oslo_service.service [req-b18ce893-84d7-4573-a0d6-93d818cecc28 - - - - -] database.max_retries = 10 log_opt_values /usr/lib/python3/dist-packages/oslo_config/cfg.py:2609
2026-03-23 00:42:37.821 135933 DEBUG oslo_service.service [req-b18ce893-84d7-4573-a0d6-93d818cecc28 - - - - -] database.mysql_enable_ndb = False log_opt_values /usr/lib/python3/dist-packages/oslo_config/cfg.py:2609
2026-03-23 00:42:37.821 135933 DEBUG oslo_service.service [req-b18ce893-84d7-4573-a0d6-93d818cecc28 - - - - -] database.mysql_sql_mode = TRADITIONAL log_opt_values /usr/lib/python3/dist-packages/oslo_config/cfg.py:2609
2026-03-23 00:42:37.821 135933 DEBUG oslo_service.service [req-b18ce893-84d7-4573-a0d6-93d818cecc28 - - - - -] database.pool_timeout = None log_opt_values /usr/lib/python3/dist-packages/oslo_config/cfg.py:2609
2026-03-23 00:42:37.822 135933 DEBUG oslo_service.service [req-b18ce893-84d7-4573-a0d6-93d818cecc28 - - - - -] database.retry_interval = 10 log_opt_values /usr/lib/python3/dist-packages/oslo_config/cfg.py:2609
2026-03-23 00:42:37.822 135933 DEBUG oslo_service.service [req-b18ce893-84d7-4573-a0d6-93d818cecc28 - - - - -] database.slave_connection = **** log_opt_values /usr/lib/python3/dist-packages/oslo_config/cfg.py:2609
2026-03-23 00:42:37.822 135933 DEBUG oslo_service.service [req-b18ce893-84d7-4573-a0d6-93d818cecc28 - - - - -] database.sqlite_synchronous = True log_opt_values /usr/lib/python3/dist-packages/oslo_config/cfg.py:2609
2026-03-23 00:42:37.823 135933 DEBUG oslo_service.service [req-b18ce893-84d7-4573-a0d6-93d818cecc28 - - - - -] database.use_db_reconnect = False log_opt_values /usr/lib/python3/dist-packages/oslo_config/cfg.py:2609
2026-03-23 00:42:37.823 135933 DEBUG oslo_service.service [req-b18ce893-84d7-4573-a0d6-93d818cecc28 - - - - -] api_database.backend = sqlalchemy log_opt_values /usr/lib/python3/dist-packages/oslo_config/cfg.py:2609
2026-03-23 00:42:37.823 135933 DEBUG oslo_service.service [req-b18ce893-84d7-4573-a0d6-93d818cecc28 - - - - -] api_database.connection = **** log_opt_values /usr/lib/python3/dist-packages/oslo_config/cfg.py:2609
2026-03-23 00:42:37.823 135933 DEBUG oslo_service.service [req-b18ce893-84d7-4573-a0d6-93d818cecc28 - - - - -] api_database.connection_debug = 0 log_opt_values /usr/lib/python3/dist-packages/oslo_config/cfg.py:2609
2026-03-23 00:42:37.823 135933 DEBUG oslo_service.service [req-b18ce893-84d7-4573-a0d6-93d818cecc28 - - - - -] api_database.connection_parameters = log_opt_values /usr/lib/python3/dist-packages/oslo_config/cfg.py:2609
2026-03-23 00:42:37.824 135933 DEBUG oslo_service.service [req-b18ce893-84d7-4573-a0d6-93d818cecc28 - - - - -] api_database.connection_recycle_time = 3600 log_opt_values /usr/lib/python3/dist-packages/oslo_config/cfg.py:2609
2026-03-23 00:42:37.824 135933 DEBUG oslo_service.service [req-b18ce893-84d7-4573-a0d6-93d818cecc28 - - - - -] api_database.connection_trace = False log_opt_values /usr/lib/python3/dist-packages/oslo_config/cfg.py:2609
2026-03-23 00:42:37.824 135933 DEBUG oslo_service.service [req-b18ce893-84d7-4573-a0d6-93d818cecc28 - - - - -] api_database.db_inc_retry_interval = True log_opt_values /usr/lib/python3/dist-packages/oslo_config/cfg.py:2609
2026-03-23 00:42:37.824 135933 DEBUG oslo_service.service [req-b18ce893-84d7-4573-a0d6-93d818cecc28 - - - - -] api_database.db_max_retries = 20 log_opt_values /usr/lib/python3/dist-packages/oslo_config/cfg.py:2609
2026-03-23 00:42:37.824 135933 DEBUG oslo_service.service [req-b18ce893-84d7-4573-a0d6-93d818cecc28 - - - - -] api_database.db_max_retry_interval = 10 log_opt_values /usr/lib/python3/dist-packages/oslo_config/cfg.py:2609
2026-03-23 00:42:37.825 135933 DEBUG oslo_service.service [req-b18ce893-84d7-4573-a0d6-93d818cecc28 - - - - -] api_database.db_retry_interval = 1 log_opt_values /usr/lib/python3/dist-packages/oslo_config/cfg.py:2609
2026-03-23 00:42:37.825 135933 DEBUG oslo_service.service [req-b18ce893-84d7-4573-a0d6-93d818cecc28 - - - - -] api_database.max_overflow = 50 log_opt_values /usr/lib/python3/dist-packages/oslo_config/cfg.py:2609
2026-03-23 00:42:37.825 135933 DEBUG oslo_service.service [req-b18ce893-84d7-4573-a0d6-93d818cecc28 - - - - -] api_database.max_pool_size = 4 log_opt_values /usr/lib/python3/dist-packages/oslo_config/cfg.py:2609
2026-03-23 00:42:37.825 135933 DEBUG oslo_service.service [req-b18ce893-84d7-4573-a0d6-93d818cecc28 - - - - -] api_database.max_retries = 10 log_opt_values /usr/lib/python3/dist-packages/oslo_config/cfg.py:2609
2026-03-23 00:42:37.825 135933 DEBUG oslo_service.service [req-b18ce893-84d7-4573-a0d6-93d818cecc28 - - - - -] api_database.mysql_enable_ndb = False log_opt_values /usr/lib/python3/dist-packages/oslo_config/cfg.py:2609
2026-03-23 00:42:37.826 135933 DEBUG oslo_service.service [req-b18ce893-84d7-4573-a0d6-93d818cecc28 - - - - -] api_database.mysql_sql_mode = TRADITIONAL log_opt_values /usr/lib/python3/dist-packages/oslo_config/cfg.py:2609
2026-03-23 00:42:37.826 135933 DEBUG oslo_service.service [req-b18ce893-84d7-4573-a0d6-93d818cecc28 - - - - -] api_database.pool_timeout = None log_opt_values /usr/lib/python3/dist-packages/oslo_config/cfg.py:2609
2026-03-23 00:42:37.826 135933 DEBUG oslo_service.service [req-b18ce893-84d7-4573-a0d6-93d818cecc28 - - - - -] api_database.retry_interval = 10 log_opt_values /usr/lib/python3/dist-packages/oslo_config/cfg.py:2609
2026-03-23 00:42:37.827 135933 DEBUG oslo_service.service [req-b18ce893-84d7-4573-a0d6-93d818cecc28 - - - - -] api_database.slave_connection = **** log_opt_values /usr/lib/python3/dist-packages/oslo_config/cfg.py:2609
2026-03-23 00:42:37.827 135933 DEBUG oslo_service.service [req-b18ce893-84d7-4573-a0d6-93d818cecc28 - - - - -] api_database.sqlite_synchronous = True log_opt_values /usr/lib/python3/dist-packages/oslo_config/cfg.py:2609
2026-03-23 00:42:37.827 135933 DEBUG oslo_service.service [req-b18ce893-84d7-4573-a0d6-93d818cecc28 - - - - -] devices.enabled_mdev_types = [] log_opt_values /usr/lib/python3/dist-packages/oslo_config/cfg.py:2609
2026-03-23 00:42:37.827 135933 DEBUG oslo_service.service [req-b18ce893-84d7-4573-a0d6-93d818cecc28 - - - - -] ephemeral_storage_encryption.cipher = aes-xts-plain64 log_opt_values /usr/lib/python3/dist-packages/oslo_config/cfg.py:2609
2026-03-23 00:42:37.828 135933 DEBUG oslo_service.service [req-b18ce893-84d7-4573-a0d6-93d818cecc28 - - - - -] ephemeral_storage_encryption.enabled = False log_opt_values /usr/lib/python3/dist-packages/oslo_config/cfg.py:2609
2026-03-23 00:42:37.828 135933 DEBUG oslo_service.service [req-b18ce893-84d7-4573-a0d6-93d818cecc28 - - - - -] ephemeral_storage_encryption.key_size = 512 log_opt_values /usr/lib/python3/dist-packages/oslo_config/cfg.py:2609
2026-03-23 00:42:37.828 135933 WARNING oslo_config.cfg [req-b18ce893-84d7-4573-a0d6-93d818cecc28 - - - - -] Deprecated: Option "api_servers" from group "glance" is deprecated for removal ( Support for image service configuration via standard keystoneauth1 Adapter options was added in the 17.0.0 Queens release. The api_servers option was retained temporarily to allow consumers time to cut over to a real load balancing solution. ). Its value may be silently ignored in the future.
2026-03-23 00:42:37.828 135933 DEBUG oslo_service.service [req-b18ce893-84d7-4573-a0d6-93d818cecc28 - - - - -] glance.api_servers = ['http://252.129.19.5:9292'] log_opt_values /usr/lib/python3/dist-packages/oslo_config/cfg.py:2609
2026-03-23 00:42:37.828 137436 DEBUG oslo_messaging._drivers.amqpdriver [-] Listener is running poll /usr/lib/python3/dist-packages/oslo_messaging/_drivers/amqpdriver.py:343
2026-03-23 00:42:37.829 135933 DEBUG oslo_service.service [req-b18ce893-84d7-4573-a0d6-93d818cecc28 - - - - -] glance.cafile = None log_opt_values /usr/lib/python3/dist-packages/oslo_config/cfg.py:2609
2026-03-23 00:42:37.829 137436 DEBUG oslo_messaging._drivers.amqpdriver [-] AMQPListener connection consume poll /usr/lib/python3/dist-packages/oslo_messaging/_drivers/amqpdriver.py:357
2026-03-23 00:42:37.829 135933 DEBUG oslo_service.service [req-b18ce893-84d7-4573-a0d6-93d818cecc28 - - - - -] glance.certfile = None log_opt_values /usr/lib/python3/dist-packages/oslo_config/cfg.py:2609
2026-03-23 00:42:37.829 135933 DEBUG oslo_service.service [req-b18ce893-84d7-4573-a0d6-93d818cecc28 - - - - -] glance.collect_timing = False log_opt_values /usr/lib/python3/dist-packages/oslo_config/cfg.py:2609
2026-03-23 00:42:37.829 135933 DEBUG oslo_service.service [req-b18ce893-84d7-4573-a0d6-93d818cecc28 - - - - -] glance.connect_retries = None log_opt_values /usr/lib/python3/dist-packages/oslo_config/cfg.py:2609
2026-03-23 00:42:37.830 135933 DEBUG oslo_service.service [req-b18ce893-84d7-4573-a0d6-93d818cecc28 - - - - -] glance.connect_retry_delay = None log_opt_values /usr/lib/python3/dist-packages/oslo_config/cfg.py:2609
2026-03-23 00:42:37.830 135933 DEBUG oslo_service.service [req-b18ce893-84d7-4573-a0d6-93d818cecc28 - - - - -] glance.debug = False log_opt_values /usr/lib/python3/dist-packages/oslo_config/cfg.py:2609
2026-03-23 00:42:37.830 135933 DEBUG oslo_service.service [req-b18ce893-84d7-4573-a0d6-93d818cecc28 - - - - -] glance.default_trusted_certificate_ids = [] log_opt_values /usr/lib/python3/dist-packages/oslo_config/cfg.py:2609
2026-03-23 00:42:37.830 135933 DEBUG oslo_service.service [req-b18ce893-84d7-4573-a0d6-93d818cecc28 - - - - -] glance.enable_certificate_validation = False log_opt_values /usr/lib/python3/dist-packages/oslo_config/cfg.py:2609
2026-03-23 00:42:37.830 135933 DEBUG oslo_service.service [req-b18ce893-84d7-4573-a0d6-93d818cecc28 - - - - -] glance.enable_rbd_download = False log_opt_values /usr/lib/python3/dist-packages/oslo_config/cfg.py:2609
2026-03-23 00:42:37.831 135933 DEBUG oslo_service.service [req-b18ce893-84d7-4573-a0d6-93d818cecc28 - - - - -] glance.endpoint_override = None log_opt_values /usr/lib/python3/dist-packages/oslo_config/cfg.py:2609
2026-03-23 00:42:37.831 135933 DEBUG oslo_service.service [req-b18ce893-84d7-4573-a0d6-93d818cecc28 - - - - -] glance.insecure = False log_opt_values /usr/lib/python3/dist-packages/oslo_config/cfg.py:2609
2026-03-23 00:42:37.831 135933 DEBUG oslo_service.service [req-b18ce893-84d7-4573-a0d6-93d818cecc28 - - - - -] glance.keyfile = None log_opt_values /usr/lib/python3/dist-packages/oslo_config/cfg.py:2609
2026-03-23 00:42:37.831 135933 DEBUG oslo_service.service [req-b18ce893-84d7-4573-a0d6-93d818cecc28 - - - - -] glance.max_version = None log_opt_values /usr/lib/python3/dist-packages/oslo_config/cfg.py:2609
2026-03-23 00:42:37.832 135933 DEBUG oslo_service.service [req-b18ce893-84d7-4573-a0d6-93d818cecc28 - - - - -] glance.min_version = None log_opt_values /usr/lib/python3/dist-packages/oslo_config/cfg.py:2609
2026-03-23 00:42:37.832 135933 DEBUG oslo_service.service [req-b18ce893-84d7-4573-a0d6-93d818cecc28 - - - - -] glance.num_retries = 3 log_opt_values /usr/lib/python3/dist-packages/oslo_config/cfg.py:2609
2026-03-23 00:42:37.834 137436 DEBUG nova.service [req-a94bbd2a-2daf-47a8-a5de-1e779bd93b4b - - - - -] Join ServiceGroup membership for this service scheduler start /usr/lib/python3/dist-packages/nova/service.py:199
2026-03-23 00:42:37.831 137440 DEBUG oslo_messaging._drivers.amqpdriver [-] Listener is running poll /usr/lib/python3/dist-packages/oslo_messaging/_drivers/amqpdriver.py:343
2026-03-23 00:42:37.835 137440 DEBUG oslo_messaging._drivers.amqpdriver [-] AMQPListener connection consume poll /usr/lib/python3/dist-packages/oslo_messaging/_drivers/amqpdriver.py:357
2026-03-23 00:42:37.833 135933 DEBUG oslo_service.service [req-b18ce893-84d7-4573-a0d6-93d818cecc28 - - - - -] glance.rbd_ceph_conf = log_opt_values /usr/lib/python3/dist-packages/oslo_config/cfg.py:2609
2026-03-23 00:42:37.835 135933 DEBUG oslo_service.service [req-b18ce893-84d7-4573-a0d6-93d818cecc28 - - - - -] glance.rbd_connect_timeout = 5 log_opt_values /usr/lib/python3/dist-packages/oslo_config/cfg.py:2609
2026-03-23 00:42:37.835 137440 DEBUG nova.service [req-5114a93d-1180-4bf4-a9fc-def0c6095df6 - - - - -] Join ServiceGroup membership for this service scheduler start /usr/lib/python3/dist-packages/nova/service.py:199
2026-03-23 00:42:37.836 135933 DEBUG oslo_service.service [req-b18ce893-84d7-4573-a0d6-93d818cecc28 - - - - -] glance.rbd_pool = log_opt_values /usr/lib/python3/dist-packages/oslo_config/cfg.py:2609
2026-03-23 00:42:37.836 137440 DEBUG nova.servicegroup.drivers.db [req-5114a93d-1180-4bf4-a9fc-def0c6095df6 - - - - -] DB_Driver: join new ServiceGroup member juju-06139d-0-lxd-7 to the scheduler group, service = join /usr/lib/python3/dist-packages/nova/servicegroup/drivers/db.py:44
2026-03-23 00:42:37.835 137436 DEBUG nova.servicegroup.drivers.db [req-a94bbd2a-2daf-47a8-a5de-1e779bd93b4b - - - - -] DB_Driver: join new ServiceGroup member juju-06139d-0-lxd-7 to the scheduler group, service = join /usr/lib/python3/dist-packages/nova/servicegroup/drivers/db.py:44
2026-03-23 00:42:37.837 135933 DEBUG oslo_service.service [req-b18ce893-84d7-4573-a0d6-93d818cecc28 - - - - -] glance.rbd_user = log_opt_values /usr/lib/python3/dist-packages/oslo_config/cfg.py:2609
2026-03-23 00:42:37.837 135933 DEBUG oslo_service.service [req-b18ce893-84d7-4573-a0d6-93d818cecc28 - - - - -] glance.region_name = None log_opt_values /usr/lib/python3/dist-packages/oslo_config/cfg.py:2609
2026-03-23 00:42:37.838 135933 DEBUG oslo_service.service [req-b18ce893-84d7-4573-a0d6-93d818cecc28 - - - - -] glance.service_name = None log_opt_values /usr/lib/python3/dist-packages/oslo_config/cfg.py:2609
2026-03-23 00:42:37.838 137438 DEBUG oslo_messaging._drivers.amqpdriver [-] Listener is running poll /usr/lib/python3/dist-packages/oslo_messaging/_drivers/amqpdriver.py:343
2026-03-23 00:42:37.838 137439 DEBUG oslo_messaging._drivers.amqpdriver [-] Listener is running poll /usr/lib/python3/dist-packages/oslo_messaging/_drivers/amqpdriver.py:343
2026-03-23 00:42:37.838 135933 DEBUG oslo_service.service [req-b18ce893-84d7-4573-a0d6-93d818cecc28 - - - - -] glance.service_type = image log_opt_values /usr/lib/python3/dist-packages/oslo_config/cfg.py:2609
2026-03-23 00:42:37.839 137439 DEBUG oslo_messaging._drivers.amqpdriver [-] AMQPListener connection consume poll /usr/lib/python3/dist-packages/oslo_messaging/_drivers/amqpdriver.py:357
2026-03-23 00:42:37.839 135933 DEBUG oslo_service.service [req-b18ce893-84d7-4573-a0d6-93d818cecc28 - - - - -] glance.split_loggers = False log_opt_values /usr/lib/python3/dist-packages/oslo_config/cfg.py:2609
2026-03-23 00:42:37.839 137438 DEBUG oslo_messaging._drivers.amqpdriver [-] AMQPListener connection consume poll /usr/lib/python3/dist-packages/oslo_messaging/_drivers/amqpdriver.py:357
2026-03-23 00:42:37.839 135933 DEBUG oslo_service.service [req-b18ce893-84d7-4573-a0d6-93d818cecc28 - - - - -] glance.status_code_retries = None log_opt_values /usr/lib/python3/dist-packages/oslo_config/cfg.py:2609
2026-03-23 00:42:37.839 137436 DEBUG oslo_messaging._drivers.amqpdriver [-] AMQPListener connection timeout poll /usr/lib/python3/dist-packages/oslo_messaging/_drivers/amqpdriver.py:360
2026-03-23 00:42:37.839 137436 DEBUG oslo_messaging._drivers.amqpdriver [-] Listener is running poll /usr/lib/python3/dist-packages/oslo_messaging/_drivers/amqpdriver.py:343
2026-03-23 00:42:37.839 135933 DEBUG oslo_service.service [req-b18ce893-84d7-4573-a0d6-93d818cecc28 - - - - -] glance.status_code_retry_delay = None log_opt_values /usr/lib/python3/dist-packages/oslo_config/cfg.py:2609
2026-03-23 00:42:37.839 137436 DEBUG oslo_messaging._drivers.amqpdriver [-] AMQPListener connection consume poll /usr/lib/python3/dist-packages/oslo_messaging/_drivers/amqpdriver.py:357
2026-03-23 00:42:37.839 137439 DEBUG nova.service [req-ee8ec47a-3e56-4f24-b5d9-e5a8372db136 - - - - -] Join ServiceGroup membership for this service scheduler start /usr/lib/python3/dist-packages/nova/service.py:199
2026-03-23 00:42:37.839 135933 DEBUG oslo_service.service [req-b18ce893-84d7-4573-a0d6-93d818cecc28 - - - - -] glance.timeout = None log_opt_values /usr/lib/python3/dist-packages/oslo_config/cfg.py:2609
2026-03-23 00:42:37.839 137439 DEBUG nova.servicegroup.drivers.db [req-ee8ec47a-3e56-4f24-b5d9-e5a8372db136 - - - - -] DB_Driver: join new ServiceGroup member juju-06139d-0-lxd-7 to the scheduler group, service = join /usr/lib/python3/dist-packages/nova/servicegroup/drivers/db.py:44
2026-03-23 00:42:37.839 137438 DEBUG nova.service [req-8fc5fccc-1a8f-4bc8-9941-8f93eb55132b - - - - -] Join ServiceGroup membership for this service scheduler start /usr/lib/python3/dist-packages/nova/service.py:199
2026-03-23 00:42:37.840 135933 DEBUG oslo_service.service [req-b18ce893-84d7-4573-a0d6-93d818cecc28 - - - - -] glance.valid_interfaces = ['internal', 'public'] log_opt_values /usr/lib/python3/dist-packages/oslo_config/cfg.py:2609
2026-03-23 00:42:37.840 137438 DEBUG nova.servicegroup.drivers.db [req-8fc5fccc-1a8f-4bc8-9941-8f93eb55132b - - - - -] DB_Driver: join new ServiceGroup member juju-06139d-0-lxd-7 to the scheduler group, service = join /usr/lib/python3/dist-packages/nova/servicegroup/drivers/db.py:44
2026-03-23 00:42:37.840 135933 DEBUG oslo_service.service [req-b18ce893-84d7-4573-a0d6-93d818cecc28 - - - - -] glance.verify_glance_signatures = False log_opt_values /usr/lib/python3/dist-packages/oslo_config/cfg.py:2609
2026-03-23 00:42:37.840 135933 DEBUG oslo_service.service [req-b18ce893-84d7-4573-a0d6-93d818cecc28 - - - - -] glance.version = None log_opt_values /usr/lib/python3/dist-packages/oslo_config/cfg.py:2609
2026-03-23 00:42:37.840 135933 DEBUG oslo_service.service [req-b18ce893-84d7-4573-a0d6-93d818cecc28 - - - - -] guestfs.debug = False log_opt_values /usr/lib/python3/dist-packages/oslo_config/cfg.py:2609
2026-03-23 00:42:37.840 137440 DEBUG oslo_messaging._drivers.amqpdriver [-] AMQPListener connection timeout poll /usr/lib/python3/dist-packages/oslo_messaging/_drivers/amqpdriver.py:360
2026-03-23 00:42:37.841 137440 DEBUG oslo_messaging._drivers.amqpdriver [-] Listener is running poll /usr/lib/python3/dist-packages/oslo_messaging/_drivers/amqpdriver.py:343
2026-03-23 00:42:37.841 135933 DEBUG oslo_service.service [req-b18ce893-84d7-4573-a0d6-93d818cecc28 - - - - -] hyperv.config_drive_cdrom = False log_opt_values /usr/lib/python3/dist-packages/oslo_config/cfg.py:2609
2026-03-23 00:42:37.841 137440 DEBUG oslo_messaging._drivers.amqpdriver [-] AMQPListener connection consume poll /usr/lib/python3/dist-packages/oslo_messaging/_drivers/amqpdriver.py:357
2026-03-23 00:42:37.841 135933 DEBUG oslo_service.service [req-b18ce893-84d7-4573-a0d6-93d818cecc28 - - - - -] hyperv.config_drive_inject_password = False log_opt_values /usr/lib/python3/dist-packages/oslo_config/cfg.py:2609
2026-03-23 00:42:37.841 135933 DEBUG oslo_service.service [req-b18ce893-84d7-4573-a0d6-93d818cecc28 - - - - -] hyperv.dynamic_memory_ratio = 1.0 log_opt_values /usr/lib/python3/dist-packages/oslo_config/cfg.py:2609
2026-03-23 00:42:37.841 135933 DEBUG oslo_service.service [req-b18ce893-84d7-4573-a0d6-93d818cecc28 - - - - -] hyperv.enable_instance_metrics_collection = False log_opt_values /usr/lib/python3/dist-packages/oslo_config/cfg.py:2609
2026-03-23 00:42:37.841 135933 DEBUG oslo_service.service [req-b18ce893-84d7-4573-a0d6-93d818cecc28 - - - - -] hyperv.enable_remotefx = False log_opt_values /usr/lib/python3/dist-packages/oslo_config/cfg.py:2609
2026-03-23 00:42:37.842 135933 DEBUG oslo_service.service [req-b18ce893-84d7-4573-a0d6-93d818cecc28 - - - - -] hyperv.instances_path_share = log_opt_values /usr/lib/python3/dist-packages/oslo_config/cfg.py:2609
2026-03-23 00:42:37.844 137438 DEBUG oslo_messaging._drivers.amqpdriver [-] AMQPListener connection timeout poll /usr/lib/python3/dist-packages/oslo_messaging/_drivers/amqpdriver.py:360
2026-03-23 00:42:37.844 137439 DEBUG oslo_messaging._drivers.amqpdriver [-] AMQPListener connection timeout poll /usr/lib/python3/dist-packages/oslo_messaging/_drivers/amqpdriver.py:360
2026-03-23 00:42:37.844 137439 DEBUG oslo_messaging._drivers.amqpdriver [-] Listener is running poll /usr/lib/python3/dist-packages/oslo_messaging/_drivers/amqpdriver.py:343
2026-03-23 00:42:37.844 137438 DEBUG oslo_messaging._drivers.amqpdriver [-] Listener is running poll /usr/lib/python3/dist-packages/oslo_messaging/_drivers/amqpdriver.py:343
2026-03-23 00:42:37.844 137439 DEBUG oslo_messaging._drivers.amqpdriver [-] AMQPListener connection consume poll /usr/lib/python3/dist-packages/oslo_messaging/_drivers/amqpdriver.py:357
2026-03-23 00:42:37.844 137438 DEBUG oslo_messaging._drivers.amqpdriver [-] AMQPListener connection consume poll /usr/lib/python3/dist-packages/oslo_messaging/_drivers/amqpdriver.py:357
2026-03-23 00:42:37.844 135933 DEBUG oslo_service.service [req-b18ce893-84d7-4573-a0d6-93d818cecc28 - - - - -] hyperv.iscsi_initiator_list = [] log_opt_values /usr/lib/python3/dist-packages/oslo_config/cfg.py:2609
2026-03-23 00:42:37.845 135933 DEBUG oslo_service.service [req-b18ce893-84d7-4573-a0d6-93d818cecc28 - - - - -] hyperv.limit_cpu_features = False log_opt_values /usr/lib/python3/dist-packages/oslo_config/cfg.py:2609
2026-03-23 00:42:37.845 135933 DEBUG oslo_service.service [req-b18ce893-84d7-4573-a0d6-93d818cecc28 - - - - -] hyperv.mounted_disk_query_retry_count = 10 log_opt_values /usr/lib/python3/dist-packages/oslo_config/cfg.py:2609
