2026-03-23 01:15:44.580 39357 DEBUG heat.engine.service [req-8ea327b8-bcb1-4753-94cf-d0d7fa0efa23 - - - - -] Service 384f437d-261a-4939-b67f-5e7cae2adef0 is updated service_manage_report /usr/lib/python3/dist-packages/heat/engine/service.py:2370
2026-03-23 01:15:44.702 39359 DEBUG heat.engine.service [req-4a5511b6-d105-487d-ad0b-6e890650ad0f - - - - -] Service 3edd100b-6e9c-4f45-b547-03f1f6707f60 is updated service_manage_report /usr/lib/python3/dist-packages/heat/engine/service.py:2370
2026-03-23 01:16:44.463 39356 DEBUG heat.engine.service [req-9180120e-2c14-4eb5-bc5a-1431a882526a - - - - -] Service 924d18f2-ec33-4446-8f4c-32177bfbe82d is updated service_manage_report /usr/lib/python3/dist-packages/heat/engine/service.py:2370
2026-03-23 01:16:44.531 39358 DEBUG heat.engine.service [req-6809ff61-1a21-432f-976b-616a246bde03 - - - - -] Service 542a0d21-175a-4118-b3fb-5b90a2f2227d is updated service_manage_report /usr/lib/python3/dist-packages/heat/engine/service.py:2370
2026-03-23 01:16:44.576 39357 DEBUG heat.engine.service [req-ca9dac86-5128-4046-b99e-85003bb0db9d - - - - -] Service 384f437d-261a-4939-b67f-5e7cae2adef0 is updated service_manage_report /usr/lib/python3/dist-packages/heat/engine/service.py:2370
2026-03-23 01:16:44.698 39359 DEBUG heat.engine.service [req-06b4afbd-c420-419c-9803-8315f94f6d62 - - - - -] Service 3edd100b-6e9c-4f45-b547-03f1f6707f60 is updated service_manage_report /usr/lib/python3/dist-packages/heat/engine/service.py:2370
2026-03-23 01:17:44.471 39356 DEBUG heat.engine.service [req-c96e3d38-335e-47da-ba02-fd0f03778d1c - - - - -] Service 924d18f2-ec33-4446-8f4c-32177bfbe82d is updated service_manage_report /usr/lib/python3/dist-packages/heat/engine/service.py:2370
2026-03-23 01:17:44.526 39358 DEBUG heat.engine.service [req-05be6d93-db4f-4df8-930e-a9de0d1081cf - - - - -] Service 542a0d21-175a-4118-b3fb-5b90a2f2227d is updated service_manage_report /usr/lib/python3/dist-packages/heat/engine/service.py:2370
2026-03-23 01:17:44.580 39357 DEBUG heat.engine.service [req-a3112bcf-fd73-4418-90a6-dd1cef3e3bf3 - - - - -] Service 384f437d-261a-4939-b67f-5e7cae2adef0 is updated service_manage_report /usr/lib/python3/dist-packages/heat/engine/service.py:2370
2026-03-23 01:17:44.702 39359 DEBUG heat.engine.service [req-251758bc-ee34-4dd0-ae01-a961fae397d8 - - - - -] Service 3edd100b-6e9c-4f45-b547-03f1f6707f60 is updated service_manage_report /usr/lib/python3/dist-packages/heat/engine/service.py:2370
2026-03-23 01:18:44.466 39356 DEBUG heat.engine.service [req-e82dbf12-e62a-4172-b2f4-cf70db97aa91 - - - - -] Service 924d18f2-ec33-4446-8f4c-32177bfbe82d is updated service_manage_report /usr/lib/python3/dist-packages/heat/engine/service.py:2370
2026-03-23 01:18:44.533 39358 DEBUG heat.engine.service [req-aeaa6755-b2c2-46be-b61b-469b485aab49 - - - - -] Service 542a0d21-175a-4118-b3fb-5b90a2f2227d is updated service_manage_report /usr/lib/python3/dist-packages/heat/engine/service.py:2370
2026-03-23 01:18:44.585 39357 DEBUG heat.engine.service [req-70f5d763-5744-44a2-8fe0-fcf007cbbc26 - - - - -] Service 384f437d-261a-4939-b67f-5e7cae2adef0 is updated service_manage_report /usr/lib/python3/dist-packages/heat/engine/service.py:2370
2026-03-23 01:18:44.709 39359 DEBUG heat.engine.service [req-278d4072-a654-4f45-be5c-63dd48d26569 - - - - -] Service 3edd100b-6e9c-4f45-b547-03f1f6707f60 is updated service_manage_report /usr/lib/python3/dist-packages/heat/engine/service.py:2370
2026-03-23 01:19:44.471 39356 DEBUG heat.engine.service [req-2495ae0a-45f8-417e-8b41-b90fd1d0d93e - - - - -] Service 924d18f2-ec33-4446-8f4c-32177bfbe82d is updated service_manage_report /usr/lib/python3/dist-packages/heat/engine/service.py:2370
2026-03-23 01:19:44.535 39358 DEBUG heat.engine.service [req-0ee3774e-6268-40a4-8d00-d0b83a6c7bef - - - - -] Service 542a0d21-175a-4118-b3fb-5b90a2f2227d is updated service_manage_report /usr/lib/python3/dist-packages/heat/engine/service.py:2370
2026-03-23 01:19:44.591 39357 DEBUG heat.engine.service [req-468ab6d1-9813-43de-a076-836eecd44ec1 - - - - -] Service 384f437d-261a-4939-b67f-5e7cae2adef0 is updated service_manage_report /usr/lib/python3/dist-packages/heat/engine/service.py:2370
2026-03-23 01:19:44.717 39359 DEBUG heat.engine.service [req-6395a044-22d7-4e75-b166-33ffdbbea247 - - - - -] Service 3edd100b-6e9c-4f45-b547-03f1f6707f60 is updated service_manage_report /usr/lib/python3/dist-packages/heat/engine/service.py:2370
2026-03-23 01:20:44.477 39356 DEBUG heat.engine.service [req-36e663c2-08a2-420d-a8b4-2721fe94b4f1 - - - - -] Service 924d18f2-ec33-4446-8f4c-32177bfbe82d is updated service_manage_report /usr/lib/python3/dist-packages/heat/engine/service.py:2370
2026-03-23 01:20:44.532 39358 DEBUG heat.engine.service [req-7bc9984c-c8a5-408d-95ef-2f43189c22e9 - - - - -] Service 542a0d21-175a-4118-b3fb-5b90a2f2227d is updated service_manage_report /usr/lib/python3/dist-packages/heat/engine/service.py:2370
2026-03-23 01:20:44.585 39357 DEBUG heat.engine.service [req-c4941c77-c43c-45ea-b7ff-6cf258974659 - - - - -] Service 384f437d-261a-4939-b67f-5e7cae2adef0 is updated service_manage_report /usr/lib/python3/dist-packages/heat/engine/service.py:2370
2026-03-23 01:20:44.719 39359 DEBUG heat.engine.service [req-c9722e10-ddfc-4e5c-9e81-fc08dcf75be1 - - - - -] Service 3edd100b-6e9c-4f45-b547-03f1f6707f60 is updated service_manage_report /usr/lib/python3/dist-packages/heat/engine/service.py:2370
2026-03-23 01:21:44.471 39356 DEBUG heat.engine.service [req-506606df-4c1f-43e2-aa5e-7b93a1f6b92d - - - - -] Service 924d18f2-ec33-4446-8f4c-32177bfbe82d is updated service_manage_report /usr/lib/python3/dist-packages/heat/engine/service.py:2370
2026-03-23 01:21:44.536 39358 DEBUG heat.engine.service [req-fcb2968a-ab47-4d36-b1e4-ef4fed57e868 - - - - -] Service 542a0d21-175a-4118-b3fb-5b90a2f2227d is updated service_manage_report /usr/lib/python3/dist-packages/heat/engine/service.py:2370
2026-03-23 01:21:44.590 39357 DEBUG heat.engine.service [req-7fbce3b1-af1f-4769-a068-2035731839f5 - - - - -] Service 384f437d-261a-4939-b67f-5e7cae2adef0 is updated service_manage_report /usr/lib/python3/dist-packages/heat/engine/service.py:2370
2026-03-23 01:21:44.716 39359 DEBUG heat.engine.service [req-b721715d-b597-40e3-b4a1-44732022df76 - - - - -] Service 3edd100b-6e9c-4f45-b547-03f1f6707f60 is updated service_manage_report /usr/lib/python3/dist-packages/heat/engine/service.py:2370
2026-03-23 01:22:44.475 39356 DEBUG heat.engine.service [req-22b9f295-6198-49d8-98db-39154954e83f - - - - -] Service 924d18f2-ec33-4446-8f4c-32177bfbe82d is updated service_manage_report /usr/lib/python3/dist-packages/heat/engine/service.py:2370
2026-03-23 01:22:44.543 39358 DEBUG heat.engine.service [req-bdcf361d-e68e-4c3d-9648-9b9eaba60922 - - - - -] Service 542a0d21-175a-4118-b3fb-5b90a2f2227d is updated service_manage_report /usr/lib/python3/dist-packages/heat/engine/service.py:2370
2026-03-23 01:22:44.595 39357 DEBUG heat.engine.service [req-6fa81e39-c183-4767-8f3a-7e29e3e56e93 - - - - -] Service 384f437d-261a-4939-b67f-5e7cae2adef0 is updated service_manage_report /usr/lib/python3/dist-packages/heat/engine/service.py:2370
2026-03-23 01:22:44.710 39359 DEBUG heat.engine.service [req-242cf2c5-5f47-4e84-aa15-5f1af994ac74 - - - - -] Service 3edd100b-6e9c-4f45-b547-03f1f6707f60 is updated service_manage_report /usr/lib/python3/dist-packages/heat/engine/service.py:2370
2026-03-23 01:23:44.481 39356 DEBUG heat.engine.service [req-490c2100-c203-45ef-9f17-f7bae9af71c5 - - - - -] Service 924d18f2-ec33-4446-8f4c-32177bfbe82d is updated service_manage_report /usr/lib/python3/dist-packages/heat/engine/service.py:2370
2026-03-23 01:23:44.537 39358 DEBUG heat.engine.service [req-75dad399-b871-4500-9b57-7971c0b57093 - - - - -] Service 542a0d21-175a-4118-b3fb-5b90a2f2227d is updated service_manage_report /usr/lib/python3/dist-packages/heat/engine/service.py:2370
2026-03-23 01:23:44.601 39357 DEBUG heat.engine.service [req-a8d7536b-e4df-42d5-b232-e8955d5eb70a - - - - -] Service 384f437d-261a-4939-b67f-5e7cae2adef0 is updated service_manage_report /usr/lib/python3/dist-packages/heat/engine/service.py:2370
2026-03-23 01:23:44.718 39359 DEBUG heat.engine.service [req-18b7c058-7c19-4d90-81a1-a04f84eef1ba - - - - -] Service 3edd100b-6e9c-4f45-b547-03f1f6707f60 is updated service_manage_report /usr/lib/python3/dist-packages/heat/engine/service.py:2370
2026-03-23 01:24:44.477 39356 DEBUG heat.engine.service [req-a4163f3d-95d8-45ea-8800-db1c8ee45cbb - - - - -] Service 924d18f2-ec33-4446-8f4c-32177bfbe82d is updated service_manage_report /usr/lib/python3/dist-packages/heat/engine/service.py:2370
2026-03-23 01:24:44.542 39358 DEBUG heat.engine.service [req-35029f87-490b-45db-91a0-930304b12477 - - - - -] Service 542a0d21-175a-4118-b3fb-5b90a2f2227d is updated service_manage_report /usr/lib/python3/dist-packages/heat/engine/service.py:2370
2026-03-23 01:24:44.607 39357 DEBUG heat.engine.service [req-5624c191-7391-4c53-a45e-ca9d589b1678 - - - - -] Service 384f437d-261a-4939-b67f-5e7cae2adef0 is updated service_manage_report /usr/lib/python3/dist-packages/heat/engine/service.py:2370
2026-03-23 01:24:44.713 39359 DEBUG heat.engine.service [req-d8b990fc-eaef-4bef-ab3e-68963a7d51a9 - - - - -] Service 3edd100b-6e9c-4f45-b547-03f1f6707f60 is updated service_manage_report /usr/lib/python3/dist-packages/heat/engine/service.py:2370
2026-03-23 01:25:44.484 39356 DEBUG heat.engine.service [req-12b36472-dbfa-4876-9a12-6f62989249e9 - - - - -] Service 924d18f2-ec33-4446-8f4c-32177bfbe82d is updated service_manage_report /usr/lib/python3/dist-packages/heat/engine/service.py:2370
2026-03-23 01:25:44.546 39358 DEBUG heat.engine.service [req-234c6426-941a-44b2-a53c-5373aac0fdb9 - - - - -] Service 542a0d21-175a-4118-b3fb-5b90a2f2227d is updated service_manage_report /usr/lib/python3/dist-packages/heat/engine/service.py:2370
2026-03-23 01:25:44.601 39357 DEBUG heat.engine.service [req-c0f0a3a4-0fd3-461c-82bc-fd17c6292f22 - - - - -] Service 384f437d-261a-4939-b67f-5e7cae2adef0 is updated service_manage_report /usr/lib/python3/dist-packages/heat/engine/service.py:2370
2026-03-23 01:25:44.721 39359 DEBUG heat.engine.service [req-b472bc2e-a91f-4f14-ae7e-5c7f746157c8 - - - - -] Service 3edd100b-6e9c-4f45-b547-03f1f6707f60 is updated service_manage_report /usr/lib/python3/dist-packages/heat/engine/service.py:2370
2026-03-23 01:26:44.482 39356 DEBUG heat.engine.service [req-2956f850-dddd-4e7d-913b-aec1927c5978 - - - - -] Service 924d18f2-ec33-4446-8f4c-32177bfbe82d is updated service_manage_report /usr/lib/python3/dist-packages/heat/engine/service.py:2370
2026-03-23 01:26:44.552 39358 DEBUG heat.engine.service [req-d1d953ab-59d2-4673-b99d-394aeee407d3 - - - - -] Service 542a0d21-175a-4118-b3fb-5b90a2f2227d is updated service_manage_report /usr/lib/python3/dist-packages/heat/engine/service.py:2370
2026-03-23 01:26:44.605 39357 DEBUG heat.engine.service [req-9fb5aa93-170e-4f18-819f-3461d0258d2e - - - - -] Service 384f437d-261a-4939-b67f-5e7cae2adef0 is updated service_manage_report /usr/lib/python3/dist-packages/heat/engine/service.py:2370
2026-03-23 01:26:44.717 39359 DEBUG heat.engine.service [req-7f4aef75-63dc-4369-84ae-3a01d89214e4 - - - - -] Service 3edd100b-6e9c-4f45-b547-03f1f6707f60 is updated service_manage_report /usr/lib/python3/dist-packages/heat/engine/service.py:2370
2026-03-23 01:27:44.475 39356 DEBUG heat.engine.service [req-1c04325e-2756-4578-9ff5-4b757077f62a - - - - -] Service 924d18f2-ec33-4446-8f4c-32177bfbe82d is updated service_manage_report /usr/lib/python3/dist-packages/heat/engine/service.py:2370
2026-03-23 01:27:44.546 39358 DEBUG heat.engine.service [req-bc11a333-6087-4b85-8d12-2cda6b6a6bfe - - - - -] Service 542a0d21-175a-4118-b3fb-5b90a2f2227d is updated service_manage_report /usr/lib/python3/dist-packages/heat/engine/service.py:2370
2026-03-23 01:27:44.612 39357 DEBUG heat.engine.service [req-0a3bff32-cdc3-49a9-b13b-d5c90a931bca - - - - -] Service 384f437d-261a-4939-b67f-5e7cae2adef0 is updated service_manage_report /usr/lib/python3/dist-packages/heat/engine/service.py:2370
2026-03-23 01:27:44.714 39359 DEBUG heat.engine.service [req-ec28ebfe-b624-4db1-a874-66631ce16aa3 - - - - -] Service 3edd100b-6e9c-4f45-b547-03f1f6707f60 is updated service_manage_report /usr/lib/python3/dist-packages/heat/engine/service.py:2370
2026-03-23 01:28:44.487 39356 DEBUG heat.engine.service [req-984b2e3b-d382-49f3-bc88-ec55dcf72bb4 - - - - -] Service 924d18f2-ec33-4446-8f4c-32177bfbe82d is updated service_manage_report /usr/lib/python3/dist-packages/heat/engine/service.py:2370
2026-03-23 01:28:44.553 39358 DEBUG heat.engine.service [req-ffdc45f8-7612-4a1f-991e-0a4ee25fa748 - - - - -] Service 542a0d21-175a-4118-b3fb-5b90a2f2227d is updated service_manage_report /usr/lib/python3/dist-packages/heat/engine/service.py:2370
2026-03-23 01:28:44.607 39357 DEBUG heat.engine.service [req-eb5a2ded-fff4-4ffc-9d5a-76bff12591cb - - - - -] Service 384f437d-261a-4939-b67f-5e7cae2adef0 is updated service_manage_report /usr/lib/python3/dist-packages/heat/engine/service.py:2370
2026-03-23 01:28:44.711 39359 DEBUG heat.engine.service [req-4e8b7b70-1cd6-4b2f-82d6-f03344b5ad6b - - - - -] Service 3edd100b-6e9c-4f45-b547-03f1f6707f60 is updated service_manage_report /usr/lib/python3/dist-packages/heat/engine/service.py:2370
2026-03-23 01:29:44.482 39356 DEBUG heat.engine.service [req-0474bfac-971a-4b44-ba0f-553ff0314ce0 - - - - -] Service 924d18f2-ec33-4446-8f4c-32177bfbe82d is updated service_manage_report /usr/lib/python3/dist-packages/heat/engine/service.py:2370
2026-03-23 01:29:44.551 39358 DEBUG heat.engine.service [req-d00f8681-e0e8-4104-a439-4763fb3d6260 - - - - -] Service 542a0d21-175a-4118-b3fb-5b90a2f2227d is updated service_manage_report /usr/lib/python3/dist-packages/heat/engine/service.py:2370
2026-03-23 01:29:44.613 39357 DEBUG heat.engine.service [req-91f6d47b-a39e-4ede-bd14-2ce30cf8f70c - - - - -] Service 384f437d-261a-4939-b67f-5e7cae2adef0 is updated service_manage_report /usr/lib/python3/dist-packages/heat/engine/service.py:2370
2026-03-23 01:29:44.708 39359 DEBUG heat.engine.service [req-7a35e3f8-90ed-494c-ae57-7e7053d7adbc - - - - -] Service 3edd100b-6e9c-4f45-b547-03f1f6707f60 is updated service_manage_report /usr/lib/python3/dist-packages/heat/engine/service.py:2370
2026-03-23 01:30:44.486 39356 DEBUG heat.engine.service [req-705479e1-c3c4-41c0-bdf4-4ca815775c58 - - - - -] Service 924d18f2-ec33-4446-8f4c-32177bfbe82d is updated service_manage_report /usr/lib/python3/dist-packages/heat/engine/service.py:2370
2026-03-23 01:30:44.548 39358 DEBUG heat.engine.service [req-c3da78b7-1f7c-497c-81d9-0aa3688b19a8 - - - - -] Service 542a0d21-175a-4118-b3fb-5b90a2f2227d is updated service_manage_report /usr/lib/python3/dist-packages/heat/engine/service.py:2370
2026-03-23 01:30:44.609 39357 DEBUG heat.engine.service [req-31d10bd4-1d32-4ba9-931f-b37f374dcfa6 - - - - -] Service 384f437d-261a-4939-b67f-5e7cae2adef0 is updated service_manage_report /usr/lib/python3/dist-packages/heat/engine/service.py:2370
2026-03-23 01:30:44.703 39359 DEBUG heat.engine.service [req-d6aa3a33-4d06-43b8-bff3-ee2660972cca - - - - -] Service 3edd100b-6e9c-4f45-b547-03f1f6707f60 is updated service_manage_report /usr/lib/python3/dist-packages/heat/engine/service.py:2370
2026-03-23 01:31:44.502 39356 DEBUG heat.engine.service [req-d1acce86-ef3d-4d3d-a96d-62753fe3cc77 - - - - -] Service 924d18f2-ec33-4446-8f4c-32177bfbe82d is updated service_manage_report /usr/lib/python3/dist-packages/heat/engine/service.py:2370
2026-03-23 01:31:44.552 39358 DEBUG heat.engine.service [req-b372b701-203e-4ca4-9843-3da8e8a3403a - - - - -] Service 542a0d21-175a-4118-b3fb-5b90a2f2227d is updated service_manage_report /usr/lib/python3/dist-packages/heat/engine/service.py:2370
2026-03-23 01:31:44.625 39357 DEBUG heat.engine.service [req-045084f6-46c0-4224-991b-7f21bb1a54aa - - - - -] Service 384f437d-261a-4939-b67f-5e7cae2adef0 is updated service_manage_report /usr/lib/python3/dist-packages/heat/engine/service.py:2370
2026-03-23 01:31:44.720 39359 DEBUG heat.engine.service [req-6636f9ab-7c25-41f6-993c-0b509ec6b91e - - - - -] Service 3edd100b-6e9c-4f45-b547-03f1f6707f60 is updated service_manage_report /usr/lib/python3/dist-packages/heat/engine/service.py:2370
2026-03-23 01:32:44.494 39356 DEBUG heat.engine.service [req-2c828f9d-defc-465b-9a5c-d2d1fd34a79f - - - - -] Service 924d18f2-ec33-4446-8f4c-32177bfbe82d is updated service_manage_report /usr/lib/python3/dist-packages/heat/engine/service.py:2370
2026-03-23 01:32:44.558 39358 DEBUG heat.engine.service [req-7600a875-7bf2-4bad-9be4-27abb280f8a4 - - - - -] Service 542a0d21-175a-4118-b3fb-5b90a2f2227d is updated service_manage_report /usr/lib/python3/dist-packages/heat/engine/service.py:2370
2026-03-23 01:32:44.678 39357 DEBUG heat.engine.service [req-9a474f84-d815-410c-a659-ac7ef8f26a43 - - - - -] Service 384f437d-261a-4939-b67f-5e7cae2adef0 is updated service_manage_report /usr/lib/python3/dist-packages/heat/engine/service.py:2370
2026-03-23 01:32:44.853 39359 DEBUG heat.engine.service [req-9a72be3e-a32d-46ac-9434-0926662aeb25 - - - - -] Service 3edd100b-6e9c-4f45-b547-03f1f6707f60 is updated service_manage_report /usr/lib/python3/dist-packages/heat/engine/service.py:2370
2026-03-23 01:33:00.018 39357 DEBUG heat.engine.service [-] Attempting to stop engine service... _stop_rpc_server /usr/lib/python3/dist-packages/heat/engine/service.py:437
2026-03-23 01:33:00.018 39358 DEBUG heat.engine.service [-] Attempting to stop engine service... _stop_rpc_server /usr/lib/python3/dist-packages/heat/engine/service.py:437
2026-03-23 01:33:00.018 39356 DEBUG heat.engine.service [-] Attempting to stop engine service... _stop_rpc_server /usr/lib/python3/dist-packages/heat/engine/service.py:437
2026-03-23 01:33:00.018 39359 DEBUG heat.engine.service [-] Attempting to stop engine service... _stop_rpc_server /usr/lib/python3/dist-packages/heat/engine/service.py:437
2026-03-23 01:33:00.027 39135 INFO oslo_service.service [-] Caught SIGTERM, stopping children
2026-03-23 01:33:00.028 39135 DEBUG oslo_concurrency.lockutils [-] Acquired lock "singleton_lock" lock /usr/lib/python3/dist-packages/oslo_concurrency/lockutils.py:294
2026-03-23 01:33:00.028 39135 DEBUG oslo_concurrency.lockutils [-] Releasing lock "singleton_lock" lock /usr/lib/python3/dist-packages/oslo_concurrency/lockutils.py:312
2026-03-23 01:33:00.028 39135 DEBUG oslo_service.service [-] Stop services. stop /usr/lib/python3/dist-packages/oslo_service/service.py:695
2026-03-23 01:33:00.028 39135 INFO heat.engine.service [-] All threads were gone, terminating engine
2026-03-23 01:33:00.028 39135 DEBUG oslo_service.service [-] Killing children. stop /usr/lib/python3/dist-packages/oslo_service/service.py:700
2026-03-23 01:33:00.031 39135 INFO oslo_service.service [-] Waiting on 4 children to exit
2026-03-23 01:33:00.039 39135 INFO oslo_service.service [-] Child 39358 killed by signal 15
2026-03-23 01:33:00.044 39135 INFO oslo_service.service [-] Child 39356 killed by signal 15
2026-03-23 01:33:00.045 39135 INFO oslo_service.service [-] Child 39357 killed by signal 15
2026-03-23 01:33:00.045 39135 INFO oslo_service.service [-] Child 39359 killed by signal 15
2026-03-23 01:33:02.288 59549 DEBUG oslo_concurrency.lockutils [-] Lock "context-manager" acquired by "neutron_lib.db.api._create_context_manager" :: waited 0.000s inner /usr/lib/python3/dist-packages/oslo_concurrency/lockutils.py:386
2026-03-23 01:33:02.289 59549 DEBUG oslo_concurrency.lockutils [-] Lock "context-manager" "released" by "neutron_lib.db.api._create_context_manager" :: held 0.001s inner /usr/lib/python3/dist-packages/oslo_concurrency/lockutils.py:400
2026-03-23 01:33:02.585 59549 WARNING heat.engine.environment [-] OS::Aodh::Alarm is DEPRECATED. Theshold alarm relies on ceilometer-api and has been deprecated in aodh since Ocata. Use OS::Aodh::GnocchiAggregationByResourcesAlarm instead.
2026-03-23 01:33:02.585 59549 WARNING heat.engine.environment [-] OS::Aodh::CombinationAlarm is HIDDEN. OS::Aodh::CombinationAlarm is deprecated and has been removed from Aodh, use OS::Aodh::CompositeAlarm instead.
2026-03-23 01:33:02.586 59549 WARNING heat.engine.environment [-] OS::Designate::Domain is HIDDEN. This resource has been removed, use OS::Designate::Zone instead.
2026-03-23 01:33:02.586 59549 WARNING heat.engine.environment [-] OS::Designate::Record is HIDDEN. This resource has been removed, use OS::Designate::RecordSet instead.
2026-03-23 01:33:02.586 59549 WARNING heat.engine.environment [-] OS::Glance::Image is DEPRECATED. Creating a Glance Image based on an existing URL location requires the Glance v1 API, which is deprecated.
2026-03-23 01:33:02.586 59549 WARNING heat.engine.environment [-] OS::Heat::HARestarter is HIDDEN. The HARestarter resource type has been removed. Existing stacks containing HARestarter resources can still be used, but the HARestarter resource will be a placeholder that does nothing.
2026-03-23 01:33:02.587 59549 WARNING heat.engine.environment [-] OS::Heat::SoftwareDeployments is HIDDEN. Please use OS::Heat::SoftwareDeploymentGroup instead.
2026-03-23 01:33:02.587 59549 WARNING heat.engine.environment [-] OS::Heat::StructuredDeployments is HIDDEN. Please use OS::Heat::StructuredDeploymentGroup instead.
2026-03-23 01:33:02.587 59549 WARNING heat.engine.environment [-] OS::Magnum::Bay is HIDDEN. Please use OS::Magnum::Cluster instead.
2026-03-23 01:33:02.587 59549 WARNING heat.engine.environment [-] OS::Magnum::BayModel is HIDDEN. Please use OS::Magnum::ClusterTemplate instead.
2026-03-23 01:33:02.587 59549 WARNING heat.engine.environment [-] OS::Neutron::ExtraRoute is UNSUPPORTED. Use this resource at your own risk.
2026-03-23 01:33:02.588 59549 WARNING heat.engine.environment [-] OS::Neutron::HealthMonitor is HIDDEN. Use LBaaS V2 instead.
2026-03-23 01:33:02.588 59549 WARNING heat.engine.environment [-] OS::Neutron::Pool is HIDDEN. Use LBaaS V2 instead.
2026-03-23 01:33:02.588 59549 WARNING heat.engine.environment [-] OS::Neutron::PoolMember is HIDDEN. Use LBaaS V2 instead.
2026-03-23 01:33:02.588 59549 WARNING heat.engine.environment [-] OS::Neutron::LoadBalancer is HIDDEN. Use LBaaS V2 instead.
2026-03-23 01:33:02.588 59549 WARNING heat.engine.environment [-] OS::Neutron::RouterGateway is HIDDEN. Use the `external_gateway_info` property in the router resource to set up the gateway.
2026-03-23 01:33:02.588 59549 WARNING heat.engine.environment [-] OS::Nova::FloatingIP is HIDDEN. Please use OS::Neutron::FloatingIP instead.
2026-03-23 01:33:02.589 59549 WARNING heat.engine.environment [-] OS::Nova::FloatingIPAssociation is HIDDEN. Please use OS::Neutron::FloatingIPAssociation instead.
2026-03-23 01:33:02.590 59549 INFO heat.engine.environment [-] Loading /etc/heat/environment.d/default.yaml
2026-03-23 01:33:02.591 59549 INFO heat.engine.environment [-] Registered: [Plugin](User:False) AWS::AutoScaling::AutoScalingGroup ->
2026-03-23 01:33:02.591 59549 INFO heat.engine.environment [-] Registered: [Plugin](User:False) AWS::AutoScaling::LaunchConfiguration ->
2026-03-23 01:33:02.591 59549 INFO heat.engine.environment [-] Registered: [Plugin](User:False) AWS::AutoScaling::ScalingPolicy ->
2026-03-23 01:33:02.591 59549 INFO heat.engine.environment [-] Registered: [Plugin](User:False) AWS::CloudFormation::Stack ->
2026-03-23 01:33:02.591 59549 INFO heat.engine.environment [-] Registered: [Plugin](User:False) AWS::CloudFormation::WaitCondition ->
2026-03-23 01:33:02.591 59549 INFO heat.engine.environment [-] Registered: [Plugin](User:False) AWS::CloudFormation::WaitConditionHandle ->
2026-03-23 01:33:02.591 59549 INFO heat.engine.environment [-] Registered: [Plugin](User:False) AWS::EC2::EIP ->
2026-03-23 01:33:02.591 59549 INFO heat.engine.environment [-] Registered: [Plugin](User:False) AWS::EC2::EIPAssociation ->
2026-03-23 01:33:02.592 59549 INFO heat.engine.environment [-] Registered: [Plugin](User:False) AWS::EC2::Instance ->
2026-03-23 01:33:02.592 59549 INFO heat.engine.environment [-] Registered: [Plugin](User:False) AWS::EC2::InternetGateway ->
2026-03-23 01:33:02.592 59549 INFO heat.engine.environment [-] Registered: [Plugin](User:False) AWS::EC2::VPCGatewayAttachment ->
2026-03-23 01:33:02.592 59549 INFO heat.engine.environment [-] Registered: [Plugin](User:False) AWS::EC2::NetworkInterface ->
2026-03-23 01:33:02.592 59549 INFO heat.engine.environment [-] Registered: [Plugin](User:False) AWS::EC2::RouteTable ->
2026-03-23 01:33:02.592 59549 INFO heat.engine.environment [-] Registered: [Plugin](User:False) AWS::EC2::SubnetRouteTableAssociation ->
2026-03-23 01:33:02.592 59549 INFO heat.engine.environment [-] Registered: [Plugin](User:False) AWS::EC2::SecurityGroup ->
2026-03-23 01:33:02.592 59549 INFO heat.engine.environment [-] Registered: [Plugin](User:False) AWS::EC2::Subnet ->
2026-03-23 01:33:02.592 59549 INFO heat.engine.environment [-] Registered: [Plugin](User:False) AWS::EC2::Volume ->
2026-03-23 01:33:02.592 59549 INFO heat.engine.environment [-] Registered: [Plugin](User:False) AWS::EC2::VolumeAttachment ->
2026-03-23 01:33:02.592 59549 INFO heat.engine.environment [-] Registered: [Plugin](User:False) AWS::EC2::VPC ->
2026-03-23 01:33:02.593 59549 INFO heat.engine.environment [-] Registered: [Plugin](User:False) AWS::IAM::User ->
2026-03-23 01:33:02.593 59549 INFO heat.engine.environment [-] Registered: [Plugin](User:False) AWS::IAM::AccessKey ->
2026-03-23 01:33:02.593 59549 INFO heat.engine.environment [-] Registered: [Plugin](User:False) AWS::ElasticLoadBalancing::LoadBalancer ->
2026-03-23 01:33:02.593 59549 INFO heat.engine.environment [-] Registered: [Plugin](User:False) AWS::S3::Bucket ->
2026-03-23 01:33:02.593 59549 INFO heat.engine.environment [-] Registered: [Plugin](User:False) OS::Aodh::Alarm ->
2026-03-23 01:33:02.593 59549 INFO heat.engine.environment [-] Registered: [Plugin](User:False) OS::Aodh::CombinationAlarm ->
2026-03-23 01:33:02.593 59549 INFO heat.engine.environment [-] Registered: [Plugin](User:False) OS::Aodh::EventAlarm ->
2026-03-23 01:33:02.593 59549 INFO heat.engine.environment [-] Registered: [Plugin](User:False) OS::Aodh::LBMemberHealthAlarm ->
2026-03-23 01:33:02.593 59549 INFO heat.engine.environment [-] Registered: [Plugin](User:False) OS::Aodh::CompositeAlarm ->
2026-03-23 01:33:02.593 59549 INFO heat.engine.environment [-] Registered: [Plugin](User:False) OS::Aodh::GnocchiResourcesAlarm ->
2026-03-23 01:33:02.593 59549 INFO heat.engine.environment [-] Registered: [Plugin](User:False) OS::Aodh::GnocchiAggregationByMetricsAlarm ->
2026-03-23 01:33:02.593 59549 INFO heat.engine.environment [-] Registered: [Plugin](User:False) OS::Aodh::GnocchiAggregationByResourcesAlarm ->
2026-03-23 01:33:02.594 59549 INFO heat.engine.environment [-] Registered: [Plugin](User:False) OS::Barbican::GenericContainer ->
2026-03-23 01:33:02.594 59549 INFO heat.engine.environment [-] Registered: [Plugin](User:False) OS::Barbican::CertificateContainer ->
2026-03-23 01:33:02.594 59549 INFO heat.engine.environment [-] Registered: [Plugin](User:False) OS::Barbican::RSAContainer ->
2026-03-23 01:33:02.594 59549 INFO heat.engine.environment [-] Registered: [Plugin](User:False) OS::Barbican::Order ->
2026-03-23 01:33:02.594 59549 INFO heat.engine.environment [-] Registered: [Plugin](User:False) OS::Barbican::Secret ->
2026-03-23 01:33:02.594 59549 INFO heat.engine.environment [-] Registered: [Plugin](User:False) OS::Blazar::Host ->
2026-03-23 01:33:02.594 59549 INFO heat.engine.environment [-] Registered: [Plugin](User:False) OS::Blazar::Lease ->
2026-03-23 01:33:02.594 59549 INFO heat.engine.environment [-] Registered: [Plugin](User:False) OS::Cinder::EncryptedVolumeType ->
2026-03-23 01:33:02.594 59549 INFO heat.engine.environment [-] Registered: [Plugin](User:False) OS::Cinder::QoSSpecs ->
2026-03-23 01:33:02.594 59549 INFO heat.engine.environment [-] Registered: [Plugin](User:False) OS::Cinder::QoSAssociation ->
2026-03-23 01:33:02.594 59549 INFO heat.engine.environment [-] Registered: [Plugin](User:False) OS::Cinder::Quota ->
2026-03-23 01:33:02.595 59549 INFO heat.engine.environment [-] Registered: [Plugin](User:False) OS::Cinder::Volume ->
2026-03-23 01:33:02.595 59549 INFO heat.engine.environment [-] Registered: [Plugin](User:False) OS::Cinder::VolumeAttachment ->
2026-03-23 01:33:02.595 59549 INFO heat.engine.environment [-] Registered: [Plugin](User:False) OS::Cinder::VolumeType ->
2026-03-23 01:33:02.595 59549 INFO heat.engine.environment [-] Registered: [Plugin](User:False) OS::Designate::Domain ->
2026-03-23 01:33:02.595 59549 INFO heat.engine.environment [-] Registered: [Plugin](User:False) OS::Designate::Record ->
2026-03-23 01:33:02.595 59549 INFO heat.engine.environment [-] Registered: [Plugin](User:False) OS::Designate::RecordSet ->
2026-03-23 01:33:02.595 59549 INFO heat.engine.environment [-] Registered: [Plugin](User:False) OS::Designate::Zone ->
2026-03-23 01:33:02.595 59549 INFO heat.engine.environment [-] Registered: [Plugin](User:False) OS::Glance::Image ->
2026-03-23 01:33:02.595 59549 INFO heat.engine.environment [-] Registered: [Plugin](User:False) OS::Glance::WebImage ->
2026-03-23 01:33:02.595 59549 INFO heat.engine.environment [-] Registered: [Plugin](User:False) OS::Heat::AccessPolicy ->
2026-03-23 01:33:02.595 59549 INFO heat.engine.environment [-] Registered: [Plugin](User:False) OS::Heat::AutoScalingGroup ->
2026-03-23 01:33:02.595 59549 INFO heat.engine.environment [-] Registered: [Plugin](User:False) OS::Heat::CloudConfig ->
2026-03-23 01:33:02.596 59549 INFO heat.engine.environment [-] Registered: [Plugin](User:False) OS::Heat::Delay ->
2026-03-23 01:33:02.596 59549 INFO heat.engine.environment [-] Registered: [Plugin](User:False) OS::Heat::DeployedServer ->
2026-03-23 01:33:02.596 59549 INFO heat.engine.environment [-] Registered: [Plugin](User:False) OS::Heat::HARestarter ->
2026-03-23 01:33:02.596 59549 INFO heat.engine.environment [-] Registered: [Plugin](User:False) OS::Heat::InstanceGroup ->
2026-03-23 01:33:02.596 59549 INFO heat.engine.environment [-] Registered: [Plugin](User:False) OS::Heat::MultipartMime ->
2026-03-23 01:33:02.596 59549 INFO heat.engine.environment [-] Registered: [Plugin](User:False) OS::Heat::None ->
2026-03-23 01:33:02.596 59549 INFO heat.engine.environment [-] Registered: [Plugin](User:False) OS::Heat::RandomString ->
2026-03-23 01:33:02.596 59549 INFO heat.engine.environment [-] Registered: [Plugin](User:False) OS::Heat::Stack ->
2026-03-23 01:33:02.596 59549 INFO heat.engine.environment [-] Registered: [Plugin](User:False) OS::Heat::ResourceChain ->
2026-03-23 01:33:02.596 59549 INFO heat.engine.environment [-] Registered: [Plugin](User:False) OS::Heat::ResourceGroup ->
2026-03-23 01:33:02.596 59549 INFO heat.engine.environment [-] Registered: [Plugin](User:False) OS::Heat::ScalingPolicy ->
2026-03-23 01:33:02.597 59549 INFO heat.engine.environment [-] Registered: [Plugin](User:False) OS::Heat::SoftwareComponent ->
2026-03-23 01:33:02.597 59549 INFO heat.engine.environment [-] Registered: [Plugin](User:False) OS::Heat::SoftwareConfig ->
2026-03-23 01:33:02.597 59549 INFO heat.engine.environment [-] Registered: [Plugin](User:False) OS::Heat::SoftwareDeployment ->
2026-03-23 01:33:02.597 59549 INFO heat.engine.environment [-] Registered: [Plugin](User:False) OS::Heat::SoftwareDeploymentGroup ->
2026-03-23 01:33:02.597 59549 INFO heat.engine.environment [-] Registered: [Plugin](User:False) OS::Heat::SoftwareDeployments ->
2026-03-23 01:33:02.597 59549 INFO heat.engine.environment [-] Registered: [Plugin](User:False) OS::Heat::StructuredConfig ->
2026-03-23 01:33:02.597 59549 INFO heat.engine.environment [-] Registered: [Plugin](User:False) OS::Heat::StructuredDeployment ->
2026-03-23 01:33:02.597 59549 INFO heat.engine.environment [-] Registered: [Plugin](User:False) OS::Heat::StructuredDeploymentGroup ->
2026-03-23 01:33:02.597 59549 INFO heat.engine.environment [-] Registered: [Plugin](User:False) OS::Heat::StructuredDeployments ->
2026-03-23 01:33:02.597 59549 INFO heat.engine.environment [-] Registered: [Plugin](User:False) OS::Heat::SwiftSignal ->
2026-03-23 01:33:02.597 59549 INFO heat.engine.environment [-] Registered: [Plugin](User:False) OS::Heat::SwiftSignalHandle ->
2026-03-23 01:33:02.597 59549 INFO heat.engine.environment [-] Registered: [Plugin](User:False) OS::Heat::TestResource ->
2026-03-23 01:33:02.598 59549 INFO heat.engine.environment [-] Registered: [Plugin](User:False) OS::Heat::Value ->
2026-03-23 01:33:02.598 59549 INFO heat.engine.environment [-] Registered: [Plugin](User:False) OS::Heat::WaitCondition ->
2026-03-23 01:33:02.598 59549 INFO heat.engine.environment [-] Registered: [Plugin](User:False) OS::Heat::WaitConditionHandle ->
2026-03-23 01:33:02.598 59549 INFO heat.engine.environment [-] Registered: [Plugin](User:False) OS::Heat::UpdateWaitConditionHandle ->
2026-03-23 01:33:02.598 59549 INFO heat.engine.environment [-] Registered: [Plugin](User:False) OS::Ironic::Port ->
2026-03-23 01:33:02.598 59549 INFO heat.engine.environment [-] Registered: [Plugin](User:False) OS::Keystone::Domain ->
2026-03-23 01:33:02.598 59549 INFO heat.engine.environment [-] Registered: [Plugin](User:False) OS::Keystone::Endpoint ->
2026-03-23 01:33:02.598 59549 INFO heat.engine.environment [-] Registered: [Plugin](User:False) OS::Keystone::Group ->
2026-03-23 01:33:02.598 59549 INFO heat.engine.environment [-] Registered: [Plugin](User:False) OS::Keystone::Project ->
2026-03-23 01:33:02.598 59549 INFO heat.engine.environment [-] Registered: [Plugin](User:False) OS::Keystone::Region ->
2026-03-23 01:33:02.598 59549 INFO heat.engine.environment [-] Registered: [Plugin](User:False) OS::Keystone::Role ->
2026-03-23 01:33:02.598 59549 INFO heat.engine.environment [-] Registered: [Plugin](User:False) OS::Keystone::UserRoleAssignment ->
2026-03-23 01:33:02.599 59549 INFO heat.engine.environment [-] Registered: [Plugin](User:False) OS::Keystone::GroupRoleAssignment ->
2026-03-23 01:33:02.599 59549 INFO heat.engine.environment [-] Registered: [Plugin](User:False) OS::Keystone::Service ->
2026-03-23 01:33:02.599 59549 INFO heat.engine.environment [-] Registered: [Plugin](User:False) OS::Keystone::User ->
2026-03-23 01:33:02.599 59549 INFO heat.engine.environment [-] Registered: [Plugin](User:False) OS::Magnum::Bay ->
2026-03-23 01:33:02.599 59549 INFO heat.engine.environment [-] Registered: [Plugin](User:False) OS::Magnum::BayModel ->
2026-03-23 01:33:02.599 59549 INFO heat.engine.environment [-] Registered: [Plugin](User:False) OS::Magnum::Cluster ->
2026-03-23 01:33:02.599 59549 INFO heat.engine.environment [-] Registered: [Plugin](User:False) OS::Magnum::ClusterTemplate ->
2026-03-23 01:33:02.599 59549 INFO heat.engine.environment [-] Registered: [Plugin](User:False) OS::Manila::SecurityService ->
2026-03-23 01:33:02.599 59549 INFO heat.engine.environment [-] Registered: [Plugin](User:False) OS::Manila::Share ->
2026-03-23 01:33:02.599 59549 INFO heat.engine.environment [-] Registered: [Plugin](User:False) OS::Manila::ShareNetwork ->
2026-03-23 01:33:02.599 59549 INFO heat.engine.environment [-] Registered: [Plugin](User:False) OS::Manila::ShareType ->
2026-03-23 01:33:02.599 59549 INFO heat.engine.environment [-] Registered: [Plugin](User:False) OS::Mistral::CronTrigger ->
2026-03-23 01:33:02.600 59549 INFO heat.engine.environment [-] Registered: [Plugin](User:False) OS::Mistral::ExternalResource ->
2026-03-23 01:33:02.600 59549 INFO heat.engine.environment [-] Registered: [Plugin](User:False) OS::Mistral::Workflow ->
2026-03-23 01:33:02.600 59549 INFO heat.engine.environment [-] Registered: [Plugin](User:False) OS::Monasca::AlarmDefinition ->
2026-03-23 01:33:02.600 59549 INFO heat.engine.environment [-] Registered: [Plugin](User:False) OS::Monasca::Notification ->
2026-03-23 01:33:02.600 59549 INFO heat.engine.environment [-] Registered: [Plugin](User:False) OS::Neutron::AddressScope ->
2026-03-23 01:33:02.600 59549 INFO heat.engine.environment [-] Registered: [Plugin](User:False) OS::Neutron::ExtraRoute ->
2026-03-23 01:33:02.600 59549 INFO heat.engine.environment [-] Registered: [Plugin](User:False) OS::Neutron::ExtraRouteSet ->
2026-03-23 01:33:02.600 59549 INFO heat.engine.environment [-] Registered: [Plugin](User:False) OS::Neutron::Firewall ->
2026-03-23 01:33:02.600 59549 INFO heat.engine.environment [-] Registered: [Plugin](User:False) OS::Neutron::FirewallPolicy ->
2026-03-23 01:33:02.600 59549 INFO heat.engine.environment [-] Registered: [Plugin](User:False) OS::Neutron::FirewallRule ->
2026-03-23 01:33:02.600 59549 INFO heat.engine.environment [-] Registered: [Plugin](User:False) OS::Neutron::FloatingIP ->
2026-03-23 01:33:02.600 59549 INFO heat.engine.environment [-] Registered: [Plugin](User:False) OS::Neutron::FloatingIPAssociation ->
2026-03-23 01:33:02.601 59549 INFO heat.engine.environment [-] Registered: [Plugin](User:False) OS::Neutron::L2Gateway ->
2026-03-23 01:33:02.601 59549 INFO heat.engine.environment [-] Registered: [Plugin](User:False) OS::Neutron::L2GatewayConnection ->
2026-03-23 01:33:02.601 59549 INFO heat.engine.environment [-] Registered: [Plugin](User:False) OS::Neutron::LBaaS::HealthMonitor ->
2026-03-23 01:33:02.601 59549 INFO heat.engine.environment [-] Registered: [Plugin](User:False) OS::Neutron::LBaaS::L7Policy ->
2026-03-23 01:33:02.601 59549 INFO heat.engine.environment [-] Registered: [Plugin](User:False) OS::Neutron::LBaaS::L7Rule ->
2026-03-23 01:33:02.601 59549 INFO heat.engine.environment [-] Registered: [Plugin](User:False) OS::Neutron::LBaaS::Listener ->
2026-03-23 01:33:02.601 59549 INFO heat.engine.environment [-] Registered: [Plugin](User:False) OS::Neutron::LBaaS::LoadBalancer ->
2026-03-23 01:33:02.601 59549 INFO heat.engine.environment [-] Registered: [Plugin](User:False) OS::Neutron::LBaaS::Pool ->
2026-03-23 01:33:02.601 59549 INFO heat.engine.environment [-] Registered: [Plugin](User:False) OS::Neutron::LBaaS::PoolMember ->
2026-03-23 01:33:02.601 59549 INFO heat.engine.environment [-] Registered: [Plugin](User:False) OS::Neutron::HealthMonitor ->
2026-03-23 01:33:02.601 59549 INFO heat.engine.environment [-] Registered: [Plugin](User:False) OS::Neutron::Pool ->
2026-03-23 01:33:02.601 59549 INFO heat.engine.environment [-] Registered: [Plugin](User:False) OS::Neutron::PoolMember ->
2026-03-23 01:33:02.602 59549 INFO heat.engine.environment [-] Registered: [Plugin](User:False) OS::Neutron::LoadBalancer ->
2026-03-23 01:33:02.602 59549 INFO heat.engine.environment [-] Registered: [Plugin](User:False) OS::Neutron::MeteringLabel ->
2026-03-23 01:33:02.602 59549 INFO heat.engine.environment [-] Registered: [Plugin](User:False) OS::Neutron::MeteringRule ->
2026-03-23 01:33:02.602 59549 INFO heat.engine.environment [-] Registered: [Plugin](User:False) OS::Neutron::Net ->
2026-03-23 01:33:02.602 59549 INFO heat.engine.environment [-] Registered: [Plugin](User:False) OS::Neutron::NetworkGateway ->
2026-03-23 01:33:02.602 59549 INFO heat.engine.environment [-] Registered: [Plugin](User:False) OS::Neutron::Port ->
2026-03-23 01:33:02.602 59549 INFO heat.engine.environment [-] Registered: [Plugin](User:False) OS::Neutron::ProviderNet ->
2026-03-23 01:33:02.602 59549 INFO heat.engine.environment [-] Registered: [Plugin](User:False) OS::Neutron::QoSPolicy ->
2026-03-23 01:33:02.602 59549 INFO heat.engine.environment [-] Registered: [Plugin](User:False) OS::Neutron::QoSBandwidthLimitRule ->
2026-03-23 01:33:02.602 59549 INFO heat.engine.environment [-] Registered: [Plugin](User:False) OS::Neutron::QoSDscpMarkingRule ->
2026-03-23 01:33:02.602 59549 INFO heat.engine.environment [-] Registered: [Plugin](User:False) OS::Neutron::QoSMinimumBandwidthRule ->
2026-03-23 01:33:02.602 59549 INFO heat.engine.environment [-] Registered: [Plugin](User:False) OS::Neutron::Quota ->
2026-03-23 01:33:02.603 59549 INFO heat.engine.environment [-] Registered: [Plugin](User:False) OS::Neutron::RBACPolicy ->
2026-03-23 01:33:02.603 59549 INFO heat.engine.environment [-] Registered: [Plugin](User:False) OS::Neutron::Router ->
2026-03-23 01:33:02.603 59549 INFO heat.engine.environment [-] Registered: [Plugin](User:False) OS::Neutron::RouterInterface ->
2026-03-23 01:33:02.603 59549 INFO heat.engine.environment [-] Registered: [Plugin](User:False) OS::Neutron::RouterGateway ->
2026-03-23 01:33:02.603 59549 INFO heat.engine.environment [-] Registered: [Plugin](User:False) OS::Neutron::SecurityGroup ->
2026-03-23 01:33:02.603 59549 INFO heat.engine.environment [-] Registered: [Plugin](User:False) OS::Neutron::SecurityGroupRule ->
2026-03-23 01:33:02.603 59549 INFO heat.engine.environment [-] Registered: [Plugin](User:False) OS::Neutron::Segment ->
2026-03-23 01:33:02.603 59549 INFO heat.engine.environment [-] Registered: [Plugin](User:False) OS::Neutron::FlowClassifier ->
2026-03-23 01:33:02.603 59549 INFO heat.engine.environment [-] Registered: [Plugin](User:False) OS::Neutron::PortChain ->
2026-03-23 01:33:02.603 59549 INFO heat.engine.environment [-] Registered: [Plugin](User:False) OS::Neutron::PortPair ->
2026-03-23 01:33:02.603 59549 INFO heat.engine.environment [-] Registered: [Plugin](User:False) OS::Neutron::PortPairGroup ->
2026-03-23 01:33:02.603 59549 INFO heat.engine.environment [-] Registered: [Plugin](User:False) OS::Neutron::Subnet ->
2026-03-23 01:33:02.604 59549 INFO heat.engine.environment [-] Registered: [Plugin](User:False) OS::Neutron::SubnetPool ->
2026-03-23 01:33:02.604 59549 INFO heat.engine.environment [-] Registered: [Plugin](User:False) OS::Neutron::TaaS::TapFlow ->
2026-03-23 01:33:02.604 59549 INFO heat.engine.environment [-] Registered: [Plugin](User:False) OS::Neutron::TaaS::TapService ->
2026-03-23 01:33:02.604 59549 INFO heat.engine.environment [-] Registered: [Plugin](User:False) OS::Neutron::Trunk ->
2026-03-23 01:33:02.604 59549 INFO heat.engine.environment [-] Registered: [Plugin](User:False) OS::Neutron::VPNService ->
2026-03-23 01:33:02.604 59549 INFO heat.engine.environment [-] Registered: [Plugin](User:False) OS::Neutron::IPsecSiteConnection ->
2026-03-23 01:33:02.604 59549 INFO heat.engine.environment [-] Registered: [Plugin](User:False) OS::Neutron::IKEPolicy ->
2026-03-23 01:33:02.604 59549 INFO heat.engine.environment [-] Registered: [Plugin](User:False) OS::Neutron::IPsecPolicy ->
2026-03-23 01:33:02.604 59549 INFO heat.engine.environment [-] Registered: [Plugin](User:False) OS::Nova::Flavor ->
2026-03-23 01:33:02.604 59549 INFO heat.engine.environment [-] Registered: [Plugin](User:False) OS::Nova::FloatingIP ->
2026-03-23 01:33:02.605 59549 INFO heat.engine.environment [-] Registered: [Plugin](User:False) OS::Nova::FloatingIPAssociation ->
2026-03-23 01:33:02.605 59549 INFO heat.engine.environment [-] Registered: [Plugin](User:False) OS::Nova::HostAggregate ->
2026-03-23 01:33:02.605 59549 INFO heat.engine.environment [-] Registered: [Plugin](User:False) OS::Nova::KeyPair ->
2026-03-23 01:33:02.605 59549 INFO heat.engine.environment [-] Registered: [Plugin](User:False) OS::Nova::Quota ->
2026-03-23 01:33:02.605 59549 INFO heat.engine.environment [-] Registered: [Plugin](User:False) OS::Nova::Server ->
2026-03-23 01:33:02.605 59549 INFO heat.engine.environment [-] Registered: [Plugin](User:False) OS::Nova::ServerGroup ->
2026-03-23 01:33:02.605 59549 INFO heat.engine.environment [-] Registered: [Plugin](User:False) OS::Octavia::Flavor ->
2026-03-23 01:33:02.605 59549 INFO heat.engine.environment [-] Registered: [Plugin](User:False) OS::Octavia::FlavorProfile ->
2026-03-23 01:33:02.605 59549 INFO heat.engine.environment [-] Registered: [Plugin](User:False) OS::Octavia::HealthMonitor ->
2026-03-23 01:33:02.605 59549 INFO heat.engine.environment [-] Registered: [Plugin](User:False) OS::Octavia::L7Policy ->
2026-03-23 01:33:02.605 59549 INFO heat.engine.environment [-] Registered: [Plugin](User:False) OS::Octavia::L7Rule ->
2026-03-23 01:33:02.605 59549 INFO heat.engine.environment [-] Registered: [Plugin](User:False) OS::Octavia::Listener ->
2026-03-23 01:33:02.606 59549 INFO heat.engine.environment [-] Registered: [Plugin](User:False) OS::Octavia::LoadBalancer ->
2026-03-23 01:33:02.606 59549 INFO heat.engine.environment [-] Registered: [Plugin](User:False) OS::Octavia::Pool ->
2026-03-23 01:33:02.606 59549 INFO heat.engine.environment [-] Registered: [Plugin](User:False) OS::Octavia::PoolMember ->
2026-03-23 01:33:02.606 59549 INFO heat.engine.environment [-] Registered: [Plugin](User:False) OS::Octavia::Quota ->
2026-03-23 01:33:02.606 59549 INFO heat.engine.environment [-] Registered: [Plugin](User:False) OS::Sahara::Cluster ->
2026-03-23 01:33:02.606 59549 INFO heat.engine.environment [-] Registered: [Plugin](User:False) OS::Sahara::DataSource ->
2026-03-23 01:33:02.606 59549 INFO heat.engine.environment [-] Registered: [Plugin](User:False) OS::Sahara::ImageRegistry ->
2026-03-23 01:33:02.606 59549 INFO heat.engine.environment [-] Registered: [Plugin](User:False) OS::Sahara::Job ->
2026-03-23 01:33:02.606 59549 INFO heat.engine.environment [-] Registered: [Plugin](User:False) OS::Sahara::JobBinary ->
2026-03-23 01:33:02.606 59549 INFO heat.engine.environment [-] Registered: [Plugin](User:False) OS::Sahara::NodeGroupTemplate ->
2026-03-23 01:33:02.606 59549 INFO heat.engine.environment [-] Registered: [Plugin](User:False) OS::Sahara::ClusterTemplate ->
2026-03-23 01:33:02.606 59549 INFO heat.engine.environment [-] Registered: [Plugin](User:False) OS::Senlin::Cluster ->
2026-03-23 01:33:02.607 59549 INFO heat.engine.environment [-] Registered: [Plugin](User:False) OS::Senlin::Node ->
2026-03-23 01:33:02.607 59549 INFO heat.engine.environment [-] Registered: [Plugin](User:False) OS::Senlin::Policy ->
2026-03-23 01:33:02.607 59549 INFO heat.engine.environment [-] Registered: [Plugin](User:False) OS::Senlin::Profile ->
2026-03-23 01:33:02.607 59549 INFO heat.engine.environment [-] Registered: [Plugin](User:False) OS::Senlin::Receiver ->
2026-03-23 01:33:02.607 59549 INFO heat.engine.environment [-] Registered: [Plugin](User:False) OS::Swift::Container ->
2026-03-23 01:33:02.607 59549 INFO heat.engine.environment [-] Registered: [Plugin](User:False) OS::Trove::Cluster ->
2026-03-23 01:33:02.607 59549 INFO heat.engine.environment [-] Registered: [Plugin](User:False) OS::Trove::Instance ->
2026-03-23 01:33:02.607 59549 INFO heat.engine.environment [-] Registered: [Plugin](User:False) OS::Vitrage::Template ->
2026-03-23 01:33:02.607 59549 INFO heat.engine.environment [-] Registered: [Plugin](User:False) OS::Zaqar::Queue ->
2026-03-23 01:33:02.607 59549 INFO heat.engine.environment [-] Registered: [Plugin](User:False) OS::Zaqar::SignedQueueURL ->
2026-03-23 01:33:02.607 59549 INFO heat.engine.environment [-] Registered: [Plugin](User:False) OS::Zaqar::Subscription ->
2026-03-23 01:33:02.608 59549 INFO heat.engine.environment [-] Registered: [Plugin](User:False) OS::Zaqar::MistralTrigger ->
2026-03-23 01:33:02.608 59549 INFO heat.engine.environment [-] Registered: [Wildcard Mapping](User:False) OS::Quantum* -> OS::Neutron*
2026-03-23 01:33:02.608 59549 INFO heat.engine.environment [-] Registered: [Template](User:False) AWS::CloudWatch::Alarm -> file:///etc/heat/templates/AWS_CloudWatch_Alarm.yaml
2026-03-23 01:33:02.608 59549 INFO heat.engine.environment [-] Registered: [Mapping](User:False) OS::Metering::Alarm -> OS::Aodh::Alarm
2026-03-23 01:33:02.608 59549 INFO heat.engine.environment [-] Registered: [Template](User:False) AWS::RDS::DBInstance -> file:///etc/heat/templates/AWS_RDS_DBInstance.yaml
2026-03-23 01:33:02.608 59549 INFO heat.engine.environment [-] Registered: [Mapping](User:False) OS::Ceilometer::Alarm -> OS::Aodh::Alarm
2026-03-23 01:33:02.608 59549 INFO heat.engine.environment [-] Registered: [Mapping](User:False) OS::Ceilometer::GnocchiResourcesAlarm -> OS::Aodh::GnocchiResourcesAlarm
2026-03-23 01:33:02.608 59549 INFO heat.engine.environment [-] Registered: [Mapping](User:False) OS::Ceilometer::GnocchiAggregationByMetricsAlarm -> OS::Aodh::GnocchiAggregationByMetricsAlarm
2026-03-23 01:33:02.608 59549 INFO heat.engine.environment [-] Registered: [Mapping](User:False) OS::Ceilometer::GnocchiAggregationByResourcesAlarm -> OS::Aodh::GnocchiAggregationByResourcesAlarm
2026-03-23 01:33:02.608 59549 INFO heat.engine.environment [-] Registered: [Mapping](User:False) OS::Ceilometer::CombinationAlarm -> OS::Aodh::CombinationAlarm
2026-03-23 01:33:02.619 59549 DEBUG oslo_concurrency.lockutils [-] Acquired lock "singleton_lock" lock /usr/lib/python3/dist-packages/oslo_concurrency/lockutils.py:294
2026-03-23 01:33:02.619 59549 DEBUG oslo_concurrency.lockutils [-] Releasing lock "singleton_lock" lock /usr/lib/python3/dist-packages/oslo_concurrency/lockutils.py:312
2026-03-23 01:33:02.620 59549 INFO oslo_service.service [-] Starting 4 workers
2026-03-23 01:33:02.626 59549 DEBUG oslo_service.service [-] Started child 59759 _start_child /usr/lib/python3/dist-packages/oslo_service/service.py:575
2026-03-23 01:33:02.631 59759 DEBUG heat.engine.service [-] Starting listener for engine 7eab9435-d971-4582-9e4f-198ba4fdc93e start /usr/lib/python3/dist-packages/heat/engine/service.py:392
2026-03-23 01:33:02.632 59549 DEBUG oslo_service.service [-] Started child 59760 _start_child /usr/lib/python3/dist-packages/oslo_service/service.py:575
2026-03-23 01:33:02.639 59760 DEBUG heat.engine.service [-] Starting listener for engine 2d7d5de0-2c2d-4a83-9a22-0e7fb2f059e1 start /usr/lib/python3/dist-packages/heat/engine/service.py:392
2026-03-23 01:33:02.639 59549 DEBUG oslo_service.service [-] Started child 59761 _start_child /usr/lib/python3/dist-packages/oslo_service/service.py:575
2026-03-23 01:33:02.646 59761 DEBUG heat.engine.service [-] Starting listener for engine a01e6bc1-22c0-4fae-b67b-4264c00cc26c start /usr/lib/python3/dist-packages/heat/engine/service.py:392
2026-03-23 01:33:02.646 59549 DEBUG oslo_service.service [-] Started child 59762 _start_child /usr/lib/python3/dist-packages/oslo_service/service.py:575
