2026-03-23 02:17:22.859 7 DEBUG oslo_service.service [-] ml2_type_gre.tunnel_id_ranges = [] log_opt_values /var/lib/kolla/venv/lib/python3.6/site-packages/oslo_config/cfg.py:2611
2026-03-23 02:17:22.859 7 DEBUG oslo_service.service [-] ml2_type_vlan.network_vlan_ranges = [] log_opt_values /var/lib/kolla/venv/lib/python3.6/site-packages/oslo_config/cfg.py:2611
2026-03-23 02:17:22.859 7 DEBUG oslo_service.service [-] ml2_type_vxlan.vni_ranges = [] log_opt_values /var/lib/kolla/venv/lib/python3.6/site-packages/oslo_config/cfg.py:2611
2026-03-23 02:17:22.859 7 DEBUG oslo_service.service [-] ml2_type_vxlan.vxlan_group = None log_opt_values /var/lib/kolla/venv/lib/python3.6/site-packages/oslo_config/cfg.py:2611
2026-03-23 02:17:22.859 7 DEBUG oslo_service.service [-] database.backend = sqlalchemy log_opt_values /var/lib/kolla/venv/lib/python3.6/site-packages/oslo_config/cfg.py:2611
2026-03-23 02:17:22.859 7 DEBUG oslo_service.service [-] database.connection = **** log_opt_values /var/lib/kolla/venv/lib/python3.6/site-packages/oslo_config/cfg.py:2611
2026-03-23 02:17:22.859 7 DEBUG oslo_service.service [-] database.connection_debug = 0 log_opt_values /var/lib/kolla/venv/lib/python3.6/site-packages/oslo_config/cfg.py:2611
2026-03-23 02:17:22.859 7 DEBUG oslo_service.service [-] database.connection_parameters = log_opt_values /var/lib/kolla/venv/lib/python3.6/site-packages/oslo_config/cfg.py:2611
2026-03-23 02:17:22.859 7 DEBUG oslo_service.service [-] database.connection_recycle_time = 10 log_opt_values /var/lib/kolla/venv/lib/python3.6/site-packages/oslo_config/cfg.py:2611
2026-03-23 02:17:22.859 7 DEBUG oslo_service.service [-] database.connection_trace = False log_opt_values /var/lib/kolla/venv/lib/python3.6/site-packages/oslo_config/cfg.py:2611
2026-03-23 02:17:22.859 7 DEBUG oslo_service.service [-] database.db_inc_retry_interval = True log_opt_values /var/lib/kolla/venv/lib/python3.6/site-packages/oslo_config/cfg.py:2611
2026-03-23 02:17:22.860 7 DEBUG oslo_service.service [-] database.db_max_retries = 20 log_opt_values /var/lib/kolla/venv/lib/python3.6/site-packages/oslo_config/cfg.py:2611
2026-03-23 02:17:22.860 7 DEBUG oslo_service.service [-] database.db_max_retry_interval = 10 log_opt_values /var/lib/kolla/venv/lib/python3.6/site-packages/oslo_config/cfg.py:2611
2026-03-23 02:17:22.860 7 DEBUG oslo_service.service [-] database.db_retry_interval = 1 log_opt_values /var/lib/kolla/venv/lib/python3.6/site-packages/oslo_config/cfg.py:2611
2026-03-23 02:17:22.860 7 DEBUG oslo_service.service [-] database.max_overflow = 50 log_opt_values /var/lib/kolla/venv/lib/python3.6/site-packages/oslo_config/cfg.py:2611
2026-03-23 02:17:22.860 7 DEBUG oslo_service.service [-] database.max_pool_size = 1 log_opt_values /var/lib/kolla/venv/lib/python3.6/site-packages/oslo_config/cfg.py:2611
2026-03-23 02:17:22.860 7 DEBUG oslo_service.service [-] database.max_retries = -1 log_opt_values /var/lib/kolla/venv/lib/python3.6/site-packages/oslo_config/cfg.py:2611
2026-03-23 02:17:22.860 7 DEBUG oslo_service.service [-] database.mysql_enable_ndb = False log_opt_values /var/lib/kolla/venv/lib/python3.6/site-packages/oslo_config/cfg.py:2611
2026-03-23 02:17:22.860 7 DEBUG oslo_service.service [-] database.mysql_sql_mode = TRADITIONAL log_opt_values /var/lib/kolla/venv/lib/python3.6/site-packages/oslo_config/cfg.py:2611
2026-03-23 02:17:22.860 7 DEBUG oslo_service.service [-] database.pool_timeout = None log_opt_values /var/lib/kolla/venv/lib/python3.6/site-packages/oslo_config/cfg.py:2611
2026-03-23 02:17:22.860 7 DEBUG oslo_service.service [-] database.retry_interval = 10 log_opt_values /var/lib/kolla/venv/lib/python3.6/site-packages/oslo_config/cfg.py:2611
2026-03-23 02:17:22.860 7 DEBUG oslo_service.service [-] database.slave_connection = **** log_opt_values /var/lib/kolla/venv/lib/python3.6/site-packages/oslo_config/cfg.py:2611
2026-03-23 02:17:22.860 7 DEBUG oslo_service.service [-] database.sqlite_synchronous = True log_opt_values /var/lib/kolla/venv/lib/python3.6/site-packages/oslo_config/cfg.py:2611
2026-03-23 02:17:22.860 7 DEBUG oslo_service.service [-] database.use_db_reconnect = False log_opt_values /var/lib/kolla/venv/lib/python3.6/site-packages/oslo_config/cfg.py:2611
2026-03-23 02:17:22.860 7 DEBUG oslo_service.service [-] ******************************************************************************** log_opt_values /var/lib/kolla/venv/lib/python3.6/site-packages/oslo_config/cfg.py:2613
2026-03-23 02:17:24.064 22 DEBUG neutron.wsgi [-] (22) accepted ('10.0.0.242', 37020) server /var/lib/kolla/venv/lib/python3.6/site-packages/eventlet/wsgi.py:1004
2026-03-23 02:17:24.071 22 INFO neutron.wsgi [-] 10.0.0.242 "GET / HTTP/1.1" status: 200 len: 228 time: 0.0052080
2026-03-23 02:17:26.718 24 DEBUG neutron.api.rpc.handlers.dhcp_rpc [req-ade9873b-49d2-4e90-8612-b9f505b942bb - - - - -] get_active_networks_info from cn-jenkins-deploy-platform-ansible-os-5513-1 get_active_networks_info /var/lib/kolla/venv/lib/python3.6/site-packages/neutron/api/rpc/handlers/dhcp_rpc.py:159
2026-03-23 02:17:26.743 26 DEBUG neutron_lib.callbacks.manager [req-ba18a2aa-a0e7-4986-bf0d-0171fdd86a08 - - - - -] Publish callbacks ['neutron.services.segments.db._update_segment_host_mapping_for_agent-8755754132544', 'neutron.services.l3_router.l3_router_plugin.DVRResourceOperationHandler.create_fip_agent_gw_ports-647357'] for agent (ceb46a8f-d4c5-462e-be35-7dd37042c4af), after_create _notify_loop /var/lib/kolla/venv/lib/python3.6/site-packages/neutron_lib/callbacks/manager.py:177
2026-03-23 02:17:26.761 24 DEBUG neutron.scheduler.dhcp_agent_scheduler [req-ade9873b-49d2-4e90-8612-b9f505b942bb - - - - -] No non-hosted networks auto_schedule_networks /var/lib/kolla/venv/lib/python3.6/site-packages/neutron/scheduler/dhcp_agent_scheduler.py:60
2026-03-23 02:17:44.594 27 DEBUG neutron_lib.callbacks.manager [req-0424dc4e-bfba-41f4-a237-931b99c92773 - - - - -] Publish callbacks ['neutron.services.segments.db._update_segment_host_mapping_for_agent-8755754132544', 'neutron.services.l3_router.l3_router_plugin.DVRResourceOperationHandler.create_fip_agent_gw_ports-647357'] for agent (566c6d4d-7010-4d50-920a-bdccfe46c6f5), after_create _notify_loop /var/lib/kolla/venv/lib/python3.6/site-packages/neutron_lib/callbacks/manager.py:177
2026-03-23 02:17:54.117 22 DEBUG neutron.wsgi [-] (22) accepted ('10.0.0.242', 55618) server /var/lib/kolla/venv/lib/python3.6/site-packages/eventlet/wsgi.py:1004
2026-03-23 02:17:54.124 22 INFO neutron.wsgi [-] 10.0.0.242 "GET / HTTP/1.1" status: 200 len: 228 time: 0.0055857
2026-03-23 02:17:56.731 25 DEBUG neutron_lib.callbacks.manager [req-5e9df40a-17f8-4924-8491-d8bfc87ef4d9 - - - - -] Publish callbacks ['neutron.services.segments.db._update_segment_host_mapping_for_agent-8755754132544', 'neutron.plugins.ml2.plugin.Ml2Plugin._retry_binding_revived_agents--9223372036850827748'] for agent (ceb46a8f-d4c5-462e-be35-7dd37042c4af), after_update _notify_loop /var/lib/kolla/venv/lib/python3.6/site-packages/neutron_lib/callbacks/manager.py:177
2026-03-23 02:18:14.579 23 DEBUG neutron_lib.callbacks.manager [req-0424dc4e-bfba-41f4-a237-931b99c92773 - - - - -] Publish callbacks ['neutron.services.segments.db._update_segment_host_mapping_for_agent-8755754132544', 'neutron.plugins.ml2.plugin.Ml2Plugin._retry_binding_revived_agents--9223372036850827748'] for agent (566c6d4d-7010-4d50-920a-bdccfe46c6f5), after_update _notify_loop /var/lib/kolla/venv/lib/python3.6/site-packages/neutron_lib/callbacks/manager.py:177
2026-03-23 02:18:21.819 29 DEBUG neutron.db.agents_db [req-eb3087a6-665d-4019-9168-19fad4ef677c - - - - -] Agent healthcheck: found 2 active agents agent_health_check /var/lib/kolla/venv/lib/python3.6/site-packages/neutron/db/agents_db.py:318
2026-03-23 02:18:24.171 22 DEBUG neutron.wsgi [-] (22) accepted ('10.0.0.242', 48946) server /var/lib/kolla/venv/lib/python3.6/site-packages/eventlet/wsgi.py:1004
2026-03-23 02:18:24.178 22 INFO neutron.wsgi [-] 10.0.0.242 "GET / HTTP/1.1" status: 200 len: 228 time: 0.0061898
2026-03-23 02:18:26.731 28 DEBUG neutron_lib.callbacks.manager [req-d5c755d1-398f-418a-a4a6-1c4c7d9f0583 - - - - -] Publish callbacks ['neutron.services.segments.db._update_segment_host_mapping_for_agent-8755754132544', 'neutron.plugins.ml2.plugin.Ml2Plugin._retry_binding_revived_agents--9223372036850827748'] for agent (ceb46a8f-d4c5-462e-be35-7dd37042c4af), after_update _notify_loop /var/lib/kolla/venv/lib/python3.6/site-packages/neutron_lib/callbacks/manager.py:177
2026-03-23 02:18:44.570 24 DEBUG neutron_lib.callbacks.manager [req-0424dc4e-bfba-41f4-a237-931b99c92773 - - - - -] Publish callbacks ['neutron.services.segments.db._update_segment_host_mapping_for_agent-8755754132544', 'neutron.plugins.ml2.plugin.Ml2Plugin._retry_binding_revived_agents--9223372036850827748'] for agent (566c6d4d-7010-4d50-920a-bdccfe46c6f5), after_update _notify_loop /var/lib/kolla/venv/lib/python3.6/site-packages/neutron_lib/callbacks/manager.py:177
2026-03-23 02:18:54.220 22 DEBUG neutron.wsgi [-] (22) accepted ('10.0.0.242', 46936) server /var/lib/kolla/venv/lib/python3.6/site-packages/eventlet/wsgi.py:1004
2026-03-23 02:18:54.224 22 INFO neutron.wsgi [-] 10.0.0.242 "GET / HTTP/1.1" status: 200 len: 228 time: 0.0025299
2026-03-23 02:18:56.722 26 DEBUG neutron_lib.callbacks.manager [req-cfc72a8c-5ff4-4495-a376-6c42efa6ba11 - - - - -] Publish callbacks ['neutron.services.segments.db._update_segment_host_mapping_for_agent-8755754132544', 'neutron.plugins.ml2.plugin.Ml2Plugin._retry_binding_revived_agents--9223372036850827748'] for agent (ceb46a8f-d4c5-462e-be35-7dd37042c4af), after_update _notify_loop /var/lib/kolla/venv/lib/python3.6/site-packages/neutron_lib/callbacks/manager.py:177
2026-03-23 02:18:58.815 29 DEBUG neutron.db.agents_db [req-eb3087a6-665d-4019-9168-19fad4ef677c - - - - -] Agent healthcheck: found 2 active agents agent_health_check /var/lib/kolla/venv/lib/python3.6/site-packages/neutron/db/agents_db.py:318
2026-03-23 02:19:14.565 27 DEBUG neutron_lib.callbacks.manager [req-0424dc4e-bfba-41f4-a237-931b99c92773 - - - - -] Publish callbacks ['neutron.services.segments.db._update_segment_host_mapping_for_agent-8755754132544', 'neutron.plugins.ml2.plugin.Ml2Plugin._retry_binding_revived_agents--9223372036850827748'] for agent (566c6d4d-7010-4d50-920a-bdccfe46c6f5), after_update _notify_loop /var/lib/kolla/venv/lib/python3.6/site-packages/neutron_lib/callbacks/manager.py:177
2026-03-23 02:19:24.270 22 DEBUG neutron.wsgi [-] (22) accepted ('10.0.0.242', 59042) server /var/lib/kolla/venv/lib/python3.6/site-packages/eventlet/wsgi.py:1004
2026-03-23 02:19:24.274 22 INFO neutron.wsgi [-] 10.0.0.242 "GET / HTTP/1.1" status: 200 len: 228 time: 0.0034962
2026-03-23 02:19:26.720 25 DEBUG neutron_lib.callbacks.manager [req-455d3e9c-0561-4058-afb6-5176c6ba103f - - - - -] Publish callbacks ['neutron.services.segments.db._update_segment_host_mapping_for_agent-8755754132544', 'neutron.plugins.ml2.plugin.Ml2Plugin._retry_binding_revived_agents--9223372036850827748'] for agent (ceb46a8f-d4c5-462e-be35-7dd37042c4af), after_update _notify_loop /var/lib/kolla/venv/lib/python3.6/site-packages/neutron_lib/callbacks/manager.py:177
2026-03-23 02:19:35.824 29 DEBUG neutron.db.agents_db [req-eb3087a6-665d-4019-9168-19fad4ef677c - - - - -] Agent healthcheck: found 2 active agents agent_health_check /var/lib/kolla/venv/lib/python3.6/site-packages/neutron/db/agents_db.py:318
2026-03-23 02:19:44.562 23 DEBUG neutron_lib.callbacks.manager [req-0424dc4e-bfba-41f4-a237-931b99c92773 - - - - -] Publish callbacks ['neutron.services.segments.db._update_segment_host_mapping_for_agent-8755754132544', 'neutron.plugins.ml2.plugin.Ml2Plugin._retry_binding_revived_agents--9223372036850827748'] for agent (566c6d4d-7010-4d50-920a-bdccfe46c6f5), after_update _notify_loop /var/lib/kolla/venv/lib/python3.6/site-packages/neutron_lib/callbacks/manager.py:177
2026-03-23 02:19:54.323 22 DEBUG neutron.wsgi [-] (22) accepted ('10.0.0.242', 33720) server /var/lib/kolla/venv/lib/python3.6/site-packages/eventlet/wsgi.py:1004
2026-03-23 02:19:54.328 22 INFO neutron.wsgi [-] 10.0.0.242 "GET / HTTP/1.1" status: 200 len: 228 time: 0.0044367
2026-03-23 02:19:56.720 28 DEBUG neutron_lib.callbacks.manager [req-5adf1059-0d6a-4bd9-83d9-13a40d9e72c5 - - - - -] Publish callbacks ['neutron.services.segments.db._update_segment_host_mapping_for_agent-8755754132544', 'neutron.plugins.ml2.plugin.Ml2Plugin._retry_binding_revived_agents--9223372036850827748'] for agent (ceb46a8f-d4c5-462e-be35-7dd37042c4af), after_update _notify_loop /var/lib/kolla/venv/lib/python3.6/site-packages/neutron_lib/callbacks/manager.py:177
2026-03-23 02:20:12.820 29 DEBUG neutron.db.agents_db [req-eb3087a6-665d-4019-9168-19fad4ef677c - - - - -] Agent healthcheck: found 2 active agents agent_health_check /var/lib/kolla/venv/lib/python3.6/site-packages/neutron/db/agents_db.py:318
2026-03-23 02:20:14.569 24 DEBUG neutron_lib.callbacks.manager [req-0424dc4e-bfba-41f4-a237-931b99c92773 - - - - -] Publish callbacks ['neutron.services.segments.db._update_segment_host_mapping_for_agent-8755754132544', 'neutron.plugins.ml2.plugin.Ml2Plugin._retry_binding_revived_agents--9223372036850827748'] for agent (566c6d4d-7010-4d50-920a-bdccfe46c6f5), after_update _notify_loop /var/lib/kolla/venv/lib/python3.6/site-packages/neutron_lib/callbacks/manager.py:177
2026-03-23 02:20:24.375 22 DEBUG neutron.wsgi [-] (22) accepted ('10.0.0.242', 48668) server /var/lib/kolla/venv/lib/python3.6/site-packages/eventlet/wsgi.py:1004
2026-03-23 02:20:24.378 22 INFO neutron.wsgi [-] 10.0.0.242 "GET / HTTP/1.1" status: 200 len: 228 time: 0.0025089
2026-03-23 02:20:26.716 26 DEBUG neutron_lib.callbacks.manager [req-648c2681-cc4e-455a-9187-5dc9ae49d0e4 - - - - -] Publish callbacks ['neutron.services.segments.db._update_segment_host_mapping_for_agent-8755754132544', 'neutron.plugins.ml2.plugin.Ml2Plugin._retry_binding_revived_agents--9223372036850827748'] for agent (ceb46a8f-d4c5-462e-be35-7dd37042c4af), after_update _notify_loop /var/lib/kolla/venv/lib/python3.6/site-packages/neutron_lib/callbacks/manager.py:177
2026-03-23 02:20:44.570 27 DEBUG neutron_lib.callbacks.manager [req-0424dc4e-bfba-41f4-a237-931b99c92773 - - - - -] Publish callbacks ['neutron.services.segments.db._update_segment_host_mapping_for_agent-8755754132544', 'neutron.plugins.ml2.plugin.Ml2Plugin._retry_binding_revived_agents--9223372036850827748'] for agent (566c6d4d-7010-4d50-920a-bdccfe46c6f5), after_update _notify_loop /var/lib/kolla/venv/lib/python3.6/site-packages/neutron_lib/callbacks/manager.py:177
2026-03-23 02:20:49.829 29 DEBUG neutron.db.agents_db [req-eb3087a6-665d-4019-9168-19fad4ef677c - - - - -] Agent healthcheck: found 2 active agents agent_health_check /var/lib/kolla/venv/lib/python3.6/site-packages/neutron/db/agents_db.py:318
2026-03-23 02:20:54.423 22 DEBUG neutron.wsgi [-] (22) accepted ('10.0.0.242', 39472) server /var/lib/kolla/venv/lib/python3.6/site-packages/eventlet/wsgi.py:1004
2026-03-23 02:20:54.427 22 INFO neutron.wsgi [-] 10.0.0.242 "GET / HTTP/1.1" status: 200 len: 228 time: 0.0029452
2026-03-23 02:20:56.722 25 DEBUG neutron_lib.callbacks.manager [req-f5ae5914-c02c-4b07-a98a-1677486210c4 - - - - -] Publish callbacks ['neutron.services.segments.db._update_segment_host_mapping_for_agent-8755754132544', 'neutron.plugins.ml2.plugin.Ml2Plugin._retry_binding_revived_agents--9223372036850827748'] for agent (ceb46a8f-d4c5-462e-be35-7dd37042c4af), after_update _notify_loop /var/lib/kolla/venv/lib/python3.6/site-packages/neutron_lib/callbacks/manager.py:177
2026-03-23 02:21:14.573 23 DEBUG neutron_lib.callbacks.manager [req-0424dc4e-bfba-41f4-a237-931b99c92773 - - - - -] Publish callbacks ['neutron.services.segments.db._update_segment_host_mapping_for_agent-8755754132544', 'neutron.plugins.ml2.plugin.Ml2Plugin._retry_binding_revived_agents--9223372036850827748'] for agent (566c6d4d-7010-4d50-920a-bdccfe46c6f5), after_update _notify_loop /var/lib/kolla/venv/lib/python3.6/site-packages/neutron_lib/callbacks/manager.py:177
2026-03-23 02:21:24.474 22 DEBUG neutron.wsgi [-] (22) accepted ('10.0.0.242', 32990) server /var/lib/kolla/venv/lib/python3.6/site-packages/eventlet/wsgi.py:1004
2026-03-23 02:21:24.477 22 INFO neutron.wsgi [-] 10.0.0.242 "GET / HTTP/1.1" status: 200 len: 228 time: 0.0025017
2026-03-23 02:21:26.719 28 DEBUG neutron_lib.callbacks.manager [req-5518a762-7adb-4e07-bc60-00b012e49cf6 - - - - -] Publish callbacks ['neutron.services.segments.db._update_segment_host_mapping_for_agent-8755754132544', 'neutron.plugins.ml2.plugin.Ml2Plugin._retry_binding_revived_agents--9223372036850827748'] for agent (ceb46a8f-d4c5-462e-be35-7dd37042c4af), after_update _notify_loop /var/lib/kolla/venv/lib/python3.6/site-packages/neutron_lib/callbacks/manager.py:177
2026-03-23 02:21:26.825 29 DEBUG neutron.db.agents_db [req-eb3087a6-665d-4019-9168-19fad4ef677c - - - - -] Agent healthcheck: found 2 active agents agent_health_check /var/lib/kolla/venv/lib/python3.6/site-packages/neutron/db/agents_db.py:318
2026-03-23 02:21:44.577 24 DEBUG neutron_lib.callbacks.manager [req-0424dc4e-bfba-41f4-a237-931b99c92773 - - - - -] Publish callbacks ['neutron.services.segments.db._update_segment_host_mapping_for_agent-8755754132544', 'neutron.plugins.ml2.plugin.Ml2Plugin._retry_binding_revived_agents--9223372036850827748'] for agent (566c6d4d-7010-4d50-920a-bdccfe46c6f5), after_update _notify_loop /var/lib/kolla/venv/lib/python3.6/site-packages/neutron_lib/callbacks/manager.py:177
2026-03-23 02:21:54.521 22 DEBUG neutron.wsgi [-] (22) accepted ('10.0.0.242', 47540) server /var/lib/kolla/venv/lib/python3.6/site-packages/eventlet/wsgi.py:1004
2026-03-23 02:21:54.524 22 INFO neutron.wsgi [-] 10.0.0.242 "GET / HTTP/1.1" status: 200 len: 228 time: 0.0027468
2026-03-23 02:21:56.746 26 DEBUG neutron_lib.callbacks.manager [req-0c60ecb5-bcf1-49cc-a1de-750295e26bb5 - - - - -] Publish callbacks ['neutron.services.segments.db._update_segment_host_mapping_for_agent-8755754132544', 'neutron.plugins.ml2.plugin.Ml2Plugin._retry_binding_revived_agents--9223372036850827748'] for agent (ceb46a8f-d4c5-462e-be35-7dd37042c4af), after_update _notify_loop /var/lib/kolla/venv/lib/python3.6/site-packages/neutron_lib/callbacks/manager.py:177
2026-03-23 02:22:03.831 29 DEBUG neutron.db.agents_db [req-eb3087a6-665d-4019-9168-19fad4ef677c - - - - -] Agent healthcheck: found 2 active agents agent_health_check /var/lib/kolla/venv/lib/python3.6/site-packages/neutron/db/agents_db.py:318
2026-03-23 02:22:14.576 27 DEBUG neutron_lib.callbacks.manager [req-0424dc4e-bfba-41f4-a237-931b99c92773 - - - - -] Publish callbacks ['neutron.services.segments.db._update_segment_host_mapping_for_agent-8755754132544', 'neutron.plugins.ml2.plugin.Ml2Plugin._retry_binding_revived_agents--9223372036850827748'] for agent (566c6d4d-7010-4d50-920a-bdccfe46c6f5), after_update _notify_loop /var/lib/kolla/venv/lib/python3.6/site-packages/neutron_lib/callbacks/manager.py:177
2026-03-23 02:22:24.569 22 DEBUG neutron.wsgi [-] (22) accepted ('10.0.0.242', 55650) server /var/lib/kolla/venv/lib/python3.6/site-packages/eventlet/wsgi.py:1004
2026-03-23 02:22:24.574 22 INFO neutron.wsgi [-] 10.0.0.242 "GET / HTTP/1.1" status: 200 len: 228 time: 0.0036044
2026-03-23 02:22:26.712 25 DEBUG neutron_lib.callbacks.manager [req-13d63870-e038-4bb5-b2e5-afae91b0e558 - - - - -] Publish callbacks ['neutron.services.segments.db._update_segment_host_mapping_for_agent-8755754132544', 'neutron.plugins.ml2.plugin.Ml2Plugin._retry_binding_revived_agents--9223372036850827748'] for agent (ceb46a8f-d4c5-462e-be35-7dd37042c4af), after_update _notify_loop /var/lib/kolla/venv/lib/python3.6/site-packages/neutron_lib/callbacks/manager.py:177
2026-03-23 02:22:40.838 29 DEBUG neutron.db.agents_db [req-eb3087a6-665d-4019-9168-19fad4ef677c - - - - -] Agent healthcheck: found 2 active agents agent_health_check /var/lib/kolla/venv/lib/python3.6/site-packages/neutron/db/agents_db.py:318
2026-03-23 02:22:44.581 23 DEBUG neutron_lib.callbacks.manager [req-0424dc4e-bfba-41f4-a237-931b99c92773 - - - - -] Publish callbacks ['neutron.services.segments.db._update_segment_host_mapping_for_agent-8755754132544', 'neutron.plugins.ml2.plugin.Ml2Plugin._retry_binding_revived_agents--9223372036850827748'] for agent (566c6d4d-7010-4d50-920a-bdccfe46c6f5), after_update _notify_loop /var/lib/kolla/venv/lib/python3.6/site-packages/neutron_lib/callbacks/manager.py:177
2026-03-23 02:22:54.623 22 DEBUG neutron.wsgi [-] (22) accepted ('10.0.0.242', 40994) server /var/lib/kolla/venv/lib/python3.6/site-packages/eventlet/wsgi.py:1004
2026-03-23 02:22:54.627 22 INFO neutron.wsgi [-] 10.0.0.242 "GET / HTTP/1.1" status: 200 len: 228 time: 0.0029218
2026-03-23 02:22:56.711 28 DEBUG neutron_lib.callbacks.manager [req-46b11a65-3d86-4e94-8d64-69594a6efb26 - - - - -] Publish callbacks ['neutron.services.segments.db._update_segment_host_mapping_for_agent-8755754132544', 'neutron.plugins.ml2.plugin.Ml2Plugin._retry_binding_revived_agents--9223372036850827748'] for agent (ceb46a8f-d4c5-462e-be35-7dd37042c4af), after_update _notify_loop /var/lib/kolla/venv/lib/python3.6/site-packages/neutron_lib/callbacks/manager.py:177
2026-03-23 02:23:14.582 24 DEBUG neutron_lib.callbacks.manager [req-0424dc4e-bfba-41f4-a237-931b99c92773 - - - - -] Publish callbacks ['neutron.services.segments.db._update_segment_host_mapping_for_agent-8755754132544', 'neutron.plugins.ml2.plugin.Ml2Plugin._retry_binding_revived_agents--9223372036850827748'] for agent (566c6d4d-7010-4d50-920a-bdccfe46c6f5), after_update _notify_loop /var/lib/kolla/venv/lib/python3.6/site-packages/neutron_lib/callbacks/manager.py:177
2026-03-23 02:23:17.839 29 DEBUG neutron.db.agents_db [req-eb3087a6-665d-4019-9168-19fad4ef677c - - - - -] Agent healthcheck: found 2 active agents agent_health_check /var/lib/kolla/venv/lib/python3.6/site-packages/neutron/db/agents_db.py:318
2026-03-23 02:23:24.681 22 DEBUG neutron.wsgi [-] (22) accepted ('10.0.0.242', 55872) server /var/lib/kolla/venv/lib/python3.6/site-packages/eventlet/wsgi.py:1004
2026-03-23 02:23:24.684 22 INFO neutron.wsgi [-] 10.0.0.242 "GET / HTTP/1.1" status: 200 len: 228 time: 0.0025032
2026-03-23 02:23:26.709 26 DEBUG neutron_lib.callbacks.manager [req-3b9ab336-7689-4b4f-8662-025cc1eb0cb5 - - - - -] Publish callbacks ['neutron.services.segments.db._update_segment_host_mapping_for_agent-8755754132544', 'neutron.plugins.ml2.plugin.Ml2Plugin._retry_binding_revived_agents--9223372036850827748'] for agent (ceb46a8f-d4c5-462e-be35-7dd37042c4af), after_update _notify_loop /var/lib/kolla/venv/lib/python3.6/site-packages/neutron_lib/callbacks/manager.py:177
2026-03-23 02:23:44.582 27 DEBUG neutron_lib.callbacks.manager [req-0424dc4e-bfba-41f4-a237-931b99c92773 - - - - -] Publish callbacks ['neutron.services.segments.db._update_segment_host_mapping_for_agent-8755754132544', 'neutron.plugins.ml2.plugin.Ml2Plugin._retry_binding_revived_agents--9223372036850827748'] for agent (566c6d4d-7010-4d50-920a-bdccfe46c6f5), after_update _notify_loop /var/lib/kolla/venv/lib/python3.6/site-packages/neutron_lib/callbacks/manager.py:177
2026-03-23 02:23:54.730 22 DEBUG neutron.wsgi [-] (22) accepted ('10.0.0.242', 46604) server /var/lib/kolla/venv/lib/python3.6/site-packages/eventlet/wsgi.py:1004
2026-03-23 02:23:54.735 22 INFO neutron.wsgi [-] 10.0.0.242 "GET / HTTP/1.1" status: 200 len: 228 time: 0.0041258
2026-03-23 02:23:54.835 29 DEBUG neutron.db.agents_db [req-eb3087a6-665d-4019-9168-19fad4ef677c - - - - -] Agent healthcheck: found 2 active agents agent_health_check /var/lib/kolla/venv/lib/python3.6/site-packages/neutron/db/agents_db.py:318
2026-03-23 02:23:56.706 25 DEBUG neutron_lib.callbacks.manager [req-80c705dd-e560-4f83-a1e2-dd8ddd0652cf - - - - -] Publish callbacks ['neutron.services.segments.db._update_segment_host_mapping_for_agent-8755754132544', 'neutron.plugins.ml2.plugin.Ml2Plugin._retry_binding_revived_agents--9223372036850827748'] for agent (ceb46a8f-d4c5-462e-be35-7dd37042c4af), after_update _notify_loop /var/lib/kolla/venv/lib/python3.6/site-packages/neutron_lib/callbacks/manager.py:177
2026-03-23 02:24:14.585 23 DEBUG neutron_lib.callbacks.manager [req-0424dc4e-bfba-41f4-a237-931b99c92773 - - - - -] Publish callbacks ['neutron.services.segments.db._update_segment_host_mapping_for_agent-8755754132544', 'neutron.plugins.ml2.plugin.Ml2Plugin._retry_binding_revived_agents--9223372036850827748'] for agent (566c6d4d-7010-4d50-920a-bdccfe46c6f5), after_update _notify_loop /var/lib/kolla/venv/lib/python3.6/site-packages/neutron_lib/callbacks/manager.py:177
2026-03-23 02:24:24.785 22 DEBUG neutron.wsgi [-] (22) accepted ('10.0.0.242', 52480) server /var/lib/kolla/venv/lib/python3.6/site-packages/eventlet/wsgi.py:1004
2026-03-23 02:24:24.789 22 INFO neutron.wsgi [-] 10.0.0.242 "GET / HTTP/1.1" status: 200 len: 228 time: 0.0035155
2026-03-23 02:24:26.702 28 DEBUG neutron_lib.callbacks.manager [req-492f1dce-d1b3-43d4-a9b0-a5f8ef5f23c5 - - - - -] Publish callbacks ['neutron.services.segments.db._update_segment_host_mapping_for_agent-8755754132544', 'neutron.plugins.ml2.plugin.Ml2Plugin._retry_binding_revived_agents--9223372036850827748'] for agent (ceb46a8f-d4c5-462e-be35-7dd37042c4af), after_update _notify_loop /var/lib/kolla/venv/lib/python3.6/site-packages/neutron_lib/callbacks/manager.py:177
2026-03-23 02:24:31.833 29 DEBUG neutron.db.agents_db [req-eb3087a6-665d-4019-9168-19fad4ef677c - - - - -] Agent healthcheck: found 2 active agents agent_health_check /var/lib/kolla/venv/lib/python3.6/site-packages/neutron/db/agents_db.py:318
2026-03-23 02:24:44.589 24 DEBUG neutron_lib.callbacks.manager [req-0424dc4e-bfba-41f4-a237-931b99c92773 - - - - -] Publish callbacks ['neutron.services.segments.db._update_segment_host_mapping_for_agent-8755754132544', 'neutron.plugins.ml2.plugin.Ml2Plugin._retry_binding_revived_agents--9223372036850827748'] for agent (566c6d4d-7010-4d50-920a-bdccfe46c6f5), after_update _notify_loop /var/lib/kolla/venv/lib/python3.6/site-packages/neutron_lib/callbacks/manager.py:177
2026-03-23 02:24:54.838 22 DEBUG neutron.wsgi [-] (22) accepted ('10.0.0.242', 51696) server /var/lib/kolla/venv/lib/python3.6/site-packages/eventlet/wsgi.py:1004
2026-03-23 02:24:54.843 22 INFO neutron.wsgi [-] 10.0.0.242 "GET / HTTP/1.1" status: 200 len: 228 time: 0.0033641
2026-03-23 02:24:56.701 26 DEBUG neutron_lib.callbacks.manager [req-e4b5bb7c-21ee-4178-bb66-497e3f06f63a - - - - -] Publish callbacks ['neutron.services.segments.db._update_segment_host_mapping_for_agent-8755754132544', 'neutron.plugins.ml2.plugin.Ml2Plugin._retry_binding_revived_agents--9223372036850827748'] for agent (ceb46a8f-d4c5-462e-be35-7dd37042c4af), after_update _notify_loop /var/lib/kolla/venv/lib/python3.6/site-packages/neutron_lib/callbacks/manager.py:177
2026-03-23 02:25:08.841 29 DEBUG neutron.db.agents_db [req-eb3087a6-665d-4019-9168-19fad4ef677c - - - - -] Agent healthcheck: found 2 active agents agent_health_check /var/lib/kolla/venv/lib/python3.6/site-packages/neutron/db/agents_db.py:318
2026-03-23 02:25:14.592 27 DEBUG neutron_lib.callbacks.manager [req-0424dc4e-bfba-41f4-a237-931b99c92773 - - - - -] Publish callbacks ['neutron.services.segments.db._update_segment_host_mapping_for_agent-8755754132544', 'neutron.plugins.ml2.plugin.Ml2Plugin._retry_binding_revived_agents--9223372036850827748'] for agent (566c6d4d-7010-4d50-920a-bdccfe46c6f5), after_update _notify_loop /var/lib/kolla/venv/lib/python3.6/site-packages/neutron_lib/callbacks/manager.py:177
2026-03-23 02:25:24.901 22 DEBUG neutron.wsgi [-] (22) accepted ('10.0.0.242', 59850) server /var/lib/kolla/venv/lib/python3.6/site-packages/eventlet/wsgi.py:1004
2026-03-23 02:25:24.905 22 INFO neutron.wsgi [-] 10.0.0.242 "GET / HTTP/1.1" status: 200 len: 228 time: 0.0032084
2026-03-23 02:25:26.699 25 DEBUG neutron_lib.callbacks.manager [req-49935e27-5228-42f0-9ab0-cd2fc714cdb1 - - - - -] Publish callbacks ['neutron.services.segments.db._update_segment_host_mapping_for_agent-8755754132544', 'neutron.plugins.ml2.plugin.Ml2Plugin._retry_binding_revived_agents--9223372036850827748'] for agent (ceb46a8f-d4c5-462e-be35-7dd37042c4af), after_update _notify_loop /var/lib/kolla/venv/lib/python3.6/site-packages/neutron_lib/callbacks/manager.py:177
2026-03-23 02:25:44.591 23 DEBUG neutron_lib.callbacks.manager [req-0424dc4e-bfba-41f4-a237-931b99c92773 - - - - -] Publish callbacks ['neutron.services.segments.db._update_segment_host_mapping_for_agent-8755754132544', 'neutron.plugins.ml2.plugin.Ml2Plugin._retry_binding_revived_agents--9223372036850827748'] for agent (566c6d4d-7010-4d50-920a-bdccfe46c6f5), after_update _notify_loop /var/lib/kolla/venv/lib/python3.6/site-packages/neutron_lib/callbacks/manager.py:177
2026-03-23 02:25:45.838 29 DEBUG neutron.db.agents_db [req-eb3087a6-665d-4019-9168-19fad4ef677c - - - - -] Agent healthcheck: found 2 active agents agent_health_check /var/lib/kolla/venv/lib/python3.6/site-packages/neutron/db/agents_db.py:318
2026-03-23 02:25:54.956 22 DEBUG neutron.wsgi [-] (22) accepted ('10.0.0.242', 39754) server /var/lib/kolla/venv/lib/python3.6/site-packages/eventlet/wsgi.py:1004
2026-03-23 02:25:54.960 22 INFO neutron.wsgi [-] 10.0.0.242 "GET / HTTP/1.1" status: 200 len: 228 time: 0.0033171
2026-03-23 02:25:56.698 28 DEBUG neutron_lib.callbacks.manager [req-3f085147-68f9-495e-a399-b3ab9c888c63 - - - - -] Publish callbacks ['neutron.services.segments.db._update_segment_host_mapping_for_agent-8755754132544', 'neutron.plugins.ml2.plugin.Ml2Plugin._retry_binding_revived_agents--9223372036850827748'] for agent (ceb46a8f-d4c5-462e-be35-7dd37042c4af), after_update _notify_loop /var/lib/kolla/venv/lib/python3.6/site-packages/neutron_lib/callbacks/manager.py:177
2026-03-23 02:26:14.595 24 DEBUG neutron_lib.callbacks.manager [req-0424dc4e-bfba-41f4-a237-931b99c92773 - - - - -] Publish callbacks ['neutron.services.segments.db._update_segment_host_mapping_for_agent-8755754132544', 'neutron.plugins.ml2.plugin.Ml2Plugin._retry_binding_revived_agents--9223372036850827748'] for agent (566c6d4d-7010-4d50-920a-bdccfe46c6f5), after_update _notify_loop /var/lib/kolla/venv/lib/python3.6/site-packages/neutron_lib/callbacks/manager.py:177
2026-03-23 02:26:22.835 29 DEBUG neutron.db.agents_db [req-eb3087a6-665d-4019-9168-19fad4ef677c - - - - -] Agent healthcheck: found 2 active agents agent_health_check /var/lib/kolla/venv/lib/python3.6/site-packages/neutron/db/agents_db.py:318
2026-03-23 02:26:25.042 22 DEBUG neutron.wsgi [-] (22) accepted ('10.0.0.242', 43338) server /var/lib/kolla/venv/lib/python3.6/site-packages/eventlet/wsgi.py:1004
2026-03-23 02:26:25.049 22 INFO neutron.wsgi [-] 10.0.0.242 "GET / HTTP/1.1" status: 200 len: 228 time: 0.0060523
2026-03-23 02:26:26.709 26 DEBUG neutron_lib.callbacks.manager [req-dfb79d3f-4982-477e-8604-9ea4602bc3d3 - - - - -] Publish callbacks ['neutron.services.segments.db._update_segment_host_mapping_for_agent-8755754132544', 'neutron.plugins.ml2.plugin.Ml2Plugin._retry_binding_revived_agents--9223372036850827748'] for agent (ceb46a8f-d4c5-462e-be35-7dd37042c4af), after_update _notify_loop /var/lib/kolla/venv/lib/python3.6/site-packages/neutron_lib/callbacks/manager.py:177
2026-03-23 02:26:43.089 7 INFO oslo_service.service [-] Caught SIGTERM, stopping children
2026-03-23 02:26:43.089 7 DEBUG oslo_concurrency.lockutils [-] Acquired lock "singleton_lock" lock /var/lib/kolla/venv/lib/python3.6/site-packages/oslo_concurrency/lockutils.py:294
2026-03-23 02:26:43.090 7 DEBUG oslo_concurrency.lockutils [-] Releasing lock "singleton_lock" lock /var/lib/kolla/venv/lib/python3.6/site-packages/oslo_concurrency/lockutils.py:312
2026-03-23 02:26:43.090 7 DEBUG oslo_service.service [-] Stop services. stop /var/lib/kolla/venv/lib/python3.6/site-packages/oslo_service/service.py:695
2026-03-23 02:26:43.090 7 DEBUG neutron.service [-] calling RpcWorker stop() stop /var/lib/kolla/venv/lib/python3.6/site-packages/neutron/service.py:138
2026-03-23 02:26:43.090 7 DEBUG neutron.service [-] calling RpcWorker stop() stop /var/lib/kolla/venv/lib/python3.6/site-packages/neutron/service.py:138
2026-03-23 02:26:43.090 7 DEBUG oslo_service.service [-] Killing children. stop /var/lib/kolla/venv/lib/python3.6/site-packages/oslo_service/service.py:700
2026-03-23 02:26:43.090 7 INFO oslo_service.service [-] Waiting on 8 children to exit
2026-03-23 02:26:43.091 22 INFO neutron.wsgi [-] (22) wsgi exited, is_accepting=True
2026-03-23 02:26:43.091 29 DEBUG neutron.service [-] calling RpcWorker stop() stop /var/lib/kolla/venv/lib/python3.6/site-packages/neutron/service.py:138
2026-03-23 02:26:43.091 23 DEBUG neutron.service [-] calling RpcWorker stop() stop /var/lib/kolla/venv/lib/python3.6/site-packages/neutron/service.py:138
2026-03-23 02:26:43.091 25 DEBUG neutron.service [-] calling RpcWorker stop() stop /var/lib/kolla/venv/lib/python3.6/site-packages/neutron/service.py:138
2026-03-23 02:26:43.092 22 DEBUG oslo_concurrency.lockutils [req-e6aa5fb6-05e8-4b45-b75c-ed6f21853b9f - - - - -] Acquired lock "singleton_lock" lock /var/lib/kolla/venv/lib/python3.6/site-packages/oslo_concurrency/lockutils.py:294
2026-03-23 02:26:43.091 29 DEBUG neutron.service [-] calling stop on stop /var/lib/kolla/venv/lib/python3.6/site-packages/neutron/service.py:141
2026-03-23 02:26:43.093 22 DEBUG oslo_concurrency.lockutils [req-e6aa5fb6-05e8-4b45-b75c-ed6f21853b9f - - - - -] Releasing lock "singleton_lock" lock /var/lib/kolla/venv/lib/python3.6/site-packages/oslo_concurrency/lockutils.py:312
2026-03-23 02:26:43.093 26 DEBUG neutron.service [-] calling RpcWorker stop() stop /var/lib/kolla/venv/lib/python3.6/site-packages/neutron/service.py:138
2026-03-23 02:26:43.094 28 DEBUG neutron.service [-] calling RpcWorker stop() stop /var/lib/kolla/venv/lib/python3.6/site-packages/neutron/service.py:138
2026-03-23 02:26:43.092 25 DEBUG neutron.service [-] calling stop on stop /var/lib/kolla/venv/lib/python3.6/site-packages/neutron/service.py:141
2026-03-23 02:26:43.092 23 DEBUG neutron.service [-] calling stop on stop /var/lib/kolla/venv/lib/python3.6/site-packages/neutron/service.py:141
2026-03-23 02:26:43.096 27 DEBUG neutron.service [-] calling RpcWorker stop() stop /var/lib/kolla/venv/lib/python3.6/site-packages/neutron/service.py:138
2026-03-23 02:26:43.093 26 DEBUG neutron.service [-] calling stop on stop /var/lib/kolla/venv/lib/python3.6/site-packages/neutron/service.py:141
2026-03-23 02:26:43.094 28 DEBUG neutron.service [-] calling stop on stop /var/lib/kolla/venv/lib/python3.6/site-packages/neutron/service.py:141
2026-03-23 02:26:43.098 7 INFO oslo_service.service [-] Child 22 exited with status 0
2026-03-23 02:26:43.098 24 DEBUG neutron.service [-] calling RpcWorker stop() stop /var/lib/kolla/venv/lib/python3.6/site-packages/neutron/service.py:138
2026-03-23 02:26:43.096 27 DEBUG neutron.service [-] calling stop on stop /var/lib/kolla/venv/lib/python3.6/site-packages/neutron/service.py:141
2026-03-23 02:26:43.098 24 DEBUG neutron.service [-] calling stop on stop /var/lib/kolla/venv/lib/python3.6/site-packages/neutron/service.py:141
2026-03-23 02:26:44.589 27 DEBUG oslo_concurrency.lockutils [req-e6aa5fb6-05e8-4b45-b75c-ed6f21853b9f - - - - -] Acquired lock "singleton_lock" lock /var/lib/kolla/venv/lib/python3.6/site-packages/oslo_concurrency/lockutils.py:294
2026-03-23 02:26:44.589 27 DEBUG oslo_concurrency.lockutils [req-e6aa5fb6-05e8-4b45-b75c-ed6f21853b9f - - - - -] Releasing lock "singleton_lock" lock /var/lib/kolla/venv/lib/python3.6/site-packages/oslo_concurrency/lockutils.py:312
2026-03-23 02:26:44.589 27 DEBUG neutron.service [req-e6aa5fb6-05e8-4b45-b75c-ed6f21853b9f - - - - -] calling RpcWorker wait() _wait /var/lib/kolla/venv/lib/python3.6/site-packages/neutron/service.py:128
2026-03-23 02:26:44.590 27 DEBUG neutron.service [req-e6aa5fb6-05e8-4b45-b75c-ed6f21853b9f - - - - -] calling wait on _wait /var/lib/kolla/venv/lib/python3.6/site-packages/neutron/service.py:131
2026-03-23 02:26:44.599 27 DEBUG neutron_lib.callbacks.manager [req-0424dc4e-bfba-41f4-a237-931b99c92773 - - - - -] Publish callbacks ['neutron.services.segments.db._update_segment_host_mapping_for_agent-8755754132544', 'neutron.plugins.ml2.plugin.Ml2Plugin._retry_binding_revived_agents--9223372036850827748'] for agent (566c6d4d-7010-4d50-920a-bdccfe46c6f5), after_update _notify_loop /var/lib/kolla/venv/lib/python3.6/site-packages/neutron_lib/callbacks/manager.py:177
2026-03-23 02:26:44.607 27 WARNING amqp [req-e6aa5fb6-05e8-4b45-b75c-ed6f21853b9f - - - - -] Received method (60, 30) during closing channel 1. This method will be ignored
2026-03-23 02:26:44.607 27 DEBUG neutron.service [req-e6aa5fb6-05e8-4b45-b75c-ed6f21853b9f - - - - -] returning from RpcWorker wait() _wait /var/lib/kolla/venv/lib/python3.6/site-packages/neutron/service.py:135
2026-03-23 02:26:44.612 7 INFO oslo_service.service [-] Child 27 exited with status 0
2026-03-23 02:26:44.897 28 DEBUG oslo_concurrency.lockutils [req-e6aa5fb6-05e8-4b45-b75c-ed6f21853b9f - - - - -] Acquired lock "singleton_lock" lock /var/lib/kolla/venv/lib/python3.6/site-packages/oslo_concurrency/lockutils.py:294
2026-03-23 02:26:44.897 28 DEBUG oslo_concurrency.lockutils [req-e6aa5fb6-05e8-4b45-b75c-ed6f21853b9f - - - - -] Releasing lock "singleton_lock" lock /var/lib/kolla/venv/lib/python3.6/site-packages/oslo_concurrency/lockutils.py:312
2026-03-23 02:26:44.897 28 DEBUG neutron.service [req-e6aa5fb6-05e8-4b45-b75c-ed6f21853b9f - - - - -] calling RpcWorker wait() _wait /var/lib/kolla/venv/lib/python3.6/site-packages/neutron/service.py:128
2026-03-23 02:26:44.897 28 DEBUG neutron.service [req-e6aa5fb6-05e8-4b45-b75c-ed6f21853b9f - - - - -] calling wait on _wait /var/lib/kolla/venv/lib/python3.6/site-packages/neutron/service.py:131
2026-03-23 02:26:44.899 26 DEBUG oslo_concurrency.lockutils [req-e6aa5fb6-05e8-4b45-b75c-ed6f21853b9f - - - - -] Acquired lock "singleton_lock" lock /var/lib/kolla/venv/lib/python3.6/site-packages/oslo_concurrency/lockutils.py:294
2026-03-23 02:26:44.899 26 DEBUG oslo_concurrency.lockutils [req-e6aa5fb6-05e8-4b45-b75c-ed6f21853b9f - - - - -] Releasing lock "singleton_lock" lock /var/lib/kolla/venv/lib/python3.6/site-packages/oslo_concurrency/lockutils.py:312
2026-03-23 02:26:44.900 26 DEBUG neutron.service [req-e6aa5fb6-05e8-4b45-b75c-ed6f21853b9f - - - - -] calling RpcWorker wait() _wait /var/lib/kolla/venv/lib/python3.6/site-packages/neutron/service.py:128
2026-03-23 02:26:44.900 26 DEBUG neutron.service [req-e6aa5fb6-05e8-4b45-b75c-ed6f21853b9f - - - - -] calling wait on _wait /var/lib/kolla/venv/lib/python3.6/site-packages/neutron/service.py:131
2026-03-23 02:26:44.983 28 WARNING amqp [req-e6aa5fb6-05e8-4b45-b75c-ed6f21853b9f - - - - -] Received method (60, 30) during closing channel 1. This method will be ignored
2026-03-23 02:26:44.984 28 DEBUG neutron.service [req-e6aa5fb6-05e8-4b45-b75c-ed6f21853b9f - - - - -] returning from RpcWorker wait() _wait /var/lib/kolla/venv/lib/python3.6/site-packages/neutron/service.py:135
2026-03-23 02:26:44.989 7 INFO oslo_service.service [-] Child 28 exited with status 0
2026-03-23 02:26:45.143 26 WARNING amqp [req-e6aa5fb6-05e8-4b45-b75c-ed6f21853b9f - - - - -] Received method (60, 30) during closing channel 1. This method will be ignored
2026-03-23 02:26:45.145 26 DEBUG neutron.service [req-e6aa5fb6-05e8-4b45-b75c-ed6f21853b9f - - - - -] returning from RpcWorker wait() _wait /var/lib/kolla/venv/lib/python3.6/site-packages/neutron/service.py:135
2026-03-23 02:26:45.150 7 INFO oslo_service.service [-] Child 26 exited with status 0
2026-03-23 02:26:47.815 24 DEBUG neutron.service [-] calling stop on stop /var/lib/kolla/venv/lib/python3.6/site-packages/neutron/service.py:141
2026-03-23 02:26:47.819 25 DEBUG neutron.service [-] calling stop on stop /var/lib/kolla/venv/lib/python3.6/site-packages/neutron/service.py:141
2026-03-23 02:26:47.829 23 DEBUG neutron.service [-] calling stop on stop /var/lib/kolla/venv/lib/python3.6/site-packages/neutron/service.py:141
2026-03-23 02:26:47.835 24 DEBUG neutron.service [-] calling stop on stop /var/lib/kolla/venv/lib/python3.6/site-packages/neutron/service.py:141
2026-03-23 02:26:47.844 25 DEBUG neutron.service [-] calling stop on stop /var/lib/kolla/venv/lib/python3.6/site-packages/neutron/service.py:141
2026-03-23 02:26:47.847 23 DEBUG neutron.service [-] calling stop on stop /var/lib/kolla/venv/lib/python3.6/site-packages/neutron/service.py:141
2026-03-23 02:26:47.849 29 DEBUG oslo_concurrency.lockutils [req-e6aa5fb6-05e8-4b45-b75c-ed6f21853b9f - - - - -] Acquired lock "singleton_lock" lock /var/lib/kolla/venv/lib/python3.6/site-packages/oslo_concurrency/lockutils.py:294
2026-03-23 02:26:47.850 29 DEBUG oslo_concurrency.lockutils [req-e6aa5fb6-05e8-4b45-b75c-ed6f21853b9f - - - - -] Releasing lock "singleton_lock" lock /var/lib/kolla/venv/lib/python3.6/site-packages/oslo_concurrency/lockutils.py:312
2026-03-23 02:26:47.850 29 DEBUG neutron.service [req-e6aa5fb6-05e8-4b45-b75c-ed6f21853b9f - - - - -] calling RpcWorker wait() _wait /var/lib/kolla/venv/lib/python3.6/site-packages/neutron/service.py:128
2026-03-23 02:26:47.850 29 DEBUG neutron.service [req-e6aa5fb6-05e8-4b45-b75c-ed6f21853b9f - - - - -] calling wait on _wait /var/lib/kolla/venv/lib/python3.6/site-packages/neutron/service.py:131
2026-03-23 02:26:47.857 29 WARNING amqp [req-e6aa5fb6-05e8-4b45-b75c-ed6f21853b9f - - - - -] Received method (60, 30) during closing channel 1. This method will be ignored
2026-03-23 02:26:47.858 29 DEBUG neutron.service [req-e6aa5fb6-05e8-4b45-b75c-ed6f21853b9f - - - - -] returning from RpcWorker wait() _wait /var/lib/kolla/venv/lib/python3.6/site-packages/neutron/service.py:135
2026-03-23 02:26:47.863 7 INFO oslo_service.service [-] Child 29 exited with status 0
2026-03-23 02:26:47.867 23 DEBUG neutron.service [-] calling stop on stop /var/lib/kolla/venv/lib/python3.6/site-packages/neutron/service.py:141
2026-03-23 02:26:47.875 25 DEBUG neutron.service [-] calling stop on stop /var/lib/kolla/venv/lib/python3.6/site-packages/neutron/service.py:141
2026-03-23 02:26:47.876 23 DEBUG oslo_concurrency.lockutils [req-e6aa5fb6-05e8-4b45-b75c-ed6f21853b9f - - - - -] Acquired lock "singleton_lock" lock /var/lib/kolla/venv/lib/python3.6/site-packages/oslo_concurrency/lockutils.py:294
2026-03-23 02:26:47.877 23 DEBUG oslo_concurrency.lockutils [req-e6aa5fb6-05e8-4b45-b75c-ed6f21853b9f - - - - -] Releasing lock "singleton_lock" lock /var/lib/kolla/venv/lib/python3.6/site-packages/oslo_concurrency/lockutils.py:312
2026-03-23 02:26:47.877 23 DEBUG neutron.service [req-e6aa5fb6-05e8-4b45-b75c-ed6f21853b9f - - - - -] calling RpcWorker wait() _wait /var/lib/kolla/venv/lib/python3.6/site-packages/neutron/service.py:128
2026-03-23 02:26:47.877 23 DEBUG neutron.service [req-e6aa5fb6-05e8-4b45-b75c-ed6f21853b9f - - - - -] calling wait on _wait /var/lib/kolla/venv/lib/python3.6/site-packages/neutron/service.py:131
2026-03-23 02:26:47.882 23 WARNING amqp [req-e6aa5fb6-05e8-4b45-b75c-ed6f21853b9f - - - - -] Received method (60, 30) during closing channel 1. This method will be ignored
2026-03-23 02:26:47.883 23 DEBUG neutron.service [req-e6aa5fb6-05e8-4b45-b75c-ed6f21853b9f - - - - -] calling wait on _wait /var/lib/kolla/venv/lib/python3.6/site-packages/neutron/service.py:131
2026-03-23 02:26:47.888 23 WARNING amqp [req-e6aa5fb6-05e8-4b45-b75c-ed6f21853b9f - - - - -] Received method (60, 30) during closing channel 1. This method will be ignored
2026-03-23 02:26:47.889 23 DEBUG neutron.service [req-e6aa5fb6-05e8-4b45-b75c-ed6f21853b9f - - - - -] calling wait on _wait /var/lib/kolla/venv/lib/python3.6/site-packages/neutron/service.py:131
2026-03-23 02:26:47.909 23 WARNING amqp [req-e6aa5fb6-05e8-4b45-b75c-ed6f21853b9f - - - - -] Received method (60, 30) during closing channel 1. This method will be ignored
2026-03-23 02:26:47.918 23 DEBUG neutron.service [req-e6aa5fb6-05e8-4b45-b75c-ed6f21853b9f - - - - -] calling wait on _wait /var/lib/kolla/venv/lib/python3.6/site-packages/neutron/service.py:131
2026-03-23 02:26:47.935 23 WARNING amqp [req-e6aa5fb6-05e8-4b45-b75c-ed6f21853b9f - - - - -] Received method (60, 30) during closing channel 1. This method will be ignored
2026-03-23 02:26:47.939 23 DEBUG neutron.service [req-e6aa5fb6-05e8-4b45-b75c-ed6f21853b9f - - - - -] returning from RpcWorker wait() _wait /var/lib/kolla/venv/lib/python3.6/site-packages/neutron/service.py:135
2026-03-23 02:26:47.944 7 INFO oslo_service.service [-] Child 23 exited with status 0
2026-03-23 02:26:56.057 7 INFO neutron.common.config [-] Logging enabled!
2026-03-23 02:26:56.057 7 INFO neutron.common.config [-] /var/lib/kolla/venv/bin/neutron-server version 20.5.1.dev23
2026-03-23 02:26:56.058 7 DEBUG neutron.common.config [-] command line: /var/lib/kolla/venv/bin/neutron-server --config-file /etc/neutron/neutron.conf --config-file /etc/neutron/ContrailPlugin.ini --config-file /etc/neutron/api-paste.ini setup_logging /var/lib/kolla/venv/lib/python3.6/site-packages/neutron/common/config.py:115
2026-03-23 02:26:56.062 7 INFO neutron.common.config [-] Logging enabled!
2026-03-23 02:26:56.062 7 INFO neutron.common.config [-] /var/lib/kolla/venv/bin/neutron-server version 20.5.1.dev23
2026-03-23 02:26:56.063 7 DEBUG neutron.common.config [-] command line: /var/lib/kolla/venv/bin/neutron-server --config-file /etc/neutron/neutron.conf --config-file /etc/neutron/ContrailPlugin.ini --config-file /etc/neutron/api-paste.ini setup_logging /var/lib/kolla/venv/lib/python3.6/site-packages/neutron/common/config.py:115
2026-03-23 02:26:56.063 7 DEBUG neutron.common.config [-] ******************************************************************************** log_opt_values /var/lib/kolla/venv/lib/python3.6/site-packages/oslo_config/cfg.py:2589
2026-03-23 02:26:56.063 7 DEBUG neutron.common.config [-] Configuration options gathered from: log_opt_values /var/lib/kolla/venv/lib/python3.6/site-packages/oslo_config/cfg.py:2590
2026-03-23 02:26:56.063 7 DEBUG neutron.common.config [-] command line args: ['--config-file', '/etc/neutron/neutron.conf', '--config-file', '/etc/neutron/ContrailPlugin.ini', '--config-file', '/etc/neutron/api-paste.ini'] log_opt_values /var/lib/kolla/venv/lib/python3.6/site-packages/oslo_config/cfg.py:2591
2026-03-23 02:26:56.064 7 DEBUG neutron.common.config [-] config files: ['/etc/neutron/neutron.conf', '/etc/neutron/ContrailPlugin.ini', '/etc/neutron/api-paste.ini'] log_opt_values /var/lib/kolla/venv/lib/python3.6/site-packages/oslo_config/cfg.py:2593
2026-03-23 02:26:56.064 7 DEBUG neutron.common.config [-] ================================================================================ log_opt_values /var/lib/kolla/venv/lib/python3.6/site-packages/oslo_config/cfg.py:2594
2026-03-23 02:26:56.064 7 DEBUG neutron.common.config [-] allow_bulk = True log_opt_values /var/lib/kolla/venv/lib/python3.6/site-packages/oslo_config/cfg.py:2603
2026-03-23 02:26:56.065 7 WARNING oslo_config.cfg [-] Deprecated: Option "allow_overlapping_ips" from group "DEFAULT" is deprecated for removal. Its value may be silently ignored in the future.
2026-03-23 02:26:56.065 7 DEBUG neutron.common.config [-] allow_overlapping_ips = True log_opt_values /var/lib/kolla/venv/lib/python3.6/site-packages/oslo_config/cfg.py:2603
2026-03-23 02:26:56.065 7 DEBUG neutron.common.config [-] api_extensions_path = /opt/plugin/site-packages/neutron_plugin_contrail/extensions:/opt/plugin/site-packages/neutron_lbaas/extensions log_opt_values /var/lib/kolla/venv/lib/python3.6/site-packages/oslo_config/cfg.py:2603
2026-03-23 02:26:56.065 7 DEBUG neutron.common.config [-] api_paste_config = /etc/neutron/api-paste.ini log_opt_values /var/lib/kolla/venv/lib/python3.6/site-packages/oslo_config/cfg.py:2603
2026-03-23 02:26:56.065 7 DEBUG neutron.common.config [-] api_workers = 1 log_opt_values /var/lib/kolla/venv/lib/python3.6/site-packages/oslo_config/cfg.py:2603
2026-03-23 02:26:56.065 7 DEBUG neutron.common.config [-] auth_strategy = keystone log_opt_values /var/lib/kolla/venv/lib/python3.6/site-packages/oslo_config/cfg.py:2603
2026-03-23 02:26:56.065 7 DEBUG neutron.common.config [-] backlog = 4096 log_opt_values /var/lib/kolla/venv/lib/python3.6/site-packages/oslo_config/cfg.py:2603
2026-03-23 02:26:56.065 7 DEBUG neutron.common.config [-] base_mac = fa:16:3e:00:00:00 log_opt_values /var/lib/kolla/venv/lib/python3.6/site-packages/oslo_config/cfg.py:2603
2026-03-23 02:26:56.066 7 DEBUG neutron.common.config [-] bind_host = 10.0.0.242 log_opt_values /var/lib/kolla/venv/lib/python3.6/site-packages/oslo_config/cfg.py:2603
2026-03-23 02:26:56.066 7 DEBUG neutron.common.config [-] bind_port = 9696 log_opt_values /var/lib/kolla/venv/lib/python3.6/site-packages/oslo_config/cfg.py:2603
2026-03-23 02:26:56.066 7 DEBUG neutron.common.config [-] client_socket_timeout = 900 log_opt_values /var/lib/kolla/venv/lib/python3.6/site-packages/oslo_config/cfg.py:2603
2026-03-23 02:26:56.066 7 DEBUG neutron.common.config [-] config_dir = [] log_opt_values /var/lib/kolla/venv/lib/python3.6/site-packages/oslo_config/cfg.py:2603
2026-03-23 02:26:56.066 7 DEBUG neutron.common.config [-] config_file = ['/etc/neutron/neutron.conf', '/etc/neutron/ContrailPlugin.ini', '/etc/neutron/api-paste.ini'] log_opt_values /var/lib/kolla/venv/lib/python3.6/site-packages/oslo_config/cfg.py:2603
2026-03-23 02:26:56.066 7 DEBUG neutron.common.config [-] config_source = [] log_opt_values /var/lib/kolla/venv/lib/python3.6/site-packages/oslo_config/cfg.py:2603
2026-03-23 02:26:56.066 7 DEBUG neutron.common.config [-] control_exchange = neutron log_opt_values /var/lib/kolla/venv/lib/python3.6/site-packages/oslo_config/cfg.py:2603
2026-03-23 02:26:56.067 7 DEBUG neutron.common.config [-] core_plugin = neutron_plugin_contrail.plugins.opencontrail.contrail_plugin.NeutronPluginContrailCoreV2 log_opt_values /var/lib/kolla/venv/lib/python3.6/site-packages/oslo_config/cfg.py:2603
