2026-03-19 00:40:37.556 164990 DEBUG oslo_service.service [req-3c0b42ee-c95e-4df2-a023-422c6e353560 - - - - -] wsgi.wsgi_log_format = %(client_ip)s "%(request_line)s" status: %(status_code)s len: %(body_length)s time: %(wall_seconds).7f log_opt_values /usr/lib/python3/dist-packages/oslo_config/cfg.py:2609
2026-03-19 00:40:37.557 164990 DEBUG oslo_service.service [req-3c0b42ee-c95e-4df2-a023-422c6e353560 - - - - -] zvm.ca_file = None log_opt_values /usr/lib/python3/dist-packages/oslo_config/cfg.py:2609
2026-03-19 00:40:37.557 164990 DEBUG oslo_service.service [req-3c0b42ee-c95e-4df2-a023-422c6e353560 - - - - -] zvm.cloud_connector_url = None log_opt_values /usr/lib/python3/dist-packages/oslo_config/cfg.py:2609
2026-03-19 00:40:37.557 164990 DEBUG oslo_service.service [req-3c0b42ee-c95e-4df2-a023-422c6e353560 - - - - -] zvm.image_tmp_path = /var/lib/nova/images log_opt_values /usr/lib/python3/dist-packages/oslo_config/cfg.py:2609
2026-03-19 00:40:37.557 164990 DEBUG oslo_service.service [req-3c0b42ee-c95e-4df2-a023-422c6e353560 - - - - -] zvm.reachable_timeout = 300 log_opt_values /usr/lib/python3/dist-packages/oslo_config/cfg.py:2609
2026-03-19 00:40:37.557 164990 DEBUG oslo_service.service [req-3c0b42ee-c95e-4df2-a023-422c6e353560 - - - - -] oslo_messaging_metrics.metrics_buffer_size = 1000 log_opt_values /usr/lib/python3/dist-packages/oslo_config/cfg.py:2609
2026-03-19 00:40:37.557 164990 DEBUG oslo_service.service [req-3c0b42ee-c95e-4df2-a023-422c6e353560 - - - - -] oslo_messaging_metrics.metrics_enabled = False log_opt_values /usr/lib/python3/dist-packages/oslo_config/cfg.py:2609
2026-03-19 00:40:37.558 164990 DEBUG oslo_service.service [req-3c0b42ee-c95e-4df2-a023-422c6e353560 - - - - -] oslo_messaging_metrics.metrics_process_name = log_opt_values /usr/lib/python3/dist-packages/oslo_config/cfg.py:2609
2026-03-19 00:40:37.558 164990 DEBUG oslo_service.service [req-3c0b42ee-c95e-4df2-a023-422c6e353560 - - - - -] oslo_messaging_metrics.metrics_socket_file = /var/tmp/metrics_collector.sock log_opt_values /usr/lib/python3/dist-packages/oslo_config/cfg.py:2609
2026-03-19 00:40:37.558 164990 DEBUG oslo_service.service [req-3c0b42ee-c95e-4df2-a023-422c6e353560 - - - - -] oslo_messaging_metrics.metrics_thread_stop_timeout = 10 log_opt_values /usr/lib/python3/dist-packages/oslo_config/cfg.py:2609
2026-03-19 00:40:37.558 164990 DEBUG oslo_service.service [req-3c0b42ee-c95e-4df2-a023-422c6e353560 - - - - -] oslo_policy.enforce_new_defaults = False log_opt_values /usr/lib/python3/dist-packages/oslo_config/cfg.py:2609
2026-03-19 00:40:37.558 164990 DEBUG oslo_service.service [req-3c0b42ee-c95e-4df2-a023-422c6e353560 - - - - -] oslo_policy.enforce_scope = False log_opt_values /usr/lib/python3/dist-packages/oslo_config/cfg.py:2609
2026-03-19 00:40:37.559 164990 DEBUG oslo_service.service [req-3c0b42ee-c95e-4df2-a023-422c6e353560 - - - - -] oslo_policy.policy_default_rule = default log_opt_values /usr/lib/python3/dist-packages/oslo_config/cfg.py:2609
2026-03-19 00:40:37.559 164990 DEBUG oslo_service.service [req-3c0b42ee-c95e-4df2-a023-422c6e353560 - - - - -] oslo_policy.policy_dirs = ['policy.d'] log_opt_values /usr/lib/python3/dist-packages/oslo_config/cfg.py:2609
2026-03-19 00:40:37.559 164990 DEBUG oslo_service.service [req-3c0b42ee-c95e-4df2-a023-422c6e353560 - - - - -] oslo_policy.policy_file = policy.yaml log_opt_values /usr/lib/python3/dist-packages/oslo_config/cfg.py:2609
2026-03-19 00:40:37.559 164990 DEBUG oslo_service.service [req-3c0b42ee-c95e-4df2-a023-422c6e353560 - - - - -] oslo_policy.remote_content_type = application/x-www-form-urlencoded log_opt_values /usr/lib/python3/dist-packages/oslo_config/cfg.py:2609
2026-03-19 00:40:37.559 164990 DEBUG oslo_service.service [req-3c0b42ee-c95e-4df2-a023-422c6e353560 - - - - -] oslo_policy.remote_ssl_ca_crt_file = None log_opt_values /usr/lib/python3/dist-packages/oslo_config/cfg.py:2609
2026-03-19 00:40:37.560 164990 DEBUG oslo_service.service [req-3c0b42ee-c95e-4df2-a023-422c6e353560 - - - - -] oslo_policy.remote_ssl_client_crt_file = None log_opt_values /usr/lib/python3/dist-packages/oslo_config/cfg.py:2609
2026-03-19 00:40:37.560 164990 DEBUG oslo_service.service [req-3c0b42ee-c95e-4df2-a023-422c6e353560 - - - - -] oslo_policy.remote_ssl_client_key_file = None log_opt_values /usr/lib/python3/dist-packages/oslo_config/cfg.py:2609
2026-03-19 00:40:37.560 164990 DEBUG oslo_service.service [req-3c0b42ee-c95e-4df2-a023-422c6e353560 - - - - -] oslo_policy.remote_ssl_verify_server_crt = False log_opt_values /usr/lib/python3/dist-packages/oslo_config/cfg.py:2609
2026-03-19 00:40:37.560 164990 DEBUG oslo_service.service [req-3c0b42ee-c95e-4df2-a023-422c6e353560 - - - - -] oslo_versionedobjects.fatal_exception_format_errors = False log_opt_values /usr/lib/python3/dist-packages/oslo_config/cfg.py:2609
2026-03-19 00:40:37.561 164990 DEBUG oslo_service.service [req-3c0b42ee-c95e-4df2-a023-422c6e353560 - - - - -] oslo_middleware.http_basic_auth_user_file = /etc/htpasswd log_opt_values /usr/lib/python3/dist-packages/oslo_config/cfg.py:2609
2026-03-19 00:40:37.561 164990 DEBUG oslo_service.service [req-3c0b42ee-c95e-4df2-a023-422c6e353560 - - - - -] profiler.connection_string = messaging:// log_opt_values /usr/lib/python3/dist-packages/oslo_config/cfg.py:2609
2026-03-19 00:40:37.561 164990 DEBUG oslo_service.service [req-3c0b42ee-c95e-4df2-a023-422c6e353560 - - - - -] profiler.enabled = False log_opt_values /usr/lib/python3/dist-packages/oslo_config/cfg.py:2609
2026-03-19 00:40:37.561 164990 DEBUG oslo_service.service [req-3c0b42ee-c95e-4df2-a023-422c6e353560 - - - - -] profiler.es_doc_type = notification log_opt_values /usr/lib/python3/dist-packages/oslo_config/cfg.py:2609
2026-03-19 00:40:37.561 164990 DEBUG oslo_service.service [req-3c0b42ee-c95e-4df2-a023-422c6e353560 - - - - -] profiler.es_scroll_size = 10000 log_opt_values /usr/lib/python3/dist-packages/oslo_config/cfg.py:2609
2026-03-19 00:40:37.561 164990 DEBUG oslo_service.service [req-3c0b42ee-c95e-4df2-a023-422c6e353560 - - - - -] profiler.es_scroll_time = 2m log_opt_values /usr/lib/python3/dist-packages/oslo_config/cfg.py:2609
2026-03-19 00:40:37.562 164990 DEBUG oslo_service.service [req-3c0b42ee-c95e-4df2-a023-422c6e353560 - - - - -] profiler.filter_error_trace = False log_opt_values /usr/lib/python3/dist-packages/oslo_config/cfg.py:2609
2026-03-19 00:40:37.562 164990 DEBUG oslo_service.service [req-3c0b42ee-c95e-4df2-a023-422c6e353560 - - - - -] profiler.hmac_keys = SECRET_KEY log_opt_values /usr/lib/python3/dist-packages/oslo_config/cfg.py:2609
2026-03-19 00:40:37.562 164990 DEBUG oslo_service.service [req-3c0b42ee-c95e-4df2-a023-422c6e353560 - - - - -] profiler.sentinel_service_name = mymaster log_opt_values /usr/lib/python3/dist-packages/oslo_config/cfg.py:2609
2026-03-19 00:40:37.562 164990 DEBUG oslo_service.service [req-3c0b42ee-c95e-4df2-a023-422c6e353560 - - - - -] profiler.socket_timeout = 0.1 log_opt_values /usr/lib/python3/dist-packages/oslo_config/cfg.py:2609
2026-03-19 00:40:37.562 164990 DEBUG oslo_service.service [req-3c0b42ee-c95e-4df2-a023-422c6e353560 - - - - -] profiler.trace_sqlalchemy = False log_opt_values /usr/lib/python3/dist-packages/oslo_config/cfg.py:2609
2026-03-19 00:40:37.562 164990 DEBUG oslo_service.service [req-3c0b42ee-c95e-4df2-a023-422c6e353560 - - - - -] remote_debug.host = None log_opt_values /usr/lib/python3/dist-packages/oslo_config/cfg.py:2609
2026-03-19 00:40:37.563 164990 DEBUG oslo_service.service [req-3c0b42ee-c95e-4df2-a023-422c6e353560 - - - - -] remote_debug.port = None log_opt_values /usr/lib/python3/dist-packages/oslo_config/cfg.py:2609
2026-03-19 00:40:37.563 164990 DEBUG oslo_service.service [req-3c0b42ee-c95e-4df2-a023-422c6e353560 - - - - -] oslo_messaging_rabbit.amqp_auto_delete = False log_opt_values /usr/lib/python3/dist-packages/oslo_config/cfg.py:2609
2026-03-19 00:40:37.563 164990 DEBUG oslo_service.service [req-3c0b42ee-c95e-4df2-a023-422c6e353560 - - - - -] oslo_messaging_rabbit.amqp_durable_queues = False log_opt_values /usr/lib/python3/dist-packages/oslo_config/cfg.py:2609
2026-03-19 00:40:37.563 164990 DEBUG oslo_service.service [req-3c0b42ee-c95e-4df2-a023-422c6e353560 - - - - -] oslo_messaging_rabbit.conn_pool_min_size = 2 log_opt_values /usr/lib/python3/dist-packages/oslo_config/cfg.py:2609
2026-03-19 00:40:37.563 164990 DEBUG oslo_service.service [req-3c0b42ee-c95e-4df2-a023-422c6e353560 - - - - -] oslo_messaging_rabbit.conn_pool_ttl = 1200 log_opt_values /usr/lib/python3/dist-packages/oslo_config/cfg.py:2609
2026-03-19 00:40:37.563 164990 DEBUG oslo_service.service [req-3c0b42ee-c95e-4df2-a023-422c6e353560 - - - - -] oslo_messaging_rabbit.direct_mandatory_flag = True log_opt_values /usr/lib/python3/dist-packages/oslo_config/cfg.py:2609
2026-03-19 00:40:37.564 164990 DEBUG oslo_service.service [req-3c0b42ee-c95e-4df2-a023-422c6e353560 - - - - -] oslo_messaging_rabbit.enable_cancel_on_failover = False log_opt_values /usr/lib/python3/dist-packages/oslo_config/cfg.py:2609
2026-03-19 00:40:37.564 164990 DEBUG oslo_service.service [req-3c0b42ee-c95e-4df2-a023-422c6e353560 - - - - -] oslo_messaging_rabbit.heartbeat_in_pthread = False log_opt_values /usr/lib/python3/dist-packages/oslo_config/cfg.py:2609
2026-03-19 00:40:37.564 164990 DEBUG oslo_service.service [req-3c0b42ee-c95e-4df2-a023-422c6e353560 - - - - -] oslo_messaging_rabbit.heartbeat_rate = 2 log_opt_values /usr/lib/python3/dist-packages/oslo_config/cfg.py:2609
2026-03-19 00:40:37.564 164990 DEBUG oslo_service.service [req-3c0b42ee-c95e-4df2-a023-422c6e353560 - - - - -] oslo_messaging_rabbit.heartbeat_timeout_threshold = 60 log_opt_values /usr/lib/python3/dist-packages/oslo_config/cfg.py:2609
2026-03-19 00:40:37.564 164990 DEBUG oslo_service.service [req-3c0b42ee-c95e-4df2-a023-422c6e353560 - - - - -] oslo_messaging_rabbit.kombu_compression = None log_opt_values /usr/lib/python3/dist-packages/oslo_config/cfg.py:2609
2026-03-19 00:40:37.564 164990 DEBUG oslo_service.service [req-3c0b42ee-c95e-4df2-a023-422c6e353560 - - - - -] oslo_messaging_rabbit.kombu_failover_strategy = round-robin log_opt_values /usr/lib/python3/dist-packages/oslo_config/cfg.py:2609
2026-03-19 00:40:37.564 164990 DEBUG oslo_service.service [req-3c0b42ee-c95e-4df2-a023-422c6e353560 - - - - -] oslo_messaging_rabbit.kombu_missing_consumer_retry_timeout = 60 log_opt_values /usr/lib/python3/dist-packages/oslo_config/cfg.py:2609
2026-03-19 00:40:37.565 164990 DEBUG oslo_service.service [req-3c0b42ee-c95e-4df2-a023-422c6e353560 - - - - -] oslo_messaging_rabbit.kombu_reconnect_delay = 1.0 log_opt_values /usr/lib/python3/dist-packages/oslo_config/cfg.py:2609
2026-03-19 00:40:37.565 164990 DEBUG oslo_service.service [req-3c0b42ee-c95e-4df2-a023-422c6e353560 - - - - -] oslo_messaging_rabbit.rabbit_ha_queues = False log_opt_values /usr/lib/python3/dist-packages/oslo_config/cfg.py:2609
2026-03-19 00:40:37.565 164990 DEBUG oslo_service.service [req-3c0b42ee-c95e-4df2-a023-422c6e353560 - - - - -] oslo_messaging_rabbit.rabbit_interval_max = 30 log_opt_values /usr/lib/python3/dist-packages/oslo_config/cfg.py:2609
2026-03-19 00:40:37.565 164990 DEBUG oslo_service.service [req-3c0b42ee-c95e-4df2-a023-422c6e353560 - - - - -] oslo_messaging_rabbit.rabbit_login_method = AMQPLAIN log_opt_values /usr/lib/python3/dist-packages/oslo_config/cfg.py:2609
2026-03-19 00:40:37.565 164990 DEBUG oslo_service.service [req-3c0b42ee-c95e-4df2-a023-422c6e353560 - - - - -] oslo_messaging_rabbit.rabbit_qos_prefetch_count = 0 log_opt_values /usr/lib/python3/dist-packages/oslo_config/cfg.py:2609
2026-03-19 00:40:37.565 164990 DEBUG oslo_service.service [req-3c0b42ee-c95e-4df2-a023-422c6e353560 - - - - -] oslo_messaging_rabbit.rabbit_quorum_queue = False log_opt_values /usr/lib/python3/dist-packages/oslo_config/cfg.py:2609
2026-03-19 00:40:37.566 164990 DEBUG oslo_service.service [req-3c0b42ee-c95e-4df2-a023-422c6e353560 - - - - -] oslo_messaging_rabbit.rabbit_retry_backoff = 2 log_opt_values /usr/lib/python3/dist-packages/oslo_config/cfg.py:2609
2026-03-19 00:40:37.566 164990 DEBUG oslo_service.service [req-3c0b42ee-c95e-4df2-a023-422c6e353560 - - - - -] oslo_messaging_rabbit.rabbit_retry_interval = 1 log_opt_values /usr/lib/python3/dist-packages/oslo_config/cfg.py:2609
2026-03-19 00:40:37.566 164990 DEBUG oslo_service.service [req-3c0b42ee-c95e-4df2-a023-422c6e353560 - - - - -] oslo_messaging_rabbit.rabbit_transient_queues_ttl = 1800 log_opt_values /usr/lib/python3/dist-packages/oslo_config/cfg.py:2609
2026-03-19 00:40:37.566 164990 DEBUG oslo_service.service [req-3c0b42ee-c95e-4df2-a023-422c6e353560 - - - - -] oslo_messaging_rabbit.rpc_conn_pool_size = 30 log_opt_values /usr/lib/python3/dist-packages/oslo_config/cfg.py:2609
2026-03-19 00:40:37.566 164990 DEBUG oslo_service.service [req-3c0b42ee-c95e-4df2-a023-422c6e353560 - - - - -] oslo_messaging_rabbit.ssl = False log_opt_values /usr/lib/python3/dist-packages/oslo_config/cfg.py:2609
2026-03-19 00:40:37.567 164990 DEBUG oslo_service.service [req-3c0b42ee-c95e-4df2-a023-422c6e353560 - - - - -] oslo_messaging_rabbit.ssl_ca_file = log_opt_values /usr/lib/python3/dist-packages/oslo_config/cfg.py:2609
2026-03-19 00:40:37.567 164990 DEBUG oslo_service.service [req-3c0b42ee-c95e-4df2-a023-422c6e353560 - - - - -] oslo_messaging_rabbit.ssl_cert_file = log_opt_values /usr/lib/python3/dist-packages/oslo_config/cfg.py:2609
2026-03-19 00:40:37.567 164990 DEBUG oslo_service.service [req-3c0b42ee-c95e-4df2-a023-422c6e353560 - - - - -] oslo_messaging_rabbit.ssl_key_file = log_opt_values /usr/lib/python3/dist-packages/oslo_config/cfg.py:2609
2026-03-19 00:40:37.567 164990 DEBUG oslo_service.service [req-3c0b42ee-c95e-4df2-a023-422c6e353560 - - - - -] oslo_messaging_rabbit.ssl_version = log_opt_values /usr/lib/python3/dist-packages/oslo_config/cfg.py:2609
2026-03-19 00:40:37.567 164990 DEBUG oslo_service.service [req-3c0b42ee-c95e-4df2-a023-422c6e353560 - - - - -] oslo_messaging_notifications.driver = ['messagingv2'] log_opt_values /usr/lib/python3/dist-packages/oslo_config/cfg.py:2609
2026-03-19 00:40:37.567 164990 DEBUG oslo_service.service [req-3c0b42ee-c95e-4df2-a023-422c6e353560 - - - - -] oslo_messaging_notifications.retry = -1 log_opt_values /usr/lib/python3/dist-packages/oslo_config/cfg.py:2609
2026-03-19 00:40:37.568 164990 DEBUG oslo_service.service [req-3c0b42ee-c95e-4df2-a023-422c6e353560 - - - - -] oslo_messaging_notifications.topics = ['notifications'] log_opt_values /usr/lib/python3/dist-packages/oslo_config/cfg.py:2609
2026-03-19 00:40:37.568 164990 DEBUG oslo_service.service [req-3c0b42ee-c95e-4df2-a023-422c6e353560 - - - - -] oslo_messaging_notifications.transport_url = **** log_opt_values /usr/lib/python3/dist-packages/oslo_config/cfg.py:2609
2026-03-19 00:40:37.568 164990 DEBUG oslo_service.service [req-3c0b42ee-c95e-4df2-a023-422c6e353560 - - - - -] oslo_limit.auth_section = None log_opt_values /usr/lib/python3/dist-packages/oslo_config/cfg.py:2609
2026-03-19 00:40:37.568 164990 DEBUG oslo_service.service [req-3c0b42ee-c95e-4df2-a023-422c6e353560 - - - - -] oslo_limit.auth_type = None log_opt_values /usr/lib/python3/dist-packages/oslo_config/cfg.py:2609
2026-03-19 00:40:37.568 164990 DEBUG oslo_service.service [req-3c0b42ee-c95e-4df2-a023-422c6e353560 - - - - -] oslo_limit.cafile = None log_opt_values /usr/lib/python3/dist-packages/oslo_config/cfg.py:2609
2026-03-19 00:40:37.569 164990 DEBUG oslo_service.service [req-3c0b42ee-c95e-4df2-a023-422c6e353560 - - - - -] oslo_limit.certfile = None log_opt_values /usr/lib/python3/dist-packages/oslo_config/cfg.py:2609
2026-03-19 00:40:37.569 164990 DEBUG oslo_service.service [req-3c0b42ee-c95e-4df2-a023-422c6e353560 - - - - -] oslo_limit.collect_timing = False log_opt_values /usr/lib/python3/dist-packages/oslo_config/cfg.py:2609
2026-03-19 00:40:37.569 164990 DEBUG oslo_service.service [req-3c0b42ee-c95e-4df2-a023-422c6e353560 - - - - -] oslo_limit.connect_retries = None log_opt_values /usr/lib/python3/dist-packages/oslo_config/cfg.py:2609
2026-03-19 00:40:37.569 164990 DEBUG oslo_service.service [req-3c0b42ee-c95e-4df2-a023-422c6e353560 - - - - -] oslo_limit.connect_retry_delay = None log_opt_values /usr/lib/python3/dist-packages/oslo_config/cfg.py:2609
2026-03-19 00:40:37.570 164990 DEBUG oslo_service.service [req-3c0b42ee-c95e-4df2-a023-422c6e353560 - - - - -] oslo_limit.endpoint_id = None log_opt_values /usr/lib/python3/dist-packages/oslo_config/cfg.py:2609
2026-03-19 00:40:37.570 164990 DEBUG oslo_service.service [req-3c0b42ee-c95e-4df2-a023-422c6e353560 - - - - -] oslo_limit.endpoint_override = None log_opt_values /usr/lib/python3/dist-packages/oslo_config/cfg.py:2609
2026-03-19 00:40:37.570 164990 DEBUG oslo_service.service [req-3c0b42ee-c95e-4df2-a023-422c6e353560 - - - - -] oslo_limit.insecure = False log_opt_values /usr/lib/python3/dist-packages/oslo_config/cfg.py:2609
2026-03-19 00:40:37.570 164990 DEBUG oslo_service.service [req-3c0b42ee-c95e-4df2-a023-422c6e353560 - - - - -] oslo_limit.keyfile = None log_opt_values /usr/lib/python3/dist-packages/oslo_config/cfg.py:2609
2026-03-19 00:40:37.570 164990 DEBUG oslo_service.service [req-3c0b42ee-c95e-4df2-a023-422c6e353560 - - - - -] oslo_limit.max_version = None log_opt_values /usr/lib/python3/dist-packages/oslo_config/cfg.py:2609
2026-03-19 00:40:37.570 164990 DEBUG oslo_service.service [req-3c0b42ee-c95e-4df2-a023-422c6e353560 - - - - -] oslo_limit.min_version = None log_opt_values /usr/lib/python3/dist-packages/oslo_config/cfg.py:2609
2026-03-19 00:40:37.571 164990 DEBUG oslo_service.service [req-3c0b42ee-c95e-4df2-a023-422c6e353560 - - - - -] oslo_limit.region_name = None log_opt_values /usr/lib/python3/dist-packages/oslo_config/cfg.py:2609
2026-03-19 00:40:37.571 164990 DEBUG oslo_service.service [req-3c0b42ee-c95e-4df2-a023-422c6e353560 - - - - -] oslo_limit.service_name = None log_opt_values /usr/lib/python3/dist-packages/oslo_config/cfg.py:2609
2026-03-19 00:40:37.571 164990 DEBUG oslo_service.service [req-3c0b42ee-c95e-4df2-a023-422c6e353560 - - - - -] oslo_limit.service_type = None log_opt_values /usr/lib/python3/dist-packages/oslo_config/cfg.py:2609
2026-03-19 00:40:37.571 164990 DEBUG oslo_service.service [req-3c0b42ee-c95e-4df2-a023-422c6e353560 - - - - -] oslo_limit.split_loggers = False log_opt_values /usr/lib/python3/dist-packages/oslo_config/cfg.py:2609
2026-03-19 00:40:37.571 164990 DEBUG oslo_service.service [req-3c0b42ee-c95e-4df2-a023-422c6e353560 - - - - -] oslo_limit.status_code_retries = None log_opt_values /usr/lib/python3/dist-packages/oslo_config/cfg.py:2609
2026-03-19 00:40:37.571 164990 DEBUG oslo_service.service [req-3c0b42ee-c95e-4df2-a023-422c6e353560 - - - - -] oslo_limit.status_code_retry_delay = None log_opt_values /usr/lib/python3/dist-packages/oslo_config/cfg.py:2609
2026-03-19 00:40:37.572 164990 DEBUG oslo_service.service [req-3c0b42ee-c95e-4df2-a023-422c6e353560 - - - - -] oslo_limit.timeout = None log_opt_values /usr/lib/python3/dist-packages/oslo_config/cfg.py:2609
2026-03-19 00:40:37.572 164990 DEBUG oslo_service.service [req-3c0b42ee-c95e-4df2-a023-422c6e353560 - - - - -] oslo_limit.valid_interfaces = None log_opt_values /usr/lib/python3/dist-packages/oslo_config/cfg.py:2609
2026-03-19 00:40:37.572 164990 DEBUG oslo_service.service [req-3c0b42ee-c95e-4df2-a023-422c6e353560 - - - - -] oslo_limit.version = None log_opt_values /usr/lib/python3/dist-packages/oslo_config/cfg.py:2609
2026-03-19 00:40:37.572 164990 DEBUG oslo_service.service [req-3c0b42ee-c95e-4df2-a023-422c6e353560 - - - - -] oslo_reports.file_event_handler = None log_opt_values /usr/lib/python3/dist-packages/oslo_config/cfg.py:2609
2026-03-19 00:40:37.572 164990 DEBUG oslo_service.service [req-3c0b42ee-c95e-4df2-a023-422c6e353560 - - - - -] oslo_reports.file_event_handler_interval = 1 log_opt_values /usr/lib/python3/dist-packages/oslo_config/cfg.py:2609
2026-03-19 00:40:37.572 164990 DEBUG oslo_service.service [req-3c0b42ee-c95e-4df2-a023-422c6e353560 - - - - -] oslo_reports.log_dir = None log_opt_values /usr/lib/python3/dist-packages/oslo_config/cfg.py:2609
2026-03-19 00:40:37.572 164990 DEBUG oslo_service.service [req-3c0b42ee-c95e-4df2-a023-422c6e353560 - - - - -] ******************************************************************************** log_opt_values /usr/lib/python3/dist-packages/oslo_config/cfg.py:2613
2026-03-19 00:40:38.432 165429 DEBUG oslo_messaging._drivers.amqpdriver [-] AMQPListener connection timeout poll /usr/lib/python3/dist-packages/oslo_messaging/_drivers/amqpdriver.py:360
2026-03-19 00:40:38.432 165429 DEBUG oslo_messaging._drivers.amqpdriver [-] Listener is running poll /usr/lib/python3/dist-packages/oslo_messaging/_drivers/amqpdriver.py:343
2026-03-19 00:40:38.432 165429 DEBUG oslo_messaging._drivers.amqpdriver [-] AMQPListener connection consume poll /usr/lib/python3/dist-packages/oslo_messaging/_drivers/amqpdriver.py:357
2026-03-19 00:40:38.450 165430 DEBUG oslo_messaging._drivers.amqpdriver [-] AMQPListener connection timeout poll /usr/lib/python3/dist-packages/oslo_messaging/_drivers/amqpdriver.py:360
2026-03-19 00:40:38.451 165430 DEBUG oslo_messaging._drivers.amqpdriver [-] Listener is running poll /usr/lib/python3/dist-packages/oslo_messaging/_drivers/amqpdriver.py:343
2026-03-19 00:40:38.451 165430 DEBUG oslo_messaging._drivers.amqpdriver [-] AMQPListener connection consume poll /usr/lib/python3/dist-packages/oslo_messaging/_drivers/amqpdriver.py:357
2026-03-19 00:40:38.462 165428 DEBUG oslo_messaging._drivers.amqpdriver [-] AMQPListener connection timeout poll /usr/lib/python3/dist-packages/oslo_messaging/_drivers/amqpdriver.py:360
2026-03-19 00:40:38.462 165428 DEBUG oslo_messaging._drivers.amqpdriver [-] Listener is running poll /usr/lib/python3/dist-packages/oslo_messaging/_drivers/amqpdriver.py:343
2026-03-19 00:40:38.462 165428 DEBUG oslo_messaging._drivers.amqpdriver [-] AMQPListener connection consume poll /usr/lib/python3/dist-packages/oslo_messaging/_drivers/amqpdriver.py:357
2026-03-19 00:40:38.500 165431 DEBUG oslo_messaging._drivers.amqpdriver [-] AMQPListener connection timeout poll /usr/lib/python3/dist-packages/oslo_messaging/_drivers/amqpdriver.py:360
2026-03-19 00:40:38.501 165431 DEBUG oslo_messaging._drivers.amqpdriver [-] Listener is running poll /usr/lib/python3/dist-packages/oslo_messaging/_drivers/amqpdriver.py:343
2026-03-19 00:40:38.501 165431 DEBUG oslo_messaging._drivers.amqpdriver [-] AMQPListener connection consume poll /usr/lib/python3/dist-packages/oslo_messaging/_drivers/amqpdriver.py:357
2026-03-19 00:40:40.433 165429 DEBUG oslo_messaging._drivers.amqpdriver [-] AMQPListener connection timeout poll /usr/lib/python3/dist-packages/oslo_messaging/_drivers/amqpdriver.py:360
2026-03-19 00:40:40.434 165429 DEBUG oslo_messaging._drivers.amqpdriver [-] Listener is running poll /usr/lib/python3/dist-packages/oslo_messaging/_drivers/amqpdriver.py:343
2026-03-19 00:40:40.434 165429 DEBUG oslo_messaging._drivers.amqpdriver [-] AMQPListener connection consume poll /usr/lib/python3/dist-packages/oslo_messaging/_drivers/amqpdriver.py:357
2026-03-19 00:40:40.453 165430 DEBUG oslo_messaging._drivers.amqpdriver [-] AMQPListener connection timeout poll /usr/lib/python3/dist-packages/oslo_messaging/_drivers/amqpdriver.py:360
2026-03-19 00:40:40.454 165430 DEBUG oslo_messaging._drivers.amqpdriver [-] Listener is running poll /usr/lib/python3/dist-packages/oslo_messaging/_drivers/amqpdriver.py:343
2026-03-19 00:40:40.454 165430 DEBUG oslo_messaging._drivers.amqpdriver [-] AMQPListener connection consume poll /usr/lib/python3/dist-packages/oslo_messaging/_drivers/amqpdriver.py:357
2026-03-19 00:40:40.464 165428 DEBUG oslo_messaging._drivers.amqpdriver [-] AMQPListener connection timeout poll /usr/lib/python3/dist-packages/oslo_messaging/_drivers/amqpdriver.py:360
2026-03-19 00:40:40.465 165428 DEBUG oslo_messaging._drivers.amqpdriver [-] Listener is running poll /usr/lib/python3/dist-packages/oslo_messaging/_drivers/amqpdriver.py:343
2026-03-19 00:40:40.465 165428 DEBUG oslo_messaging._drivers.amqpdriver [-] AMQPListener connection consume poll /usr/lib/python3/dist-packages/oslo_messaging/_drivers/amqpdriver.py:357
2026-03-19 00:40:40.503 165431 DEBUG oslo_messaging._drivers.amqpdriver [-] AMQPListener connection timeout poll /usr/lib/python3/dist-packages/oslo_messaging/_drivers/amqpdriver.py:360
2026-03-19 00:40:40.504 165431 DEBUG oslo_messaging._drivers.amqpdriver [-] Listener is running poll /usr/lib/python3/dist-packages/oslo_messaging/_drivers/amqpdriver.py:343
2026-03-19 00:40:40.504 165431 DEBUG oslo_messaging._drivers.amqpdriver [-] AMQPListener connection consume poll /usr/lib/python3/dist-packages/oslo_messaging/_drivers/amqpdriver.py:357
2026-03-19 00:40:44.436 165429 DEBUG oslo_messaging._drivers.amqpdriver [-] AMQPListener connection timeout poll /usr/lib/python3/dist-packages/oslo_messaging/_drivers/amqpdriver.py:360
2026-03-19 00:40:44.437 165429 DEBUG oslo_messaging._drivers.amqpdriver [-] Listener is running poll /usr/lib/python3/dist-packages/oslo_messaging/_drivers/amqpdriver.py:343
2026-03-19 00:40:44.437 165429 DEBUG oslo_messaging._drivers.amqpdriver [-] AMQPListener connection consume poll /usr/lib/python3/dist-packages/oslo_messaging/_drivers/amqpdriver.py:357
2026-03-19 00:40:44.456 165430 DEBUG oslo_messaging._drivers.amqpdriver [-] AMQPListener connection timeout poll /usr/lib/python3/dist-packages/oslo_messaging/_drivers/amqpdriver.py:360
2026-03-19 00:40:44.457 165430 DEBUG oslo_messaging._drivers.amqpdriver [-] Listener is running poll /usr/lib/python3/dist-packages/oslo_messaging/_drivers/amqpdriver.py:343
2026-03-19 00:40:44.457 165430 DEBUG oslo_messaging._drivers.amqpdriver [-] AMQPListener connection consume poll /usr/lib/python3/dist-packages/oslo_messaging/_drivers/amqpdriver.py:357
2026-03-19 00:40:44.467 165428 DEBUG oslo_messaging._drivers.amqpdriver [-] AMQPListener connection timeout poll /usr/lib/python3/dist-packages/oslo_messaging/_drivers/amqpdriver.py:360
2026-03-19 00:40:44.468 165428 DEBUG oslo_messaging._drivers.amqpdriver [-] Listener is running poll /usr/lib/python3/dist-packages/oslo_messaging/_drivers/amqpdriver.py:343
2026-03-19 00:40:44.468 165428 DEBUG oslo_messaging._drivers.amqpdriver [-] AMQPListener connection consume poll /usr/lib/python3/dist-packages/oslo_messaging/_drivers/amqpdriver.py:357
2026-03-19 00:40:44.507 165431 DEBUG oslo_messaging._drivers.amqpdriver [-] AMQPListener connection timeout poll /usr/lib/python3/dist-packages/oslo_messaging/_drivers/amqpdriver.py:360
2026-03-19 00:40:44.507 165431 DEBUG oslo_messaging._drivers.amqpdriver [-] Listener is running poll /usr/lib/python3/dist-packages/oslo_messaging/_drivers/amqpdriver.py:343
2026-03-19 00:40:44.507 165431 DEBUG oslo_messaging._drivers.amqpdriver [-] AMQPListener connection consume poll /usr/lib/python3/dist-packages/oslo_messaging/_drivers/amqpdriver.py:357
2026-03-19 00:40:49.499 165431 DEBUG oslo_service.periodic_task [req-dbdf1b8b-66d8-40ad-b13b-02987a89ff41 - - - - -] Running periodic task SchedulerManager._discover_hosts_in_cells run_periodic_tasks /usr/lib/python3/dist-packages/oslo_service/periodic_task.py:210
2026-03-19 00:40:49.500 165431 DEBUG oslo_db.sqlalchemy.engines [req-dbdf1b8b-66d8-40ad-b13b-02987a89ff41 - - - - -] Parent process 164990 forked (165431) with an open database connection, which is being discarded and recreated. checkout /usr/lib/python3/dist-packages/oslo_db/sqlalchemy/engines.py:413
2026-03-19 00:40:49.525 165431 DEBUG oslo_concurrency.lockutils [req-dbdf1b8b-66d8-40ad-b13b-02987a89ff41 - - - - -] Lock "9181af46-ebbe-473d-ba18-fbcd8415c0a6" acquired by "nova.context.set_target_cell..get_or_set_cached_cell_and_set_connections" :: waited 0.000s inner /usr/lib/python3/dist-packages/oslo_concurrency/lockutils.py:386
2026-03-19 00:40:49.527 165431 DEBUG oslo_concurrency.lockutils [req-dbdf1b8b-66d8-40ad-b13b-02987a89ff41 - - - - -] Lock "9181af46-ebbe-473d-ba18-fbcd8415c0a6" "released" by "nova.context.set_target_cell..get_or_set_cached_cell_and_set_connections" :: held 0.002s inner /usr/lib/python3/dist-packages/oslo_concurrency/lockutils.py:400
2026-03-19 00:40:49.533 165431 DEBUG oslo_db.sqlalchemy.engines [req-dbdf1b8b-66d8-40ad-b13b-02987a89ff41 - - - - -] MySQL server mode set to STRICT_TRANS_TABLES,STRICT_ALL_TABLES,NO_ZERO_IN_DATE,NO_ZERO_DATE,ERROR_FOR_DIVISION_BY_ZERO,TRADITIONAL,NO_ENGINE_SUBSTITUTION _check_effective_sql_mode /usr/lib/python3/dist-packages/oslo_db/sqlalchemy/engines.py:314
2026-03-19 00:40:52.439 165429 DEBUG oslo_messaging._drivers.amqpdriver [-] AMQPListener connection timeout poll /usr/lib/python3/dist-packages/oslo_messaging/_drivers/amqpdriver.py:360
2026-03-19 00:40:52.440 165429 DEBUG oslo_messaging._drivers.amqpdriver [-] Listener is running poll /usr/lib/python3/dist-packages/oslo_messaging/_drivers/amqpdriver.py:343
2026-03-19 00:40:52.440 165429 DEBUG oslo_messaging._drivers.amqpdriver [-] AMQPListener connection consume poll /usr/lib/python3/dist-packages/oslo_messaging/_drivers/amqpdriver.py:357
2026-03-19 00:40:52.457 165430 DEBUG oslo_messaging._drivers.amqpdriver [-] AMQPListener connection timeout poll /usr/lib/python3/dist-packages/oslo_messaging/_drivers/amqpdriver.py:360
2026-03-19 00:40:52.457 165430 DEBUG oslo_messaging._drivers.amqpdriver [-] Listener is running poll /usr/lib/python3/dist-packages/oslo_messaging/_drivers/amqpdriver.py:343
2026-03-19 00:40:52.458 165430 DEBUG oslo_messaging._drivers.amqpdriver [-] AMQPListener connection consume poll /usr/lib/python3/dist-packages/oslo_messaging/_drivers/amqpdriver.py:357
2026-03-19 00:40:52.469 165428 DEBUG oslo_messaging._drivers.amqpdriver [-] AMQPListener connection timeout poll /usr/lib/python3/dist-packages/oslo_messaging/_drivers/amqpdriver.py:360
2026-03-19 00:40:52.469 165428 DEBUG oslo_messaging._drivers.amqpdriver [-] Listener is running poll /usr/lib/python3/dist-packages/oslo_messaging/_drivers/amqpdriver.py:343
2026-03-19 00:40:52.469 165428 DEBUG oslo_messaging._drivers.amqpdriver [-] AMQPListener connection consume poll /usr/lib/python3/dist-packages/oslo_messaging/_drivers/amqpdriver.py:357
2026-03-19 00:40:52.508 165431 DEBUG oslo_messaging._drivers.amqpdriver [-] AMQPListener connection timeout poll /usr/lib/python3/dist-packages/oslo_messaging/_drivers/amqpdriver.py:360
2026-03-19 00:40:52.508 165431 DEBUG oslo_messaging._drivers.amqpdriver [-] Listener is running poll /usr/lib/python3/dist-packages/oslo_messaging/_drivers/amqpdriver.py:343
2026-03-19 00:40:52.508 165431 DEBUG oslo_messaging._drivers.amqpdriver [-] AMQPListener connection consume poll /usr/lib/python3/dist-packages/oslo_messaging/_drivers/amqpdriver.py:357
2026-03-19 00:40:57.450 165430 DEBUG oslo_service.periodic_task [req-126108c0-6986-47d2-b2bd-a15830105b7d - - - - -] Running periodic task SchedulerManager._discover_hosts_in_cells run_periodic_tasks /usr/lib/python3/dist-packages/oslo_service/periodic_task.py:210
2026-03-19 00:40:57.451 165430 DEBUG oslo_db.sqlalchemy.engines [req-126108c0-6986-47d2-b2bd-a15830105b7d - - - - -] Parent process 164990 forked (165430) with an open database connection, which is being discarded and recreated. checkout /usr/lib/python3/dist-packages/oslo_db/sqlalchemy/engines.py:413
2026-03-19 00:40:57.460 165430 DEBUG oslo_concurrency.lockutils [req-126108c0-6986-47d2-b2bd-a15830105b7d - - - - -] Lock "9181af46-ebbe-473d-ba18-fbcd8415c0a6" acquired by "nova.context.set_target_cell..get_or_set_cached_cell_and_set_connections" :: waited 0.000s inner /usr/lib/python3/dist-packages/oslo_concurrency/lockutils.py:386
2026-03-19 00:40:57.462 165430 DEBUG oslo_concurrency.lockutils [req-126108c0-6986-47d2-b2bd-a15830105b7d - - - - -] Lock "9181af46-ebbe-473d-ba18-fbcd8415c0a6" "released" by "nova.context.set_target_cell..get_or_set_cached_cell_and_set_connections" :: held 0.002s inner /usr/lib/python3/dist-packages/oslo_concurrency/lockutils.py:400
2026-03-19 00:40:57.469 165430 DEBUG oslo_db.sqlalchemy.engines [req-126108c0-6986-47d2-b2bd-a15830105b7d - - - - -] MySQL server mode set to STRICT_TRANS_TABLES,STRICT_ALL_TABLES,NO_ZERO_IN_DATE,NO_ZERO_DATE,ERROR_FOR_DIVISION_BY_ZERO,TRADITIONAL,NO_ENGINE_SUBSTITUTION _check_effective_sql_mode /usr/lib/python3/dist-packages/oslo_db/sqlalchemy/engines.py:314
2026-03-19 00:41:19.552 165431 DEBUG oslo_service.periodic_task [req-dbdf1b8b-66d8-40ad-b13b-02987a89ff41 - - - - -] Running periodic task SchedulerManager._discover_hosts_in_cells run_periodic_tasks /usr/lib/python3/dist-packages/oslo_service/periodic_task.py:210
2026-03-19 00:41:19.558 165431 DEBUG oslo_concurrency.lockutils [req-6d13311c-29d8-4c20-a4d6-b730bc6bbfc5 - - - - -] Lock "9181af46-ebbe-473d-ba18-fbcd8415c0a6" acquired by "nova.context.set_target_cell..get_or_set_cached_cell_and_set_connections" :: waited 0.000s inner /usr/lib/python3/dist-packages/oslo_concurrency/lockutils.py:386
2026-03-19 00:41:19.558 165431 DEBUG oslo_concurrency.lockutils [req-6d13311c-29d8-4c20-a4d6-b730bc6bbfc5 - - - - -] Lock "9181af46-ebbe-473d-ba18-fbcd8415c0a6" "released" by "nova.context.set_target_cell..get_or_set_cached_cell_and_set_connections" :: held 0.000s inner /usr/lib/python3/dist-packages/oslo_concurrency/lockutils.py:400
2026-03-19 00:41:22.430 165429 DEBUG oslo_messaging._drivers.amqpdriver [-] AMQPListener connection timeout poll /usr/lib/python3/dist-packages/oslo_messaging/_drivers/amqpdriver.py:360
2026-03-19 00:41:22.430 165429 DEBUG oslo_messaging._drivers.amqpdriver [-] Listener is running poll /usr/lib/python3/dist-packages/oslo_messaging/_drivers/amqpdriver.py:343
2026-03-19 00:41:22.430 165429 DEBUG oslo_messaging._drivers.amqpdriver [-] AMQPListener connection consume poll /usr/lib/python3/dist-packages/oslo_messaging/_drivers/amqpdriver.py:357
2026-03-19 00:41:22.445 165430 DEBUG oslo_messaging._drivers.amqpdriver [-] AMQPListener connection timeout poll /usr/lib/python3/dist-packages/oslo_messaging/_drivers/amqpdriver.py:360
2026-03-19 00:41:22.446 165430 DEBUG oslo_messaging._drivers.amqpdriver [-] Listener is running poll /usr/lib/python3/dist-packages/oslo_messaging/_drivers/amqpdriver.py:343
2026-03-19 00:41:22.446 165430 DEBUG oslo_messaging._drivers.amqpdriver [-] AMQPListener connection consume poll /usr/lib/python3/dist-packages/oslo_messaging/_drivers/amqpdriver.py:357
2026-03-19 00:41:22.457 165428 DEBUG oslo_messaging._drivers.amqpdriver [-] AMQPListener connection timeout poll /usr/lib/python3/dist-packages/oslo_messaging/_drivers/amqpdriver.py:360
2026-03-19 00:41:22.458 165428 DEBUG oslo_messaging._drivers.amqpdriver [-] Listener is running poll /usr/lib/python3/dist-packages/oslo_messaging/_drivers/amqpdriver.py:343
2026-03-19 00:41:22.458 165428 DEBUG oslo_messaging._drivers.amqpdriver [-] AMQPListener connection consume poll /usr/lib/python3/dist-packages/oslo_messaging/_drivers/amqpdriver.py:357
2026-03-19 00:41:22.487 165431 DEBUG oslo_messaging._drivers.amqpdriver [-] AMQPListener connection timeout poll /usr/lib/python3/dist-packages/oslo_messaging/_drivers/amqpdriver.py:360
2026-03-19 00:41:22.487 165431 DEBUG oslo_messaging._drivers.amqpdriver [-] Listener is running poll /usr/lib/python3/dist-packages/oslo_messaging/_drivers/amqpdriver.py:343
2026-03-19 00:41:22.488 165431 DEBUG oslo_messaging._drivers.amqpdriver [-] AMQPListener connection consume poll /usr/lib/python3/dist-packages/oslo_messaging/_drivers/amqpdriver.py:357
2026-03-19 00:41:27.486 165430 DEBUG oslo_service.periodic_task [req-126108c0-6986-47d2-b2bd-a15830105b7d - - - - -] Running periodic task SchedulerManager._discover_hosts_in_cells run_periodic_tasks /usr/lib/python3/dist-packages/oslo_service/periodic_task.py:210
2026-03-19 00:41:27.491 165430 DEBUG oslo_concurrency.lockutils [req-ce5ec8c8-06ef-4a8d-8b47-a8a226176c3e - - - - -] Lock "9181af46-ebbe-473d-ba18-fbcd8415c0a6" acquired by "nova.context.set_target_cell..get_or_set_cached_cell_and_set_connections" :: waited 0.000s inner /usr/lib/python3/dist-packages/oslo_concurrency/lockutils.py:386
2026-03-19 00:41:27.491 165430 DEBUG oslo_concurrency.lockutils [req-ce5ec8c8-06ef-4a8d-8b47-a8a226176c3e - - - - -] Lock "9181af46-ebbe-473d-ba18-fbcd8415c0a6" "released" by "nova.context.set_target_cell..get_or_set_cached_cell_and_set_connections" :: held 0.000s inner /usr/lib/python3/dist-packages/oslo_concurrency/lockutils.py:400
2026-03-19 00:41:33.431 165429 DEBUG oslo_service.periodic_task [req-52eb0ad4-9ada-4928-b486-ddc43c6cc867 - - - - -] Running periodic task SchedulerManager._discover_hosts_in_cells run_periodic_tasks /usr/lib/python3/dist-packages/oslo_service/periodic_task.py:210
2026-03-19 00:41:33.433 165429 DEBUG oslo_db.sqlalchemy.engines [req-52eb0ad4-9ada-4928-b486-ddc43c6cc867 - - - - -] Parent process 164990 forked (165429) with an open database connection, which is being discarded and recreated. checkout /usr/lib/python3/dist-packages/oslo_db/sqlalchemy/engines.py:413
2026-03-19 00:41:33.439 165429 DEBUG oslo_concurrency.lockutils [req-52eb0ad4-9ada-4928-b486-ddc43c6cc867 - - - - -] Lock "9181af46-ebbe-473d-ba18-fbcd8415c0a6" acquired by "nova.context.set_target_cell..get_or_set_cached_cell_and_set_connections" :: waited 0.000s inner /usr/lib/python3/dist-packages/oslo_concurrency/lockutils.py:386
2026-03-19 00:41:33.441 165429 DEBUG oslo_concurrency.lockutils [req-52eb0ad4-9ada-4928-b486-ddc43c6cc867 - - - - -] Lock "9181af46-ebbe-473d-ba18-fbcd8415c0a6" "released" by "nova.context.set_target_cell..get_or_set_cached_cell_and_set_connections" :: held 0.002s inner /usr/lib/python3/dist-packages/oslo_concurrency/lockutils.py:400
2026-03-19 00:41:33.447 165429 DEBUG oslo_db.sqlalchemy.engines [req-52eb0ad4-9ada-4928-b486-ddc43c6cc867 - - - - -] MySQL server mode set to STRICT_TRANS_TABLES,STRICT_ALL_TABLES,NO_ZERO_IN_DATE,NO_ZERO_DATE,ERROR_FOR_DIVISION_BY_ZERO,TRADITIONAL,NO_ENGINE_SUBSTITUTION _check_effective_sql_mode /usr/lib/python3/dist-packages/oslo_db/sqlalchemy/engines.py:314
2026-03-19 00:41:34.461 165428 DEBUG oslo_service.periodic_task [req-e0e9ca02-cd52-4269-84ac-adc318a36216 - - - - -] Running periodic task SchedulerManager._discover_hosts_in_cells run_periodic_tasks /usr/lib/python3/dist-packages/oslo_service/periodic_task.py:210
2026-03-19 00:41:34.462 165428 DEBUG oslo_db.sqlalchemy.engines [req-e0e9ca02-cd52-4269-84ac-adc318a36216 - - - - -] Parent process 164990 forked (165428) with an open database connection, which is being discarded and recreated. checkout /usr/lib/python3/dist-packages/oslo_db/sqlalchemy/engines.py:413
2026-03-19 00:41:34.471 165428 DEBUG oslo_concurrency.lockutils [req-e0e9ca02-cd52-4269-84ac-adc318a36216 - - - - -] Lock "9181af46-ebbe-473d-ba18-fbcd8415c0a6" acquired by "nova.context.set_target_cell..get_or_set_cached_cell_and_set_connections" :: waited 0.000s inner /usr/lib/python3/dist-packages/oslo_concurrency/lockutils.py:386
2026-03-19 00:41:34.473 165428 DEBUG oslo_concurrency.lockutils [req-e0e9ca02-cd52-4269-84ac-adc318a36216 - - - - -] Lock "9181af46-ebbe-473d-ba18-fbcd8415c0a6" "released" by "nova.context.set_target_cell..get_or_set_cached_cell_and_set_connections" :: held 0.002s inner /usr/lib/python3/dist-packages/oslo_concurrency/lockutils.py:400
2026-03-19 00:41:34.479 165428 DEBUG oslo_db.sqlalchemy.engines [req-e0e9ca02-cd52-4269-84ac-adc318a36216 - - - - -] MySQL server mode set to STRICT_TRANS_TABLES,STRICT_ALL_TABLES,NO_ZERO_IN_DATE,NO_ZERO_DATE,ERROR_FOR_DIVISION_BY_ZERO,TRADITIONAL,NO_ENGINE_SUBSTITUTION _check_effective_sql_mode /usr/lib/python3/dist-packages/oslo_db/sqlalchemy/engines.py:314
2026-03-19 00:41:50.502 165431 DEBUG oslo_service.periodic_task [req-6d13311c-29d8-4c20-a4d6-b730bc6bbfc5 - - - - -] Running periodic task SchedulerManager._discover_hosts_in_cells run_periodic_tasks /usr/lib/python3/dist-packages/oslo_service/periodic_task.py:210
2026-03-19 00:41:50.507 165431 DEBUG oslo_concurrency.lockutils [req-2defdd55-764c-47b6-85a9-e21bc37435bf - - - - -] Lock "9181af46-ebbe-473d-ba18-fbcd8415c0a6" acquired by "nova.context.set_target_cell..get_or_set_cached_cell_and_set_connections" :: waited 0.000s inner /usr/lib/python3/dist-packages/oslo_concurrency/lockutils.py:386
2026-03-19 00:41:50.507 165431 DEBUG oslo_concurrency.lockutils [req-2defdd55-764c-47b6-85a9-e21bc37435bf - - - - -] Lock "9181af46-ebbe-473d-ba18-fbcd8415c0a6" "released" by "nova.context.set_target_cell..get_or_set_cached_cell_and_set_connections" :: held 0.000s inner /usr/lib/python3/dist-packages/oslo_concurrency/lockutils.py:400
2026-03-19 00:41:54.432 165429 DEBUG oslo_messaging._drivers.amqpdriver [-] AMQPListener connection timeout poll /usr/lib/python3/dist-packages/oslo_messaging/_drivers/amqpdriver.py:360
2026-03-19 00:41:54.432 165429 DEBUG oslo_messaging._drivers.amqpdriver [-] Listener is running poll /usr/lib/python3/dist-packages/oslo_messaging/_drivers/amqpdriver.py:343
2026-03-19 00:41:54.433 165429 DEBUG oslo_messaging._drivers.amqpdriver [-] AMQPListener connection consume poll /usr/lib/python3/dist-packages/oslo_messaging/_drivers/amqpdriver.py:357
2026-03-19 00:41:54.447 165430 DEBUG oslo_messaging._drivers.amqpdriver [-] AMQPListener connection timeout poll /usr/lib/python3/dist-packages/oslo_messaging/_drivers/amqpdriver.py:360
2026-03-19 00:41:54.448 165430 DEBUG oslo_messaging._drivers.amqpdriver [-] Listener is running poll /usr/lib/python3/dist-packages/oslo_messaging/_drivers/amqpdriver.py:343
2026-03-19 00:41:54.448 165430 DEBUG oslo_messaging._drivers.amqpdriver [-] AMQPListener connection consume poll /usr/lib/python3/dist-packages/oslo_messaging/_drivers/amqpdriver.py:357
2026-03-19 00:41:54.461 165428 DEBUG oslo_messaging._drivers.amqpdriver [-] AMQPListener connection timeout poll /usr/lib/python3/dist-packages/oslo_messaging/_drivers/amqpdriver.py:360
2026-03-19 00:41:54.461 165428 DEBUG oslo_messaging._drivers.amqpdriver [-] Listener is running poll /usr/lib/python3/dist-packages/oslo_messaging/_drivers/amqpdriver.py:343
2026-03-19 00:41:54.462 165428 DEBUG oslo_messaging._drivers.amqpdriver [-] AMQPListener connection consume poll /usr/lib/python3/dist-packages/oslo_messaging/_drivers/amqpdriver.py:357
2026-03-19 00:41:54.489 165431 DEBUG oslo_messaging._drivers.amqpdriver [-] AMQPListener connection timeout poll /usr/lib/python3/dist-packages/oslo_messaging/_drivers/amqpdriver.py:360
2026-03-19 00:41:54.490 165431 DEBUG oslo_messaging._drivers.amqpdriver [-] Listener is running poll /usr/lib/python3/dist-packages/oslo_messaging/_drivers/amqpdriver.py:343
2026-03-19 00:41:54.490 165431 DEBUG oslo_messaging._drivers.amqpdriver [-] AMQPListener connection consume poll /usr/lib/python3/dist-packages/oslo_messaging/_drivers/amqpdriver.py:357
2026-03-19 00:41:57.498 165430 DEBUG oslo_service.periodic_task [req-ce5ec8c8-06ef-4a8d-8b47-a8a226176c3e - - - - -] Running periodic task SchedulerManager._discover_hosts_in_cells run_periodic_tasks /usr/lib/python3/dist-packages/oslo_service/periodic_task.py:210
2026-03-19 00:41:57.504 165430 DEBUG oslo_concurrency.lockutils [req-8d9ce44c-d90b-4dc2-b674-96f4df1df6f8 - - - - -] Lock "9181af46-ebbe-473d-ba18-fbcd8415c0a6" acquired by "nova.context.set_target_cell..get_or_set_cached_cell_and_set_connections" :: waited 0.000s inner /usr/lib/python3/dist-packages/oslo_concurrency/lockutils.py:386
2026-03-19 00:41:57.504 165430 DEBUG oslo_concurrency.lockutils [req-8d9ce44c-d90b-4dc2-b674-96f4df1df6f8 - - - - -] Lock "9181af46-ebbe-473d-ba18-fbcd8415c0a6" "released" by "nova.context.set_target_cell..get_or_set_cached_cell_and_set_connections" :: held 0.000s inner /usr/lib/python3/dist-packages/oslo_concurrency/lockutils.py:400
2026-03-19 00:42:03.460 165429 DEBUG oslo_service.periodic_task [req-52eb0ad4-9ada-4928-b486-ddc43c6cc867 - - - - -] Running periodic task SchedulerManager._discover_hosts_in_cells run_periodic_tasks /usr/lib/python3/dist-packages/oslo_service/periodic_task.py:210
2026-03-19 00:42:03.465 165429 DEBUG oslo_concurrency.lockutils [req-0b725c70-bef0-4d04-8e7e-f4e64b12982d - - - - -] Lock "9181af46-ebbe-473d-ba18-fbcd8415c0a6" acquired by "nova.context.set_target_cell..get_or_set_cached_cell_and_set_connections" :: waited 0.000s inner /usr/lib/python3/dist-packages/oslo_concurrency/lockutils.py:386
2026-03-19 00:42:03.466 165429 DEBUG oslo_concurrency.lockutils [req-0b725c70-bef0-4d04-8e7e-f4e64b12982d - - - - -] Lock "9181af46-ebbe-473d-ba18-fbcd8415c0a6" "released" by "nova.context.set_target_cell..get_or_set_cached_cell_and_set_connections" :: held 0.000s inner /usr/lib/python3/dist-packages/oslo_concurrency/lockutils.py:400
2026-03-19 00:42:04.494 165428 DEBUG oslo_service.periodic_task [req-e0e9ca02-cd52-4269-84ac-adc318a36216 - - - - -] Running periodic task SchedulerManager._discover_hosts_in_cells run_periodic_tasks /usr/lib/python3/dist-packages/oslo_service/periodic_task.py:210
2026-03-19 00:42:04.499 165428 DEBUG oslo_concurrency.lockutils [req-a28d8cf3-f8b4-4cc2-b805-6ff1b7e95fd2 - - - - -] Lock "9181af46-ebbe-473d-ba18-fbcd8415c0a6" acquired by "nova.context.set_target_cell..get_or_set_cached_cell_and_set_connections" :: waited 0.000s inner /usr/lib/python3/dist-packages/oslo_concurrency/lockutils.py:386
2026-03-19 00:42:04.499 165428 DEBUG oslo_concurrency.lockutils [req-a28d8cf3-f8b4-4cc2-b805-6ff1b7e95fd2 - - - - -] Lock "9181af46-ebbe-473d-ba18-fbcd8415c0a6" "released" by "nova.context.set_target_cell..get_or_set_cached_cell_and_set_connections" :: held 0.000s inner /usr/lib/python3/dist-packages/oslo_concurrency/lockutils.py:400
2026-03-19 00:42:20.517 165431 DEBUG oslo_service.periodic_task [req-2defdd55-764c-47b6-85a9-e21bc37435bf - - - - -] Running periodic task SchedulerManager._discover_hosts_in_cells run_periodic_tasks /usr/lib/python3/dist-packages/oslo_service/periodic_task.py:210
2026-03-19 00:42:20.522 165431 DEBUG oslo_concurrency.lockutils [req-422e7ee6-e923-4ec1-b679-a62cf7cd62b4 - - - - -] Lock "9181af46-ebbe-473d-ba18-fbcd8415c0a6" acquired by "nova.context.set_target_cell..get_or_set_cached_cell_and_set_connections" :: waited 0.000s inner /usr/lib/python3/dist-packages/oslo_concurrency/lockutils.py:386
2026-03-19 00:42:20.523 165431 DEBUG oslo_concurrency.lockutils [req-422e7ee6-e923-4ec1-b679-a62cf7cd62b4 - - - - -] Lock "9181af46-ebbe-473d-ba18-fbcd8415c0a6" "released" by "nova.context.set_target_cell..get_or_set_cached_cell_and_set_connections" :: held 0.000s inner /usr/lib/python3/dist-packages/oslo_concurrency/lockutils.py:400
2026-03-19 00:42:27.515 165430 DEBUG oslo_service.periodic_task [req-8d9ce44c-d90b-4dc2-b674-96f4df1df6f8 - - - - -] Running periodic task SchedulerManager._discover_hosts_in_cells run_periodic_tasks /usr/lib/python3/dist-packages/oslo_service/periodic_task.py:210
2026-03-19 00:42:27.519 165430 DEBUG oslo_concurrency.lockutils [req-a0146f40-2483-498d-aefe-f322f7a40bae - - - - -] Lock "9181af46-ebbe-473d-ba18-fbcd8415c0a6" acquired by "nova.context.set_target_cell..get_or_set_cached_cell_and_set_connections" :: waited 0.000s inner /usr/lib/python3/dist-packages/oslo_concurrency/lockutils.py:386
2026-03-19 00:42:27.519 165430 DEBUG oslo_concurrency.lockutils [req-a0146f40-2483-498d-aefe-f322f7a40bae - - - - -] Lock "9181af46-ebbe-473d-ba18-fbcd8415c0a6" "released" by "nova.context.set_target_cell..get_or_set_cached_cell_and_set_connections" :: held 0.000s inner /usr/lib/python3/dist-packages/oslo_concurrency/lockutils.py:400
2026-03-19 00:42:34.433 165429 DEBUG oslo_service.periodic_task [req-0b725c70-bef0-4d04-8e7e-f4e64b12982d - - - - -] Running periodic task SchedulerManager._discover_hosts_in_cells run_periodic_tasks /usr/lib/python3/dist-packages/oslo_service/periodic_task.py:210
2026-03-19 00:42:34.438 165429 DEBUG oslo_concurrency.lockutils [req-84f83762-0c3e-4d79-9ed8-db499f8654a8 - - - - -] Lock "9181af46-ebbe-473d-ba18-fbcd8415c0a6" acquired by "nova.context.set_target_cell..get_or_set_cached_cell_and_set_connections" :: waited 0.000s inner /usr/lib/python3/dist-packages/oslo_concurrency/lockutils.py:386
2026-03-19 00:42:34.439 165429 DEBUG oslo_concurrency.lockutils [req-84f83762-0c3e-4d79-9ed8-db499f8654a8 - - - - -] Lock "9181af46-ebbe-473d-ba18-fbcd8415c0a6" "released" by "nova.context.set_target_cell..get_or_set_cached_cell_and_set_connections" :: held 0.000s inner /usr/lib/python3/dist-packages/oslo_concurrency/lockutils.py:400
2026-03-19 00:42:35.464 165428 DEBUG oslo_service.periodic_task [req-a28d8cf3-f8b4-4cc2-b805-6ff1b7e95fd2 - - - - -] Running periodic task SchedulerManager._discover_hosts_in_cells run_periodic_tasks /usr/lib/python3/dist-packages/oslo_service/periodic_task.py:210
2026-03-19 00:42:35.469 165428 DEBUG oslo_concurrency.lockutils [req-b21e54cf-bd03-4f8b-9906-60501d28283e - - - - -] Lock "9181af46-ebbe-473d-ba18-fbcd8415c0a6" acquired by "nova.context.set_target_cell..get_or_set_cached_cell_and_set_connections" :: waited 0.000s inner /usr/lib/python3/dist-packages/oslo_concurrency/lockutils.py:386
2026-03-19 00:42:35.469 165428 DEBUG oslo_concurrency.lockutils [req-b21e54cf-bd03-4f8b-9906-60501d28283e - - - - -] Lock "9181af46-ebbe-473d-ba18-fbcd8415c0a6" "released" by "nova.context.set_target_cell..get_or_set_cached_cell_and_set_connections" :: held 0.000s inner /usr/lib/python3/dist-packages/oslo_concurrency/lockutils.py:400
2026-03-19 00:42:50.535 165431 DEBUG oslo_service.periodic_task [req-422e7ee6-e923-4ec1-b679-a62cf7cd62b4 - - - - -] Running periodic task SchedulerManager._discover_hosts_in_cells run_periodic_tasks /usr/lib/python3/dist-packages/oslo_service/periodic_task.py:210
2026-03-19 00:42:50.539 165431 DEBUG oslo_concurrency.lockutils [req-40bfe8bf-765e-4416-959b-3b5bc21cb67e - - - - -] Lock "9181af46-ebbe-473d-ba18-fbcd8415c0a6" acquired by "nova.context.set_target_cell..get_or_set_cached_cell_and_set_connections" :: waited 0.000s inner /usr/lib/python3/dist-packages/oslo_concurrency/lockutils.py:386
