2026-03-19 00:37:50.871 132223 DEBUG oslo_service.service [req-4660639a-f39e-4dfc-a030-2b1c9edd52ff - - - - -] rootwrap_config = /etc/nova/rootwrap.conf log_opt_values /usr/lib/python3/dist-packages/oslo_config/cfg.py:2602
2026-03-19 00:37:50.872 132223 DEBUG oslo_service.service [req-4660639a-f39e-4dfc-a030-2b1c9edd52ff - - - - -] rpc_response_timeout = 60 log_opt_values /usr/lib/python3/dist-packages/oslo_config/cfg.py:2602
2026-03-19 00:37:50.872 132223 DEBUG oslo_service.service [req-4660639a-f39e-4dfc-a030-2b1c9edd52ff - - - - -] run_external_periodic_tasks = True log_opt_values /usr/lib/python3/dist-packages/oslo_config/cfg.py:2602
2026-03-19 00:37:50.874 132223 DEBUG oslo_service.service [req-4660639a-f39e-4dfc-a030-2b1c9edd52ff - - - - -] running_deleted_instance_action = reap log_opt_values /usr/lib/python3/dist-packages/oslo_config/cfg.py:2602
2026-03-19 00:37:50.874 132223 DEBUG oslo_service.service [req-4660639a-f39e-4dfc-a030-2b1c9edd52ff - - - - -] running_deleted_instance_poll_interval = 1800 log_opt_values /usr/lib/python3/dist-packages/oslo_config/cfg.py:2602
2026-03-19 00:37:50.874 132223 DEBUG oslo_service.service [req-4660639a-f39e-4dfc-a030-2b1c9edd52ff - - - - -] running_deleted_instance_timeout = 0 log_opt_values /usr/lib/python3/dist-packages/oslo_config/cfg.py:2602
2026-03-19 00:37:50.875 132223 DEBUG oslo_service.service [req-4660639a-f39e-4dfc-a030-2b1c9edd52ff - - - - -] scheduler_instance_sync_interval = 120 log_opt_values /usr/lib/python3/dist-packages/oslo_config/cfg.py:2602
2026-03-19 00:37:50.878 133325 DEBUG nova.service [req-e8bf2b9e-8497-4e19-9143-42bfe9273eac - - - - -] Creating RPC server for service conductor start /usr/lib/python3/dist-packages/nova/service.py:182
2026-03-19 00:37:50.879 132223 DEBUG oslo_service.service [req-4660639a-f39e-4dfc-a030-2b1c9edd52ff - - - - -] service_down_time = 60 log_opt_values /usr/lib/python3/dist-packages/oslo_config/cfg.py:2602
2026-03-19 00:37:50.880 132223 DEBUG oslo_service.service [req-4660639a-f39e-4dfc-a030-2b1c9edd52ff - - - - -] servicegroup_driver = db log_opt_values /usr/lib/python3/dist-packages/oslo_config/cfg.py:2602
2026-03-19 00:37:50.880 132223 DEBUG oslo_service.service [req-4660639a-f39e-4dfc-a030-2b1c9edd52ff - - - - -] shelved_offload_time = 0 log_opt_values /usr/lib/python3/dist-packages/oslo_config/cfg.py:2602
2026-03-19 00:37:50.881 132223 DEBUG oslo_service.service [req-4660639a-f39e-4dfc-a030-2b1c9edd52ff - - - - -] shelved_poll_interval = 3600 log_opt_values /usr/lib/python3/dist-packages/oslo_config/cfg.py:2602
2026-03-19 00:37:50.881 132223 DEBUG oslo_service.service [req-4660639a-f39e-4dfc-a030-2b1c9edd52ff - - - - -] shutdown_timeout = 60 log_opt_values /usr/lib/python3/dist-packages/oslo_config/cfg.py:2602
2026-03-19 00:37:50.881 132223 DEBUG oslo_service.service [req-4660639a-f39e-4dfc-a030-2b1c9edd52ff - - - - -] source_is_ipv6 = False log_opt_values /usr/lib/python3/dist-packages/oslo_config/cfg.py:2602
2026-03-19 00:37:50.882 132223 DEBUG oslo_service.service [req-4660639a-f39e-4dfc-a030-2b1c9edd52ff - - - - -] ssl_only = False log_opt_values /usr/lib/python3/dist-packages/oslo_config/cfg.py:2602
2026-03-19 00:37:50.882 132223 DEBUG oslo_service.service [req-4660639a-f39e-4dfc-a030-2b1c9edd52ff - - - - -] state_path = /var/lib/nova log_opt_values /usr/lib/python3/dist-packages/oslo_config/cfg.py:2602
2026-03-19 00:37:50.882 132223 DEBUG oslo_service.service [req-4660639a-f39e-4dfc-a030-2b1c9edd52ff - - - - -] sync_power_state_interval = 600 log_opt_values /usr/lib/python3/dist-packages/oslo_config/cfg.py:2602
2026-03-19 00:37:50.882 132223 DEBUG oslo_service.service [req-4660639a-f39e-4dfc-a030-2b1c9edd52ff - - - - -] sync_power_state_pool_size = 1000 log_opt_values /usr/lib/python3/dist-packages/oslo_config/cfg.py:2602
2026-03-19 00:37:50.883 132223 DEBUG oslo_service.service [req-4660639a-f39e-4dfc-a030-2b1c9edd52ff - - - - -] syslog_log_facility = LOG_USER log_opt_values /usr/lib/python3/dist-packages/oslo_config/cfg.py:2602
2026-03-19 00:37:50.883 132223 DEBUG oslo_service.service [req-4660639a-f39e-4dfc-a030-2b1c9edd52ff - - - - -] tempdir = None log_opt_values /usr/lib/python3/dist-packages/oslo_config/cfg.py:2602
2026-03-19 00:37:50.883 132223 DEBUG oslo_service.service [req-4660639a-f39e-4dfc-a030-2b1c9edd52ff - - - - -] timeout_nbd = 10 log_opt_values /usr/lib/python3/dist-packages/oslo_config/cfg.py:2602
2026-03-19 00:37:50.883 132223 DEBUG oslo_service.service [req-4660639a-f39e-4dfc-a030-2b1c9edd52ff - - - - -] transport_url = **** log_opt_values /usr/lib/python3/dist-packages/oslo_config/cfg.py:2602
2026-03-19 00:37:50.883 132223 DEBUG oslo_service.service [req-4660639a-f39e-4dfc-a030-2b1c9edd52ff - - - - -] update_resources_interval = 0 log_opt_values /usr/lib/python3/dist-packages/oslo_config/cfg.py:2602
2026-03-19 00:37:50.884 132223 DEBUG oslo_service.service [req-4660639a-f39e-4dfc-a030-2b1c9edd52ff - - - - -] use_cow_images = True log_opt_values /usr/lib/python3/dist-packages/oslo_config/cfg.py:2602
2026-03-19 00:37:50.884 132223 DEBUG oslo_service.service [req-4660639a-f39e-4dfc-a030-2b1c9edd52ff - - - - -] use_eventlog = False log_opt_values /usr/lib/python3/dist-packages/oslo_config/cfg.py:2602
2026-03-19 00:37:50.884 132223 DEBUG oslo_service.service [req-4660639a-f39e-4dfc-a030-2b1c9edd52ff - - - - -] use_journal = False log_opt_values /usr/lib/python3/dist-packages/oslo_config/cfg.py:2602
2026-03-19 00:37:50.884 132223 DEBUG oslo_service.service [req-4660639a-f39e-4dfc-a030-2b1c9edd52ff - - - - -] use_json = False log_opt_values /usr/lib/python3/dist-packages/oslo_config/cfg.py:2602
2026-03-19 00:37:50.885 132223 DEBUG oslo_service.service [req-4660639a-f39e-4dfc-a030-2b1c9edd52ff - - - - -] use_rootwrap_daemon = False log_opt_values /usr/lib/python3/dist-packages/oslo_config/cfg.py:2602
2026-03-19 00:37:50.885 132223 DEBUG oslo_service.service [req-4660639a-f39e-4dfc-a030-2b1c9edd52ff - - - - -] use_stderr = False log_opt_values /usr/lib/python3/dist-packages/oslo_config/cfg.py:2602
2026-03-19 00:37:50.885 132223 DEBUG oslo_service.service [req-4660639a-f39e-4dfc-a030-2b1c9edd52ff - - - - -] use_syslog = False log_opt_values /usr/lib/python3/dist-packages/oslo_config/cfg.py:2602
2026-03-19 00:37:50.885 132223 DEBUG oslo_service.service [req-4660639a-f39e-4dfc-a030-2b1c9edd52ff - - - - -] vcpu_pin_set = None log_opt_values /usr/lib/python3/dist-packages/oslo_config/cfg.py:2602
2026-03-19 00:37:50.888 132223 DEBUG oslo_service.service [req-4660639a-f39e-4dfc-a030-2b1c9edd52ff - - - - -] vif_plugging_is_fatal = True log_opt_values /usr/lib/python3/dist-packages/oslo_config/cfg.py:2602
2026-03-19 00:37:50.888 132223 DEBUG oslo_service.service [req-4660639a-f39e-4dfc-a030-2b1c9edd52ff - - - - -] vif_plugging_timeout = 300 log_opt_values /usr/lib/python3/dist-packages/oslo_config/cfg.py:2602
2026-03-19 00:37:50.889 132223 DEBUG oslo_service.service [req-4660639a-f39e-4dfc-a030-2b1c9edd52ff - - - - -] virt_mkfs = [] log_opt_values /usr/lib/python3/dist-packages/oslo_config/cfg.py:2602
2026-03-19 00:37:50.889 132223 DEBUG oslo_service.service [req-4660639a-f39e-4dfc-a030-2b1c9edd52ff - - - - -] volume_usage_poll_interval = 0 log_opt_values /usr/lib/python3/dist-packages/oslo_config/cfg.py:2602
2026-03-19 00:37:50.889 132223 DEBUG oslo_service.service [req-4660639a-f39e-4dfc-a030-2b1c9edd52ff - - - - -] watch_log_file = False log_opt_values /usr/lib/python3/dist-packages/oslo_config/cfg.py:2602
2026-03-19 00:37:50.889 132223 DEBUG oslo_service.service [req-4660639a-f39e-4dfc-a030-2b1c9edd52ff - - - - -] web = /usr/share/spice-html5 log_opt_values /usr/lib/python3/dist-packages/oslo_config/cfg.py:2602
2026-03-19 00:37:50.890 132223 DEBUG oslo_service.service [req-4660639a-f39e-4dfc-a030-2b1c9edd52ff - - - - -] oslo_concurrency.disable_process_locking = False log_opt_values /usr/lib/python3/dist-packages/oslo_config/cfg.py:2609
2026-03-19 00:37:50.890 132223 DEBUG oslo_service.service [req-4660639a-f39e-4dfc-a030-2b1c9edd52ff - - - - -] oslo_concurrency.lock_path = /var/lock/nova log_opt_values /usr/lib/python3/dist-packages/oslo_config/cfg.py:2609
2026-03-19 00:37:50.891 132223 DEBUG oslo_service.service [req-4660639a-f39e-4dfc-a030-2b1c9edd52ff - - - - -] oslo_messaging_metrics.metrics_buffer_size = 1000 log_opt_values /usr/lib/python3/dist-packages/oslo_config/cfg.py:2609
2026-03-19 00:37:50.891 132223 DEBUG oslo_service.service [req-4660639a-f39e-4dfc-a030-2b1c9edd52ff - - - - -] oslo_messaging_metrics.metrics_enabled = False log_opt_values /usr/lib/python3/dist-packages/oslo_config/cfg.py:2609
2026-03-19 00:37:50.891 132223 DEBUG oslo_service.service [req-4660639a-f39e-4dfc-a030-2b1c9edd52ff - - - - -] oslo_messaging_metrics.metrics_process_name = log_opt_values /usr/lib/python3/dist-packages/oslo_config/cfg.py:2609
2026-03-19 00:37:50.892 132223 DEBUG oslo_service.service [req-4660639a-f39e-4dfc-a030-2b1c9edd52ff - - - - -] oslo_messaging_metrics.metrics_socket_file = /var/tmp/metrics_collector.sock log_opt_values /usr/lib/python3/dist-packages/oslo_config/cfg.py:2609
2026-03-19 00:37:50.892 132223 DEBUG oslo_service.service [req-4660639a-f39e-4dfc-a030-2b1c9edd52ff - - - - -] oslo_messaging_metrics.metrics_thread_stop_timeout = 10 log_opt_values /usr/lib/python3/dist-packages/oslo_config/cfg.py:2609
2026-03-19 00:37:50.908 132223 WARNING oslo_config.cfg [req-4660639a-f39e-4dfc-a030-2b1c9edd52ff - - - - -] Deprecated: Option "auth_strategy" from group "api" is deprecated for removal ( The only non-default choice, ``noauth2``, is for internal development and testing purposes only and should not be used in deployments. This option and its middleware, NoAuthMiddleware[V2_18], will be removed in a future release. ). Its value may be silently ignored in the future.
2026-03-19 00:37:50.924 133323 DEBUG oslo_messaging._drivers.amqpdriver [-] Listener is running poll /usr/lib/python3/dist-packages/oslo_messaging/_drivers/amqpdriver.py:343
2026-03-19 00:37:50.925 132223 DEBUG oslo_service.service [req-4660639a-f39e-4dfc-a030-2b1c9edd52ff - - - - -] api.auth_strategy = keystone log_opt_values /usr/lib/python3/dist-packages/oslo_config/cfg.py:2609
2026-03-19 00:37:50.926 133323 DEBUG oslo_messaging._drivers.amqpdriver [-] AMQPListener connection consume poll /usr/lib/python3/dist-packages/oslo_messaging/_drivers/amqpdriver.py:357
2026-03-19 00:37:50.927 132223 DEBUG oslo_service.service [req-4660639a-f39e-4dfc-a030-2b1c9edd52ff - - - - -] api.compute_link_prefix = None log_opt_values /usr/lib/python3/dist-packages/oslo_config/cfg.py:2609
2026-03-19 00:37:50.929 132223 DEBUG oslo_service.service [req-4660639a-f39e-4dfc-a030-2b1c9edd52ff - - - - -] api.config_drive_skip_versions = 1.0 2007-01-19 2007-03-01 2007-08-29 2007-10-10 2007-12-15 2008-02-01 2008-09-01 log_opt_values /usr/lib/python3/dist-packages/oslo_config/cfg.py:2609
2026-03-19 00:37:50.929 132223 DEBUG oslo_service.service [req-4660639a-f39e-4dfc-a030-2b1c9edd52ff - - - - -] api.dhcp_domain = novalocal log_opt_values /usr/lib/python3/dist-packages/oslo_config/cfg.py:2609
2026-03-19 00:37:50.931 132223 DEBUG oslo_service.service [req-4660639a-f39e-4dfc-a030-2b1c9edd52ff - - - - -] api.enable_instance_password = True log_opt_values /usr/lib/python3/dist-packages/oslo_config/cfg.py:2609
2026-03-19 00:37:50.930 133323 DEBUG nova.service [req-de4742e9-9fd4-4e5c-a557-35f6c9e92301 - - - - -] Join ServiceGroup membership for this service conductor start /usr/lib/python3/dist-packages/nova/service.py:199
2026-03-19 00:37:50.931 132223 DEBUG oslo_service.service [req-4660639a-f39e-4dfc-a030-2b1c9edd52ff - - - - -] api.glance_link_prefix = None log_opt_values /usr/lib/python3/dist-packages/oslo_config/cfg.py:2609
2026-03-19 00:37:50.933 132223 DEBUG oslo_service.service [req-4660639a-f39e-4dfc-a030-2b1c9edd52ff - - - - -] api.instance_list_cells_batch_fixed_size = 100 log_opt_values /usr/lib/python3/dist-packages/oslo_config/cfg.py:2609
2026-03-19 00:37:50.933 133324 DEBUG nova.service [req-9bac6772-77c7-41f7-ae39-56c5120501e9 - - - - -] Creating RPC server for service conductor start /usr/lib/python3/dist-packages/nova/service.py:182
2026-03-19 00:37:50.934 133323 DEBUG nova.servicegroup.drivers.db [req-de4742e9-9fd4-4e5c-a557-35f6c9e92301 - - - - -] DB_Driver: join new ServiceGroup member juju-5aed6d-0-lxd-7 to the conductor group, service = join /usr/lib/python3/dist-packages/nova/servicegroup/drivers/db.py:44
2026-03-19 00:37:50.934 132223 DEBUG oslo_service.service [req-4660639a-f39e-4dfc-a030-2b1c9edd52ff - - - - -] api.instance_list_cells_batch_strategy = distributed log_opt_values /usr/lib/python3/dist-packages/oslo_config/cfg.py:2609
2026-03-19 00:37:50.936 132223 DEBUG oslo_service.service [req-4660639a-f39e-4dfc-a030-2b1c9edd52ff - - - - -] api.instance_list_per_project_cells = False log_opt_values /usr/lib/python3/dist-packages/oslo_config/cfg.py:2609
2026-03-19 00:37:50.936 132223 DEBUG oslo_service.service [req-4660639a-f39e-4dfc-a030-2b1c9edd52ff - - - - -] api.list_records_by_skipping_down_cells = True log_opt_values /usr/lib/python3/dist-packages/oslo_config/cfg.py:2609
2026-03-19 00:37:50.938 132223 DEBUG oslo_service.service [req-4660639a-f39e-4dfc-a030-2b1c9edd52ff - - - - -] api.local_metadata_per_cell = False log_opt_values /usr/lib/python3/dist-packages/oslo_config/cfg.py:2609
2026-03-19 00:37:50.938 132223 DEBUG oslo_service.service [req-4660639a-f39e-4dfc-a030-2b1c9edd52ff - - - - -] api.max_limit = 1000 log_opt_values /usr/lib/python3/dist-packages/oslo_config/cfg.py:2609
2026-03-19 00:37:50.938 132223 DEBUG oslo_service.service [req-4660639a-f39e-4dfc-a030-2b1c9edd52ff - - - - -] api.metadata_cache_expiration = 15 log_opt_values /usr/lib/python3/dist-packages/oslo_config/cfg.py:2609
2026-03-19 00:37:50.939 132223 DEBUG oslo_service.service [req-4660639a-f39e-4dfc-a030-2b1c9edd52ff - - - - -] api.neutron_default_tenant_id = default log_opt_values /usr/lib/python3/dist-packages/oslo_config/cfg.py:2609
2026-03-19 00:37:50.939 132223 DEBUG oslo_service.service [req-4660639a-f39e-4dfc-a030-2b1c9edd52ff - - - - -] api.use_forwarded_for = False log_opt_values /usr/lib/python3/dist-packages/oslo_config/cfg.py:2609
2026-03-19 00:37:50.939 132223 DEBUG oslo_service.service [req-4660639a-f39e-4dfc-a030-2b1c9edd52ff - - - - -] api.use_neutron_default_nets = False log_opt_values /usr/lib/python3/dist-packages/oslo_config/cfg.py:2609
2026-03-19 00:37:50.940 133325 DEBUG oslo_messaging._drivers.amqpdriver [-] Listener is running poll /usr/lib/python3/dist-packages/oslo_messaging/_drivers/amqpdriver.py:343
2026-03-19 00:37:50.940 133323 DEBUG oslo_messaging._drivers.amqpdriver [-] AMQPListener connection timeout poll /usr/lib/python3/dist-packages/oslo_messaging/_drivers/amqpdriver.py:360
2026-03-19 00:37:50.943 133325 DEBUG oslo_messaging._drivers.amqpdriver [-] AMQPListener connection consume poll /usr/lib/python3/dist-packages/oslo_messaging/_drivers/amqpdriver.py:357
2026-03-19 00:37:50.943 133323 DEBUG oslo_messaging._drivers.amqpdriver [-] Listener is running poll /usr/lib/python3/dist-packages/oslo_messaging/_drivers/amqpdriver.py:343
2026-03-19 00:37:50.943 133323 DEBUG oslo_messaging._drivers.amqpdriver [-] AMQPListener connection consume poll /usr/lib/python3/dist-packages/oslo_messaging/_drivers/amqpdriver.py:357
2026-03-19 00:37:50.940 132223 DEBUG oslo_service.service [req-4660639a-f39e-4dfc-a030-2b1c9edd52ff - - - - -] api.vendordata_dynamic_connect_timeout = 5 log_opt_values /usr/lib/python3/dist-packages/oslo_config/cfg.py:2609
2026-03-19 00:37:50.943 133326 DEBUG nova.service [req-d16c2455-a478-4b20-bf3b-48a4a5e0aec3 - - - - -] Creating RPC server for service conductor start /usr/lib/python3/dist-packages/nova/service.py:182
2026-03-19 00:37:50.944 133325 DEBUG nova.service [req-e8bf2b9e-8497-4e19-9143-42bfe9273eac - - - - -] Join ServiceGroup membership for this service conductor start /usr/lib/python3/dist-packages/nova/service.py:199
2026-03-19 00:37:50.944 132223 DEBUG oslo_service.service [req-4660639a-f39e-4dfc-a030-2b1c9edd52ff - - - - -] api.vendordata_dynamic_failure_fatal = False log_opt_values /usr/lib/python3/dist-packages/oslo_config/cfg.py:2609
2026-03-19 00:37:50.946 133325 DEBUG nova.servicegroup.drivers.db [req-e8bf2b9e-8497-4e19-9143-42bfe9273eac - - - - -] DB_Driver: join new ServiceGroup member juju-5aed6d-0-lxd-7 to the conductor group, service = join /usr/lib/python3/dist-packages/nova/servicegroup/drivers/db.py:44
2026-03-19 00:37:50.946 132223 DEBUG oslo_service.service [req-4660639a-f39e-4dfc-a030-2b1c9edd52ff - - - - -] api.vendordata_dynamic_read_timeout = 5 log_opt_values /usr/lib/python3/dist-packages/oslo_config/cfg.py:2609
2026-03-19 00:37:50.946 132223 DEBUG oslo_service.service [req-4660639a-f39e-4dfc-a030-2b1c9edd52ff - - - - -] api.vendordata_dynamic_ssl_certfile = log_opt_values /usr/lib/python3/dist-packages/oslo_config/cfg.py:2609
2026-03-19 00:37:50.947 132223 DEBUG oslo_service.service [req-4660639a-f39e-4dfc-a030-2b1c9edd52ff - - - - -] api.vendordata_dynamic_targets = [] log_opt_values /usr/lib/python3/dist-packages/oslo_config/cfg.py:2609
2026-03-19 00:37:50.948 132223 DEBUG oslo_service.service [req-4660639a-f39e-4dfc-a030-2b1c9edd52ff - - - - -] api.vendordata_jsonfile_path = None log_opt_values /usr/lib/python3/dist-packages/oslo_config/cfg.py:2609
2026-03-19 00:37:50.948 132223 DEBUG oslo_service.service [req-4660639a-f39e-4dfc-a030-2b1c9edd52ff - - - - -] api.vendordata_providers = ['StaticJSON'] log_opt_values /usr/lib/python3/dist-packages/oslo_config/cfg.py:2609
2026-03-19 00:37:50.948 132223 DEBUG oslo_service.service [req-4660639a-f39e-4dfc-a030-2b1c9edd52ff - - - - -] cache.backend = dogpile.cache.null log_opt_values /usr/lib/python3/dist-packages/oslo_config/cfg.py:2609
2026-03-19 00:37:50.949 132223 DEBUG oslo_service.service [req-4660639a-f39e-4dfc-a030-2b1c9edd52ff - - - - -] cache.backend_argument = **** log_opt_values /usr/lib/python3/dist-packages/oslo_config/cfg.py:2609
2026-03-19 00:37:50.949 132223 DEBUG oslo_service.service [req-4660639a-f39e-4dfc-a030-2b1c9edd52ff - - - - -] cache.config_prefix = cache.oslo log_opt_values /usr/lib/python3/dist-packages/oslo_config/cfg.py:2609
2026-03-19 00:37:50.949 132223 DEBUG oslo_service.service [req-4660639a-f39e-4dfc-a030-2b1c9edd52ff - - - - -] cache.debug_cache_backend = False log_opt_values /usr/lib/python3/dist-packages/oslo_config/cfg.py:2609
2026-03-19 00:37:50.949 133325 DEBUG oslo_messaging._drivers.amqpdriver [-] AMQPListener connection timeout poll /usr/lib/python3/dist-packages/oslo_messaging/_drivers/amqpdriver.py:360
2026-03-19 00:37:50.949 132223 DEBUG oslo_service.service [req-4660639a-f39e-4dfc-a030-2b1c9edd52ff - - - - -] cache.enabled = False log_opt_values /usr/lib/python3/dist-packages/oslo_config/cfg.py:2609
2026-03-19 00:37:50.949 133325 DEBUG oslo_messaging._drivers.amqpdriver [-] Listener is running poll /usr/lib/python3/dist-packages/oslo_messaging/_drivers/amqpdriver.py:343
2026-03-19 00:37:50.949 132223 DEBUG oslo_service.service [req-4660639a-f39e-4dfc-a030-2b1c9edd52ff - - - - -] cache.expiration_time = 600 log_opt_values /usr/lib/python3/dist-packages/oslo_config/cfg.py:2609
2026-03-19 00:37:50.949 132223 DEBUG oslo_service.service [req-4660639a-f39e-4dfc-a030-2b1c9edd52ff - - - - -] cache.memcache_dead_retry = 300 log_opt_values /usr/lib/python3/dist-packages/oslo_config/cfg.py:2609
2026-03-19 00:37:50.949 133325 DEBUG oslo_messaging._drivers.amqpdriver [-] AMQPListener connection consume poll /usr/lib/python3/dist-packages/oslo_messaging/_drivers/amqpdriver.py:357
2026-03-19 00:37:50.950 132223 DEBUG oslo_service.service [req-4660639a-f39e-4dfc-a030-2b1c9edd52ff - - - - -] cache.memcache_pool_connection_get_timeout = 10 log_opt_values /usr/lib/python3/dist-packages/oslo_config/cfg.py:2609
2026-03-19 00:37:50.953 132223 DEBUG oslo_service.service [req-4660639a-f39e-4dfc-a030-2b1c9edd52ff - - - - -] cache.memcache_pool_flush_on_reconnect = False log_opt_values /usr/lib/python3/dist-packages/oslo_config/cfg.py:2609
2026-03-19 00:37:50.953 132223 DEBUG oslo_service.service [req-4660639a-f39e-4dfc-a030-2b1c9edd52ff - - - - -] cache.memcache_pool_maxsize = 10 log_opt_values /usr/lib/python3/dist-packages/oslo_config/cfg.py:2609
2026-03-19 00:37:50.953 132223 DEBUG oslo_service.service [req-4660639a-f39e-4dfc-a030-2b1c9edd52ff - - - - -] cache.memcache_pool_unused_timeout = 60 log_opt_values /usr/lib/python3/dist-packages/oslo_config/cfg.py:2609
2026-03-19 00:37:50.953 132223 DEBUG oslo_service.service [req-4660639a-f39e-4dfc-a030-2b1c9edd52ff - - - - -] cache.memcache_servers = ['localhost:11211'] log_opt_values /usr/lib/python3/dist-packages/oslo_config/cfg.py:2609
2026-03-19 00:37:50.954 132223 DEBUG oslo_service.service [req-4660639a-f39e-4dfc-a030-2b1c9edd52ff - - - - -] cache.memcache_socket_timeout = 1.0 log_opt_values /usr/lib/python3/dist-packages/oslo_config/cfg.py:2609
2026-03-19 00:37:50.955 132223 DEBUG oslo_service.service [req-4660639a-f39e-4dfc-a030-2b1c9edd52ff - - - - -] cache.proxies = [] log_opt_values /usr/lib/python3/dist-packages/oslo_config/cfg.py:2609
2026-03-19 00:37:50.955 132223 DEBUG oslo_service.service [req-4660639a-f39e-4dfc-a030-2b1c9edd52ff - - - - -] cache.tls_allowed_ciphers = None log_opt_values /usr/lib/python3/dist-packages/oslo_config/cfg.py:2609
2026-03-19 00:37:50.955 132223 DEBUG oslo_service.service [req-4660639a-f39e-4dfc-a030-2b1c9edd52ff - - - - -] cache.tls_cafile = None log_opt_values /usr/lib/python3/dist-packages/oslo_config/cfg.py:2609
2026-03-19 00:37:50.955 132223 DEBUG oslo_service.service [req-4660639a-f39e-4dfc-a030-2b1c9edd52ff - - - - -] cache.tls_certfile = None log_opt_values /usr/lib/python3/dist-packages/oslo_config/cfg.py:2609
2026-03-19 00:37:50.955 132223 DEBUG oslo_service.service [req-4660639a-f39e-4dfc-a030-2b1c9edd52ff - - - - -] cache.tls_enabled = False log_opt_values /usr/lib/python3/dist-packages/oslo_config/cfg.py:2609
2026-03-19 00:37:50.956 132223 DEBUG oslo_service.service [req-4660639a-f39e-4dfc-a030-2b1c9edd52ff - - - - -] cache.tls_keyfile = None log_opt_values /usr/lib/python3/dist-packages/oslo_config/cfg.py:2609
2026-03-19 00:37:50.956 132223 DEBUG oslo_service.service [req-4660639a-f39e-4dfc-a030-2b1c9edd52ff - - - - -] cinder.auth_section = None log_opt_values /usr/lib/python3/dist-packages/oslo_config/cfg.py:2609
2026-03-19 00:37:50.957 132223 DEBUG oslo_service.service [req-4660639a-f39e-4dfc-a030-2b1c9edd52ff - - - - -] cinder.auth_type = None log_opt_values /usr/lib/python3/dist-packages/oslo_config/cfg.py:2609
2026-03-19 00:37:50.957 132223 DEBUG oslo_service.service [req-4660639a-f39e-4dfc-a030-2b1c9edd52ff - - - - -] cinder.cafile = None log_opt_values /usr/lib/python3/dist-packages/oslo_config/cfg.py:2609
2026-03-19 00:37:50.957 132223 DEBUG oslo_service.service [req-4660639a-f39e-4dfc-a030-2b1c9edd52ff - - - - -] cinder.catalog_info = volumev3::publicURL log_opt_values /usr/lib/python3/dist-packages/oslo_config/cfg.py:2609
2026-03-19 00:37:50.958 132223 DEBUG oslo_service.service [req-4660639a-f39e-4dfc-a030-2b1c9edd52ff - - - - -] cinder.certfile = None log_opt_values /usr/lib/python3/dist-packages/oslo_config/cfg.py:2609
2026-03-19 00:37:50.959 132223 DEBUG oslo_service.service [req-4660639a-f39e-4dfc-a030-2b1c9edd52ff - - - - -] cinder.collect_timing = False log_opt_values /usr/lib/python3/dist-packages/oslo_config/cfg.py:2609
2026-03-19 00:37:50.959 132223 DEBUG oslo_service.service [req-4660639a-f39e-4dfc-a030-2b1c9edd52ff - - - - -] cinder.cross_az_attach = True log_opt_values /usr/lib/python3/dist-packages/oslo_config/cfg.py:2609
2026-03-19 00:37:50.959 132223 DEBUG oslo_service.service [req-4660639a-f39e-4dfc-a030-2b1c9edd52ff - - - - -] cinder.debug = False log_opt_values /usr/lib/python3/dist-packages/oslo_config/cfg.py:2609
2026-03-19 00:37:50.959 132223 DEBUG oslo_service.service [req-4660639a-f39e-4dfc-a030-2b1c9edd52ff - - - - -] cinder.endpoint_template = None log_opt_values /usr/lib/python3/dist-packages/oslo_config/cfg.py:2609
2026-03-19 00:37:50.960 132223 DEBUG oslo_service.service [req-4660639a-f39e-4dfc-a030-2b1c9edd52ff - - - - -] cinder.http_retries = 3 log_opt_values /usr/lib/python3/dist-packages/oslo_config/cfg.py:2609
2026-03-19 00:37:50.961 132223 DEBUG oslo_service.service [req-4660639a-f39e-4dfc-a030-2b1c9edd52ff - - - - -] cinder.insecure = False log_opt_values /usr/lib/python3/dist-packages/oslo_config/cfg.py:2609
2026-03-19 00:37:50.961 132223 DEBUG oslo_service.service [req-4660639a-f39e-4dfc-a030-2b1c9edd52ff - - - - -] cinder.keyfile = None log_opt_values /usr/lib/python3/dist-packages/oslo_config/cfg.py:2609
2026-03-19 00:37:50.961 132223 DEBUG oslo_service.service [req-4660639a-f39e-4dfc-a030-2b1c9edd52ff - - - - -] cinder.os_region_name = None log_opt_values /usr/lib/python3/dist-packages/oslo_config/cfg.py:2609
2026-03-19 00:37:50.962 132223 DEBUG oslo_service.service [req-4660639a-f39e-4dfc-a030-2b1c9edd52ff - - - - -] cinder.split_loggers = False log_opt_values /usr/lib/python3/dist-packages/oslo_config/cfg.py:2609
2026-03-19 00:37:50.962 132223 DEBUG oslo_service.service [req-4660639a-f39e-4dfc-a030-2b1c9edd52ff - - - - -] cinder.timeout = None log_opt_values /usr/lib/python3/dist-packages/oslo_config/cfg.py:2609
2026-03-19 00:37:50.962 132223 DEBUG oslo_service.service [req-4660639a-f39e-4dfc-a030-2b1c9edd52ff - - - - -] compute.consecutive_build_service_disable_threshold = 10 log_opt_values /usr/lib/python3/dist-packages/oslo_config/cfg.py:2609
2026-03-19 00:37:50.962 132223 DEBUG oslo_service.service [req-4660639a-f39e-4dfc-a030-2b1c9edd52ff - - - - -] compute.cpu_dedicated_set = None log_opt_values /usr/lib/python3/dist-packages/oslo_config/cfg.py:2609
2026-03-19 00:37:50.962 132223 DEBUG oslo_service.service [req-4660639a-f39e-4dfc-a030-2b1c9edd52ff - - - - -] compute.cpu_shared_set = None log_opt_values /usr/lib/python3/dist-packages/oslo_config/cfg.py:2609
2026-03-19 00:37:50.963 132223 DEBUG oslo_service.service [req-4660639a-f39e-4dfc-a030-2b1c9edd52ff - - - - -] compute.image_type_exclude_list = [] log_opt_values /usr/lib/python3/dist-packages/oslo_config/cfg.py:2609
2026-03-19 00:37:50.971 132223 DEBUG oslo_service.service [req-4660639a-f39e-4dfc-a030-2b1c9edd52ff - - - - -] compute.live_migration_wait_for_vif_plug = True log_opt_values /usr/lib/python3/dist-packages/oslo_config/cfg.py:2609
2026-03-19 00:37:50.972 132223 DEBUG oslo_service.service [req-4660639a-f39e-4dfc-a030-2b1c9edd52ff - - - - -] compute.max_concurrent_disk_ops = 0 log_opt_values /usr/lib/python3/dist-packages/oslo_config/cfg.py:2609
2026-03-19 00:37:50.973 132223 DEBUG oslo_service.service [req-4660639a-f39e-4dfc-a030-2b1c9edd52ff - - - - -] compute.max_disk_devices_to_attach = -1 log_opt_values /usr/lib/python3/dist-packages/oslo_config/cfg.py:2609
2026-03-19 00:37:50.973 132223 DEBUG oslo_service.service [req-4660639a-f39e-4dfc-a030-2b1c9edd52ff - - - - -] compute.packing_host_numa_cells_allocation_strategy = True log_opt_values /usr/lib/python3/dist-packages/oslo_config/cfg.py:2609
2026-03-19 00:37:50.975 132223 DEBUG oslo_service.service [req-4660639a-f39e-4dfc-a030-2b1c9edd52ff - - - - -] compute.provider_config_location = /etc/nova/provider_config/ log_opt_values /usr/lib/python3/dist-packages/oslo_config/cfg.py:2609
2026-03-19 00:37:50.975 132223 DEBUG oslo_service.service [req-4660639a-f39e-4dfc-a030-2b1c9edd52ff - - - - -] compute.resource_provider_association_refresh = 300 log_opt_values /usr/lib/python3/dist-packages/oslo_config/cfg.py:2609
2026-03-19 00:37:50.976 132223 DEBUG oslo_service.service [req-4660639a-f39e-4dfc-a030-2b1c9edd52ff - - - - -] compute.shutdown_retry_interval = 10 log_opt_values /usr/lib/python3/dist-packages/oslo_config/cfg.py:2609
2026-03-19 00:37:50.976 132223 DEBUG oslo_service.service [req-4660639a-f39e-4dfc-a030-2b1c9edd52ff - - - - -] compute.vmdk_allowed_types = ['streamOptimized', 'monolithicSparse'] log_opt_values /usr/lib/python3/dist-packages/oslo_config/cfg.py:2609
2026-03-19 00:37:50.975 133326 DEBUG oslo_messaging._drivers.amqpdriver [-] Listener is running poll /usr/lib/python3/dist-packages/oslo_messaging/_drivers/amqpdriver.py:343
2026-03-19 00:37:50.976 133326 DEBUG oslo_messaging._drivers.amqpdriver [-] AMQPListener connection consume poll /usr/lib/python3/dist-packages/oslo_messaging/_drivers/amqpdriver.py:357
2026-03-19 00:37:50.976 132223 DEBUG oslo_service.service [req-4660639a-f39e-4dfc-a030-2b1c9edd52ff - - - - -] conductor.workers = 4 log_opt_values /usr/lib/python3/dist-packages/oslo_config/cfg.py:2609
2026-03-19 00:37:50.976 132223 DEBUG oslo_service.service [req-4660639a-f39e-4dfc-a030-2b1c9edd52ff - - - - -] console.allowed_origins = [] log_opt_values /usr/lib/python3/dist-packages/oslo_config/cfg.py:2609
2026-03-19 00:37:50.977 132223 DEBUG oslo_service.service [req-4660639a-f39e-4dfc-a030-2b1c9edd52ff - - - - -] console.ssl_ciphers = None log_opt_values /usr/lib/python3/dist-packages/oslo_config/cfg.py:2609
2026-03-19 00:37:50.977 132223 DEBUG oslo_service.service [req-4660639a-f39e-4dfc-a030-2b1c9edd52ff - - - - -] console.ssl_minimum_version = default log_opt_values /usr/lib/python3/dist-packages/oslo_config/cfg.py:2609
2026-03-19 00:37:50.977 132223 DEBUG oslo_service.service [req-4660639a-f39e-4dfc-a030-2b1c9edd52ff - - - - -] consoleauth.token_ttl = 600 log_opt_values /usr/lib/python3/dist-packages/oslo_config/cfg.py:2609
2026-03-19 00:37:50.978 132223 DEBUG oslo_service.service [req-4660639a-f39e-4dfc-a030-2b1c9edd52ff - - - - -] cyborg.cafile = None log_opt_values /usr/lib/python3/dist-packages/oslo_config/cfg.py:2609
2026-03-19 00:37:50.977 133326 DEBUG nova.service [req-d16c2455-a478-4b20-bf3b-48a4a5e0aec3 - - - - -] Join ServiceGroup membership for this service conductor start /usr/lib/python3/dist-packages/nova/service.py:199
2026-03-19 00:37:50.978 132223 DEBUG oslo_service.service [req-4660639a-f39e-4dfc-a030-2b1c9edd52ff - - - - -] cyborg.certfile = None log_opt_values /usr/lib/python3/dist-packages/oslo_config/cfg.py:2609
2026-03-19 00:37:50.978 133326 DEBUG nova.servicegroup.drivers.db [req-d16c2455-a478-4b20-bf3b-48a4a5e0aec3 - - - - -] DB_Driver: join new ServiceGroup member juju-5aed6d-0-lxd-7 to the conductor group, service = join /usr/lib/python3/dist-packages/nova/servicegroup/drivers/db.py:44
2026-03-19 00:37:50.978 132223 DEBUG oslo_service.service [req-4660639a-f39e-4dfc-a030-2b1c9edd52ff - - - - -] cyborg.collect_timing = False log_opt_values /usr/lib/python3/dist-packages/oslo_config/cfg.py:2609
2026-03-19 00:37:50.979 132223 DEBUG oslo_service.service [req-4660639a-f39e-4dfc-a030-2b1c9edd52ff - - - - -] cyborg.connect_retries = None log_opt_values /usr/lib/python3/dist-packages/oslo_config/cfg.py:2609
2026-03-19 00:37:50.979 132223 DEBUG oslo_service.service [req-4660639a-f39e-4dfc-a030-2b1c9edd52ff - - - - -] cyborg.connect_retry_delay = None log_opt_values /usr/lib/python3/dist-packages/oslo_config/cfg.py:2609
2026-03-19 00:37:50.979 132223 DEBUG oslo_service.service [req-4660639a-f39e-4dfc-a030-2b1c9edd52ff - - - - -] cyborg.endpoint_override = None log_opt_values /usr/lib/python3/dist-packages/oslo_config/cfg.py:2609
2026-03-19 00:37:50.979 132223 DEBUG oslo_service.service [req-4660639a-f39e-4dfc-a030-2b1c9edd52ff - - - - -] cyborg.insecure = False log_opt_values /usr/lib/python3/dist-packages/oslo_config/cfg.py:2609
2026-03-19 00:37:50.979 132223 DEBUG oslo_service.service [req-4660639a-f39e-4dfc-a030-2b1c9edd52ff - - - - -] cyborg.keyfile = None log_opt_values /usr/lib/python3/dist-packages/oslo_config/cfg.py:2609
2026-03-19 00:37:50.980 132223 DEBUG oslo_service.service [req-4660639a-f39e-4dfc-a030-2b1c9edd52ff - - - - -] cyborg.max_version = None log_opt_values /usr/lib/python3/dist-packages/oslo_config/cfg.py:2609
2026-03-19 00:37:50.981 132223 DEBUG oslo_service.service [req-4660639a-f39e-4dfc-a030-2b1c9edd52ff - - - - -] cyborg.min_version = None log_opt_values /usr/lib/python3/dist-packages/oslo_config/cfg.py:2609
2026-03-19 00:37:50.981 132223 DEBUG oslo_service.service [req-4660639a-f39e-4dfc-a030-2b1c9edd52ff - - - - -] cyborg.region_name = None log_opt_values /usr/lib/python3/dist-packages/oslo_config/cfg.py:2609
2026-03-19 00:37:50.981 132223 DEBUG oslo_service.service [req-4660639a-f39e-4dfc-a030-2b1c9edd52ff - - - - -] cyborg.service_name = None log_opt_values /usr/lib/python3/dist-packages/oslo_config/cfg.py:2609
2026-03-19 00:37:50.981 132223 DEBUG oslo_service.service [req-4660639a-f39e-4dfc-a030-2b1c9edd52ff - - - - -] cyborg.service_type = accelerator log_opt_values /usr/lib/python3/dist-packages/oslo_config/cfg.py:2609
2026-03-19 00:37:50.981 132223 DEBUG oslo_service.service [req-4660639a-f39e-4dfc-a030-2b1c9edd52ff - - - - -] cyborg.split_loggers = False log_opt_values /usr/lib/python3/dist-packages/oslo_config/cfg.py:2609
2026-03-19 00:37:50.982 132223 DEBUG oslo_service.service [req-4660639a-f39e-4dfc-a030-2b1c9edd52ff - - - - -] cyborg.status_code_retries = None log_opt_values /usr/lib/python3/dist-packages/oslo_config/cfg.py:2609
2026-03-19 00:37:50.982 132223 DEBUG oslo_service.service [req-4660639a-f39e-4dfc-a030-2b1c9edd52ff - - - - -] cyborg.status_code_retry_delay = None log_opt_values /usr/lib/python3/dist-packages/oslo_config/cfg.py:2609
2026-03-19 00:37:50.982 132223 DEBUG oslo_service.service [req-4660639a-f39e-4dfc-a030-2b1c9edd52ff - - - - -] cyborg.timeout = None log_opt_values /usr/lib/python3/dist-packages/oslo_config/cfg.py:2609
2026-03-19 00:37:50.982 132223 DEBUG oslo_service.service [req-4660639a-f39e-4dfc-a030-2b1c9edd52ff - - - - -] cyborg.valid_interfaces = ['internal', 'public'] log_opt_values /usr/lib/python3/dist-packages/oslo_config/cfg.py:2609
2026-03-19 00:37:50.982 132223 DEBUG oslo_service.service [req-4660639a-f39e-4dfc-a030-2b1c9edd52ff - - - - -] cyborg.version = None log_opt_values /usr/lib/python3/dist-packages/oslo_config/cfg.py:2609
2026-03-19 00:37:50.982 133326 DEBUG oslo_messaging._drivers.amqpdriver [-] AMQPListener connection timeout poll /usr/lib/python3/dist-packages/oslo_messaging/_drivers/amqpdriver.py:360
2026-03-19 00:37:50.983 132223 DEBUG oslo_service.service [req-4660639a-f39e-4dfc-a030-2b1c9edd52ff - - - - -] database.backend = sqlalchemy log_opt_values /usr/lib/python3/dist-packages/oslo_config/cfg.py:2609
2026-03-19 00:37:50.983 132223 DEBUG oslo_service.service [req-4660639a-f39e-4dfc-a030-2b1c9edd52ff - - - - -] database.connection = **** log_opt_values /usr/lib/python3/dist-packages/oslo_config/cfg.py:2609
2026-03-19 00:37:50.984 132223 DEBUG oslo_service.service [req-4660639a-f39e-4dfc-a030-2b1c9edd52ff - - - - -] database.connection_debug = 0 log_opt_values /usr/lib/python3/dist-packages/oslo_config/cfg.py:2609
2026-03-19 00:37:50.984 133326 DEBUG oslo_messaging._drivers.amqpdriver [-] Listener is running poll /usr/lib/python3/dist-packages/oslo_messaging/_drivers/amqpdriver.py:343
2026-03-19 00:37:50.985 133326 DEBUG oslo_messaging._drivers.amqpdriver [-] AMQPListener connection consume poll /usr/lib/python3/dist-packages/oslo_messaging/_drivers/amqpdriver.py:357
2026-03-19 00:37:50.985 132223 DEBUG oslo_service.service [req-4660639a-f39e-4dfc-a030-2b1c9edd52ff - - - - -] database.connection_parameters = log_opt_values /usr/lib/python3/dist-packages/oslo_config/cfg.py:2609
2026-03-19 00:37:50.989 132223 DEBUG oslo_service.service [req-4660639a-f39e-4dfc-a030-2b1c9edd52ff - - - - -] database.connection_recycle_time = 3600 log_opt_values /usr/lib/python3/dist-packages/oslo_config/cfg.py:2609
2026-03-19 00:37:50.989 132223 DEBUG oslo_service.service [req-4660639a-f39e-4dfc-a030-2b1c9edd52ff - - - - -] database.connection_trace = False log_opt_values /usr/lib/python3/dist-packages/oslo_config/cfg.py:2609
2026-03-19 00:37:50.994 132223 DEBUG oslo_service.service [req-4660639a-f39e-4dfc-a030-2b1c9edd52ff - - - - -] database.db_inc_retry_interval = True log_opt_values /usr/lib/python3/dist-packages/oslo_config/cfg.py:2609
2026-03-19 00:37:50.995 132223 DEBUG oslo_service.service [req-4660639a-f39e-4dfc-a030-2b1c9edd52ff - - - - -] database.db_max_retries = 20 log_opt_values /usr/lib/python3/dist-packages/oslo_config/cfg.py:2609
2026-03-19 00:37:50.995 132223 DEBUG oslo_service.service [req-4660639a-f39e-4dfc-a030-2b1c9edd52ff - - - - -] database.db_max_retry_interval = 10 log_opt_values /usr/lib/python3/dist-packages/oslo_config/cfg.py:2609
2026-03-19 00:37:50.995 132223 DEBUG oslo_service.service [req-4660639a-f39e-4dfc-a030-2b1c9edd52ff - - - - -] database.db_retry_interval = 1 log_opt_values /usr/lib/python3/dist-packages/oslo_config/cfg.py:2609
2026-03-19 00:37:50.995 132223 DEBUG oslo_service.service [req-4660639a-f39e-4dfc-a030-2b1c9edd52ff - - - - -] database.max_overflow = 50 log_opt_values /usr/lib/python3/dist-packages/oslo_config/cfg.py:2609
2026-03-19 00:37:50.996 132223 DEBUG oslo_service.service [req-4660639a-f39e-4dfc-a030-2b1c9edd52ff - - - - -] database.max_pool_size = 4 log_opt_values /usr/lib/python3/dist-packages/oslo_config/cfg.py:2609
2026-03-19 00:37:50.995 133324 DEBUG oslo_messaging._drivers.amqpdriver [-] Listener is running poll /usr/lib/python3/dist-packages/oslo_messaging/_drivers/amqpdriver.py:343
2026-03-19 00:37:50.996 132223 DEBUG oslo_service.service [req-4660639a-f39e-4dfc-a030-2b1c9edd52ff - - - - -] database.max_retries = 10 log_opt_values /usr/lib/python3/dist-packages/oslo_config/cfg.py:2609
2026-03-19 00:37:50.996 133324 DEBUG oslo_messaging._drivers.amqpdriver [-] AMQPListener connection consume poll /usr/lib/python3/dist-packages/oslo_messaging/_drivers/amqpdriver.py:357
2026-03-19 00:37:50.996 132223 DEBUG oslo_service.service [req-4660639a-f39e-4dfc-a030-2b1c9edd52ff - - - - -] database.mysql_enable_ndb = False log_opt_values /usr/lib/python3/dist-packages/oslo_config/cfg.py:2609
2026-03-19 00:37:50.996 132223 DEBUG oslo_service.service [req-4660639a-f39e-4dfc-a030-2b1c9edd52ff - - - - -] database.mysql_sql_mode = TRADITIONAL log_opt_values /usr/lib/python3/dist-packages/oslo_config/cfg.py:2609
2026-03-19 00:37:50.997 132223 DEBUG oslo_service.service [req-4660639a-f39e-4dfc-a030-2b1c9edd52ff - - - - -] database.pool_timeout = None log_opt_values /usr/lib/python3/dist-packages/oslo_config/cfg.py:2609
2026-03-19 00:37:50.997 132223 DEBUG oslo_service.service [req-4660639a-f39e-4dfc-a030-2b1c9edd52ff - - - - -] database.retry_interval = 10 log_opt_values /usr/lib/python3/dist-packages/oslo_config/cfg.py:2609
2026-03-19 00:37:50.997 132223 DEBUG oslo_service.service [req-4660639a-f39e-4dfc-a030-2b1c9edd52ff - - - - -] database.slave_connection = **** log_opt_values /usr/lib/python3/dist-packages/oslo_config/cfg.py:2609
2026-03-19 00:37:50.997 133324 DEBUG nova.service [req-9bac6772-77c7-41f7-ae39-56c5120501e9 - - - - -] Join ServiceGroup membership for this service conductor start /usr/lib/python3/dist-packages/nova/service.py:199
2026-03-19 00:37:50.997 132223 DEBUG oslo_service.service [req-4660639a-f39e-4dfc-a030-2b1c9edd52ff - - - - -] database.sqlite_synchronous = True log_opt_values /usr/lib/python3/dist-packages/oslo_config/cfg.py:2609
2026-03-19 00:37:50.997 133324 DEBUG nova.servicegroup.drivers.db [req-9bac6772-77c7-41f7-ae39-56c5120501e9 - - - - -] DB_Driver: join new ServiceGroup member juju-5aed6d-0-lxd-7 to the conductor group, service = join /usr/lib/python3/dist-packages/nova/servicegroup/drivers/db.py:44
2026-03-19 00:37:50.997 132223 DEBUG oslo_service.service [req-4660639a-f39e-4dfc-a030-2b1c9edd52ff - - - - -] database.use_db_reconnect = False log_opt_values /usr/lib/python3/dist-packages/oslo_config/cfg.py:2609
2026-03-19 00:37:50.998 132223 DEBUG oslo_service.service [req-4660639a-f39e-4dfc-a030-2b1c9edd52ff - - - - -] api_database.backend = sqlalchemy log_opt_values /usr/lib/python3/dist-packages/oslo_config/cfg.py:2609
2026-03-19 00:37:50.999 132223 DEBUG oslo_service.service [req-4660639a-f39e-4dfc-a030-2b1c9edd52ff - - - - -] api_database.connection = **** log_opt_values /usr/lib/python3/dist-packages/oslo_config/cfg.py:2609
2026-03-19 00:37:51.000 132223 DEBUG oslo_service.service [req-4660639a-f39e-4dfc-a030-2b1c9edd52ff - - - - -] api_database.connection_debug = 0 log_opt_values /usr/lib/python3/dist-packages/oslo_config/cfg.py:2609
2026-03-19 00:37:51.000 132223 DEBUG oslo_service.service [req-4660639a-f39e-4dfc-a030-2b1c9edd52ff - - - - -] api_database.connection_parameters = log_opt_values /usr/lib/python3/dist-packages/oslo_config/cfg.py:2609
2026-03-19 00:37:51.001 132223 DEBUG oslo_service.service [req-4660639a-f39e-4dfc-a030-2b1c9edd52ff - - - - -] api_database.connection_recycle_time = 3600 log_opt_values /usr/lib/python3/dist-packages/oslo_config/cfg.py:2609
2026-03-19 00:37:51.001 132223 DEBUG oslo_service.service [req-4660639a-f39e-4dfc-a030-2b1c9edd52ff - - - - -] api_database.connection_trace = False log_opt_values /usr/lib/python3/dist-packages/oslo_config/cfg.py:2609
2026-03-19 00:37:51.000 133324 DEBUG oslo_messaging._drivers.amqpdriver [-] AMQPListener connection timeout poll /usr/lib/python3/dist-packages/oslo_messaging/_drivers/amqpdriver.py:360
2026-03-19 00:37:51.002 133324 DEBUG oslo_messaging._drivers.amqpdriver [-] Listener is running poll /usr/lib/python3/dist-packages/oslo_messaging/_drivers/amqpdriver.py:343
2026-03-19 00:37:51.002 133324 DEBUG oslo_messaging._drivers.amqpdriver [-] AMQPListener connection consume poll /usr/lib/python3/dist-packages/oslo_messaging/_drivers/amqpdriver.py:357
2026-03-19 00:37:51.002 132223 DEBUG oslo_service.service [req-4660639a-f39e-4dfc-a030-2b1c9edd52ff - - - - -] api_database.db_inc_retry_interval = True log_opt_values /usr/lib/python3/dist-packages/oslo_config/cfg.py:2609
2026-03-19 00:37:51.002 132223 DEBUG oslo_service.service [req-4660639a-f39e-4dfc-a030-2b1c9edd52ff - - - - -] api_database.db_max_retries = 20 log_opt_values /usr/lib/python3/dist-packages/oslo_config/cfg.py:2609
2026-03-19 00:37:51.003 132223 DEBUG oslo_service.service [req-4660639a-f39e-4dfc-a030-2b1c9edd52ff - - - - -] api_database.db_max_retry_interval = 10 log_opt_values /usr/lib/python3/dist-packages/oslo_config/cfg.py:2609
2026-03-19 00:37:51.003 132223 DEBUG oslo_service.service [req-4660639a-f39e-4dfc-a030-2b1c9edd52ff - - - - -] api_database.db_retry_interval = 1 log_opt_values /usr/lib/python3/dist-packages/oslo_config/cfg.py:2609
2026-03-19 00:37:51.003 132223 DEBUG oslo_service.service [req-4660639a-f39e-4dfc-a030-2b1c9edd52ff - - - - -] api_database.max_overflow = 50 log_opt_values /usr/lib/python3/dist-packages/oslo_config/cfg.py:2609
2026-03-19 00:37:51.004 132223 DEBUG oslo_service.service [req-4660639a-f39e-4dfc-a030-2b1c9edd52ff - - - - -] api_database.max_pool_size = 4 log_opt_values /usr/lib/python3/dist-packages/oslo_config/cfg.py:2609
2026-03-19 00:37:51.004 132223 DEBUG oslo_service.service [req-4660639a-f39e-4dfc-a030-2b1c9edd52ff - - - - -] api_database.max_retries = 10 log_opt_values /usr/lib/python3/dist-packages/oslo_config/cfg.py:2609
2026-03-19 00:37:51.004 132223 DEBUG oslo_service.service [req-4660639a-f39e-4dfc-a030-2b1c9edd52ff - - - - -] api_database.mysql_enable_ndb = False log_opt_values /usr/lib/python3/dist-packages/oslo_config/cfg.py:2609
2026-03-19 00:37:51.004 132223 DEBUG oslo_service.service [req-4660639a-f39e-4dfc-a030-2b1c9edd52ff - - - - -] api_database.mysql_sql_mode = TRADITIONAL log_opt_values /usr/lib/python3/dist-packages/oslo_config/cfg.py:2609
2026-03-19 00:37:51.005 132223 DEBUG oslo_service.service [req-4660639a-f39e-4dfc-a030-2b1c9edd52ff - - - - -] api_database.pool_timeout = None log_opt_values /usr/lib/python3/dist-packages/oslo_config/cfg.py:2609
2026-03-19 00:37:51.006 132223 DEBUG oslo_service.service [req-4660639a-f39e-4dfc-a030-2b1c9edd52ff - - - - -] api_database.retry_interval = 10 log_opt_values /usr/lib/python3/dist-packages/oslo_config/cfg.py:2609
2026-03-19 00:37:51.006 132223 DEBUG oslo_service.service [req-4660639a-f39e-4dfc-a030-2b1c9edd52ff - - - - -] api_database.slave_connection = **** log_opt_values /usr/lib/python3/dist-packages/oslo_config/cfg.py:2609
2026-03-19 00:37:51.007 132223 DEBUG oslo_service.service [req-4660639a-f39e-4dfc-a030-2b1c9edd52ff - - - - -] api_database.sqlite_synchronous = True log_opt_values /usr/lib/python3/dist-packages/oslo_config/cfg.py:2609
2026-03-19 00:37:51.007 132223 DEBUG oslo_service.service [req-4660639a-f39e-4dfc-a030-2b1c9edd52ff - - - - -] devices.enabled_mdev_types = [] log_opt_values /usr/lib/python3/dist-packages/oslo_config/cfg.py:2609
2026-03-19 00:37:51.007 132223 DEBUG oslo_service.service [req-4660639a-f39e-4dfc-a030-2b1c9edd52ff - - - - -] ephemeral_storage_encryption.cipher = aes-xts-plain64 log_opt_values /usr/lib/python3/dist-packages/oslo_config/cfg.py:2609
2026-03-19 00:37:51.007 132223 DEBUG oslo_service.service [req-4660639a-f39e-4dfc-a030-2b1c9edd52ff - - - - -] ephemeral_storage_encryption.enabled = False log_opt_values /usr/lib/python3/dist-packages/oslo_config/cfg.py:2609
2026-03-19 00:37:51.007 132223 DEBUG oslo_service.service [req-4660639a-f39e-4dfc-a030-2b1c9edd52ff - - - - -] ephemeral_storage_encryption.key_size = 512 log_opt_values /usr/lib/python3/dist-packages/oslo_config/cfg.py:2609
2026-03-19 00:37:51.008 132223 WARNING oslo_config.cfg [req-4660639a-f39e-4dfc-a030-2b1c9edd52ff - - - - -] Deprecated: Option "api_servers" from group "glance" is deprecated for removal ( Support for image service configuration via standard keystoneauth1 Adapter options was added in the 17.0.0 Queens release. The api_servers option was retained temporarily to allow consumers time to cut over to a real load balancing solution. ). Its value may be silently ignored in the future.
2026-03-19 00:37:51.008 132223 DEBUG oslo_service.service [req-4660639a-f39e-4dfc-a030-2b1c9edd52ff - - - - -] glance.api_servers = ['http://252.129.218.115:9292'] log_opt_values /usr/lib/python3/dist-packages/oslo_config/cfg.py:2609
2026-03-19 00:37:51.008 132223 DEBUG oslo_service.service [req-4660639a-f39e-4dfc-a030-2b1c9edd52ff - - - - -] glance.cafile = None log_opt_values /usr/lib/python3/dist-packages/oslo_config/cfg.py:2609
2026-03-19 00:37:51.009 132223 DEBUG oslo_service.service [req-4660639a-f39e-4dfc-a030-2b1c9edd52ff - - - - -] glance.certfile = None log_opt_values /usr/lib/python3/dist-packages/oslo_config/cfg.py:2609
2026-03-19 00:37:51.009 132223 DEBUG oslo_service.service [req-4660639a-f39e-4dfc-a030-2b1c9edd52ff - - - - -] glance.collect_timing = False log_opt_values /usr/lib/python3/dist-packages/oslo_config/cfg.py:2609
2026-03-19 00:37:51.009 132223 DEBUG oslo_service.service [req-4660639a-f39e-4dfc-a030-2b1c9edd52ff - - - - -] glance.connect_retries = None log_opt_values /usr/lib/python3/dist-packages/oslo_config/cfg.py:2609
2026-03-19 00:37:51.009 132223 DEBUG oslo_service.service [req-4660639a-f39e-4dfc-a030-2b1c9edd52ff - - - - -] glance.connect_retry_delay = None log_opt_values /usr/lib/python3/dist-packages/oslo_config/cfg.py:2609
2026-03-19 00:37:51.010 132223 DEBUG oslo_service.service [req-4660639a-f39e-4dfc-a030-2b1c9edd52ff - - - - -] glance.debug = False log_opt_values /usr/lib/python3/dist-packages/oslo_config/cfg.py:2609
2026-03-19 00:37:51.011 132223 DEBUG oslo_service.service [req-4660639a-f39e-4dfc-a030-2b1c9edd52ff - - - - -] glance.default_trusted_certificate_ids = [] log_opt_values /usr/lib/python3/dist-packages/oslo_config/cfg.py:2609
2026-03-19 00:37:51.012 132223 DEBUG oslo_service.service [req-4660639a-f39e-4dfc-a030-2b1c9edd52ff - - - - -] glance.enable_certificate_validation = False log_opt_values /usr/lib/python3/dist-packages/oslo_config/cfg.py:2609
2026-03-19 00:37:51.013 132223 DEBUG oslo_service.service [req-4660639a-f39e-4dfc-a030-2b1c9edd52ff - - - - -] glance.enable_rbd_download = False log_opt_values /usr/lib/python3/dist-packages/oslo_config/cfg.py:2609
2026-03-19 00:37:51.014 132223 DEBUG oslo_service.service [req-4660639a-f39e-4dfc-a030-2b1c9edd52ff - - - - -] glance.endpoint_override = None log_opt_values /usr/lib/python3/dist-packages/oslo_config/cfg.py:2609
2026-03-19 00:37:51.014 132223 DEBUG oslo_service.service [req-4660639a-f39e-4dfc-a030-2b1c9edd52ff - - - - -] glance.insecure = False log_opt_values /usr/lib/python3/dist-packages/oslo_config/cfg.py:2609
2026-03-19 00:37:51.014 132223 DEBUG oslo_service.service [req-4660639a-f39e-4dfc-a030-2b1c9edd52ff - - - - -] glance.keyfile = None log_opt_values /usr/lib/python3/dist-packages/oslo_config/cfg.py:2609
2026-03-19 00:37:51.015 132223 DEBUG oslo_service.service [req-4660639a-f39e-4dfc-a030-2b1c9edd52ff - - - - -] glance.max_version = None log_opt_values /usr/lib/python3/dist-packages/oslo_config/cfg.py:2609
2026-03-19 00:37:51.015 132223 DEBUG oslo_service.service [req-4660639a-f39e-4dfc-a030-2b1c9edd52ff - - - - -] glance.min_version = None log_opt_values /usr/lib/python3/dist-packages/oslo_config/cfg.py:2609
2026-03-19 00:37:51.016 132223 DEBUG oslo_service.service [req-4660639a-f39e-4dfc-a030-2b1c9edd52ff - - - - -] glance.num_retries = 3 log_opt_values /usr/lib/python3/dist-packages/oslo_config/cfg.py:2609
2026-03-19 00:37:51.016 132223 DEBUG oslo_service.service [req-4660639a-f39e-4dfc-a030-2b1c9edd52ff - - - - -] glance.rbd_ceph_conf = log_opt_values /usr/lib/python3/dist-packages/oslo_config/cfg.py:2609
2026-03-19 00:37:51.017 132223 DEBUG oslo_service.service [req-4660639a-f39e-4dfc-a030-2b1c9edd52ff - - - - -] glance.rbd_connect_timeout = 5 log_opt_values /usr/lib/python3/dist-packages/oslo_config/cfg.py:2609
2026-03-19 00:37:51.017 132223 DEBUG oslo_service.service [req-4660639a-f39e-4dfc-a030-2b1c9edd52ff - - - - -] glance.rbd_pool = log_opt_values /usr/lib/python3/dist-packages/oslo_config/cfg.py:2609
2026-03-19 00:37:51.017 132223 DEBUG oslo_service.service [req-4660639a-f39e-4dfc-a030-2b1c9edd52ff - - - - -] glance.rbd_user = log_opt_values /usr/lib/python3/dist-packages/oslo_config/cfg.py:2609
