2026-03-19 00:40:05.605 154237 DEBUG oslo_service.service [req-ef02d006-91ff-45ef-a512-d3d2225549dc - - - - -] cache.tls_certfile = None log_opt_values /usr/lib/python3/dist-packages/oslo_config/cfg.py:2609
2026-03-19 00:40:05.605 154237 DEBUG oslo_service.service [req-ef02d006-91ff-45ef-a512-d3d2225549dc - - - - -] cache.tls_enabled = False log_opt_values /usr/lib/python3/dist-packages/oslo_config/cfg.py:2609
2026-03-19 00:40:05.605 154237 DEBUG oslo_service.service [req-ef02d006-91ff-45ef-a512-d3d2225549dc - - - - -] cache.tls_keyfile = None log_opt_values /usr/lib/python3/dist-packages/oslo_config/cfg.py:2609
2026-03-19 00:40:05.605 154633 DEBUG oslo_messaging._drivers.amqpdriver [-] Listener is running poll /usr/lib/python3/dist-packages/oslo_messaging/_drivers/amqpdriver.py:343
2026-03-19 00:40:05.605 154633 DEBUG oslo_messaging._drivers.amqpdriver [-] AMQPListener connection consume poll /usr/lib/python3/dist-packages/oslo_messaging/_drivers/amqpdriver.py:357
2026-03-19 00:40:05.605 154237 DEBUG oslo_service.service [req-ef02d006-91ff-45ef-a512-d3d2225549dc - - - - -] cinder.auth_section = None log_opt_values /usr/lib/python3/dist-packages/oslo_config/cfg.py:2609
2026-03-19 00:40:05.605 154237 DEBUG oslo_service.service [req-ef02d006-91ff-45ef-a512-d3d2225549dc - - - - -] cinder.auth_type = None log_opt_values /usr/lib/python3/dist-packages/oslo_config/cfg.py:2609
2026-03-19 00:40:05.606 154237 DEBUG oslo_service.service [req-ef02d006-91ff-45ef-a512-d3d2225549dc - - - - -] cinder.cafile = None log_opt_values /usr/lib/python3/dist-packages/oslo_config/cfg.py:2609
2026-03-19 00:40:05.606 154237 DEBUG oslo_service.service [req-ef02d006-91ff-45ef-a512-d3d2225549dc - - - - -] cinder.catalog_info = volumev3::publicURL log_opt_values /usr/lib/python3/dist-packages/oslo_config/cfg.py:2609
2026-03-19 00:40:05.606 154237 DEBUG oslo_service.service [req-ef02d006-91ff-45ef-a512-d3d2225549dc - - - - -] cinder.certfile = None log_opt_values /usr/lib/python3/dist-packages/oslo_config/cfg.py:2609
2026-03-19 00:40:05.606 154237 DEBUG oslo_service.service [req-ef02d006-91ff-45ef-a512-d3d2225549dc - - - - -] cinder.collect_timing = False log_opt_values /usr/lib/python3/dist-packages/oslo_config/cfg.py:2609
2026-03-19 00:40:05.606 154237 DEBUG oslo_service.service [req-ef02d006-91ff-45ef-a512-d3d2225549dc - - - - -] cinder.cross_az_attach = True log_opt_values /usr/lib/python3/dist-packages/oslo_config/cfg.py:2609
2026-03-19 00:40:05.607 154237 DEBUG oslo_service.service [req-ef02d006-91ff-45ef-a512-d3d2225549dc - - - - -] cinder.debug = False log_opt_values /usr/lib/python3/dist-packages/oslo_config/cfg.py:2609
2026-03-19 00:40:05.607 154237 DEBUG oslo_service.service [req-ef02d006-91ff-45ef-a512-d3d2225549dc - - - - -] cinder.endpoint_template = None log_opt_values /usr/lib/python3/dist-packages/oslo_config/cfg.py:2609
2026-03-19 00:40:05.607 154237 DEBUG oslo_service.service [req-ef02d006-91ff-45ef-a512-d3d2225549dc - - - - -] cinder.http_retries = 3 log_opt_values /usr/lib/python3/dist-packages/oslo_config/cfg.py:2609
2026-03-19 00:40:05.607 154237 DEBUG oslo_service.service [req-ef02d006-91ff-45ef-a512-d3d2225549dc - - - - -] cinder.insecure = False log_opt_values /usr/lib/python3/dist-packages/oslo_config/cfg.py:2609
2026-03-19 00:40:05.607 154237 DEBUG oslo_service.service [req-ef02d006-91ff-45ef-a512-d3d2225549dc - - - - -] cinder.keyfile = None log_opt_values /usr/lib/python3/dist-packages/oslo_config/cfg.py:2609
2026-03-19 00:40:05.608 154237 DEBUG oslo_service.service [req-ef02d006-91ff-45ef-a512-d3d2225549dc - - - - -] cinder.os_region_name = None log_opt_values /usr/lib/python3/dist-packages/oslo_config/cfg.py:2609
2026-03-19 00:40:05.608 154237 DEBUG oslo_service.service [req-ef02d006-91ff-45ef-a512-d3d2225549dc - - - - -] cinder.split_loggers = False log_opt_values /usr/lib/python3/dist-packages/oslo_config/cfg.py:2609
2026-03-19 00:40:05.609 154237 DEBUG oslo_service.service [req-ef02d006-91ff-45ef-a512-d3d2225549dc - - - - -] cinder.timeout = None log_opt_values /usr/lib/python3/dist-packages/oslo_config/cfg.py:2609
2026-03-19 00:40:05.610 154237 DEBUG oslo_service.service [req-ef02d006-91ff-45ef-a512-d3d2225549dc - - - - -] compute.consecutive_build_service_disable_threshold = 10 log_opt_values /usr/lib/python3/dist-packages/oslo_config/cfg.py:2609
2026-03-19 00:40:05.610 154237 DEBUG oslo_service.service [req-ef02d006-91ff-45ef-a512-d3d2225549dc - - - - -] compute.cpu_dedicated_set = None log_opt_values /usr/lib/python3/dist-packages/oslo_config/cfg.py:2609
2026-03-19 00:40:05.611 154237 DEBUG oslo_service.service [req-ef02d006-91ff-45ef-a512-d3d2225549dc - - - - -] compute.cpu_shared_set = None log_opt_values /usr/lib/python3/dist-packages/oslo_config/cfg.py:2609
2026-03-19 00:40:05.611 154237 DEBUG oslo_service.service [req-ef02d006-91ff-45ef-a512-d3d2225549dc - - - - -] compute.image_type_exclude_list = [] log_opt_values /usr/lib/python3/dist-packages/oslo_config/cfg.py:2609
2026-03-19 00:40:05.611 154237 DEBUG oslo_service.service [req-ef02d006-91ff-45ef-a512-d3d2225549dc - - - - -] compute.live_migration_wait_for_vif_plug = True log_opt_values /usr/lib/python3/dist-packages/oslo_config/cfg.py:2609
2026-03-19 00:40:05.611 154237 DEBUG oslo_service.service [req-ef02d006-91ff-45ef-a512-d3d2225549dc - - - - -] compute.max_concurrent_disk_ops = 0 log_opt_values /usr/lib/python3/dist-packages/oslo_config/cfg.py:2609
2026-03-19 00:40:05.611 154237 DEBUG oslo_service.service [req-ef02d006-91ff-45ef-a512-d3d2225549dc - - - - -] compute.max_disk_devices_to_attach = -1 log_opt_values /usr/lib/python3/dist-packages/oslo_config/cfg.py:2609
2026-03-19 00:40:05.612 154237 DEBUG oslo_service.service [req-ef02d006-91ff-45ef-a512-d3d2225549dc - - - - -] compute.packing_host_numa_cells_allocation_strategy = True log_opt_values /usr/lib/python3/dist-packages/oslo_config/cfg.py:2609
2026-03-19 00:40:05.612 154237 DEBUG oslo_service.service [req-ef02d006-91ff-45ef-a512-d3d2225549dc - - - - -] compute.provider_config_location = /etc/nova/provider_config/ log_opt_values /usr/lib/python3/dist-packages/oslo_config/cfg.py:2609
2026-03-19 00:40:05.612 154237 DEBUG oslo_service.service [req-ef02d006-91ff-45ef-a512-d3d2225549dc - - - - -] compute.resource_provider_association_refresh = 300 log_opt_values /usr/lib/python3/dist-packages/oslo_config/cfg.py:2609
2026-03-19 00:40:05.613 154237 DEBUG oslo_service.service [req-ef02d006-91ff-45ef-a512-d3d2225549dc - - - - -] compute.shutdown_retry_interval = 10 log_opt_values /usr/lib/python3/dist-packages/oslo_config/cfg.py:2609
2026-03-19 00:40:05.613 154237 DEBUG oslo_service.service [req-ef02d006-91ff-45ef-a512-d3d2225549dc - - - - -] compute.vmdk_allowed_types = ['streamOptimized', 'monolithicSparse'] log_opt_values /usr/lib/python3/dist-packages/oslo_config/cfg.py:2609
2026-03-19 00:40:05.612 154633 DEBUG nova.service [req-ef6871bc-0bc9-4067-987e-6e50be9499ea - - - - -] Join ServiceGroup membership for this service conductor start /usr/lib/python3/dist-packages/nova/service.py:199
2026-03-19 00:40:05.613 154237 DEBUG oslo_service.service [req-ef02d006-91ff-45ef-a512-d3d2225549dc - - - - -] conductor.workers = 4 log_opt_values /usr/lib/python3/dist-packages/oslo_config/cfg.py:2609
2026-03-19 00:40:05.613 154237 DEBUG oslo_service.service [req-ef02d006-91ff-45ef-a512-d3d2225549dc - - - - -] console.allowed_origins = [] log_opt_values /usr/lib/python3/dist-packages/oslo_config/cfg.py:2609
2026-03-19 00:40:05.614 154237 DEBUG oslo_service.service [req-ef02d006-91ff-45ef-a512-d3d2225549dc - - - - -] console.ssl_ciphers = None log_opt_values /usr/lib/python3/dist-packages/oslo_config/cfg.py:2609
2026-03-19 00:40:05.614 154237 DEBUG oslo_service.service [req-ef02d006-91ff-45ef-a512-d3d2225549dc - - - - -] console.ssl_minimum_version = default log_opt_values /usr/lib/python3/dist-packages/oslo_config/cfg.py:2609
2026-03-19 00:40:05.614 154237 DEBUG oslo_service.service [req-ef02d006-91ff-45ef-a512-d3d2225549dc - - - - -] consoleauth.token_ttl = 600 log_opt_values /usr/lib/python3/dist-packages/oslo_config/cfg.py:2609
2026-03-19 00:40:05.613 154633 DEBUG nova.servicegroup.drivers.db [req-ef6871bc-0bc9-4067-987e-6e50be9499ea - - - - -] DB_Driver: join new ServiceGroup member juju-5aed6d-0-lxd-7 to the conductor group, service = join /usr/lib/python3/dist-packages/nova/servicegroup/drivers/db.py:44
2026-03-19 00:40:05.616 154237 DEBUG oslo_service.service [req-ef02d006-91ff-45ef-a512-d3d2225549dc - - - - -] cyborg.cafile = None log_opt_values /usr/lib/python3/dist-packages/oslo_config/cfg.py:2609
2026-03-19 00:40:05.616 154237 DEBUG oslo_service.service [req-ef02d006-91ff-45ef-a512-d3d2225549dc - - - - -] cyborg.certfile = None log_opt_values /usr/lib/python3/dist-packages/oslo_config/cfg.py:2609
2026-03-19 00:40:05.616 154237 DEBUG oslo_service.service [req-ef02d006-91ff-45ef-a512-d3d2225549dc - - - - -] cyborg.collect_timing = False log_opt_values /usr/lib/python3/dist-packages/oslo_config/cfg.py:2609
2026-03-19 00:40:05.617 154237 DEBUG oslo_service.service [req-ef02d006-91ff-45ef-a512-d3d2225549dc - - - - -] cyborg.connect_retries = None log_opt_values /usr/lib/python3/dist-packages/oslo_config/cfg.py:2609
2026-03-19 00:40:05.617 154237 DEBUG oslo_service.service [req-ef02d006-91ff-45ef-a512-d3d2225549dc - - - - -] cyborg.connect_retry_delay = None log_opt_values /usr/lib/python3/dist-packages/oslo_config/cfg.py:2609
2026-03-19 00:40:05.617 154237 DEBUG oslo_service.service [req-ef02d006-91ff-45ef-a512-d3d2225549dc - - - - -] cyborg.endpoint_override = None log_opt_values /usr/lib/python3/dist-packages/oslo_config/cfg.py:2609
2026-03-19 00:40:05.617 154237 DEBUG oslo_service.service [req-ef02d006-91ff-45ef-a512-d3d2225549dc - - - - -] cyborg.insecure = False log_opt_values /usr/lib/python3/dist-packages/oslo_config/cfg.py:2609
2026-03-19 00:40:05.617 154237 DEBUG oslo_service.service [req-ef02d006-91ff-45ef-a512-d3d2225549dc - - - - -] cyborg.keyfile = None log_opt_values /usr/lib/python3/dist-packages/oslo_config/cfg.py:2609
2026-03-19 00:40:05.617 154633 DEBUG oslo_messaging._drivers.amqpdriver [-] AMQPListener connection timeout poll /usr/lib/python3/dist-packages/oslo_messaging/_drivers/amqpdriver.py:360
2026-03-19 00:40:05.617 154633 DEBUG oslo_messaging._drivers.amqpdriver [-] Listener is running poll /usr/lib/python3/dist-packages/oslo_messaging/_drivers/amqpdriver.py:343
2026-03-19 00:40:05.617 154237 DEBUG oslo_service.service [req-ef02d006-91ff-45ef-a512-d3d2225549dc - - - - -] cyborg.max_version = None log_opt_values /usr/lib/python3/dist-packages/oslo_config/cfg.py:2609
2026-03-19 00:40:05.617 154635 DEBUG oslo_messaging._drivers.amqpdriver [-] Listener is running poll /usr/lib/python3/dist-packages/oslo_messaging/_drivers/amqpdriver.py:343
2026-03-19 00:40:05.618 154633 DEBUG oslo_messaging._drivers.amqpdriver [-] AMQPListener connection consume poll /usr/lib/python3/dist-packages/oslo_messaging/_drivers/amqpdriver.py:357
2026-03-19 00:40:05.618 154635 DEBUG oslo_messaging._drivers.amqpdriver [-] AMQPListener connection consume poll /usr/lib/python3/dist-packages/oslo_messaging/_drivers/amqpdriver.py:357
2026-03-19 00:40:05.618 154237 DEBUG oslo_service.service [req-ef02d006-91ff-45ef-a512-d3d2225549dc - - - - -] cyborg.min_version = None log_opt_values /usr/lib/python3/dist-packages/oslo_config/cfg.py:2609
2026-03-19 00:40:05.618 154237 DEBUG oslo_service.service [req-ef02d006-91ff-45ef-a512-d3d2225549dc - - - - -] cyborg.region_name = None log_opt_values /usr/lib/python3/dist-packages/oslo_config/cfg.py:2609
2026-03-19 00:40:05.618 154237 DEBUG oslo_service.service [req-ef02d006-91ff-45ef-a512-d3d2225549dc - - - - -] cyborg.service_name = None log_opt_values /usr/lib/python3/dist-packages/oslo_config/cfg.py:2609
2026-03-19 00:40:05.618 154635 DEBUG nova.service [req-1df33bad-4ef3-49c2-8936-7c26e99789c5 - - - - -] Join ServiceGroup membership for this service conductor start /usr/lib/python3/dist-packages/nova/service.py:199
2026-03-19 00:40:05.618 154237 DEBUG oslo_service.service [req-ef02d006-91ff-45ef-a512-d3d2225549dc - - - - -] cyborg.service_type = accelerator log_opt_values /usr/lib/python3/dist-packages/oslo_config/cfg.py:2609
2026-03-19 00:40:05.619 154635 DEBUG nova.servicegroup.drivers.db [req-1df33bad-4ef3-49c2-8936-7c26e99789c5 - - - - -] DB_Driver: join new ServiceGroup member juju-5aed6d-0-lxd-7 to the conductor group, service = join /usr/lib/python3/dist-packages/nova/servicegroup/drivers/db.py:44
2026-03-19 00:40:05.619 154237 DEBUG oslo_service.service [req-ef02d006-91ff-45ef-a512-d3d2225549dc - - - - -] cyborg.split_loggers = False log_opt_values /usr/lib/python3/dist-packages/oslo_config/cfg.py:2609
2026-03-19 00:40:05.619 154237 DEBUG oslo_service.service [req-ef02d006-91ff-45ef-a512-d3d2225549dc - - - - -] cyborg.status_code_retries = None log_opt_values /usr/lib/python3/dist-packages/oslo_config/cfg.py:2609
2026-03-19 00:40:05.619 154237 DEBUG oslo_service.service [req-ef02d006-91ff-45ef-a512-d3d2225549dc - - - - -] cyborg.status_code_retry_delay = None log_opt_values /usr/lib/python3/dist-packages/oslo_config/cfg.py:2609
2026-03-19 00:40:05.619 154237 DEBUG oslo_service.service [req-ef02d006-91ff-45ef-a512-d3d2225549dc - - - - -] cyborg.timeout = None log_opt_values /usr/lib/python3/dist-packages/oslo_config/cfg.py:2609
2026-03-19 00:40:05.620 154237 DEBUG oslo_service.service [req-ef02d006-91ff-45ef-a512-d3d2225549dc - - - - -] cyborg.valid_interfaces = ['internal', 'public'] log_opt_values /usr/lib/python3/dist-packages/oslo_config/cfg.py:2609
2026-03-19 00:40:05.620 154237 DEBUG oslo_service.service [req-ef02d006-91ff-45ef-a512-d3d2225549dc - - - - -] cyborg.version = None log_opt_values /usr/lib/python3/dist-packages/oslo_config/cfg.py:2609
2026-03-19 00:40:05.621 154237 DEBUG oslo_service.service [req-ef02d006-91ff-45ef-a512-d3d2225549dc - - - - -] database.backend = sqlalchemy log_opt_values /usr/lib/python3/dist-packages/oslo_config/cfg.py:2609
2026-03-19 00:40:05.621 154237 DEBUG oslo_service.service [req-ef02d006-91ff-45ef-a512-d3d2225549dc - - - - -] database.connection = **** log_opt_values /usr/lib/python3/dist-packages/oslo_config/cfg.py:2609
2026-03-19 00:40:05.621 154237 DEBUG oslo_service.service [req-ef02d006-91ff-45ef-a512-d3d2225549dc - - - - -] database.connection_debug = 0 log_opt_values /usr/lib/python3/dist-packages/oslo_config/cfg.py:2609
2026-03-19 00:40:05.621 154635 DEBUG oslo_messaging._drivers.amqpdriver [-] AMQPListener connection timeout poll /usr/lib/python3/dist-packages/oslo_messaging/_drivers/amqpdriver.py:360
2026-03-19 00:40:05.621 154237 DEBUG oslo_service.service [req-ef02d006-91ff-45ef-a512-d3d2225549dc - - - - -] database.connection_parameters = log_opt_values /usr/lib/python3/dist-packages/oslo_config/cfg.py:2609
2026-03-19 00:40:05.621 154635 DEBUG oslo_messaging._drivers.amqpdriver [-] Listener is running poll /usr/lib/python3/dist-packages/oslo_messaging/_drivers/amqpdriver.py:343
2026-03-19 00:40:05.621 154635 DEBUG oslo_messaging._drivers.amqpdriver [-] AMQPListener connection consume poll /usr/lib/python3/dist-packages/oslo_messaging/_drivers/amqpdriver.py:357
2026-03-19 00:40:05.621 154237 DEBUG oslo_service.service [req-ef02d006-91ff-45ef-a512-d3d2225549dc - - - - -] database.connection_recycle_time = 3600 log_opt_values /usr/lib/python3/dist-packages/oslo_config/cfg.py:2609
2026-03-19 00:40:05.621 154237 DEBUG oslo_service.service [req-ef02d006-91ff-45ef-a512-d3d2225549dc - - - - -] database.connection_trace = False log_opt_values /usr/lib/python3/dist-packages/oslo_config/cfg.py:2609
2026-03-19 00:40:05.622 154237 DEBUG oslo_service.service [req-ef02d006-91ff-45ef-a512-d3d2225549dc - - - - -] database.db_inc_retry_interval = True log_opt_values /usr/lib/python3/dist-packages/oslo_config/cfg.py:2609
2026-03-19 00:40:05.622 154237 DEBUG oslo_service.service [req-ef02d006-91ff-45ef-a512-d3d2225549dc - - - - -] database.db_max_retries = 20 log_opt_values /usr/lib/python3/dist-packages/oslo_config/cfg.py:2609
2026-03-19 00:40:05.622 154237 DEBUG oslo_service.service [req-ef02d006-91ff-45ef-a512-d3d2225549dc - - - - -] database.db_max_retry_interval = 10 log_opt_values /usr/lib/python3/dist-packages/oslo_config/cfg.py:2609
2026-03-19 00:40:05.622 154237 DEBUG oslo_service.service [req-ef02d006-91ff-45ef-a512-d3d2225549dc - - - - -] database.db_retry_interval = 1 log_opt_values /usr/lib/python3/dist-packages/oslo_config/cfg.py:2609
2026-03-19 00:40:05.623 154237 DEBUG oslo_service.service [req-ef02d006-91ff-45ef-a512-d3d2225549dc - - - - -] database.max_overflow = 50 log_opt_values /usr/lib/python3/dist-packages/oslo_config/cfg.py:2609
2026-03-19 00:40:05.623 154237 DEBUG oslo_service.service [req-ef02d006-91ff-45ef-a512-d3d2225549dc - - - - -] database.max_pool_size = 4 log_opt_values /usr/lib/python3/dist-packages/oslo_config/cfg.py:2609
2026-03-19 00:40:05.623 154237 DEBUG oslo_service.service [req-ef02d006-91ff-45ef-a512-d3d2225549dc - - - - -] database.max_retries = 10 log_opt_values /usr/lib/python3/dist-packages/oslo_config/cfg.py:2609
2026-03-19 00:40:05.623 154237 DEBUG oslo_service.service [req-ef02d006-91ff-45ef-a512-d3d2225549dc - - - - -] database.mysql_enable_ndb = False log_opt_values /usr/lib/python3/dist-packages/oslo_config/cfg.py:2609
2026-03-19 00:40:05.621 154634 DEBUG nova.service [req-f695d46a-7fd6-4097-8212-2cf1fc85d182 - - - - -] Creating RPC server for service conductor start /usr/lib/python3/dist-packages/nova/service.py:182
2026-03-19 00:40:05.623 154237 DEBUG oslo_service.service [req-ef02d006-91ff-45ef-a512-d3d2225549dc - - - - -] database.mysql_sql_mode = TRADITIONAL log_opt_values /usr/lib/python3/dist-packages/oslo_config/cfg.py:2609
2026-03-19 00:40:05.624 154237 DEBUG oslo_service.service [req-ef02d006-91ff-45ef-a512-d3d2225549dc - - - - -] database.pool_timeout = None log_opt_values /usr/lib/python3/dist-packages/oslo_config/cfg.py:2609
2026-03-19 00:40:05.624 154237 DEBUG oslo_service.service [req-ef02d006-91ff-45ef-a512-d3d2225549dc - - - - -] database.retry_interval = 10 log_opt_values /usr/lib/python3/dist-packages/oslo_config/cfg.py:2609
2026-03-19 00:40:05.624 154237 DEBUG oslo_service.service [req-ef02d006-91ff-45ef-a512-d3d2225549dc - - - - -] database.slave_connection = **** log_opt_values /usr/lib/python3/dist-packages/oslo_config/cfg.py:2609
2026-03-19 00:40:05.624 154237 DEBUG oslo_service.service [req-ef02d006-91ff-45ef-a512-d3d2225549dc - - - - -] database.sqlite_synchronous = True log_opt_values /usr/lib/python3/dist-packages/oslo_config/cfg.py:2609
2026-03-19 00:40:05.624 154237 DEBUG oslo_service.service [req-ef02d006-91ff-45ef-a512-d3d2225549dc - - - - -] database.use_db_reconnect = False log_opt_values /usr/lib/python3/dist-packages/oslo_config/cfg.py:2609
2026-03-19 00:40:05.625 154237 DEBUG oslo_service.service [req-ef02d006-91ff-45ef-a512-d3d2225549dc - - - - -] api_database.backend = sqlalchemy log_opt_values /usr/lib/python3/dist-packages/oslo_config/cfg.py:2609
2026-03-19 00:40:05.625 154237 DEBUG oslo_service.service [req-ef02d006-91ff-45ef-a512-d3d2225549dc - - - - -] api_database.connection = **** log_opt_values /usr/lib/python3/dist-packages/oslo_config/cfg.py:2609
2026-03-19 00:40:05.625 154237 DEBUG oslo_service.service [req-ef02d006-91ff-45ef-a512-d3d2225549dc - - - - -] api_database.connection_debug = 0 log_opt_values /usr/lib/python3/dist-packages/oslo_config/cfg.py:2609
2026-03-19 00:40:05.625 154237 DEBUG oslo_service.service [req-ef02d006-91ff-45ef-a512-d3d2225549dc - - - - -] api_database.connection_parameters = log_opt_values /usr/lib/python3/dist-packages/oslo_config/cfg.py:2609
2026-03-19 00:40:05.625 154237 DEBUG oslo_service.service [req-ef02d006-91ff-45ef-a512-d3d2225549dc - - - - -] api_database.connection_recycle_time = 3600 log_opt_values /usr/lib/python3/dist-packages/oslo_config/cfg.py:2609
2026-03-19 00:40:05.626 154237 DEBUG oslo_service.service [req-ef02d006-91ff-45ef-a512-d3d2225549dc - - - - -] api_database.connection_trace = False log_opt_values /usr/lib/python3/dist-packages/oslo_config/cfg.py:2609
2026-03-19 00:40:05.626 154237 DEBUG oslo_service.service [req-ef02d006-91ff-45ef-a512-d3d2225549dc - - - - -] api_database.db_inc_retry_interval = True log_opt_values /usr/lib/python3/dist-packages/oslo_config/cfg.py:2609
2026-03-19 00:40:05.626 154237 DEBUG oslo_service.service [req-ef02d006-91ff-45ef-a512-d3d2225549dc - - - - -] api_database.db_max_retries = 20 log_opt_values /usr/lib/python3/dist-packages/oslo_config/cfg.py:2609
2026-03-19 00:40:05.626 154237 DEBUG oslo_service.service [req-ef02d006-91ff-45ef-a512-d3d2225549dc - - - - -] api_database.db_max_retry_interval = 10 log_opt_values /usr/lib/python3/dist-packages/oslo_config/cfg.py:2609
2026-03-19 00:40:05.626 154237 DEBUG oslo_service.service [req-ef02d006-91ff-45ef-a512-d3d2225549dc - - - - -] api_database.db_retry_interval = 1 log_opt_values /usr/lib/python3/dist-packages/oslo_config/cfg.py:2609
2026-03-19 00:40:05.626 154636 DEBUG oslo_messaging._drivers.amqpdriver [-] Listener is running poll /usr/lib/python3/dist-packages/oslo_messaging/_drivers/amqpdriver.py:343
2026-03-19 00:40:05.627 154237 DEBUG oslo_service.service [req-ef02d006-91ff-45ef-a512-d3d2225549dc - - - - -] api_database.max_overflow = 50 log_opt_values /usr/lib/python3/dist-packages/oslo_config/cfg.py:2609
2026-03-19 00:40:05.627 154636 DEBUG oslo_messaging._drivers.amqpdriver [-] AMQPListener connection consume poll /usr/lib/python3/dist-packages/oslo_messaging/_drivers/amqpdriver.py:357
2026-03-19 00:40:05.627 154237 DEBUG oslo_service.service [req-ef02d006-91ff-45ef-a512-d3d2225549dc - - - - -] api_database.max_pool_size = 4 log_opt_values /usr/lib/python3/dist-packages/oslo_config/cfg.py:2609
2026-03-19 00:40:05.627 154237 DEBUG oslo_service.service [req-ef02d006-91ff-45ef-a512-d3d2225549dc - - - - -] api_database.max_retries = 10 log_opt_values /usr/lib/python3/dist-packages/oslo_config/cfg.py:2609
2026-03-19 00:40:05.627 154237 DEBUG oslo_service.service [req-ef02d006-91ff-45ef-a512-d3d2225549dc - - - - -] api_database.mysql_enable_ndb = False log_opt_values /usr/lib/python3/dist-packages/oslo_config/cfg.py:2609
2026-03-19 00:40:05.627 154237 DEBUG oslo_service.service [req-ef02d006-91ff-45ef-a512-d3d2225549dc - - - - -] api_database.mysql_sql_mode = TRADITIONAL log_opt_values /usr/lib/python3/dist-packages/oslo_config/cfg.py:2609
2026-03-19 00:40:05.627 154237 DEBUG oslo_service.service [req-ef02d006-91ff-45ef-a512-d3d2225549dc - - - - -] api_database.pool_timeout = None log_opt_values /usr/lib/python3/dist-packages/oslo_config/cfg.py:2609
2026-03-19 00:40:05.627 154636 DEBUG nova.service [req-1a57adb0-b7d0-4cf0-90e3-556c7ac0385e - - - - -] Join ServiceGroup membership for this service conductor start /usr/lib/python3/dist-packages/nova/service.py:199
2026-03-19 00:40:05.628 154237 DEBUG oslo_service.service [req-ef02d006-91ff-45ef-a512-d3d2225549dc - - - - -] api_database.retry_interval = 10 log_opt_values /usr/lib/python3/dist-packages/oslo_config/cfg.py:2609
2026-03-19 00:40:05.628 154636 DEBUG nova.servicegroup.drivers.db [req-1a57adb0-b7d0-4cf0-90e3-556c7ac0385e - - - - -] DB_Driver: join new ServiceGroup member juju-5aed6d-0-lxd-7 to the conductor group, service = join /usr/lib/python3/dist-packages/nova/servicegroup/drivers/db.py:44
2026-03-19 00:40:05.628 154237 DEBUG oslo_service.service [req-ef02d006-91ff-45ef-a512-d3d2225549dc - - - - -] api_database.slave_connection = **** log_opt_values /usr/lib/python3/dist-packages/oslo_config/cfg.py:2609
2026-03-19 00:40:05.628 154237 DEBUG oslo_service.service [req-ef02d006-91ff-45ef-a512-d3d2225549dc - - - - -] api_database.sqlite_synchronous = True log_opt_values /usr/lib/python3/dist-packages/oslo_config/cfg.py:2609
2026-03-19 00:40:05.628 154237 DEBUG oslo_service.service [req-ef02d006-91ff-45ef-a512-d3d2225549dc - - - - -] devices.enabled_mdev_types = [] log_opt_values /usr/lib/python3/dist-packages/oslo_config/cfg.py:2609
2026-03-19 00:40:05.629 154237 DEBUG oslo_service.service [req-ef02d006-91ff-45ef-a512-d3d2225549dc - - - - -] ephemeral_storage_encryption.cipher = aes-xts-plain64 log_opt_values /usr/lib/python3/dist-packages/oslo_config/cfg.py:2609
2026-03-19 00:40:05.629 154237 DEBUG oslo_service.service [req-ef02d006-91ff-45ef-a512-d3d2225549dc - - - - -] ephemeral_storage_encryption.enabled = False log_opt_values /usr/lib/python3/dist-packages/oslo_config/cfg.py:2609
2026-03-19 00:40:05.629 154237 DEBUG oslo_service.service [req-ef02d006-91ff-45ef-a512-d3d2225549dc - - - - -] ephemeral_storage_encryption.key_size = 512 log_opt_values /usr/lib/python3/dist-packages/oslo_config/cfg.py:2609
2026-03-19 00:40:05.629 154237 WARNING oslo_config.cfg [req-ef02d006-91ff-45ef-a512-d3d2225549dc - - - - -] Deprecated: Option "api_servers" from group "glance" is deprecated for removal ( Support for image service configuration via standard keystoneauth1 Adapter options was added in the 17.0.0 Queens release. The api_servers option was retained temporarily to allow consumers time to cut over to a real load balancing solution. ). Its value may be silently ignored in the future.
2026-03-19 00:40:05.629 154237 DEBUG oslo_service.service [req-ef02d006-91ff-45ef-a512-d3d2225549dc - - - - -] glance.api_servers = ['http://252.129.218.115:9292'] log_opt_values /usr/lib/python3/dist-packages/oslo_config/cfg.py:2609
2026-03-19 00:40:05.630 154237 DEBUG oslo_service.service [req-ef02d006-91ff-45ef-a512-d3d2225549dc - - - - -] glance.cafile = None log_opt_values /usr/lib/python3/dist-packages/oslo_config/cfg.py:2609
2026-03-19 00:40:05.630 154636 DEBUG oslo_messaging._drivers.amqpdriver [-] AMQPListener connection timeout poll /usr/lib/python3/dist-packages/oslo_messaging/_drivers/amqpdriver.py:360
2026-03-19 00:40:05.630 154237 DEBUG oslo_service.service [req-ef02d006-91ff-45ef-a512-d3d2225549dc - - - - -] glance.certfile = None log_opt_values /usr/lib/python3/dist-packages/oslo_config/cfg.py:2609
2026-03-19 00:40:05.630 154636 DEBUG oslo_messaging._drivers.amqpdriver [-] Listener is running poll /usr/lib/python3/dist-packages/oslo_messaging/_drivers/amqpdriver.py:343
2026-03-19 00:40:05.630 154237 DEBUG oslo_service.service [req-ef02d006-91ff-45ef-a512-d3d2225549dc - - - - -] glance.collect_timing = False log_opt_values /usr/lib/python3/dist-packages/oslo_config/cfg.py:2609
2026-03-19 00:40:05.630 154636 DEBUG oslo_messaging._drivers.amqpdriver [-] AMQPListener connection consume poll /usr/lib/python3/dist-packages/oslo_messaging/_drivers/amqpdriver.py:357
2026-03-19 00:40:05.631 154237 DEBUG oslo_service.service [req-ef02d006-91ff-45ef-a512-d3d2225549dc - - - - -] glance.connect_retries = None log_opt_values /usr/lib/python3/dist-packages/oslo_config/cfg.py:2609
2026-03-19 00:40:05.631 154237 DEBUG oslo_service.service [req-ef02d006-91ff-45ef-a512-d3d2225549dc - - - - -] glance.connect_retry_delay = None log_opt_values /usr/lib/python3/dist-packages/oslo_config/cfg.py:2609
2026-03-19 00:40:05.631 154237 DEBUG oslo_service.service [req-ef02d006-91ff-45ef-a512-d3d2225549dc - - - - -] glance.debug = False log_opt_values /usr/lib/python3/dist-packages/oslo_config/cfg.py:2609
2026-03-19 00:40:05.631 154237 DEBUG oslo_service.service [req-ef02d006-91ff-45ef-a512-d3d2225549dc - - - - -] glance.default_trusted_certificate_ids = [] log_opt_values /usr/lib/python3/dist-packages/oslo_config/cfg.py:2609
2026-03-19 00:40:05.631 154237 DEBUG oslo_service.service [req-ef02d006-91ff-45ef-a512-d3d2225549dc - - - - -] glance.enable_certificate_validation = False log_opt_values /usr/lib/python3/dist-packages/oslo_config/cfg.py:2609
2026-03-19 00:40:05.632 154237 DEBUG oslo_service.service [req-ef02d006-91ff-45ef-a512-d3d2225549dc - - - - -] glance.enable_rbd_download = False log_opt_values /usr/lib/python3/dist-packages/oslo_config/cfg.py:2609
2026-03-19 00:40:05.632 154237 DEBUG oslo_service.service [req-ef02d006-91ff-45ef-a512-d3d2225549dc - - - - -] glance.endpoint_override = None log_opt_values /usr/lib/python3/dist-packages/oslo_config/cfg.py:2609
2026-03-19 00:40:05.632 154237 DEBUG oslo_service.service [req-ef02d006-91ff-45ef-a512-d3d2225549dc - - - - -] glance.insecure = False log_opt_values /usr/lib/python3/dist-packages/oslo_config/cfg.py:2609
2026-03-19 00:40:05.632 154237 DEBUG oslo_service.service [req-ef02d006-91ff-45ef-a512-d3d2225549dc - - - - -] glance.keyfile = None log_opt_values /usr/lib/python3/dist-packages/oslo_config/cfg.py:2609
2026-03-19 00:40:05.632 154237 DEBUG oslo_service.service [req-ef02d006-91ff-45ef-a512-d3d2225549dc - - - - -] glance.max_version = None log_opt_values /usr/lib/python3/dist-packages/oslo_config/cfg.py:2609
2026-03-19 00:40:05.632 154237 DEBUG oslo_service.service [req-ef02d006-91ff-45ef-a512-d3d2225549dc - - - - -] glance.min_version = None log_opt_values /usr/lib/python3/dist-packages/oslo_config/cfg.py:2609
2026-03-19 00:40:05.633 154237 DEBUG oslo_service.service [req-ef02d006-91ff-45ef-a512-d3d2225549dc - - - - -] glance.num_retries = 3 log_opt_values /usr/lib/python3/dist-packages/oslo_config/cfg.py:2609
2026-03-19 00:40:05.633 154237 DEBUG oslo_service.service [req-ef02d006-91ff-45ef-a512-d3d2225549dc - - - - -] glance.rbd_ceph_conf = log_opt_values /usr/lib/python3/dist-packages/oslo_config/cfg.py:2609
2026-03-19 00:40:05.633 154237 DEBUG oslo_service.service [req-ef02d006-91ff-45ef-a512-d3d2225549dc - - - - -] glance.rbd_connect_timeout = 5 log_opt_values /usr/lib/python3/dist-packages/oslo_config/cfg.py:2609
2026-03-19 00:40:05.633 154237 DEBUG oslo_service.service [req-ef02d006-91ff-45ef-a512-d3d2225549dc - - - - -] glance.rbd_pool = log_opt_values /usr/lib/python3/dist-packages/oslo_config/cfg.py:2609
2026-03-19 00:40:05.633 154237 DEBUG oslo_service.service [req-ef02d006-91ff-45ef-a512-d3d2225549dc - - - - -] glance.rbd_user = log_opt_values /usr/lib/python3/dist-packages/oslo_config/cfg.py:2609
2026-03-19 00:40:05.633 154237 DEBUG oslo_service.service [req-ef02d006-91ff-45ef-a512-d3d2225549dc - - - - -] glance.region_name = None log_opt_values /usr/lib/python3/dist-packages/oslo_config/cfg.py:2609
2026-03-19 00:40:05.634 154237 DEBUG oslo_service.service [req-ef02d006-91ff-45ef-a512-d3d2225549dc - - - - -] glance.service_name = None log_opt_values /usr/lib/python3/dist-packages/oslo_config/cfg.py:2609
2026-03-19 00:40:05.634 154237 DEBUG oslo_service.service [req-ef02d006-91ff-45ef-a512-d3d2225549dc - - - - -] glance.service_type = image log_opt_values /usr/lib/python3/dist-packages/oslo_config/cfg.py:2609
2026-03-19 00:40:05.634 154237 DEBUG oslo_service.service [req-ef02d006-91ff-45ef-a512-d3d2225549dc - - - - -] glance.split_loggers = False log_opt_values /usr/lib/python3/dist-packages/oslo_config/cfg.py:2609
2026-03-19 00:40:05.634 154237 DEBUG oslo_service.service [req-ef02d006-91ff-45ef-a512-d3d2225549dc - - - - -] glance.status_code_retries = None log_opt_values /usr/lib/python3/dist-packages/oslo_config/cfg.py:2609
2026-03-19 00:40:05.634 154237 DEBUG oslo_service.service [req-ef02d006-91ff-45ef-a512-d3d2225549dc - - - - -] glance.status_code_retry_delay = None log_opt_values /usr/lib/python3/dist-packages/oslo_config/cfg.py:2609
2026-03-19 00:40:05.634 154237 DEBUG oslo_service.service [req-ef02d006-91ff-45ef-a512-d3d2225549dc - - - - -] glance.timeout = None log_opt_values /usr/lib/python3/dist-packages/oslo_config/cfg.py:2609
2026-03-19 00:40:05.634 154237 DEBUG oslo_service.service [req-ef02d006-91ff-45ef-a512-d3d2225549dc - - - - -] glance.valid_interfaces = ['internal', 'public'] log_opt_values /usr/lib/python3/dist-packages/oslo_config/cfg.py:2609
2026-03-19 00:40:05.635 154237 DEBUG oslo_service.service [req-ef02d006-91ff-45ef-a512-d3d2225549dc - - - - -] glance.verify_glance_signatures = False log_opt_values /usr/lib/python3/dist-packages/oslo_config/cfg.py:2609
2026-03-19 00:40:05.635 154237 DEBUG oslo_service.service [req-ef02d006-91ff-45ef-a512-d3d2225549dc - - - - -] glance.version = None log_opt_values /usr/lib/python3/dist-packages/oslo_config/cfg.py:2609
2026-03-19 00:40:05.635 154237 DEBUG oslo_service.service [req-ef02d006-91ff-45ef-a512-d3d2225549dc - - - - -] guestfs.debug = False log_opt_values /usr/lib/python3/dist-packages/oslo_config/cfg.py:2609
2026-03-19 00:40:05.635 154237 DEBUG oslo_service.service [req-ef02d006-91ff-45ef-a512-d3d2225549dc - - - - -] hyperv.config_drive_cdrom = False log_opt_values /usr/lib/python3/dist-packages/oslo_config/cfg.py:2609
2026-03-19 00:40:05.635 154237 DEBUG oslo_service.service [req-ef02d006-91ff-45ef-a512-d3d2225549dc - - - - -] hyperv.config_drive_inject_password = False log_opt_values /usr/lib/python3/dist-packages/oslo_config/cfg.py:2609
2026-03-19 00:40:05.635 154237 DEBUG oslo_service.service [req-ef02d006-91ff-45ef-a512-d3d2225549dc - - - - -] hyperv.dynamic_memory_ratio = 1.0 log_opt_values /usr/lib/python3/dist-packages/oslo_config/cfg.py:2609
2026-03-19 00:40:05.636 154237 DEBUG oslo_service.service [req-ef02d006-91ff-45ef-a512-d3d2225549dc - - - - -] hyperv.enable_instance_metrics_collection = False log_opt_values /usr/lib/python3/dist-packages/oslo_config/cfg.py:2609
2026-03-19 00:40:05.636 154237 DEBUG oslo_service.service [req-ef02d006-91ff-45ef-a512-d3d2225549dc - - - - -] hyperv.enable_remotefx = False log_opt_values /usr/lib/python3/dist-packages/oslo_config/cfg.py:2609
2026-03-19 00:40:05.636 154237 DEBUG oslo_service.service [req-ef02d006-91ff-45ef-a512-d3d2225549dc - - - - -] hyperv.instances_path_share = log_opt_values /usr/lib/python3/dist-packages/oslo_config/cfg.py:2609
2026-03-19 00:40:05.636 154237 DEBUG oslo_service.service [req-ef02d006-91ff-45ef-a512-d3d2225549dc - - - - -] hyperv.iscsi_initiator_list = [] log_opt_values /usr/lib/python3/dist-packages/oslo_config/cfg.py:2609
2026-03-19 00:40:05.636 154237 DEBUG oslo_service.service [req-ef02d006-91ff-45ef-a512-d3d2225549dc - - - - -] hyperv.limit_cpu_features = False log_opt_values /usr/lib/python3/dist-packages/oslo_config/cfg.py:2609
2026-03-19 00:40:05.636 154237 DEBUG oslo_service.service [req-ef02d006-91ff-45ef-a512-d3d2225549dc - - - - -] hyperv.mounted_disk_query_retry_count = 10 log_opt_values /usr/lib/python3/dist-packages/oslo_config/cfg.py:2609
2026-03-19 00:40:05.637 154237 DEBUG oslo_service.service [req-ef02d006-91ff-45ef-a512-d3d2225549dc - - - - -] hyperv.mounted_disk_query_retry_interval = 5 log_opt_values /usr/lib/python3/dist-packages/oslo_config/cfg.py:2609
2026-03-19 00:40:05.637 154237 DEBUG oslo_service.service [req-ef02d006-91ff-45ef-a512-d3d2225549dc - - - - -] hyperv.power_state_check_timeframe = 60 log_opt_values /usr/lib/python3/dist-packages/oslo_config/cfg.py:2609
2026-03-19 00:40:05.637 154237 DEBUG oslo_service.service [req-ef02d006-91ff-45ef-a512-d3d2225549dc - - - - -] hyperv.power_state_event_polling_interval = 2 log_opt_values /usr/lib/python3/dist-packages/oslo_config/cfg.py:2609
2026-03-19 00:40:05.637 154237 DEBUG oslo_service.service [req-ef02d006-91ff-45ef-a512-d3d2225549dc - - - - -] hyperv.qemu_img_cmd = qemu-img.exe log_opt_values /usr/lib/python3/dist-packages/oslo_config/cfg.py:2609
2026-03-19 00:40:05.637 154237 DEBUG oslo_service.service [req-ef02d006-91ff-45ef-a512-d3d2225549dc - - - - -] hyperv.use_multipath_io = False log_opt_values /usr/lib/python3/dist-packages/oslo_config/cfg.py:2609
2026-03-19 00:40:05.637 154237 DEBUG oslo_service.service [req-ef02d006-91ff-45ef-a512-d3d2225549dc - - - - -] hyperv.volume_attach_retry_count = 10 log_opt_values /usr/lib/python3/dist-packages/oslo_config/cfg.py:2609
2026-03-19 00:40:05.638 154237 DEBUG oslo_service.service [req-ef02d006-91ff-45ef-a512-d3d2225549dc - - - - -] hyperv.volume_attach_retry_interval = 5 log_opt_values /usr/lib/python3/dist-packages/oslo_config/cfg.py:2609
2026-03-19 00:40:05.638 154237 DEBUG oslo_service.service [req-ef02d006-91ff-45ef-a512-d3d2225549dc - - - - -] hyperv.vswitch_name = None log_opt_values /usr/lib/python3/dist-packages/oslo_config/cfg.py:2609
2026-03-19 00:40:05.638 154237 DEBUG oslo_service.service [req-ef02d006-91ff-45ef-a512-d3d2225549dc - - - - -] hyperv.wait_soft_reboot_seconds = 60 log_opt_values /usr/lib/python3/dist-packages/oslo_config/cfg.py:2609
2026-03-19 00:40:05.638 154237 DEBUG oslo_service.service [req-ef02d006-91ff-45ef-a512-d3d2225549dc - - - - -] mks.enabled = False log_opt_values /usr/lib/python3/dist-packages/oslo_config/cfg.py:2609
2026-03-19 00:40:05.639 154237 DEBUG oslo_service.service [req-ef02d006-91ff-45ef-a512-d3d2225549dc - - - - -] mks.mksproxy_base_url = http://127.0.0.1:6090/ log_opt_values /usr/lib/python3/dist-packages/oslo_config/cfg.py:2609
2026-03-19 00:40:05.639 154237 DEBUG oslo_service.service [req-ef02d006-91ff-45ef-a512-d3d2225549dc - - - - -] image_cache.manager_interval = 2400 log_opt_values /usr/lib/python3/dist-packages/oslo_config/cfg.py:2609
2026-03-19 00:40:05.639 154237 DEBUG oslo_service.service [req-ef02d006-91ff-45ef-a512-d3d2225549dc - - - - -] image_cache.precache_concurrency = 1 log_opt_values /usr/lib/python3/dist-packages/oslo_config/cfg.py:2609
2026-03-19 00:40:05.640 154237 DEBUG oslo_service.service [req-ef02d006-91ff-45ef-a512-d3d2225549dc - - - - -] image_cache.remove_unused_base_images = True log_opt_values /usr/lib/python3/dist-packages/oslo_config/cfg.py:2609
2026-03-19 00:40:05.640 154237 DEBUG oslo_service.service [req-ef02d006-91ff-45ef-a512-d3d2225549dc - - - - -] image_cache.remove_unused_original_minimum_age_seconds = 86400 log_opt_values /usr/lib/python3/dist-packages/oslo_config/cfg.py:2609
2026-03-19 00:40:05.640 154237 DEBUG oslo_service.service [req-ef02d006-91ff-45ef-a512-d3d2225549dc - - - - -] image_cache.remove_unused_resized_minimum_age_seconds = 3600 log_opt_values /usr/lib/python3/dist-packages/oslo_config/cfg.py:2609
2026-03-19 00:40:05.640 154237 DEBUG oslo_service.service [req-ef02d006-91ff-45ef-a512-d3d2225549dc - - - - -] image_cache.subdirectory_name = _base log_opt_values /usr/lib/python3/dist-packages/oslo_config/cfg.py:2609
2026-03-19 00:40:05.641 154237 DEBUG oslo_service.service [req-ef02d006-91ff-45ef-a512-d3d2225549dc - - - - -] ironic.api_max_retries = 60 log_opt_values /usr/lib/python3/dist-packages/oslo_config/cfg.py:2609
2026-03-19 00:40:05.641 154237 DEBUG oslo_service.service [req-ef02d006-91ff-45ef-a512-d3d2225549dc - - - - -] ironic.api_retry_interval = 2 log_opt_values /usr/lib/python3/dist-packages/oslo_config/cfg.py:2609
2026-03-19 00:40:05.641 154237 DEBUG oslo_service.service [req-ef02d006-91ff-45ef-a512-d3d2225549dc - - - - -] ironic.auth_section = None log_opt_values /usr/lib/python3/dist-packages/oslo_config/cfg.py:2609
2026-03-19 00:40:05.641 154237 DEBUG oslo_service.service [req-ef02d006-91ff-45ef-a512-d3d2225549dc - - - - -] ironic.auth_type = None log_opt_values /usr/lib/python3/dist-packages/oslo_config/cfg.py:2609
2026-03-19 00:40:05.641 154237 DEBUG oslo_service.service [req-ef02d006-91ff-45ef-a512-d3d2225549dc - - - - -] ironic.cafile = None log_opt_values /usr/lib/python3/dist-packages/oslo_config/cfg.py:2609
2026-03-19 00:40:05.641 154237 DEBUG oslo_service.service [req-ef02d006-91ff-45ef-a512-d3d2225549dc - - - - -] ironic.certfile = None log_opt_values /usr/lib/python3/dist-packages/oslo_config/cfg.py:2609
2026-03-19 00:40:05.642 154237 DEBUG oslo_service.service [req-ef02d006-91ff-45ef-a512-d3d2225549dc - - - - -] ironic.collect_timing = False log_opt_values /usr/lib/python3/dist-packages/oslo_config/cfg.py:2609
2026-03-19 00:40:05.642 154237 DEBUG oslo_service.service [req-ef02d006-91ff-45ef-a512-d3d2225549dc - - - - -] ironic.connect_retries = None log_opt_values /usr/lib/python3/dist-packages/oslo_config/cfg.py:2609
2026-03-19 00:40:05.642 154237 DEBUG oslo_service.service [req-ef02d006-91ff-45ef-a512-d3d2225549dc - - - - -] ironic.connect_retry_delay = None log_opt_values /usr/lib/python3/dist-packages/oslo_config/cfg.py:2609
2026-03-19 00:40:05.642 154237 DEBUG oslo_service.service [req-ef02d006-91ff-45ef-a512-d3d2225549dc - - - - -] ironic.endpoint_override = None log_opt_values /usr/lib/python3/dist-packages/oslo_config/cfg.py:2609
2026-03-19 00:40:05.642 154237 DEBUG oslo_service.service [req-ef02d006-91ff-45ef-a512-d3d2225549dc - - - - -] ironic.insecure = False log_opt_values /usr/lib/python3/dist-packages/oslo_config/cfg.py:2609
2026-03-19 00:40:05.642 154237 DEBUG oslo_service.service [req-ef02d006-91ff-45ef-a512-d3d2225549dc - - - - -] ironic.keyfile = None log_opt_values /usr/lib/python3/dist-packages/oslo_config/cfg.py:2609
2026-03-19 00:40:05.643 154237 DEBUG oslo_service.service [req-ef02d006-91ff-45ef-a512-d3d2225549dc - - - - -] ironic.max_version = None log_opt_values /usr/lib/python3/dist-packages/oslo_config/cfg.py:2609
2026-03-19 00:40:05.643 154237 DEBUG oslo_service.service [req-ef02d006-91ff-45ef-a512-d3d2225549dc - - - - -] ironic.min_version = None log_opt_values /usr/lib/python3/dist-packages/oslo_config/cfg.py:2609
2026-03-19 00:40:05.643 154237 DEBUG oslo_service.service [req-ef02d006-91ff-45ef-a512-d3d2225549dc - - - - -] ironic.partition_key = None log_opt_values /usr/lib/python3/dist-packages/oslo_config/cfg.py:2609
2026-03-19 00:40:05.644 154237 DEBUG oslo_service.service [req-ef02d006-91ff-45ef-a512-d3d2225549dc - - - - -] ironic.peer_list = [] log_opt_values /usr/lib/python3/dist-packages/oslo_config/cfg.py:2609
2026-03-19 00:40:05.644 154237 DEBUG oslo_service.service [req-ef02d006-91ff-45ef-a512-d3d2225549dc - - - - -] ironic.region_name = None log_opt_values /usr/lib/python3/dist-packages/oslo_config/cfg.py:2609
2026-03-19 00:40:05.644 154237 DEBUG oslo_service.service [req-ef02d006-91ff-45ef-a512-d3d2225549dc - - - - -] ironic.serial_console_state_timeout = 10 log_opt_values /usr/lib/python3/dist-packages/oslo_config/cfg.py:2609
2026-03-19 00:40:05.644 154237 DEBUG oslo_service.service [req-ef02d006-91ff-45ef-a512-d3d2225549dc - - - - -] ironic.service_name = None log_opt_values /usr/lib/python3/dist-packages/oslo_config/cfg.py:2609
2026-03-19 00:40:05.644 154237 DEBUG oslo_service.service [req-ef02d006-91ff-45ef-a512-d3d2225549dc - - - - -] ironic.service_type = baremetal log_opt_values /usr/lib/python3/dist-packages/oslo_config/cfg.py:2609
2026-03-19 00:40:05.644 154237 DEBUG oslo_service.service [req-ef02d006-91ff-45ef-a512-d3d2225549dc - - - - -] ironic.split_loggers = False log_opt_values /usr/lib/python3/dist-packages/oslo_config/cfg.py:2609
2026-03-19 00:40:05.645 154237 DEBUG oslo_service.service [req-ef02d006-91ff-45ef-a512-d3d2225549dc - - - - -] ironic.status_code_retries = None log_opt_values /usr/lib/python3/dist-packages/oslo_config/cfg.py:2609
2026-03-19 00:40:05.645 154237 DEBUG oslo_service.service [req-ef02d006-91ff-45ef-a512-d3d2225549dc - - - - -] ironic.status_code_retry_delay = None log_opt_values /usr/lib/python3/dist-packages/oslo_config/cfg.py:2609
2026-03-19 00:40:05.645 154237 DEBUG oslo_service.service [req-ef02d006-91ff-45ef-a512-d3d2225549dc - - - - -] ironic.timeout = None log_opt_values /usr/lib/python3/dist-packages/oslo_config/cfg.py:2609
2026-03-19 00:40:05.645 154237 DEBUG oslo_service.service [req-ef02d006-91ff-45ef-a512-d3d2225549dc - - - - -] ironic.valid_interfaces = ['internal', 'public'] log_opt_values /usr/lib/python3/dist-packages/oslo_config/cfg.py:2609
2026-03-19 00:40:05.645 154237 DEBUG oslo_service.service [req-ef02d006-91ff-45ef-a512-d3d2225549dc - - - - -] ironic.version = None log_opt_values /usr/lib/python3/dist-packages/oslo_config/cfg.py:2609
2026-03-19 00:40:05.646 154237 DEBUG oslo_service.service [req-ef02d006-91ff-45ef-a512-d3d2225549dc - - - - -] key_manager.backend = barbican log_opt_values /usr/lib/python3/dist-packages/oslo_config/cfg.py:2609
2026-03-19 00:40:05.646 154237 DEBUG oslo_service.service [req-ef02d006-91ff-45ef-a512-d3d2225549dc - - - - -] key_manager.fixed_key = **** log_opt_values /usr/lib/python3/dist-packages/oslo_config/cfg.py:2609
2026-03-19 00:40:05.646 154237 DEBUG oslo_service.service [req-ef02d006-91ff-45ef-a512-d3d2225549dc - - - - -] barbican.auth_endpoint = http://localhost/identity/v3 log_opt_values /usr/lib/python3/dist-packages/oslo_config/cfg.py:2609
2026-03-19 00:40:05.646 154237 DEBUG oslo_service.service [req-ef02d006-91ff-45ef-a512-d3d2225549dc - - - - -] barbican.barbican_api_version = None log_opt_values /usr/lib/python3/dist-packages/oslo_config/cfg.py:2609
2026-03-19 00:40:05.646 154237 DEBUG oslo_service.service [req-ef02d006-91ff-45ef-a512-d3d2225549dc - - - - -] barbican.barbican_endpoint = None log_opt_values /usr/lib/python3/dist-packages/oslo_config/cfg.py:2609
2026-03-19 00:40:05.646 154237 DEBUG oslo_service.service [req-ef02d006-91ff-45ef-a512-d3d2225549dc - - - - -] barbican.barbican_endpoint_type = public log_opt_values /usr/lib/python3/dist-packages/oslo_config/cfg.py:2609
2026-03-19 00:40:05.647 154237 DEBUG oslo_service.service [req-ef02d006-91ff-45ef-a512-d3d2225549dc - - - - -] barbican.barbican_region_name = None log_opt_values /usr/lib/python3/dist-packages/oslo_config/cfg.py:2609
2026-03-19 00:40:05.647 154237 DEBUG oslo_service.service [req-ef02d006-91ff-45ef-a512-d3d2225549dc - - - - -] barbican.cafile = None log_opt_values /usr/lib/python3/dist-packages/oslo_config/cfg.py:2609
2026-03-19 00:40:05.647 154237 DEBUG oslo_service.service [req-ef02d006-91ff-45ef-a512-d3d2225549dc - - - - -] barbican.certfile = None log_opt_values /usr/lib/python3/dist-packages/oslo_config/cfg.py:2609
2026-03-19 00:40:05.647 154237 DEBUG oslo_service.service [req-ef02d006-91ff-45ef-a512-d3d2225549dc - - - - -] barbican.collect_timing = False log_opt_values /usr/lib/python3/dist-packages/oslo_config/cfg.py:2609
2026-03-19 00:40:05.647 154237 DEBUG oslo_service.service [req-ef02d006-91ff-45ef-a512-d3d2225549dc - - - - -] barbican.insecure = False log_opt_values /usr/lib/python3/dist-packages/oslo_config/cfg.py:2609
2026-03-19 00:40:05.647 154237 DEBUG oslo_service.service [req-ef02d006-91ff-45ef-a512-d3d2225549dc - - - - -] barbican.keyfile = None log_opt_values /usr/lib/python3/dist-packages/oslo_config/cfg.py:2609
2026-03-19 00:40:05.648 154237 DEBUG oslo_service.service [req-ef02d006-91ff-45ef-a512-d3d2225549dc - - - - -] barbican.number_of_retries = 60 log_opt_values /usr/lib/python3/dist-packages/oslo_config/cfg.py:2609
2026-03-19 00:40:05.648 154237 DEBUG oslo_service.service [req-ef02d006-91ff-45ef-a512-d3d2225549dc - - - - -] barbican.retry_delay = 1 log_opt_values /usr/lib/python3/dist-packages/oslo_config/cfg.py:2609
2026-03-19 00:40:05.648 154237 DEBUG oslo_service.service [req-ef02d006-91ff-45ef-a512-d3d2225549dc - - - - -] barbican.send_service_user_token = False log_opt_values /usr/lib/python3/dist-packages/oslo_config/cfg.py:2609
2026-03-19 00:40:05.648 154237 DEBUG oslo_service.service [req-ef02d006-91ff-45ef-a512-d3d2225549dc - - - - -] barbican.split_loggers = False log_opt_values /usr/lib/python3/dist-packages/oslo_config/cfg.py:2609
2026-03-19 00:40:05.648 154237 DEBUG oslo_service.service [req-ef02d006-91ff-45ef-a512-d3d2225549dc - - - - -] barbican.timeout = None log_opt_values /usr/lib/python3/dist-packages/oslo_config/cfg.py:2609
2026-03-19 00:40:05.649 154237 DEBUG oslo_service.service [req-ef02d006-91ff-45ef-a512-d3d2225549dc - - - - -] barbican.verify_ssl = True log_opt_values /usr/lib/python3/dist-packages/oslo_config/cfg.py:2609
2026-03-19 00:40:05.649 154237 DEBUG oslo_service.service [req-ef02d006-91ff-45ef-a512-d3d2225549dc - - - - -] barbican.verify_ssl_path = None log_opt_values /usr/lib/python3/dist-packages/oslo_config/cfg.py:2609
2026-03-19 00:40:05.649 154237 DEBUG oslo_service.service [req-ef02d006-91ff-45ef-a512-d3d2225549dc - - - - -] barbican_service_user.auth_section = None log_opt_values /usr/lib/python3/dist-packages/oslo_config/cfg.py:2609
2026-03-19 00:40:05.649 154237 DEBUG oslo_service.service [req-ef02d006-91ff-45ef-a512-d3d2225549dc - - - - -] barbican_service_user.auth_type = None log_opt_values /usr/lib/python3/dist-packages/oslo_config/cfg.py:2609
2026-03-19 00:40:05.649 154237 DEBUG oslo_service.service [req-ef02d006-91ff-45ef-a512-d3d2225549dc - - - - -] barbican_service_user.cafile = None log_opt_values /usr/lib/python3/dist-packages/oslo_config/cfg.py:2609
2026-03-19 00:40:05.649 154237 DEBUG oslo_service.service [req-ef02d006-91ff-45ef-a512-d3d2225549dc - - - - -] barbican_service_user.certfile = None log_opt_values /usr/lib/python3/dist-packages/oslo_config/cfg.py:2609
2026-03-19 00:40:05.650 154237 DEBUG oslo_service.service [req-ef02d006-91ff-45ef-a512-d3d2225549dc - - - - -] barbican_service_user.collect_timing = False log_opt_values /usr/lib/python3/dist-packages/oslo_config/cfg.py:2609
2026-03-19 00:40:05.650 154237 DEBUG oslo_service.service [req-ef02d006-91ff-45ef-a512-d3d2225549dc - - - - -] barbican_service_user.insecure = False log_opt_values /usr/lib/python3/dist-packages/oslo_config/cfg.py:2609
2026-03-19 00:40:05.650 154237 DEBUG oslo_service.service [req-ef02d006-91ff-45ef-a512-d3d2225549dc - - - - -] barbican_service_user.keyfile = None log_opt_values /usr/lib/python3/dist-packages/oslo_config/cfg.py:2609
2026-03-19 00:40:05.650 154634 DEBUG oslo_messaging._drivers.amqpdriver [-] Listener is running poll /usr/lib/python3/dist-packages/oslo_messaging/_drivers/amqpdriver.py:343
2026-03-19 00:40:05.650 154237 DEBUG oslo_service.service [req-ef02d006-91ff-45ef-a512-d3d2225549dc - - - - -] barbican_service_user.split_loggers = False log_opt_values /usr/lib/python3/dist-packages/oslo_config/cfg.py:2609
2026-03-19 00:40:05.650 154237 DEBUG oslo_service.service [req-ef02d006-91ff-45ef-a512-d3d2225549dc - - - - -] barbican_service_user.timeout = None log_opt_values /usr/lib/python3/dist-packages/oslo_config/cfg.py:2609
2026-03-19 00:40:05.650 154634 DEBUG oslo_messaging._drivers.amqpdriver [-] AMQPListener connection consume poll /usr/lib/python3/dist-packages/oslo_messaging/_drivers/amqpdriver.py:357
2026-03-19 00:40:05.651 154237 DEBUG oslo_service.service [req-ef02d006-91ff-45ef-a512-d3d2225549dc - - - - -] vault.approle_role_id = None log_opt_values /usr/lib/python3/dist-packages/oslo_config/cfg.py:2609
