2026-03-19 01:17:50.916 39304 DEBUG heat.engine.service [req-1a20c54e-98b6-4fb1-98e2-a968eb035c1b - - - - -] Service b1a7c52a-fa11-4015-8702-6ea360fcd987 is updated service_manage_report /usr/lib/python3/dist-packages/heat/engine/service.py:2370
2026-03-19 01:17:50.950 39305 DEBUG heat.engine.service [req-b485345d-b911-4c4e-b867-a2117788e59b - - - - -] Service 057a93b8-63eb-43a1-9f21-40abbf688c9d is updated service_manage_report /usr/lib/python3/dist-packages/heat/engine/service.py:2370
2026-03-19 01:17:50.972 39303 DEBUG heat.engine.service [req-b7e65b23-7e50-495c-9032-82a7f7a66f0f - - - - -] Service 983309fc-2a90-4a96-8439-4119163bc39c is updated service_manage_report /usr/lib/python3/dist-packages/heat/engine/service.py:2370
2026-03-19 01:18:50.855 39302 DEBUG heat.engine.service [req-abc74f74-4876-45e7-b9b0-cdcedd397cbe - - - - -] Service 8fd125cb-27f4-42ce-af6c-a43a910cb537 is updated service_manage_report /usr/lib/python3/dist-packages/heat/engine/service.py:2370
2026-03-19 01:18:50.923 39304 DEBUG heat.engine.service [req-95be4e93-40e7-4d86-8607-3a612d1eca0d - - - - -] Service b1a7c52a-fa11-4015-8702-6ea360fcd987 is updated service_manage_report /usr/lib/python3/dist-packages/heat/engine/service.py:2370
2026-03-19 01:18:50.954 39305 DEBUG heat.engine.service [req-477efa42-520e-40b1-81a4-3efbe5d34cc2 - - - - -] Service 057a93b8-63eb-43a1-9f21-40abbf688c9d is updated service_manage_report /usr/lib/python3/dist-packages/heat/engine/service.py:2370
2026-03-19 01:18:50.975 39303 DEBUG heat.engine.service [req-340a3325-89ee-43b0-8cad-f61233b54a07 - - - - -] Service 983309fc-2a90-4a96-8439-4119163bc39c is updated service_manage_report /usr/lib/python3/dist-packages/heat/engine/service.py:2370
2026-03-19 01:19:50.849 39302 DEBUG heat.engine.service [req-b37bd5e8-bd3b-4803-936e-25284316f364 - - - - -] Service 8fd125cb-27f4-42ce-af6c-a43a910cb537 is updated service_manage_report /usr/lib/python3/dist-packages/heat/engine/service.py:2370
2026-03-19 01:19:50.917 39304 DEBUG heat.engine.service [req-20a79f96-2b32-460d-bc7d-d54a5a039c52 - - - - -] Service b1a7c52a-fa11-4015-8702-6ea360fcd987 is updated service_manage_report /usr/lib/python3/dist-packages/heat/engine/service.py:2370
2026-03-19 01:19:50.960 39305 DEBUG heat.engine.service [req-16c510fa-e779-4c9a-9636-06579073cd97 - - - - -] Service 057a93b8-63eb-43a1-9f21-40abbf688c9d is updated service_manage_report /usr/lib/python3/dist-packages/heat/engine/service.py:2370
2026-03-19 01:19:50.979 39303 DEBUG heat.engine.service [req-e2ea2199-8f18-4e42-a9e4-6bc25f78f1e1 - - - - -] Service 983309fc-2a90-4a96-8439-4119163bc39c is updated service_manage_report /usr/lib/python3/dist-packages/heat/engine/service.py:2370
2026-03-19 01:20:50.853 39302 DEBUG heat.engine.service [req-be5530ca-a224-41ed-a603-d70499579f8c - - - - -] Service 8fd125cb-27f4-42ce-af6c-a43a910cb537 is updated service_manage_report /usr/lib/python3/dist-packages/heat/engine/service.py:2370
2026-03-19 01:20:50.920 39304 DEBUG heat.engine.service [req-9f7daa75-4614-49e4-b432-0432a86c20d1 - - - - -] Service b1a7c52a-fa11-4015-8702-6ea360fcd987 is updated service_manage_report /usr/lib/python3/dist-packages/heat/engine/service.py:2370
2026-03-19 01:20:50.965 39305 DEBUG heat.engine.service [req-7d3b97b0-8357-41fb-bdaf-f9d45aa3d2a0 - - - - -] Service 057a93b8-63eb-43a1-9f21-40abbf688c9d is updated service_manage_report /usr/lib/python3/dist-packages/heat/engine/service.py:2370
2026-03-19 01:20:50.983 39303 DEBUG heat.engine.service [req-172937e6-c789-45c4-b494-07e2f34ed939 - - - - -] Service 983309fc-2a90-4a96-8439-4119163bc39c is updated service_manage_report /usr/lib/python3/dist-packages/heat/engine/service.py:2370
2026-03-19 01:21:50.858 39302 DEBUG heat.engine.service [req-358bef24-9eba-49e7-8310-e55930f8d3e7 - - - - -] Service 8fd125cb-27f4-42ce-af6c-a43a910cb537 is updated service_manage_report /usr/lib/python3/dist-packages/heat/engine/service.py:2370
2026-03-19 01:21:50.924 39304 DEBUG heat.engine.service [req-6eda6ba4-5f46-424b-8fc6-8a32fea705cb - - - - -] Service b1a7c52a-fa11-4015-8702-6ea360fcd987 is updated service_manage_report /usr/lib/python3/dist-packages/heat/engine/service.py:2370
2026-03-19 01:21:50.969 39305 DEBUG heat.engine.service [req-54234fec-0d8a-47a0-bd26-82d0412a8bbc - - - - -] Service 057a93b8-63eb-43a1-9f21-40abbf688c9d is updated service_manage_report /usr/lib/python3/dist-packages/heat/engine/service.py:2370
2026-03-19 01:21:50.988 39303 DEBUG heat.engine.service [req-b1aac133-2c8e-436f-8732-020bec52aa66 - - - - -] Service 983309fc-2a90-4a96-8439-4119163bc39c is updated service_manage_report /usr/lib/python3/dist-packages/heat/engine/service.py:2370
2026-03-19 01:22:50.863 39302 DEBUG heat.engine.service [req-a9a21284-28ad-4170-ba7d-4e2cd054c0d0 - - - - -] Service 8fd125cb-27f4-42ce-af6c-a43a910cb537 is updated service_manage_report /usr/lib/python3/dist-packages/heat/engine/service.py:2370
2026-03-19 01:22:50.926 39304 DEBUG heat.engine.service [req-d0ab63ec-4e5d-4b76-ac40-ea272131d521 - - - - -] Service b1a7c52a-fa11-4015-8702-6ea360fcd987 is updated service_manage_report /usr/lib/python3/dist-packages/heat/engine/service.py:2370
2026-03-19 01:22:50.972 39305 DEBUG heat.engine.service [req-aafe4a3f-7c0d-4ddb-870d-f61b86c2c147 - - - - -] Service 057a93b8-63eb-43a1-9f21-40abbf688c9d is updated service_manage_report /usr/lib/python3/dist-packages/heat/engine/service.py:2370
2026-03-19 01:22:50.990 39303 DEBUG heat.engine.service [req-24ce205c-a01d-4fac-8e81-40c86a0540c9 - - - - -] Service 983309fc-2a90-4a96-8439-4119163bc39c is updated service_manage_report /usr/lib/python3/dist-packages/heat/engine/service.py:2370
2026-03-19 01:23:50.867 39302 DEBUG heat.engine.service [req-b0c3f538-c4e6-428c-9aea-7a76c666fa01 - - - - -] Service 8fd125cb-27f4-42ce-af6c-a43a910cb537 is updated service_manage_report /usr/lib/python3/dist-packages/heat/engine/service.py:2370
2026-03-19 01:23:50.929 39304 DEBUG heat.engine.service [req-45181695-92ef-47b8-83ae-3aae4251b3f3 - - - - -] Service b1a7c52a-fa11-4015-8702-6ea360fcd987 is updated service_manage_report /usr/lib/python3/dist-packages/heat/engine/service.py:2370
2026-03-19 01:23:50.978 39305 DEBUG heat.engine.service [req-27e185ae-2be8-4b17-b726-31869f7a9b03 - - - - -] Service 057a93b8-63eb-43a1-9f21-40abbf688c9d is updated service_manage_report /usr/lib/python3/dist-packages/heat/engine/service.py:2370
2026-03-19 01:23:50.994 39303 DEBUG heat.engine.service [req-90fda75e-931b-46ad-b114-9d1bebe3eba9 - - - - -] Service 983309fc-2a90-4a96-8439-4119163bc39c is updated service_manage_report /usr/lib/python3/dist-packages/heat/engine/service.py:2370
2026-03-19 01:24:50.871 39302 DEBUG heat.engine.service [req-9ca8f696-7586-4a1d-b36f-670efee10215 - - - - -] Service 8fd125cb-27f4-42ce-af6c-a43a910cb537 is updated service_manage_report /usr/lib/python3/dist-packages/heat/engine/service.py:2370
2026-03-19 01:24:50.931 39304 DEBUG heat.engine.service [req-6fdab640-5c58-4cd8-97b9-09c88c612163 - - - - -] Service b1a7c52a-fa11-4015-8702-6ea360fcd987 is updated service_manage_report /usr/lib/python3/dist-packages/heat/engine/service.py:2370
2026-03-19 01:24:50.972 39305 DEBUG heat.engine.service [req-b3e27e3c-ca40-4b3e-89d2-ecb0eab793c9 - - - - -] Service 057a93b8-63eb-43a1-9f21-40abbf688c9d is updated service_manage_report /usr/lib/python3/dist-packages/heat/engine/service.py:2370
2026-03-19 01:24:50.997 39303 DEBUG heat.engine.service [req-7f3857fa-262c-4178-80bd-b84e44edbc79 - - - - -] Service 983309fc-2a90-4a96-8439-4119163bc39c is updated service_manage_report /usr/lib/python3/dist-packages/heat/engine/service.py:2370
2026-03-19 01:25:50.877 39302 DEBUG heat.engine.service [req-3aa53c83-57a7-42c3-90da-b3d10a2e8c1e - - - - -] Service 8fd125cb-27f4-42ce-af6c-a43a910cb537 is updated service_manage_report /usr/lib/python3/dist-packages/heat/engine/service.py:2370
2026-03-19 01:25:50.934 39304 DEBUG heat.engine.service [req-f3c25740-361e-4bb6-b75b-484240d02df5 - - - - -] Service b1a7c52a-fa11-4015-8702-6ea360fcd987 is updated service_manage_report /usr/lib/python3/dist-packages/heat/engine/service.py:2370
2026-03-19 01:25:50.976 39305 DEBUG heat.engine.service [req-dd02a2a6-bf43-4efc-a2cc-54d09050e74f - - - - -] Service 057a93b8-63eb-43a1-9f21-40abbf688c9d is updated service_manage_report /usr/lib/python3/dist-packages/heat/engine/service.py:2370
2026-03-19 01:25:51.001 39303 DEBUG heat.engine.service [req-3c902e8a-da89-482a-ac6b-b63c40447b67 - - - - -] Service 983309fc-2a90-4a96-8439-4119163bc39c is updated service_manage_report /usr/lib/python3/dist-packages/heat/engine/service.py:2370
2026-03-19 01:26:50.872 39302 DEBUG heat.engine.service [req-cf7da9a5-6003-4508-936c-6c585139291e - - - - -] Service 8fd125cb-27f4-42ce-af6c-a43a910cb537 is updated service_manage_report /usr/lib/python3/dist-packages/heat/engine/service.py:2370
2026-03-19 01:26:50.936 39304 DEBUG heat.engine.service [req-f75a4d5e-2d13-42e5-8e9c-80f044c30491 - - - - -] Service b1a7c52a-fa11-4015-8702-6ea360fcd987 is updated service_manage_report /usr/lib/python3/dist-packages/heat/engine/service.py:2370
2026-03-19 01:26:50.981 39305 DEBUG heat.engine.service [req-349bf949-c566-4d80-a325-68f42a22ba4a - - - - -] Service 057a93b8-63eb-43a1-9f21-40abbf688c9d is updated service_manage_report /usr/lib/python3/dist-packages/heat/engine/service.py:2370
2026-03-19 01:26:51.004 39303 DEBUG heat.engine.service [req-9ac763eb-38a9-4410-80b6-da71ce170623 - - - - -] Service 983309fc-2a90-4a96-8439-4119163bc39c is updated service_manage_report /usr/lib/python3/dist-packages/heat/engine/service.py:2370
2026-03-19 01:27:50.881 39302 DEBUG heat.engine.service [req-44499eac-9e51-4fe2-b69c-0ab1a8b7e046 - - - - -] Service 8fd125cb-27f4-42ce-af6c-a43a910cb537 is updated service_manage_report /usr/lib/python3/dist-packages/heat/engine/service.py:2370
2026-03-19 01:27:50.942 39304 DEBUG heat.engine.service [req-571f622b-d208-4186-a133-99700fd711b2 - - - - -] Service b1a7c52a-fa11-4015-8702-6ea360fcd987 is updated service_manage_report /usr/lib/python3/dist-packages/heat/engine/service.py:2370
2026-03-19 01:27:50.988 39305 DEBUG heat.engine.service [req-72f62807-0e13-4abb-8796-3649eb08eac4 - - - - -] Service 057a93b8-63eb-43a1-9f21-40abbf688c9d is updated service_manage_report /usr/lib/python3/dist-packages/heat/engine/service.py:2370
2026-03-19 01:27:51.010 39303 DEBUG heat.engine.service [req-147a18aa-0628-4db0-b56e-10c8fd3a21ae - - - - -] Service 983309fc-2a90-4a96-8439-4119163bc39c is updated service_manage_report /usr/lib/python3/dist-packages/heat/engine/service.py:2370
2026-03-19 01:28:50.875 39302 DEBUG heat.engine.service [req-8a7d3282-a471-4e35-b160-635cc90f7040 - - - - -] Service 8fd125cb-27f4-42ce-af6c-a43a910cb537 is updated service_manage_report /usr/lib/python3/dist-packages/heat/engine/service.py:2370
2026-03-19 01:28:50.937 39304 DEBUG heat.engine.service [req-02bac5b5-eab0-4566-b260-640ab53dd0fe - - - - -] Service b1a7c52a-fa11-4015-8702-6ea360fcd987 is updated service_manage_report /usr/lib/python3/dist-packages/heat/engine/service.py:2370
2026-03-19 01:28:50.983 39305 DEBUG heat.engine.service [req-f9446132-f7a0-4481-bac2-849466f9ce9f - - - - -] Service 057a93b8-63eb-43a1-9f21-40abbf688c9d is updated service_manage_report /usr/lib/python3/dist-packages/heat/engine/service.py:2370
2026-03-19 01:28:51.005 39303 DEBUG heat.engine.service [req-db3520f1-0e7b-4c67-8635-e07533d20258 - - - - -] Service 983309fc-2a90-4a96-8439-4119163bc39c is updated service_manage_report /usr/lib/python3/dist-packages/heat/engine/service.py:2370
2026-03-19 01:29:50.879 39302 DEBUG heat.engine.service [req-0d6e796d-2abe-462d-8301-4274f761464f - - - - -] Service 8fd125cb-27f4-42ce-af6c-a43a910cb537 is updated service_manage_report /usr/lib/python3/dist-packages/heat/engine/service.py:2370
2026-03-19 01:29:50.941 39304 DEBUG heat.engine.service [req-f483126b-5f3e-4cd7-9a7f-ec19d2a44f50 - - - - -] Service b1a7c52a-fa11-4015-8702-6ea360fcd987 is updated service_manage_report /usr/lib/python3/dist-packages/heat/engine/service.py:2370
2026-03-19 01:29:50.988 39305 DEBUG heat.engine.service [req-2646cf7d-1987-4856-9921-54bbb7f9fc3a - - - - -] Service 057a93b8-63eb-43a1-9f21-40abbf688c9d is updated service_manage_report /usr/lib/python3/dist-packages/heat/engine/service.py:2370
2026-03-19 01:29:51.008 39303 DEBUG heat.engine.service [req-ef388f90-ca1f-4c14-bf88-f69a89d9b061 - - - - -] Service 983309fc-2a90-4a96-8439-4119163bc39c is updated service_manage_report /usr/lib/python3/dist-packages/heat/engine/service.py:2370
2026-03-19 01:30:50.883 39302 DEBUG heat.engine.service [req-7edb7525-68e8-422a-b951-37b6c3ce82b4 - - - - -] Service 8fd125cb-27f4-42ce-af6c-a43a910cb537 is updated service_manage_report /usr/lib/python3/dist-packages/heat/engine/service.py:2370
2026-03-19 01:30:50.948 39304 DEBUG heat.engine.service [req-1d6ae4d2-5ef3-430e-a067-063dfaffd2ea - - - - -] Service b1a7c52a-fa11-4015-8702-6ea360fcd987 is updated service_manage_report /usr/lib/python3/dist-packages/heat/engine/service.py:2370
2026-03-19 01:30:50.994 39305 DEBUG heat.engine.service [req-0cc33e90-2d87-4038-9860-5bb0f1ac157d - - - - -] Service 057a93b8-63eb-43a1-9f21-40abbf688c9d is updated service_manage_report /usr/lib/python3/dist-packages/heat/engine/service.py:2370
2026-03-19 01:30:51.012 39303 DEBUG heat.engine.service [req-68c7b229-585e-4312-a812-91aaf9538624 - - - - -] Service 983309fc-2a90-4a96-8439-4119163bc39c is updated service_manage_report /usr/lib/python3/dist-packages/heat/engine/service.py:2370
2026-03-19 01:31:50.889 39302 DEBUG heat.engine.service [req-35de9834-814c-4a4c-8d11-c3bbefd279ce - - - - -] Service 8fd125cb-27f4-42ce-af6c-a43a910cb537 is updated service_manage_report /usr/lib/python3/dist-packages/heat/engine/service.py:2370
2026-03-19 01:31:50.942 39304 DEBUG heat.engine.service [req-856eca0f-291d-475e-8972-ba2d978bfabc - - - - -] Service b1a7c52a-fa11-4015-8702-6ea360fcd987 is updated service_manage_report /usr/lib/python3/dist-packages/heat/engine/service.py:2370
2026-03-19 01:31:50.987 39305 DEBUG heat.engine.service [req-b78098ba-7192-4f34-a173-bf244222e188 - - - - -] Service 057a93b8-63eb-43a1-9f21-40abbf688c9d is updated service_manage_report /usr/lib/python3/dist-packages/heat/engine/service.py:2370
2026-03-19 01:31:51.017 39303 DEBUG heat.engine.service [req-f3730caa-ae77-40d9-afad-95688fdc9e6f - - - - -] Service 983309fc-2a90-4a96-8439-4119163bc39c is updated service_manage_report /usr/lib/python3/dist-packages/heat/engine/service.py:2370
2026-03-19 01:32:50.893 39302 DEBUG heat.engine.service [req-e66c8b69-697a-456a-98ca-cc4ca9aa1315 - - - - -] Service 8fd125cb-27f4-42ce-af6c-a43a910cb537 is updated service_manage_report /usr/lib/python3/dist-packages/heat/engine/service.py:2370
2026-03-19 01:32:50.987 39304 DEBUG heat.engine.service [req-df8c5262-ed1e-4df2-b05d-83f9cc49b3f9 - - - - -] Service b1a7c52a-fa11-4015-8702-6ea360fcd987 is updated service_manage_report /usr/lib/python3/dist-packages/heat/engine/service.py:2370
2026-03-19 01:32:50.995 39305 DEBUG heat.engine.service [req-9b7150cb-f6b5-49b0-8c27-9e12f81758b7 - - - - -] Service 057a93b8-63eb-43a1-9f21-40abbf688c9d is updated service_manage_report /usr/lib/python3/dist-packages/heat/engine/service.py:2370
2026-03-19 01:32:51.020 39303 DEBUG heat.engine.service [req-95bca20f-1c47-4fb3-a51d-28dafa6d5fdf - - - - -] Service 983309fc-2a90-4a96-8439-4119163bc39c is updated service_manage_report /usr/lib/python3/dist-packages/heat/engine/service.py:2370
2026-03-19 01:33:50.897 39302 DEBUG heat.engine.service [req-39ae1f5c-31e5-44ba-9677-c07818eb6da2 - - - - -] Service 8fd125cb-27f4-42ce-af6c-a43a910cb537 is updated service_manage_report /usr/lib/python3/dist-packages/heat/engine/service.py:2370
2026-03-19 01:33:50.956 39304 DEBUG heat.engine.service [req-ca7b4f59-8700-4762-80b5-30ea506df6a2 - - - - -] Service b1a7c52a-fa11-4015-8702-6ea360fcd987 is updated service_manage_report /usr/lib/python3/dist-packages/heat/engine/service.py:2370
2026-03-19 01:33:50.989 39305 DEBUG heat.engine.service [req-6be56c19-01ad-420c-b427-724e433059e6 - - - - -] Service 057a93b8-63eb-43a1-9f21-40abbf688c9d is updated service_manage_report /usr/lib/python3/dist-packages/heat/engine/service.py:2370
2026-03-19 01:33:51.024 39303 DEBUG heat.engine.service [req-d2653c48-796b-4cd4-a6f9-cecc8b946c02 - - - - -] Service 983309fc-2a90-4a96-8439-4119163bc39c is updated service_manage_report /usr/lib/python3/dist-packages/heat/engine/service.py:2370
2026-03-19 01:34:50.901 39302 DEBUG heat.engine.service [req-8e0da62a-778a-41c3-a224-8cfcff126a27 - - - - -] Service 8fd125cb-27f4-42ce-af6c-a43a910cb537 is updated service_manage_report /usr/lib/python3/dist-packages/heat/engine/service.py:2370
2026-03-19 01:34:50.949 39304 DEBUG heat.engine.service [req-5f491509-2a3b-4b3b-9c98-6ef3a8314333 - - - - -] Service b1a7c52a-fa11-4015-8702-6ea360fcd987 is updated service_manage_report /usr/lib/python3/dist-packages/heat/engine/service.py:2370
2026-03-19 01:34:50.992 39305 DEBUG heat.engine.service [req-b999868a-c21a-42e2-ab96-0a86c64446eb - - - - -] Service 057a93b8-63eb-43a1-9f21-40abbf688c9d is updated service_manage_report /usr/lib/python3/dist-packages/heat/engine/service.py:2370
2026-03-19 01:34:51.030 39303 DEBUG heat.engine.service [req-28e75dba-621b-46d7-be62-9f98011452f4 - - - - -] Service 983309fc-2a90-4a96-8439-4119163bc39c is updated service_manage_report /usr/lib/python3/dist-packages/heat/engine/service.py:2370
2026-03-19 01:35:50.920 39302 DEBUG heat.engine.service [req-5fc8941f-1a3c-4ba8-9d27-87d89e7683dc - - - - -] Service 8fd125cb-27f4-42ce-af6c-a43a910cb537 is updated service_manage_report /usr/lib/python3/dist-packages/heat/engine/service.py:2370
2026-03-19 01:35:50.952 39304 DEBUG heat.engine.service [req-cb0ee64e-2db0-4477-94a1-df3dc73af638 - - - - -] Service b1a7c52a-fa11-4015-8702-6ea360fcd987 is updated service_manage_report /usr/lib/python3/dist-packages/heat/engine/service.py:2370
2026-03-19 01:35:50.995 39305 DEBUG heat.engine.service [req-9fdd5643-17c7-4dc9-b59c-64998129fc5b - - - - -] Service 057a93b8-63eb-43a1-9f21-40abbf688c9d is updated service_manage_report /usr/lib/python3/dist-packages/heat/engine/service.py:2370
2026-03-19 01:35:51.037 39303 DEBUG heat.engine.service [req-55fb35ca-70e4-4ae7-b7a9-abcc0c70acf7 - - - - -] Service 983309fc-2a90-4a96-8439-4119163bc39c is updated service_manage_report /usr/lib/python3/dist-packages/heat/engine/service.py:2370
2026-03-19 01:36:50.928 39302 DEBUG heat.engine.service [req-9d7da225-529e-4e31-a5c2-d8270cbcf4f6 - - - - -] Service 8fd125cb-27f4-42ce-af6c-a43a910cb537 is updated service_manage_report /usr/lib/python3/dist-packages/heat/engine/service.py:2370
2026-03-19 01:36:50.974 39304 DEBUG heat.engine.service [req-41e3675b-a8b1-42c5-ab5b-ccd11ad37b10 - - - - -] Service b1a7c52a-fa11-4015-8702-6ea360fcd987 is updated service_manage_report /usr/lib/python3/dist-packages/heat/engine/service.py:2370
2026-03-19 01:36:51.017 39305 DEBUG heat.engine.service [req-b60f4dce-9bb8-4603-9978-59b69a7b3262 - - - - -] Service 057a93b8-63eb-43a1-9f21-40abbf688c9d is updated service_manage_report /usr/lib/python3/dist-packages/heat/engine/service.py:2370
2026-03-19 01:36:51.037 39303 DEBUG heat.engine.service [req-6d3e7527-694a-40f7-ba5e-2b127f014a53 - - - - -] Service 983309fc-2a90-4a96-8439-4119163bc39c is updated service_manage_report /usr/lib/python3/dist-packages/heat/engine/service.py:2370
2026-03-19 01:37:50.905 39302 DEBUG heat.engine.service [req-8d322146-720f-4f32-8544-ff78fe96d117 - - - - -] Service 8fd125cb-27f4-42ce-af6c-a43a910cb537 is updated service_manage_report /usr/lib/python3/dist-packages/heat/engine/service.py:2370
2026-03-19 01:37:50.958 39304 DEBUG heat.engine.service [req-5dd5ac4e-61b8-47c7-93cc-3a3041492033 - - - - -] Service b1a7c52a-fa11-4015-8702-6ea360fcd987 is updated service_manage_report /usr/lib/python3/dist-packages/heat/engine/service.py:2370
2026-03-19 01:37:51.003 39305 DEBUG heat.engine.service [req-bf39c665-f832-4922-9265-389a5aff9635 - - - - -] Service 057a93b8-63eb-43a1-9f21-40abbf688c9d is updated service_manage_report /usr/lib/python3/dist-packages/heat/engine/service.py:2370
2026-03-19 01:37:51.031 39303 DEBUG heat.engine.service [req-199690f9-3a3a-4baa-9416-dc2d1627869c - - - - -] Service 983309fc-2a90-4a96-8439-4119163bc39c is updated service_manage_report /usr/lib/python3/dist-packages/heat/engine/service.py:2370
2026-03-19 01:38:50.900 39302 DEBUG heat.engine.service [req-352e72e3-3cca-4727-a939-5140a2579613 - - - - -] Service 8fd125cb-27f4-42ce-af6c-a43a910cb537 is updated service_manage_report /usr/lib/python3/dist-packages/heat/engine/service.py:2370
2026-03-19 01:38:50.966 39304 DEBUG heat.engine.service [req-cb68df36-f359-4002-9741-a2ca7a9d623f - - - - -] Service b1a7c52a-fa11-4015-8702-6ea360fcd987 is updated service_manage_report /usr/lib/python3/dist-packages/heat/engine/service.py:2370
2026-03-19 01:38:50.997 39305 DEBUG heat.engine.service [req-e8b550c0-ce3d-4507-ab12-f7f2c6052183 - - - - -] Service 057a93b8-63eb-43a1-9f21-40abbf688c9d is updated service_manage_report /usr/lib/python3/dist-packages/heat/engine/service.py:2370
2026-03-19 01:38:51.035 39303 DEBUG heat.engine.service [req-d730d829-cc16-4cf3-8392-a0e47a4dc788 - - - - -] Service 983309fc-2a90-4a96-8439-4119163bc39c is updated service_manage_report /usr/lib/python3/dist-packages/heat/engine/service.py:2370
2026-03-19 01:39:50.905 39302 DEBUG heat.engine.service [req-cc83ee5b-82c2-4b13-b3b2-51e541e4c8ee - - - - -] Service 8fd125cb-27f4-42ce-af6c-a43a910cb537 is updated service_manage_report /usr/lib/python3/dist-packages/heat/engine/service.py:2370
2026-03-19 01:39:50.964 39304 DEBUG heat.engine.service [req-c7fd45da-a73d-47a2-a87b-e72750d920bc - - - - -] Service b1a7c52a-fa11-4015-8702-6ea360fcd987 is updated service_manage_report /usr/lib/python3/dist-packages/heat/engine/service.py:2370
2026-03-19 01:39:51.002 39305 DEBUG heat.engine.service [req-7d24fe8d-13b6-4391-97ff-6deb0515a62e - - - - -] Service 057a93b8-63eb-43a1-9f21-40abbf688c9d is updated service_manage_report /usr/lib/python3/dist-packages/heat/engine/service.py:2370
2026-03-19 01:39:51.039 39303 DEBUG heat.engine.service [req-8a05b6c2-02ab-426a-990a-4df32ac7eece - - - - -] Service 983309fc-2a90-4a96-8439-4119163bc39c is updated service_manage_report /usr/lib/python3/dist-packages/heat/engine/service.py:2370
2026-03-19 01:40:50.909 39302 DEBUG heat.engine.service [req-da7cf1b6-25b3-44c7-b9d8-1976e7e17cca - - - - -] Service 8fd125cb-27f4-42ce-af6c-a43a910cb537 is updated service_manage_report /usr/lib/python3/dist-packages/heat/engine/service.py:2370
2026-03-19 01:40:50.963 39304 DEBUG heat.engine.service [req-73ad2344-08b3-4002-96e4-3f700afe50c4 - - - - -] Service b1a7c52a-fa11-4015-8702-6ea360fcd987 is updated service_manage_report /usr/lib/python3/dist-packages/heat/engine/service.py:2370
2026-03-19 01:40:50.998 39305 DEBUG heat.engine.service [req-cf5ae23f-6b43-4a1b-ae2a-1a830bbe485c - - - - -] Service 057a93b8-63eb-43a1-9f21-40abbf688c9d is updated service_manage_report /usr/lib/python3/dist-packages/heat/engine/service.py:2370
2026-03-19 01:40:51.044 39303 DEBUG heat.engine.service [req-0b137d03-31bc-4a2b-b7c8-64561a018427 - - - - -] Service 983309fc-2a90-4a96-8439-4119163bc39c is updated service_manage_report /usr/lib/python3/dist-packages/heat/engine/service.py:2370
2026-03-19 01:41:50.917 39302 DEBUG heat.engine.service [req-6fef5554-7897-4804-a562-c913b2c7ccfe - - - - -] Service 8fd125cb-27f4-42ce-af6c-a43a910cb537 is updated service_manage_report /usr/lib/python3/dist-packages/heat/engine/service.py:2370
2026-03-19 01:41:50.960 39304 DEBUG heat.engine.service [req-8548db7f-e9f9-4ddb-9ae6-c4a235d0ee71 - - - - -] Service b1a7c52a-fa11-4015-8702-6ea360fcd987 is updated service_manage_report /usr/lib/python3/dist-packages/heat/engine/service.py:2370
2026-03-19 01:41:51.002 39305 DEBUG heat.engine.service [req-b698b403-cbbe-4d65-8cb6-54a3db069a7b - - - - -] Service 057a93b8-63eb-43a1-9f21-40abbf688c9d is updated service_manage_report /usr/lib/python3/dist-packages/heat/engine/service.py:2370
2026-03-19 01:41:51.047 39303 DEBUG heat.engine.service [req-119341b2-a02a-46b3-8992-f4c4c8be5adc - - - - -] Service 983309fc-2a90-4a96-8439-4119163bc39c is updated service_manage_report /usr/lib/python3/dist-packages/heat/engine/service.py:2370
2026-03-19 01:42:50.911 39302 DEBUG heat.engine.service [req-28ca1568-fd4b-4721-8b73-38f6b1443b0e - - - - -] Service 8fd125cb-27f4-42ce-af6c-a43a910cb537 is updated service_manage_report /usr/lib/python3/dist-packages/heat/engine/service.py:2370
2026-03-19 01:42:50.957 39304 DEBUG heat.engine.service [req-4375d9eb-2057-4b31-9cde-50e1c3d1e937 - - - - -] Service b1a7c52a-fa11-4015-8702-6ea360fcd987 is updated service_manage_report /usr/lib/python3/dist-packages/heat/engine/service.py:2370
2026-03-19 01:42:51.010 39305 DEBUG heat.engine.service [req-84f76691-82b3-4ac3-9cc2-bfd571402958 - - - - -] Service 057a93b8-63eb-43a1-9f21-40abbf688c9d is updated service_manage_report /usr/lib/python3/dist-packages/heat/engine/service.py:2370
2026-03-19 01:42:51.052 39303 DEBUG heat.engine.service [req-dae2e8c6-34c8-47fb-9f97-fd872df3ac53 - - - - -] Service 983309fc-2a90-4a96-8439-4119163bc39c is updated service_manage_report /usr/lib/python3/dist-packages/heat/engine/service.py:2370
2026-03-19 01:43:50.916 39302 DEBUG heat.engine.service [req-d7f94943-eac3-4ced-89fd-afc28dfe12cb - - - - -] Service 8fd125cb-27f4-42ce-af6c-a43a910cb537 is updated service_manage_report /usr/lib/python3/dist-packages/heat/engine/service.py:2370
2026-03-19 01:43:50.952 39304 DEBUG heat.engine.service [req-ecaaa59d-3211-4d05-be78-16fbc56af432 - - - - -] Service b1a7c52a-fa11-4015-8702-6ea360fcd987 is updated service_manage_report /usr/lib/python3/dist-packages/heat/engine/service.py:2370
2026-03-19 01:43:51.005 39305 DEBUG heat.engine.service [req-480497ff-aa44-447b-b32e-611f7cb18e2e - - - - -] Service 057a93b8-63eb-43a1-9f21-40abbf688c9d is updated service_manage_report /usr/lib/python3/dist-packages/heat/engine/service.py:2370
2026-03-19 01:43:51.056 39303 DEBUG heat.engine.service [req-0be1c104-7022-4c52-b4af-1df24cc2f8dd - - - - -] Service 983309fc-2a90-4a96-8439-4119163bc39c is updated service_manage_report /usr/lib/python3/dist-packages/heat/engine/service.py:2370
2026-03-19 01:44:50.920 39302 DEBUG heat.engine.service [req-2fc6e897-e6eb-4f79-a498-b07024bc5d90 - - - - -] Service 8fd125cb-27f4-42ce-af6c-a43a910cb537 is updated service_manage_report /usr/lib/python3/dist-packages/heat/engine/service.py:2370
2026-03-19 01:44:50.955 39304 DEBUG heat.engine.service [req-562a6c22-b8a6-4213-857b-f3919fd7786c - - - - -] Service b1a7c52a-fa11-4015-8702-6ea360fcd987 is updated service_manage_report /usr/lib/python3/dist-packages/heat/engine/service.py:2370
2026-03-19 01:44:51.011 39305 DEBUG heat.engine.service [req-34f47552-f44e-4caf-83a6-4ac1d94a1491 - - - - -] Service 057a93b8-63eb-43a1-9f21-40abbf688c9d is updated service_manage_report /usr/lib/python3/dist-packages/heat/engine/service.py:2370
2026-03-19 01:44:51.059 39303 DEBUG heat.engine.service [req-7a9a00c2-a9d5-4e7f-8916-6bef4bc17436 - - - - -] Service 983309fc-2a90-4a96-8439-4119163bc39c is updated service_manage_report /usr/lib/python3/dist-packages/heat/engine/service.py:2370
2026-03-19 01:45:50.926 39302 DEBUG heat.engine.service [req-86d36111-6358-4a59-ac47-f87faf26af2c - - - - -] Service 8fd125cb-27f4-42ce-af6c-a43a910cb537 is updated service_manage_report /usr/lib/python3/dist-packages/heat/engine/service.py:2370
2026-03-19 01:45:50.958 39304 DEBUG heat.engine.service [req-4bd02f63-19dd-4262-8cbb-1005b08140d9 - - - - -] Service b1a7c52a-fa11-4015-8702-6ea360fcd987 is updated service_manage_report /usr/lib/python3/dist-packages/heat/engine/service.py:2370
2026-03-19 01:45:51.006 39305 DEBUG heat.engine.service [req-d0332a01-0141-4839-a4da-a00e35c6b4bd - - - - -] Service 057a93b8-63eb-43a1-9f21-40abbf688c9d is updated service_manage_report /usr/lib/python3/dist-packages/heat/engine/service.py:2370
2026-03-19 01:45:51.063 39303 DEBUG heat.engine.service [req-ddfa2a42-ca10-4caf-a305-f4d96ed25807 - - - - -] Service 983309fc-2a90-4a96-8439-4119163bc39c is updated service_manage_report /usr/lib/python3/dist-packages/heat/engine/service.py:2370
2026-03-19 01:46:50.922 39302 DEBUG heat.engine.service [req-c77b0601-6a63-4761-9533-cba787b78f62 - - - - -] Service 8fd125cb-27f4-42ce-af6c-a43a910cb537 is updated service_manage_report /usr/lib/python3/dist-packages/heat/engine/service.py:2370
2026-03-19 01:46:50.963 39304 DEBUG heat.engine.service [req-26e2962d-6e7e-41b5-872e-70688aea0808 - - - - -] Service b1a7c52a-fa11-4015-8702-6ea360fcd987 is updated service_manage_report /usr/lib/python3/dist-packages/heat/engine/service.py:2370
2026-03-19 01:46:51.011 39305 DEBUG heat.engine.service [req-1bc6d955-9d1e-4b20-8d80-b8d0b56ba877 - - - - -] Service 057a93b8-63eb-43a1-9f21-40abbf688c9d is updated service_manage_report /usr/lib/python3/dist-packages/heat/engine/service.py:2370
2026-03-19 01:46:51.068 39303 DEBUG heat.engine.service [req-2196f9c3-71f5-4e49-a815-fbd985e1dfcc - - - - -] Service 983309fc-2a90-4a96-8439-4119163bc39c is updated service_manage_report /usr/lib/python3/dist-packages/heat/engine/service.py:2370
2026-03-19 01:47:50.916 39302 DEBUG heat.engine.service [req-94573e59-5d44-4285-8c63-7fbd605abc15 - - - - -] Service 8fd125cb-27f4-42ce-af6c-a43a910cb537 is updated service_manage_report /usr/lib/python3/dist-packages/heat/engine/service.py:2370
2026-03-19 01:47:50.969 39304 DEBUG heat.engine.service [req-ec933cce-7e5c-44ab-b922-e0f456897d04 - - - - -] Service b1a7c52a-fa11-4015-8702-6ea360fcd987 is updated service_manage_report /usr/lib/python3/dist-packages/heat/engine/service.py:2370
2026-03-19 01:47:51.018 39305 DEBUG heat.engine.service [req-6f516fae-e7c4-42bd-9541-27ca5207168a - - - - -] Service 057a93b8-63eb-43a1-9f21-40abbf688c9d is updated service_manage_report /usr/lib/python3/dist-packages/heat/engine/service.py:2370
2026-03-19 01:47:51.073 39303 DEBUG heat.engine.service [req-151ab1b3-b0ab-46c2-889d-63493b74dd24 - - - - -] Service 983309fc-2a90-4a96-8439-4119163bc39c is updated service_manage_report /usr/lib/python3/dist-packages/heat/engine/service.py:2370
2026-03-19 01:48:50.926 39302 DEBUG heat.engine.service [req-48aecd21-66a6-455f-88cd-fdd85dc196f6 - - - - -] Service 8fd125cb-27f4-42ce-af6c-a43a910cb537 is updated service_manage_report /usr/lib/python3/dist-packages/heat/engine/service.py:2370
2026-03-19 01:48:50.963 39304 DEBUG heat.engine.service [req-dd08a1e2-6944-474a-8224-b982304b2956 - - - - -] Service b1a7c52a-fa11-4015-8702-6ea360fcd987 is updated service_manage_report /usr/lib/python3/dist-packages/heat/engine/service.py:2370
2026-03-19 01:48:51.013 39305 DEBUG heat.engine.service [req-e0e00665-9820-4e8c-aece-8303cc47dab3 - - - - -] Service 057a93b8-63eb-43a1-9f21-40abbf688c9d is updated service_manage_report /usr/lib/python3/dist-packages/heat/engine/service.py:2370
2026-03-19 01:48:51.076 39303 DEBUG heat.engine.service [req-799f473d-d09a-4fb5-afa7-04cfc307ebbc - - - - -] Service 983309fc-2a90-4a96-8439-4119163bc39c is updated service_manage_report /usr/lib/python3/dist-packages/heat/engine/service.py:2370
2026-03-19 01:49:50.919 39302 DEBUG heat.engine.service [req-04d46970-7748-44fb-8d89-f5d205d64f52 - - - - -] Service 8fd125cb-27f4-42ce-af6c-a43a910cb537 is updated service_manage_report /usr/lib/python3/dist-packages/heat/engine/service.py:2370
2026-03-19 01:49:50.967 39304 DEBUG heat.engine.service [req-07f66103-f1fb-4e88-a688-21ca869cd4a1 - - - - -] Service b1a7c52a-fa11-4015-8702-6ea360fcd987 is updated service_manage_report /usr/lib/python3/dist-packages/heat/engine/service.py:2370
2026-03-19 01:49:51.016 39305 DEBUG heat.engine.service [req-21ac5570-5188-421f-83e6-7d2958194a4d - - - - -] Service 057a93b8-63eb-43a1-9f21-40abbf688c9d is updated service_manage_report /usr/lib/python3/dist-packages/heat/engine/service.py:2370
2026-03-19 01:49:51.080 39303 DEBUG heat.engine.service [req-c90d5f46-7a23-4e2b-8617-b3719377a338 - - - - -] Service 983309fc-2a90-4a96-8439-4119163bc39c is updated service_manage_report /usr/lib/python3/dist-packages/heat/engine/service.py:2370
2026-03-19 01:50:50.925 39302 DEBUG heat.engine.service [req-0dfbd6d7-e0cf-44b1-b0db-38951da51ac4 - - - - -] Service 8fd125cb-27f4-42ce-af6c-a43a910cb537 is updated service_manage_report /usr/lib/python3/dist-packages/heat/engine/service.py:2370
2026-03-19 01:50:50.971 39304 DEBUG heat.engine.service [req-cebcedf4-a60b-477a-86a5-bc907b2110dc - - - - -] Service b1a7c52a-fa11-4015-8702-6ea360fcd987 is updated service_manage_report /usr/lib/python3/dist-packages/heat/engine/service.py:2370
2026-03-19 01:50:51.019 39305 DEBUG heat.engine.service [req-1fdec059-e106-4154-98ab-3bca755795c5 - - - - -] Service 057a93b8-63eb-43a1-9f21-40abbf688c9d is updated service_manage_report /usr/lib/python3/dist-packages/heat/engine/service.py:2370
2026-03-19 01:50:51.085 39303 DEBUG heat.engine.service [req-47dd9715-7b0b-47e7-8ad4-196512e57fdb - - - - -] Service 983309fc-2a90-4a96-8439-4119163bc39c is updated service_manage_report /usr/lib/python3/dist-packages/heat/engine/service.py:2370
2026-03-19 01:51:50.921 39302 DEBUG heat.engine.service [req-62d14d2e-0db5-4eea-8825-97a84bf3d0d4 - - - - -] Service 8fd125cb-27f4-42ce-af6c-a43a910cb537 is updated service_manage_report /usr/lib/python3/dist-packages/heat/engine/service.py:2370
2026-03-19 01:51:50.976 39304 DEBUG heat.engine.service [req-74e0ce30-b8b3-4548-b44a-42cc31df81bb - - - - -] Service b1a7c52a-fa11-4015-8702-6ea360fcd987 is updated service_manage_report /usr/lib/python3/dist-packages/heat/engine/service.py:2370
2026-03-19 01:51:51.024 39305 DEBUG heat.engine.service [req-67fa9633-3b2c-490f-9310-a33fcf7433f0 - - - - -] Service 057a93b8-63eb-43a1-9f21-40abbf688c9d is updated service_manage_report /usr/lib/python3/dist-packages/heat/engine/service.py:2370
2026-03-19 01:51:51.090 39303 DEBUG heat.engine.service [req-a9f5b7a7-6b58-4969-91f1-7af33738c963 - - - - -] Service 983309fc-2a90-4a96-8439-4119163bc39c is updated service_manage_report /usr/lib/python3/dist-packages/heat/engine/service.py:2370
2026-03-19 01:52:50.943 39302 DEBUG heat.engine.service [req-63306ee0-1598-4f28-9cc5-840432ed0993 - - - - -] Service 8fd125cb-27f4-42ce-af6c-a43a910cb537 is updated service_manage_report /usr/lib/python3/dist-packages/heat/engine/service.py:2370
2026-03-19 01:52:50.974 39304 DEBUG heat.engine.service [req-fc5bfa69-5310-4629-9254-668a7a321274 - - - - -] Service b1a7c52a-fa11-4015-8702-6ea360fcd987 is updated service_manage_report /usr/lib/python3/dist-packages/heat/engine/service.py:2370
2026-03-19 01:52:51.029 39305 DEBUG heat.engine.service [req-3e76af2f-4274-4b0f-9df5-8136e4bcfc6e - - - - -] Service 057a93b8-63eb-43a1-9f21-40abbf688c9d is updated service_manage_report /usr/lib/python3/dist-packages/heat/engine/service.py:2370
2026-03-19 01:52:51.094 39303 DEBUG heat.engine.service [req-46877b21-5349-4aef-9274-ec225378c679 - - - - -] Service 983309fc-2a90-4a96-8439-4119163bc39c is updated service_manage_report /usr/lib/python3/dist-packages/heat/engine/service.py:2370
2026-03-19 01:53:25.480 39302 DEBUG heat.engine.service [-] Attempting to stop engine service... _stop_rpc_server /usr/lib/python3/dist-packages/heat/engine/service.py:437
2026-03-19 01:53:25.481 39303 DEBUG heat.engine.service [-] Attempting to stop engine service... _stop_rpc_server /usr/lib/python3/dist-packages/heat/engine/service.py:437
2026-03-19 01:53:25.481 39304 DEBUG heat.engine.service [-] Attempting to stop engine service... _stop_rpc_server /usr/lib/python3/dist-packages/heat/engine/service.py:437
2026-03-19 01:53:25.481 39305 DEBUG heat.engine.service [-] Attempting to stop engine service... _stop_rpc_server /usr/lib/python3/dist-packages/heat/engine/service.py:437
2026-03-19 01:53:25.487 39090 INFO oslo_service.service [-] Caught SIGTERM, stopping children
2026-03-19 01:53:25.488 39090 DEBUG oslo_concurrency.lockutils [-] Acquired lock "singleton_lock" lock /usr/lib/python3/dist-packages/oslo_concurrency/lockutils.py:294
2026-03-19 01:53:25.488 39090 DEBUG oslo_concurrency.lockutils [-] Releasing lock "singleton_lock" lock /usr/lib/python3/dist-packages/oslo_concurrency/lockutils.py:312
2026-03-19 01:53:25.488 39090 DEBUG oslo_service.service [-] Stop services. stop /usr/lib/python3/dist-packages/oslo_service/service.py:695
2026-03-19 01:53:25.488 39090 INFO heat.engine.service [-] All threads were gone, terminating engine
2026-03-19 01:53:25.488 39090 DEBUG oslo_service.service [-] Killing children. stop /usr/lib/python3/dist-packages/oslo_service/service.py:700
2026-03-19 01:53:25.495 39090 INFO oslo_service.service [-] Waiting on 4 children to exit
2026-03-19 01:53:25.495 39090 INFO oslo_service.service [-] Child 39302 killed by signal 15
2026-03-19 01:53:25.496 39090 INFO oslo_service.service [-] Child 39303 killed by signal 15
2026-03-19 01:53:25.502 39090 INFO oslo_service.service [-] Child 39305 killed by signal 15
2026-03-19 01:53:25.504 39090 INFO oslo_service.service [-] Child 39304 killed by signal 15
2026-03-19 01:53:27.759 66510 DEBUG oslo_concurrency.lockutils [-] Lock "context-manager" acquired by "neutron_lib.db.api._create_context_manager" :: waited 0.000s inner /usr/lib/python3/dist-packages/oslo_concurrency/lockutils.py:386
2026-03-19 01:53:27.759 66510 DEBUG oslo_concurrency.lockutils [-] Lock "context-manager" "released" by "neutron_lib.db.api._create_context_manager" :: held 0.001s inner /usr/lib/python3/dist-packages/oslo_concurrency/lockutils.py:400
2026-03-19 01:53:28.039 66510 WARNING heat.engine.environment [-] OS::Aodh::Alarm is DEPRECATED. Theshold alarm relies on ceilometer-api and has been deprecated in aodh since Ocata. Use OS::Aodh::GnocchiAggregationByResourcesAlarm instead.
2026-03-19 01:53:28.039 66510 WARNING heat.engine.environment [-] OS::Aodh::CombinationAlarm is HIDDEN. OS::Aodh::CombinationAlarm is deprecated and has been removed from Aodh, use OS::Aodh::CompositeAlarm instead.
2026-03-19 01:53:28.040 66510 WARNING heat.engine.environment [-] OS::Designate::Domain is HIDDEN. This resource has been removed, use OS::Designate::Zone instead.
2026-03-19 01:53:28.040 66510 WARNING heat.engine.environment [-] OS::Designate::Record is HIDDEN. This resource has been removed, use OS::Designate::RecordSet instead.
2026-03-19 01:53:28.040 66510 WARNING heat.engine.environment [-] OS::Glance::Image is DEPRECATED. Creating a Glance Image based on an existing URL location requires the Glance v1 API, which is deprecated.
2026-03-19 01:53:28.040 66510 WARNING heat.engine.environment [-] OS::Heat::HARestarter is HIDDEN. The HARestarter resource type has been removed. Existing stacks containing HARestarter resources can still be used, but the HARestarter resource will be a placeholder that does nothing.
2026-03-19 01:53:28.041 66510 WARNING heat.engine.environment [-] OS::Heat::SoftwareDeployments is HIDDEN. Please use OS::Heat::SoftwareDeploymentGroup instead.
2026-03-19 01:53:28.041 66510 WARNING heat.engine.environment [-] OS::Heat::StructuredDeployments is HIDDEN. Please use OS::Heat::StructuredDeploymentGroup instead.
2026-03-19 01:53:28.041 66510 WARNING heat.engine.environment [-] OS::Magnum::Bay is HIDDEN. Please use OS::Magnum::Cluster instead.
2026-03-19 01:53:28.041 66510 WARNING heat.engine.environment [-] OS::Magnum::BayModel is HIDDEN. Please use OS::Magnum::ClusterTemplate instead.
2026-03-19 01:53:28.041 66510 WARNING heat.engine.environment [-] OS::Neutron::ExtraRoute is UNSUPPORTED. Use this resource at your own risk.
2026-03-19 01:53:28.042 66510 WARNING heat.engine.environment [-] OS::Neutron::HealthMonitor is HIDDEN. Use LBaaS V2 instead.
2026-03-19 01:53:28.042 66510 WARNING heat.engine.environment [-] OS::Neutron::Pool is HIDDEN. Use LBaaS V2 instead.
2026-03-19 01:53:28.042 66510 WARNING heat.engine.environment [-] OS::Neutron::PoolMember is HIDDEN. Use LBaaS V2 instead.
2026-03-19 01:53:28.042 66510 WARNING heat.engine.environment [-] OS::Neutron::LoadBalancer is HIDDEN. Use LBaaS V2 instead.
2026-03-19 01:53:28.042 66510 WARNING heat.engine.environment [-] OS::Neutron::RouterGateway is HIDDEN. Use the `external_gateway_info` property in the router resource to set up the gateway.
2026-03-19 01:53:28.043 66510 WARNING heat.engine.environment [-] OS::Nova::FloatingIP is HIDDEN. Please use OS::Neutron::FloatingIP instead.
2026-03-19 01:53:28.043 66510 WARNING heat.engine.environment [-] OS::Nova::FloatingIPAssociation is HIDDEN. Please use OS::Neutron::FloatingIPAssociation instead.
2026-03-19 01:53:28.044 66510 INFO heat.engine.environment [-] Loading /etc/heat/environment.d/default.yaml
2026-03-19 01:53:28.045 66510 INFO heat.engine.environment [-] Registered: [Plugin](User:False) AWS::AutoScaling::AutoScalingGroup ->
2026-03-19 01:53:28.045 66510 INFO heat.engine.environment [-] Registered: [Plugin](User:False) AWS::AutoScaling::LaunchConfiguration ->
2026-03-19 01:53:28.045 66510 INFO heat.engine.environment [-] Registered: [Plugin](User:False) AWS::AutoScaling::ScalingPolicy ->
2026-03-19 01:53:28.045 66510 INFO heat.engine.environment [-] Registered: [Plugin](User:False) AWS::CloudFormation::Stack ->
2026-03-19 01:53:28.045 66510 INFO heat.engine.environment [-] Registered: [Plugin](User:False) AWS::CloudFormation::WaitCondition ->
2026-03-19 01:53:28.045 66510 INFO heat.engine.environment [-] Registered: [Plugin](User:False) AWS::CloudFormation::WaitConditionHandle ->
2026-03-19 01:53:28.046 66510 INFO heat.engine.environment [-] Registered: [Plugin](User:False) AWS::EC2::EIP ->
2026-03-19 01:53:28.046 66510 INFO heat.engine.environment [-] Registered: [Plugin](User:False) AWS::EC2::EIPAssociation ->
2026-03-19 01:53:28.046 66510 INFO heat.engine.environment [-] Registered: [Plugin](User:False) AWS::EC2::Instance ->
2026-03-19 01:53:28.046 66510 INFO heat.engine.environment [-] Registered: [Plugin](User:False) AWS::EC2::InternetGateway ->
2026-03-19 01:53:28.046 66510 INFO heat.engine.environment [-] Registered: [Plugin](User:False) AWS::EC2::VPCGatewayAttachment ->
2026-03-19 01:53:28.046 66510 INFO heat.engine.environment [-] Registered: [Plugin](User:False) AWS::EC2::NetworkInterface ->
2026-03-19 01:53:28.046 66510 INFO heat.engine.environment [-] Registered: [Plugin](User:False) AWS::EC2::RouteTable ->
2026-03-19 01:53:28.046 66510 INFO heat.engine.environment [-] Registered: [Plugin](User:False) AWS::EC2::SubnetRouteTableAssociation ->
2026-03-19 01:53:28.046 66510 INFO heat.engine.environment [-] Registered: [Plugin](User:False) AWS::EC2::SecurityGroup ->
2026-03-19 01:53:28.046 66510 INFO heat.engine.environment [-] Registered: [Plugin](User:False) AWS::EC2::Subnet ->
2026-03-19 01:53:28.046 66510 INFO heat.engine.environment [-] Registered: [Plugin](User:False) AWS::EC2::Volume ->
2026-03-19 01:53:28.047 66510 INFO heat.engine.environment [-] Registered: [Plugin](User:False) AWS::EC2::VolumeAttachment ->
2026-03-19 01:53:28.047 66510 INFO heat.engine.environment [-] Registered: [Plugin](User:False) AWS::EC2::VPC ->
2026-03-19 01:53:28.047 66510 INFO heat.engine.environment [-] Registered: [Plugin](User:False) AWS::IAM::User ->
2026-03-19 01:53:28.047 66510 INFO heat.engine.environment [-] Registered: [Plugin](User:False) AWS::IAM::AccessKey ->
2026-03-19 01:53:28.047 66510 INFO heat.engine.environment [-] Registered: [Plugin](User:False) AWS::ElasticLoadBalancing::LoadBalancer ->
2026-03-19 01:53:28.047 66510 INFO heat.engine.environment [-] Registered: [Plugin](User:False) AWS::S3::Bucket ->
2026-03-19 01:53:28.047 66510 INFO heat.engine.environment [-] Registered: [Plugin](User:False) OS::Aodh::Alarm ->
2026-03-19 01:53:28.047 66510 INFO heat.engine.environment [-] Registered: [Plugin](User:False) OS::Aodh::CombinationAlarm ->
2026-03-19 01:53:28.047 66510 INFO heat.engine.environment [-] Registered: [Plugin](User:False) OS::Aodh::EventAlarm ->
2026-03-19 01:53:28.047 66510 INFO heat.engine.environment [-] Registered: [Plugin](User:False) OS::Aodh::LBMemberHealthAlarm ->
2026-03-19 01:53:28.047 66510 INFO heat.engine.environment [-] Registered: [Plugin](User:False) OS::Aodh::CompositeAlarm ->
2026-03-19 01:53:28.047 66510 INFO heat.engine.environment [-] Registered: [Plugin](User:False) OS::Aodh::GnocchiResourcesAlarm ->
2026-03-19 01:53:28.048 66510 INFO heat.engine.environment [-] Registered: [Plugin](User:False) OS::Aodh::GnocchiAggregationByMetricsAlarm ->
2026-03-19 01:53:28.048 66510 INFO heat.engine.environment [-] Registered: [Plugin](User:False) OS::Aodh::GnocchiAggregationByResourcesAlarm ->
2026-03-19 01:53:28.048 66510 INFO heat.engine.environment [-] Registered: [Plugin](User:False) OS::Barbican::GenericContainer ->
2026-03-19 01:53:28.048 66510 INFO heat.engine.environment [-] Registered: [Plugin](User:False) OS::Barbican::CertificateContainer ->
2026-03-19 01:53:28.048 66510 INFO heat.engine.environment [-] Registered: [Plugin](User:False) OS::Barbican::RSAContainer ->
2026-03-19 01:53:28.048 66510 INFO heat.engine.environment [-] Registered: [Plugin](User:False) OS::Barbican::Order ->
2026-03-19 01:53:28.048 66510 INFO heat.engine.environment [-] Registered: [Plugin](User:False) OS::Barbican::Secret ->
2026-03-19 01:53:28.048 66510 INFO heat.engine.environment [-] Registered: [Plugin](User:False) OS::Blazar::Host ->
2026-03-19 01:53:28.048 66510 INFO heat.engine.environment [-] Registered: [Plugin](User:False) OS::Blazar::Lease ->
2026-03-19 01:53:28.048 66510 INFO heat.engine.environment [-] Registered: [Plugin](User:False) OS::Cinder::EncryptedVolumeType ->
2026-03-19 01:53:28.048 66510 INFO heat.engine.environment [-] Registered: [Plugin](User:False) OS::Cinder::QoSSpecs ->
2026-03-19 01:53:28.049 66510 INFO heat.engine.environment [-] Registered: [Plugin](User:False) OS::Cinder::QoSAssociation ->
2026-03-19 01:53:28.049 66510 INFO heat.engine.environment [-] Registered: [Plugin](User:False) OS::Cinder::Quota ->
2026-03-19 01:53:28.049 66510 INFO heat.engine.environment [-] Registered: [Plugin](User:False) OS::Cinder::Volume ->
2026-03-19 01:53:28.049 66510 INFO heat.engine.environment [-] Registered: [Plugin](User:False) OS::Cinder::VolumeAttachment ->
2026-03-19 01:53:28.049 66510 INFO heat.engine.environment [-] Registered: [Plugin](User:False) OS::Cinder::VolumeType ->
2026-03-19 01:53:28.049 66510 INFO heat.engine.environment [-] Registered: [Plugin](User:False) OS::Designate::Domain ->
2026-03-19 01:53:28.049 66510 INFO heat.engine.environment [-] Registered: [Plugin](User:False) OS::Designate::Record ->
2026-03-19 01:53:28.049 66510 INFO heat.engine.environment [-] Registered: [Plugin](User:False) OS::Designate::RecordSet ->
2026-03-19 01:53:28.049 66510 INFO heat.engine.environment [-] Registered: [Plugin](User:False) OS::Designate::Zone ->
2026-03-19 01:53:28.049 66510 INFO heat.engine.environment [-] Registered: [Plugin](User:False) OS::Glance::Image ->
2026-03-19 01:53:28.049 66510 INFO heat.engine.environment [-] Registered: [Plugin](User:False) OS::Glance::WebImage ->
2026-03-19 01:53:28.049 66510 INFO heat.engine.environment [-] Registered: [Plugin](User:False) OS::Heat::AccessPolicy ->
2026-03-19 01:53:28.050 66510 INFO heat.engine.environment [-] Registered: [Plugin](User:False) OS::Heat::AutoScalingGroup ->
2026-03-19 01:53:28.050 66510 INFO heat.engine.environment [-] Registered: [Plugin](User:False) OS::Heat::CloudConfig ->
2026-03-19 01:53:28.050 66510 INFO heat.engine.environment [-] Registered: [Plugin](User:False) OS::Heat::Delay ->
2026-03-19 01:53:28.050 66510 INFO heat.engine.environment [-] Registered: [Plugin](User:False) OS::Heat::DeployedServer ->
2026-03-19 01:53:28.050 66510 INFO heat.engine.environment [-] Registered: [Plugin](User:False) OS::Heat::HARestarter ->
2026-03-19 01:53:28.050 66510 INFO heat.engine.environment [-] Registered: [Plugin](User:False) OS::Heat::InstanceGroup ->
2026-03-19 01:53:28.050 66510 INFO heat.engine.environment [-] Registered: [Plugin](User:False) OS::Heat::MultipartMime ->
2026-03-19 01:53:28.050 66510 INFO heat.engine.environment [-] Registered: [Plugin](User:False) OS::Heat::None ->
2026-03-19 01:53:28.050 66510 INFO heat.engine.environment [-] Registered: [Plugin](User:False) OS::Heat::RandomString ->
2026-03-19 01:53:28.050 66510 INFO heat.engine.environment [-] Registered: [Plugin](User:False) OS::Heat::Stack ->
2026-03-19 01:53:28.050 66510 INFO heat.engine.environment [-] Registered: [Plugin](User:False) OS::Heat::ResourceChain ->
2026-03-19 01:53:28.051 66510 INFO heat.engine.environment [-] Registered: [Plugin](User:False) OS::Heat::ResourceGroup ->
2026-03-19 01:53:28.051 66510 INFO heat.engine.environment [-] Registered: [Plugin](User:False) OS::Heat::ScalingPolicy ->
2026-03-19 01:53:28.051 66510 INFO heat.engine.environment [-] Registered: [Plugin](User:False) OS::Heat::SoftwareComponent ->
2026-03-19 01:53:28.051 66510 INFO heat.engine.environment [-] Registered: [Plugin](User:False) OS::Heat::SoftwareConfig ->
2026-03-19 01:53:28.051 66510 INFO heat.engine.environment [-] Registered: [Plugin](User:False) OS::Heat::SoftwareDeployment ->
2026-03-19 01:53:28.051 66510 INFO heat.engine.environment [-] Registered: [Plugin](User:False) OS::Heat::SoftwareDeploymentGroup ->
2026-03-19 01:53:28.051 66510 INFO heat.engine.environment [-] Registered: [Plugin](User:False) OS::Heat::SoftwareDeployments ->
2026-03-19 01:53:28.051 66510 INFO heat.engine.environment [-] Registered: [Plugin](User:False) OS::Heat::StructuredConfig ->
2026-03-19 01:53:28.051 66510 INFO heat.engine.environment [-] Registered: [Plugin](User:False) OS::Heat::StructuredDeployment ->
2026-03-19 01:53:28.051 66510 INFO heat.engine.environment [-] Registered: [Plugin](User:False) OS::Heat::StructuredDeploymentGroup ->
2026-03-19 01:53:28.051 66510 INFO heat.engine.environment [-] Registered: [Plugin](User:False) OS::Heat::StructuredDeployments ->
