2026-03-19 02:09:05.504 7 DEBUG oslo_service.service [-] ml2_type_gre.tunnel_id_ranges = [] log_opt_values /var/lib/kolla/venv/lib/python3.6/site-packages/oslo_config/cfg.py:2611
2026-03-19 02:09:05.504 7 DEBUG oslo_service.service [-] ml2_type_vlan.network_vlan_ranges = [] log_opt_values /var/lib/kolla/venv/lib/python3.6/site-packages/oslo_config/cfg.py:2611
2026-03-19 02:09:05.505 7 DEBUG oslo_service.service [-] ml2_type_vxlan.vni_ranges = [] log_opt_values /var/lib/kolla/venv/lib/python3.6/site-packages/oslo_config/cfg.py:2611
2026-03-19 02:09:05.505 7 DEBUG oslo_service.service [-] ml2_type_vxlan.vxlan_group = None log_opt_values /var/lib/kolla/venv/lib/python3.6/site-packages/oslo_config/cfg.py:2611
2026-03-19 02:09:05.505 7 DEBUG oslo_service.service [-] database.backend = sqlalchemy log_opt_values /var/lib/kolla/venv/lib/python3.6/site-packages/oslo_config/cfg.py:2611
2026-03-19 02:09:05.505 7 DEBUG oslo_service.service [-] database.connection = **** log_opt_values /var/lib/kolla/venv/lib/python3.6/site-packages/oslo_config/cfg.py:2611
2026-03-19 02:09:05.505 7 DEBUG oslo_service.service [-] database.connection_debug = 0 log_opt_values /var/lib/kolla/venv/lib/python3.6/site-packages/oslo_config/cfg.py:2611
2026-03-19 02:09:05.505 7 DEBUG oslo_service.service [-] database.connection_parameters = log_opt_values /var/lib/kolla/venv/lib/python3.6/site-packages/oslo_config/cfg.py:2611
2026-03-19 02:09:05.505 7 DEBUG oslo_service.service [-] database.connection_recycle_time = 10 log_opt_values /var/lib/kolla/venv/lib/python3.6/site-packages/oslo_config/cfg.py:2611
2026-03-19 02:09:05.505 7 DEBUG oslo_service.service [-] database.connection_trace = False log_opt_values /var/lib/kolla/venv/lib/python3.6/site-packages/oslo_config/cfg.py:2611
2026-03-19 02:09:05.505 7 DEBUG oslo_service.service [-] database.db_inc_retry_interval = True log_opt_values /var/lib/kolla/venv/lib/python3.6/site-packages/oslo_config/cfg.py:2611
2026-03-19 02:09:05.505 7 DEBUG oslo_service.service [-] database.db_max_retries = 20 log_opt_values /var/lib/kolla/venv/lib/python3.6/site-packages/oslo_config/cfg.py:2611
2026-03-19 02:09:05.505 7 DEBUG oslo_service.service [-] database.db_max_retry_interval = 10 log_opt_values /var/lib/kolla/venv/lib/python3.6/site-packages/oslo_config/cfg.py:2611
2026-03-19 02:09:05.505 7 DEBUG oslo_service.service [-] database.db_retry_interval = 1 log_opt_values /var/lib/kolla/venv/lib/python3.6/site-packages/oslo_config/cfg.py:2611
2026-03-19 02:09:05.505 7 DEBUG oslo_service.service [-] database.max_overflow = 50 log_opt_values /var/lib/kolla/venv/lib/python3.6/site-packages/oslo_config/cfg.py:2611
2026-03-19 02:09:05.505 7 DEBUG oslo_service.service [-] database.max_pool_size = 1 log_opt_values /var/lib/kolla/venv/lib/python3.6/site-packages/oslo_config/cfg.py:2611
2026-03-19 02:09:05.505 7 DEBUG oslo_service.service [-] database.max_retries = -1 log_opt_values /var/lib/kolla/venv/lib/python3.6/site-packages/oslo_config/cfg.py:2611
2026-03-19 02:09:05.506 7 DEBUG oslo_service.service [-] database.mysql_enable_ndb = False log_opt_values /var/lib/kolla/venv/lib/python3.6/site-packages/oslo_config/cfg.py:2611
2026-03-19 02:09:05.506 7 DEBUG oslo_service.service [-] database.mysql_sql_mode = TRADITIONAL log_opt_values /var/lib/kolla/venv/lib/python3.6/site-packages/oslo_config/cfg.py:2611
2026-03-19 02:09:05.506 7 DEBUG oslo_service.service [-] database.pool_timeout = None log_opt_values /var/lib/kolla/venv/lib/python3.6/site-packages/oslo_config/cfg.py:2611
2026-03-19 02:09:05.506 7 DEBUG oslo_service.service [-] database.retry_interval = 10 log_opt_values /var/lib/kolla/venv/lib/python3.6/site-packages/oslo_config/cfg.py:2611
2026-03-19 02:09:05.506 7 DEBUG oslo_service.service [-] database.slave_connection = **** log_opt_values /var/lib/kolla/venv/lib/python3.6/site-packages/oslo_config/cfg.py:2611
2026-03-19 02:09:05.506 7 DEBUG oslo_service.service [-] database.sqlite_synchronous = True log_opt_values /var/lib/kolla/venv/lib/python3.6/site-packages/oslo_config/cfg.py:2611
2026-03-19 02:09:05.506 7 DEBUG oslo_service.service [-] database.use_db_reconnect = False log_opt_values /var/lib/kolla/venv/lib/python3.6/site-packages/oslo_config/cfg.py:2611
2026-03-19 02:09:05.506 7 DEBUG oslo_service.service [-] ******************************************************************************** log_opt_values /var/lib/kolla/venv/lib/python3.6/site-packages/oslo_config/cfg.py:2613
2026-03-19 02:09:06.956 22 DEBUG neutron.wsgi [-] (22) accepted ('10.0.0.50', 54780) server /var/lib/kolla/venv/lib/python3.6/site-packages/eventlet/wsgi.py:1004
2026-03-19 02:09:06.967 22 INFO neutron.wsgi [-] 10.0.0.50 "GET / HTTP/1.1" status: 200 len: 227 time: 0.0054147
2026-03-19 02:09:09.750 24 DEBUG neutron.api.rpc.handlers.dhcp_rpc [req-65201ad1-5e5a-4493-9e69-5252241be4b0 - - - - -] get_active_networks_info from cn-jenkins-deploy-platform-ansible-os-5492-1 get_active_networks_info /var/lib/kolla/venv/lib/python3.6/site-packages/neutron/api/rpc/handlers/dhcp_rpc.py:159
2026-03-19 02:09:09.772 28 DEBUG neutron_lib.callbacks.manager [req-15aa63a6-eba7-4282-8fa2-c0ac7c2c2325 - - - - -] Publish callbacks ['neutron.services.segments.db._update_segment_host_mapping_for_agent-8785717817408', 'neutron.services.l3_router.l3_router_plugin.DVRResourceOperationHandler.create_fip_agent_gw_ports--9223372036853105223'] for agent (db49b288-9b60-4013-b3b7-e5f7450f3c7a), after_create _notify_loop /var/lib/kolla/venv/lib/python3.6/site-packages/neutron_lib/callbacks/manager.py:177
2026-03-19 02:09:09.800 24 DEBUG neutron.scheduler.dhcp_agent_scheduler [req-65201ad1-5e5a-4493-9e69-5252241be4b0 - - - - -] No non-hosted networks auto_schedule_networks /var/lib/kolla/venv/lib/python3.6/site-packages/neutron/scheduler/dhcp_agent_scheduler.py:60
2026-03-19 02:09:23.034 27 DEBUG neutron_lib.callbacks.manager [req-3636e4e5-866b-4982-84ca-258f2e242199 - - - - -] Publish callbacks ['neutron.services.segments.db._update_segment_host_mapping_for_agent-8785717817408', 'neutron.services.l3_router.l3_router_plugin.DVRResourceOperationHandler.create_fip_agent_gw_ports--9223372036853105223'] for agent (4277e76e-c02c-4cf3-8609-4899fa252ec3), after_create _notify_loop /var/lib/kolla/venv/lib/python3.6/site-packages/neutron_lib/callbacks/manager.py:177
2026-03-19 02:09:37.016 22 DEBUG neutron.wsgi [-] (22) accepted ('10.0.0.50', 49604) server /var/lib/kolla/venv/lib/python3.6/site-packages/eventlet/wsgi.py:1004
2026-03-19 02:09:37.020 22 INFO neutron.wsgi [-] 10.0.0.50 "GET / HTTP/1.1" status: 200 len: 227 time: 0.0036805
2026-03-19 02:09:39.755 26 DEBUG neutron_lib.callbacks.manager [req-35c62fd2-f753-4c96-8bb6-036ba3d7159d - - - - -] Publish callbacks ['neutron.services.segments.db._update_segment_host_mapping_for_agent-8785717817408', 'neutron.plugins.ml2.plugin.Ml2Plugin._retry_binding_revived_agents--9223372036851345170'] for agent (db49b288-9b60-4013-b3b7-e5f7450f3c7a), after_update _notify_loop /var/lib/kolla/venv/lib/python3.6/site-packages/neutron_lib/callbacks/manager.py:177
2026-03-19 02:09:52.455 29 DEBUG neutron.db.agents_db [req-d0799190-dc42-4ddc-a9f4-fe5420c4e8ff - - - - -] Agent healthcheck: found 2 active agents agent_health_check /var/lib/kolla/venv/lib/python3.6/site-packages/neutron/db/agents_db.py:318
2026-03-19 02:09:53.006 24 DEBUG neutron_lib.callbacks.manager [req-3636e4e5-866b-4982-84ca-258f2e242199 - - - - -] Publish callbacks ['neutron.services.segments.db._update_segment_host_mapping_for_agent-8785717817408', 'neutron.plugins.ml2.plugin.Ml2Plugin._retry_binding_revived_agents--9223372036851345170'] for agent (4277e76e-c02c-4cf3-8609-4899fa252ec3), after_update _notify_loop /var/lib/kolla/venv/lib/python3.6/site-packages/neutron_lib/callbacks/manager.py:177
2026-03-19 02:10:07.073 22 DEBUG neutron.wsgi [-] (22) accepted ('10.0.0.50', 54128) server /var/lib/kolla/venv/lib/python3.6/site-packages/eventlet/wsgi.py:1004
2026-03-19 02:10:07.078 22 INFO neutron.wsgi [-] 10.0.0.50 "GET / HTTP/1.1" status: 200 len: 227 time: 0.0035365
2026-03-19 02:10:09.757 23 DEBUG neutron_lib.callbacks.manager [req-53629d50-43ee-4154-857e-6e140a903fbd - - - - -] Publish callbacks ['neutron.services.segments.db._update_segment_host_mapping_for_agent-8785717817408', 'neutron.plugins.ml2.plugin.Ml2Plugin._retry_binding_revived_agents--9223372036851345170'] for agent (db49b288-9b60-4013-b3b7-e5f7450f3c7a), after_update _notify_loop /var/lib/kolla/venv/lib/python3.6/site-packages/neutron_lib/callbacks/manager.py:177
2026-03-19 02:10:23.021 25 DEBUG neutron_lib.callbacks.manager [req-3636e4e5-866b-4982-84ca-258f2e242199 - - - - -] Publish callbacks ['neutron.services.segments.db._update_segment_host_mapping_for_agent-8785717817408', 'neutron.plugins.ml2.plugin.Ml2Plugin._retry_binding_revived_agents--9223372036851345170'] for agent (4277e76e-c02c-4cf3-8609-4899fa252ec3), after_update _notify_loop /var/lib/kolla/venv/lib/python3.6/site-packages/neutron_lib/callbacks/manager.py:177
2026-03-19 02:10:29.454 29 DEBUG neutron.db.agents_db [req-d0799190-dc42-4ddc-a9f4-fe5420c4e8ff - - - - -] Agent healthcheck: found 2 active agents agent_health_check /var/lib/kolla/venv/lib/python3.6/site-packages/neutron/db/agents_db.py:318
2026-03-19 02:10:37.135 22 DEBUG neutron.wsgi [-] (22) accepted ('10.0.0.50', 53146) server /var/lib/kolla/venv/lib/python3.6/site-packages/eventlet/wsgi.py:1004
2026-03-19 02:10:37.139 22 INFO neutron.wsgi [-] 10.0.0.50 "GET / HTTP/1.1" status: 200 len: 227 time: 0.0028820
2026-03-19 02:10:39.747 28 DEBUG neutron_lib.callbacks.manager [req-516611ca-7741-4eff-99bc-1963802a3682 - - - - -] Publish callbacks ['neutron.services.segments.db._update_segment_host_mapping_for_agent-8785717817408', 'neutron.plugins.ml2.plugin.Ml2Plugin._retry_binding_revived_agents--9223372036851345170'] for agent (db49b288-9b60-4013-b3b7-e5f7450f3c7a), after_update _notify_loop /var/lib/kolla/venv/lib/python3.6/site-packages/neutron_lib/callbacks/manager.py:177
2026-03-19 02:10:53.010 27 DEBUG neutron_lib.callbacks.manager [req-3636e4e5-866b-4982-84ca-258f2e242199 - - - - -] Publish callbacks ['neutron.services.segments.db._update_segment_host_mapping_for_agent-8785717817408', 'neutron.plugins.ml2.plugin.Ml2Plugin._retry_binding_revived_agents--9223372036851345170'] for agent (4277e76e-c02c-4cf3-8609-4899fa252ec3), after_update _notify_loop /var/lib/kolla/venv/lib/python3.6/site-packages/neutron_lib/callbacks/manager.py:177
2026-03-19 02:11:06.463 29 DEBUG neutron.db.agents_db [req-d0799190-dc42-4ddc-a9f4-fe5420c4e8ff - - - - -] Agent healthcheck: found 2 active agents agent_health_check /var/lib/kolla/venv/lib/python3.6/site-packages/neutron/db/agents_db.py:318
2026-03-19 02:11:07.190 22 DEBUG neutron.wsgi [-] (22) accepted ('10.0.0.50', 44778) server /var/lib/kolla/venv/lib/python3.6/site-packages/eventlet/wsgi.py:1004
2026-03-19 02:11:07.195 22 INFO neutron.wsgi [-] 10.0.0.50 "GET / HTTP/1.1" status: 200 len: 227 time: 0.0044563
2026-03-19 02:11:09.744 26 DEBUG neutron_lib.callbacks.manager [req-b842831c-09c6-4c74-85fa-ac23e5f65303 - - - - -] Publish callbacks ['neutron.services.segments.db._update_segment_host_mapping_for_agent-8785717817408', 'neutron.plugins.ml2.plugin.Ml2Plugin._retry_binding_revived_agents--9223372036851345170'] for agent (db49b288-9b60-4013-b3b7-e5f7450f3c7a), after_update _notify_loop /var/lib/kolla/venv/lib/python3.6/site-packages/neutron_lib/callbacks/manager.py:177
2026-03-19 02:11:23.009 24 DEBUG neutron_lib.callbacks.manager [req-3636e4e5-866b-4982-84ca-258f2e242199 - - - - -] Publish callbacks ['neutron.services.segments.db._update_segment_host_mapping_for_agent-8785717817408', 'neutron.plugins.ml2.plugin.Ml2Plugin._retry_binding_revived_agents--9223372036851345170'] for agent (4277e76e-c02c-4cf3-8609-4899fa252ec3), after_update _notify_loop /var/lib/kolla/venv/lib/python3.6/site-packages/neutron_lib/callbacks/manager.py:177
2026-03-19 02:11:37.247 22 DEBUG neutron.wsgi [-] (22) accepted ('10.0.0.50', 49880) server /var/lib/kolla/venv/lib/python3.6/site-packages/eventlet/wsgi.py:1004
2026-03-19 02:11:37.254 22 INFO neutron.wsgi [-] 10.0.0.50 "GET / HTTP/1.1" status: 200 len: 227 time: 0.0054817
2026-03-19 02:11:39.743 23 DEBUG neutron_lib.callbacks.manager [req-b353ec45-02a3-4dfb-8743-7c16cf7345aa - - - - -] Publish callbacks ['neutron.services.segments.db._update_segment_host_mapping_for_agent-8785717817408', 'neutron.plugins.ml2.plugin.Ml2Plugin._retry_binding_revived_agents--9223372036851345170'] for agent (db49b288-9b60-4013-b3b7-e5f7450f3c7a), after_update _notify_loop /var/lib/kolla/venv/lib/python3.6/site-packages/neutron_lib/callbacks/manager.py:177
2026-03-19 02:11:43.461 29 DEBUG neutron.db.agents_db [req-d0799190-dc42-4ddc-a9f4-fe5420c4e8ff - - - - -] Agent healthcheck: found 2 active agents agent_health_check /var/lib/kolla/venv/lib/python3.6/site-packages/neutron/db/agents_db.py:318
2026-03-19 02:11:53.010 25 DEBUG neutron_lib.callbacks.manager [req-3636e4e5-866b-4982-84ca-258f2e242199 - - - - -] Publish callbacks ['neutron.services.segments.db._update_segment_host_mapping_for_agent-8785717817408', 'neutron.plugins.ml2.plugin.Ml2Plugin._retry_binding_revived_agents--9223372036851345170'] for agent (4277e76e-c02c-4cf3-8609-4899fa252ec3), after_update _notify_loop /var/lib/kolla/venv/lib/python3.6/site-packages/neutron_lib/callbacks/manager.py:177
2026-03-19 02:12:07.300 22 DEBUG neutron.wsgi [-] (22) accepted ('10.0.0.50', 35042) server /var/lib/kolla/venv/lib/python3.6/site-packages/eventlet/wsgi.py:1004
2026-03-19 02:12:07.303 22 INFO neutron.wsgi [-] 10.0.0.50 "GET / HTTP/1.1" status: 200 len: 227 time: 0.0028062
2026-03-19 02:12:09.740 28 DEBUG neutron_lib.callbacks.manager [req-06e9d904-cda8-43eb-969a-0d5473a4d4b5 - - - - -] Publish callbacks ['neutron.services.segments.db._update_segment_host_mapping_for_agent-8785717817408', 'neutron.plugins.ml2.plugin.Ml2Plugin._retry_binding_revived_agents--9223372036851345170'] for agent (db49b288-9b60-4013-b3b7-e5f7450f3c7a), after_update _notify_loop /var/lib/kolla/venv/lib/python3.6/site-packages/neutron_lib/callbacks/manager.py:177
2026-03-19 02:12:20.460 29 DEBUG neutron.db.agents_db [req-d0799190-dc42-4ddc-a9f4-fe5420c4e8ff - - - - -] Agent healthcheck: found 2 active agents agent_health_check /var/lib/kolla/venv/lib/python3.6/site-packages/neutron/db/agents_db.py:318
2026-03-19 02:12:23.015 27 DEBUG neutron_lib.callbacks.manager [req-3636e4e5-866b-4982-84ca-258f2e242199 - - - - -] Publish callbacks ['neutron.services.segments.db._update_segment_host_mapping_for_agent-8785717817408', 'neutron.plugins.ml2.plugin.Ml2Plugin._retry_binding_revived_agents--9223372036851345170'] for agent (4277e76e-c02c-4cf3-8609-4899fa252ec3), after_update _notify_loop /var/lib/kolla/venv/lib/python3.6/site-packages/neutron_lib/callbacks/manager.py:177
2026-03-19 02:12:37.357 22 DEBUG neutron.wsgi [-] (22) accepted ('10.0.0.50', 52158) server /var/lib/kolla/venv/lib/python3.6/site-packages/eventlet/wsgi.py:1004
2026-03-19 02:12:37.362 22 INFO neutron.wsgi [-] 10.0.0.50 "GET / HTTP/1.1" status: 200 len: 227 time: 0.0028827
2026-03-19 02:12:39.743 26 DEBUG neutron_lib.callbacks.manager [req-ccb5348b-b7c7-4475-a0bb-3accb6813a6e - - - - -] Publish callbacks ['neutron.services.segments.db._update_segment_host_mapping_for_agent-8785717817408', 'neutron.plugins.ml2.plugin.Ml2Plugin._retry_binding_revived_agents--9223372036851345170'] for agent (db49b288-9b60-4013-b3b7-e5f7450f3c7a), after_update _notify_loop /var/lib/kolla/venv/lib/python3.6/site-packages/neutron_lib/callbacks/manager.py:177
2026-03-19 02:12:53.018 24 DEBUG neutron_lib.callbacks.manager [req-3636e4e5-866b-4982-84ca-258f2e242199 - - - - -] Publish callbacks ['neutron.services.segments.db._update_segment_host_mapping_for_agent-8785717817408', 'neutron.plugins.ml2.plugin.Ml2Plugin._retry_binding_revived_agents--9223372036851345170'] for agent (4277e76e-c02c-4cf3-8609-4899fa252ec3), after_update _notify_loop /var/lib/kolla/venv/lib/python3.6/site-packages/neutron_lib/callbacks/manager.py:177
2026-03-19 02:12:57.468 29 DEBUG neutron.db.agents_db [req-d0799190-dc42-4ddc-a9f4-fe5420c4e8ff - - - - -] Agent healthcheck: found 2 active agents agent_health_check /var/lib/kolla/venv/lib/python3.6/site-packages/neutron/db/agents_db.py:318
2026-03-19 02:13:07.413 22 DEBUG neutron.wsgi [-] (22) accepted ('10.0.0.50', 52170) server /var/lib/kolla/venv/lib/python3.6/site-packages/eventlet/wsgi.py:1004
2026-03-19 02:13:07.418 22 INFO neutron.wsgi [-] 10.0.0.50 "GET / HTTP/1.1" status: 200 len: 227 time: 0.0032418
2026-03-19 02:13:09.756 23 DEBUG neutron_lib.callbacks.manager [req-e787e81c-843a-4378-8627-d9472816d73d - - - - -] Publish callbacks ['neutron.services.segments.db._update_segment_host_mapping_for_agent-8785717817408', 'neutron.plugins.ml2.plugin.Ml2Plugin._retry_binding_revived_agents--9223372036851345170'] for agent (db49b288-9b60-4013-b3b7-e5f7450f3c7a), after_update _notify_loop /var/lib/kolla/venv/lib/python3.6/site-packages/neutron_lib/callbacks/manager.py:177
2026-03-19 02:13:23.021 25 DEBUG neutron_lib.callbacks.manager [req-3636e4e5-866b-4982-84ca-258f2e242199 - - - - -] Publish callbacks ['neutron.services.segments.db._update_segment_host_mapping_for_agent-8785717817408', 'neutron.plugins.ml2.plugin.Ml2Plugin._retry_binding_revived_agents--9223372036851345170'] for agent (4277e76e-c02c-4cf3-8609-4899fa252ec3), after_update _notify_loop /var/lib/kolla/venv/lib/python3.6/site-packages/neutron_lib/callbacks/manager.py:177
2026-03-19 02:13:34.477 29 DEBUG neutron.db.agents_db [req-d0799190-dc42-4ddc-a9f4-fe5420c4e8ff - - - - -] Agent healthcheck: found 2 active agents agent_health_check /var/lib/kolla/venv/lib/python3.6/site-packages/neutron/db/agents_db.py:318
2026-03-19 02:13:37.491 22 DEBUG neutron.wsgi [-] (22) accepted ('10.0.0.50', 36358) server /var/lib/kolla/venv/lib/python3.6/site-packages/eventlet/wsgi.py:1004
2026-03-19 02:13:37.494 22 INFO neutron.wsgi [-] 10.0.0.50 "GET / HTTP/1.1" status: 200 len: 227 time: 0.0024719
2026-03-19 02:13:39.744 28 DEBUG neutron_lib.callbacks.manager [req-b4fda909-d50c-4640-9728-e177e1d4cc86 - - - - -] Publish callbacks ['neutron.services.segments.db._update_segment_host_mapping_for_agent-8785717817408', 'neutron.plugins.ml2.plugin.Ml2Plugin._retry_binding_revived_agents--9223372036851345170'] for agent (db49b288-9b60-4013-b3b7-e5f7450f3c7a), after_update _notify_loop /var/lib/kolla/venv/lib/python3.6/site-packages/neutron_lib/callbacks/manager.py:177
2026-03-19 02:13:53.028 27 DEBUG neutron_lib.callbacks.manager [req-3636e4e5-866b-4982-84ca-258f2e242199 - - - - -] Publish callbacks ['neutron.services.segments.db._update_segment_host_mapping_for_agent-8785717817408', 'neutron.plugins.ml2.plugin.Ml2Plugin._retry_binding_revived_agents--9223372036851345170'] for agent (4277e76e-c02c-4cf3-8609-4899fa252ec3), after_update _notify_loop /var/lib/kolla/venv/lib/python3.6/site-packages/neutron_lib/callbacks/manager.py:177
2026-03-19 02:14:07.544 22 DEBUG neutron.wsgi [-] (22) accepted ('10.0.0.50', 53870) server /var/lib/kolla/venv/lib/python3.6/site-packages/eventlet/wsgi.py:1004
2026-03-19 02:14:07.548 22 INFO neutron.wsgi [-] 10.0.0.50 "GET / HTTP/1.1" status: 200 len: 227 time: 0.0036073
2026-03-19 02:14:09.872 26 DEBUG neutron_lib.callbacks.manager [req-19037d87-51b2-4958-a444-b41d85b451c8 - - - - -] Publish callbacks ['neutron.services.segments.db._update_segment_host_mapping_for_agent-8785717817408', 'neutron.plugins.ml2.plugin.Ml2Plugin._retry_binding_revived_agents--9223372036851345170'] for agent (db49b288-9b60-4013-b3b7-e5f7450f3c7a), after_update _notify_loop /var/lib/kolla/venv/lib/python3.6/site-packages/neutron_lib/callbacks/manager.py:177
2026-03-19 02:14:11.473 29 DEBUG neutron.db.agents_db [req-d0799190-dc42-4ddc-a9f4-fe5420c4e8ff - - - - -] Agent healthcheck: found 2 active agents agent_health_check /var/lib/kolla/venv/lib/python3.6/site-packages/neutron/db/agents_db.py:318
2026-03-19 02:14:23.024 24 DEBUG neutron_lib.callbacks.manager [req-3636e4e5-866b-4982-84ca-258f2e242199 - - - - -] Publish callbacks ['neutron.services.segments.db._update_segment_host_mapping_for_agent-8785717817408', 'neutron.plugins.ml2.plugin.Ml2Plugin._retry_binding_revived_agents--9223372036851345170'] for agent (4277e76e-c02c-4cf3-8609-4899fa252ec3), after_update _notify_loop /var/lib/kolla/venv/lib/python3.6/site-packages/neutron_lib/callbacks/manager.py:177
2026-03-19 02:14:37.599 22 DEBUG neutron.wsgi [-] (22) accepted ('10.0.0.50', 33376) server /var/lib/kolla/venv/lib/python3.6/site-packages/eventlet/wsgi.py:1004
2026-03-19 02:14:37.604 22 INFO neutron.wsgi [-] 10.0.0.50 "GET / HTTP/1.1" status: 200 len: 227 time: 0.0029926
2026-03-19 02:14:39.742 23 DEBUG neutron_lib.callbacks.manager [req-2d3a8319-c167-4c7b-80d8-179f085f4cad - - - - -] Publish callbacks ['neutron.services.segments.db._update_segment_host_mapping_for_agent-8785717817408', 'neutron.plugins.ml2.plugin.Ml2Plugin._retry_binding_revived_agents--9223372036851345170'] for agent (db49b288-9b60-4013-b3b7-e5f7450f3c7a), after_update _notify_loop /var/lib/kolla/venv/lib/python3.6/site-packages/neutron_lib/callbacks/manager.py:177
2026-03-19 02:14:48.472 29 DEBUG neutron.db.agents_db [req-d0799190-dc42-4ddc-a9f4-fe5420c4e8ff - - - - -] Agent healthcheck: found 2 active agents agent_health_check /var/lib/kolla/venv/lib/python3.6/site-packages/neutron/db/agents_db.py:318
2026-03-19 02:14:53.028 25 DEBUG neutron_lib.callbacks.manager [req-3636e4e5-866b-4982-84ca-258f2e242199 - - - - -] Publish callbacks ['neutron.services.segments.db._update_segment_host_mapping_for_agent-8785717817408', 'neutron.plugins.ml2.plugin.Ml2Plugin._retry_binding_revived_agents--9223372036851345170'] for agent (4277e76e-c02c-4cf3-8609-4899fa252ec3), after_update _notify_loop /var/lib/kolla/venv/lib/python3.6/site-packages/neutron_lib/callbacks/manager.py:177
2026-03-19 02:15:07.659 22 DEBUG neutron.wsgi [-] (22) accepted ('10.0.0.50', 47532) server /var/lib/kolla/venv/lib/python3.6/site-packages/eventlet/wsgi.py:1004
2026-03-19 02:15:07.665 22 INFO neutron.wsgi [-] 10.0.0.50 "GET / HTTP/1.1" status: 200 len: 227 time: 0.0038638
2026-03-19 02:15:09.747 28 DEBUG neutron_lib.callbacks.manager [req-496cb2fc-e2ae-4777-ac1c-e1ee8c953014 - - - - -] Publish callbacks ['neutron.services.segments.db._update_segment_host_mapping_for_agent-8785717817408', 'neutron.plugins.ml2.plugin.Ml2Plugin._retry_binding_revived_agents--9223372036851345170'] for agent (db49b288-9b60-4013-b3b7-e5f7450f3c7a), after_update _notify_loop /var/lib/kolla/venv/lib/python3.6/site-packages/neutron_lib/callbacks/manager.py:177
2026-03-19 02:15:23.031 27 DEBUG neutron_lib.callbacks.manager [req-3636e4e5-866b-4982-84ca-258f2e242199 - - - - -] Publish callbacks ['neutron.services.segments.db._update_segment_host_mapping_for_agent-8785717817408', 'neutron.plugins.ml2.plugin.Ml2Plugin._retry_binding_revived_agents--9223372036851345170'] for agent (4277e76e-c02c-4cf3-8609-4899fa252ec3), after_update _notify_loop /var/lib/kolla/venv/lib/python3.6/site-packages/neutron_lib/callbacks/manager.py:177
2026-03-19 02:15:25.473 29 DEBUG neutron.db.agents_db [req-d0799190-dc42-4ddc-a9f4-fe5420c4e8ff - - - - -] Agent healthcheck: found 2 active agents agent_health_check /var/lib/kolla/venv/lib/python3.6/site-packages/neutron/db/agents_db.py:318
2026-03-19 02:15:37.725 22 DEBUG neutron.wsgi [-] (22) accepted ('10.0.0.50', 58944) server /var/lib/kolla/venv/lib/python3.6/site-packages/eventlet/wsgi.py:1004
2026-03-19 02:15:37.730 22 INFO neutron.wsgi [-] 10.0.0.50 "GET / HTTP/1.1" status: 200 len: 227 time: 0.0038991
2026-03-19 02:15:39.749 26 DEBUG neutron_lib.callbacks.manager [req-5fcebada-3253-48c2-8302-b9229d3f9c5a - - - - -] Publish callbacks ['neutron.services.segments.db._update_segment_host_mapping_for_agent-8785717817408', 'neutron.plugins.ml2.plugin.Ml2Plugin._retry_binding_revived_agents--9223372036851345170'] for agent (db49b288-9b60-4013-b3b7-e5f7450f3c7a), after_update _notify_loop /var/lib/kolla/venv/lib/python3.6/site-packages/neutron_lib/callbacks/manager.py:177
2026-03-19 02:15:53.032 24 DEBUG neutron_lib.callbacks.manager [req-3636e4e5-866b-4982-84ca-258f2e242199 - - - - -] Publish callbacks ['neutron.services.segments.db._update_segment_host_mapping_for_agent-8785717817408', 'neutron.plugins.ml2.plugin.Ml2Plugin._retry_binding_revived_agents--9223372036851345170'] for agent (4277e76e-c02c-4cf3-8609-4899fa252ec3), after_update _notify_loop /var/lib/kolla/venv/lib/python3.6/site-packages/neutron_lib/callbacks/manager.py:177
2026-03-19 02:16:02.472 29 DEBUG neutron.db.agents_db [req-d0799190-dc42-4ddc-a9f4-fe5420c4e8ff - - - - -] Agent healthcheck: found 2 active agents agent_health_check /var/lib/kolla/venv/lib/python3.6/site-packages/neutron/db/agents_db.py:318
2026-03-19 02:16:07.787 22 DEBUG neutron.wsgi [-] (22) accepted ('10.0.0.50', 41674) server /var/lib/kolla/venv/lib/python3.6/site-packages/eventlet/wsgi.py:1004
2026-03-19 02:16:07.791 22 INFO neutron.wsgi [-] 10.0.0.50 "GET / HTTP/1.1" status: 200 len: 227 time: 0.0029035
2026-03-19 02:16:09.747 23 DEBUG neutron_lib.callbacks.manager [req-c5d41d09-1fa4-4b9c-8aeb-c1ef1c3edd31 - - - - -] Publish callbacks ['neutron.services.segments.db._update_segment_host_mapping_for_agent-8785717817408', 'neutron.plugins.ml2.plugin.Ml2Plugin._retry_binding_revived_agents--9223372036851345170'] for agent (db49b288-9b60-4013-b3b7-e5f7450f3c7a), after_update _notify_loop /var/lib/kolla/venv/lib/python3.6/site-packages/neutron_lib/callbacks/manager.py:177
2026-03-19 02:16:23.042 25 DEBUG neutron_lib.callbacks.manager [req-3636e4e5-866b-4982-84ca-258f2e242199 - - - - -] Publish callbacks ['neutron.services.segments.db._update_segment_host_mapping_for_agent-8785717817408', 'neutron.plugins.ml2.plugin.Ml2Plugin._retry_binding_revived_agents--9223372036851345170'] for agent (4277e76e-c02c-4cf3-8609-4899fa252ec3), after_update _notify_loop /var/lib/kolla/venv/lib/python3.6/site-packages/neutron_lib/callbacks/manager.py:177
2026-03-19 02:16:37.856 22 DEBUG neutron.wsgi [-] (22) accepted ('10.0.0.50', 44490) server /var/lib/kolla/venv/lib/python3.6/site-packages/eventlet/wsgi.py:1004
2026-03-19 02:16:37.863 22 INFO neutron.wsgi [-] 10.0.0.50 "GET / HTTP/1.1" status: 200 len: 227 time: 0.0038309
2026-03-19 02:16:39.475 29 DEBUG neutron.db.agents_db [req-d0799190-dc42-4ddc-a9f4-fe5420c4e8ff - - - - -] Agent healthcheck: found 2 active agents agent_health_check /var/lib/kolla/venv/lib/python3.6/site-packages/neutron/db/agents_db.py:318
2026-03-19 02:16:39.747 28 DEBUG neutron_lib.callbacks.manager [req-2e1356d9-9c58-44f6-a9cf-73d17966f19c - - - - -] Publish callbacks ['neutron.services.segments.db._update_segment_host_mapping_for_agent-8785717817408', 'neutron.plugins.ml2.plugin.Ml2Plugin._retry_binding_revived_agents--9223372036851345170'] for agent (db49b288-9b60-4013-b3b7-e5f7450f3c7a), after_update _notify_loop /var/lib/kolla/venv/lib/python3.6/site-packages/neutron_lib/callbacks/manager.py:177
2026-03-19 02:16:53.039 27 DEBUG neutron_lib.callbacks.manager [req-3636e4e5-866b-4982-84ca-258f2e242199 - - - - -] Publish callbacks ['neutron.services.segments.db._update_segment_host_mapping_for_agent-8785717817408', 'neutron.plugins.ml2.plugin.Ml2Plugin._retry_binding_revived_agents--9223372036851345170'] for agent (4277e76e-c02c-4cf3-8609-4899fa252ec3), after_update _notify_loop /var/lib/kolla/venv/lib/python3.6/site-packages/neutron_lib/callbacks/manager.py:177
2026-03-19 02:17:07.924 22 DEBUG neutron.wsgi [-] (22) accepted ('10.0.0.50', 33140) server /var/lib/kolla/venv/lib/python3.6/site-packages/eventlet/wsgi.py:1004
2026-03-19 02:17:07.928 22 INFO neutron.wsgi [-] 10.0.0.50 "GET / HTTP/1.1" status: 200 len: 227 time: 0.0027137
2026-03-19 02:17:09.749 26 DEBUG neutron_lib.callbacks.manager [req-e9bd30c2-5600-4c91-9cff-5c8d0271d2bd - - - - -] Publish callbacks ['neutron.services.segments.db._update_segment_host_mapping_for_agent-8785717817408', 'neutron.plugins.ml2.plugin.Ml2Plugin._retry_binding_revived_agents--9223372036851345170'] for agent (db49b288-9b60-4013-b3b7-e5f7450f3c7a), after_update _notify_loop /var/lib/kolla/venv/lib/python3.6/site-packages/neutron_lib/callbacks/manager.py:177
2026-03-19 02:17:16.473 29 DEBUG neutron.db.agents_db [req-d0799190-dc42-4ddc-a9f4-fe5420c4e8ff - - - - -] Agent healthcheck: found 2 active agents agent_health_check /var/lib/kolla/venv/lib/python3.6/site-packages/neutron/db/agents_db.py:318
2026-03-19 02:17:23.044 24 DEBUG neutron_lib.callbacks.manager [req-3636e4e5-866b-4982-84ca-258f2e242199 - - - - -] Publish callbacks ['neutron.services.segments.db._update_segment_host_mapping_for_agent-8785717817408', 'neutron.plugins.ml2.plugin.Ml2Plugin._retry_binding_revived_agents--9223372036851345170'] for agent (4277e76e-c02c-4cf3-8609-4899fa252ec3), after_update _notify_loop /var/lib/kolla/venv/lib/python3.6/site-packages/neutron_lib/callbacks/manager.py:177
2026-03-19 02:17:37.983 22 DEBUG neutron.wsgi [-] (22) accepted ('10.0.0.50', 59648) server /var/lib/kolla/venv/lib/python3.6/site-packages/eventlet/wsgi.py:1004
2026-03-19 02:17:37.989 22 INFO neutron.wsgi [-] 10.0.0.50 "GET / HTTP/1.1" status: 200 len: 227 time: 0.0048006
2026-03-19 02:17:39.749 23 DEBUG neutron_lib.callbacks.manager [req-3df37dc4-727e-473a-9493-9595c3f42edf - - - - -] Publish callbacks ['neutron.services.segments.db._update_segment_host_mapping_for_agent-8785717817408', 'neutron.plugins.ml2.plugin.Ml2Plugin._retry_binding_revived_agents--9223372036851345170'] for agent (db49b288-9b60-4013-b3b7-e5f7450f3c7a), after_update _notify_loop /var/lib/kolla/venv/lib/python3.6/site-packages/neutron_lib/callbacks/manager.py:177
2026-03-19 02:17:53.057 25 DEBUG neutron_lib.callbacks.manager [req-3636e4e5-866b-4982-84ca-258f2e242199 - - - - -] Publish callbacks ['neutron.services.segments.db._update_segment_host_mapping_for_agent-8785717817408', 'neutron.plugins.ml2.plugin.Ml2Plugin._retry_binding_revived_agents--9223372036851345170'] for agent (4277e76e-c02c-4cf3-8609-4899fa252ec3), after_update _notify_loop /var/lib/kolla/venv/lib/python3.6/site-packages/neutron_lib/callbacks/manager.py:177
2026-03-19 02:17:53.475 29 DEBUG neutron.db.agents_db [req-d0799190-dc42-4ddc-a9f4-fe5420c4e8ff - - - - -] Agent healthcheck: found 2 active agents agent_health_check /var/lib/kolla/venv/lib/python3.6/site-packages/neutron/db/agents_db.py:318
2026-03-19 02:18:08.044 22 DEBUG neutron.wsgi [-] (22) accepted ('10.0.0.50', 36256) server /var/lib/kolla/venv/lib/python3.6/site-packages/eventlet/wsgi.py:1004
2026-03-19 02:18:08.049 22 INFO neutron.wsgi [-] 10.0.0.50 "GET / HTTP/1.1" status: 200 len: 227 time: 0.0030057
2026-03-19 02:18:09.754 28 DEBUG neutron_lib.callbacks.manager [req-2bd328df-1eae-410d-b9c8-3392a51d459e - - - - -] Publish callbacks ['neutron.services.segments.db._update_segment_host_mapping_for_agent-8785717817408', 'neutron.plugins.ml2.plugin.Ml2Plugin._retry_binding_revived_agents--9223372036851345170'] for agent (db49b288-9b60-4013-b3b7-e5f7450f3c7a), after_update _notify_loop /var/lib/kolla/venv/lib/python3.6/site-packages/neutron_lib/callbacks/manager.py:177
2026-03-19 02:18:23.050 27 DEBUG neutron_lib.callbacks.manager [req-3636e4e5-866b-4982-84ca-258f2e242199 - - - - -] Publish callbacks ['neutron.services.segments.db._update_segment_host_mapping_for_agent-8785717817408', 'neutron.plugins.ml2.plugin.Ml2Plugin._retry_binding_revived_agents--9223372036851345170'] for agent (4277e76e-c02c-4cf3-8609-4899fa252ec3), after_update _notify_loop /var/lib/kolla/venv/lib/python3.6/site-packages/neutron_lib/callbacks/manager.py:177
2026-03-19 02:18:30.475 29 DEBUG neutron.db.agents_db [req-d0799190-dc42-4ddc-a9f4-fe5420c4e8ff - - - - -] Agent healthcheck: found 2 active agents agent_health_check /var/lib/kolla/venv/lib/python3.6/site-packages/neutron/db/agents_db.py:318
2026-03-19 02:18:36.827 7 INFO oslo_service.service [-] Caught SIGTERM, stopping children
2026-03-19 02:18:36.828 7 DEBUG oslo_concurrency.lockutils [-] Acquired lock "singleton_lock" lock /var/lib/kolla/venv/lib/python3.6/site-packages/oslo_concurrency/lockutils.py:294
2026-03-19 02:18:36.828 7 DEBUG oslo_concurrency.lockutils [-] Releasing lock "singleton_lock" lock /var/lib/kolla/venv/lib/python3.6/site-packages/oslo_concurrency/lockutils.py:312
2026-03-19 02:18:36.828 7 DEBUG oslo_service.service [-] Stop services. stop /var/lib/kolla/venv/lib/python3.6/site-packages/oslo_service/service.py:695
2026-03-19 02:18:36.828 7 DEBUG neutron.service [-] calling RpcWorker stop() stop /var/lib/kolla/venv/lib/python3.6/site-packages/neutron/service.py:138
2026-03-19 02:18:36.828 7 DEBUG neutron.service [-] calling RpcWorker stop() stop /var/lib/kolla/venv/lib/python3.6/site-packages/neutron/service.py:138
2026-03-19 02:18:36.828 7 DEBUG oslo_service.service [-] Killing children. stop /var/lib/kolla/venv/lib/python3.6/site-packages/oslo_service/service.py:700
2026-03-19 02:18:36.829 7 INFO oslo_service.service [-] Waiting on 8 children to exit
2026-03-19 02:18:36.829 22 INFO neutron.wsgi [-] (22) wsgi exited, is_accepting=True
2026-03-19 02:18:36.829 26 DEBUG neutron.service [-] calling RpcWorker stop() stop /var/lib/kolla/venv/lib/python3.6/site-packages/neutron/service.py:138
2026-03-19 02:18:36.830 22 DEBUG oslo_concurrency.lockutils [req-d409d915-128f-4811-a708-9f9225cc0444 - - - - -] Acquired lock "singleton_lock" lock /var/lib/kolla/venv/lib/python3.6/site-packages/oslo_concurrency/lockutils.py:294
2026-03-19 02:18:36.830 22 DEBUG oslo_concurrency.lockutils [req-d409d915-128f-4811-a708-9f9225cc0444 - - - - -] Releasing lock "singleton_lock" lock /var/lib/kolla/venv/lib/python3.6/site-packages/oslo_concurrency/lockutils.py:312
2026-03-19 02:18:36.832 25 DEBUG neutron.service [-] calling RpcWorker stop() stop /var/lib/kolla/venv/lib/python3.6/site-packages/neutron/service.py:138
2026-03-19 02:18:36.830 26 DEBUG neutron.service [-] calling stop on stop /var/lib/kolla/venv/lib/python3.6/site-packages/neutron/service.py:141
2026-03-19 02:18:36.833 23 DEBUG neutron.service [-] calling RpcWorker stop() stop /var/lib/kolla/venv/lib/python3.6/site-packages/neutron/service.py:138
2026-03-19 02:18:36.833 25 DEBUG neutron.service [-] calling stop on stop /var/lib/kolla/venv/lib/python3.6/site-packages/neutron/service.py:141
2026-03-19 02:18:36.834 23 DEBUG neutron.service [-] calling stop on stop /var/lib/kolla/venv/lib/python3.6/site-packages/neutron/service.py:141
2026-03-19 02:18:36.837 29 DEBUG neutron.service [-] calling RpcWorker stop() stop /var/lib/kolla/venv/lib/python3.6/site-packages/neutron/service.py:138
2026-03-19 02:18:36.837 7 INFO oslo_service.service [-] Child 22 exited with status 0
2026-03-19 02:18:36.837 29 DEBUG neutron.service [-] calling stop on stop /var/lib/kolla/venv/lib/python3.6/site-packages/neutron/service.py:141
2026-03-19 02:18:36.839 24 DEBUG neutron.service [-] calling RpcWorker stop() stop /var/lib/kolla/venv/lib/python3.6/site-packages/neutron/service.py:138
2026-03-19 02:18:36.839 28 DEBUG neutron.service [-] calling RpcWorker stop() stop /var/lib/kolla/venv/lib/python3.6/site-packages/neutron/service.py:138
2026-03-19 02:18:36.839 24 DEBUG neutron.service [-] calling stop on stop /var/lib/kolla/venv/lib/python3.6/site-packages/neutron/service.py:141
2026-03-19 02:18:36.839 28 DEBUG neutron.service [-] calling stop on stop /var/lib/kolla/venv/lib/python3.6/site-packages/neutron/service.py:141
2026-03-19 02:18:36.842 27 DEBUG neutron.service [-] calling RpcWorker stop() stop /var/lib/kolla/venv/lib/python3.6/site-packages/neutron/service.py:138
2026-03-19 02:18:36.843 27 DEBUG neutron.service [-] calling stop on stop /var/lib/kolla/venv/lib/python3.6/site-packages/neutron/service.py:141
2026-03-19 02:18:37.950 28 DEBUG oslo_concurrency.lockutils [req-d409d915-128f-4811-a708-9f9225cc0444 - - - - -] Acquired lock "singleton_lock" lock /var/lib/kolla/venv/lib/python3.6/site-packages/oslo_concurrency/lockutils.py:294
2026-03-19 02:18:37.950 28 DEBUG oslo_concurrency.lockutils [req-d409d915-128f-4811-a708-9f9225cc0444 - - - - -] Releasing lock "singleton_lock" lock /var/lib/kolla/venv/lib/python3.6/site-packages/oslo_concurrency/lockutils.py:312
2026-03-19 02:18:37.950 28 DEBUG neutron.service [req-d409d915-128f-4811-a708-9f9225cc0444 - - - - -] calling RpcWorker wait() _wait /var/lib/kolla/venv/lib/python3.6/site-packages/neutron/service.py:128
2026-03-19 02:18:37.951 28 DEBUG neutron.service [req-d409d915-128f-4811-a708-9f9225cc0444 - - - - -] calling wait on _wait /var/lib/kolla/venv/lib/python3.6/site-packages/neutron/service.py:131
2026-03-19 02:18:37.958 28 WARNING amqp [req-d409d915-128f-4811-a708-9f9225cc0444 - - - - -] Received method (60, 30) during closing channel 1. This method will be ignored
2026-03-19 02:18:37.960 28 DEBUG neutron.service [req-d409d915-128f-4811-a708-9f9225cc0444 - - - - -] returning from RpcWorker wait() _wait /var/lib/kolla/venv/lib/python3.6/site-packages/neutron/service.py:135
2026-03-19 02:18:37.970 7 INFO oslo_service.service [-] Child 28 exited with status 0
2026-03-19 02:18:39.747 26 DEBUG oslo_concurrency.lockutils [req-d409d915-128f-4811-a708-9f9225cc0444 - - - - -] Acquired lock "singleton_lock" lock /var/lib/kolla/venv/lib/python3.6/site-packages/oslo_concurrency/lockutils.py:294
2026-03-19 02:18:39.748 26 DEBUG oslo_concurrency.lockutils [req-d409d915-128f-4811-a708-9f9225cc0444 - - - - -] Releasing lock "singleton_lock" lock /var/lib/kolla/venv/lib/python3.6/site-packages/oslo_concurrency/lockutils.py:312
2026-03-19 02:18:39.749 26 DEBUG neutron.service [req-d409d915-128f-4811-a708-9f9225cc0444 - - - - -] calling RpcWorker wait() _wait /var/lib/kolla/venv/lib/python3.6/site-packages/neutron/service.py:128
2026-03-19 02:18:39.750 26 DEBUG neutron.service [req-d409d915-128f-4811-a708-9f9225cc0444 - - - - -] calling wait on _wait /var/lib/kolla/venv/lib/python3.6/site-packages/neutron/service.py:131
2026-03-19 02:18:39.759 26 DEBUG neutron_lib.callbacks.manager [req-37c43008-6825-4a90-aebc-60f7026714dc - - - - -] Publish callbacks ['neutron.services.segments.db._update_segment_host_mapping_for_agent-8785717817408', 'neutron.plugins.ml2.plugin.Ml2Plugin._retry_binding_revived_agents--9223372036851345170'] for agent (db49b288-9b60-4013-b3b7-e5f7450f3c7a), after_update _notify_loop /var/lib/kolla/venv/lib/python3.6/site-packages/neutron_lib/callbacks/manager.py:177
2026-03-19 02:18:39.767 26 WARNING amqp [req-d409d915-128f-4811-a708-9f9225cc0444 - - - - -] Received method (60, 30) during closing channel 1. This method will be ignored
2026-03-19 02:18:39.768 26 DEBUG neutron.service [req-d409d915-128f-4811-a708-9f9225cc0444 - - - - -] returning from RpcWorker wait() _wait /var/lib/kolla/venv/lib/python3.6/site-packages/neutron/service.py:135
2026-03-19 02:18:39.773 7 INFO oslo_service.service [-] Child 26 exited with status 0
2026-03-19 02:18:40.441 23 DEBUG neutron.service [-] calling stop on stop /var/lib/kolla/venv/lib/python3.6/site-packages/neutron/service.py:141
2026-03-19 02:18:40.442 24 DEBUG neutron.service [-] calling stop on stop /var/lib/kolla/venv/lib/python3.6/site-packages/neutron/service.py:141
2026-03-19 02:18:40.452 25 DEBUG neutron.service [-] calling stop on stop /var/lib/kolla/venv/lib/python3.6/site-packages/neutron/service.py:141
2026-03-19 02:18:40.469 24 DEBUG neutron.service [-] calling stop on stop /var/lib/kolla/venv/lib/python3.6/site-packages/neutron/service.py:141
2026-03-19 02:18:40.469 23 DEBUG neutron.service [-] calling stop on stop /var/lib/kolla/venv/lib/python3.6/site-packages/neutron/service.py:141
2026-03-19 02:18:40.474 25 DEBUG neutron.service [-] calling stop on stop /var/lib/kolla/venv/lib/python3.6/site-packages/neutron/service.py:141
2026-03-19 02:18:40.476 29 DEBUG oslo_concurrency.lockutils [req-d409d915-128f-4811-a708-9f9225cc0444 - - - - -] Acquired lock "singleton_lock" lock /var/lib/kolla/venv/lib/python3.6/site-packages/oslo_concurrency/lockutils.py:294
2026-03-19 02:18:40.476 29 DEBUG oslo_concurrency.lockutils [req-d409d915-128f-4811-a708-9f9225cc0444 - - - - -] Releasing lock "singleton_lock" lock /var/lib/kolla/venv/lib/python3.6/site-packages/oslo_concurrency/lockutils.py:312
2026-03-19 02:18:40.476 29 DEBUG neutron.service [req-d409d915-128f-4811-a708-9f9225cc0444 - - - - -] calling RpcWorker wait() _wait /var/lib/kolla/venv/lib/python3.6/site-packages/neutron/service.py:128
2026-03-19 02:18:40.476 29 DEBUG neutron.service [req-d409d915-128f-4811-a708-9f9225cc0444 - - - - -] calling wait on _wait /var/lib/kolla/venv/lib/python3.6/site-packages/neutron/service.py:131
2026-03-19 02:18:40.483 29 WARNING amqp [req-d409d915-128f-4811-a708-9f9225cc0444 - - - - -] Received method (60, 30) during closing channel 1. This method will be ignored
2026-03-19 02:18:40.484 29 DEBUG neutron.service [req-d409d915-128f-4811-a708-9f9225cc0444 - - - - -] returning from RpcWorker wait() _wait /var/lib/kolla/venv/lib/python3.6/site-packages/neutron/service.py:135
2026-03-19 02:18:40.490 7 INFO oslo_service.service [-] Child 29 exited with status 0
2026-03-19 02:18:40.498 24 DEBUG neutron.service [-] calling stop on stop /var/lib/kolla/venv/lib/python3.6/site-packages/neutron/service.py:141
2026-03-19 02:18:40.500 25 DEBUG neutron.service [-] calling stop on stop /var/lib/kolla/venv/lib/python3.6/site-packages/neutron/service.py:141
2026-03-19 02:18:40.500 23 DEBUG neutron.service [-] calling stop on stop /var/lib/kolla/venv/lib/python3.6/site-packages/neutron/service.py:141
2026-03-19 02:18:40.515 24 DEBUG oslo_concurrency.lockutils [req-d409d915-128f-4811-a708-9f9225cc0444 - - - - -] Acquired lock "singleton_lock" lock /var/lib/kolla/venv/lib/python3.6/site-packages/oslo_concurrency/lockutils.py:294
2026-03-19 02:18:40.515 24 DEBUG oslo_concurrency.lockutils [req-d409d915-128f-4811-a708-9f9225cc0444 - - - - -] Releasing lock "singleton_lock" lock /var/lib/kolla/venv/lib/python3.6/site-packages/oslo_concurrency/lockutils.py:312
2026-03-19 02:18:40.516 24 DEBUG neutron.service [req-d409d915-128f-4811-a708-9f9225cc0444 - - - - -] calling RpcWorker wait() _wait /var/lib/kolla/venv/lib/python3.6/site-packages/neutron/service.py:128
2026-03-19 02:18:40.516 24 DEBUG neutron.service [req-d409d915-128f-4811-a708-9f9225cc0444 - - - - -] calling wait on _wait /var/lib/kolla/venv/lib/python3.6/site-packages/neutron/service.py:131
2026-03-19 02:18:40.518 23 DEBUG oslo_concurrency.lockutils [req-d409d915-128f-4811-a708-9f9225cc0444 - - - - -] Acquired lock "singleton_lock" lock /var/lib/kolla/venv/lib/python3.6/site-packages/oslo_concurrency/lockutils.py:294
2026-03-19 02:18:40.518 23 DEBUG oslo_concurrency.lockutils [req-d409d915-128f-4811-a708-9f9225cc0444 - - - - -] Releasing lock "singleton_lock" lock /var/lib/kolla/venv/lib/python3.6/site-packages/oslo_concurrency/lockutils.py:312
2026-03-19 02:18:40.518 23 DEBUG neutron.service [req-d409d915-128f-4811-a708-9f9225cc0444 - - - - -] calling RpcWorker wait() _wait /var/lib/kolla/venv/lib/python3.6/site-packages/neutron/service.py:128
2026-03-19 02:18:40.519 23 DEBUG neutron.service [req-d409d915-128f-4811-a708-9f9225cc0444 - - - - -] calling wait on _wait /var/lib/kolla/venv/lib/python3.6/site-packages/neutron/service.py:131
2026-03-19 02:18:40.521 24 WARNING amqp [req-d409d915-128f-4811-a708-9f9225cc0444 - - - - -] Received method (60, 30) during closing channel 1. This method will be ignored
2026-03-19 02:18:40.522 24 DEBUG neutron.service [req-d409d915-128f-4811-a708-9f9225cc0444 - - - - -] calling wait on _wait /var/lib/kolla/venv/lib/python3.6/site-packages/neutron/service.py:131
2026-03-19 02:18:40.524 23 WARNING amqp [req-d409d915-128f-4811-a708-9f9225cc0444 - - - - -] Received method (60, 30) during closing channel 1. This method will be ignored
2026-03-19 02:18:40.524 25 DEBUG oslo_concurrency.lockutils [req-d409d915-128f-4811-a708-9f9225cc0444 - - - - -] Acquired lock "singleton_lock" lock /var/lib/kolla/venv/lib/python3.6/site-packages/oslo_concurrency/lockutils.py:294
2026-03-19 02:18:40.524 25 DEBUG oslo_concurrency.lockutils [req-d409d915-128f-4811-a708-9f9225cc0444 - - - - -] Releasing lock "singleton_lock" lock /var/lib/kolla/venv/lib/python3.6/site-packages/oslo_concurrency/lockutils.py:312
2026-03-19 02:18:40.525 25 DEBUG neutron.service [req-d409d915-128f-4811-a708-9f9225cc0444 - - - - -] calling RpcWorker wait() _wait /var/lib/kolla/venv/lib/python3.6/site-packages/neutron/service.py:128
2026-03-19 02:18:40.525 25 DEBUG neutron.service [req-d409d915-128f-4811-a708-9f9225cc0444 - - - - -] calling wait on _wait /var/lib/kolla/venv/lib/python3.6/site-packages/neutron/service.py:131
2026-03-19 02:18:40.526 23 DEBUG neutron.service [req-d409d915-128f-4811-a708-9f9225cc0444 - - - - -] calling wait on _wait /var/lib/kolla/venv/lib/python3.6/site-packages/neutron/service.py:131
2026-03-19 02:18:40.527 24 WARNING amqp [req-d409d915-128f-4811-a708-9f9225cc0444 - - - - -] Received method (60, 30) during closing channel 1. This method will be ignored
2026-03-19 02:18:40.527 24 DEBUG neutron.service [req-d409d915-128f-4811-a708-9f9225cc0444 - - - - -] calling wait on _wait /var/lib/kolla/venv/lib/python3.6/site-packages/neutron/service.py:131
2026-03-19 02:18:40.530 25 WARNING amqp [req-d409d915-128f-4811-a708-9f9225cc0444 - - - - -] Received method (60, 30) during closing channel 1. This method will be ignored
2026-03-19 02:18:40.531 25 DEBUG neutron.service [req-d409d915-128f-4811-a708-9f9225cc0444 - - - - -] calling wait on _wait /var/lib/kolla/venv/lib/python3.6/site-packages/neutron/service.py:131
2026-03-19 02:18:40.531 23 WARNING amqp [req-d409d915-128f-4811-a708-9f9225cc0444 - - - - -] Received method (60, 30) during closing channel 1. This method will be ignored
2026-03-19 02:18:40.532 23 DEBUG neutron.service [req-d409d915-128f-4811-a708-9f9225cc0444 - - - - -] calling wait on _wait /var/lib/kolla/venv/lib/python3.6/site-packages/neutron/service.py:131
2026-03-19 02:18:40.534 24 WARNING amqp [req-d409d915-128f-4811-a708-9f9225cc0444 - - - - -] Received method (60, 30) during closing channel 1. This method will be ignored
2026-03-19 02:18:40.535 24 DEBUG neutron.service [req-d409d915-128f-4811-a708-9f9225cc0444 - - - - -] calling wait on _wait /var/lib/kolla/venv/lib/python3.6/site-packages/neutron/service.py:131
2026-03-19 02:18:40.537 25 WARNING amqp [req-d409d915-128f-4811-a708-9f9225cc0444 - - - - -] Received method (60, 30) during closing channel 1. This method will be ignored
2026-03-19 02:18:40.538 25 DEBUG neutron.service [req-d409d915-128f-4811-a708-9f9225cc0444 - - - - -] calling wait on _wait /var/lib/kolla/venv/lib/python3.6/site-packages/neutron/service.py:131
2026-03-19 02:18:40.539 23 WARNING amqp [req-d409d915-128f-4811-a708-9f9225cc0444 - - - - -] Received method (60, 30) during closing channel 1. This method will be ignored
2026-03-19 02:18:40.540 23 DEBUG neutron.service [req-d409d915-128f-4811-a708-9f9225cc0444 - - - - -] calling wait on _wait /var/lib/kolla/venv/lib/python3.6/site-packages/neutron/service.py:131
2026-03-19 02:18:40.542 24 WARNING amqp [req-d409d915-128f-4811-a708-9f9225cc0444 - - - - -] Received method (60, 30) during closing channel 1. This method will be ignored
2026-03-19 02:18:40.543 24 DEBUG neutron.service [req-d409d915-128f-4811-a708-9f9225cc0444 - - - - -] returning from RpcWorker wait() _wait /var/lib/kolla/venv/lib/python3.6/site-packages/neutron/service.py:135
2026-03-19 02:18:40.545 25 WARNING amqp [req-d409d915-128f-4811-a708-9f9225cc0444 - - - - -] Received method (60, 30) during closing channel 1. This method will be ignored
2026-03-19 02:18:40.546 25 DEBUG neutron.service [req-d409d915-128f-4811-a708-9f9225cc0444 - - - - -] calling wait on _wait /var/lib/kolla/venv/lib/python3.6/site-packages/neutron/service.py:131
2026-03-19 02:18:40.548 23 WARNING amqp [req-d409d915-128f-4811-a708-9f9225cc0444 - - - - -] Received method (60, 30) during closing channel 1. This method will be ignored
2026-03-19 02:18:40.549 23 DEBUG neutron.service [req-d409d915-128f-4811-a708-9f9225cc0444 - - - - -] returning from RpcWorker wait() _wait /var/lib/kolla/venv/lib/python3.6/site-packages/neutron/service.py:135
2026-03-19 02:18:40.552 25 WARNING amqp [req-d409d915-128f-4811-a708-9f9225cc0444 - - - - -] Received method (60, 30) during closing channel 1. This method will be ignored
2026-03-19 02:18:40.553 25 DEBUG neutron.service [req-d409d915-128f-4811-a708-9f9225cc0444 - - - - -] returning from RpcWorker wait() _wait /var/lib/kolla/venv/lib/python3.6/site-packages/neutron/service.py:135
2026-03-19 02:18:40.554 7 INFO oslo_service.service [-] Child 23 exited with status 0
2026-03-19 02:18:40.558 7 INFO oslo_service.service [-] Child 25 exited with status 0
2026-03-19 02:18:40.559 7 INFO oslo_service.service [-] Child 24 exited with status 0
2026-03-19 02:18:41.248 27 DEBUG oslo_concurrency.lockutils [req-d409d915-128f-4811-a708-9f9225cc0444 - - - - -] Acquired lock "singleton_lock" lock /var/lib/kolla/venv/lib/python3.6/site-packages/oslo_concurrency/lockutils.py:294
2026-03-19 02:18:41.248 27 DEBUG oslo_concurrency.lockutils [req-d409d915-128f-4811-a708-9f9225cc0444 - - - - -] Releasing lock "singleton_lock" lock /var/lib/kolla/venv/lib/python3.6/site-packages/oslo_concurrency/lockutils.py:312
2026-03-19 02:18:41.248 27 DEBUG neutron.service [req-d409d915-128f-4811-a708-9f9225cc0444 - - - - -] calling RpcWorker wait() _wait /var/lib/kolla/venv/lib/python3.6/site-packages/neutron/service.py:128
2026-03-19 02:18:41.249 27 DEBUG neutron.service [req-d409d915-128f-4811-a708-9f9225cc0444 - - - - -] calling wait on _wait /var/lib/kolla/venv/lib/python3.6/site-packages/neutron/service.py:131
2026-03-19 02:18:41.255 27 WARNING amqp [req-d409d915-128f-4811-a708-9f9225cc0444 - - - - -] Received method (60, 30) during closing channel 1. This method will be ignored
