2026-03-16 00:39:09.682 143308 DEBUG oslo_db.sqlalchemy.engines [req-4d8d63d6-c5ed-440d-a22e-eb8b98e0d47b - - - - -] MySQL server mode set to STRICT_TRANS_TABLES,STRICT_ALL_TABLES,NO_ZERO_IN_DATE,NO_ZERO_DATE,ERROR_FOR_DIVISION_BY_ZERO,TRADITIONAL,NO_ENGINE_SUBSTITUTION _check_effective_sql_mode /usr/lib/python3/dist-packages/oslo_db/sqlalchemy/engines.py:314
2026-03-16 00:39:09.682 142491 DEBUG oslo_service.service [req-950ff7fc-201d-4bcf-9a95-91811b39eac6 - - - - -] rpc_response_timeout = 60 log_opt_values /usr/lib/python3/dist-packages/oslo_config/cfg.py:2602
2026-03-16 00:39:09.683 142491 DEBUG oslo_service.service [req-950ff7fc-201d-4bcf-9a95-91811b39eac6 - - - - -] run_external_periodic_tasks = True log_opt_values /usr/lib/python3/dist-packages/oslo_config/cfg.py:2602
2026-03-16 00:39:09.683 142491 DEBUG oslo_service.service [req-950ff7fc-201d-4bcf-9a95-91811b39eac6 - - - - -] running_deleted_instance_action = reap log_opt_values /usr/lib/python3/dist-packages/oslo_config/cfg.py:2602
2026-03-16 00:39:09.683 142491 DEBUG oslo_service.service [req-950ff7fc-201d-4bcf-9a95-91811b39eac6 - - - - -] running_deleted_instance_poll_interval = 1800 log_opt_values /usr/lib/python3/dist-packages/oslo_config/cfg.py:2602
2026-03-16 00:39:09.683 142491 DEBUG oslo_service.service [req-950ff7fc-201d-4bcf-9a95-91811b39eac6 - - - - -] running_deleted_instance_timeout = 0 log_opt_values /usr/lib/python3/dist-packages/oslo_config/cfg.py:2602
2026-03-16 00:39:09.683 142491 DEBUG oslo_service.service [req-950ff7fc-201d-4bcf-9a95-91811b39eac6 - - - - -] scheduler_instance_sync_interval = 120 log_opt_values /usr/lib/python3/dist-packages/oslo_config/cfg.py:2602
2026-03-16 00:39:09.684 142491 DEBUG oslo_service.service [req-950ff7fc-201d-4bcf-9a95-91811b39eac6 - - - - -] service_down_time = 60 log_opt_values /usr/lib/python3/dist-packages/oslo_config/cfg.py:2602
2026-03-16 00:39:09.684 142491 DEBUG oslo_service.service [req-950ff7fc-201d-4bcf-9a95-91811b39eac6 - - - - -] servicegroup_driver = db log_opt_values /usr/lib/python3/dist-packages/oslo_config/cfg.py:2602
2026-03-16 00:39:09.684 142491 DEBUG oslo_service.service [req-950ff7fc-201d-4bcf-9a95-91811b39eac6 - - - - -] shelved_offload_time = 0 log_opt_values /usr/lib/python3/dist-packages/oslo_config/cfg.py:2602
2026-03-16 00:39:09.684 142491 DEBUG oslo_service.service [req-950ff7fc-201d-4bcf-9a95-91811b39eac6 - - - - -] shelved_poll_interval = 3600 log_opt_values /usr/lib/python3/dist-packages/oslo_config/cfg.py:2602
2026-03-16 00:39:09.684 142491 DEBUG oslo_service.service [req-950ff7fc-201d-4bcf-9a95-91811b39eac6 - - - - -] shutdown_timeout = 60 log_opt_values /usr/lib/python3/dist-packages/oslo_config/cfg.py:2602
2026-03-16 00:39:09.685 142491 DEBUG oslo_service.service [req-950ff7fc-201d-4bcf-9a95-91811b39eac6 - - - - -] source_is_ipv6 = False log_opt_values /usr/lib/python3/dist-packages/oslo_config/cfg.py:2602
2026-03-16 00:39:09.685 142491 DEBUG oslo_service.service [req-950ff7fc-201d-4bcf-9a95-91811b39eac6 - - - - -] ssl_only = False log_opt_values /usr/lib/python3/dist-packages/oslo_config/cfg.py:2602
2026-03-16 00:39:09.685 142491 DEBUG oslo_service.service [req-950ff7fc-201d-4bcf-9a95-91811b39eac6 - - - - -] state_path = /var/lib/nova log_opt_values /usr/lib/python3/dist-packages/oslo_config/cfg.py:2602
2026-03-16 00:39:09.685 142491 DEBUG oslo_service.service [req-950ff7fc-201d-4bcf-9a95-91811b39eac6 - - - - -] sync_power_state_interval = 600 log_opt_values /usr/lib/python3/dist-packages/oslo_config/cfg.py:2602
2026-03-16 00:39:09.686 142491 DEBUG oslo_service.service [req-950ff7fc-201d-4bcf-9a95-91811b39eac6 - - - - -] sync_power_state_pool_size = 1000 log_opt_values /usr/lib/python3/dist-packages/oslo_config/cfg.py:2602
2026-03-16 00:39:09.686 142491 DEBUG oslo_service.service [req-950ff7fc-201d-4bcf-9a95-91811b39eac6 - - - - -] syslog_log_facility = LOG_USER log_opt_values /usr/lib/python3/dist-packages/oslo_config/cfg.py:2602
2026-03-16 00:39:09.686 142491 DEBUG oslo_service.service [req-950ff7fc-201d-4bcf-9a95-91811b39eac6 - - - - -] tempdir = None log_opt_values /usr/lib/python3/dist-packages/oslo_config/cfg.py:2602
2026-03-16 00:39:09.686 142491 DEBUG oslo_service.service [req-950ff7fc-201d-4bcf-9a95-91811b39eac6 - - - - -] timeout_nbd = 10 log_opt_values /usr/lib/python3/dist-packages/oslo_config/cfg.py:2602
2026-03-16 00:39:09.686 142491 DEBUG oslo_service.service [req-950ff7fc-201d-4bcf-9a95-91811b39eac6 - - - - -] transport_url = **** log_opt_values /usr/lib/python3/dist-packages/oslo_config/cfg.py:2602
2026-03-16 00:39:09.687 142491 DEBUG oslo_service.service [req-950ff7fc-201d-4bcf-9a95-91811b39eac6 - - - - -] update_resources_interval = 0 log_opt_values /usr/lib/python3/dist-packages/oslo_config/cfg.py:2602
2026-03-16 00:39:09.687 142491 DEBUG oslo_service.service [req-950ff7fc-201d-4bcf-9a95-91811b39eac6 - - - - -] use_cow_images = True log_opt_values /usr/lib/python3/dist-packages/oslo_config/cfg.py:2602
2026-03-16 00:39:09.687 142491 DEBUG oslo_service.service [req-950ff7fc-201d-4bcf-9a95-91811b39eac6 - - - - -] use_eventlog = False log_opt_values /usr/lib/python3/dist-packages/oslo_config/cfg.py:2602
2026-03-16 00:39:09.687 142491 DEBUG oslo_service.service [req-950ff7fc-201d-4bcf-9a95-91811b39eac6 - - - - -] use_journal = False log_opt_values /usr/lib/python3/dist-packages/oslo_config/cfg.py:2602
2026-03-16 00:39:09.687 142491 DEBUG oslo_service.service [req-950ff7fc-201d-4bcf-9a95-91811b39eac6 - - - - -] use_json = False log_opt_values /usr/lib/python3/dist-packages/oslo_config/cfg.py:2602
2026-03-16 00:39:09.688 142491 DEBUG oslo_service.service [req-950ff7fc-201d-4bcf-9a95-91811b39eac6 - - - - -] use_rootwrap_daemon = False log_opt_values /usr/lib/python3/dist-packages/oslo_config/cfg.py:2602
2026-03-16 00:39:09.688 142491 DEBUG oslo_service.service [req-950ff7fc-201d-4bcf-9a95-91811b39eac6 - - - - -] use_stderr = False log_opt_values /usr/lib/python3/dist-packages/oslo_config/cfg.py:2602
2026-03-16 00:39:09.688 142491 DEBUG oslo_service.service [req-950ff7fc-201d-4bcf-9a95-91811b39eac6 - - - - -] use_syslog = False log_opt_values /usr/lib/python3/dist-packages/oslo_config/cfg.py:2602
2026-03-16 00:39:09.688 142491 DEBUG oslo_service.service [req-950ff7fc-201d-4bcf-9a95-91811b39eac6 - - - - -] vcpu_pin_set = None log_opt_values /usr/lib/python3/dist-packages/oslo_config/cfg.py:2602
2026-03-16 00:39:09.688 142491 DEBUG oslo_service.service [req-950ff7fc-201d-4bcf-9a95-91811b39eac6 - - - - -] vif_plugging_is_fatal = True log_opt_values /usr/lib/python3/dist-packages/oslo_config/cfg.py:2602
2026-03-16 00:39:09.689 142491 DEBUG oslo_service.service [req-950ff7fc-201d-4bcf-9a95-91811b39eac6 - - - - -] vif_plugging_timeout = 300 log_opt_values /usr/lib/python3/dist-packages/oslo_config/cfg.py:2602
2026-03-16 00:39:09.689 143307 DEBUG nova.service [req-cb973c9c-7ecd-4e69-aa5f-35a0ab11687a - - - - -] Creating RPC server for service conductor start /usr/lib/python3/dist-packages/nova/service.py:182
2026-03-16 00:39:09.689 142491 DEBUG oslo_service.service [req-950ff7fc-201d-4bcf-9a95-91811b39eac6 - - - - -] virt_mkfs = [] log_opt_values /usr/lib/python3/dist-packages/oslo_config/cfg.py:2602
2026-03-16 00:39:09.689 142491 DEBUG oslo_service.service [req-950ff7fc-201d-4bcf-9a95-91811b39eac6 - - - - -] volume_usage_poll_interval = 0 log_opt_values /usr/lib/python3/dist-packages/oslo_config/cfg.py:2602
2026-03-16 00:39:09.689 142491 DEBUG oslo_service.service [req-950ff7fc-201d-4bcf-9a95-91811b39eac6 - - - - -] watch_log_file = False log_opt_values /usr/lib/python3/dist-packages/oslo_config/cfg.py:2602
2026-03-16 00:39:09.690 142491 DEBUG oslo_service.service [req-950ff7fc-201d-4bcf-9a95-91811b39eac6 - - - - -] web = /usr/share/spice-html5 log_opt_values /usr/lib/python3/dist-packages/oslo_config/cfg.py:2602
2026-03-16 00:39:09.690 142491 DEBUG oslo_service.service [req-950ff7fc-201d-4bcf-9a95-91811b39eac6 - - - - -] oslo_concurrency.disable_process_locking = False log_opt_values /usr/lib/python3/dist-packages/oslo_config/cfg.py:2609
2026-03-16 00:39:09.690 142491 DEBUG oslo_service.service [req-950ff7fc-201d-4bcf-9a95-91811b39eac6 - - - - -] oslo_concurrency.lock_path = /var/lock/nova log_opt_values /usr/lib/python3/dist-packages/oslo_config/cfg.py:2609
2026-03-16 00:39:09.691 142491 DEBUG oslo_service.service [req-950ff7fc-201d-4bcf-9a95-91811b39eac6 - - - - -] oslo_messaging_metrics.metrics_buffer_size = 1000 log_opt_values /usr/lib/python3/dist-packages/oslo_config/cfg.py:2609
2026-03-16 00:39:09.691 142491 DEBUG oslo_service.service [req-950ff7fc-201d-4bcf-9a95-91811b39eac6 - - - - -] oslo_messaging_metrics.metrics_enabled = False log_opt_values /usr/lib/python3/dist-packages/oslo_config/cfg.py:2609
2026-03-16 00:39:09.691 142491 DEBUG oslo_service.service [req-950ff7fc-201d-4bcf-9a95-91811b39eac6 - - - - -] oslo_messaging_metrics.metrics_process_name = log_opt_values /usr/lib/python3/dist-packages/oslo_config/cfg.py:2609
2026-03-16 00:39:09.691 142491 DEBUG oslo_service.service [req-950ff7fc-201d-4bcf-9a95-91811b39eac6 - - - - -] oslo_messaging_metrics.metrics_socket_file = /var/tmp/metrics_collector.sock log_opt_values /usr/lib/python3/dist-packages/oslo_config/cfg.py:2609
2026-03-16 00:39:09.691 142491 DEBUG oslo_service.service [req-950ff7fc-201d-4bcf-9a95-91811b39eac6 - - - - -] oslo_messaging_metrics.metrics_thread_stop_timeout = 10 log_opt_values /usr/lib/python3/dist-packages/oslo_config/cfg.py:2609
2026-03-16 00:39:09.692 142491 WARNING oslo_config.cfg [req-950ff7fc-201d-4bcf-9a95-91811b39eac6 - - - - -] Deprecated: Option "auth_strategy" from group "api" is deprecated for removal ( The only non-default choice, ``noauth2``, is for internal development and testing purposes only and should not be used in deployments. This option and its middleware, NoAuthMiddleware[V2_18], will be removed in a future release. ). Its value may be silently ignored in the future.
2026-03-16 00:39:09.692 142491 DEBUG oslo_service.service [req-950ff7fc-201d-4bcf-9a95-91811b39eac6 - - - - -] api.auth_strategy = keystone log_opt_values /usr/lib/python3/dist-packages/oslo_config/cfg.py:2609
2026-03-16 00:39:09.692 142491 DEBUG oslo_service.service [req-950ff7fc-201d-4bcf-9a95-91811b39eac6 - - - - -] api.compute_link_prefix = None log_opt_values /usr/lib/python3/dist-packages/oslo_config/cfg.py:2609
2026-03-16 00:39:09.693 142491 DEBUG oslo_service.service [req-950ff7fc-201d-4bcf-9a95-91811b39eac6 - - - - -] api.config_drive_skip_versions = 1.0 2007-01-19 2007-03-01 2007-08-29 2007-10-10 2007-12-15 2008-02-01 2008-09-01 log_opt_values /usr/lib/python3/dist-packages/oslo_config/cfg.py:2609
2026-03-16 00:39:09.693 142491 DEBUG oslo_service.service [req-950ff7fc-201d-4bcf-9a95-91811b39eac6 - - - - -] api.dhcp_domain = novalocal log_opt_values /usr/lib/python3/dist-packages/oslo_config/cfg.py:2609
2026-03-16 00:39:09.693 142491 DEBUG oslo_service.service [req-950ff7fc-201d-4bcf-9a95-91811b39eac6 - - - - -] api.enable_instance_password = True log_opt_values /usr/lib/python3/dist-packages/oslo_config/cfg.py:2609
2026-03-16 00:39:09.694 142491 DEBUG oslo_service.service [req-950ff7fc-201d-4bcf-9a95-91811b39eac6 - - - - -] api.glance_link_prefix = None log_opt_values /usr/lib/python3/dist-packages/oslo_config/cfg.py:2609
2026-03-16 00:39:09.694 142491 DEBUG oslo_service.service [req-950ff7fc-201d-4bcf-9a95-91811b39eac6 - - - - -] api.instance_list_cells_batch_fixed_size = 100 log_opt_values /usr/lib/python3/dist-packages/oslo_config/cfg.py:2609
2026-03-16 00:39:09.694 142491 DEBUG oslo_service.service [req-950ff7fc-201d-4bcf-9a95-91811b39eac6 - - - - -] api.instance_list_cells_batch_strategy = distributed log_opt_values /usr/lib/python3/dist-packages/oslo_config/cfg.py:2609
2026-03-16 00:39:09.694 142491 DEBUG oslo_service.service [req-950ff7fc-201d-4bcf-9a95-91811b39eac6 - - - - -] api.instance_list_per_project_cells = False log_opt_values /usr/lib/python3/dist-packages/oslo_config/cfg.py:2609
2026-03-16 00:39:09.695 142491 DEBUG oslo_service.service [req-950ff7fc-201d-4bcf-9a95-91811b39eac6 - - - - -] api.list_records_by_skipping_down_cells = True log_opt_values /usr/lib/python3/dist-packages/oslo_config/cfg.py:2609
2026-03-16 00:39:09.695 142491 DEBUG oslo_service.service [req-950ff7fc-201d-4bcf-9a95-91811b39eac6 - - - - -] api.local_metadata_per_cell = False log_opt_values /usr/lib/python3/dist-packages/oslo_config/cfg.py:2609
2026-03-16 00:39:09.695 142491 DEBUG oslo_service.service [req-950ff7fc-201d-4bcf-9a95-91811b39eac6 - - - - -] api.max_limit = 1000 log_opt_values /usr/lib/python3/dist-packages/oslo_config/cfg.py:2609
2026-03-16 00:39:09.695 142491 DEBUG oslo_service.service [req-950ff7fc-201d-4bcf-9a95-91811b39eac6 - - - - -] api.metadata_cache_expiration = 15 log_opt_values /usr/lib/python3/dist-packages/oslo_config/cfg.py:2609
2026-03-16 00:39:09.695 142491 DEBUG oslo_service.service [req-950ff7fc-201d-4bcf-9a95-91811b39eac6 - - - - -] api.neutron_default_tenant_id = default log_opt_values /usr/lib/python3/dist-packages/oslo_config/cfg.py:2609
2026-03-16 00:39:09.696 142491 DEBUG oslo_service.service [req-950ff7fc-201d-4bcf-9a95-91811b39eac6 - - - - -] api.use_forwarded_for = False log_opt_values /usr/lib/python3/dist-packages/oslo_config/cfg.py:2609
2026-03-16 00:39:09.696 142491 DEBUG oslo_service.service [req-950ff7fc-201d-4bcf-9a95-91811b39eac6 - - - - -] api.use_neutron_default_nets = False log_opt_values /usr/lib/python3/dist-packages/oslo_config/cfg.py:2609
2026-03-16 00:39:09.696 142491 DEBUG oslo_service.service [req-950ff7fc-201d-4bcf-9a95-91811b39eac6 - - - - -] api.vendordata_dynamic_connect_timeout = 5 log_opt_values /usr/lib/python3/dist-packages/oslo_config/cfg.py:2609
2026-03-16 00:39:09.696 142491 DEBUG oslo_service.service [req-950ff7fc-201d-4bcf-9a95-91811b39eac6 - - - - -] api.vendordata_dynamic_failure_fatal = False log_opt_values /usr/lib/python3/dist-packages/oslo_config/cfg.py:2609
2026-03-16 00:39:09.696 142491 DEBUG oslo_service.service [req-950ff7fc-201d-4bcf-9a95-91811b39eac6 - - - - -] api.vendordata_dynamic_read_timeout = 5 log_opt_values /usr/lib/python3/dist-packages/oslo_config/cfg.py:2609
2026-03-16 00:39:09.697 142491 DEBUG oslo_service.service [req-950ff7fc-201d-4bcf-9a95-91811b39eac6 - - - - -] api.vendordata_dynamic_ssl_certfile = log_opt_values /usr/lib/python3/dist-packages/oslo_config/cfg.py:2609
2026-03-16 00:39:09.697 142491 DEBUG oslo_service.service [req-950ff7fc-201d-4bcf-9a95-91811b39eac6 - - - - -] api.vendordata_dynamic_targets = [] log_opt_values /usr/lib/python3/dist-packages/oslo_config/cfg.py:2609
2026-03-16 00:39:09.697 142491 DEBUG oslo_service.service [req-950ff7fc-201d-4bcf-9a95-91811b39eac6 - - - - -] api.vendordata_jsonfile_path = None log_opt_values /usr/lib/python3/dist-packages/oslo_config/cfg.py:2609
2026-03-16 00:39:09.697 142491 DEBUG oslo_service.service [req-950ff7fc-201d-4bcf-9a95-91811b39eac6 - - - - -] api.vendordata_providers = ['StaticJSON'] log_opt_values /usr/lib/python3/dist-packages/oslo_config/cfg.py:2609
2026-03-16 00:39:09.698 142491 DEBUG oslo_service.service [req-950ff7fc-201d-4bcf-9a95-91811b39eac6 - - - - -] cache.backend = dogpile.cache.null log_opt_values /usr/lib/python3/dist-packages/oslo_config/cfg.py:2609
2026-03-16 00:39:09.698 142491 DEBUG oslo_service.service [req-950ff7fc-201d-4bcf-9a95-91811b39eac6 - - - - -] cache.backend_argument = **** log_opt_values /usr/lib/python3/dist-packages/oslo_config/cfg.py:2609
2026-03-16 00:39:09.698 142491 DEBUG oslo_service.service [req-950ff7fc-201d-4bcf-9a95-91811b39eac6 - - - - -] cache.config_prefix = cache.oslo log_opt_values /usr/lib/python3/dist-packages/oslo_config/cfg.py:2609
2026-03-16 00:39:09.698 142491 DEBUG oslo_service.service [req-950ff7fc-201d-4bcf-9a95-91811b39eac6 - - - - -] cache.debug_cache_backend = False log_opt_values /usr/lib/python3/dist-packages/oslo_config/cfg.py:2609
2026-03-16 00:39:09.698 142491 DEBUG oslo_service.service [req-950ff7fc-201d-4bcf-9a95-91811b39eac6 - - - - -] cache.enabled = False log_opt_values /usr/lib/python3/dist-packages/oslo_config/cfg.py:2609
2026-03-16 00:39:09.699 142491 DEBUG oslo_service.service [req-950ff7fc-201d-4bcf-9a95-91811b39eac6 - - - - -] cache.expiration_time = 600 log_opt_values /usr/lib/python3/dist-packages/oslo_config/cfg.py:2609
2026-03-16 00:39:09.699 142491 DEBUG oslo_service.service [req-950ff7fc-201d-4bcf-9a95-91811b39eac6 - - - - -] cache.memcache_dead_retry = 300 log_opt_values /usr/lib/python3/dist-packages/oslo_config/cfg.py:2609
2026-03-16 00:39:09.699 142491 DEBUG oslo_service.service [req-950ff7fc-201d-4bcf-9a95-91811b39eac6 - - - - -] cache.memcache_pool_connection_get_timeout = 10 log_opt_values /usr/lib/python3/dist-packages/oslo_config/cfg.py:2609
2026-03-16 00:39:09.699 142491 DEBUG oslo_service.service [req-950ff7fc-201d-4bcf-9a95-91811b39eac6 - - - - -] cache.memcache_pool_flush_on_reconnect = False log_opt_values /usr/lib/python3/dist-packages/oslo_config/cfg.py:2609
2026-03-16 00:39:09.699 142491 DEBUG oslo_service.service [req-950ff7fc-201d-4bcf-9a95-91811b39eac6 - - - - -] cache.memcache_pool_maxsize = 10 log_opt_values /usr/lib/python3/dist-packages/oslo_config/cfg.py:2609
2026-03-16 00:39:09.700 142491 DEBUG oslo_service.service [req-950ff7fc-201d-4bcf-9a95-91811b39eac6 - - - - -] cache.memcache_pool_unused_timeout = 60 log_opt_values /usr/lib/python3/dist-packages/oslo_config/cfg.py:2609
2026-03-16 00:39:09.700 142491 DEBUG oslo_service.service [req-950ff7fc-201d-4bcf-9a95-91811b39eac6 - - - - -] cache.memcache_servers = ['localhost:11211'] log_opt_values /usr/lib/python3/dist-packages/oslo_config/cfg.py:2609
2026-03-16 00:39:09.700 142491 DEBUG oslo_service.service [req-950ff7fc-201d-4bcf-9a95-91811b39eac6 - - - - -] cache.memcache_socket_timeout = 1.0 log_opt_values /usr/lib/python3/dist-packages/oslo_config/cfg.py:2609
2026-03-16 00:39:09.700 142491 DEBUG oslo_service.service [req-950ff7fc-201d-4bcf-9a95-91811b39eac6 - - - - -] cache.proxies = [] log_opt_values /usr/lib/python3/dist-packages/oslo_config/cfg.py:2609
2026-03-16 00:39:09.701 142491 DEBUG oslo_service.service [req-950ff7fc-201d-4bcf-9a95-91811b39eac6 - - - - -] cache.tls_allowed_ciphers = None log_opt_values /usr/lib/python3/dist-packages/oslo_config/cfg.py:2609
2026-03-16 00:39:09.701 142491 DEBUG oslo_service.service [req-950ff7fc-201d-4bcf-9a95-91811b39eac6 - - - - -] cache.tls_cafile = None log_opt_values /usr/lib/python3/dist-packages/oslo_config/cfg.py:2609
2026-03-16 00:39:09.701 142491 DEBUG oslo_service.service [req-950ff7fc-201d-4bcf-9a95-91811b39eac6 - - - - -] cache.tls_certfile = None log_opt_values /usr/lib/python3/dist-packages/oslo_config/cfg.py:2609
2026-03-16 00:39:09.702 142491 DEBUG oslo_service.service [req-950ff7fc-201d-4bcf-9a95-91811b39eac6 - - - - -] cache.tls_enabled = False log_opt_values /usr/lib/python3/dist-packages/oslo_config/cfg.py:2609
2026-03-16 00:39:09.703 142491 DEBUG oslo_service.service [req-950ff7fc-201d-4bcf-9a95-91811b39eac6 - - - - -] cache.tls_keyfile = None log_opt_values /usr/lib/python3/dist-packages/oslo_config/cfg.py:2609
2026-03-16 00:39:09.703 143305 DEBUG oslo_messaging._drivers.amqpdriver [-] Listener is running poll /usr/lib/python3/dist-packages/oslo_messaging/_drivers/amqpdriver.py:343
2026-03-16 00:39:09.704 143305 DEBUG oslo_messaging._drivers.amqpdriver [-] AMQPListener connection consume poll /usr/lib/python3/dist-packages/oslo_messaging/_drivers/amqpdriver.py:357
2026-03-16 00:39:09.704 142491 DEBUG oslo_service.service [req-950ff7fc-201d-4bcf-9a95-91811b39eac6 - - - - -] cinder.auth_section = None log_opt_values /usr/lib/python3/dist-packages/oslo_config/cfg.py:2609
2026-03-16 00:39:09.704 142491 DEBUG oslo_service.service [req-950ff7fc-201d-4bcf-9a95-91811b39eac6 - - - - -] cinder.auth_type = None log_opt_values /usr/lib/python3/dist-packages/oslo_config/cfg.py:2609
2026-03-16 00:39:09.704 143305 DEBUG nova.service [req-e7aa409f-13ec-4e5f-acb4-89192a334525 - - - - -] Join ServiceGroup membership for this service conductor start /usr/lib/python3/dist-packages/nova/service.py:199
2026-03-16 00:39:09.703 143306 DEBUG oslo_messaging._drivers.amqpdriver [-] Listener is running poll /usr/lib/python3/dist-packages/oslo_messaging/_drivers/amqpdriver.py:343
2026-03-16 00:39:09.704 142491 DEBUG oslo_service.service [req-950ff7fc-201d-4bcf-9a95-91811b39eac6 - - - - -] cinder.cafile = None log_opt_values /usr/lib/python3/dist-packages/oslo_config/cfg.py:2609
2026-03-16 00:39:09.705 143305 DEBUG nova.servicegroup.drivers.db [req-e7aa409f-13ec-4e5f-acb4-89192a334525 - - - - -] DB_Driver: join new ServiceGroup member juju-6fdc39-0-lxd-7 to the conductor group, service = join /usr/lib/python3/dist-packages/nova/servicegroup/drivers/db.py:44
2026-03-16 00:39:09.705 142491 DEBUG oslo_service.service [req-950ff7fc-201d-4bcf-9a95-91811b39eac6 - - - - -] cinder.catalog_info = volumev3::publicURL log_opt_values /usr/lib/python3/dist-packages/oslo_config/cfg.py:2609
2026-03-16 00:39:09.705 142491 DEBUG oslo_service.service [req-950ff7fc-201d-4bcf-9a95-91811b39eac6 - - - - -] cinder.certfile = None log_opt_values /usr/lib/python3/dist-packages/oslo_config/cfg.py:2609
2026-03-16 00:39:09.705 143306 DEBUG oslo_messaging._drivers.amqpdriver [-] AMQPListener connection consume poll /usr/lib/python3/dist-packages/oslo_messaging/_drivers/amqpdriver.py:357
2026-03-16 00:39:09.705 142491 DEBUG oslo_service.service [req-950ff7fc-201d-4bcf-9a95-91811b39eac6 - - - - -] cinder.collect_timing = False log_opt_values /usr/lib/python3/dist-packages/oslo_config/cfg.py:2609
2026-03-16 00:39:09.705 142491 DEBUG oslo_service.service [req-950ff7fc-201d-4bcf-9a95-91811b39eac6 - - - - -] cinder.cross_az_attach = True log_opt_values /usr/lib/python3/dist-packages/oslo_config/cfg.py:2609
2026-03-16 00:39:09.705 143305 DEBUG oslo_messaging._drivers.amqpdriver [-] received message msg_id: 04ca68f3d1014a39a9ad94ba6b745d51 reply to reply_c283b44009244f76919439f4bf0fd101 __call__ /usr/lib/python3/dist-packages/oslo_messaging/_drivers/amqpdriver.py:320
2026-03-16 00:39:09.706 142491 DEBUG oslo_service.service [req-950ff7fc-201d-4bcf-9a95-91811b39eac6 - - - - -] cinder.debug = False log_opt_values /usr/lib/python3/dist-packages/oslo_config/cfg.py:2609
2026-03-16 00:39:09.706 142491 DEBUG oslo_service.service [req-950ff7fc-201d-4bcf-9a95-91811b39eac6 - - - - -] cinder.endpoint_template = None log_opt_values /usr/lib/python3/dist-packages/oslo_config/cfg.py:2609
2026-03-16 00:39:09.706 142491 DEBUG oslo_service.service [req-950ff7fc-201d-4bcf-9a95-91811b39eac6 - - - - -] cinder.http_retries = 3 log_opt_values /usr/lib/python3/dist-packages/oslo_config/cfg.py:2609
2026-03-16 00:39:09.707 142491 DEBUG oslo_service.service [req-950ff7fc-201d-4bcf-9a95-91811b39eac6 - - - - -] cinder.insecure = False log_opt_values /usr/lib/python3/dist-packages/oslo_config/cfg.py:2609
2026-03-16 00:39:09.707 142491 DEBUG oslo_service.service [req-950ff7fc-201d-4bcf-9a95-91811b39eac6 - - - - -] cinder.keyfile = None log_opt_values /usr/lib/python3/dist-packages/oslo_config/cfg.py:2609
2026-03-16 00:39:09.707 142491 DEBUG oslo_service.service [req-950ff7fc-201d-4bcf-9a95-91811b39eac6 - - - - -] cinder.os_region_name = None log_opt_values /usr/lib/python3/dist-packages/oslo_config/cfg.py:2609
2026-03-16 00:39:09.707 142491 DEBUG oslo_service.service [req-950ff7fc-201d-4bcf-9a95-91811b39eac6 - - - - -] cinder.split_loggers = False log_opt_values /usr/lib/python3/dist-packages/oslo_config/cfg.py:2609
2026-03-16 00:39:09.707 143305 DEBUG oslo_messaging._drivers.amqpdriver [-] AMQPListener connection timeout poll /usr/lib/python3/dist-packages/oslo_messaging/_drivers/amqpdriver.py:360
2026-03-16 00:39:09.707 143305 DEBUG oslo_messaging._drivers.amqpdriver [-] Listener is running poll /usr/lib/python3/dist-packages/oslo_messaging/_drivers/amqpdriver.py:343
2026-03-16 00:39:09.707 142491 DEBUG oslo_service.service [req-950ff7fc-201d-4bcf-9a95-91811b39eac6 - - - - -] cinder.timeout = None log_opt_values /usr/lib/python3/dist-packages/oslo_config/cfg.py:2609
2026-03-16 00:39:09.707 143305 DEBUG oslo_messaging._drivers.amqpdriver [-] Poll the incoming message with unique_id: 429831a242934529842d99e47081d346 poll /usr/lib/python3/dist-packages/oslo_messaging/_drivers/amqpdriver.py:346
2026-03-16 00:39:09.708 142491 DEBUG oslo_service.service [req-950ff7fc-201d-4bcf-9a95-91811b39eac6 - - - - -] compute.consecutive_build_service_disable_threshold = 10 log_opt_values /usr/lib/python3/dist-packages/oslo_config/cfg.py:2609
2026-03-16 00:39:09.708 143305 DEBUG oslo_messaging._drivers.amqpdriver [-] Listener is running poll /usr/lib/python3/dist-packages/oslo_messaging/_drivers/amqpdriver.py:343
2026-03-16 00:39:09.708 142491 DEBUG oslo_service.service [req-950ff7fc-201d-4bcf-9a95-91811b39eac6 - - - - -] compute.cpu_dedicated_set = None log_opt_values /usr/lib/python3/dist-packages/oslo_config/cfg.py:2609
2026-03-16 00:39:09.708 142491 DEBUG oslo_service.service [req-950ff7fc-201d-4bcf-9a95-91811b39eac6 - - - - -] compute.cpu_shared_set = None log_opt_values /usr/lib/python3/dist-packages/oslo_config/cfg.py:2609
2026-03-16 00:39:09.708 143305 DEBUG oslo_messaging._drivers.amqpdriver [-] AMQPListener connection consume poll /usr/lib/python3/dist-packages/oslo_messaging/_drivers/amqpdriver.py:357
2026-03-16 00:39:09.708 142491 DEBUG oslo_service.service [req-950ff7fc-201d-4bcf-9a95-91811b39eac6 - - - - -] compute.image_type_exclude_list = [] log_opt_values /usr/lib/python3/dist-packages/oslo_config/cfg.py:2609
2026-03-16 00:39:09.708 142491 DEBUG oslo_service.service [req-950ff7fc-201d-4bcf-9a95-91811b39eac6 - - - - -] compute.live_migration_wait_for_vif_plug = True log_opt_values /usr/lib/python3/dist-packages/oslo_config/cfg.py:2609
2026-03-16 00:39:09.708 143306 DEBUG nova.service [req-f682842a-c99c-4120-8b5a-af29203b0a7a - - - - -] Join ServiceGroup membership for this service conductor start /usr/lib/python3/dist-packages/nova/service.py:199
2026-03-16 00:39:09.708 142491 DEBUG oslo_service.service [req-950ff7fc-201d-4bcf-9a95-91811b39eac6 - - - - -] compute.max_concurrent_disk_ops = 0 log_opt_values /usr/lib/python3/dist-packages/oslo_config/cfg.py:2609
2026-03-16 00:39:09.709 142491 DEBUG oslo_service.service [req-950ff7fc-201d-4bcf-9a95-91811b39eac6 - - - - -] compute.max_disk_devices_to_attach = -1 log_opt_values /usr/lib/python3/dist-packages/oslo_config/cfg.py:2609
2026-03-16 00:39:09.709 143306 DEBUG nova.servicegroup.drivers.db [req-f682842a-c99c-4120-8b5a-af29203b0a7a - - - - -] DB_Driver: join new ServiceGroup member juju-6fdc39-0-lxd-7 to the conductor group, service = join /usr/lib/python3/dist-packages/nova/servicegroup/drivers/db.py:44
2026-03-16 00:39:09.709 142491 DEBUG oslo_service.service [req-950ff7fc-201d-4bcf-9a95-91811b39eac6 - - - - -] compute.packing_host_numa_cells_allocation_strategy = True log_opt_values /usr/lib/python3/dist-packages/oslo_config/cfg.py:2609
2026-03-16 00:39:09.709 142491 DEBUG oslo_service.service [req-950ff7fc-201d-4bcf-9a95-91811b39eac6 - - - - -] compute.provider_config_location = /etc/nova/provider_config/ log_opt_values /usr/lib/python3/dist-packages/oslo_config/cfg.py:2609
2026-03-16 00:39:09.709 142491 DEBUG oslo_service.service [req-950ff7fc-201d-4bcf-9a95-91811b39eac6 - - - - -] compute.resource_provider_association_refresh = 300 log_opt_values /usr/lib/python3/dist-packages/oslo_config/cfg.py:2609
2026-03-16 00:39:09.709 142491 DEBUG oslo_service.service [req-950ff7fc-201d-4bcf-9a95-91811b39eac6 - - - - -] compute.shutdown_retry_interval = 10 log_opt_values /usr/lib/python3/dist-packages/oslo_config/cfg.py:2609
2026-03-16 00:39:09.709 142491 DEBUG oslo_service.service [req-950ff7fc-201d-4bcf-9a95-91811b39eac6 - - - - -] compute.vmdk_allowed_types = ['streamOptimized', 'monolithicSparse'] log_opt_values /usr/lib/python3/dist-packages/oslo_config/cfg.py:2609
2026-03-16 00:39:09.710 142491 DEBUG oslo_service.service [req-950ff7fc-201d-4bcf-9a95-91811b39eac6 - - - - -] conductor.workers = 4 log_opt_values /usr/lib/python3/dist-packages/oslo_config/cfg.py:2609
2026-03-16 00:39:09.710 142491 DEBUG oslo_service.service [req-950ff7fc-201d-4bcf-9a95-91811b39eac6 - - - - -] console.allowed_origins = [] log_opt_values /usr/lib/python3/dist-packages/oslo_config/cfg.py:2609
2026-03-16 00:39:09.709 143306 DEBUG oslo_messaging._drivers.amqpdriver [-] AMQPListener connection timeout poll /usr/lib/python3/dist-packages/oslo_messaging/_drivers/amqpdriver.py:360
2026-03-16 00:39:09.710 142491 DEBUG oslo_service.service [req-950ff7fc-201d-4bcf-9a95-91811b39eac6 - - - - -] console.ssl_ciphers = None log_opt_values /usr/lib/python3/dist-packages/oslo_config/cfg.py:2609
2026-03-16 00:39:09.710 143307 DEBUG oslo_messaging._drivers.amqpdriver [-] Listener is running poll /usr/lib/python3/dist-packages/oslo_messaging/_drivers/amqpdriver.py:343
2026-03-16 00:39:09.710 142491 DEBUG oslo_service.service [req-950ff7fc-201d-4bcf-9a95-91811b39eac6 - - - - -] console.ssl_minimum_version = default log_opt_values /usr/lib/python3/dist-packages/oslo_config/cfg.py:2609
2026-03-16 00:39:09.711 143306 DEBUG oslo_messaging._drivers.amqpdriver [-] Listener is running poll /usr/lib/python3/dist-packages/oslo_messaging/_drivers/amqpdriver.py:343
2026-03-16 00:39:09.711 142491 DEBUG oslo_service.service [req-950ff7fc-201d-4bcf-9a95-91811b39eac6 - - - - -] consoleauth.token_ttl = 600 log_opt_values /usr/lib/python3/dist-packages/oslo_config/cfg.py:2609
2026-03-16 00:39:09.711 143307 DEBUG oslo_messaging._drivers.amqpdriver [-] AMQPListener connection consume poll /usr/lib/python3/dist-packages/oslo_messaging/_drivers/amqpdriver.py:357
2026-03-16 00:39:09.711 142491 DEBUG oslo_service.service [req-950ff7fc-201d-4bcf-9a95-91811b39eac6 - - - - -] cyborg.cafile = None log_opt_values /usr/lib/python3/dist-packages/oslo_config/cfg.py:2609
2026-03-16 00:39:09.711 142491 DEBUG oslo_service.service [req-950ff7fc-201d-4bcf-9a95-91811b39eac6 - - - - -] cyborg.certfile = None log_opt_values /usr/lib/python3/dist-packages/oslo_config/cfg.py:2609
2026-03-16 00:39:09.711 143307 DEBUG nova.service [req-cb973c9c-7ecd-4e69-aa5f-35a0ab11687a - - - - -] Join ServiceGroup membership for this service conductor start /usr/lib/python3/dist-packages/nova/service.py:199
2026-03-16 00:39:09.711 143306 DEBUG oslo_messaging._drivers.amqpdriver [-] AMQPListener connection consume poll /usr/lib/python3/dist-packages/oslo_messaging/_drivers/amqpdriver.py:357
2026-03-16 00:39:09.711 142491 DEBUG oslo_service.service [req-950ff7fc-201d-4bcf-9a95-91811b39eac6 - - - - -] cyborg.collect_timing = False log_opt_values /usr/lib/python3/dist-packages/oslo_config/cfg.py:2609
2026-03-16 00:39:09.712 143307 DEBUG nova.servicegroup.drivers.db [req-cb973c9c-7ecd-4e69-aa5f-35a0ab11687a - - - - -] DB_Driver: join new ServiceGroup member juju-6fdc39-0-lxd-7 to the conductor group, service = join /usr/lib/python3/dist-packages/nova/servicegroup/drivers/db.py:44
2026-03-16 00:39:09.712 142491 DEBUG oslo_service.service [req-950ff7fc-201d-4bcf-9a95-91811b39eac6 - - - - -] cyborg.connect_retries = None log_opt_values /usr/lib/python3/dist-packages/oslo_config/cfg.py:2609
2026-03-16 00:39:09.712 142491 DEBUG oslo_service.service [req-950ff7fc-201d-4bcf-9a95-91811b39eac6 - - - - -] cyborg.connect_retry_delay = None log_opt_values /usr/lib/python3/dist-packages/oslo_config/cfg.py:2609
2026-03-16 00:39:09.712 142491 DEBUG oslo_service.service [req-950ff7fc-201d-4bcf-9a95-91811b39eac6 - - - - -] cyborg.endpoint_override = None log_opt_values /usr/lib/python3/dist-packages/oslo_config/cfg.py:2609
2026-03-16 00:39:09.712 142491 DEBUG oslo_service.service [req-950ff7fc-201d-4bcf-9a95-91811b39eac6 - - - - -] cyborg.insecure = False log_opt_values /usr/lib/python3/dist-packages/oslo_config/cfg.py:2609
2026-03-16 00:39:09.712 142491 DEBUG oslo_service.service [req-950ff7fc-201d-4bcf-9a95-91811b39eac6 - - - - -] cyborg.keyfile = None log_opt_values /usr/lib/python3/dist-packages/oslo_config/cfg.py:2609
2026-03-16 00:39:09.713 142491 DEBUG oslo_service.service [req-950ff7fc-201d-4bcf-9a95-91811b39eac6 - - - - -] cyborg.max_version = None log_opt_values /usr/lib/python3/dist-packages/oslo_config/cfg.py:2609
2026-03-16 00:39:09.713 143305 DEBUG oslo_messaging._drivers.amqpdriver [req-9caf7d0e-0f14-421f-81e0-48d46b6a66d2 - - - - -] sending reply msg_id: 04ca68f3d1014a39a9ad94ba6b745d51 reply queue: reply_c283b44009244f76919439f4bf0fd101 time elapsed: 0.006916265999734605s _send_reply /usr/lib/python3/dist-packages/oslo_messaging/_drivers/amqpdriver.py:118
2026-03-16 00:39:09.713 142491 DEBUG oslo_service.service [req-950ff7fc-201d-4bcf-9a95-91811b39eac6 - - - - -] cyborg.min_version = None log_opt_values /usr/lib/python3/dist-packages/oslo_config/cfg.py:2609
2026-03-16 00:39:09.713 142491 DEBUG oslo_service.service [req-950ff7fc-201d-4bcf-9a95-91811b39eac6 - - - - -] cyborg.region_name = None log_opt_values /usr/lib/python3/dist-packages/oslo_config/cfg.py:2609
2026-03-16 00:39:09.713 142491 DEBUG oslo_service.service [req-950ff7fc-201d-4bcf-9a95-91811b39eac6 - - - - -] cyborg.service_name = None log_opt_values /usr/lib/python3/dist-packages/oslo_config/cfg.py:2609
2026-03-16 00:39:09.713 142491 DEBUG oslo_service.service [req-950ff7fc-201d-4bcf-9a95-91811b39eac6 - - - - -] cyborg.service_type = accelerator log_opt_values /usr/lib/python3/dist-packages/oslo_config/cfg.py:2609
2026-03-16 00:39:09.713 142491 DEBUG oslo_service.service [req-950ff7fc-201d-4bcf-9a95-91811b39eac6 - - - - -] cyborg.split_loggers = False log_opt_values /usr/lib/python3/dist-packages/oslo_config/cfg.py:2609
2026-03-16 00:39:09.714 142491 DEBUG oslo_service.service [req-950ff7fc-201d-4bcf-9a95-91811b39eac6 - - - - -] cyborg.status_code_retries = None log_opt_values /usr/lib/python3/dist-packages/oslo_config/cfg.py:2609
2026-03-16 00:39:09.714 142491 DEBUG oslo_service.service [req-950ff7fc-201d-4bcf-9a95-91811b39eac6 - - - - -] cyborg.status_code_retry_delay = None log_opt_values /usr/lib/python3/dist-packages/oslo_config/cfg.py:2609
2026-03-16 00:39:09.714 143307 DEBUG oslo_messaging._drivers.amqpdriver [-] AMQPListener connection timeout poll /usr/lib/python3/dist-packages/oslo_messaging/_drivers/amqpdriver.py:360
2026-03-16 00:39:09.714 142491 DEBUG oslo_service.service [req-950ff7fc-201d-4bcf-9a95-91811b39eac6 - - - - -] cyborg.timeout = None log_opt_values /usr/lib/python3/dist-packages/oslo_config/cfg.py:2609
2026-03-16 00:39:09.714 143307 DEBUG oslo_messaging._drivers.amqpdriver [-] Listener is running poll /usr/lib/python3/dist-packages/oslo_messaging/_drivers/amqpdriver.py:343
2026-03-16 00:39:09.714 143307 DEBUG oslo_messaging._drivers.amqpdriver [-] AMQPListener connection consume poll /usr/lib/python3/dist-packages/oslo_messaging/_drivers/amqpdriver.py:357
2026-03-16 00:39:09.714 142491 DEBUG oslo_service.service [req-950ff7fc-201d-4bcf-9a95-91811b39eac6 - - - - -] cyborg.valid_interfaces = ['internal', 'public'] log_opt_values /usr/lib/python3/dist-packages/oslo_config/cfg.py:2609
2026-03-16 00:39:09.714 142491 DEBUG oslo_service.service [req-950ff7fc-201d-4bcf-9a95-91811b39eac6 - - - - -] cyborg.version = None log_opt_values /usr/lib/python3/dist-packages/oslo_config/cfg.py:2609
2026-03-16 00:39:09.715 142491 DEBUG oslo_service.service [req-950ff7fc-201d-4bcf-9a95-91811b39eac6 - - - - -] database.backend = sqlalchemy log_opt_values /usr/lib/python3/dist-packages/oslo_config/cfg.py:2609
2026-03-16 00:39:09.715 142491 DEBUG oslo_service.service [req-950ff7fc-201d-4bcf-9a95-91811b39eac6 - - - - -] database.connection = **** log_opt_values /usr/lib/python3/dist-packages/oslo_config/cfg.py:2609
2026-03-16 00:39:09.715 142491 DEBUG oslo_service.service [req-950ff7fc-201d-4bcf-9a95-91811b39eac6 - - - - -] database.connection_debug = 0 log_opt_values /usr/lib/python3/dist-packages/oslo_config/cfg.py:2609
2026-03-16 00:39:09.715 142491 DEBUG oslo_service.service [req-950ff7fc-201d-4bcf-9a95-91811b39eac6 - - - - -] database.connection_parameters = log_opt_values /usr/lib/python3/dist-packages/oslo_config/cfg.py:2609
2026-03-16 00:39:09.716 142491 DEBUG oslo_service.service [req-950ff7fc-201d-4bcf-9a95-91811b39eac6 - - - - -] database.connection_recycle_time = 3600 log_opt_values /usr/lib/python3/dist-packages/oslo_config/cfg.py:2609
2026-03-16 00:39:09.716 142491 DEBUG oslo_service.service [req-950ff7fc-201d-4bcf-9a95-91811b39eac6 - - - - -] database.connection_trace = False log_opt_values /usr/lib/python3/dist-packages/oslo_config/cfg.py:2609
2026-03-16 00:39:09.716 142491 DEBUG oslo_service.service [req-950ff7fc-201d-4bcf-9a95-91811b39eac6 - - - - -] database.db_inc_retry_interval = True log_opt_values /usr/lib/python3/dist-packages/oslo_config/cfg.py:2609
2026-03-16 00:39:09.716 142491 DEBUG oslo_service.service [req-950ff7fc-201d-4bcf-9a95-91811b39eac6 - - - - -] database.db_max_retries = 20 log_opt_values /usr/lib/python3/dist-packages/oslo_config/cfg.py:2609
2026-03-16 00:39:09.716 142491 DEBUG oslo_service.service [req-950ff7fc-201d-4bcf-9a95-91811b39eac6 - - - - -] database.db_max_retry_interval = 10 log_opt_values /usr/lib/python3/dist-packages/oslo_config/cfg.py:2609
2026-03-16 00:39:09.717 142491 DEBUG oslo_service.service [req-950ff7fc-201d-4bcf-9a95-91811b39eac6 - - - - -] database.db_retry_interval = 1 log_opt_values /usr/lib/python3/dist-packages/oslo_config/cfg.py:2609
2026-03-16 00:39:09.717 142491 DEBUG oslo_service.service [req-950ff7fc-201d-4bcf-9a95-91811b39eac6 - - - - -] database.max_overflow = 50 log_opt_values /usr/lib/python3/dist-packages/oslo_config/cfg.py:2609
2026-03-16 00:39:09.717 142491 DEBUG oslo_service.service [req-950ff7fc-201d-4bcf-9a95-91811b39eac6 - - - - -] database.max_pool_size = 4 log_opt_values /usr/lib/python3/dist-packages/oslo_config/cfg.py:2609
2026-03-16 00:39:09.717 142491 DEBUG oslo_service.service [req-950ff7fc-201d-4bcf-9a95-91811b39eac6 - - - - -] database.max_retries = 10 log_opt_values /usr/lib/python3/dist-packages/oslo_config/cfg.py:2609
2026-03-16 00:39:09.717 142491 DEBUG oslo_service.service [req-950ff7fc-201d-4bcf-9a95-91811b39eac6 - - - - -] database.mysql_enable_ndb = False log_opt_values /usr/lib/python3/dist-packages/oslo_config/cfg.py:2609
2026-03-16 00:39:09.717 142491 DEBUG oslo_service.service [req-950ff7fc-201d-4bcf-9a95-91811b39eac6 - - - - -] database.mysql_sql_mode = TRADITIONAL log_opt_values /usr/lib/python3/dist-packages/oslo_config/cfg.py:2609
2026-03-16 00:39:09.718 142491 DEBUG oslo_service.service [req-950ff7fc-201d-4bcf-9a95-91811b39eac6 - - - - -] database.pool_timeout = None log_opt_values /usr/lib/python3/dist-packages/oslo_config/cfg.py:2609
2026-03-16 00:39:09.718 142491 DEBUG oslo_service.service [req-950ff7fc-201d-4bcf-9a95-91811b39eac6 - - - - -] database.retry_interval = 10 log_opt_values /usr/lib/python3/dist-packages/oslo_config/cfg.py:2609
2026-03-16 00:39:09.718 142491 DEBUG oslo_service.service [req-950ff7fc-201d-4bcf-9a95-91811b39eac6 - - - - -] database.slave_connection = **** log_opt_values /usr/lib/python3/dist-packages/oslo_config/cfg.py:2609
2026-03-16 00:39:09.718 142491 DEBUG oslo_service.service [req-950ff7fc-201d-4bcf-9a95-91811b39eac6 - - - - -] database.sqlite_synchronous = True log_opt_values /usr/lib/python3/dist-packages/oslo_config/cfg.py:2609
2026-03-16 00:39:09.718 142491 DEBUG oslo_service.service [req-950ff7fc-201d-4bcf-9a95-91811b39eac6 - - - - -] database.use_db_reconnect = False log_opt_values /usr/lib/python3/dist-packages/oslo_config/cfg.py:2609
2026-03-16 00:39:09.718 142491 DEBUG oslo_service.service [req-950ff7fc-201d-4bcf-9a95-91811b39eac6 - - - - -] api_database.backend = sqlalchemy log_opt_values /usr/lib/python3/dist-packages/oslo_config/cfg.py:2609
2026-03-16 00:39:09.719 142491 DEBUG oslo_service.service [req-950ff7fc-201d-4bcf-9a95-91811b39eac6 - - - - -] api_database.connection = **** log_opt_values /usr/lib/python3/dist-packages/oslo_config/cfg.py:2609
2026-03-16 00:39:09.719 142491 DEBUG oslo_service.service [req-950ff7fc-201d-4bcf-9a95-91811b39eac6 - - - - -] api_database.connection_debug = 0 log_opt_values /usr/lib/python3/dist-packages/oslo_config/cfg.py:2609
2026-03-16 00:39:09.719 142491 DEBUG oslo_service.service [req-950ff7fc-201d-4bcf-9a95-91811b39eac6 - - - - -] api_database.connection_parameters = log_opt_values /usr/lib/python3/dist-packages/oslo_config/cfg.py:2609
2026-03-16 00:39:09.719 142491 DEBUG oslo_service.service [req-950ff7fc-201d-4bcf-9a95-91811b39eac6 - - - - -] api_database.connection_recycle_time = 3600 log_opt_values /usr/lib/python3/dist-packages/oslo_config/cfg.py:2609
2026-03-16 00:39:09.719 142491 DEBUG oslo_service.service [req-950ff7fc-201d-4bcf-9a95-91811b39eac6 - - - - -] api_database.connection_trace = False log_opt_values /usr/lib/python3/dist-packages/oslo_config/cfg.py:2609
2026-03-16 00:39:09.720 142491 DEBUG oslo_service.service [req-950ff7fc-201d-4bcf-9a95-91811b39eac6 - - - - -] api_database.db_inc_retry_interval = True log_opt_values /usr/lib/python3/dist-packages/oslo_config/cfg.py:2609
2026-03-16 00:39:09.720 142491 DEBUG oslo_service.service [req-950ff7fc-201d-4bcf-9a95-91811b39eac6 - - - - -] api_database.db_max_retries = 20 log_opt_values /usr/lib/python3/dist-packages/oslo_config/cfg.py:2609
2026-03-16 00:39:09.720 142491 DEBUG oslo_service.service [req-950ff7fc-201d-4bcf-9a95-91811b39eac6 - - - - -] api_database.db_max_retry_interval = 10 log_opt_values /usr/lib/python3/dist-packages/oslo_config/cfg.py:2609
2026-03-16 00:39:09.720 142491 DEBUG oslo_service.service [req-950ff7fc-201d-4bcf-9a95-91811b39eac6 - - - - -] api_database.db_retry_interval = 1 log_opt_values /usr/lib/python3/dist-packages/oslo_config/cfg.py:2609
2026-03-16 00:39:09.720 142491 DEBUG oslo_service.service [req-950ff7fc-201d-4bcf-9a95-91811b39eac6 - - - - -] api_database.max_overflow = 50 log_opt_values /usr/lib/python3/dist-packages/oslo_config/cfg.py:2609
2026-03-16 00:39:09.720 142491 DEBUG oslo_service.service [req-950ff7fc-201d-4bcf-9a95-91811b39eac6 - - - - -] api_database.max_pool_size = 4 log_opt_values /usr/lib/python3/dist-packages/oslo_config/cfg.py:2609
2026-03-16 00:39:09.721 142491 DEBUG oslo_service.service [req-950ff7fc-201d-4bcf-9a95-91811b39eac6 - - - - -] api_database.max_retries = 10 log_opt_values /usr/lib/python3/dist-packages/oslo_config/cfg.py:2609
2026-03-16 00:39:09.721 142491 DEBUG oslo_service.service [req-950ff7fc-201d-4bcf-9a95-91811b39eac6 - - - - -] api_database.mysql_enable_ndb = False log_opt_values /usr/lib/python3/dist-packages/oslo_config/cfg.py:2609
2026-03-16 00:39:09.721 142491 DEBUG oslo_service.service [req-950ff7fc-201d-4bcf-9a95-91811b39eac6 - - - - -] api_database.mysql_sql_mode = TRADITIONAL log_opt_values /usr/lib/python3/dist-packages/oslo_config/cfg.py:2609
2026-03-16 00:39:09.721 142491 DEBUG oslo_service.service [req-950ff7fc-201d-4bcf-9a95-91811b39eac6 - - - - -] api_database.pool_timeout = None log_opt_values /usr/lib/python3/dist-packages/oslo_config/cfg.py:2609
2026-03-16 00:39:09.721 142491 DEBUG oslo_service.service [req-950ff7fc-201d-4bcf-9a95-91811b39eac6 - - - - -] api_database.retry_interval = 10 log_opt_values /usr/lib/python3/dist-packages/oslo_config/cfg.py:2609
2026-03-16 00:39:09.721 142491 DEBUG oslo_service.service [req-950ff7fc-201d-4bcf-9a95-91811b39eac6 - - - - -] api_database.slave_connection = **** log_opt_values /usr/lib/python3/dist-packages/oslo_config/cfg.py:2609
2026-03-16 00:39:09.722 142491 DEBUG oslo_service.service [req-950ff7fc-201d-4bcf-9a95-91811b39eac6 - - - - -] api_database.sqlite_synchronous = True log_opt_values /usr/lib/python3/dist-packages/oslo_config/cfg.py:2609
2026-03-16 00:39:09.722 142491 DEBUG oslo_service.service [req-950ff7fc-201d-4bcf-9a95-91811b39eac6 - - - - -] devices.enabled_mdev_types = [] log_opt_values /usr/lib/python3/dist-packages/oslo_config/cfg.py:2609
2026-03-16 00:39:09.722 142491 DEBUG oslo_service.service [req-950ff7fc-201d-4bcf-9a95-91811b39eac6 - - - - -] ephemeral_storage_encryption.cipher = aes-xts-plain64 log_opt_values /usr/lib/python3/dist-packages/oslo_config/cfg.py:2609
2026-03-16 00:39:09.722 142491 DEBUG oslo_service.service [req-950ff7fc-201d-4bcf-9a95-91811b39eac6 - - - - -] ephemeral_storage_encryption.enabled = False log_opt_values /usr/lib/python3/dist-packages/oslo_config/cfg.py:2609
2026-03-16 00:39:09.722 142491 DEBUG oslo_service.service [req-950ff7fc-201d-4bcf-9a95-91811b39eac6 - - - - -] ephemeral_storage_encryption.key_size = 512 log_opt_values /usr/lib/python3/dist-packages/oslo_config/cfg.py:2609
2026-03-16 00:39:09.723 143308 DEBUG nova.service [req-4d8d63d6-c5ed-440d-a22e-eb8b98e0d47b - - - - -] Creating RPC server for service conductor start /usr/lib/python3/dist-packages/nova/service.py:182
2026-03-16 00:39:09.723 142491 WARNING oslo_config.cfg [req-950ff7fc-201d-4bcf-9a95-91811b39eac6 - - - - -] Deprecated: Option "api_servers" from group "glance" is deprecated for removal ( Support for image service configuration via standard keystoneauth1 Adapter options was added in the 17.0.0 Queens release. The api_servers option was retained temporarily to allow consumers time to cut over to a real load balancing solution. ). Its value may be silently ignored in the future.
2026-03-16 00:39:09.723 142491 DEBUG oslo_service.service [req-950ff7fc-201d-4bcf-9a95-91811b39eac6 - - - - -] glance.api_servers = ['http://252.129.160.85:9292'] log_opt_values /usr/lib/python3/dist-packages/oslo_config/cfg.py:2609
2026-03-16 00:39:09.723 142491 DEBUG oslo_service.service [req-950ff7fc-201d-4bcf-9a95-91811b39eac6 - - - - -] glance.cafile = None log_opt_values /usr/lib/python3/dist-packages/oslo_config/cfg.py:2609
2026-03-16 00:39:09.724 142491 DEBUG oslo_service.service [req-950ff7fc-201d-4bcf-9a95-91811b39eac6 - - - - -] glance.certfile = None log_opt_values /usr/lib/python3/dist-packages/oslo_config/cfg.py:2609
2026-03-16 00:39:09.724 142491 DEBUG oslo_service.service [req-950ff7fc-201d-4bcf-9a95-91811b39eac6 - - - - -] glance.collect_timing = False log_opt_values /usr/lib/python3/dist-packages/oslo_config/cfg.py:2609
2026-03-16 00:39:09.724 142491 DEBUG oslo_service.service [req-950ff7fc-201d-4bcf-9a95-91811b39eac6 - - - - -] glance.connect_retries = None log_opt_values /usr/lib/python3/dist-packages/oslo_config/cfg.py:2609
2026-03-16 00:39:09.724 142491 DEBUG oslo_service.service [req-950ff7fc-201d-4bcf-9a95-91811b39eac6 - - - - -] glance.connect_retry_delay = None log_opt_values /usr/lib/python3/dist-packages/oslo_config/cfg.py:2609
2026-03-16 00:39:09.724 142491 DEBUG oslo_service.service [req-950ff7fc-201d-4bcf-9a95-91811b39eac6 - - - - -] glance.debug = False log_opt_values /usr/lib/python3/dist-packages/oslo_config/cfg.py:2609
2026-03-16 00:39:09.724 142491 DEBUG oslo_service.service [req-950ff7fc-201d-4bcf-9a95-91811b39eac6 - - - - -] glance.default_trusted_certificate_ids = [] log_opt_values /usr/lib/python3/dist-packages/oslo_config/cfg.py:2609
2026-03-16 00:39:09.725 142491 DEBUG oslo_service.service [req-950ff7fc-201d-4bcf-9a95-91811b39eac6 - - - - -] glance.enable_certificate_validation = False log_opt_values /usr/lib/python3/dist-packages/oslo_config/cfg.py:2609
2026-03-16 00:39:09.725 142491 DEBUG oslo_service.service [req-950ff7fc-201d-4bcf-9a95-91811b39eac6 - - - - -] glance.enable_rbd_download = False log_opt_values /usr/lib/python3/dist-packages/oslo_config/cfg.py:2609
2026-03-16 00:39:09.725 142491 DEBUG oslo_service.service [req-950ff7fc-201d-4bcf-9a95-91811b39eac6 - - - - -] glance.endpoint_override = None log_opt_values /usr/lib/python3/dist-packages/oslo_config/cfg.py:2609
2026-03-16 00:39:09.725 142491 DEBUG oslo_service.service [req-950ff7fc-201d-4bcf-9a95-91811b39eac6 - - - - -] glance.insecure = False log_opt_values /usr/lib/python3/dist-packages/oslo_config/cfg.py:2609
2026-03-16 00:39:09.725 142491 DEBUG oslo_service.service [req-950ff7fc-201d-4bcf-9a95-91811b39eac6 - - - - -] glance.keyfile = None log_opt_values /usr/lib/python3/dist-packages/oslo_config/cfg.py:2609
2026-03-16 00:39:09.726 142491 DEBUG oslo_service.service [req-950ff7fc-201d-4bcf-9a95-91811b39eac6 - - - - -] glance.max_version = None log_opt_values /usr/lib/python3/dist-packages/oslo_config/cfg.py:2609
2026-03-16 00:39:09.726 142491 DEBUG oslo_service.service [req-950ff7fc-201d-4bcf-9a95-91811b39eac6 - - - - -] glance.min_version = None log_opt_values /usr/lib/python3/dist-packages/oslo_config/cfg.py:2609
2026-03-16 00:39:09.726 142491 DEBUG oslo_service.service [req-950ff7fc-201d-4bcf-9a95-91811b39eac6 - - - - -] glance.num_retries = 3 log_opt_values /usr/lib/python3/dist-packages/oslo_config/cfg.py:2609
2026-03-16 00:39:09.726 142491 DEBUG oslo_service.service [req-950ff7fc-201d-4bcf-9a95-91811b39eac6 - - - - -] glance.rbd_ceph_conf = log_opt_values /usr/lib/python3/dist-packages/oslo_config/cfg.py:2609
2026-03-16 00:39:09.726 142491 DEBUG oslo_service.service [req-950ff7fc-201d-4bcf-9a95-91811b39eac6 - - - - -] glance.rbd_connect_timeout = 5 log_opt_values /usr/lib/python3/dist-packages/oslo_config/cfg.py:2609
2026-03-16 00:39:09.727 142491 DEBUG oslo_service.service [req-950ff7fc-201d-4bcf-9a95-91811b39eac6 - - - - -] glance.rbd_pool = log_opt_values /usr/lib/python3/dist-packages/oslo_config/cfg.py:2609
2026-03-16 00:39:09.727 142491 DEBUG oslo_service.service [req-950ff7fc-201d-4bcf-9a95-91811b39eac6 - - - - -] glance.rbd_user = log_opt_values /usr/lib/python3/dist-packages/oslo_config/cfg.py:2609
2026-03-16 00:39:09.727 142491 DEBUG oslo_service.service [req-950ff7fc-201d-4bcf-9a95-91811b39eac6 - - - - -] glance.region_name = None log_opt_values /usr/lib/python3/dist-packages/oslo_config/cfg.py:2609
2026-03-16 00:39:09.727 142491 DEBUG oslo_service.service [req-950ff7fc-201d-4bcf-9a95-91811b39eac6 - - - - -] glance.service_name = None log_opt_values /usr/lib/python3/dist-packages/oslo_config/cfg.py:2609
2026-03-16 00:39:09.727 142491 DEBUG oslo_service.service [req-950ff7fc-201d-4bcf-9a95-91811b39eac6 - - - - -] glance.service_type = image log_opt_values /usr/lib/python3/dist-packages/oslo_config/cfg.py:2609
