2026-03-16 00:37:58.344 137116 DEBUG oslo_service.service [req-a48a2187-af4a-4489-9a2e-9109162cd2be - - - - -] hyperv.volume_attach_retry_count = 10 log_opt_values /usr/lib/python3/dist-packages/oslo_config/cfg.py:2609
2026-03-16 00:37:58.343 138635 DEBUG oslo_messaging._drivers.amqpdriver [-] Listener is running poll /usr/lib/python3/dist-packages/oslo_messaging/_drivers/amqpdriver.py:343
2026-03-16 00:37:58.344 137116 DEBUG oslo_service.service [req-a48a2187-af4a-4489-9a2e-9109162cd2be - - - - -] hyperv.volume_attach_retry_interval = 5 log_opt_values /usr/lib/python3/dist-packages/oslo_config/cfg.py:2609
2026-03-16 00:37:58.344 138628 DEBUG nova.service [req-985af863-fab0-45d6-b663-5b7d85d6bd05 - - - - -] Join ServiceGroup membership for this service conductor start /usr/lib/python3/dist-packages/nova/service.py:199
2026-03-16 00:37:58.344 138635 DEBUG oslo_messaging._drivers.amqpdriver [-] AMQPListener connection consume poll /usr/lib/python3/dist-packages/oslo_messaging/_drivers/amqpdriver.py:357
2026-03-16 00:37:58.344 137116 DEBUG oslo_service.service [req-a48a2187-af4a-4489-9a2e-9109162cd2be - - - - -] hyperv.vswitch_name = None log_opt_values /usr/lib/python3/dist-packages/oslo_config/cfg.py:2609
2026-03-16 00:37:58.344 138628 DEBUG nova.servicegroup.drivers.db [req-985af863-fab0-45d6-b663-5b7d85d6bd05 - - - - -] DB_Driver: join new ServiceGroup member juju-6fdc39-0-lxd-7 to the conductor group, service = join /usr/lib/python3/dist-packages/nova/servicegroup/drivers/db.py:44
2026-03-16 00:37:58.344 137116 DEBUG oslo_service.service [req-a48a2187-af4a-4489-9a2e-9109162cd2be - - - - -] hyperv.wait_soft_reboot_seconds = 60 log_opt_values /usr/lib/python3/dist-packages/oslo_config/cfg.py:2609
2026-03-16 00:37:58.344 137116 DEBUG oslo_service.service [req-a48a2187-af4a-4489-9a2e-9109162cd2be - - - - -] mks.enabled = False log_opt_values /usr/lib/python3/dist-packages/oslo_config/cfg.py:2609
2026-03-16 00:37:58.344 138635 DEBUG nova.service [req-f9ebe2cd-a694-4eb1-84e9-819a5d0b22bb - - - - -] Join ServiceGroup membership for this service conductor start /usr/lib/python3/dist-packages/nova/service.py:199
2026-03-16 00:37:58.345 137116 DEBUG oslo_service.service [req-a48a2187-af4a-4489-9a2e-9109162cd2be - - - - -] mks.mksproxy_base_url = http://127.0.0.1:6090/ log_opt_values /usr/lib/python3/dist-packages/oslo_config/cfg.py:2609
2026-03-16 00:37:58.345 137116 DEBUG oslo_service.service [req-a48a2187-af4a-4489-9a2e-9109162cd2be - - - - -] image_cache.manager_interval = 2400 log_opt_values /usr/lib/python3/dist-packages/oslo_config/cfg.py:2609
2026-03-16 00:37:58.345 137116 DEBUG oslo_service.service [req-a48a2187-af4a-4489-9a2e-9109162cd2be - - - - -] image_cache.precache_concurrency = 1 log_opt_values /usr/lib/python3/dist-packages/oslo_config/cfg.py:2609
2026-03-16 00:37:58.346 138635 DEBUG nova.servicegroup.drivers.db [req-f9ebe2cd-a694-4eb1-84e9-819a5d0b22bb - - - - -] DB_Driver: join new ServiceGroup member juju-6fdc39-0-lxd-7 to the conductor group, service = join /usr/lib/python3/dist-packages/nova/servicegroup/drivers/db.py:44
2026-03-16 00:37:58.346 137116 DEBUG oslo_service.service [req-a48a2187-af4a-4489-9a2e-9109162cd2be - - - - -] image_cache.remove_unused_base_images = True log_opt_values /usr/lib/python3/dist-packages/oslo_config/cfg.py:2609
2026-03-16 00:37:58.346 137116 DEBUG oslo_service.service [req-a48a2187-af4a-4489-9a2e-9109162cd2be - - - - -] image_cache.remove_unused_original_minimum_age_seconds = 86400 log_opt_values /usr/lib/python3/dist-packages/oslo_config/cfg.py:2609
2026-03-16 00:37:58.346 137116 DEBUG oslo_service.service [req-a48a2187-af4a-4489-9a2e-9109162cd2be - - - - -] image_cache.remove_unused_resized_minimum_age_seconds = 3600 log_opt_values /usr/lib/python3/dist-packages/oslo_config/cfg.py:2609
2026-03-16 00:37:58.346 137116 DEBUG oslo_service.service [req-a48a2187-af4a-4489-9a2e-9109162cd2be - - - - -] image_cache.subdirectory_name = _base log_opt_values /usr/lib/python3/dist-packages/oslo_config/cfg.py:2609
2026-03-16 00:37:58.346 137116 DEBUG oslo_service.service [req-a48a2187-af4a-4489-9a2e-9109162cd2be - - - - -] ironic.api_max_retries = 60 log_opt_values /usr/lib/python3/dist-packages/oslo_config/cfg.py:2609
2026-03-16 00:37:58.347 138628 DEBUG oslo_messaging._drivers.amqpdriver [-] AMQPListener connection timeout poll /usr/lib/python3/dist-packages/oslo_messaging/_drivers/amqpdriver.py:360
2026-03-16 00:37:58.347 137116 DEBUG oslo_service.service [req-a48a2187-af4a-4489-9a2e-9109162cd2be - - - - -] ironic.api_retry_interval = 2 log_opt_values /usr/lib/python3/dist-packages/oslo_config/cfg.py:2609
2026-03-16 00:37:58.347 138628 DEBUG oslo_messaging._drivers.amqpdriver [-] Listener is running poll /usr/lib/python3/dist-packages/oslo_messaging/_drivers/amqpdriver.py:343
2026-03-16 00:37:58.347 138628 DEBUG oslo_messaging._drivers.amqpdriver [-] AMQPListener connection consume poll /usr/lib/python3/dist-packages/oslo_messaging/_drivers/amqpdriver.py:357
2026-03-16 00:37:58.347 137116 DEBUG oslo_service.service [req-a48a2187-af4a-4489-9a2e-9109162cd2be - - - - -] ironic.auth_section = None log_opt_values /usr/lib/python3/dist-packages/oslo_config/cfg.py:2609
2026-03-16 00:37:58.347 137116 DEBUG oslo_service.service [req-a48a2187-af4a-4489-9a2e-9109162cd2be - - - - -] ironic.auth_type = None log_opt_values /usr/lib/python3/dist-packages/oslo_config/cfg.py:2609
2026-03-16 00:37:58.347 137116 DEBUG oslo_service.service [req-a48a2187-af4a-4489-9a2e-9109162cd2be - - - - -] ironic.cafile = None log_opt_values /usr/lib/python3/dist-packages/oslo_config/cfg.py:2609
2026-03-16 00:37:58.347 137116 DEBUG oslo_service.service [req-a48a2187-af4a-4489-9a2e-9109162cd2be - - - - -] ironic.certfile = None log_opt_values /usr/lib/python3/dist-packages/oslo_config/cfg.py:2609
2026-03-16 00:37:58.348 137116 DEBUG oslo_service.service [req-a48a2187-af4a-4489-9a2e-9109162cd2be - - - - -] ironic.collect_timing = False log_opt_values /usr/lib/python3/dist-packages/oslo_config/cfg.py:2609
2026-03-16 00:37:58.348 137116 DEBUG oslo_service.service [req-a48a2187-af4a-4489-9a2e-9109162cd2be - - - - -] ironic.connect_retries = None log_opt_values /usr/lib/python3/dist-packages/oslo_config/cfg.py:2609
2026-03-16 00:37:58.348 137116 DEBUG oslo_service.service [req-a48a2187-af4a-4489-9a2e-9109162cd2be - - - - -] ironic.connect_retry_delay = None log_opt_values /usr/lib/python3/dist-packages/oslo_config/cfg.py:2609
2026-03-16 00:37:58.348 137116 DEBUG oslo_service.service [req-a48a2187-af4a-4489-9a2e-9109162cd2be - - - - -] ironic.endpoint_override = None log_opt_values /usr/lib/python3/dist-packages/oslo_config/cfg.py:2609
2026-03-16 00:37:58.348 137116 DEBUG oslo_service.service [req-a48a2187-af4a-4489-9a2e-9109162cd2be - - - - -] ironic.insecure = False log_opt_values /usr/lib/python3/dist-packages/oslo_config/cfg.py:2609
2026-03-16 00:37:58.348 137116 DEBUG oslo_service.service [req-a48a2187-af4a-4489-9a2e-9109162cd2be - - - - -] ironic.keyfile = None log_opt_values /usr/lib/python3/dist-packages/oslo_config/cfg.py:2609
2026-03-16 00:37:58.349 137116 DEBUG oslo_service.service [req-a48a2187-af4a-4489-9a2e-9109162cd2be - - - - -] ironic.max_version = None log_opt_values /usr/lib/python3/dist-packages/oslo_config/cfg.py:2609
2026-03-16 00:37:58.349 137116 DEBUG oslo_service.service [req-a48a2187-af4a-4489-9a2e-9109162cd2be - - - - -] ironic.min_version = None log_opt_values /usr/lib/python3/dist-packages/oslo_config/cfg.py:2609
2026-03-16 00:37:58.349 137116 DEBUG oslo_service.service [req-a48a2187-af4a-4489-9a2e-9109162cd2be - - - - -] ironic.partition_key = None log_opt_values /usr/lib/python3/dist-packages/oslo_config/cfg.py:2609
2026-03-16 00:37:58.349 138632 DEBUG oslo_messaging._drivers.amqpdriver [-] Listener is running poll /usr/lib/python3/dist-packages/oslo_messaging/_drivers/amqpdriver.py:343
2026-03-16 00:37:58.349 138635 DEBUG oslo_messaging._drivers.amqpdriver [-] AMQPListener connection timeout poll /usr/lib/python3/dist-packages/oslo_messaging/_drivers/amqpdriver.py:360
2026-03-16 00:37:58.349 137116 DEBUG oslo_service.service [req-a48a2187-af4a-4489-9a2e-9109162cd2be - - - - -] ironic.peer_list = [] log_opt_values /usr/lib/python3/dist-packages/oslo_config/cfg.py:2609
2026-03-16 00:37:58.349 138635 DEBUG oslo_messaging._drivers.amqpdriver [-] Listener is running poll /usr/lib/python3/dist-packages/oslo_messaging/_drivers/amqpdriver.py:343
2026-03-16 00:37:58.349 138632 DEBUG oslo_messaging._drivers.amqpdriver [-] AMQPListener connection consume poll /usr/lib/python3/dist-packages/oslo_messaging/_drivers/amqpdriver.py:357
2026-03-16 00:37:58.349 138635 DEBUG oslo_messaging._drivers.amqpdriver [-] AMQPListener connection consume poll /usr/lib/python3/dist-packages/oslo_messaging/_drivers/amqpdriver.py:357
2026-03-16 00:37:58.349 137116 DEBUG oslo_service.service [req-a48a2187-af4a-4489-9a2e-9109162cd2be - - - - -] ironic.region_name = None log_opt_values /usr/lib/python3/dist-packages/oslo_config/cfg.py:2609
2026-03-16 00:37:58.349 137116 DEBUG oslo_service.service [req-a48a2187-af4a-4489-9a2e-9109162cd2be - - - - -] ironic.serial_console_state_timeout = 10 log_opt_values /usr/lib/python3/dist-packages/oslo_config/cfg.py:2609
2026-03-16 00:37:58.350 137116 DEBUG oslo_service.service [req-a48a2187-af4a-4489-9a2e-9109162cd2be - - - - -] ironic.service_name = None log_opt_values /usr/lib/python3/dist-packages/oslo_config/cfg.py:2609
2026-03-16 00:37:58.350 137116 DEBUG oslo_service.service [req-a48a2187-af4a-4489-9a2e-9109162cd2be - - - - -] ironic.service_type = baremetal log_opt_values /usr/lib/python3/dist-packages/oslo_config/cfg.py:2609
2026-03-16 00:37:58.350 137116 DEBUG oslo_service.service [req-a48a2187-af4a-4489-9a2e-9109162cd2be - - - - -] ironic.split_loggers = False log_opt_values /usr/lib/python3/dist-packages/oslo_config/cfg.py:2609
2026-03-16 00:37:58.350 138632 DEBUG nova.service [req-eacf79a0-bab6-403b-b0c3-0a1d98ffb317 - - - - -] Join ServiceGroup membership for this service conductor start /usr/lib/python3/dist-packages/nova/service.py:199
2026-03-16 00:37:58.350 137116 DEBUG oslo_service.service [req-a48a2187-af4a-4489-9a2e-9109162cd2be - - - - -] ironic.status_code_retries = None log_opt_values /usr/lib/python3/dist-packages/oslo_config/cfg.py:2609
2026-03-16 00:37:58.350 137116 DEBUG oslo_service.service [req-a48a2187-af4a-4489-9a2e-9109162cd2be - - - - -] ironic.status_code_retry_delay = None log_opt_values /usr/lib/python3/dist-packages/oslo_config/cfg.py:2609
2026-03-16 00:37:58.350 138632 DEBUG nova.servicegroup.drivers.db [req-eacf79a0-bab6-403b-b0c3-0a1d98ffb317 - - - - -] DB_Driver: join new ServiceGroup member juju-6fdc39-0-lxd-7 to the conductor group, service = join /usr/lib/python3/dist-packages/nova/servicegroup/drivers/db.py:44
2026-03-16 00:37:58.350 137116 DEBUG oslo_service.service [req-a48a2187-af4a-4489-9a2e-9109162cd2be - - - - -] ironic.timeout = None log_opt_values /usr/lib/python3/dist-packages/oslo_config/cfg.py:2609
2026-03-16 00:37:58.350 137116 DEBUG oslo_service.service [req-a48a2187-af4a-4489-9a2e-9109162cd2be - - - - -] ironic.valid_interfaces = ['internal', 'public'] log_opt_values /usr/lib/python3/dist-packages/oslo_config/cfg.py:2609
2026-03-16 00:37:58.351 137116 DEBUG oslo_service.service [req-a48a2187-af4a-4489-9a2e-9109162cd2be - - - - -] ironic.version = None log_opt_values /usr/lib/python3/dist-packages/oslo_config/cfg.py:2609
2026-03-16 00:37:58.351 137116 DEBUG oslo_service.service [req-a48a2187-af4a-4489-9a2e-9109162cd2be - - - - -] key_manager.backend = barbican log_opt_values /usr/lib/python3/dist-packages/oslo_config/cfg.py:2609
2026-03-16 00:37:58.351 137116 DEBUG oslo_service.service [req-a48a2187-af4a-4489-9a2e-9109162cd2be - - - - -] key_manager.fixed_key = **** log_opt_values /usr/lib/python3/dist-packages/oslo_config/cfg.py:2609
2026-03-16 00:37:58.351 137116 DEBUG oslo_service.service [req-a48a2187-af4a-4489-9a2e-9109162cd2be - - - - -] barbican.auth_endpoint = http://localhost/identity/v3 log_opt_values /usr/lib/python3/dist-packages/oslo_config/cfg.py:2609
2026-03-16 00:37:58.351 137116 DEBUG oslo_service.service [req-a48a2187-af4a-4489-9a2e-9109162cd2be - - - - -] barbican.barbican_api_version = None log_opt_values /usr/lib/python3/dist-packages/oslo_config/cfg.py:2609
2026-03-16 00:37:58.352 137116 DEBUG oslo_service.service [req-a48a2187-af4a-4489-9a2e-9109162cd2be - - - - -] barbican.barbican_endpoint = None log_opt_values /usr/lib/python3/dist-packages/oslo_config/cfg.py:2609
2026-03-16 00:37:58.352 137116 DEBUG oslo_service.service [req-a48a2187-af4a-4489-9a2e-9109162cd2be - - - - -] barbican.barbican_endpoint_type = public log_opt_values /usr/lib/python3/dist-packages/oslo_config/cfg.py:2609
2026-03-16 00:37:58.352 137116 DEBUG oslo_service.service [req-a48a2187-af4a-4489-9a2e-9109162cd2be - - - - -] barbican.barbican_region_name = None log_opt_values /usr/lib/python3/dist-packages/oslo_config/cfg.py:2609
2026-03-16 00:37:58.352 137116 DEBUG oslo_service.service [req-a48a2187-af4a-4489-9a2e-9109162cd2be - - - - -] barbican.cafile = None log_opt_values /usr/lib/python3/dist-packages/oslo_config/cfg.py:2609
2026-03-16 00:37:58.352 137116 DEBUG oslo_service.service [req-a48a2187-af4a-4489-9a2e-9109162cd2be - - - - -] barbican.certfile = None log_opt_values /usr/lib/python3/dist-packages/oslo_config/cfg.py:2609
2026-03-16 00:37:58.353 137116 DEBUG oslo_service.service [req-a48a2187-af4a-4489-9a2e-9109162cd2be - - - - -] barbican.collect_timing = False log_opt_values /usr/lib/python3/dist-packages/oslo_config/cfg.py:2609
2026-03-16 00:37:58.353 137116 DEBUG oslo_service.service [req-a48a2187-af4a-4489-9a2e-9109162cd2be - - - - -] barbican.insecure = False log_opt_values /usr/lib/python3/dist-packages/oslo_config/cfg.py:2609
2026-03-16 00:37:58.353 137116 DEBUG oslo_service.service [req-a48a2187-af4a-4489-9a2e-9109162cd2be - - - - -] barbican.keyfile = None log_opt_values /usr/lib/python3/dist-packages/oslo_config/cfg.py:2609
2026-03-16 00:37:58.353 138632 DEBUG oslo_messaging._drivers.amqpdriver [-] AMQPListener connection timeout poll /usr/lib/python3/dist-packages/oslo_messaging/_drivers/amqpdriver.py:360
2026-03-16 00:37:58.353 137116 DEBUG oslo_service.service [req-a48a2187-af4a-4489-9a2e-9109162cd2be - - - - -] barbican.number_of_retries = 60 log_opt_values /usr/lib/python3/dist-packages/oslo_config/cfg.py:2609
2026-03-16 00:37:58.353 138632 DEBUG oslo_messaging._drivers.amqpdriver [-] Listener is running poll /usr/lib/python3/dist-packages/oslo_messaging/_drivers/amqpdriver.py:343
2026-03-16 00:37:58.353 138632 DEBUG oslo_messaging._drivers.amqpdriver [-] AMQPListener connection consume poll /usr/lib/python3/dist-packages/oslo_messaging/_drivers/amqpdriver.py:357
2026-03-16 00:37:58.353 137116 DEBUG oslo_service.service [req-a48a2187-af4a-4489-9a2e-9109162cd2be - - - - -] barbican.retry_delay = 1 log_opt_values /usr/lib/python3/dist-packages/oslo_config/cfg.py:2609
2026-03-16 00:37:58.353 137116 DEBUG oslo_service.service [req-a48a2187-af4a-4489-9a2e-9109162cd2be - - - - -] barbican.send_service_user_token = False log_opt_values /usr/lib/python3/dist-packages/oslo_config/cfg.py:2609
2026-03-16 00:37:58.354 137116 DEBUG oslo_service.service [req-a48a2187-af4a-4489-9a2e-9109162cd2be - - - - -] barbican.split_loggers = False log_opt_values /usr/lib/python3/dist-packages/oslo_config/cfg.py:2609
2026-03-16 00:37:58.354 137116 DEBUG oslo_service.service [req-a48a2187-af4a-4489-9a2e-9109162cd2be - - - - -] barbican.timeout = None log_opt_values /usr/lib/python3/dist-packages/oslo_config/cfg.py:2609
2026-03-16 00:37:58.354 137116 DEBUG oslo_service.service [req-a48a2187-af4a-4489-9a2e-9109162cd2be - - - - -] barbican.verify_ssl = True log_opt_values /usr/lib/python3/dist-packages/oslo_config/cfg.py:2609
2026-03-16 00:37:58.354 137116 DEBUG oslo_service.service [req-a48a2187-af4a-4489-9a2e-9109162cd2be - - - - -] barbican.verify_ssl_path = None log_opt_values /usr/lib/python3/dist-packages/oslo_config/cfg.py:2609
2026-03-16 00:37:58.354 137116 DEBUG oslo_service.service [req-a48a2187-af4a-4489-9a2e-9109162cd2be - - - - -] barbican_service_user.auth_section = None log_opt_values /usr/lib/python3/dist-packages/oslo_config/cfg.py:2609
2026-03-16 00:37:58.354 137116 DEBUG oslo_service.service [req-a48a2187-af4a-4489-9a2e-9109162cd2be - - - - -] barbican_service_user.auth_type = None log_opt_values /usr/lib/python3/dist-packages/oslo_config/cfg.py:2609
2026-03-16 00:37:58.355 137116 DEBUG oslo_service.service [req-a48a2187-af4a-4489-9a2e-9109162cd2be - - - - -] barbican_service_user.cafile = None log_opt_values /usr/lib/python3/dist-packages/oslo_config/cfg.py:2609
2026-03-16 00:37:58.355 137116 DEBUG oslo_service.service [req-a48a2187-af4a-4489-9a2e-9109162cd2be - - - - -] barbican_service_user.certfile = None log_opt_values /usr/lib/python3/dist-packages/oslo_config/cfg.py:2609
2026-03-16 00:37:58.355 137116 DEBUG oslo_service.service [req-a48a2187-af4a-4489-9a2e-9109162cd2be - - - - -] barbican_service_user.collect_timing = False log_opt_values /usr/lib/python3/dist-packages/oslo_config/cfg.py:2609
2026-03-16 00:37:58.355 137116 DEBUG oslo_service.service [req-a48a2187-af4a-4489-9a2e-9109162cd2be - - - - -] barbican_service_user.insecure = False log_opt_values /usr/lib/python3/dist-packages/oslo_config/cfg.py:2609
2026-03-16 00:37:58.355 137116 DEBUG oslo_service.service [req-a48a2187-af4a-4489-9a2e-9109162cd2be - - - - -] barbican_service_user.keyfile = None log_opt_values /usr/lib/python3/dist-packages/oslo_config/cfg.py:2609
2026-03-16 00:37:58.356 137116 DEBUG oslo_service.service [req-a48a2187-af4a-4489-9a2e-9109162cd2be - - - - -] barbican_service_user.split_loggers = False log_opt_values /usr/lib/python3/dist-packages/oslo_config/cfg.py:2609
2026-03-16 00:37:58.356 137116 DEBUG oslo_service.service [req-a48a2187-af4a-4489-9a2e-9109162cd2be - - - - -] barbican_service_user.timeout = None log_opt_values /usr/lib/python3/dist-packages/oslo_config/cfg.py:2609
2026-03-16 00:37:58.356 137116 DEBUG oslo_service.service [req-a48a2187-af4a-4489-9a2e-9109162cd2be - - - - -] vault.approle_role_id = None log_opt_values /usr/lib/python3/dist-packages/oslo_config/cfg.py:2609
2026-03-16 00:37:58.356 137116 DEBUG oslo_service.service [req-a48a2187-af4a-4489-9a2e-9109162cd2be - - - - -] vault.approle_secret_id = None log_opt_values /usr/lib/python3/dist-packages/oslo_config/cfg.py:2609
2026-03-16 00:37:58.356 137116 DEBUG oslo_service.service [req-a48a2187-af4a-4489-9a2e-9109162cd2be - - - - -] vault.cafile = None log_opt_values /usr/lib/python3/dist-packages/oslo_config/cfg.py:2609
2026-03-16 00:37:58.356 137116 DEBUG oslo_service.service [req-a48a2187-af4a-4489-9a2e-9109162cd2be - - - - -] vault.certfile = None log_opt_values /usr/lib/python3/dist-packages/oslo_config/cfg.py:2609
2026-03-16 00:37:58.357 137116 DEBUG oslo_service.service [req-a48a2187-af4a-4489-9a2e-9109162cd2be - - - - -] vault.collect_timing = False log_opt_values /usr/lib/python3/dist-packages/oslo_config/cfg.py:2609
2026-03-16 00:37:58.357 137116 DEBUG oslo_service.service [req-a48a2187-af4a-4489-9a2e-9109162cd2be - - - - -] vault.insecure = False log_opt_values /usr/lib/python3/dist-packages/oslo_config/cfg.py:2609
2026-03-16 00:37:58.357 137116 DEBUG oslo_service.service [req-a48a2187-af4a-4489-9a2e-9109162cd2be - - - - -] vault.keyfile = None log_opt_values /usr/lib/python3/dist-packages/oslo_config/cfg.py:2609
2026-03-16 00:37:58.357 137116 DEBUG oslo_service.service [req-a48a2187-af4a-4489-9a2e-9109162cd2be - - - - -] vault.kv_mountpoint = secret log_opt_values /usr/lib/python3/dist-packages/oslo_config/cfg.py:2609
2026-03-16 00:37:58.357 137116 DEBUG oslo_service.service [req-a48a2187-af4a-4489-9a2e-9109162cd2be - - - - -] vault.kv_version = 2 log_opt_values /usr/lib/python3/dist-packages/oslo_config/cfg.py:2609
2026-03-16 00:37:58.358 137116 DEBUG oslo_service.service [req-a48a2187-af4a-4489-9a2e-9109162cd2be - - - - -] vault.namespace = None log_opt_values /usr/lib/python3/dist-packages/oslo_config/cfg.py:2609
2026-03-16 00:37:58.358 137116 DEBUG oslo_service.service [req-a48a2187-af4a-4489-9a2e-9109162cd2be - - - - -] vault.root_token_id = None log_opt_values /usr/lib/python3/dist-packages/oslo_config/cfg.py:2609
2026-03-16 00:37:58.358 137116 DEBUG oslo_service.service [req-a48a2187-af4a-4489-9a2e-9109162cd2be - - - - -] vault.split_loggers = False log_opt_values /usr/lib/python3/dist-packages/oslo_config/cfg.py:2609
2026-03-16 00:37:58.358 137116 DEBUG oslo_service.service [req-a48a2187-af4a-4489-9a2e-9109162cd2be - - - - -] vault.ssl_ca_crt_file = None log_opt_values /usr/lib/python3/dist-packages/oslo_config/cfg.py:2609
2026-03-16 00:37:58.358 137116 DEBUG oslo_service.service [req-a48a2187-af4a-4489-9a2e-9109162cd2be - - - - -] vault.timeout = None log_opt_values /usr/lib/python3/dist-packages/oslo_config/cfg.py:2609
2026-03-16 00:37:58.358 137116 DEBUG oslo_service.service [req-a48a2187-af4a-4489-9a2e-9109162cd2be - - - - -] vault.use_ssl = False log_opt_values /usr/lib/python3/dist-packages/oslo_config/cfg.py:2609
2026-03-16 00:37:58.359 137116 DEBUG oslo_service.service [req-a48a2187-af4a-4489-9a2e-9109162cd2be - - - - -] vault.vault_url = http://127.0.0.1:8200 log_opt_values /usr/lib/python3/dist-packages/oslo_config/cfg.py:2609
2026-03-16 00:37:58.359 137116 DEBUG oslo_service.service [req-a48a2187-af4a-4489-9a2e-9109162cd2be - - - - -] keystone.cafile = None log_opt_values /usr/lib/python3/dist-packages/oslo_config/cfg.py:2609
2026-03-16 00:37:58.359 137116 DEBUG oslo_service.service [req-a48a2187-af4a-4489-9a2e-9109162cd2be - - - - -] keystone.certfile = None log_opt_values /usr/lib/python3/dist-packages/oslo_config/cfg.py:2609
2026-03-16 00:37:58.359 137116 DEBUG oslo_service.service [req-a48a2187-af4a-4489-9a2e-9109162cd2be - - - - -] keystone.collect_timing = False log_opt_values /usr/lib/python3/dist-packages/oslo_config/cfg.py:2609
2026-03-16 00:37:58.359 137116 DEBUG oslo_service.service [req-a48a2187-af4a-4489-9a2e-9109162cd2be - - - - -] keystone.connect_retries = None log_opt_values /usr/lib/python3/dist-packages/oslo_config/cfg.py:2609
2026-03-16 00:37:58.359 137116 DEBUG oslo_service.service [req-a48a2187-af4a-4489-9a2e-9109162cd2be - - - - -] keystone.connect_retry_delay = None log_opt_values /usr/lib/python3/dist-packages/oslo_config/cfg.py:2609
2026-03-16 00:37:58.360 137116 DEBUG oslo_service.service [req-a48a2187-af4a-4489-9a2e-9109162cd2be - - - - -] keystone.endpoint_override = None log_opt_values /usr/lib/python3/dist-packages/oslo_config/cfg.py:2609
2026-03-16 00:37:58.360 137116 DEBUG oslo_service.service [req-a48a2187-af4a-4489-9a2e-9109162cd2be - - - - -] keystone.insecure = False log_opt_values /usr/lib/python3/dist-packages/oslo_config/cfg.py:2609
2026-03-16 00:37:58.360 137116 DEBUG oslo_service.service [req-a48a2187-af4a-4489-9a2e-9109162cd2be - - - - -] keystone.keyfile = None log_opt_values /usr/lib/python3/dist-packages/oslo_config/cfg.py:2609
2026-03-16 00:37:58.360 137116 DEBUG oslo_service.service [req-a48a2187-af4a-4489-9a2e-9109162cd2be - - - - -] keystone.max_version = None log_opt_values /usr/lib/python3/dist-packages/oslo_config/cfg.py:2609
2026-03-16 00:37:58.360 137116 DEBUG oslo_service.service [req-a48a2187-af4a-4489-9a2e-9109162cd2be - - - - -] keystone.min_version = None log_opt_values /usr/lib/python3/dist-packages/oslo_config/cfg.py:2609
2026-03-16 00:37:58.360 137116 DEBUG oslo_service.service [req-a48a2187-af4a-4489-9a2e-9109162cd2be - - - - -] keystone.region_name = None log_opt_values /usr/lib/python3/dist-packages/oslo_config/cfg.py:2609
2026-03-16 00:37:58.361 137116 DEBUG oslo_service.service [req-a48a2187-af4a-4489-9a2e-9109162cd2be - - - - -] keystone.service_name = None log_opt_values /usr/lib/python3/dist-packages/oslo_config/cfg.py:2609
2026-03-16 00:37:58.361 137116 DEBUG oslo_service.service [req-a48a2187-af4a-4489-9a2e-9109162cd2be - - - - -] keystone.service_type = identity log_opt_values /usr/lib/python3/dist-packages/oslo_config/cfg.py:2609
2026-03-16 00:37:58.361 137116 DEBUG oslo_service.service [req-a48a2187-af4a-4489-9a2e-9109162cd2be - - - - -] keystone.split_loggers = False log_opt_values /usr/lib/python3/dist-packages/oslo_config/cfg.py:2609
2026-03-16 00:37:58.361 137116 DEBUG oslo_service.service [req-a48a2187-af4a-4489-9a2e-9109162cd2be - - - - -] keystone.status_code_retries = None log_opt_values /usr/lib/python3/dist-packages/oslo_config/cfg.py:2609
2026-03-16 00:37:58.361 137116 DEBUG oslo_service.service [req-a48a2187-af4a-4489-9a2e-9109162cd2be - - - - -] keystone.status_code_retry_delay = None log_opt_values /usr/lib/python3/dist-packages/oslo_config/cfg.py:2609
2026-03-16 00:37:58.361 137116 DEBUG oslo_service.service [req-a48a2187-af4a-4489-9a2e-9109162cd2be - - - - -] keystone.timeout = None log_opt_values /usr/lib/python3/dist-packages/oslo_config/cfg.py:2609
2026-03-16 00:37:58.362 137116 DEBUG oslo_service.service [req-a48a2187-af4a-4489-9a2e-9109162cd2be - - - - -] keystone.valid_interfaces = ['internal', 'public'] log_opt_values /usr/lib/python3/dist-packages/oslo_config/cfg.py:2609
2026-03-16 00:37:58.362 137116 DEBUG oslo_service.service [req-a48a2187-af4a-4489-9a2e-9109162cd2be - - - - -] keystone.version = None log_opt_values /usr/lib/python3/dist-packages/oslo_config/cfg.py:2609
2026-03-16 00:37:58.362 137116 DEBUG oslo_service.service [req-a48a2187-af4a-4489-9a2e-9109162cd2be - - - - -] libvirt.connection_uri = log_opt_values /usr/lib/python3/dist-packages/oslo_config/cfg.py:2609
2026-03-16 00:37:58.362 137116 DEBUG oslo_service.service [req-a48a2187-af4a-4489-9a2e-9109162cd2be - - - - -] libvirt.cpu_mode = None log_opt_values /usr/lib/python3/dist-packages/oslo_config/cfg.py:2609
2026-03-16 00:37:58.362 137116 DEBUG oslo_service.service [req-a48a2187-af4a-4489-9a2e-9109162cd2be - - - - -] libvirt.cpu_model_extra_flags = [] log_opt_values /usr/lib/python3/dist-packages/oslo_config/cfg.py:2609
2026-03-16 00:37:58.363 137116 DEBUG oslo_service.service [req-a48a2187-af4a-4489-9a2e-9109162cd2be - - - - -] libvirt.cpu_models = [] log_opt_values /usr/lib/python3/dist-packages/oslo_config/cfg.py:2609
2026-03-16 00:37:58.363 137116 DEBUG oslo_service.service [req-a48a2187-af4a-4489-9a2e-9109162cd2be - - - - -] libvirt.device_detach_attempts = 8 log_opt_values /usr/lib/python3/dist-packages/oslo_config/cfg.py:2609
2026-03-16 00:37:58.363 137116 DEBUG oslo_service.service [req-a48a2187-af4a-4489-9a2e-9109162cd2be - - - - -] libvirt.device_detach_timeout = 20 log_opt_values /usr/lib/python3/dist-packages/oslo_config/cfg.py:2609
2026-03-16 00:37:58.363 137116 DEBUG oslo_service.service [req-a48a2187-af4a-4489-9a2e-9109162cd2be - - - - -] libvirt.disk_cachemodes = [] log_opt_values /usr/lib/python3/dist-packages/oslo_config/cfg.py:2609
2026-03-16 00:37:58.363 137116 DEBUG oslo_service.service [req-a48a2187-af4a-4489-9a2e-9109162cd2be - - - - -] libvirt.disk_prefix = None log_opt_values /usr/lib/python3/dist-packages/oslo_config/cfg.py:2609
2026-03-16 00:37:58.364 137116 DEBUG oslo_service.service [req-a48a2187-af4a-4489-9a2e-9109162cd2be - - - - -] libvirt.enabled_perf_events = [] log_opt_values /usr/lib/python3/dist-packages/oslo_config/cfg.py:2609
2026-03-16 00:37:58.364 137116 DEBUG oslo_service.service [req-a48a2187-af4a-4489-9a2e-9109162cd2be - - - - -] libvirt.file_backed_memory = 0 log_opt_values /usr/lib/python3/dist-packages/oslo_config/cfg.py:2609
2026-03-16 00:37:58.364 137116 DEBUG oslo_service.service [req-a48a2187-af4a-4489-9a2e-9109162cd2be - - - - -] libvirt.gid_maps = [] log_opt_values /usr/lib/python3/dist-packages/oslo_config/cfg.py:2609
2026-03-16 00:37:58.364 137116 DEBUG oslo_service.service [req-a48a2187-af4a-4489-9a2e-9109162cd2be - - - - -] libvirt.hw_disk_discard = None log_opt_values /usr/lib/python3/dist-packages/oslo_config/cfg.py:2609
2026-03-16 00:37:58.364 137116 DEBUG oslo_service.service [req-a48a2187-af4a-4489-9a2e-9109162cd2be - - - - -] libvirt.hw_machine_type = None log_opt_values /usr/lib/python3/dist-packages/oslo_config/cfg.py:2609
2026-03-16 00:37:58.364 137116 DEBUG oslo_service.service [req-a48a2187-af4a-4489-9a2e-9109162cd2be - - - - -] libvirt.images_rbd_ceph_conf = log_opt_values /usr/lib/python3/dist-packages/oslo_config/cfg.py:2609
2026-03-16 00:37:58.365 137116 DEBUG oslo_service.service [req-a48a2187-af4a-4489-9a2e-9109162cd2be - - - - -] libvirt.images_rbd_glance_copy_poll_interval = 15 log_opt_values /usr/lib/python3/dist-packages/oslo_config/cfg.py:2609
2026-03-16 00:37:58.365 137116 DEBUG oslo_service.service [req-a48a2187-af4a-4489-9a2e-9109162cd2be - - - - -] libvirt.images_rbd_glance_copy_timeout = 600 log_opt_values /usr/lib/python3/dist-packages/oslo_config/cfg.py:2609
2026-03-16 00:37:58.365 137116 DEBUG oslo_service.service [req-a48a2187-af4a-4489-9a2e-9109162cd2be - - - - -] libvirt.images_rbd_glance_store_name = log_opt_values /usr/lib/python3/dist-packages/oslo_config/cfg.py:2609
2026-03-16 00:37:58.365 137116 DEBUG oslo_service.service [req-a48a2187-af4a-4489-9a2e-9109162cd2be - - - - -] libvirt.images_rbd_pool = rbd log_opt_values /usr/lib/python3/dist-packages/oslo_config/cfg.py:2609
2026-03-16 00:37:58.365 137116 DEBUG oslo_service.service [req-a48a2187-af4a-4489-9a2e-9109162cd2be - - - - -] libvirt.images_type = default log_opt_values /usr/lib/python3/dist-packages/oslo_config/cfg.py:2609
2026-03-16 00:37:58.366 137116 DEBUG oslo_service.service [req-a48a2187-af4a-4489-9a2e-9109162cd2be - - - - -] libvirt.images_volume_group = None log_opt_values /usr/lib/python3/dist-packages/oslo_config/cfg.py:2609
2026-03-16 00:37:58.366 137116 DEBUG oslo_service.service [req-a48a2187-af4a-4489-9a2e-9109162cd2be - - - - -] libvirt.inject_key = False log_opt_values /usr/lib/python3/dist-packages/oslo_config/cfg.py:2609
2026-03-16 00:37:58.366 137116 DEBUG oslo_service.service [req-a48a2187-af4a-4489-9a2e-9109162cd2be - - - - -] libvirt.inject_partition = -2 log_opt_values /usr/lib/python3/dist-packages/oslo_config/cfg.py:2609
2026-03-16 00:37:58.367 137116 DEBUG oslo_service.service [req-a48a2187-af4a-4489-9a2e-9109162cd2be - - - - -] libvirt.inject_password = False log_opt_values /usr/lib/python3/dist-packages/oslo_config/cfg.py:2609
2026-03-16 00:37:58.367 137116 DEBUG oslo_service.service [req-a48a2187-af4a-4489-9a2e-9109162cd2be - - - - -] libvirt.iscsi_iface = None log_opt_values /usr/lib/python3/dist-packages/oslo_config/cfg.py:2609
2026-03-16 00:37:58.368 137116 DEBUG oslo_service.service [req-a48a2187-af4a-4489-9a2e-9109162cd2be - - - - -] libvirt.iser_use_multipath = False log_opt_values /usr/lib/python3/dist-packages/oslo_config/cfg.py:2609
2026-03-16 00:37:58.368 137116 DEBUG oslo_service.service [req-a48a2187-af4a-4489-9a2e-9109162cd2be - - - - -] libvirt.live_migration_bandwidth = 0 log_opt_values /usr/lib/python3/dist-packages/oslo_config/cfg.py:2609
2026-03-16 00:37:58.368 137116 DEBUG oslo_service.service [req-a48a2187-af4a-4489-9a2e-9109162cd2be - - - - -] libvirt.live_migration_completion_timeout = 800 log_opt_values /usr/lib/python3/dist-packages/oslo_config/cfg.py:2609
2026-03-16 00:37:58.368 137116 DEBUG oslo_service.service [req-a48a2187-af4a-4489-9a2e-9109162cd2be - - - - -] libvirt.live_migration_downtime = 500 log_opt_values /usr/lib/python3/dist-packages/oslo_config/cfg.py:2609
2026-03-16 00:37:58.368 137116 DEBUG oslo_service.service [req-a48a2187-af4a-4489-9a2e-9109162cd2be - - - - -] libvirt.live_migration_downtime_delay = 75 log_opt_values /usr/lib/python3/dist-packages/oslo_config/cfg.py:2609
2026-03-16 00:37:58.368 137116 DEBUG oslo_service.service [req-a48a2187-af4a-4489-9a2e-9109162cd2be - - - - -] libvirt.live_migration_downtime_steps = 10 log_opt_values /usr/lib/python3/dist-packages/oslo_config/cfg.py:2609
2026-03-16 00:37:58.369 137116 DEBUG oslo_service.service [req-a48a2187-af4a-4489-9a2e-9109162cd2be - - - - -] libvirt.live_migration_inbound_addr = None log_opt_values /usr/lib/python3/dist-packages/oslo_config/cfg.py:2609
2026-03-16 00:37:58.369 137116 DEBUG oslo_service.service [req-a48a2187-af4a-4489-9a2e-9109162cd2be - - - - -] libvirt.live_migration_permit_auto_converge = False log_opt_values /usr/lib/python3/dist-packages/oslo_config/cfg.py:2609
2026-03-16 00:37:58.369 137116 DEBUG oslo_service.service [req-a48a2187-af4a-4489-9a2e-9109162cd2be - - - - -] libvirt.live_migration_permit_post_copy = False log_opt_values /usr/lib/python3/dist-packages/oslo_config/cfg.py:2609
2026-03-16 00:37:58.369 137116 DEBUG oslo_service.service [req-a48a2187-af4a-4489-9a2e-9109162cd2be - - - - -] libvirt.live_migration_scheme = None log_opt_values /usr/lib/python3/dist-packages/oslo_config/cfg.py:2609
2026-03-16 00:37:58.369 137116 DEBUG oslo_service.service [req-a48a2187-af4a-4489-9a2e-9109162cd2be - - - - -] libvirt.live_migration_timeout_action = abort log_opt_values /usr/lib/python3/dist-packages/oslo_config/cfg.py:2609
2026-03-16 00:37:58.369 137116 DEBUG oslo_service.service [req-a48a2187-af4a-4489-9a2e-9109162cd2be - - - - -] libvirt.live_migration_tunnelled = False log_opt_values /usr/lib/python3/dist-packages/oslo_config/cfg.py:2609
2026-03-16 00:37:58.370 137116 DEBUG oslo_service.service [req-a48a2187-af4a-4489-9a2e-9109162cd2be - - - - -] libvirt.live_migration_uri = None log_opt_values /usr/lib/python3/dist-packages/oslo_config/cfg.py:2609
2026-03-16 00:37:58.370 137116 DEBUG oslo_service.service [req-a48a2187-af4a-4489-9a2e-9109162cd2be - - - - -] libvirt.live_migration_with_native_tls = False log_opt_values /usr/lib/python3/dist-packages/oslo_config/cfg.py:2609
2026-03-16 00:37:58.370 137116 DEBUG oslo_service.service [req-a48a2187-af4a-4489-9a2e-9109162cd2be - - - - -] libvirt.max_queues = None log_opt_values /usr/lib/python3/dist-packages/oslo_config/cfg.py:2609
2026-03-16 00:37:58.370 137116 DEBUG oslo_service.service [req-a48a2187-af4a-4489-9a2e-9109162cd2be - - - - -] libvirt.mem_stats_period_seconds = 10 log_opt_values /usr/lib/python3/dist-packages/oslo_config/cfg.py:2609
2026-03-16 00:37:58.370 137116 DEBUG oslo_service.service [req-a48a2187-af4a-4489-9a2e-9109162cd2be - - - - -] libvirt.nfs_mount_options = None log_opt_values /usr/lib/python3/dist-packages/oslo_config/cfg.py:2609
2026-03-16 00:37:58.370 137116 DEBUG oslo_service.service [req-a48a2187-af4a-4489-9a2e-9109162cd2be - - - - -] libvirt.nfs_mount_point_base = /var/lib/nova/mnt log_opt_values /usr/lib/python3/dist-packages/oslo_config/cfg.py:2609
2026-03-16 00:37:58.371 137116 DEBUG oslo_service.service [req-a48a2187-af4a-4489-9a2e-9109162cd2be - - - - -] libvirt.num_aoe_discover_tries = 3 log_opt_values /usr/lib/python3/dist-packages/oslo_config/cfg.py:2609
2026-03-16 00:37:58.371 137116 DEBUG oslo_service.service [req-a48a2187-af4a-4489-9a2e-9109162cd2be - - - - -] libvirt.num_iser_scan_tries = 5 log_opt_values /usr/lib/python3/dist-packages/oslo_config/cfg.py:2609
2026-03-16 00:37:58.371 137116 DEBUG oslo_service.service [req-a48a2187-af4a-4489-9a2e-9109162cd2be - - - - -] libvirt.num_memory_encrypted_guests = None log_opt_values /usr/lib/python3/dist-packages/oslo_config/cfg.py:2609
2026-03-16 00:37:58.371 137116 DEBUG oslo_service.service [req-a48a2187-af4a-4489-9a2e-9109162cd2be - - - - -] libvirt.num_nvme_discover_tries = 5 log_opt_values /usr/lib/python3/dist-packages/oslo_config/cfg.py:2609
2026-03-16 00:37:58.371 137116 DEBUG oslo_service.service [req-a48a2187-af4a-4489-9a2e-9109162cd2be - - - - -] libvirt.num_pcie_ports = 0 log_opt_values /usr/lib/python3/dist-packages/oslo_config/cfg.py:2609
2026-03-16 00:37:58.371 137116 DEBUG oslo_service.service [req-a48a2187-af4a-4489-9a2e-9109162cd2be - - - - -] libvirt.num_volume_scan_tries = 5 log_opt_values /usr/lib/python3/dist-packages/oslo_config/cfg.py:2609
2026-03-16 00:37:58.372 137116 DEBUG oslo_service.service [req-a48a2187-af4a-4489-9a2e-9109162cd2be - - - - -] libvirt.pmem_namespaces = [] log_opt_values /usr/lib/python3/dist-packages/oslo_config/cfg.py:2609
2026-03-16 00:37:58.372 137116 DEBUG oslo_service.service [req-a48a2187-af4a-4489-9a2e-9109162cd2be - - - - -] libvirt.quobyte_client_cfg = None log_opt_values /usr/lib/python3/dist-packages/oslo_config/cfg.py:2609
2026-03-16 00:37:58.372 137116 DEBUG oslo_service.service [req-a48a2187-af4a-4489-9a2e-9109162cd2be - - - - -] libvirt.quobyte_mount_point_base = /var/lib/nova/mnt log_opt_values /usr/lib/python3/dist-packages/oslo_config/cfg.py:2609
2026-03-16 00:37:58.372 137116 DEBUG oslo_service.service [req-a48a2187-af4a-4489-9a2e-9109162cd2be - - - - -] libvirt.rbd_connect_timeout = 5 log_opt_values /usr/lib/python3/dist-packages/oslo_config/cfg.py:2609
2026-03-16 00:37:58.372 137116 DEBUG oslo_service.service [req-a48a2187-af4a-4489-9a2e-9109162cd2be - - - - -] libvirt.rbd_destroy_volume_retries = 12 log_opt_values /usr/lib/python3/dist-packages/oslo_config/cfg.py:2609
2026-03-16 00:37:58.373 137116 DEBUG oslo_service.service [req-a48a2187-af4a-4489-9a2e-9109162cd2be - - - - -] libvirt.rbd_destroy_volume_retry_interval = 5 log_opt_values /usr/lib/python3/dist-packages/oslo_config/cfg.py:2609
2026-03-16 00:37:58.373 137116 DEBUG oslo_service.service [req-a48a2187-af4a-4489-9a2e-9109162cd2be - - - - -] libvirt.rbd_secret_uuid = None log_opt_values /usr/lib/python3/dist-packages/oslo_config/cfg.py:2609
2026-03-16 00:37:58.373 137116 DEBUG oslo_service.service [req-a48a2187-af4a-4489-9a2e-9109162cd2be - - - - -] libvirt.rbd_user = None log_opt_values /usr/lib/python3/dist-packages/oslo_config/cfg.py:2609
2026-03-16 00:37:58.373 137116 DEBUG oslo_service.service [req-a48a2187-af4a-4489-9a2e-9109162cd2be - - - - -] libvirt.realtime_scheduler_priority = 1 log_opt_values /usr/lib/python3/dist-packages/oslo_config/cfg.py:2609
2026-03-16 00:37:58.373 137116 DEBUG oslo_service.service [req-a48a2187-af4a-4489-9a2e-9109162cd2be - - - - -] libvirt.remote_filesystem_transport = ssh log_opt_values /usr/lib/python3/dist-packages/oslo_config/cfg.py:2609
2026-03-16 00:37:58.374 137116 DEBUG oslo_service.service [req-a48a2187-af4a-4489-9a2e-9109162cd2be - - - - -] libvirt.rescue_image_id = None log_opt_values /usr/lib/python3/dist-packages/oslo_config/cfg.py:2609
2026-03-16 00:37:58.374 137116 DEBUG oslo_service.service [req-a48a2187-af4a-4489-9a2e-9109162cd2be - - - - -] libvirt.rescue_kernel_id = None log_opt_values /usr/lib/python3/dist-packages/oslo_config/cfg.py:2609
2026-03-16 00:37:58.374 137116 DEBUG oslo_service.service [req-a48a2187-af4a-4489-9a2e-9109162cd2be - - - - -] libvirt.rescue_ramdisk_id = None log_opt_values /usr/lib/python3/dist-packages/oslo_config/cfg.py:2609
2026-03-16 00:37:58.374 137116 DEBUG oslo_service.service [req-a48a2187-af4a-4489-9a2e-9109162cd2be - - - - -] libvirt.rng_dev_path = /dev/urandom log_opt_values /usr/lib/python3/dist-packages/oslo_config/cfg.py:2609
2026-03-16 00:37:58.374 137116 DEBUG oslo_service.service [req-a48a2187-af4a-4489-9a2e-9109162cd2be - - - - -] libvirt.rx_queue_size = None log_opt_values /usr/lib/python3/dist-packages/oslo_config/cfg.py:2609
2026-03-16 00:37:58.374 137116 DEBUG oslo_service.service [req-a48a2187-af4a-4489-9a2e-9109162cd2be - - - - -] libvirt.smbfs_mount_options = log_opt_values /usr/lib/python3/dist-packages/oslo_config/cfg.py:2609
2026-03-16 00:37:58.375 137116 DEBUG oslo_service.service [req-a48a2187-af4a-4489-9a2e-9109162cd2be - - - - -] libvirt.smbfs_mount_point_base = /var/lib/nova/mnt log_opt_values /usr/lib/python3/dist-packages/oslo_config/cfg.py:2609
2026-03-16 00:37:58.375 137116 DEBUG oslo_service.service [req-a48a2187-af4a-4489-9a2e-9109162cd2be - - - - -] libvirt.snapshot_compression = False log_opt_values /usr/lib/python3/dist-packages/oslo_config/cfg.py:2609
2026-03-16 00:37:58.375 137116 DEBUG oslo_service.service [req-a48a2187-af4a-4489-9a2e-9109162cd2be - - - - -] libvirt.snapshot_image_format = None log_opt_values /usr/lib/python3/dist-packages/oslo_config/cfg.py:2609
2026-03-16 00:37:58.375 137116 DEBUG oslo_service.service [req-a48a2187-af4a-4489-9a2e-9109162cd2be - - - - -] libvirt.snapshots_directory = /var/lib/nova/instances/snapshots log_opt_values /usr/lib/python3/dist-packages/oslo_config/cfg.py:2609
2026-03-16 00:37:58.375 138623 DEBUG oslo_messaging._drivers.amqpdriver [-] received message msg_id: b4492bd15a4e4466a66d0e956f87a9c9 reply to reply_de7cf000290f46a1adc8c68d787ec213 __call__ /usr/lib/python3/dist-packages/oslo_messaging/_drivers/amqpdriver.py:320
2026-03-16 00:37:58.376 137116 DEBUG oslo_service.service [req-a48a2187-af4a-4489-9a2e-9109162cd2be - - - - -] libvirt.sparse_logical_volumes = False log_opt_values /usr/lib/python3/dist-packages/oslo_config/cfg.py:2609
2026-03-16 00:37:58.376 138623 DEBUG oslo_messaging._drivers.amqpdriver [-] Listener is running poll /usr/lib/python3/dist-packages/oslo_messaging/_drivers/amqpdriver.py:343
2026-03-16 00:37:58.376 137116 DEBUG oslo_service.service [req-a48a2187-af4a-4489-9a2e-9109162cd2be - - - - -] libvirt.swtpm_enabled = False log_opt_values /usr/lib/python3/dist-packages/oslo_config/cfg.py:2609
2026-03-16 00:37:58.376 138623 DEBUG oslo_messaging._drivers.amqpdriver [-] Poll the incoming message with unique_id: f85919d0d3294b7c8d054e2349c5c870 poll /usr/lib/python3/dist-packages/oslo_messaging/_drivers/amqpdriver.py:346
2026-03-16 00:37:58.376 137116 DEBUG oslo_service.service [req-a48a2187-af4a-4489-9a2e-9109162cd2be - - - - -] libvirt.swtpm_group = tss log_opt_values /usr/lib/python3/dist-packages/oslo_config/cfg.py:2609
2026-03-16 00:37:58.376 137116 DEBUG oslo_service.service [req-a48a2187-af4a-4489-9a2e-9109162cd2be - - - - -] libvirt.swtpm_user = tss log_opt_values /usr/lib/python3/dist-packages/oslo_config/cfg.py:2609
2026-03-16 00:37:58.376 138623 DEBUG oslo_messaging._drivers.amqpdriver [-] Listener is running poll /usr/lib/python3/dist-packages/oslo_messaging/_drivers/amqpdriver.py:343
2026-03-16 00:37:58.376 137116 DEBUG oslo_service.service [req-a48a2187-af4a-4489-9a2e-9109162cd2be - - - - -] libvirt.sysinfo_serial = unique log_opt_values /usr/lib/python3/dist-packages/oslo_config/cfg.py:2609
2026-03-16 00:37:58.376 138623 DEBUG oslo_messaging._drivers.amqpdriver [-] AMQPListener connection consume poll /usr/lib/python3/dist-packages/oslo_messaging/_drivers/amqpdriver.py:357
2026-03-16 00:37:58.376 137116 DEBUG oslo_service.service [req-a48a2187-af4a-4489-9a2e-9109162cd2be - - - - -] libvirt.tx_queue_size = None log_opt_values /usr/lib/python3/dist-packages/oslo_config/cfg.py:2609
2026-03-16 00:37:58.377 137116 DEBUG oslo_service.service [req-a48a2187-af4a-4489-9a2e-9109162cd2be - - - - -] libvirt.uid_maps = [] log_opt_values /usr/lib/python3/dist-packages/oslo_config/cfg.py:2609
2026-03-16 00:37:58.377 137116 DEBUG oslo_service.service [req-a48a2187-af4a-4489-9a2e-9109162cd2be - - - - -] libvirt.use_virtio_for_bridges = True log_opt_values /usr/lib/python3/dist-packages/oslo_config/cfg.py:2609
2026-03-16 00:37:58.377 137116 DEBUG oslo_service.service [req-a48a2187-af4a-4489-9a2e-9109162cd2be - - - - -] libvirt.virt_type = kvm log_opt_values /usr/lib/python3/dist-packages/oslo_config/cfg.py:2609
2026-03-16 00:37:58.377 137116 DEBUG oslo_service.service [req-a48a2187-af4a-4489-9a2e-9109162cd2be - - - - -] libvirt.volume_clear = zero log_opt_values /usr/lib/python3/dist-packages/oslo_config/cfg.py:2609
2026-03-16 00:37:58.378 137116 DEBUG oslo_service.service [req-a48a2187-af4a-4489-9a2e-9109162cd2be - - - - -] libvirt.volume_clear_size = 0 log_opt_values /usr/lib/python3/dist-packages/oslo_config/cfg.py:2609
2026-03-16 00:37:58.378 137116 DEBUG oslo_service.service [req-a48a2187-af4a-4489-9a2e-9109162cd2be - - - - -] libvirt.volume_use_multipath = False log_opt_values /usr/lib/python3/dist-packages/oslo_config/cfg.py:2609
2026-03-16 00:37:58.378 137116 DEBUG oslo_service.service [req-a48a2187-af4a-4489-9a2e-9109162cd2be - - - - -] libvirt.vzstorage_cache_path = None log_opt_values /usr/lib/python3/dist-packages/oslo_config/cfg.py:2609
2026-03-16 00:37:58.378 137116 DEBUG oslo_service.service [req-a48a2187-af4a-4489-9a2e-9109162cd2be - - - - -] libvirt.vzstorage_log_path = /var/log/vstorage/%(cluster_name)s/nova.log.gz log_opt_values /usr/lib/python3/dist-packages/oslo_config/cfg.py:2609
2026-03-16 00:37:58.378 137116 DEBUG oslo_service.service [req-a48a2187-af4a-4489-9a2e-9109162cd2be - - - - -] libvirt.vzstorage_mount_group = qemu log_opt_values /usr/lib/python3/dist-packages/oslo_config/cfg.py:2609
2026-03-16 00:37:58.378 137116 DEBUG oslo_service.service [req-a48a2187-af4a-4489-9a2e-9109162cd2be - - - - -] libvirt.vzstorage_mount_opts = [] log_opt_values /usr/lib/python3/dist-packages/oslo_config/cfg.py:2609
2026-03-16 00:37:58.378 138623 DEBUG oslo_messaging._drivers.amqpdriver [-] AMQPListener connection timeout poll /usr/lib/python3/dist-packages/oslo_messaging/_drivers/amqpdriver.py:360
2026-03-16 00:37:58.379 137116 DEBUG oslo_service.service [req-a48a2187-af4a-4489-9a2e-9109162cd2be - - - - -] libvirt.vzstorage_mount_perms = 0770 log_opt_values /usr/lib/python3/dist-packages/oslo_config/cfg.py:2609
2026-03-16 00:37:58.379 138623 DEBUG oslo_messaging._drivers.amqpdriver [-] Listener is running poll /usr/lib/python3/dist-packages/oslo_messaging/_drivers/amqpdriver.py:343
2026-03-16 00:37:58.379 138623 DEBUG oslo_messaging._drivers.amqpdriver [-] AMQPListener connection consume poll /usr/lib/python3/dist-packages/oslo_messaging/_drivers/amqpdriver.py:357
2026-03-16 00:37:58.379 137116 DEBUG oslo_service.service [req-a48a2187-af4a-4489-9a2e-9109162cd2be - - - - -] libvirt.vzstorage_mount_point_base = /var/lib/nova/mnt log_opt_values /usr/lib/python3/dist-packages/oslo_config/cfg.py:2609
2026-03-16 00:37:58.379 137116 DEBUG oslo_service.service [req-a48a2187-af4a-4489-9a2e-9109162cd2be - - - - -] libvirt.vzstorage_mount_user = stack log_opt_values /usr/lib/python3/dist-packages/oslo_config/cfg.py:2609
2026-03-16 00:37:58.379 137116 DEBUG oslo_service.service [req-a48a2187-af4a-4489-9a2e-9109162cd2be - - - - -] libvirt.wait_soft_reboot_seconds = 120 log_opt_values /usr/lib/python3/dist-packages/oslo_config/cfg.py:2609
2026-03-16 00:37:58.379 137116 DEBUG oslo_service.service [req-a48a2187-af4a-4489-9a2e-9109162cd2be - - - - -] neutron.auth_section = None log_opt_values /usr/lib/python3/dist-packages/oslo_config/cfg.py:2609
2026-03-16 00:37:58.379 137116 DEBUG oslo_service.service [req-a48a2187-af4a-4489-9a2e-9109162cd2be - - - - -] neutron.auth_type = password log_opt_values /usr/lib/python3/dist-packages/oslo_config/cfg.py:2609
2026-03-16 00:37:58.380 137116 DEBUG oslo_service.service [req-a48a2187-af4a-4489-9a2e-9109162cd2be - - - - -] neutron.cafile = None log_opt_values /usr/lib/python3/dist-packages/oslo_config/cfg.py:2609
2026-03-16 00:37:58.380 137116 DEBUG oslo_service.service [req-a48a2187-af4a-4489-9a2e-9109162cd2be - - - - -] neutron.certfile = None log_opt_values /usr/lib/python3/dist-packages/oslo_config/cfg.py:2609
2026-03-16 00:37:58.380 137116 DEBUG oslo_service.service [req-a48a2187-af4a-4489-9a2e-9109162cd2be - - - - -] neutron.collect_timing = False log_opt_values /usr/lib/python3/dist-packages/oslo_config/cfg.py:2609
2026-03-16 00:37:58.380 137116 DEBUG oslo_service.service [req-a48a2187-af4a-4489-9a2e-9109162cd2be - - - - -] neutron.connect_retries = None log_opt_values /usr/lib/python3/dist-packages/oslo_config/cfg.py:2609
2026-03-16 00:37:58.380 137116 DEBUG oslo_service.service [req-a48a2187-af4a-4489-9a2e-9109162cd2be - - - - -] neutron.connect_retry_delay = None log_opt_values /usr/lib/python3/dist-packages/oslo_config/cfg.py:2609
2026-03-16 00:37:58.380 137116 DEBUG oslo_service.service [req-a48a2187-af4a-4489-9a2e-9109162cd2be - - - - -] neutron.default_floating_pool = nova log_opt_values /usr/lib/python3/dist-packages/oslo_config/cfg.py:2609
2026-03-16 00:37:58.381 137116 DEBUG oslo_service.service [req-a48a2187-af4a-4489-9a2e-9109162cd2be - - - - -] neutron.endpoint_override = None log_opt_values /usr/lib/python3/dist-packages/oslo_config/cfg.py:2609
2026-03-16 00:37:58.381 137116 DEBUG oslo_service.service [req-a48a2187-af4a-4489-9a2e-9109162cd2be - - - - -] neutron.extension_sync_interval = 600 log_opt_values /usr/lib/python3/dist-packages/oslo_config/cfg.py:2609
2026-03-16 00:37:58.381 137116 DEBUG oslo_service.service [req-a48a2187-af4a-4489-9a2e-9109162cd2be - - - - -] neutron.http_retries = 3 log_opt_values /usr/lib/python3/dist-packages/oslo_config/cfg.py:2609
2026-03-16 00:37:58.381 137116 DEBUG oslo_service.service [req-a48a2187-af4a-4489-9a2e-9109162cd2be - - - - -] neutron.insecure = False log_opt_values /usr/lib/python3/dist-packages/oslo_config/cfg.py:2609
2026-03-16 00:37:58.381 137116 DEBUG oslo_service.service [req-a48a2187-af4a-4489-9a2e-9109162cd2be - - - - -] neutron.keyfile = None log_opt_values /usr/lib/python3/dist-packages/oslo_config/cfg.py:2609
2026-03-16 00:37:58.381 137116 DEBUG oslo_service.service [req-a48a2187-af4a-4489-9a2e-9109162cd2be - - - - -] neutron.max_version = None log_opt_values /usr/lib/python3/dist-packages/oslo_config/cfg.py:2609
2026-03-16 00:37:58.381 138623 DEBUG oslo_messaging._drivers.amqpdriver [req-945a0977-64ad-4c16-a7f9-5f4b9aa1e7aa - - - - -] sending reply msg_id: b4492bd15a4e4466a66d0e956f87a9c9 reply queue: reply_de7cf000290f46a1adc8c68d787ec213 time elapsed: 0.005546147000131896s _send_reply /usr/lib/python3/dist-packages/oslo_messaging/_drivers/amqpdriver.py:118
2026-03-16 00:37:58.382 137116 DEBUG oslo_service.service [req-a48a2187-af4a-4489-9a2e-9109162cd2be - - - - -] neutron.metadata_proxy_shared_secret = **** log_opt_values /usr/lib/python3/dist-packages/oslo_config/cfg.py:2609
2026-03-16 00:37:58.382 137116 DEBUG oslo_service.service [req-a48a2187-af4a-4489-9a2e-9109162cd2be - - - - -] neutron.min_version = None log_opt_values /usr/lib/python3/dist-packages/oslo_config/cfg.py:2609
2026-03-16 00:37:58.382 137116 DEBUG oslo_service.service [req-a48a2187-af4a-4489-9a2e-9109162cd2be - - - - -] neutron.ovs_bridge = br-int log_opt_values /usr/lib/python3/dist-packages/oslo_config/cfg.py:2609
