2026-03-16 01:33:06.954 61304 DEBUG oslo_service.service [-] clients_vitrage.endpoint_type = None log_opt_values /usr/lib/python3/dist-packages/oslo_config/cfg.py:2609
2026-03-16 01:33:06.954 61304 DEBUG oslo_service.service [-] clients_vitrage.insecure = None log_opt_values /usr/lib/python3/dist-packages/oslo_config/cfg.py:2609
2026-03-16 01:33:06.954 61304 DEBUG oslo_service.service [-] clients_vitrage.key_file = None log_opt_values /usr/lib/python3/dist-packages/oslo_config/cfg.py:2609
2026-03-16 01:33:06.954 61304 DEBUG oslo_service.service [-] clients_zaqar.ca_file = None log_opt_values /usr/lib/python3/dist-packages/oslo_config/cfg.py:2609
2026-03-16 01:33:06.954 61304 DEBUG oslo_service.service [-] clients_zaqar.cert_file = None log_opt_values /usr/lib/python3/dist-packages/oslo_config/cfg.py:2609
2026-03-16 01:33:06.963 61534 INFO heat.engine.worker [-] Starting engine_worker (1.4) in engine 5b38100b-045d-41ad-aad5-3ae4c5abe400.
2026-03-16 01:33:06.971 61531 DEBUG oslo_db.sqlalchemy.engines [req-434878d5-31d6-4a61-9e25-c5d6ae1fada5 - - - - -] MySQL server mode set to STRICT_TRANS_TABLES,STRICT_ALL_TABLES,NO_ZERO_IN_DATE,NO_ZERO_DATE,ERROR_FOR_DIVISION_BY_ZERO,TRADITIONAL,NO_ENGINE_SUBSTITUTION _check_effective_sql_mode /usr/lib/python3/dist-packages/oslo_db/sqlalchemy/engines.py:314
2026-03-16 01:33:06.977 61304 DEBUG oslo_service.service [-] clients_zaqar.endpoint_type = None log_opt_values /usr/lib/python3/dist-packages/oslo_config/cfg.py:2609
2026-03-16 01:33:06.978 61304 DEBUG oslo_service.service [-] clients_zaqar.insecure = None log_opt_values /usr/lib/python3/dist-packages/oslo_config/cfg.py:2609
2026-03-16 01:33:06.978 61304 DEBUG oslo_service.service [-] clients_zaqar.key_file = None log_opt_values /usr/lib/python3/dist-packages/oslo_config/cfg.py:2609
2026-03-16 01:33:06.978 61304 DEBUG oslo_service.service [-] database.backend = sqlalchemy log_opt_values /usr/lib/python3/dist-packages/oslo_config/cfg.py:2609
2026-03-16 01:33:06.979 61304 DEBUG oslo_service.service [-] database.connection = **** log_opt_values /usr/lib/python3/dist-packages/oslo_config/cfg.py:2609
2026-03-16 01:33:06.991 61532 DEBUG oslo_db.sqlalchemy.engines [req-f9d3176a-a01c-4b14-9621-7fb6d1e8264b - - - - -] MySQL server mode set to STRICT_TRANS_TABLES,STRICT_ALL_TABLES,NO_ZERO_IN_DATE,NO_ZERO_DATE,ERROR_FOR_DIVISION_BY_ZERO,TRADITIONAL,NO_ENGINE_SUBSTITUTION _check_effective_sql_mode /usr/lib/python3/dist-packages/oslo_db/sqlalchemy/engines.py:314
2026-03-16 01:33:06.998 61304 DEBUG oslo_service.service [-] database.connection_debug = 0 log_opt_values /usr/lib/python3/dist-packages/oslo_config/cfg.py:2609
2026-03-16 01:33:06.999 61304 DEBUG oslo_service.service [-] database.connection_parameters = log_opt_values /usr/lib/python3/dist-packages/oslo_config/cfg.py:2609
2026-03-16 01:33:06.999 61304 DEBUG oslo_service.service [-] database.connection_recycle_time = 3600 log_opt_values /usr/lib/python3/dist-packages/oslo_config/cfg.py:2609
2026-03-16 01:33:06.999 61304 DEBUG oslo_service.service [-] database.connection_trace = False log_opt_values /usr/lib/python3/dist-packages/oslo_config/cfg.py:2609
2026-03-16 01:33:06.999 61304 DEBUG oslo_service.service [-] database.db_inc_retry_interval = True log_opt_values /usr/lib/python3/dist-packages/oslo_config/cfg.py:2609
2026-03-16 01:33:06.999 61304 DEBUG oslo_service.service [-] database.db_max_retries = 20 log_opt_values /usr/lib/python3/dist-packages/oslo_config/cfg.py:2609
2026-03-16 01:33:06.999 61304 DEBUG oslo_service.service [-] database.db_max_retry_interval = 10 log_opt_values /usr/lib/python3/dist-packages/oslo_config/cfg.py:2609
2026-03-16 01:33:07.000 61304 DEBUG oslo_service.service [-] database.db_retry_interval = 1 log_opt_values /usr/lib/python3/dist-packages/oslo_config/cfg.py:2609
2026-03-16 01:33:07.000 61304 DEBUG oslo_service.service [-] database.max_overflow = 50 log_opt_values /usr/lib/python3/dist-packages/oslo_config/cfg.py:2609
2026-03-16 01:33:07.000 61304 DEBUG oslo_service.service [-] database.max_pool_size = 5 log_opt_values /usr/lib/python3/dist-packages/oslo_config/cfg.py:2609
2026-03-16 01:33:07.000 61304 DEBUG oslo_service.service [-] database.max_retries = 10 log_opt_values /usr/lib/python3/dist-packages/oslo_config/cfg.py:2609
2026-03-16 01:33:07.000 61304 DEBUG oslo_service.service [-] database.mysql_enable_ndb = False log_opt_values /usr/lib/python3/dist-packages/oslo_config/cfg.py:2609
2026-03-16 01:33:07.001 61304 DEBUG oslo_service.service [-] database.mysql_sql_mode = TRADITIONAL log_opt_values /usr/lib/python3/dist-packages/oslo_config/cfg.py:2609
2026-03-16 01:33:07.001 61304 DEBUG oslo_service.service [-] database.pool_timeout = None log_opt_values /usr/lib/python3/dist-packages/oslo_config/cfg.py:2609
2026-03-16 01:33:07.001 61304 DEBUG oslo_service.service [-] database.retry_interval = 10 log_opt_values /usr/lib/python3/dist-packages/oslo_config/cfg.py:2609
2026-03-16 01:33:07.001 61304 DEBUG oslo_service.service [-] database.slave_connection = **** log_opt_values /usr/lib/python3/dist-packages/oslo_config/cfg.py:2609
2026-03-16 01:33:07.001 61304 DEBUG oslo_service.service [-] database.sqlite_synchronous = True log_opt_values /usr/lib/python3/dist-packages/oslo_config/cfg.py:2609
2026-03-16 01:33:07.001 61304 DEBUG oslo_service.service [-] database.use_db_reconnect = False log_opt_values /usr/lib/python3/dist-packages/oslo_config/cfg.py:2609
2026-03-16 01:33:07.001 61304 DEBUG oslo_service.service [-] oslo_messaging_metrics.metrics_buffer_size = 1000 log_opt_values /usr/lib/python3/dist-packages/oslo_config/cfg.py:2609
2026-03-16 01:33:07.001 61304 DEBUG oslo_service.service [-] oslo_messaging_metrics.metrics_enabled = False log_opt_values /usr/lib/python3/dist-packages/oslo_config/cfg.py:2609
2026-03-16 01:33:07.002 61304 DEBUG oslo_service.service [-] oslo_messaging_metrics.metrics_process_name = log_opt_values /usr/lib/python3/dist-packages/oslo_config/cfg.py:2609
2026-03-16 01:33:07.002 61304 DEBUG oslo_service.service [-] oslo_messaging_metrics.metrics_socket_file = /var/tmp/metrics_collector.sock log_opt_values /usr/lib/python3/dist-packages/oslo_config/cfg.py:2609
2026-03-16 01:33:07.002 61304 DEBUG oslo_service.service [-] oslo_messaging_metrics.metrics_thread_stop_timeout = 10 log_opt_values /usr/lib/python3/dist-packages/oslo_config/cfg.py:2609
2026-03-16 01:33:07.002 61304 DEBUG oslo_service.service [-] oslo_policy.enforce_new_defaults = False log_opt_values /usr/lib/python3/dist-packages/oslo_config/cfg.py:2609
2026-03-16 01:33:07.002 61304 DEBUG oslo_service.service [-] oslo_policy.enforce_scope = False log_opt_values /usr/lib/python3/dist-packages/oslo_config/cfg.py:2609
2026-03-16 01:33:07.002 61304 DEBUG oslo_service.service [-] oslo_policy.policy_default_rule = default log_opt_values /usr/lib/python3/dist-packages/oslo_config/cfg.py:2609
2026-03-16 01:33:07.002 61304 DEBUG oslo_service.service [-] oslo_policy.policy_dirs = ['policy.d'] log_opt_values /usr/lib/python3/dist-packages/oslo_config/cfg.py:2609
2026-03-16 01:33:07.003 61304 DEBUG oslo_service.service [-] oslo_policy.policy_file = policy.yaml log_opt_values /usr/lib/python3/dist-packages/oslo_config/cfg.py:2609
2026-03-16 01:33:07.003 61304 DEBUG oslo_service.service [-] oslo_policy.remote_content_type = application/x-www-form-urlencoded log_opt_values /usr/lib/python3/dist-packages/oslo_config/cfg.py:2609
2026-03-16 01:33:07.003 61304 DEBUG oslo_service.service [-] oslo_policy.remote_ssl_ca_crt_file = None log_opt_values /usr/lib/python3/dist-packages/oslo_config/cfg.py:2609
2026-03-16 01:33:07.003 61304 DEBUG oslo_service.service [-] oslo_policy.remote_ssl_client_crt_file = None log_opt_values /usr/lib/python3/dist-packages/oslo_config/cfg.py:2609
2026-03-16 01:33:07.003 61304 DEBUG oslo_service.service [-] oslo_policy.remote_ssl_client_key_file = None log_opt_values /usr/lib/python3/dist-packages/oslo_config/cfg.py:2609
2026-03-16 01:33:07.004 61304 DEBUG oslo_service.service [-] oslo_policy.remote_ssl_verify_server_crt = False log_opt_values /usr/lib/python3/dist-packages/oslo_config/cfg.py:2609
2026-03-16 01:33:07.004 61304 DEBUG oslo_service.service [-] trustee.auth_section = None log_opt_values /usr/lib/python3/dist-packages/oslo_config/cfg.py:2609
2026-03-16 01:33:07.005 61304 WARNING oslo_config.cfg [-] Deprecated: Option "auth_plugin" from group "trustee" is deprecated. Use option "auth_type" from group "trustee".
2026-03-16 01:33:07.005 61304 DEBUG oslo_service.service [-] trustee.auth_type = password log_opt_values /usr/lib/python3/dist-packages/oslo_config/cfg.py:2609
2026-03-16 01:33:07.005 61304 DEBUG oslo_service.service [-] oslo_versionedobjects.fatal_exception_format_errors = False log_opt_values /usr/lib/python3/dist-packages/oslo_config/cfg.py:2609
2026-03-16 01:33:07.005 61304 DEBUG oslo_service.service [-] oslo_messaging_rabbit.amqp_auto_delete = False log_opt_values /usr/lib/python3/dist-packages/oslo_config/cfg.py:2609
2026-03-16 01:33:07.006 61304 DEBUG oslo_service.service [-] oslo_messaging_rabbit.amqp_durable_queues = False log_opt_values /usr/lib/python3/dist-packages/oslo_config/cfg.py:2609
2026-03-16 01:33:07.006 61304 DEBUG oslo_service.service [-] oslo_messaging_rabbit.conn_pool_min_size = 2 log_opt_values /usr/lib/python3/dist-packages/oslo_config/cfg.py:2609
2026-03-16 01:33:07.006 61304 DEBUG oslo_service.service [-] oslo_messaging_rabbit.conn_pool_ttl = 1200 log_opt_values /usr/lib/python3/dist-packages/oslo_config/cfg.py:2609
2026-03-16 01:33:07.006 61304 DEBUG oslo_service.service [-] oslo_messaging_rabbit.direct_mandatory_flag = True log_opt_values /usr/lib/python3/dist-packages/oslo_config/cfg.py:2609
2026-03-16 01:33:07.006 61304 DEBUG oslo_service.service [-] oslo_messaging_rabbit.enable_cancel_on_failover = False log_opt_values /usr/lib/python3/dist-packages/oslo_config/cfg.py:2609
2026-03-16 01:33:07.006 61304 DEBUG oslo_service.service [-] oslo_messaging_rabbit.heartbeat_in_pthread = False log_opt_values /usr/lib/python3/dist-packages/oslo_config/cfg.py:2609
2026-03-16 01:33:07.006 61304 DEBUG oslo_service.service [-] oslo_messaging_rabbit.heartbeat_rate = 2 log_opt_values /usr/lib/python3/dist-packages/oslo_config/cfg.py:2609
2026-03-16 01:33:07.006 61304 DEBUG oslo_service.service [-] oslo_messaging_rabbit.heartbeat_timeout_threshold = 60 log_opt_values /usr/lib/python3/dist-packages/oslo_config/cfg.py:2609
2026-03-16 01:33:07.006 61304 DEBUG oslo_service.service [-] oslo_messaging_rabbit.kombu_compression = None log_opt_values /usr/lib/python3/dist-packages/oslo_config/cfg.py:2609
2026-03-16 01:33:07.007 61304 DEBUG oslo_service.service [-] oslo_messaging_rabbit.kombu_failover_strategy = round-robin log_opt_values /usr/lib/python3/dist-packages/oslo_config/cfg.py:2609
2026-03-16 01:33:07.007 61304 DEBUG oslo_service.service [-] oslo_messaging_rabbit.kombu_missing_consumer_retry_timeout = 60 log_opt_values /usr/lib/python3/dist-packages/oslo_config/cfg.py:2609
2026-03-16 01:33:07.007 61304 DEBUG oslo_service.service [-] oslo_messaging_rabbit.kombu_reconnect_delay = 1.0 log_opt_values /usr/lib/python3/dist-packages/oslo_config/cfg.py:2609
2026-03-16 01:33:07.007 61304 DEBUG oslo_service.service [-] oslo_messaging_rabbit.rabbit_ha_queues = False log_opt_values /usr/lib/python3/dist-packages/oslo_config/cfg.py:2609
2026-03-16 01:33:07.007 61304 DEBUG oslo_service.service [-] oslo_messaging_rabbit.rabbit_interval_max = 30 log_opt_values /usr/lib/python3/dist-packages/oslo_config/cfg.py:2609
2026-03-16 01:33:07.007 61304 DEBUG oslo_service.service [-] oslo_messaging_rabbit.rabbit_login_method = AMQPLAIN log_opt_values /usr/lib/python3/dist-packages/oslo_config/cfg.py:2609
2026-03-16 01:33:07.007 61304 DEBUG oslo_service.service [-] oslo_messaging_rabbit.rabbit_qos_prefetch_count = 0 log_opt_values /usr/lib/python3/dist-packages/oslo_config/cfg.py:2609
2026-03-16 01:33:07.007 61304 DEBUG oslo_service.service [-] oslo_messaging_rabbit.rabbit_quorum_queue = False log_opt_values /usr/lib/python3/dist-packages/oslo_config/cfg.py:2609
2026-03-16 01:33:07.008 61304 DEBUG oslo_service.service [-] oslo_messaging_rabbit.rabbit_retry_backoff = 2 log_opt_values /usr/lib/python3/dist-packages/oslo_config/cfg.py:2609
2026-03-16 01:33:07.008 61304 DEBUG oslo_service.service [-] oslo_messaging_rabbit.rabbit_retry_interval = 1 log_opt_values /usr/lib/python3/dist-packages/oslo_config/cfg.py:2609
2026-03-16 01:33:07.008 61304 DEBUG oslo_service.service [-] oslo_messaging_rabbit.rabbit_transient_queues_ttl = 1800 log_opt_values /usr/lib/python3/dist-packages/oslo_config/cfg.py:2609
2026-03-16 01:33:07.008 61304 DEBUG oslo_service.service [-] oslo_messaging_rabbit.rpc_conn_pool_size = 30 log_opt_values /usr/lib/python3/dist-packages/oslo_config/cfg.py:2609
2026-03-16 01:33:07.008 61304 DEBUG oslo_service.service [-] oslo_messaging_rabbit.ssl = False log_opt_values /usr/lib/python3/dist-packages/oslo_config/cfg.py:2609
2026-03-16 01:33:07.009 61304 DEBUG oslo_service.service [-] oslo_messaging_rabbit.ssl_ca_file = log_opt_values /usr/lib/python3/dist-packages/oslo_config/cfg.py:2609
2026-03-16 01:33:07.009 61304 DEBUG oslo_service.service [-] oslo_messaging_rabbit.ssl_cert_file = log_opt_values /usr/lib/python3/dist-packages/oslo_config/cfg.py:2609
2026-03-16 01:33:07.009 61304 DEBUG oslo_service.service [-] oslo_messaging_rabbit.ssl_key_file = log_opt_values /usr/lib/python3/dist-packages/oslo_config/cfg.py:2609
2026-03-16 01:33:07.009 61304 DEBUG oslo_service.service [-] oslo_messaging_rabbit.ssl_version = log_opt_values /usr/lib/python3/dist-packages/oslo_config/cfg.py:2609
2026-03-16 01:33:07.010 61304 DEBUG oslo_service.service [-] oslo_messaging_notifications.driver = [] log_opt_values /usr/lib/python3/dist-packages/oslo_config/cfg.py:2609
2026-03-16 01:33:07.010 61304 DEBUG oslo_service.service [-] oslo_messaging_notifications.retry = -1 log_opt_values /usr/lib/python3/dist-packages/oslo_config/cfg.py:2609
2026-03-16 01:33:07.010 61304 DEBUG oslo_service.service [-] oslo_messaging_notifications.topics = ['notifications'] log_opt_values /usr/lib/python3/dist-packages/oslo_config/cfg.py:2609
2026-03-16 01:33:07.010 61304 DEBUG oslo_service.service [-] oslo_messaging_notifications.transport_url = **** log_opt_values /usr/lib/python3/dist-packages/oslo_config/cfg.py:2609
2026-03-16 01:33:07.010 61304 DEBUG oslo_service.service [-] cache.backend = dogpile.cache.null log_opt_values /usr/lib/python3/dist-packages/oslo_config/cfg.py:2609
2026-03-16 01:33:07.011 61304 DEBUG oslo_service.service [-] cache.backend_argument = **** log_opt_values /usr/lib/python3/dist-packages/oslo_config/cfg.py:2609
2026-03-16 01:33:07.011 61304 DEBUG oslo_service.service [-] cache.config_prefix = cache.oslo log_opt_values /usr/lib/python3/dist-packages/oslo_config/cfg.py:2609
2026-03-16 01:33:07.022 61533 DEBUG oslo_db.sqlalchemy.engines [req-aa697118-3b6c-46c8-b879-17ff161e1b42 - - - - -] MySQL server mode set to STRICT_TRANS_TABLES,STRICT_ALL_TABLES,NO_ZERO_IN_DATE,NO_ZERO_DATE,ERROR_FOR_DIVISION_BY_ZERO,TRADITIONAL,NO_ENGINE_SUBSTITUTION _check_effective_sql_mode /usr/lib/python3/dist-packages/oslo_db/sqlalchemy/engines.py:314
2026-03-16 01:33:07.030 61304 DEBUG oslo_service.service [-] cache.debug_cache_backend = False log_opt_values /usr/lib/python3/dist-packages/oslo_config/cfg.py:2609
2026-03-16 01:33:07.032 61304 DEBUG oslo_service.service [-] cache.enabled = False log_opt_values /usr/lib/python3/dist-packages/oslo_config/cfg.py:2609
2026-03-16 01:33:07.032 61304 DEBUG oslo_service.service [-] cache.expiration_time = 600 log_opt_values /usr/lib/python3/dist-packages/oslo_config/cfg.py:2609
2026-03-16 01:33:07.040 61531 DEBUG heat.engine.service [req-434878d5-31d6-4a61-9e25-c5d6ae1fada5 - - - - -] Service 11558700-a9f8-404a-968c-0c4c5c836960 was aborted service_manage_cleanup /usr/lib/python3/dist-packages/heat/engine/service.py:2391
2026-03-16 01:33:07.063 61304 DEBUG oslo_service.service [-] cache.memcache_dead_retry = 300 log_opt_values /usr/lib/python3/dist-packages/oslo_config/cfg.py:2609
2026-03-16 01:33:07.051 61534 DEBUG oslo_db.sqlalchemy.engines [req-b913bb5f-bd84-429e-aa5e-cb2b9c7c0767 - - - - -] MySQL server mode set to STRICT_TRANS_TABLES,STRICT_ALL_TABLES,NO_ZERO_IN_DATE,NO_ZERO_DATE,ERROR_FOR_DIVISION_BY_ZERO,TRADITIONAL,NO_ENGINE_SUBSTITUTION _check_effective_sql_mode /usr/lib/python3/dist-packages/oslo_db/sqlalchemy/engines.py:314
2026-03-16 01:33:07.054 61532 DEBUG heat.engine.service [req-f9d3176a-a01c-4b14-9621-7fb6d1e8264b - - - - -] Service 11558700-a9f8-404a-968c-0c4c5c836960 was aborted service_manage_cleanup /usr/lib/python3/dist-packages/heat/engine/service.py:2391
2026-03-16 01:33:07.063 61304 DEBUG oslo_service.service [-] cache.memcache_pool_connection_get_timeout = 10 log_opt_values /usr/lib/python3/dist-packages/oslo_config/cfg.py:2609
2026-03-16 01:33:07.066 61304 DEBUG oslo_service.service [-] cache.memcache_pool_flush_on_reconnect = False log_opt_values /usr/lib/python3/dist-packages/oslo_config/cfg.py:2609
2026-03-16 01:33:07.080 61304 DEBUG oslo_service.service [-] cache.memcache_pool_maxsize = 10 log_opt_values /usr/lib/python3/dist-packages/oslo_config/cfg.py:2609
2026-03-16 01:33:07.080 61304 DEBUG oslo_service.service [-] cache.memcache_pool_unused_timeout = 60 log_opt_values /usr/lib/python3/dist-packages/oslo_config/cfg.py:2609
2026-03-16 01:33:07.081 61304 DEBUG oslo_service.service [-] cache.memcache_servers = ['localhost:11211'] log_opt_values /usr/lib/python3/dist-packages/oslo_config/cfg.py:2609
2026-03-16 01:33:07.081 61304 DEBUG oslo_service.service [-] cache.memcache_socket_timeout = 1.0 log_opt_values /usr/lib/python3/dist-packages/oslo_config/cfg.py:2609
2026-03-16 01:33:07.081 61304 DEBUG oslo_service.service [-] cache.proxies = [] log_opt_values /usr/lib/python3/dist-packages/oslo_config/cfg.py:2609
2026-03-16 01:33:07.081 61304 DEBUG oslo_service.service [-] cache.tls_allowed_ciphers = None log_opt_values /usr/lib/python3/dist-packages/oslo_config/cfg.py:2609
2026-03-16 01:33:07.081 61304 DEBUG oslo_service.service [-] cache.tls_cafile = None log_opt_values /usr/lib/python3/dist-packages/oslo_config/cfg.py:2609
2026-03-16 01:33:07.081 61304 DEBUG oslo_service.service [-] cache.tls_certfile = None log_opt_values /usr/lib/python3/dist-packages/oslo_config/cfg.py:2609
2026-03-16 01:33:07.081 61304 DEBUG oslo_service.service [-] cache.tls_enabled = False log_opt_values /usr/lib/python3/dist-packages/oslo_config/cfg.py:2609
2026-03-16 01:33:07.082 61304 DEBUG oslo_service.service [-] cache.tls_keyfile = None log_opt_values /usr/lib/python3/dist-packages/oslo_config/cfg.py:2609
2026-03-16 01:33:07.082 61304 DEBUG oslo_service.service [-] constraint_validation_cache.caching = True log_opt_values /usr/lib/python3/dist-packages/oslo_config/cfg.py:2609
2026-03-16 01:33:07.082 61304 DEBUG oslo_service.service [-] constraint_validation_cache.expiration_time = 60 log_opt_values /usr/lib/python3/dist-packages/oslo_config/cfg.py:2609
2026-03-16 01:33:07.082 61304 DEBUG oslo_service.service [-] service_extension_cache.caching = True log_opt_values /usr/lib/python3/dist-packages/oslo_config/cfg.py:2609
2026-03-16 01:33:07.082 61304 DEBUG oslo_service.service [-] service_extension_cache.expiration_time = 3600 log_opt_values /usr/lib/python3/dist-packages/oslo_config/cfg.py:2609
2026-03-16 01:33:07.082 61304 DEBUG oslo_service.service [-] resource_finder_cache.caching = True log_opt_values /usr/lib/python3/dist-packages/oslo_config/cfg.py:2609
2026-03-16 01:33:07.082 61304 DEBUG oslo_service.service [-] resource_finder_cache.expiration_time = 3600 log_opt_values /usr/lib/python3/dist-packages/oslo_config/cfg.py:2609
2026-03-16 01:33:07.083 61304 DEBUG oslo_service.service [-] yaql.limit_iterators = 200 log_opt_values /usr/lib/python3/dist-packages/oslo_config/cfg.py:2609
2026-03-16 01:33:07.083 61304 DEBUG oslo_service.service [-] yaql.memory_quota = 10000 log_opt_values /usr/lib/python3/dist-packages/oslo_config/cfg.py:2609
2026-03-16 01:33:07.083 61304 DEBUG oslo_service.service [-] ******************************************************************************** log_opt_values /usr/lib/python3/dist-packages/oslo_config/cfg.py:2613
2026-03-16 01:33:07.094 61533 DEBUG heat.engine.service [req-aa697118-3b6c-46c8-b879-17ff161e1b42 - - - - -] Service 11558700-a9f8-404a-968c-0c4c5c836960 was aborted service_manage_cleanup /usr/lib/python3/dist-packages/heat/engine/service.py:2391
2026-03-16 01:33:07.116 61534 DEBUG heat.engine.service [req-b913bb5f-bd84-429e-aa5e-cb2b9c7c0767 - - - - -] Service 11558700-a9f8-404a-968c-0c4c5c836960 was aborted service_manage_cleanup /usr/lib/python3/dist-packages/heat/engine/service.py:2391
2026-03-16 01:33:07.333 61531 DEBUG heat.engine.service [req-434878d5-31d6-4a61-9e25-c5d6ae1fada5 - - - - -] Service 1c948f1f-9b2d-4f1c-bf4f-ad9a8d62c177 was aborted service_manage_cleanup /usr/lib/python3/dist-packages/heat/engine/service.py:2391
2026-03-16 01:33:07.335 61532 DEBUG heat.engine.service [req-f9d3176a-a01c-4b14-9621-7fb6d1e8264b - - - - -] Service 1c948f1f-9b2d-4f1c-bf4f-ad9a8d62c177 was aborted service_manage_cleanup /usr/lib/python3/dist-packages/heat/engine/service.py:2391
2026-03-16 01:33:07.337 61533 DEBUG heat.engine.service [req-aa697118-3b6c-46c8-b879-17ff161e1b42 - - - - -] Service 1c948f1f-9b2d-4f1c-bf4f-ad9a8d62c177 was aborted service_manage_cleanup /usr/lib/python3/dist-packages/heat/engine/service.py:2391
2026-03-16 01:33:07.339 61534 DEBUG heat.engine.service [req-b913bb5f-bd84-429e-aa5e-cb2b9c7c0767 - - - - -] Service 1c948f1f-9b2d-4f1c-bf4f-ad9a8d62c177 was aborted service_manage_cleanup /usr/lib/python3/dist-packages/heat/engine/service.py:2391
2026-03-16 01:33:07.405 61531 DEBUG heat.engine.service [req-434878d5-31d6-4a61-9e25-c5d6ae1fada5 - - - - -] Service 452571e1-089f-49cf-b75d-c8b3f7436ad6 was aborted service_manage_cleanup /usr/lib/python3/dist-packages/heat/engine/service.py:2391
2026-03-16 01:33:07.406 61532 DEBUG heat.engine.service [req-f9d3176a-a01c-4b14-9621-7fb6d1e8264b - - - - -] Service 452571e1-089f-49cf-b75d-c8b3f7436ad6 was aborted service_manage_cleanup /usr/lib/python3/dist-packages/heat/engine/service.py:2391
2026-03-16 01:33:07.408 61533 DEBUG heat.engine.service [req-aa697118-3b6c-46c8-b879-17ff161e1b42 - - - - -] Service 452571e1-089f-49cf-b75d-c8b3f7436ad6 was aborted service_manage_cleanup /usr/lib/python3/dist-packages/heat/engine/service.py:2391
2026-03-16 01:33:07.409 61534 DEBUG heat.engine.service [req-b913bb5f-bd84-429e-aa5e-cb2b9c7c0767 - - - - -] Service 452571e1-089f-49cf-b75d-c8b3f7436ad6 was aborted service_manage_cleanup /usr/lib/python3/dist-packages/heat/engine/service.py:2391
2026-03-16 01:33:07.431 61532 DEBUG heat.engine.service [req-f9d3176a-a01c-4b14-9621-7fb6d1e8264b - - - - -] Service 4a8b2ddd-c3d2-4d8d-b8e9-60b607064443 was aborted service_manage_cleanup /usr/lib/python3/dist-packages/heat/engine/service.py:2391
2026-03-16 01:33:07.432 61534 DEBUG heat.engine.service [req-b913bb5f-bd84-429e-aa5e-cb2b9c7c0767 - - - - -] Service 4a8b2ddd-c3d2-4d8d-b8e9-60b607064443 was aborted service_manage_cleanup /usr/lib/python3/dist-packages/heat/engine/service.py:2391
2026-03-16 01:33:07.433 61531 DEBUG heat.engine.service [req-434878d5-31d6-4a61-9e25-c5d6ae1fada5 - - - - -] Service 4a8b2ddd-c3d2-4d8d-b8e9-60b607064443 was aborted service_manage_cleanup /usr/lib/python3/dist-packages/heat/engine/service.py:2391
2026-03-16 01:33:07.434 61533 DEBUG heat.engine.service [req-aa697118-3b6c-46c8-b879-17ff161e1b42 - - - - -] Service 4a8b2ddd-c3d2-4d8d-b8e9-60b607064443 was aborted service_manage_cleanup /usr/lib/python3/dist-packages/heat/engine/service.py:2391
2026-03-16 01:33:07.450 61532 DEBUG heat.engine.service [req-f9d3176a-a01c-4b14-9621-7fb6d1e8264b - - - - -] Service 59f71688-88c9-4d9b-b1b8-b072816553c2 was aborted service_manage_cleanup /usr/lib/python3/dist-packages/heat/engine/service.py:2391
2026-03-16 01:33:07.451 61534 DEBUG heat.engine.service [req-b913bb5f-bd84-429e-aa5e-cb2b9c7c0767 - - - - -] Service 59f71688-88c9-4d9b-b1b8-b072816553c2 was aborted service_manage_cleanup /usr/lib/python3/dist-packages/heat/engine/service.py:2391
2026-03-16 01:33:07.452 61533 DEBUG heat.engine.service [req-aa697118-3b6c-46c8-b879-17ff161e1b42 - - - - -] Service 59f71688-88c9-4d9b-b1b8-b072816553c2 was aborted service_manage_cleanup /usr/lib/python3/dist-packages/heat/engine/service.py:2391
2026-03-16 01:33:07.453 61531 DEBUG heat.engine.service [req-434878d5-31d6-4a61-9e25-c5d6ae1fada5 - - - - -] Service 59f71688-88c9-4d9b-b1b8-b072816553c2 was aborted service_manage_cleanup /usr/lib/python3/dist-packages/heat/engine/service.py:2391
2026-03-16 01:33:07.464 61534 DEBUG heat.engine.service [req-b913bb5f-bd84-429e-aa5e-cb2b9c7c0767 - - - - -] Service 8fd35519-c0a5-49a0-a8aa-d748e81d65e8 was aborted service_manage_cleanup /usr/lib/python3/dist-packages/heat/engine/service.py:2391
2026-03-16 01:33:07.465 61532 DEBUG heat.engine.service [req-f9d3176a-a01c-4b14-9621-7fb6d1e8264b - - - - -] Service 8fd35519-c0a5-49a0-a8aa-d748e81d65e8 was aborted service_manage_cleanup /usr/lib/python3/dist-packages/heat/engine/service.py:2391
2026-03-16 01:33:07.467 61533 DEBUG heat.engine.service [req-aa697118-3b6c-46c8-b879-17ff161e1b42 - - - - -] Service 8fd35519-c0a5-49a0-a8aa-d748e81d65e8 was aborted service_manage_cleanup /usr/lib/python3/dist-packages/heat/engine/service.py:2391
2026-03-16 01:33:07.467 61531 DEBUG heat.engine.service [req-434878d5-31d6-4a61-9e25-c5d6ae1fada5 - - - - -] Service 8fd35519-c0a5-49a0-a8aa-d748e81d65e8 was aborted service_manage_cleanup /usr/lib/python3/dist-packages/heat/engine/service.py:2391
2026-03-16 01:33:07.482 61534 DEBUG heat.engine.service [req-b913bb5f-bd84-429e-aa5e-cb2b9c7c0767 - - - - -] Service 9ec899d0-816b-4360-9af5-ae7ce7e77d06 was aborted service_manage_cleanup /usr/lib/python3/dist-packages/heat/engine/service.py:2391
2026-03-16 01:33:07.483 61532 DEBUG heat.engine.service [req-f9d3176a-a01c-4b14-9621-7fb6d1e8264b - - - - -] Service 9ec899d0-816b-4360-9af5-ae7ce7e77d06 was aborted service_manage_cleanup /usr/lib/python3/dist-packages/heat/engine/service.py:2391
2026-03-16 01:33:07.484 61531 DEBUG heat.engine.service [req-434878d5-31d6-4a61-9e25-c5d6ae1fada5 - - - - -] Service 9ec899d0-816b-4360-9af5-ae7ce7e77d06 was aborted service_manage_cleanup /usr/lib/python3/dist-packages/heat/engine/service.py:2391
2026-03-16 01:33:07.486 61533 DEBUG heat.engine.service [req-aa697118-3b6c-46c8-b879-17ff161e1b42 - - - - -] Service 9ec899d0-816b-4360-9af5-ae7ce7e77d06 was aborted service_manage_cleanup /usr/lib/python3/dist-packages/heat/engine/service.py:2391
2026-03-16 01:33:07.498 61534 DEBUG heat.engine.service [req-b913bb5f-bd84-429e-aa5e-cb2b9c7c0767 - - - - -] Service a2a8d8b6-eb3b-4199-877d-9400b09347cb was aborted service_manage_cleanup /usr/lib/python3/dist-packages/heat/engine/service.py:2391
2026-03-16 01:33:07.499 61531 DEBUG heat.engine.service [req-434878d5-31d6-4a61-9e25-c5d6ae1fada5 - - - - -] Service a2a8d8b6-eb3b-4199-877d-9400b09347cb was aborted service_manage_cleanup /usr/lib/python3/dist-packages/heat/engine/service.py:2391
2026-03-16 01:33:07.500 61532 DEBUG heat.engine.service [req-f9d3176a-a01c-4b14-9621-7fb6d1e8264b - - - - -] Service a2a8d8b6-eb3b-4199-877d-9400b09347cb was aborted service_manage_cleanup /usr/lib/python3/dist-packages/heat/engine/service.py:2391
2026-03-16 01:33:07.502 61533 DEBUG heat.engine.service [req-aa697118-3b6c-46c8-b879-17ff161e1b42 - - - - -] Service a2a8d8b6-eb3b-4199-877d-9400b09347cb was aborted service_manage_cleanup /usr/lib/python3/dist-packages/heat/engine/service.py:2391
2026-03-16 01:33:07.516 61534 DEBUG heat.engine.service [req-b913bb5f-bd84-429e-aa5e-cb2b9c7c0767 - - - - -] Service b72763db-0e66-407a-a984-2e60af3384b3 was aborted service_manage_cleanup /usr/lib/python3/dist-packages/heat/engine/service.py:2391
2026-03-16 01:33:07.517 61531 DEBUG heat.engine.service [req-434878d5-31d6-4a61-9e25-c5d6ae1fada5 - - - - -] Service b72763db-0e66-407a-a984-2e60af3384b3 was aborted service_manage_cleanup /usr/lib/python3/dist-packages/heat/engine/service.py:2391
2026-03-16 01:33:07.518 61532 DEBUG heat.engine.service [req-f9d3176a-a01c-4b14-9621-7fb6d1e8264b - - - - -] Service b72763db-0e66-407a-a984-2e60af3384b3 was aborted service_manage_cleanup /usr/lib/python3/dist-packages/heat/engine/service.py:2391
2026-03-16 01:33:07.520 61533 DEBUG heat.engine.service [req-aa697118-3b6c-46c8-b879-17ff161e1b42 - - - - -] Service b72763db-0e66-407a-a984-2e60af3384b3 was aborted service_manage_cleanup /usr/lib/python3/dist-packages/heat/engine/service.py:2391
2026-03-16 01:33:07.536 61534 DEBUG heat.engine.service [req-b913bb5f-bd84-429e-aa5e-cb2b9c7c0767 - - - - -] Service d98e7145-05c7-48f4-b406-5d912b776e35 was aborted service_manage_cleanup /usr/lib/python3/dist-packages/heat/engine/service.py:2391
2026-03-16 01:33:07.537 61531 DEBUG heat.engine.service [req-434878d5-31d6-4a61-9e25-c5d6ae1fada5 - - - - -] Service d98e7145-05c7-48f4-b406-5d912b776e35 was aborted service_manage_cleanup /usr/lib/python3/dist-packages/heat/engine/service.py:2391
2026-03-16 01:33:07.538 61532 DEBUG heat.engine.service [req-f9d3176a-a01c-4b14-9621-7fb6d1e8264b - - - - -] Service d98e7145-05c7-48f4-b406-5d912b776e35 was aborted service_manage_cleanup /usr/lib/python3/dist-packages/heat/engine/service.py:2391
2026-03-16 01:33:07.540 61533 DEBUG heat.engine.service [req-aa697118-3b6c-46c8-b879-17ff161e1b42 - - - - -] Service d98e7145-05c7-48f4-b406-5d912b776e35 was aborted service_manage_cleanup /usr/lib/python3/dist-packages/heat/engine/service.py:2391
2026-03-16 01:33:07.554 61534 DEBUG heat.engine.service [req-b913bb5f-bd84-429e-aa5e-cb2b9c7c0767 - - - - -] Service e70ca373-e6ff-480f-a1d5-97f563f27a4a was aborted service_manage_cleanup /usr/lib/python3/dist-packages/heat/engine/service.py:2391
2026-03-16 01:33:07.555 61531 DEBUG heat.engine.service [req-434878d5-31d6-4a61-9e25-c5d6ae1fada5 - - - - -] Service e70ca373-e6ff-480f-a1d5-97f563f27a4a was aborted service_manage_cleanup /usr/lib/python3/dist-packages/heat/engine/service.py:2391
2026-03-16 01:33:07.556 61532 DEBUG heat.engine.service [req-f9d3176a-a01c-4b14-9621-7fb6d1e8264b - - - - -] Service e70ca373-e6ff-480f-a1d5-97f563f27a4a was aborted service_manage_cleanup /usr/lib/python3/dist-packages/heat/engine/service.py:2391
2026-03-16 01:33:07.557 61533 DEBUG heat.engine.service [req-aa697118-3b6c-46c8-b879-17ff161e1b42 - - - - -] Service e70ca373-e6ff-480f-a1d5-97f563f27a4a was aborted service_manage_cleanup /usr/lib/python3/dist-packages/heat/engine/service.py:2391
2026-03-16 01:33:07.571 61534 DEBUG heat.engine.service [req-b913bb5f-bd84-429e-aa5e-cb2b9c7c0767 - - - - -] Service f8483d7b-40ac-431a-bb14-4e772e9d6574 was aborted service_manage_cleanup /usr/lib/python3/dist-packages/heat/engine/service.py:2391
2026-03-16 01:33:07.571 61532 DEBUG heat.engine.service [req-f9d3176a-a01c-4b14-9621-7fb6d1e8264b - - - - -] Service f8483d7b-40ac-431a-bb14-4e772e9d6574 was aborted service_manage_cleanup /usr/lib/python3/dist-packages/heat/engine/service.py:2391
2026-03-16 01:33:07.573 61531 DEBUG heat.engine.service [req-434878d5-31d6-4a61-9e25-c5d6ae1fada5 - - - - -] Service f8483d7b-40ac-431a-bb14-4e772e9d6574 was aborted service_manage_cleanup /usr/lib/python3/dist-packages/heat/engine/service.py:2391
2026-03-16 01:33:07.574 61533 DEBUG heat.engine.service [req-aa697118-3b6c-46c8-b879-17ff161e1b42 - - - - -] Service f8483d7b-40ac-431a-bb14-4e772e9d6574 was aborted service_manage_cleanup /usr/lib/python3/dist-packages/heat/engine/service.py:2391
2026-03-16 01:33:07.613 61533 DEBUG heat.engine.service [req-b59a4036-1ebc-4069-8a2d-2c969536767d - - - - -] Service 04422a93-14b6-4625-acd9-cb10168389ca is started service_manage_report /usr/lib/python3/dist-packages/heat/engine/service.py:2363
2026-03-16 01:33:07.621 61531 DEBUG heat.engine.service [req-021baae6-ac5c-489b-826f-039af50dc69d - - - - -] Service 724d9f1a-8988-4e41-8e61-3967d3ae73b4 is started service_manage_report /usr/lib/python3/dist-packages/heat/engine/service.py:2363
2026-03-16 01:33:07.624 61534 DEBUG heat.engine.service [req-078746ee-0007-4e30-882a-4a9728aa90f4 - - - - -] Service 4458a0b8-6423-47eb-905a-f5f0498461e9 is started service_manage_report /usr/lib/python3/dist-packages/heat/engine/service.py:2363
2026-03-16 01:33:07.638 61532 DEBUG heat.engine.service [req-1494a5ae-0168-412b-99c0-9f81b7b2a1e1 - - - - -] Service 076190af-ef0f-44a9-9e09-4999e9bccb3c is started service_manage_report /usr/lib/python3/dist-packages/heat/engine/service.py:2363
2026-03-16 01:33:07.648 61533 DEBUG heat.engine.service [req-b59a4036-1ebc-4069-8a2d-2c969536767d - - - - -] Service 04422a93-14b6-4625-acd9-cb10168389ca is updated service_manage_report /usr/lib/python3/dist-packages/heat/engine/service.py:2370
2026-03-16 01:33:07.652 61531 DEBUG heat.engine.service [req-021baae6-ac5c-489b-826f-039af50dc69d - - - - -] Service 724d9f1a-8988-4e41-8e61-3967d3ae73b4 is updated service_manage_report /usr/lib/python3/dist-packages/heat/engine/service.py:2370
2026-03-16 01:33:07.653 61534 DEBUG heat.engine.service [req-078746ee-0007-4e30-882a-4a9728aa90f4 - - - - -] Service 4458a0b8-6423-47eb-905a-f5f0498461e9 is updated service_manage_report /usr/lib/python3/dist-packages/heat/engine/service.py:2370
2026-03-16 01:33:07.665 61532 DEBUG heat.engine.service [req-1494a5ae-0168-412b-99c0-9f81b7b2a1e1 - - - - -] Service 076190af-ef0f-44a9-9e09-4999e9bccb3c is updated service_manage_report /usr/lib/python3/dist-packages/heat/engine/service.py:2370
2026-03-16 01:34:07.603 61533 DEBUG heat.engine.service [req-c8654f6b-0338-4bcc-9f6b-881351d4920c - - - - -] Service 04422a93-14b6-4625-acd9-cb10168389ca is updated service_manage_report /usr/lib/python3/dist-packages/heat/engine/service.py:2370
2026-03-16 01:34:07.611 61531 DEBUG heat.engine.service [req-e5a5b7ac-1930-4fe1-98ed-6fdbd30421d7 - - - - -] Service 724d9f1a-8988-4e41-8e61-3967d3ae73b4 is updated service_manage_report /usr/lib/python3/dist-packages/heat/engine/service.py:2370
2026-03-16 01:34:07.613 61532 DEBUG heat.engine.service [req-8da30a97-a6f3-4d7b-8652-1a67bdbbcb07 - - - - -] Service 076190af-ef0f-44a9-9e09-4999e9bccb3c is updated service_manage_report /usr/lib/python3/dist-packages/heat/engine/service.py:2370
2026-03-16 01:34:07.613 61534 DEBUG heat.engine.service [req-c608058a-5671-4ae1-9f2a-b81fd6478c90 - - - - -] Service 4458a0b8-6423-47eb-905a-f5f0498461e9 is updated service_manage_report /usr/lib/python3/dist-packages/heat/engine/service.py:2370
2026-03-16 01:34:21.118 61531 DEBUG heat.engine.service [-] Attempting to stop engine service... _stop_rpc_server /usr/lib/python3/dist-packages/heat/engine/service.py:437
2026-03-16 01:34:21.119 61533 DEBUG heat.engine.service [-] Attempting to stop engine service... _stop_rpc_server /usr/lib/python3/dist-packages/heat/engine/service.py:437
2026-03-16 01:34:21.119 61532 DEBUG heat.engine.service [-] Attempting to stop engine service... _stop_rpc_server /usr/lib/python3/dist-packages/heat/engine/service.py:437
2026-03-16 01:34:21.119 61534 DEBUG heat.engine.service [-] Attempting to stop engine service... _stop_rpc_server /usr/lib/python3/dist-packages/heat/engine/service.py:437
2026-03-16 01:34:21.124 61304 INFO oslo_service.service [-] Caught SIGTERM, stopping children
2026-03-16 01:34:21.126 61304 DEBUG oslo_concurrency.lockutils [-] Acquired lock "singleton_lock" lock /usr/lib/python3/dist-packages/oslo_concurrency/lockutils.py:294
2026-03-16 01:34:21.126 61304 DEBUG oslo_concurrency.lockutils [-] Releasing lock "singleton_lock" lock /usr/lib/python3/dist-packages/oslo_concurrency/lockutils.py:312
2026-03-16 01:34:21.126 61304 DEBUG oslo_service.service [-] Stop services. stop /usr/lib/python3/dist-packages/oslo_service/service.py:695
2026-03-16 01:34:21.127 61304 INFO heat.engine.service [-] All threads were gone, terminating engine
2026-03-16 01:34:21.127 61304 DEBUG oslo_service.service [-] Killing children. stop /usr/lib/python3/dist-packages/oslo_service/service.py:700
2026-03-16 01:34:21.143 61304 INFO oslo_service.service [-] Waiting on 4 children to exit
2026-03-16 01:34:21.144 61304 INFO oslo_service.service [-] Child 61531 killed by signal 15
2026-03-16 01:34:21.144 61304 INFO oslo_service.service [-] Child 61532 killed by signal 15
2026-03-16 01:34:21.144 61304 INFO oslo_service.service [-] Child 61533 killed by signal 15
2026-03-16 01:34:21.144 61304 INFO oslo_service.service [-] Child 61534 killed by signal 15
2026-03-16 01:34:22.851 64480 DEBUG oslo_concurrency.lockutils [-] Lock "context-manager" acquired by "neutron_lib.db.api._create_context_manager" :: waited 0.000s inner /usr/lib/python3/dist-packages/oslo_concurrency/lockutils.py:386
2026-03-16 01:34:22.851 64480 DEBUG oslo_concurrency.lockutils [-] Lock "context-manager" "released" by "neutron_lib.db.api._create_context_manager" :: held 0.000s inner /usr/lib/python3/dist-packages/oslo_concurrency/lockutils.py:400
2026-03-16 01:34:25.244 64480 WARNING heat.engine.environment [-] OS::Aodh::Alarm is DEPRECATED. Theshold alarm relies on ceilometer-api and has been deprecated in aodh since Ocata. Use OS::Aodh::GnocchiAggregationByResourcesAlarm instead.
2026-03-16 01:34:25.244 64480 WARNING heat.engine.environment [-] OS::Aodh::CombinationAlarm is HIDDEN. OS::Aodh::CombinationAlarm is deprecated and has been removed from Aodh, use OS::Aodh::CompositeAlarm instead.
2026-03-16 01:34:25.245 64480 WARNING heat.engine.environment [-] OS::Designate::Domain is HIDDEN. This resource has been removed, use OS::Designate::Zone instead.
2026-03-16 01:34:25.245 64480 WARNING heat.engine.environment [-] OS::Designate::Record is HIDDEN. This resource has been removed, use OS::Designate::RecordSet instead.
2026-03-16 01:34:25.245 64480 WARNING heat.engine.environment [-] OS::Glance::Image is DEPRECATED. Creating a Glance Image based on an existing URL location requires the Glance v1 API, which is deprecated.
2026-03-16 01:34:25.245 64480 WARNING heat.engine.environment [-] OS::Heat::HARestarter is HIDDEN. The HARestarter resource type has been removed. Existing stacks containing HARestarter resources can still be used, but the HARestarter resource will be a placeholder that does nothing.
2026-03-16 01:34:25.246 64480 WARNING heat.engine.environment [-] OS::Heat::SoftwareDeployments is HIDDEN. Please use OS::Heat::SoftwareDeploymentGroup instead.
2026-03-16 01:34:25.246 64480 WARNING heat.engine.environment [-] OS::Heat::StructuredDeployments is HIDDEN. Please use OS::Heat::StructuredDeploymentGroup instead.
2026-03-16 01:34:25.246 64480 WARNING heat.engine.environment [-] OS::Magnum::Bay is HIDDEN. Please use OS::Magnum::Cluster instead.
2026-03-16 01:34:25.246 64480 WARNING heat.engine.environment [-] OS::Magnum::BayModel is HIDDEN. Please use OS::Magnum::ClusterTemplate instead.
2026-03-16 01:34:25.246 64480 WARNING heat.engine.environment [-] OS::Neutron::ExtraRoute is UNSUPPORTED. Use this resource at your own risk.
2026-03-16 01:34:25.246 64480 WARNING heat.engine.environment [-] OS::Neutron::HealthMonitor is HIDDEN. Use LBaaS V2 instead.
2026-03-16 01:34:25.247 64480 WARNING heat.engine.environment [-] OS::Neutron::Pool is HIDDEN. Use LBaaS V2 instead.
2026-03-16 01:34:25.247 64480 WARNING heat.engine.environment [-] OS::Neutron::PoolMember is HIDDEN. Use LBaaS V2 instead.
2026-03-16 01:34:25.247 64480 WARNING heat.engine.environment [-] OS::Neutron::LoadBalancer is HIDDEN. Use LBaaS V2 instead.
2026-03-16 01:34:25.247 64480 WARNING heat.engine.environment [-] OS::Neutron::RouterGateway is HIDDEN. Use the `external_gateway_info` property in the router resource to set up the gateway.
2026-03-16 01:34:25.247 64480 WARNING heat.engine.environment [-] OS::Nova::FloatingIP is HIDDEN. Please use OS::Neutron::FloatingIP instead.
2026-03-16 01:34:25.247 64480 WARNING heat.engine.environment [-] OS::Nova::FloatingIPAssociation is HIDDEN. Please use OS::Neutron::FloatingIPAssociation instead.
2026-03-16 01:34:25.250 64480 INFO heat.engine.environment [-] Loading /etc/heat/environment.d/default.yaml
2026-03-16 01:34:25.252 64480 INFO heat.engine.environment [-] Registered: [Plugin](User:False) AWS::AutoScaling::AutoScalingGroup ->
2026-03-16 01:34:25.252 64480 INFO heat.engine.environment [-] Registered: [Plugin](User:False) AWS::AutoScaling::LaunchConfiguration ->
2026-03-16 01:34:25.252 64480 INFO heat.engine.environment [-] Registered: [Plugin](User:False) AWS::AutoScaling::ScalingPolicy ->
2026-03-16 01:34:25.252 64480 INFO heat.engine.environment [-] Registered: [Plugin](User:False) AWS::CloudFormation::Stack ->
2026-03-16 01:34:25.253 64480 INFO heat.engine.environment [-] Registered: [Plugin](User:False) AWS::CloudFormation::WaitCondition ->
2026-03-16 01:34:25.253 64480 INFO heat.engine.environment [-] Registered: [Plugin](User:False) AWS::CloudFormation::WaitConditionHandle ->
2026-03-16 01:34:25.253 64480 INFO heat.engine.environment [-] Registered: [Plugin](User:False) AWS::EC2::EIP ->
2026-03-16 01:34:25.253 64480 INFO heat.engine.environment [-] Registered: [Plugin](User:False) AWS::EC2::EIPAssociation ->
2026-03-16 01:34:25.253 64480 INFO heat.engine.environment [-] Registered: [Plugin](User:False) AWS::EC2::Instance ->
2026-03-16 01:34:25.253 64480 INFO heat.engine.environment [-] Registered: [Plugin](User:False) AWS::EC2::InternetGateway ->
2026-03-16 01:34:25.253 64480 INFO heat.engine.environment [-] Registered: [Plugin](User:False) AWS::EC2::VPCGatewayAttachment ->
2026-03-16 01:34:25.253 64480 INFO heat.engine.environment [-] Registered: [Plugin](User:False) AWS::EC2::NetworkInterface ->
2026-03-16 01:34:25.253 64480 INFO heat.engine.environment [-] Registered: [Plugin](User:False) AWS::EC2::RouteTable ->
2026-03-16 01:34:25.253 64480 INFO heat.engine.environment [-] Registered: [Plugin](User:False) AWS::EC2::SubnetRouteTableAssociation ->
2026-03-16 01:34:25.253 64480 INFO heat.engine.environment [-] Registered: [Plugin](User:False) AWS::EC2::SecurityGroup ->
2026-03-16 01:34:25.254 64480 INFO heat.engine.environment [-] Registered: [Plugin](User:False) AWS::EC2::Subnet ->
2026-03-16 01:34:25.254 64480 INFO heat.engine.environment [-] Registered: [Plugin](User:False) AWS::EC2::Volume ->
2026-03-16 01:34:25.254 64480 INFO heat.engine.environment [-] Registered: [Plugin](User:False) AWS::EC2::VolumeAttachment ->
2026-03-16 01:34:25.254 64480 INFO heat.engine.environment [-] Registered: [Plugin](User:False) AWS::EC2::VPC ->
2026-03-16 01:34:25.254 64480 INFO heat.engine.environment [-] Registered: [Plugin](User:False) AWS::IAM::User ->
2026-03-16 01:34:25.254 64480 INFO heat.engine.environment [-] Registered: [Plugin](User:False) AWS::IAM::AccessKey ->
2026-03-16 01:34:25.254 64480 INFO heat.engine.environment [-] Registered: [Plugin](User:False) AWS::ElasticLoadBalancing::LoadBalancer ->
2026-03-16 01:34:25.254 64480 INFO heat.engine.environment [-] Registered: [Plugin](User:False) AWS::S3::Bucket ->
2026-03-16 01:34:25.254 64480 INFO heat.engine.environment [-] Registered: [Plugin](User:False) OS::Aodh::Alarm ->
2026-03-16 01:34:25.254 64480 INFO heat.engine.environment [-] Registered: [Plugin](User:False) OS::Aodh::CombinationAlarm ->
2026-03-16 01:34:25.255 64480 INFO heat.engine.environment [-] Registered: [Plugin](User:False) OS::Aodh::EventAlarm ->
2026-03-16 01:34:25.255 64480 INFO heat.engine.environment [-] Registered: [Plugin](User:False) OS::Aodh::LBMemberHealthAlarm ->
2026-03-16 01:34:25.255 64480 INFO heat.engine.environment [-] Registered: [Plugin](User:False) OS::Aodh::CompositeAlarm ->
2026-03-16 01:34:25.255 64480 INFO heat.engine.environment [-] Registered: [Plugin](User:False) OS::Aodh::GnocchiResourcesAlarm ->
2026-03-16 01:34:25.255 64480 INFO heat.engine.environment [-] Registered: [Plugin](User:False) OS::Aodh::GnocchiAggregationByMetricsAlarm ->
2026-03-16 01:34:25.255 64480 INFO heat.engine.environment [-] Registered: [Plugin](User:False) OS::Aodh::GnocchiAggregationByResourcesAlarm ->
2026-03-16 01:34:25.255 64480 INFO heat.engine.environment [-] Registered: [Plugin](User:False) OS::Barbican::GenericContainer ->
2026-03-16 01:34:25.255 64480 INFO heat.engine.environment [-] Registered: [Plugin](User:False) OS::Barbican::CertificateContainer ->
2026-03-16 01:34:25.255 64480 INFO heat.engine.environment [-] Registered: [Plugin](User:False) OS::Barbican::RSAContainer ->
2026-03-16 01:34:25.255 64480 INFO heat.engine.environment [-] Registered: [Plugin](User:False) OS::Barbican::Order ->
2026-03-16 01:34:25.255 64480 INFO heat.engine.environment [-] Registered: [Plugin](User:False) OS::Barbican::Secret ->
2026-03-16 01:34:25.255 64480 INFO heat.engine.environment [-] Registered: [Plugin](User:False) OS::Blazar::Host ->
2026-03-16 01:34:25.256 64480 INFO heat.engine.environment [-] Registered: [Plugin](User:False) OS::Blazar::Lease ->
2026-03-16 01:34:25.256 64480 INFO heat.engine.environment [-] Registered: [Plugin](User:False) OS::Cinder::EncryptedVolumeType ->
2026-03-16 01:34:25.256 64480 INFO heat.engine.environment [-] Registered: [Plugin](User:False) OS::Cinder::QoSSpecs ->
2026-03-16 01:34:25.256 64480 INFO heat.engine.environment [-] Registered: [Plugin](User:False) OS::Cinder::QoSAssociation ->
2026-03-16 01:34:25.256 64480 INFO heat.engine.environment [-] Registered: [Plugin](User:False) OS::Cinder::Quota ->
2026-03-16 01:34:25.256 64480 INFO heat.engine.environment [-] Registered: [Plugin](User:False) OS::Cinder::Volume ->
2026-03-16 01:34:25.256 64480 INFO heat.engine.environment [-] Registered: [Plugin](User:False) OS::Cinder::VolumeAttachment ->
2026-03-16 01:34:25.256 64480 INFO heat.engine.environment [-] Registered: [Plugin](User:False) OS::Cinder::VolumeType ->
2026-03-16 01:34:25.256 64480 INFO heat.engine.environment [-] Registered: [Plugin](User:False) OS::Designate::Domain ->
2026-03-16 01:34:25.256 64480 INFO heat.engine.environment [-] Registered: [Plugin](User:False) OS::Designate::Record ->
2026-03-16 01:34:25.257 64480 INFO heat.engine.environment [-] Registered: [Plugin](User:False) OS::Designate::RecordSet ->
2026-03-16 01:34:25.257 64480 INFO heat.engine.environment [-] Registered: [Plugin](User:False) OS::Designate::Zone ->
2026-03-16 01:34:25.257 64480 INFO heat.engine.environment [-] Registered: [Plugin](User:False) OS::Glance::Image ->
2026-03-16 01:34:25.257 64480 INFO heat.engine.environment [-] Registered: [Plugin](User:False) OS::Glance::WebImage ->
2026-03-16 01:34:25.257 64480 INFO heat.engine.environment [-] Registered: [Plugin](User:False) OS::Heat::AccessPolicy ->
2026-03-16 01:34:25.257 64480 INFO heat.engine.environment [-] Registered: [Plugin](User:False) OS::Heat::AutoScalingGroup ->
2026-03-16 01:34:25.257 64480 INFO heat.engine.environment [-] Registered: [Plugin](User:False) OS::Heat::CloudConfig ->
2026-03-16 01:34:25.257 64480 INFO heat.engine.environment [-] Registered: [Plugin](User:False) OS::Heat::Delay ->
2026-03-16 01:34:25.257 64480 INFO heat.engine.environment [-] Registered: [Plugin](User:False) OS::Heat::DeployedServer ->
2026-03-16 01:34:25.257 64480 INFO heat.engine.environment [-] Registered: [Plugin](User:False) OS::Heat::HARestarter ->
2026-03-16 01:34:25.257 64480 INFO heat.engine.environment [-] Registered: [Plugin](User:False) OS::Heat::InstanceGroup ->
2026-03-16 01:34:25.257 64480 INFO heat.engine.environment [-] Registered: [Plugin](User:False) OS::Heat::MultipartMime ->
2026-03-16 01:34:25.258 64480 INFO heat.engine.environment [-] Registered: [Plugin](User:False) OS::Heat::None ->
2026-03-16 01:34:25.258 64480 INFO heat.engine.environment [-] Registered: [Plugin](User:False) OS::Heat::RandomString ->
2026-03-16 01:34:25.258 64480 INFO heat.engine.environment [-] Registered: [Plugin](User:False) OS::Heat::Stack ->
2026-03-16 01:34:25.258 64480 INFO heat.engine.environment [-] Registered: [Plugin](User:False) OS::Heat::ResourceChain ->
2026-03-16 01:34:25.258 64480 INFO heat.engine.environment [-] Registered: [Plugin](User:False) OS::Heat::ResourceGroup ->
2026-03-16 01:34:25.258 64480 INFO heat.engine.environment [-] Registered: [Plugin](User:False) OS::Heat::ScalingPolicy ->
2026-03-16 01:34:25.258 64480 INFO heat.engine.environment [-] Registered: [Plugin](User:False) OS::Heat::SoftwareComponent ->
2026-03-16 01:34:25.258 64480 INFO heat.engine.environment [-] Registered: [Plugin](User:False) OS::Heat::SoftwareConfig ->
2026-03-16 01:34:25.258 64480 INFO heat.engine.environment [-] Registered: [Plugin](User:False) OS::Heat::SoftwareDeployment ->
2026-03-16 01:34:25.258 64480 INFO heat.engine.environment [-] Registered: [Plugin](User:False) OS::Heat::SoftwareDeploymentGroup ->
2026-03-16 01:34:25.260 64480 INFO heat.engine.environment [-] Registered: [Plugin](User:False) OS::Heat::SoftwareDeployments ->
2026-03-16 01:34:25.260 64480 INFO heat.engine.environment [-] Registered: [Plugin](User:False) OS::Heat::StructuredConfig ->
2026-03-16 01:34:25.260 64480 INFO heat.engine.environment [-] Registered: [Plugin](User:False) OS::Heat::StructuredDeployment ->
2026-03-16 01:34:25.260 64480 INFO heat.engine.environment [-] Registered: [Plugin](User:False) OS::Heat::StructuredDeploymentGroup ->
2026-03-16 01:34:25.261 64480 INFO heat.engine.environment [-] Registered: [Plugin](User:False) OS::Heat::StructuredDeployments ->
2026-03-16 01:34:25.261 64480 INFO heat.engine.environment [-] Registered: [Plugin](User:False) OS::Heat::SwiftSignal ->
2026-03-16 01:34:25.261 64480 INFO heat.engine.environment [-] Registered: [Plugin](User:False) OS::Heat::SwiftSignalHandle ->
2026-03-16 01:34:25.261 64480 INFO heat.engine.environment [-] Registered: [Plugin](User:False) OS::Heat::TestResource ->
2026-03-16 01:34:25.261 64480 INFO heat.engine.environment [-] Registered: [Plugin](User:False) OS::Heat::Value ->
2026-03-16 01:34:25.261 64480 INFO heat.engine.environment [-] Registered: [Plugin](User:False) OS::Heat::WaitCondition ->
