2026-03-16 00:35:25.470 37596 DEBUG oslo_service.service [-] clients_octavia.ca_file = None log_opt_values /usr/lib/python3/dist-packages/oslo_config/cfg.py:2609
2026-03-16 00:35:25.473 37596 DEBUG oslo_service.service [-] clients_octavia.cert_file = None log_opt_values /usr/lib/python3/dist-packages/oslo_config/cfg.py:2609
2026-03-16 00:35:25.473 37596 DEBUG oslo_service.service [-] clients_octavia.endpoint_type = None log_opt_values /usr/lib/python3/dist-packages/oslo_config/cfg.py:2609
2026-03-16 00:35:25.475 37596 DEBUG oslo_service.service [-] clients_octavia.insecure = None log_opt_values /usr/lib/python3/dist-packages/oslo_config/cfg.py:2609
2026-03-16 00:35:25.476 37596 DEBUG oslo_service.service [-] clients_octavia.key_file = None log_opt_values /usr/lib/python3/dist-packages/oslo_config/cfg.py:2609
2026-03-16 00:35:25.476 37596 DEBUG oslo_service.service [-] clients_sahara.ca_file = None log_opt_values /usr/lib/python3/dist-packages/oslo_config/cfg.py:2609
2026-03-16 00:35:25.476 37596 DEBUG oslo_service.service [-] clients_sahara.cert_file = None log_opt_values /usr/lib/python3/dist-packages/oslo_config/cfg.py:2609
2026-03-16 00:35:25.477 37596 DEBUG oslo_service.service [-] clients_sahara.endpoint_type = None log_opt_values /usr/lib/python3/dist-packages/oslo_config/cfg.py:2609
2026-03-16 00:35:25.477 37596 DEBUG oslo_service.service [-] clients_sahara.insecure = None log_opt_values /usr/lib/python3/dist-packages/oslo_config/cfg.py:2609
2026-03-16 00:35:25.478 37596 DEBUG oslo_service.service [-] clients_sahara.key_file = None log_opt_values /usr/lib/python3/dist-packages/oslo_config/cfg.py:2609
2026-03-16 00:35:25.480 37596 DEBUG oslo_service.service [-] clients_senlin.ca_file = None log_opt_values /usr/lib/python3/dist-packages/oslo_config/cfg.py:2609
2026-03-16 00:35:25.480 37596 DEBUG oslo_service.service [-] clients_senlin.cert_file = None log_opt_values /usr/lib/python3/dist-packages/oslo_config/cfg.py:2609
2026-03-16 00:35:25.480 37596 DEBUG oslo_service.service [-] clients_senlin.endpoint_type = None log_opt_values /usr/lib/python3/dist-packages/oslo_config/cfg.py:2609
2026-03-16 00:35:25.481 37596 DEBUG oslo_service.service [-] clients_senlin.insecure = None log_opt_values /usr/lib/python3/dist-packages/oslo_config/cfg.py:2609
2026-03-16 00:35:25.481 37596 DEBUG oslo_service.service [-] clients_senlin.key_file = None log_opt_values /usr/lib/python3/dist-packages/oslo_config/cfg.py:2609
2026-03-16 00:35:25.481 37596 DEBUG oslo_service.service [-] clients_swift.ca_file = None log_opt_values /usr/lib/python3/dist-packages/oslo_config/cfg.py:2609
2026-03-16 00:35:25.481 37596 DEBUG oslo_service.service [-] clients_swift.cert_file = None log_opt_values /usr/lib/python3/dist-packages/oslo_config/cfg.py:2609
2026-03-16 00:35:25.481 37596 DEBUG oslo_service.service [-] clients_swift.endpoint_type = None log_opt_values /usr/lib/python3/dist-packages/oslo_config/cfg.py:2609
2026-03-16 00:35:25.481 37596 DEBUG oslo_service.service [-] clients_swift.insecure = None log_opt_values /usr/lib/python3/dist-packages/oslo_config/cfg.py:2609
2026-03-16 00:35:25.483 37596 DEBUG oslo_service.service [-] clients_swift.key_file = None log_opt_values /usr/lib/python3/dist-packages/oslo_config/cfg.py:2609
2026-03-16 00:35:25.485 37596 DEBUG oslo_service.service [-] clients_trove.ca_file = None log_opt_values /usr/lib/python3/dist-packages/oslo_config/cfg.py:2609
2026-03-16 00:35:25.486 37596 DEBUG oslo_service.service [-] clients_trove.cert_file = None log_opt_values /usr/lib/python3/dist-packages/oslo_config/cfg.py:2609
2026-03-16 00:35:25.486 37596 DEBUG oslo_service.service [-] clients_trove.endpoint_type = None log_opt_values /usr/lib/python3/dist-packages/oslo_config/cfg.py:2609
2026-03-16 00:35:25.486 37596 DEBUG oslo_service.service [-] clients_trove.insecure = None log_opt_values /usr/lib/python3/dist-packages/oslo_config/cfg.py:2609
2026-03-16 00:35:25.487 37596 DEBUG oslo_service.service [-] clients_trove.key_file = None log_opt_values /usr/lib/python3/dist-packages/oslo_config/cfg.py:2609
2026-03-16 00:35:25.492 37596 DEBUG oslo_service.service [-] clients_vitrage.ca_file = None log_opt_values /usr/lib/python3/dist-packages/oslo_config/cfg.py:2609
2026-03-16 00:35:25.492 37596 DEBUG oslo_service.service [-] clients_vitrage.cert_file = None log_opt_values /usr/lib/python3/dist-packages/oslo_config/cfg.py:2609
2026-03-16 00:35:25.493 37596 DEBUG oslo_service.service [-] clients_vitrage.endpoint_type = None log_opt_values /usr/lib/python3/dist-packages/oslo_config/cfg.py:2609
2026-03-16 00:35:25.493 37596 DEBUG oslo_service.service [-] clients_vitrage.insecure = None log_opt_values /usr/lib/python3/dist-packages/oslo_config/cfg.py:2609
2026-03-16 00:35:25.493 37596 DEBUG oslo_service.service [-] clients_vitrage.key_file = None log_opt_values /usr/lib/python3/dist-packages/oslo_config/cfg.py:2609
2026-03-16 00:35:25.493 37596 DEBUG oslo_service.service [-] clients_zaqar.ca_file = None log_opt_values /usr/lib/python3/dist-packages/oslo_config/cfg.py:2609
2026-03-16 00:35:25.493 37596 DEBUG oslo_service.service [-] clients_zaqar.cert_file = None log_opt_values /usr/lib/python3/dist-packages/oslo_config/cfg.py:2609
2026-03-16 00:35:25.496 37596 DEBUG oslo_service.service [-] clients_zaqar.endpoint_type = None log_opt_values /usr/lib/python3/dist-packages/oslo_config/cfg.py:2609
2026-03-16 00:35:25.496 37596 DEBUG oslo_service.service [-] clients_zaqar.insecure = None log_opt_values /usr/lib/python3/dist-packages/oslo_config/cfg.py:2609
2026-03-16 00:35:25.496 37596 DEBUG oslo_service.service [-] clients_zaqar.key_file = None log_opt_values /usr/lib/python3/dist-packages/oslo_config/cfg.py:2609
2026-03-16 00:35:25.496 37596 DEBUG oslo_service.service [-] database.backend = sqlalchemy log_opt_values /usr/lib/python3/dist-packages/oslo_config/cfg.py:2609
2026-03-16 00:35:25.497 37596 DEBUG oslo_service.service [-] database.connection = **** log_opt_values /usr/lib/python3/dist-packages/oslo_config/cfg.py:2609
2026-03-16 00:35:25.498 37596 DEBUG oslo_service.service [-] database.connection_debug = 0 log_opt_values /usr/lib/python3/dist-packages/oslo_config/cfg.py:2609
2026-03-16 00:35:25.498 37596 DEBUG oslo_service.service [-] database.connection_parameters = log_opt_values /usr/lib/python3/dist-packages/oslo_config/cfg.py:2609
2026-03-16 00:35:25.498 37596 DEBUG oslo_service.service [-] database.connection_recycle_time = 3600 log_opt_values /usr/lib/python3/dist-packages/oslo_config/cfg.py:2609
2026-03-16 00:35:25.499 37596 DEBUG oslo_service.service [-] database.connection_trace = False log_opt_values /usr/lib/python3/dist-packages/oslo_config/cfg.py:2609
2026-03-16 00:35:25.501 37596 DEBUG oslo_service.service [-] database.db_inc_retry_interval = True log_opt_values /usr/lib/python3/dist-packages/oslo_config/cfg.py:2609
2026-03-16 00:35:25.501 37596 DEBUG oslo_service.service [-] database.db_max_retries = 20 log_opt_values /usr/lib/python3/dist-packages/oslo_config/cfg.py:2609
2026-03-16 00:35:25.501 37596 DEBUG oslo_service.service [-] database.db_max_retry_interval = 10 log_opt_values /usr/lib/python3/dist-packages/oslo_config/cfg.py:2609
2026-03-16 00:35:25.501 37596 DEBUG oslo_service.service [-] database.db_retry_interval = 1 log_opt_values /usr/lib/python3/dist-packages/oslo_config/cfg.py:2609
2026-03-16 00:35:25.503 37821 DEBUG oslo_db.sqlalchemy.engines [req-f9c9c98d-6a32-40a3-a5dd-25d5fb393563 - - - - -] MySQL server mode set to STRICT_TRANS_TABLES,STRICT_ALL_TABLES,NO_ZERO_IN_DATE,NO_ZERO_DATE,ERROR_FOR_DIVISION_BY_ZERO,TRADITIONAL,NO_ENGINE_SUBSTITUTION _check_effective_sql_mode /usr/lib/python3/dist-packages/oslo_db/sqlalchemy/engines.py:314
2026-03-16 00:35:25.503 37596 DEBUG oslo_service.service [-] database.max_overflow = 50 log_opt_values /usr/lib/python3/dist-packages/oslo_config/cfg.py:2609
2026-03-16 00:35:25.503 37596 DEBUG oslo_service.service [-] database.max_pool_size = 5 log_opt_values /usr/lib/python3/dist-packages/oslo_config/cfg.py:2609
2026-03-16 00:35:25.504 37596 DEBUG oslo_service.service [-] database.max_retries = 10 log_opt_values /usr/lib/python3/dist-packages/oslo_config/cfg.py:2609
2026-03-16 00:35:25.504 37596 DEBUG oslo_service.service [-] database.mysql_enable_ndb = False log_opt_values /usr/lib/python3/dist-packages/oslo_config/cfg.py:2609
2026-03-16 00:35:25.507 37596 DEBUG oslo_service.service [-] database.mysql_sql_mode = TRADITIONAL log_opt_values /usr/lib/python3/dist-packages/oslo_config/cfg.py:2609
2026-03-16 00:35:25.509 37596 DEBUG oslo_service.service [-] database.pool_timeout = None log_opt_values /usr/lib/python3/dist-packages/oslo_config/cfg.py:2609
2026-03-16 00:35:25.509 37596 DEBUG oslo_service.service [-] database.retry_interval = 10 log_opt_values /usr/lib/python3/dist-packages/oslo_config/cfg.py:2609
2026-03-16 00:35:25.510 37596 DEBUG oslo_service.service [-] database.slave_connection = **** log_opt_values /usr/lib/python3/dist-packages/oslo_config/cfg.py:2609
2026-03-16 00:35:25.510 37596 DEBUG oslo_service.service [-] database.sqlite_synchronous = True log_opt_values /usr/lib/python3/dist-packages/oslo_config/cfg.py:2609
2026-03-16 00:35:25.510 37596 DEBUG oslo_service.service [-] database.use_db_reconnect = False log_opt_values /usr/lib/python3/dist-packages/oslo_config/cfg.py:2609
2026-03-16 00:35:25.512 37596 DEBUG oslo_service.service [-] oslo_messaging_metrics.metrics_buffer_size = 1000 log_opt_values /usr/lib/python3/dist-packages/oslo_config/cfg.py:2609
2026-03-16 00:35:25.525 37596 DEBUG oslo_service.service [-] oslo_messaging_metrics.metrics_enabled = False log_opt_values /usr/lib/python3/dist-packages/oslo_config/cfg.py:2609
2026-03-16 00:35:25.525 37596 DEBUG oslo_service.service [-] oslo_messaging_metrics.metrics_process_name = log_opt_values /usr/lib/python3/dist-packages/oslo_config/cfg.py:2609
2026-03-16 00:35:25.525 37596 DEBUG oslo_service.service [-] oslo_messaging_metrics.metrics_socket_file = /var/tmp/metrics_collector.sock log_opt_values /usr/lib/python3/dist-packages/oslo_config/cfg.py:2609
2026-03-16 00:35:25.525 37596 DEBUG oslo_service.service [-] oslo_messaging_metrics.metrics_thread_stop_timeout = 10 log_opt_values /usr/lib/python3/dist-packages/oslo_config/cfg.py:2609
2026-03-16 00:35:25.528 37596 DEBUG oslo_service.service [-] oslo_policy.enforce_new_defaults = False log_opt_values /usr/lib/python3/dist-packages/oslo_config/cfg.py:2609
2026-03-16 00:35:25.530 37596 DEBUG oslo_service.service [-] oslo_policy.enforce_scope = False log_opt_values /usr/lib/python3/dist-packages/oslo_config/cfg.py:2609
2026-03-16 00:35:25.531 37596 DEBUG oslo_service.service [-] oslo_policy.policy_default_rule = default log_opt_values /usr/lib/python3/dist-packages/oslo_config/cfg.py:2609
2026-03-16 00:35:25.531 37596 DEBUG oslo_service.service [-] oslo_policy.policy_dirs = ['policy.d'] log_opt_values /usr/lib/python3/dist-packages/oslo_config/cfg.py:2609
2026-03-16 00:35:25.530 37822 DEBUG oslo_db.sqlalchemy.engines [req-a3ab91fd-7a7c-4e6d-97d8-4663a4cbe047 - - - - -] MySQL server mode set to STRICT_TRANS_TABLES,STRICT_ALL_TABLES,NO_ZERO_IN_DATE,NO_ZERO_DATE,ERROR_FOR_DIVISION_BY_ZERO,TRADITIONAL,NO_ENGINE_SUBSTITUTION _check_effective_sql_mode /usr/lib/python3/dist-packages/oslo_db/sqlalchemy/engines.py:314
2026-03-16 00:35:25.531 37596 DEBUG oslo_service.service [-] oslo_policy.policy_file = policy.yaml log_opt_values /usr/lib/python3/dist-packages/oslo_config/cfg.py:2609
2026-03-16 00:35:25.532 37596 DEBUG oslo_service.service [-] oslo_policy.remote_content_type = application/x-www-form-urlencoded log_opt_values /usr/lib/python3/dist-packages/oslo_config/cfg.py:2609
2026-03-16 00:35:25.533 37596 DEBUG oslo_service.service [-] oslo_policy.remote_ssl_ca_crt_file = None log_opt_values /usr/lib/python3/dist-packages/oslo_config/cfg.py:2609
2026-03-16 00:35:25.533 37596 DEBUG oslo_service.service [-] oslo_policy.remote_ssl_client_crt_file = None log_opt_values /usr/lib/python3/dist-packages/oslo_config/cfg.py:2609
2026-03-16 00:35:25.534 37596 DEBUG oslo_service.service [-] oslo_policy.remote_ssl_client_key_file = None log_opt_values /usr/lib/python3/dist-packages/oslo_config/cfg.py:2609
2026-03-16 00:35:25.535 37596 DEBUG oslo_service.service [-] oslo_policy.remote_ssl_verify_server_crt = False log_opt_values /usr/lib/python3/dist-packages/oslo_config/cfg.py:2609
2026-03-16 00:35:25.535 37596 DEBUG oslo_service.service [-] trustee.auth_section = None log_opt_values /usr/lib/python3/dist-packages/oslo_config/cfg.py:2609
2026-03-16 00:35:25.537 37596 WARNING oslo_config.cfg [-] Deprecated: Option "auth_plugin" from group "trustee" is deprecated. Use option "auth_type" from group "trustee".
2026-03-16 00:35:25.538 37596 DEBUG oslo_service.service [-] trustee.auth_type = password log_opt_values /usr/lib/python3/dist-packages/oslo_config/cfg.py:2609
2026-03-16 00:35:25.539 37596 DEBUG oslo_service.service [-] oslo_versionedobjects.fatal_exception_format_errors = False log_opt_values /usr/lib/python3/dist-packages/oslo_config/cfg.py:2609
2026-03-16 00:35:25.540 37596 DEBUG oslo_service.service [-] oslo_messaging_rabbit.amqp_auto_delete = False log_opt_values /usr/lib/python3/dist-packages/oslo_config/cfg.py:2609
2026-03-16 00:35:25.540 37596 DEBUG oslo_service.service [-] oslo_messaging_rabbit.amqp_durable_queues = False log_opt_values /usr/lib/python3/dist-packages/oslo_config/cfg.py:2609
2026-03-16 00:35:25.540 37596 DEBUG oslo_service.service [-] oslo_messaging_rabbit.conn_pool_min_size = 2 log_opt_values /usr/lib/python3/dist-packages/oslo_config/cfg.py:2609
2026-03-16 00:35:25.541 37596 DEBUG oslo_service.service [-] oslo_messaging_rabbit.conn_pool_ttl = 1200 log_opt_values /usr/lib/python3/dist-packages/oslo_config/cfg.py:2609
2026-03-16 00:35:25.541 37596 DEBUG oslo_service.service [-] oslo_messaging_rabbit.direct_mandatory_flag = True log_opt_values /usr/lib/python3/dist-packages/oslo_config/cfg.py:2609
2026-03-16 00:35:25.541 37596 DEBUG oslo_service.service [-] oslo_messaging_rabbit.enable_cancel_on_failover = False log_opt_values /usr/lib/python3/dist-packages/oslo_config/cfg.py:2609
2026-03-16 00:35:25.542 37596 DEBUG oslo_service.service [-] oslo_messaging_rabbit.heartbeat_in_pthread = False log_opt_values /usr/lib/python3/dist-packages/oslo_config/cfg.py:2609
2026-03-16 00:35:25.542 37596 DEBUG oslo_service.service [-] oslo_messaging_rabbit.heartbeat_rate = 2 log_opt_values /usr/lib/python3/dist-packages/oslo_config/cfg.py:2609
2026-03-16 00:35:25.542 37596 DEBUG oslo_service.service [-] oslo_messaging_rabbit.heartbeat_timeout_threshold = 60 log_opt_values /usr/lib/python3/dist-packages/oslo_config/cfg.py:2609
2026-03-16 00:35:25.542 37596 DEBUG oslo_service.service [-] oslo_messaging_rabbit.kombu_compression = None log_opt_values /usr/lib/python3/dist-packages/oslo_config/cfg.py:2609
2026-03-16 00:35:25.543 37596 DEBUG oslo_service.service [-] oslo_messaging_rabbit.kombu_failover_strategy = round-robin log_opt_values /usr/lib/python3/dist-packages/oslo_config/cfg.py:2609
2026-03-16 00:35:25.544 37596 DEBUG oslo_service.service [-] oslo_messaging_rabbit.kombu_missing_consumer_retry_timeout = 60 log_opt_values /usr/lib/python3/dist-packages/oslo_config/cfg.py:2609
2026-03-16 00:35:25.546 37596 DEBUG oslo_service.service [-] oslo_messaging_rabbit.kombu_reconnect_delay = 1.0 log_opt_values /usr/lib/python3/dist-packages/oslo_config/cfg.py:2609
2026-03-16 00:35:25.546 37596 DEBUG oslo_service.service [-] oslo_messaging_rabbit.rabbit_ha_queues = False log_opt_values /usr/lib/python3/dist-packages/oslo_config/cfg.py:2609
2026-03-16 00:35:25.547 37596 DEBUG oslo_service.service [-] oslo_messaging_rabbit.rabbit_interval_max = 30 log_opt_values /usr/lib/python3/dist-packages/oslo_config/cfg.py:2609
2026-03-16 00:35:25.547 37596 DEBUG oslo_service.service [-] oslo_messaging_rabbit.rabbit_login_method = AMQPLAIN log_opt_values /usr/lib/python3/dist-packages/oslo_config/cfg.py:2609
2026-03-16 00:35:25.547 37596 DEBUG oslo_service.service [-] oslo_messaging_rabbit.rabbit_qos_prefetch_count = 0 log_opt_values /usr/lib/python3/dist-packages/oslo_config/cfg.py:2609
2026-03-16 00:35:25.547 37596 DEBUG oslo_service.service [-] oslo_messaging_rabbit.rabbit_quorum_queue = False log_opt_values /usr/lib/python3/dist-packages/oslo_config/cfg.py:2609
2026-03-16 00:35:25.549 37824 DEBUG oslo_db.sqlalchemy.engines [req-fb9af653-79c5-42cc-8321-4901ff431364 - - - - -] MySQL server mode set to STRICT_TRANS_TABLES,STRICT_ALL_TABLES,NO_ZERO_IN_DATE,NO_ZERO_DATE,ERROR_FOR_DIVISION_BY_ZERO,TRADITIONAL,NO_ENGINE_SUBSTITUTION _check_effective_sql_mode /usr/lib/python3/dist-packages/oslo_db/sqlalchemy/engines.py:314
2026-03-16 00:35:25.547 37596 DEBUG oslo_service.service [-] oslo_messaging_rabbit.rabbit_retry_backoff = 2 log_opt_values /usr/lib/python3/dist-packages/oslo_config/cfg.py:2609
2026-03-16 00:35:25.549 37596 DEBUG oslo_service.service [-] oslo_messaging_rabbit.rabbit_retry_interval = 1 log_opt_values /usr/lib/python3/dist-packages/oslo_config/cfg.py:2609
2026-03-16 00:35:25.550 37596 DEBUG oslo_service.service [-] oslo_messaging_rabbit.rabbit_transient_queues_ttl = 1800 log_opt_values /usr/lib/python3/dist-packages/oslo_config/cfg.py:2609
2026-03-16 00:35:25.550 37596 DEBUG oslo_service.service [-] oslo_messaging_rabbit.rpc_conn_pool_size = 30 log_opt_values /usr/lib/python3/dist-packages/oslo_config/cfg.py:2609
2026-03-16 00:35:25.550 37596 DEBUG oslo_service.service [-] oslo_messaging_rabbit.ssl = False log_opt_values /usr/lib/python3/dist-packages/oslo_config/cfg.py:2609
2026-03-16 00:35:25.550 37596 DEBUG oslo_service.service [-] oslo_messaging_rabbit.ssl_ca_file = log_opt_values /usr/lib/python3/dist-packages/oslo_config/cfg.py:2609
2026-03-16 00:35:25.550 37596 DEBUG oslo_service.service [-] oslo_messaging_rabbit.ssl_cert_file = log_opt_values /usr/lib/python3/dist-packages/oslo_config/cfg.py:2609
2026-03-16 00:35:25.550 37596 DEBUG oslo_service.service [-] oslo_messaging_rabbit.ssl_key_file = log_opt_values /usr/lib/python3/dist-packages/oslo_config/cfg.py:2609
2026-03-16 00:35:25.550 37596 DEBUG oslo_service.service [-] oslo_messaging_rabbit.ssl_version = log_opt_values /usr/lib/python3/dist-packages/oslo_config/cfg.py:2609
2026-03-16 00:35:25.557 37596 DEBUG oslo_service.service [-] oslo_messaging_notifications.driver = [] log_opt_values /usr/lib/python3/dist-packages/oslo_config/cfg.py:2609
2026-03-16 00:35:25.557 37596 DEBUG oslo_service.service [-] oslo_messaging_notifications.retry = -1 log_opt_values /usr/lib/python3/dist-packages/oslo_config/cfg.py:2609
2026-03-16 00:35:25.559 37596 DEBUG oslo_service.service [-] oslo_messaging_notifications.topics = ['notifications'] log_opt_values /usr/lib/python3/dist-packages/oslo_config/cfg.py:2609
2026-03-16 00:35:25.560 37596 DEBUG oslo_service.service [-] oslo_messaging_notifications.transport_url = **** log_opt_values /usr/lib/python3/dist-packages/oslo_config/cfg.py:2609
2026-03-16 00:35:25.560 37596 DEBUG oslo_service.service [-] cache.backend = dogpile.cache.null log_opt_values /usr/lib/python3/dist-packages/oslo_config/cfg.py:2609
2026-03-16 00:35:25.562 37596 DEBUG oslo_service.service [-] cache.backend_argument = **** log_opt_values /usr/lib/python3/dist-packages/oslo_config/cfg.py:2609
2026-03-16 00:35:25.572 37596 DEBUG oslo_service.service [-] cache.config_prefix = cache.oslo log_opt_values /usr/lib/python3/dist-packages/oslo_config/cfg.py:2609
2026-03-16 00:35:25.572 37596 DEBUG oslo_service.service [-] cache.debug_cache_backend = False log_opt_values /usr/lib/python3/dist-packages/oslo_config/cfg.py:2609
2026-03-16 00:35:25.573 37596 DEBUG oslo_service.service [-] cache.enabled = False log_opt_values /usr/lib/python3/dist-packages/oslo_config/cfg.py:2609
2026-03-16 00:35:25.573 37596 DEBUG oslo_service.service [-] cache.expiration_time = 600 log_opt_values /usr/lib/python3/dist-packages/oslo_config/cfg.py:2609
2026-03-16 00:35:25.574 37596 DEBUG oslo_service.service [-] cache.memcache_dead_retry = 300 log_opt_values /usr/lib/python3/dist-packages/oslo_config/cfg.py:2609
2026-03-16 00:35:25.574 37596 DEBUG oslo_service.service [-] cache.memcache_pool_connection_get_timeout = 10 log_opt_values /usr/lib/python3/dist-packages/oslo_config/cfg.py:2609
2026-03-16 00:35:25.574 37596 DEBUG oslo_service.service [-] cache.memcache_pool_flush_on_reconnect = False log_opt_values /usr/lib/python3/dist-packages/oslo_config/cfg.py:2609
2026-03-16 00:35:25.578 37596 DEBUG oslo_service.service [-] cache.memcache_pool_maxsize = 10 log_opt_values /usr/lib/python3/dist-packages/oslo_config/cfg.py:2609
2026-03-16 00:35:25.578 37596 DEBUG oslo_service.service [-] cache.memcache_pool_unused_timeout = 60 log_opt_values /usr/lib/python3/dist-packages/oslo_config/cfg.py:2609
2026-03-16 00:35:25.578 37596 DEBUG oslo_service.service [-] cache.memcache_servers = ['localhost:11211'] log_opt_values /usr/lib/python3/dist-packages/oslo_config/cfg.py:2609
2026-03-16 00:35:25.579 37596 DEBUG oslo_service.service [-] cache.memcache_socket_timeout = 1.0 log_opt_values /usr/lib/python3/dist-packages/oslo_config/cfg.py:2609
2026-03-16 00:35:25.579 37596 DEBUG oslo_service.service [-] cache.proxies = [] log_opt_values /usr/lib/python3/dist-packages/oslo_config/cfg.py:2609
2026-03-16 00:35:25.579 37596 DEBUG oslo_service.service [-] cache.tls_allowed_ciphers = None log_opt_values /usr/lib/python3/dist-packages/oslo_config/cfg.py:2609
2026-03-16 00:35:25.579 37596 DEBUG oslo_service.service [-] cache.tls_cafile = None log_opt_values /usr/lib/python3/dist-packages/oslo_config/cfg.py:2609
2026-03-16 00:35:25.580 37596 DEBUG oslo_service.service [-] cache.tls_certfile = None log_opt_values /usr/lib/python3/dist-packages/oslo_config/cfg.py:2609
2026-03-16 00:35:25.580 37596 DEBUG oslo_service.service [-] cache.tls_enabled = False log_opt_values /usr/lib/python3/dist-packages/oslo_config/cfg.py:2609
2026-03-16 00:35:25.581 37596 DEBUG oslo_service.service [-] cache.tls_keyfile = None log_opt_values /usr/lib/python3/dist-packages/oslo_config/cfg.py:2609
2026-03-16 00:35:25.581 37596 DEBUG oslo_service.service [-] constraint_validation_cache.caching = True log_opt_values /usr/lib/python3/dist-packages/oslo_config/cfg.py:2609
2026-03-16 00:35:25.581 37596 DEBUG oslo_service.service [-] constraint_validation_cache.expiration_time = 60 log_opt_values /usr/lib/python3/dist-packages/oslo_config/cfg.py:2609
2026-03-16 00:35:25.581 37596 DEBUG oslo_service.service [-] service_extension_cache.caching = True log_opt_values /usr/lib/python3/dist-packages/oslo_config/cfg.py:2609
2026-03-16 00:35:25.581 37596 DEBUG oslo_service.service [-] service_extension_cache.expiration_time = 3600 log_opt_values /usr/lib/python3/dist-packages/oslo_config/cfg.py:2609
2026-03-16 00:35:25.581 37596 DEBUG oslo_service.service [-] resource_finder_cache.caching = True log_opt_values /usr/lib/python3/dist-packages/oslo_config/cfg.py:2609
2026-03-16 00:35:25.581 37596 DEBUG oslo_service.service [-] resource_finder_cache.expiration_time = 3600 log_opt_values /usr/lib/python3/dist-packages/oslo_config/cfg.py:2609
2026-03-16 00:35:25.582 37596 DEBUG oslo_service.service [-] yaql.limit_iterators = 200 log_opt_values /usr/lib/python3/dist-packages/oslo_config/cfg.py:2609
2026-03-16 00:35:25.582 37596 DEBUG oslo_service.service [-] yaql.memory_quota = 10000 log_opt_values /usr/lib/python3/dist-packages/oslo_config/cfg.py:2609
2026-03-16 00:35:25.582 37596 DEBUG oslo_service.service [-] ******************************************************************************** log_opt_values /usr/lib/python3/dist-packages/oslo_config/cfg.py:2613
2026-03-16 00:35:25.608 37823 DEBUG oslo_db.sqlalchemy.engines [req-87c684a6-a2ec-4b1f-8269-ccc4a1805b78 - - - - -] MySQL server mode set to STRICT_TRANS_TABLES,STRICT_ALL_TABLES,NO_ZERO_IN_DATE,NO_ZERO_DATE,ERROR_FOR_DIVISION_BY_ZERO,TRADITIONAL,NO_ENGINE_SUBSTITUTION _check_effective_sql_mode /usr/lib/python3/dist-packages/oslo_db/sqlalchemy/engines.py:314
2026-03-16 00:35:25.684 37821 DEBUG heat.engine.service [req-cf9ebd6e-87a7-4bdf-b056-80dc434c3cf6 - - - - -] Service 9ec899d0-816b-4360-9af5-ae7ce7e77d06 is started service_manage_report /usr/lib/python3/dist-packages/heat/engine/service.py:2363
2026-03-16 00:35:25.719 37821 DEBUG heat.engine.service [req-cf9ebd6e-87a7-4bdf-b056-80dc434c3cf6 - - - - -] Service 9ec899d0-816b-4360-9af5-ae7ce7e77d06 is updated service_manage_report /usr/lib/python3/dist-packages/heat/engine/service.py:2370
2026-03-16 00:35:25.760 37822 DEBUG heat.engine.service [req-fecdfc34-0851-4be3-91a3-c0b62f9f1719 - - - - -] Service b72763db-0e66-407a-a984-2e60af3384b3 is started service_manage_report /usr/lib/python3/dist-packages/heat/engine/service.py:2363
2026-03-16 00:35:25.844 37824 DEBUG heat.engine.service [req-fd87f4ae-643c-4047-80e3-00f2c17c65aa - - - - -] Service 11558700-a9f8-404a-968c-0c4c5c836960 is started service_manage_report /usr/lib/python3/dist-packages/heat/engine/service.py:2363
2026-03-16 00:35:25.849 37822 DEBUG heat.engine.service [req-fecdfc34-0851-4be3-91a3-c0b62f9f1719 - - - - -] Service b72763db-0e66-407a-a984-2e60af3384b3 is updated service_manage_report /usr/lib/python3/dist-packages/heat/engine/service.py:2370
2026-03-16 00:35:25.865 37823 DEBUG heat.engine.service [req-8fb5d136-e5ba-4e9e-a4a3-97da1b54fbc6 - - - - -] Service 4a8b2ddd-c3d2-4d8d-b8e9-60b607064443 is started service_manage_report /usr/lib/python3/dist-packages/heat/engine/service.py:2363
2026-03-16 00:35:25.888 37824 DEBUG heat.engine.service [req-fd87f4ae-643c-4047-80e3-00f2c17c65aa - - - - -] Service 11558700-a9f8-404a-968c-0c4c5c836960 is updated service_manage_report /usr/lib/python3/dist-packages/heat/engine/service.py:2370
2026-03-16 00:35:25.889 37823 DEBUG heat.engine.service [req-8fb5d136-e5ba-4e9e-a4a3-97da1b54fbc6 - - - - -] Service 4a8b2ddd-c3d2-4d8d-b8e9-60b607064443 is updated service_manage_report /usr/lib/python3/dist-packages/heat/engine/service.py:2370
2026-03-16 00:36:25.740 37821 DEBUG heat.engine.service [req-3a597cea-1893-464b-bec9-d7c7ac0be78d - - - - -] Service 9ec899d0-816b-4360-9af5-ae7ce7e77d06 is updated service_manage_report /usr/lib/python3/dist-packages/heat/engine/service.py:2370
2026-03-16 00:36:25.763 37822 DEBUG heat.engine.service [req-c22c6510-b552-4ed4-a27d-4e39e326b331 - - - - -] Service b72763db-0e66-407a-a984-2e60af3384b3 is updated service_manage_report /usr/lib/python3/dist-packages/heat/engine/service.py:2370
2026-03-16 00:36:25.773 37824 DEBUG heat.engine.service [req-9f64b843-0811-4916-91fb-f69ee22e8995 - - - - -] Service 11558700-a9f8-404a-968c-0c4c5c836960 is updated service_manage_report /usr/lib/python3/dist-packages/heat/engine/service.py:2370
2026-03-16 00:36:25.792 37823 DEBUG heat.engine.service [req-95cb9b46-b7d7-4779-945e-583c3134b1cc - - - - -] Service 4a8b2ddd-c3d2-4d8d-b8e9-60b607064443 is updated service_manage_report /usr/lib/python3/dist-packages/heat/engine/service.py:2370
2026-03-16 00:37:25.695 37821 DEBUG heat.engine.service [req-a9b3da38-f85b-4230-9477-df8946e1ac72 - - - - -] Service 9ec899d0-816b-4360-9af5-ae7ce7e77d06 is updated service_manage_report /usr/lib/python3/dist-packages/heat/engine/service.py:2370
2026-03-16 00:37:25.755 37822 DEBUG heat.engine.service [req-70dd47c8-53dd-4876-946e-4479a511b9f6 - - - - -] Service b72763db-0e66-407a-a984-2e60af3384b3 is updated service_manage_report /usr/lib/python3/dist-packages/heat/engine/service.py:2370
2026-03-16 00:37:25.769 37824 DEBUG heat.engine.service [req-5e5a7419-be16-4029-8347-ebe63985ed7d - - - - -] Service 11558700-a9f8-404a-968c-0c4c5c836960 is updated service_manage_report /usr/lib/python3/dist-packages/heat/engine/service.py:2370
2026-03-16 00:37:25.796 37823 DEBUG heat.engine.service [req-762f165a-6316-4b55-8aa7-7e98ac1d3bb2 - - - - -] Service 4a8b2ddd-c3d2-4d8d-b8e9-60b607064443 is updated service_manage_report /usr/lib/python3/dist-packages/heat/engine/service.py:2370
2026-03-16 00:38:25.678 37821 DEBUG heat.engine.service [req-39cf37d8-d164-4847-a709-4fb9b8f6eba8 - - - - -] Service 9ec899d0-816b-4360-9af5-ae7ce7e77d06 is updated service_manage_report /usr/lib/python3/dist-packages/heat/engine/service.py:2370
2026-03-16 00:38:25.751 37822 DEBUG heat.engine.service [req-360c77d2-1b03-419d-9b70-3ce7a4e75de4 - - - - -] Service b72763db-0e66-407a-a984-2e60af3384b3 is updated service_manage_report /usr/lib/python3/dist-packages/heat/engine/service.py:2370
2026-03-16 00:38:25.752 37824 DEBUG heat.engine.service [req-6db44363-cbff-4d90-ac28-c04116d38c33 - - - - -] Service 11558700-a9f8-404a-968c-0c4c5c836960 is updated service_manage_report /usr/lib/python3/dist-packages/heat/engine/service.py:2370
2026-03-16 00:38:25.787 37823 DEBUG heat.engine.service [req-5acd1516-29e5-45d3-8a74-0f951b9b1a37 - - - - -] Service 4a8b2ddd-c3d2-4d8d-b8e9-60b607064443 is updated service_manage_report /usr/lib/python3/dist-packages/heat/engine/service.py:2370
2026-03-16 00:39:25.681 37821 DEBUG heat.engine.service [req-c637b194-e6f4-4423-b407-dd73a21b42b7 - - - - -] Service 9ec899d0-816b-4360-9af5-ae7ce7e77d06 is updated service_manage_report /usr/lib/python3/dist-packages/heat/engine/service.py:2370
2026-03-16 00:39:25.754 37822 DEBUG heat.engine.service [req-ee042e4a-8b1f-4edb-92f4-9e0ad5423d12 - - - - -] Service b72763db-0e66-407a-a984-2e60af3384b3 is updated service_manage_report /usr/lib/python3/dist-packages/heat/engine/service.py:2370
2026-03-16 00:39:25.758 37824 DEBUG heat.engine.service [req-f35128e0-0681-42b4-8dda-d26b411d2543 - - - - -] Service 11558700-a9f8-404a-968c-0c4c5c836960 is updated service_manage_report /usr/lib/python3/dist-packages/heat/engine/service.py:2370
2026-03-16 00:39:25.791 37823 DEBUG heat.engine.service [req-03f02759-63b4-40d7-8977-e7201c429b4d - - - - -] Service 4a8b2ddd-c3d2-4d8d-b8e9-60b607064443 is updated service_manage_report /usr/lib/python3/dist-packages/heat/engine/service.py:2370
2026-03-16 00:40:25.685 37821 DEBUG heat.engine.service [req-2b78809c-4dbe-408a-afe6-e23275ffca98 - - - - -] Service 9ec899d0-816b-4360-9af5-ae7ce7e77d06 is updated service_manage_report /usr/lib/python3/dist-packages/heat/engine/service.py:2370
2026-03-16 00:40:25.761 37822 DEBUG heat.engine.service [req-6ebd6d2c-aac2-409e-b5e6-0d72608fa550 - - - - -] Service b72763db-0e66-407a-a984-2e60af3384b3 is updated service_manage_report /usr/lib/python3/dist-packages/heat/engine/service.py:2370
2026-03-16 00:40:25.766 37824 DEBUG heat.engine.service [req-9720162f-5562-4151-9cc9-1e9602df2bb5 - - - - -] Service 11558700-a9f8-404a-968c-0c4c5c836960 is updated service_manage_report /usr/lib/python3/dist-packages/heat/engine/service.py:2370
2026-03-16 00:40:25.793 37823 DEBUG heat.engine.service [req-a78cbdc6-a43b-419f-bb3a-414d17c0fb6d - - - - -] Service 4a8b2ddd-c3d2-4d8d-b8e9-60b607064443 is updated service_manage_report /usr/lib/python3/dist-packages/heat/engine/service.py:2370
2026-03-16 00:41:25.689 37821 DEBUG heat.engine.service [req-196835ec-f79e-4326-90fc-5fdb2410f73a - - - - -] Service 9ec899d0-816b-4360-9af5-ae7ce7e77d06 is updated service_manage_report /usr/lib/python3/dist-packages/heat/engine/service.py:2370
2026-03-16 00:41:25.757 37822 DEBUG heat.engine.service [req-314204d8-83dd-4861-8511-3b318322e4ee - - - - -] Service b72763db-0e66-407a-a984-2e60af3384b3 is updated service_manage_report /usr/lib/python3/dist-packages/heat/engine/service.py:2370
2026-03-16 00:41:25.763 37824 DEBUG heat.engine.service [req-c9f323d3-e976-4e7a-9aa5-3a6cd833e33f - - - - -] Service 11558700-a9f8-404a-968c-0c4c5c836960 is updated service_manage_report /usr/lib/python3/dist-packages/heat/engine/service.py:2370
2026-03-16 00:41:25.797 37823 DEBUG heat.engine.service [req-1c4087f9-03ed-4170-bd98-2616d81e327e - - - - -] Service 4a8b2ddd-c3d2-4d8d-b8e9-60b607064443 is updated service_manage_report /usr/lib/python3/dist-packages/heat/engine/service.py:2370
2026-03-16 00:42:25.694 37821 DEBUG heat.engine.service [req-8b2b4485-206e-42ac-98d0-ff5e99fedc2c - - - - -] Service 9ec899d0-816b-4360-9af5-ae7ce7e77d06 is updated service_manage_report /usr/lib/python3/dist-packages/heat/engine/service.py:2370
2026-03-16 00:42:25.752 37822 DEBUG heat.engine.service [req-160c4895-ebcf-47d7-9114-4117886c6e5b - - - - -] Service b72763db-0e66-407a-a984-2e60af3384b3 is updated service_manage_report /usr/lib/python3/dist-packages/heat/engine/service.py:2370
2026-03-16 00:42:25.758 37824 DEBUG heat.engine.service [req-8ec9a748-096d-4b72-9a35-4286c0e16d87 - - - - -] Service 11558700-a9f8-404a-968c-0c4c5c836960 is updated service_manage_report /usr/lib/python3/dist-packages/heat/engine/service.py:2370
2026-03-16 00:42:25.803 37823 DEBUG heat.engine.service [req-fcb33517-833c-4269-887a-04dbebf97499 - - - - -] Service 4a8b2ddd-c3d2-4d8d-b8e9-60b607064443 is updated service_manage_report /usr/lib/python3/dist-packages/heat/engine/service.py:2370
2026-03-16 00:43:25.700 37821 DEBUG heat.engine.service [req-8f53c23a-3b32-49c0-8ab1-abbaae7d10b5 - - - - -] Service 9ec899d0-816b-4360-9af5-ae7ce7e77d06 is updated service_manage_report /usr/lib/python3/dist-packages/heat/engine/service.py:2370
2026-03-16 00:43:25.753 37824 DEBUG heat.engine.service [req-3fc89f5a-5eb7-4c68-b7b7-39a954288550 - - - - -] Service 11558700-a9f8-404a-968c-0c4c5c836960 is updated service_manage_report /usr/lib/python3/dist-packages/heat/engine/service.py:2370
2026-03-16 00:43:25.755 37822 DEBUG heat.engine.service [req-1dc71d8c-0c98-45f2-9ae3-6fa489c35303 - - - - -] Service b72763db-0e66-407a-a984-2e60af3384b3 is updated service_manage_report /usr/lib/python3/dist-packages/heat/engine/service.py:2370
2026-03-16 00:43:25.809 37823 DEBUG heat.engine.service [req-1d9c3eae-e6b8-4872-be2f-b75317f58cd9 - - - - -] Service 4a8b2ddd-c3d2-4d8d-b8e9-60b607064443 is updated service_manage_report /usr/lib/python3/dist-packages/heat/engine/service.py:2370
2026-03-16 00:44:25.695 37821 DEBUG heat.engine.service [req-ef3358da-a186-4e04-90fc-205957872387 - - - - -] Service 9ec899d0-816b-4360-9af5-ae7ce7e77d06 is updated service_manage_report /usr/lib/python3/dist-packages/heat/engine/service.py:2370
2026-03-16 00:44:25.759 37824 DEBUG heat.engine.service [req-f6f32350-1dbc-4419-ae54-aad3446fd531 - - - - -] Service 11558700-a9f8-404a-968c-0c4c5c836960 is updated service_manage_report /usr/lib/python3/dist-packages/heat/engine/service.py:2370
2026-03-16 00:44:25.762 37822 DEBUG heat.engine.service [req-7f76e419-0044-4502-969a-f42ccebd5b65 - - - - -] Service b72763db-0e66-407a-a984-2e60af3384b3 is updated service_manage_report /usr/lib/python3/dist-packages/heat/engine/service.py:2370
2026-03-16 00:44:25.815 37823 DEBUG heat.engine.service [req-b6d3118c-35de-4feb-9cde-77353cdf0780 - - - - -] Service 4a8b2ddd-c3d2-4d8d-b8e9-60b607064443 is updated service_manage_report /usr/lib/python3/dist-packages/heat/engine/service.py:2370
2026-03-16 00:45:25.699 37821 DEBUG heat.engine.service [req-26b2bf05-4f51-4af9-b778-11afe63e3cdf - - - - -] Service 9ec899d0-816b-4360-9af5-ae7ce7e77d06 is updated service_manage_report /usr/lib/python3/dist-packages/heat/engine/service.py:2370
2026-03-16 00:45:25.752 37824 DEBUG heat.engine.service [req-3a553d6f-251c-4a30-8707-d88d775a2d55 - - - - -] Service 11558700-a9f8-404a-968c-0c4c5c836960 is updated service_manage_report /usr/lib/python3/dist-packages/heat/engine/service.py:2370
2026-03-16 00:45:25.763 37822 DEBUG heat.engine.service [req-d07a0db3-3829-4d8d-86ac-129ef527f15a - - - - -] Service b72763db-0e66-407a-a984-2e60af3384b3 is updated service_manage_report /usr/lib/python3/dist-packages/heat/engine/service.py:2370
2026-03-16 00:45:25.819 37823 DEBUG heat.engine.service [req-8180f7c4-7272-4b01-a6b8-22f980c92665 - - - - -] Service 4a8b2ddd-c3d2-4d8d-b8e9-60b607064443 is updated service_manage_report /usr/lib/python3/dist-packages/heat/engine/service.py:2370
2026-03-16 00:46:25.704 37821 DEBUG heat.engine.service [req-c122e4f8-cf86-4086-8fd3-855adf279eda - - - - -] Service 9ec899d0-816b-4360-9af5-ae7ce7e77d06 is updated service_manage_report /usr/lib/python3/dist-packages/heat/engine/service.py:2370
2026-03-16 00:46:25.756 37824 DEBUG heat.engine.service [req-2e8e02c3-1d22-4774-aa84-d946d2e3f5a2 - - - - -] Service 11558700-a9f8-404a-968c-0c4c5c836960 is updated service_manage_report /usr/lib/python3/dist-packages/heat/engine/service.py:2370
2026-03-16 00:46:25.765 37822 DEBUG heat.engine.service [req-45ebd3a8-406c-4abc-8343-a0bc19b430fd - - - - -] Service b72763db-0e66-407a-a984-2e60af3384b3 is updated service_manage_report /usr/lib/python3/dist-packages/heat/engine/service.py:2370
2026-03-16 00:46:25.824 37823 DEBUG heat.engine.service [req-a263e69b-951c-412a-ab17-46a99d2688d1 - - - - -] Service 4a8b2ddd-c3d2-4d8d-b8e9-60b607064443 is updated service_manage_report /usr/lib/python3/dist-packages/heat/engine/service.py:2370
2026-03-16 00:47:25.707 37821 DEBUG heat.engine.service [req-3f202685-a886-4e5a-9fb1-632ec42ac7df - - - - -] Service 9ec899d0-816b-4360-9af5-ae7ce7e77d06 is updated service_manage_report /usr/lib/python3/dist-packages/heat/engine/service.py:2370
2026-03-16 00:47:25.760 37824 DEBUG heat.engine.service [req-f901ef9e-7b60-4b6f-ac16-8603cead5ea6 - - - - -] Service 11558700-a9f8-404a-968c-0c4c5c836960 is updated service_manage_report /usr/lib/python3/dist-packages/heat/engine/service.py:2370
2026-03-16 00:47:25.770 37822 DEBUG heat.engine.service [req-6ba4de75-7db4-45c9-a233-0c7c85b34548 - - - - -] Service b72763db-0e66-407a-a984-2e60af3384b3 is updated service_manage_report /usr/lib/python3/dist-packages/heat/engine/service.py:2370
2026-03-16 00:47:25.826 37823 DEBUG heat.engine.service [req-97f917c1-bf01-4542-8ac7-c0b4fb4f70bf - - - - -] Service 4a8b2ddd-c3d2-4d8d-b8e9-60b607064443 is updated service_manage_report /usr/lib/python3/dist-packages/heat/engine/service.py:2370
2026-03-16 00:48:25.710 37821 DEBUG heat.engine.service [req-411b324f-3019-4b36-bf15-f8b31e06ef42 - - - - -] Service 9ec899d0-816b-4360-9af5-ae7ce7e77d06 is updated service_manage_report /usr/lib/python3/dist-packages/heat/engine/service.py:2370
2026-03-16 00:48:25.764 37824 DEBUG heat.engine.service [req-a791e40e-afc9-4e57-ab2e-11f5f0c4e27b - - - - -] Service 11558700-a9f8-404a-968c-0c4c5c836960 is updated service_manage_report /usr/lib/python3/dist-packages/heat/engine/service.py:2370
2026-03-16 00:48:25.770 37822 DEBUG heat.engine.service [req-39a64d08-3fc0-44a9-bba4-b2239f2e7eb0 - - - - -] Service b72763db-0e66-407a-a984-2e60af3384b3 is updated service_manage_report /usr/lib/python3/dist-packages/heat/engine/service.py:2370
2026-03-16 00:48:25.830 37823 DEBUG heat.engine.service [req-3db039a6-e089-4112-b83f-e35950520ddc - - - - -] Service 4a8b2ddd-c3d2-4d8d-b8e9-60b607064443 is updated service_manage_report /usr/lib/python3/dist-packages/heat/engine/service.py:2370
2026-03-16 00:49:25.716 37821 DEBUG heat.engine.service [req-5af19e45-ab9f-418d-8abb-30362dfcd472 - - - - -] Service 9ec899d0-816b-4360-9af5-ae7ce7e77d06 is updated service_manage_report /usr/lib/python3/dist-packages/heat/engine/service.py:2370
2026-03-16 00:49:25.766 37824 DEBUG heat.engine.service [req-120005d0-5aab-4ceb-880a-bdf59a83aa3b - - - - -] Service 11558700-a9f8-404a-968c-0c4c5c836960 is updated service_manage_report /usr/lib/python3/dist-packages/heat/engine/service.py:2370
2026-03-16 00:49:25.772 37822 DEBUG heat.engine.service [req-a6637276-acb6-4894-b7df-c634fe200301 - - - - -] Service b72763db-0e66-407a-a984-2e60af3384b3 is updated service_manage_report /usr/lib/python3/dist-packages/heat/engine/service.py:2370
2026-03-16 00:49:25.832 37823 DEBUG heat.engine.service [req-ab067faa-fc25-49a9-9dbd-e36b16e38a64 - - - - -] Service 4a8b2ddd-c3d2-4d8d-b8e9-60b607064443 is updated service_manage_report /usr/lib/python3/dist-packages/heat/engine/service.py:2370
2026-03-16 00:50:25.723 37821 DEBUG heat.engine.service [req-e51ec1c7-0886-4d31-8fa8-1379d7e966a6 - - - - -] Service 9ec899d0-816b-4360-9af5-ae7ce7e77d06 is updated service_manage_report /usr/lib/python3/dist-packages/heat/engine/service.py:2370
2026-03-16 00:50:25.769 37824 DEBUG heat.engine.service [req-a0946eb2-cf21-4fb6-9406-401a30896884 - - - - -] Service 11558700-a9f8-404a-968c-0c4c5c836960 is updated service_manage_report /usr/lib/python3/dist-packages/heat/engine/service.py:2370
2026-03-16 00:50:25.775 37822 DEBUG heat.engine.service [req-cfab3aea-46a7-4db6-ba1d-f8df4564507e - - - - -] Service b72763db-0e66-407a-a984-2e60af3384b3 is updated service_manage_report /usr/lib/python3/dist-packages/heat/engine/service.py:2370
2026-03-16 00:50:25.836 37823 DEBUG heat.engine.service [req-38dda2d6-2c91-4999-8d20-9535defbc9ab - - - - -] Service 4a8b2ddd-c3d2-4d8d-b8e9-60b607064443 is updated service_manage_report /usr/lib/python3/dist-packages/heat/engine/service.py:2370
2026-03-16 00:51:25.716 37821 DEBUG heat.engine.service [req-cff95384-8a47-4ed7-84c6-eedc61780327 - - - - -] Service 9ec899d0-816b-4360-9af5-ae7ce7e77d06 is updated service_manage_report /usr/lib/python3/dist-packages/heat/engine/service.py:2370
2026-03-16 00:51:25.774 37824 DEBUG heat.engine.service [req-562af3cb-e240-4656-a0ff-7eadafd89991 - - - - -] Service 11558700-a9f8-404a-968c-0c4c5c836960 is updated service_manage_report /usr/lib/python3/dist-packages/heat/engine/service.py:2370
2026-03-16 00:51:25.777 37822 DEBUG heat.engine.service [req-8d2f7054-55b8-4c72-9740-dd73ee6b6792 - - - - -] Service b72763db-0e66-407a-a984-2e60af3384b3 is updated service_manage_report /usr/lib/python3/dist-packages/heat/engine/service.py:2370
2026-03-16 00:51:25.839 37823 DEBUG heat.engine.service [req-81489c56-3f5d-4d3c-b3d1-7b7a2ec48a0b - - - - -] Service 4a8b2ddd-c3d2-4d8d-b8e9-60b607064443 is updated service_manage_report /usr/lib/python3/dist-packages/heat/engine/service.py:2370
2026-03-16 00:52:25.725 37821 DEBUG heat.engine.service [req-490bb0a4-61e4-40fe-b687-0e373771433b - - - - -] Service 9ec899d0-816b-4360-9af5-ae7ce7e77d06 is updated service_manage_report /usr/lib/python3/dist-packages/heat/engine/service.py:2370
2026-03-16 00:52:25.779 37824 DEBUG heat.engine.service [req-827e4141-5300-4ab3-93e4-67784ac65737 - - - - -] Service 11558700-a9f8-404a-968c-0c4c5c836960 is updated service_manage_report /usr/lib/python3/dist-packages/heat/engine/service.py:2370
2026-03-16 00:52:25.783 37822 DEBUG heat.engine.service [req-eabf9627-1b21-47e6-a5c3-74a63b7c14f4 - - - - -] Service b72763db-0e66-407a-a984-2e60af3384b3 is updated service_manage_report /usr/lib/python3/dist-packages/heat/engine/service.py:2370
2026-03-16 00:52:25.844 37823 DEBUG heat.engine.service [req-3351a513-17d6-4d94-9db8-f2c17470de80 - - - - -] Service 4a8b2ddd-c3d2-4d8d-b8e9-60b607064443 is updated service_manage_report /usr/lib/python3/dist-packages/heat/engine/service.py:2370
2026-03-16 00:53:25.718 37821 DEBUG heat.engine.service [req-48e643e4-725a-44f1-b875-ab5524580126 - - - - -] Service 9ec899d0-816b-4360-9af5-ae7ce7e77d06 is updated service_manage_report /usr/lib/python3/dist-packages/heat/engine/service.py:2370
2026-03-16 00:53:25.781 37824 DEBUG heat.engine.service [req-d5cd21a6-7f76-409a-82cd-9894e31dcc08 - - - - -] Service 11558700-a9f8-404a-968c-0c4c5c836960 is updated service_manage_report /usr/lib/python3/dist-packages/heat/engine/service.py:2370
2026-03-16 00:53:25.791 37822 DEBUG heat.engine.service [req-65477c3b-10bd-40e1-a995-ecb096983772 - - - - -] Service b72763db-0e66-407a-a984-2e60af3384b3 is updated service_manage_report /usr/lib/python3/dist-packages/heat/engine/service.py:2370
2026-03-16 00:53:25.845 37823 DEBUG heat.engine.service [req-5946fd98-0882-46ce-8e18-d7812d625258 - - - - -] Service 4a8b2ddd-c3d2-4d8d-b8e9-60b607064443 is updated service_manage_report /usr/lib/python3/dist-packages/heat/engine/service.py:2370
2026-03-16 00:54:25.721 37821 DEBUG heat.engine.service [req-7ef6c74d-971f-4ca9-90ff-8c5bece580f7 - - - - -] Service 9ec899d0-816b-4360-9af5-ae7ce7e77d06 is updated service_manage_report /usr/lib/python3/dist-packages/heat/engine/service.py:2370
2026-03-16 00:54:25.789 37822 DEBUG heat.engine.service [req-f0b12723-2503-45cb-bbf9-dfc262a7e6af - - - - -] Service b72763db-0e66-407a-a984-2e60af3384b3 is updated service_manage_report /usr/lib/python3/dist-packages/heat/engine/service.py:2370
2026-03-16 00:54:25.792 37824 DEBUG heat.engine.service [req-3da24fc2-1a70-49f7-b42f-a4b96312b8fe - - - - -] Service 11558700-a9f8-404a-968c-0c4c5c836960 is updated service_manage_report /usr/lib/python3/dist-packages/heat/engine/service.py:2370
2026-03-16 00:54:25.849 37823 DEBUG heat.engine.service [req-381775ac-7701-4f38-8d51-f8fc68c267bb - - - - -] Service 4a8b2ddd-c3d2-4d8d-b8e9-60b607064443 is updated service_manage_report /usr/lib/python3/dist-packages/heat/engine/service.py:2370
2026-03-16 00:55:25.726 37821 DEBUG heat.engine.service [req-1e8c6cc5-2d8e-4908-aa51-5b70f207f12e - - - - -] Service 9ec899d0-816b-4360-9af5-ae7ce7e77d06 is updated service_manage_report /usr/lib/python3/dist-packages/heat/engine/service.py:2370
2026-03-16 00:55:25.782 37822 DEBUG heat.engine.service [req-bfb188ac-7f56-4b95-9385-c0f292ac9bf0 - - - - -] Service b72763db-0e66-407a-a984-2e60af3384b3 is updated service_manage_report /usr/lib/python3/dist-packages/heat/engine/service.py:2370
2026-03-16 00:55:25.788 37824 DEBUG heat.engine.service [req-dcbb3d33-c677-4be0-8f5b-f0b677386e29 - - - - -] Service 11558700-a9f8-404a-968c-0c4c5c836960 is updated service_manage_report /usr/lib/python3/dist-packages/heat/engine/service.py:2370
2026-03-16 00:55:25.851 37823 DEBUG heat.engine.service [req-9d1fbdc9-23cd-4808-bdf9-7f2a31f56c97 - - - - -] Service 4a8b2ddd-c3d2-4d8d-b8e9-60b607064443 is updated service_manage_report /usr/lib/python3/dist-packages/heat/engine/service.py:2370
2026-03-16 00:56:25.730 37821 DEBUG heat.engine.service [req-310010f7-fc33-4e82-a7cf-841a1033ac73 - - - - -] Service 9ec899d0-816b-4360-9af5-ae7ce7e77d06 is updated service_manage_report /usr/lib/python3/dist-packages/heat/engine/service.py:2370
2026-03-16 00:56:25.782 37824 DEBUG heat.engine.service [req-e001e943-6c1f-4ce8-bce7-6dc411d955d3 - - - - -] Service 11558700-a9f8-404a-968c-0c4c5c836960 is updated service_manage_report /usr/lib/python3/dist-packages/heat/engine/service.py:2370
2026-03-16 00:56:25.788 37822 DEBUG heat.engine.service [req-72cac466-214a-4dc8-9c40-d21262407792 - - - - -] Service b72763db-0e66-407a-a984-2e60af3384b3 is updated service_manage_report /usr/lib/python3/dist-packages/heat/engine/service.py:2370
2026-03-16 00:56:25.856 37823 DEBUG heat.engine.service [req-77f60d1e-0f59-42d1-803b-27196088a2ee - - - - -] Service 4a8b2ddd-c3d2-4d8d-b8e9-60b607064443 is updated service_manage_report /usr/lib/python3/dist-packages/heat/engine/service.py:2370
2026-03-16 00:57:25.732 37821 DEBUG heat.engine.service [req-b6b4abea-90cb-45bd-b05d-2ca79c272e92 - - - - -] Service 9ec899d0-816b-4360-9af5-ae7ce7e77d06 is updated service_manage_report /usr/lib/python3/dist-packages/heat/engine/service.py:2370
2026-03-16 00:57:25.784 37824 DEBUG heat.engine.service [req-af73e878-90cb-476c-a92d-119f904d10ca - - - - -] Service 11558700-a9f8-404a-968c-0c4c5c836960 is updated service_manage_report /usr/lib/python3/dist-packages/heat/engine/service.py:2370
2026-03-16 00:57:25.792 37822 DEBUG heat.engine.service [req-63fb3aa6-b855-4cd7-9e26-d8f7bb3880cf - - - - -] Service b72763db-0e66-407a-a984-2e60af3384b3 is updated service_manage_report /usr/lib/python3/dist-packages/heat/engine/service.py:2370
2026-03-16 00:57:25.860 37823 DEBUG heat.engine.service [req-8730baca-3833-4759-80c0-e4a4cd44d768 - - - - -] Service 4a8b2ddd-c3d2-4d8d-b8e9-60b607064443 is updated service_manage_report /usr/lib/python3/dist-packages/heat/engine/service.py:2370
2026-03-16 00:58:25.741 37821 DEBUG heat.engine.service [req-d6fc7840-a91c-49b8-8306-d54cccd957ca - - - - -] Service 9ec899d0-816b-4360-9af5-ae7ce7e77d06 is updated service_manage_report /usr/lib/python3/dist-packages/heat/engine/service.py:2370
2026-03-16 00:58:25.788 37824 DEBUG heat.engine.service [req-389bc0bd-7a88-4774-86b6-3b29a29a814a - - - - -] Service 11558700-a9f8-404a-968c-0c4c5c836960 is updated service_manage_report /usr/lib/python3/dist-packages/heat/engine/service.py:2370
2026-03-16 00:58:25.795 37822 DEBUG heat.engine.service [req-346c9306-1055-41c4-adeb-f8418a4b008c - - - - -] Service b72763db-0e66-407a-a984-2e60af3384b3 is updated service_manage_report /usr/lib/python3/dist-packages/heat/engine/service.py:2370
2026-03-16 00:58:25.864 37823 DEBUG heat.engine.service [req-95b9fbde-752f-43a1-8c48-c4f5cb8ca75f - - - - -] Service 4a8b2ddd-c3d2-4d8d-b8e9-60b607064443 is updated service_manage_report /usr/lib/python3/dist-packages/heat/engine/service.py:2370
2026-03-16 00:59:25.734 37821 DEBUG heat.engine.service [req-eb8e1696-88e5-4af5-86f8-8c96fd6f26e3 - - - - -] Service 9ec899d0-816b-4360-9af5-ae7ce7e77d06 is updated service_manage_report /usr/lib/python3/dist-packages/heat/engine/service.py:2370
2026-03-16 00:59:25.791 37824 DEBUG heat.engine.service [req-69cff858-d262-4a4b-b552-5e40501417b2 - - - - -] Service 11558700-a9f8-404a-968c-0c4c5c836960 is updated service_manage_report /usr/lib/python3/dist-packages/heat/engine/service.py:2370
2026-03-16 00:59:25.798 37822 DEBUG heat.engine.service [req-df913ac0-7526-4339-a361-d827163ed386 - - - - -] Service b72763db-0e66-407a-a984-2e60af3384b3 is updated service_manage_report /usr/lib/python3/dist-packages/heat/engine/service.py:2370
2026-03-16 00:59:25.867 37823 DEBUG heat.engine.service [req-8cadf62a-0a13-4dab-95d5-439e0b889aa8 - - - - -] Service 4a8b2ddd-c3d2-4d8d-b8e9-60b607064443 is updated service_manage_report /usr/lib/python3/dist-packages/heat/engine/service.py:2370
2026-03-16 01:00:25.738 37821 DEBUG heat.engine.service [req-0cecb5fb-2353-4b3d-9cd1-d804705f45ce - - - - -] Service 9ec899d0-816b-4360-9af5-ae7ce7e77d06 is updated service_manage_report /usr/lib/python3/dist-packages/heat/engine/service.py:2370
