2026-03-16 01:00:25.796 37824 DEBUG heat.engine.service [req-fdc84d8d-cc43-4845-ac73-db701c9ed28d - - - - -] Service 11558700-a9f8-404a-968c-0c4c5c836960 is updated service_manage_report /usr/lib/python3/dist-packages/heat/engine/service.py:2370
2026-03-16 01:00:25.802 37822 DEBUG heat.engine.service [req-89058a77-5914-4aac-a24b-2d7e5285a131 - - - - -] Service b72763db-0e66-407a-a984-2e60af3384b3 is updated service_manage_report /usr/lib/python3/dist-packages/heat/engine/service.py:2370
2026-03-16 01:00:25.870 37823 DEBUG heat.engine.service [req-9e66d4b1-a6fb-4317-ac4c-60fa7673c6a2 - - - - -] Service 4a8b2ddd-c3d2-4d8d-b8e9-60b607064443 is updated service_manage_report /usr/lib/python3/dist-packages/heat/engine/service.py:2370
2026-03-16 01:01:25.741 37821 DEBUG heat.engine.service [req-a9ac63f7-eb25-4f9e-b24b-10a47194adcb - - - - -] Service 9ec899d0-816b-4360-9af5-ae7ce7e77d06 is updated service_manage_report /usr/lib/python3/dist-packages/heat/engine/service.py:2370
2026-03-16 01:01:25.805 37824 DEBUG heat.engine.service [req-5eb81978-6e1b-493b-8a1c-37968c428a26 - - - - -] Service 11558700-a9f8-404a-968c-0c4c5c836960 is updated service_manage_report /usr/lib/python3/dist-packages/heat/engine/service.py:2370
2026-03-16 01:01:25.807 37822 DEBUG heat.engine.service [req-40a4ca15-f263-4680-95a3-e8d3c3ca3469 - - - - -] Service b72763db-0e66-407a-a984-2e60af3384b3 is updated service_manage_report /usr/lib/python3/dist-packages/heat/engine/service.py:2370
2026-03-16 01:01:25.873 37823 DEBUG heat.engine.service [req-c23c777f-4222-4792-85c2-c88f4412bc8d - - - - -] Service 4a8b2ddd-c3d2-4d8d-b8e9-60b607064443 is updated service_manage_report /usr/lib/python3/dist-packages/heat/engine/service.py:2370
2026-03-16 01:02:25.745 37821 DEBUG heat.engine.service [req-69df8305-6801-42fc-a431-ef565c82e672 - - - - -] Service 9ec899d0-816b-4360-9af5-ae7ce7e77d06 is updated service_manage_report /usr/lib/python3/dist-packages/heat/engine/service.py:2370
2026-03-16 01:02:25.798 37824 DEBUG heat.engine.service [req-a2bf22ae-18ad-4bfa-bf11-86aaa7bb2338 - - - - -] Service 11558700-a9f8-404a-968c-0c4c5c836960 is updated service_manage_report /usr/lib/python3/dist-packages/heat/engine/service.py:2370
2026-03-16 01:02:25.810 37822 DEBUG heat.engine.service [req-078046c5-5820-455c-b0bf-28af1056fe6b - - - - -] Service b72763db-0e66-407a-a984-2e60af3384b3 is updated service_manage_report /usr/lib/python3/dist-packages/heat/engine/service.py:2370
2026-03-16 01:02:25.879 37823 DEBUG heat.engine.service [req-0ff0d0a5-5a8c-4fae-b99e-57f8d979ad09 - - - - -] Service 4a8b2ddd-c3d2-4d8d-b8e9-60b607064443 is updated service_manage_report /usr/lib/python3/dist-packages/heat/engine/service.py:2370
2026-03-16 01:03:25.748 37821 DEBUG heat.engine.service [req-75cd2f0c-540f-425b-abf1-01563284b094 - - - - -] Service 9ec899d0-816b-4360-9af5-ae7ce7e77d06 is updated service_manage_report /usr/lib/python3/dist-packages/heat/engine/service.py:2370
2026-03-16 01:03:25.804 37824 DEBUG heat.engine.service [req-8acf5954-518a-44be-8996-eb058bce2011 - - - - -] Service 11558700-a9f8-404a-968c-0c4c5c836960 is updated service_manage_report /usr/lib/python3/dist-packages/heat/engine/service.py:2370
2026-03-16 01:03:25.813 37822 DEBUG heat.engine.service [req-6c8d9838-04a6-43f3-ae30-4b4ef3d6f6f5 - - - - -] Service b72763db-0e66-407a-a984-2e60af3384b3 is updated service_manage_report /usr/lib/python3/dist-packages/heat/engine/service.py:2370
2026-03-16 01:03:25.884 37823 DEBUG heat.engine.service [req-236e283b-8f39-4eb7-bc7c-4ef020316215 - - - - -] Service 4a8b2ddd-c3d2-4d8d-b8e9-60b607064443 is updated service_manage_report /usr/lib/python3/dist-packages/heat/engine/service.py:2370
2026-03-16 01:04:25.751 37821 DEBUG heat.engine.service [req-bbc8d68c-891f-42d5-a9ed-abb8a57941bf - - - - -] Service 9ec899d0-816b-4360-9af5-ae7ce7e77d06 is updated service_manage_report /usr/lib/python3/dist-packages/heat/engine/service.py:2370
2026-03-16 01:04:25.796 37824 DEBUG heat.engine.service [req-06c31f2c-c993-4c0c-8dc6-f08af67d8c7a - - - - -] Service 11558700-a9f8-404a-968c-0c4c5c836960 is updated service_manage_report /usr/lib/python3/dist-packages/heat/engine/service.py:2370
2026-03-16 01:04:25.816 37822 DEBUG heat.engine.service [req-d6486611-d920-40ef-9d56-55faa3add584 - - - - -] Service b72763db-0e66-407a-a984-2e60af3384b3 is updated service_manage_report /usr/lib/python3/dist-packages/heat/engine/service.py:2370
2026-03-16 01:04:25.886 37823 DEBUG heat.engine.service [req-9cf9421f-6187-4db8-8a16-181275dba3f4 - - - - -] Service 4a8b2ddd-c3d2-4d8d-b8e9-60b607064443 is updated service_manage_report /usr/lib/python3/dist-packages/heat/engine/service.py:2370
2026-03-16 01:05:25.753 37821 DEBUG heat.engine.service [req-c4d0bf1d-cf00-4150-99d1-9e4aa02b4373 - - - - -] Service 9ec899d0-816b-4360-9af5-ae7ce7e77d06 is updated service_manage_report /usr/lib/python3/dist-packages/heat/engine/service.py:2370
2026-03-16 01:05:25.796 37824 DEBUG heat.engine.service [req-8b5050be-c616-40ab-9757-96c3be7c73e9 - - - - -] Service 11558700-a9f8-404a-968c-0c4c5c836960 is updated service_manage_report /usr/lib/python3/dist-packages/heat/engine/service.py:2370
2026-03-16 01:05:25.819 37822 DEBUG heat.engine.service [req-6422324f-3239-471f-8d8e-eef3ef6200f9 - - - - -] Service b72763db-0e66-407a-a984-2e60af3384b3 is updated service_manage_report /usr/lib/python3/dist-packages/heat/engine/service.py:2370
2026-03-16 01:05:25.890 37823 DEBUG heat.engine.service [req-55791720-7cb2-444d-8123-e79e6642b047 - - - - -] Service 4a8b2ddd-c3d2-4d8d-b8e9-60b607064443 is updated service_manage_report /usr/lib/python3/dist-packages/heat/engine/service.py:2370
2026-03-16 01:06:25.756 37821 DEBUG heat.engine.service [req-2aaf79bd-b90d-40eb-a299-d3e8d55e2a75 - - - - -] Service 9ec899d0-816b-4360-9af5-ae7ce7e77d06 is updated service_manage_report /usr/lib/python3/dist-packages/heat/engine/service.py:2370
2026-03-16 01:06:25.789 37824 DEBUG heat.engine.service [req-1c78941e-69dd-404a-a931-9be09a730151 - - - - -] Service 11558700-a9f8-404a-968c-0c4c5c836960 is updated service_manage_report /usr/lib/python3/dist-packages/heat/engine/service.py:2370
2026-03-16 01:06:25.821 37822 DEBUG heat.engine.service [req-4a0f9690-f58b-460b-9c7b-627fc423d8b5 - - - - -] Service b72763db-0e66-407a-a984-2e60af3384b3 is updated service_manage_report /usr/lib/python3/dist-packages/heat/engine/service.py:2370
2026-03-16 01:06:25.893 37823 DEBUG heat.engine.service [req-21ab1d48-5542-4839-831b-cd634b462cc8 - - - - -] Service 4a8b2ddd-c3d2-4d8d-b8e9-60b607064443 is updated service_manage_report /usr/lib/python3/dist-packages/heat/engine/service.py:2370
2026-03-16 01:07:25.763 37821 DEBUG heat.engine.service [req-d34a45da-8e1d-425d-98ff-b9f251909271 - - - - -] Service 9ec899d0-816b-4360-9af5-ae7ce7e77d06 is updated service_manage_report /usr/lib/python3/dist-packages/heat/engine/service.py:2370
2026-03-16 01:07:25.793 37824 DEBUG heat.engine.service [req-97b0212c-18ce-4718-8f7f-2e4750471979 - - - - -] Service 11558700-a9f8-404a-968c-0c4c5c836960 is updated service_manage_report /usr/lib/python3/dist-packages/heat/engine/service.py:2370
2026-03-16 01:07:25.825 37822 DEBUG heat.engine.service [req-335a34d8-947f-4c21-89b0-26e1887637ac - - - - -] Service b72763db-0e66-407a-a984-2e60af3384b3 is updated service_manage_report /usr/lib/python3/dist-packages/heat/engine/service.py:2370
2026-03-16 01:07:25.896 37823 DEBUG heat.engine.service [req-7ade5e61-2918-4760-8d83-9fb37a61c5c3 - - - - -] Service 4a8b2ddd-c3d2-4d8d-b8e9-60b607064443 is updated service_manage_report /usr/lib/python3/dist-packages/heat/engine/service.py:2370
2026-03-16 01:08:25.755 37821 DEBUG heat.engine.service [req-363e11a7-ab6c-4bf5-83f9-c23c0e2122f9 - - - - -] Service 9ec899d0-816b-4360-9af5-ae7ce7e77d06 is updated service_manage_report /usr/lib/python3/dist-packages/heat/engine/service.py:2370
2026-03-16 01:08:25.796 37824 DEBUG heat.engine.service [req-71cf964e-c8ed-49ab-ae12-41d7c68f1459 - - - - -] Service 11558700-a9f8-404a-968c-0c4c5c836960 is updated service_manage_report /usr/lib/python3/dist-packages/heat/engine/service.py:2370
2026-03-16 01:08:25.828 37822 DEBUG heat.engine.service [req-c9ed97a4-fe83-4f6d-a75d-46a683654acf - - - - -] Service b72763db-0e66-407a-a984-2e60af3384b3 is updated service_manage_report /usr/lib/python3/dist-packages/heat/engine/service.py:2370
2026-03-16 01:08:25.900 37823 DEBUG heat.engine.service [req-9e6144ae-5b52-4ff3-8ce4-48b4c4e9d434 - - - - -] Service 4a8b2ddd-c3d2-4d8d-b8e9-60b607064443 is updated service_manage_report /usr/lib/python3/dist-packages/heat/engine/service.py:2370
2026-03-16 01:09:25.759 37821 DEBUG heat.engine.service [req-f6f92a5c-0ab3-403b-914e-53dfb4fd0356 - - - - -] Service 9ec899d0-816b-4360-9af5-ae7ce7e77d06 is updated service_manage_report /usr/lib/python3/dist-packages/heat/engine/service.py:2370
2026-03-16 01:09:25.800 37824 DEBUG heat.engine.service [req-f19ef3c1-131f-410a-99db-20803fb89015 - - - - -] Service 11558700-a9f8-404a-968c-0c4c5c836960 is updated service_manage_report /usr/lib/python3/dist-packages/heat/engine/service.py:2370
2026-03-16 01:09:25.831 37822 DEBUG heat.engine.service [req-33e6eb19-0cc3-4c91-b731-fdcacb5df7df - - - - -] Service b72763db-0e66-407a-a984-2e60af3384b3 is updated service_manage_report /usr/lib/python3/dist-packages/heat/engine/service.py:2370
2026-03-16 01:09:25.904 37823 DEBUG heat.engine.service [req-b051c4b6-4e02-47be-a30a-0fa94f272cec - - - - -] Service 4a8b2ddd-c3d2-4d8d-b8e9-60b607064443 is updated service_manage_report /usr/lib/python3/dist-packages/heat/engine/service.py:2370
2026-03-16 01:10:25.762 37821 DEBUG heat.engine.service [req-af084d1a-d68d-41b8-ac82-390acd1196fa - - - - -] Service 9ec899d0-816b-4360-9af5-ae7ce7e77d06 is updated service_manage_report /usr/lib/python3/dist-packages/heat/engine/service.py:2370
2026-03-16 01:10:25.803 37824 DEBUG heat.engine.service [req-a7681d6a-7870-4baa-ac12-02cf6b35db6f - - - - -] Service 11558700-a9f8-404a-968c-0c4c5c836960 is updated service_manage_report /usr/lib/python3/dist-packages/heat/engine/service.py:2370
2026-03-16 01:10:25.833 37822 DEBUG heat.engine.service [req-7220ca45-325a-4b28-8401-ef83092ea3d2 - - - - -] Service b72763db-0e66-407a-a984-2e60af3384b3 is updated service_manage_report /usr/lib/python3/dist-packages/heat/engine/service.py:2370
2026-03-16 01:10:25.906 37823 DEBUG heat.engine.service [req-942063ac-4f83-4c4d-8d50-a4ef8a354113 - - - - -] Service 4a8b2ddd-c3d2-4d8d-b8e9-60b607064443 is updated service_manage_report /usr/lib/python3/dist-packages/heat/engine/service.py:2370
2026-03-16 01:11:25.765 37821 DEBUG heat.engine.service [req-0fa5cbfb-384d-492b-91b5-078b2e5fd692 - - - - -] Service 9ec899d0-816b-4360-9af5-ae7ce7e77d06 is updated service_manage_report /usr/lib/python3/dist-packages/heat/engine/service.py:2370
2026-03-16 01:11:25.807 37824 DEBUG heat.engine.service [req-ca48272d-fcfd-4d09-8d34-8f020876136b - - - - -] Service 11558700-a9f8-404a-968c-0c4c5c836960 is updated service_manage_report /usr/lib/python3/dist-packages/heat/engine/service.py:2370
2026-03-16 01:11:25.836 37822 DEBUG heat.engine.service [req-380561d3-242f-4ada-80a0-8ce61f8b8259 - - - - -] Service b72763db-0e66-407a-a984-2e60af3384b3 is updated service_manage_report /usr/lib/python3/dist-packages/heat/engine/service.py:2370
2026-03-16 01:11:25.910 37823 DEBUG heat.engine.service [req-97754212-348f-4dd4-913a-21d5896f8908 - - - - -] Service 4a8b2ddd-c3d2-4d8d-b8e9-60b607064443 is updated service_manage_report /usr/lib/python3/dist-packages/heat/engine/service.py:2370
2026-03-16 01:12:25.773 37821 DEBUG heat.engine.service [req-e8eb6d16-6e62-4893-a097-3da7081aa7b6 - - - - -] Service 9ec899d0-816b-4360-9af5-ae7ce7e77d06 is updated service_manage_report /usr/lib/python3/dist-packages/heat/engine/service.py:2370
2026-03-16 01:12:25.812 37824 DEBUG heat.engine.service [req-1f734dae-5583-4bc0-977c-0b83ce3649fb - - - - -] Service 11558700-a9f8-404a-968c-0c4c5c836960 is updated service_manage_report /usr/lib/python3/dist-packages/heat/engine/service.py:2370
2026-03-16 01:12:25.839 37822 DEBUG heat.engine.service [req-e57d594d-2aed-4f9d-9fdf-1d0c221fdb40 - - - - -] Service b72763db-0e66-407a-a984-2e60af3384b3 is updated service_manage_report /usr/lib/python3/dist-packages/heat/engine/service.py:2370
2026-03-16 01:12:25.914 37823 DEBUG heat.engine.service [req-e1e2ddb0-c7d0-45b3-ae21-4e3649801016 - - - - -] Service 4a8b2ddd-c3d2-4d8d-b8e9-60b607064443 is updated service_manage_report /usr/lib/python3/dist-packages/heat/engine/service.py:2370
2026-03-16 01:13:25.767 37821 DEBUG heat.engine.service [req-bfd705d1-e220-4f20-b74c-1addeb6607d8 - - - - -] Service 9ec899d0-816b-4360-9af5-ae7ce7e77d06 is updated service_manage_report /usr/lib/python3/dist-packages/heat/engine/service.py:2370
2026-03-16 01:13:25.817 37824 DEBUG heat.engine.service [req-626b430b-2a26-47ca-9590-0bfff9ad0c97 - - - - -] Service 11558700-a9f8-404a-968c-0c4c5c836960 is updated service_manage_report /usr/lib/python3/dist-packages/heat/engine/service.py:2370
2026-03-16 01:13:25.841 37822 DEBUG heat.engine.service [req-3df4a65c-e854-47ff-b954-e450ac4031fc - - - - -] Service b72763db-0e66-407a-a984-2e60af3384b3 is updated service_manage_report /usr/lib/python3/dist-packages/heat/engine/service.py:2370
2026-03-16 01:13:25.918 37823 DEBUG heat.engine.service [req-1e72deaa-07f2-4841-8e59-13d0a9b85ef2 - - - - -] Service 4a8b2ddd-c3d2-4d8d-b8e9-60b607064443 is updated service_manage_report /usr/lib/python3/dist-packages/heat/engine/service.py:2370
2026-03-16 01:14:25.770 37821 DEBUG heat.engine.service [req-04270685-9bbb-42db-baa6-44e174be47c0 - - - - -] Service 9ec899d0-816b-4360-9af5-ae7ce7e77d06 is updated service_manage_report /usr/lib/python3/dist-packages/heat/engine/service.py:2370
2026-03-16 01:14:25.819 37824 DEBUG heat.engine.service [req-55cebb6e-43f9-481d-95ac-bd36b1dfa794 - - - - -] Service 11558700-a9f8-404a-968c-0c4c5c836960 is updated service_manage_report /usr/lib/python3/dist-packages/heat/engine/service.py:2370
2026-03-16 01:14:25.845 37822 DEBUG heat.engine.service [req-a0fd6314-9408-452d-8e0c-9ab37708fabc - - - - -] Service b72763db-0e66-407a-a984-2e60af3384b3 is updated service_manage_report /usr/lib/python3/dist-packages/heat/engine/service.py:2370
2026-03-16 01:14:25.922 37823 DEBUG heat.engine.service [req-4587ae82-05f1-459f-994d-988785ba2996 - - - - -] Service 4a8b2ddd-c3d2-4d8d-b8e9-60b607064443 is updated service_manage_report /usr/lib/python3/dist-packages/heat/engine/service.py:2370
2026-03-16 01:15:25.774 37821 DEBUG heat.engine.service [req-4d0e34d5-e6b5-4971-9efa-241a2950ecd5 - - - - -] Service 9ec899d0-816b-4360-9af5-ae7ce7e77d06 is updated service_manage_report /usr/lib/python3/dist-packages/heat/engine/service.py:2370
2026-03-16 01:15:25.824 37824 DEBUG heat.engine.service [req-e1dc6fe7-68d0-480d-8933-16b60bd22d98 - - - - -] Service 11558700-a9f8-404a-968c-0c4c5c836960 is updated service_manage_report /usr/lib/python3/dist-packages/heat/engine/service.py:2370
2026-03-16 01:15:25.850 37822 DEBUG heat.engine.service [req-f956e9a8-2db1-4d5f-a9cb-115b3b7fc8f3 - - - - -] Service b72763db-0e66-407a-a984-2e60af3384b3 is updated service_manage_report /usr/lib/python3/dist-packages/heat/engine/service.py:2370
2026-03-16 01:15:25.924 37823 DEBUG heat.engine.service [req-7052d5bf-4858-4476-b9ad-c2579548a906 - - - - -] Service 4a8b2ddd-c3d2-4d8d-b8e9-60b607064443 is updated service_manage_report /usr/lib/python3/dist-packages/heat/engine/service.py:2370
2026-03-16 01:16:25.776 37821 DEBUG heat.engine.service [req-a1cf48b9-9f4c-4bd3-84fc-69279e63abf7 - - - - -] Service 9ec899d0-816b-4360-9af5-ae7ce7e77d06 is updated service_manage_report /usr/lib/python3/dist-packages/heat/engine/service.py:2370
2026-03-16 01:16:25.828 37824 DEBUG heat.engine.service [req-c94fecd5-0518-480f-8361-1f5e102708f7 - - - - -] Service 11558700-a9f8-404a-968c-0c4c5c836960 is updated service_manage_report /usr/lib/python3/dist-packages/heat/engine/service.py:2370
2026-03-16 01:16:25.857 37822 DEBUG heat.engine.service [req-a1b1bea8-2df1-45b3-b1fb-5e4fe5a2af22 - - - - -] Service b72763db-0e66-407a-a984-2e60af3384b3 is updated service_manage_report /usr/lib/python3/dist-packages/heat/engine/service.py:2370
2026-03-16 01:16:25.927 37823 DEBUG heat.engine.service [req-2a9cf67d-977b-4c9d-9c0e-2fd48f2c2944 - - - - -] Service 4a8b2ddd-c3d2-4d8d-b8e9-60b607064443 is updated service_manage_report /usr/lib/python3/dist-packages/heat/engine/service.py:2370
2026-03-16 01:17:25.779 37821 DEBUG heat.engine.service [req-dd7d4ab3-48cf-4173-9f7b-77514f9b776a - - - - -] Service 9ec899d0-816b-4360-9af5-ae7ce7e77d06 is updated service_manage_report /usr/lib/python3/dist-packages/heat/engine/service.py:2370
2026-03-16 01:17:25.831 37824 DEBUG heat.engine.service [req-05d699ce-494d-493c-8511-1b73410e6f06 - - - - -] Service 11558700-a9f8-404a-968c-0c4c5c836960 is updated service_manage_report /usr/lib/python3/dist-packages/heat/engine/service.py:2370
2026-03-16 01:17:25.849 37822 DEBUG heat.engine.service [req-a44be5e1-6301-4274-b9ce-537c05706227 - - - - -] Service b72763db-0e66-407a-a984-2e60af3384b3 is updated service_manage_report /usr/lib/python3/dist-packages/heat/engine/service.py:2370
2026-03-16 01:17:25.932 37823 DEBUG heat.engine.service [req-6105f7b0-5894-4daa-8838-a534a0541594 - - - - -] Service 4a8b2ddd-c3d2-4d8d-b8e9-60b607064443 is updated service_manage_report /usr/lib/python3/dist-packages/heat/engine/service.py:2370
2026-03-16 01:18:25.784 37821 DEBUG heat.engine.service [req-17f4749d-aa80-47c3-b76c-b68d3aaf798a - - - - -] Service 9ec899d0-816b-4360-9af5-ae7ce7e77d06 is updated service_manage_report /usr/lib/python3/dist-packages/heat/engine/service.py:2370
2026-03-16 01:18:25.838 37824 DEBUG heat.engine.service [req-e19dc5c8-119f-44e7-a509-19bec50138b6 - - - - -] Service 11558700-a9f8-404a-968c-0c4c5c836960 is updated service_manage_report /usr/lib/python3/dist-packages/heat/engine/service.py:2370
2026-03-16 01:18:25.851 37822 DEBUG heat.engine.service [req-d34b4e13-2edd-45d5-bef7-5a8a6c111398 - - - - -] Service b72763db-0e66-407a-a984-2e60af3384b3 is updated service_manage_report /usr/lib/python3/dist-packages/heat/engine/service.py:2370
2026-03-16 01:18:25.936 37823 DEBUG heat.engine.service [req-313c8a5b-26bf-4b53-a3ec-69093422a0f0 - - - - -] Service 4a8b2ddd-c3d2-4d8d-b8e9-60b607064443 is updated service_manage_report /usr/lib/python3/dist-packages/heat/engine/service.py:2370
2026-03-16 01:19:25.787 37821 DEBUG heat.engine.service [req-4dd96a7c-f36f-4878-af8a-76c90bb2dc2b - - - - -] Service 9ec899d0-816b-4360-9af5-ae7ce7e77d06 is updated service_manage_report /usr/lib/python3/dist-packages/heat/engine/service.py:2370
2026-03-16 01:19:25.830 37824 DEBUG heat.engine.service [req-d207ffa9-00dc-4251-9b95-cc465a0ea4b0 - - - - -] Service 11558700-a9f8-404a-968c-0c4c5c836960 is updated service_manage_report /usr/lib/python3/dist-packages/heat/engine/service.py:2370
2026-03-16 01:19:25.853 37822 DEBUG heat.engine.service [req-3a7e672d-3428-46c2-839a-c3bc71fdefea - - - - -] Service b72763db-0e66-407a-a984-2e60af3384b3 is updated service_manage_report /usr/lib/python3/dist-packages/heat/engine/service.py:2370
2026-03-16 01:19:25.938 37823 DEBUG heat.engine.service [req-d077f4fb-ba01-4131-a09b-d09dafba0195 - - - - -] Service 4a8b2ddd-c3d2-4d8d-b8e9-60b607064443 is updated service_manage_report /usr/lib/python3/dist-packages/heat/engine/service.py:2370
2026-03-16 01:20:25.789 37821 DEBUG heat.engine.service [req-2625135c-7580-4073-a444-50914692c824 - - - - -] Service 9ec899d0-816b-4360-9af5-ae7ce7e77d06 is updated service_manage_report /usr/lib/python3/dist-packages/heat/engine/service.py:2370
2026-03-16 01:20:25.832 37824 DEBUG heat.engine.service [req-2eb1f819-cd0c-4dde-a1c5-2f09a5159d80 - - - - -] Service 11558700-a9f8-404a-968c-0c4c5c836960 is updated service_manage_report /usr/lib/python3/dist-packages/heat/engine/service.py:2370
2026-03-16 01:20:25.859 37822 DEBUG heat.engine.service [req-8faafaee-45a9-43a6-a9cf-4046b8341537 - - - - -] Service b72763db-0e66-407a-a984-2e60af3384b3 is updated service_manage_report /usr/lib/python3/dist-packages/heat/engine/service.py:2370
2026-03-16 01:20:25.945 37823 DEBUG heat.engine.service [req-7bb1b1f6-8445-417a-8cb2-d889f4c47a7c - - - - -] Service 4a8b2ddd-c3d2-4d8d-b8e9-60b607064443 is updated service_manage_report /usr/lib/python3/dist-packages/heat/engine/service.py:2370
2026-03-16 01:21:25.794 37821 DEBUG heat.engine.service [req-496a3d72-8fec-4dc2-b57c-f6bed0231415 - - - - -] Service 9ec899d0-816b-4360-9af5-ae7ce7e77d06 is updated service_manage_report /usr/lib/python3/dist-packages/heat/engine/service.py:2370
2026-03-16 01:21:25.836 37824 DEBUG heat.engine.service [req-c54bc5f1-86df-4d95-a120-5e289ad2d568 - - - - -] Service 11558700-a9f8-404a-968c-0c4c5c836960 is updated service_manage_report /usr/lib/python3/dist-packages/heat/engine/service.py:2370
2026-03-16 01:21:25.863 37822 DEBUG heat.engine.service [req-c09a06c7-3c22-47c5-8f3e-7aa5d43d8811 - - - - -] Service b72763db-0e66-407a-a984-2e60af3384b3 is updated service_manage_report /usr/lib/python3/dist-packages/heat/engine/service.py:2370
2026-03-16 01:21:25.940 37823 DEBUG heat.engine.service [req-f7d6a4d9-531c-4077-8371-a7d314ad9798 - - - - -] Service 4a8b2ddd-c3d2-4d8d-b8e9-60b607064443 is updated service_manage_report /usr/lib/python3/dist-packages/heat/engine/service.py:2370
2026-03-16 01:22:25.797 37821 DEBUG heat.engine.service [req-0bb873de-f155-45d1-b7bc-b797be08c808 - - - - -] Service 9ec899d0-816b-4360-9af5-ae7ce7e77d06 is updated service_manage_report /usr/lib/python3/dist-packages/heat/engine/service.py:2370
2026-03-16 01:22:25.841 37824 DEBUG heat.engine.service [req-f32ecde1-c730-4e16-9665-0415aeee1bce - - - - -] Service 11558700-a9f8-404a-968c-0c4c5c836960 is updated service_manage_report /usr/lib/python3/dist-packages/heat/engine/service.py:2370
2026-03-16 01:22:25.867 37822 DEBUG heat.engine.service [req-9438ea1a-9ca4-407a-8c62-9b0f53b2b9ce - - - - -] Service b72763db-0e66-407a-a984-2e60af3384b3 is updated service_manage_report /usr/lib/python3/dist-packages/heat/engine/service.py:2370
2026-03-16 01:22:25.943 37823 DEBUG heat.engine.service [req-dfc01d39-0b5d-4b69-a1ba-e60001ba6844 - - - - -] Service 4a8b2ddd-c3d2-4d8d-b8e9-60b607064443 is updated service_manage_report /usr/lib/python3/dist-packages/heat/engine/service.py:2370
2026-03-16 01:23:25.800 37821 DEBUG heat.engine.service [req-20dc70b6-d1b7-427c-bc31-72cff802fae7 - - - - -] Service 9ec899d0-816b-4360-9af5-ae7ce7e77d06 is updated service_manage_report /usr/lib/python3/dist-packages/heat/engine/service.py:2370
2026-03-16 01:23:25.843 37824 DEBUG heat.engine.service [req-a8b067d9-6892-455e-8cf7-6f6c2984cd47 - - - - -] Service 11558700-a9f8-404a-968c-0c4c5c836960 is updated service_manage_report /usr/lib/python3/dist-packages/heat/engine/service.py:2370
2026-03-16 01:23:25.869 37822 DEBUG heat.engine.service [req-425719b2-faf4-44a3-87ce-0e012518d40c - - - - -] Service b72763db-0e66-407a-a984-2e60af3384b3 is updated service_manage_report /usr/lib/python3/dist-packages/heat/engine/service.py:2370
2026-03-16 01:23:25.947 37823 DEBUG heat.engine.service [req-59097495-8de3-43c9-9277-ed16255921ab - - - - -] Service 4a8b2ddd-c3d2-4d8d-b8e9-60b607064443 is updated service_manage_report /usr/lib/python3/dist-packages/heat/engine/service.py:2370
2026-03-16 01:24:25.804 37821 DEBUG heat.engine.service [req-4266ed71-89db-4ee4-93fc-c253cbf59cbc - - - - -] Service 9ec899d0-816b-4360-9af5-ae7ce7e77d06 is updated service_manage_report /usr/lib/python3/dist-packages/heat/engine/service.py:2370
2026-03-16 01:24:25.847 37824 DEBUG heat.engine.service [req-d7a4e357-0a00-44e3-a206-8c537b58e160 - - - - -] Service 11558700-a9f8-404a-968c-0c4c5c836960 is updated service_manage_report /usr/lib/python3/dist-packages/heat/engine/service.py:2370
2026-03-16 01:24:25.873 37822 DEBUG heat.engine.service [req-17df0d01-95fa-405f-a033-1944036f9660 - - - - -] Service b72763db-0e66-407a-a984-2e60af3384b3 is updated service_manage_report /usr/lib/python3/dist-packages/heat/engine/service.py:2370
2026-03-16 01:24:25.955 37823 DEBUG heat.engine.service [req-71d62bcf-a608-463c-93d0-f82aa436d77a - - - - -] Service 4a8b2ddd-c3d2-4d8d-b8e9-60b607064443 is updated service_manage_report /usr/lib/python3/dist-packages/heat/engine/service.py:2370
2026-03-16 01:25:25.810 37821 DEBUG heat.engine.service [req-aca827de-0631-4102-8f4f-3606203d1558 - - - - -] Service 9ec899d0-816b-4360-9af5-ae7ce7e77d06 is updated service_manage_report /usr/lib/python3/dist-packages/heat/engine/service.py:2370
2026-03-16 01:25:25.855 37824 DEBUG heat.engine.service [req-9074a222-2186-47d9-ba17-8ae83a8b75e1 - - - - -] Service 11558700-a9f8-404a-968c-0c4c5c836960 is updated service_manage_report /usr/lib/python3/dist-packages/heat/engine/service.py:2370
2026-03-16 01:25:25.878 37822 DEBUG heat.engine.service [req-4e17ad86-aa06-45a5-8791-8892c75fb287 - - - - -] Service b72763db-0e66-407a-a984-2e60af3384b3 is updated service_manage_report /usr/lib/python3/dist-packages/heat/engine/service.py:2370
2026-03-16 01:25:25.949 37823 DEBUG heat.engine.service [req-9cc603cf-d9a3-46ad-b9f1-a2bcaeabba95 - - - - -] Service 4a8b2ddd-c3d2-4d8d-b8e9-60b607064443 is updated service_manage_report /usr/lib/python3/dist-packages/heat/engine/service.py:2370
2026-03-16 01:26:25.802 37821 DEBUG heat.engine.service [req-fa1d150a-bffd-4909-a29d-f0e2f0dd2e12 - - - - -] Service 9ec899d0-816b-4360-9af5-ae7ce7e77d06 is updated service_manage_report /usr/lib/python3/dist-packages/heat/engine/service.py:2370
2026-03-16 01:26:25.848 37824 DEBUG heat.engine.service [req-5884b2fb-3234-4bc9-950b-18dcccb604a1 - - - - -] Service 11558700-a9f8-404a-968c-0c4c5c836960 is updated service_manage_report /usr/lib/python3/dist-packages/heat/engine/service.py:2370
2026-03-16 01:26:25.882 37822 DEBUG heat.engine.service [req-8ea3227a-e34e-4a09-9f2b-dc870346c56b - - - - -] Service b72763db-0e66-407a-a984-2e60af3384b3 is updated service_manage_report /usr/lib/python3/dist-packages/heat/engine/service.py:2370
2026-03-16 01:26:25.953 37823 DEBUG heat.engine.service [req-5991c86c-a4c1-4b13-9d7a-c6191996ee1e - - - - -] Service 4a8b2ddd-c3d2-4d8d-b8e9-60b607064443 is updated service_manage_report /usr/lib/python3/dist-packages/heat/engine/service.py:2370
2026-03-16 01:27:25.805 37821 DEBUG heat.engine.service [req-7677fcc0-41a4-4211-a089-9f6e388769e0 - - - - -] Service 9ec899d0-816b-4360-9af5-ae7ce7e77d06 is updated service_manage_report /usr/lib/python3/dist-packages/heat/engine/service.py:2370
2026-03-16 01:27:25.851 37824 DEBUG heat.engine.service [req-d429f2ec-ac8d-4907-8cde-529eebee5abb - - - - -] Service 11558700-a9f8-404a-968c-0c4c5c836960 is updated service_manage_report /usr/lib/python3/dist-packages/heat/engine/service.py:2370
2026-03-16 01:27:25.886 37822 DEBUG heat.engine.service [req-8b86ca6a-ce4c-411a-ad6d-b9f30a563038 - - - - -] Service b72763db-0e66-407a-a984-2e60af3384b3 is updated service_manage_report /usr/lib/python3/dist-packages/heat/engine/service.py:2370
2026-03-16 01:27:25.958 37823 DEBUG heat.engine.service [req-35a2f15a-e79e-4b72-b3e8-20de4bb99d3b - - - - -] Service 4a8b2ddd-c3d2-4d8d-b8e9-60b607064443 is updated service_manage_report /usr/lib/python3/dist-packages/heat/engine/service.py:2370
2026-03-16 01:28:25.809 37821 DEBUG heat.engine.service [req-ab1bb473-6f08-486b-b55d-d16711a7a137 - - - - -] Service 9ec899d0-816b-4360-9af5-ae7ce7e77d06 is updated service_manage_report /usr/lib/python3/dist-packages/heat/engine/service.py:2370
2026-03-16 01:28:25.853 37824 DEBUG heat.engine.service [req-550b25d1-feec-4da1-aa1b-c908912ab253 - - - - -] Service 11558700-a9f8-404a-968c-0c4c5c836960 is updated service_manage_report /usr/lib/python3/dist-packages/heat/engine/service.py:2370
2026-03-16 01:28:25.888 37822 DEBUG heat.engine.service [req-73a62bf7-165c-4a21-837e-adb1a2ba95e4 - - - - -] Service b72763db-0e66-407a-a984-2e60af3384b3 is updated service_manage_report /usr/lib/python3/dist-packages/heat/engine/service.py:2370
2026-03-16 01:28:25.963 37823 DEBUG heat.engine.service [req-81d9b183-f66a-4e2c-8e79-16f9133a28f4 - - - - -] Service 4a8b2ddd-c3d2-4d8d-b8e9-60b607064443 is updated service_manage_report /usr/lib/python3/dist-packages/heat/engine/service.py:2370
2026-03-16 01:29:26.030 37821 DEBUG heat.engine.service [req-deef5f3b-611a-4d4a-9d12-1a2a45b09b29 - - - - -] Service 9ec899d0-816b-4360-9af5-ae7ce7e77d06 is updated service_manage_report /usr/lib/python3/dist-packages/heat/engine/service.py:2370
2026-03-16 01:29:26.129 37822 DEBUG heat.engine.service [req-7f68aa50-f02f-42aa-a6ab-b48e7f95d26e - - - - -] Service b72763db-0e66-407a-a984-2e60af3384b3 is updated service_manage_report /usr/lib/python3/dist-packages/heat/engine/service.py:2370
2026-03-16 01:29:26.129 37824 DEBUG heat.engine.service [req-79e50730-a9a2-485f-8559-763f83576cc9 - - - - -] Service 11558700-a9f8-404a-968c-0c4c5c836960 is updated service_manage_report /usr/lib/python3/dist-packages/heat/engine/service.py:2370
2026-03-16 01:29:26.129 37823 DEBUG heat.engine.service [req-f1c829fa-d060-4faa-bb9e-2ca793f8beb9 - - - - -] Service 4a8b2ddd-c3d2-4d8d-b8e9-60b607064443 is updated service_manage_report /usr/lib/python3/dist-packages/heat/engine/service.py:2370
2026-03-16 01:29:42.909 37824 DEBUG heat.engine.service [-] Attempting to stop engine service... _stop_rpc_server /usr/lib/python3/dist-packages/heat/engine/service.py:437
2026-03-16 01:29:42.909 37821 DEBUG heat.engine.service [-] Attempting to stop engine service... _stop_rpc_server /usr/lib/python3/dist-packages/heat/engine/service.py:437
2026-03-16 01:29:42.909 37822 DEBUG heat.engine.service [-] Attempting to stop engine service... _stop_rpc_server /usr/lib/python3/dist-packages/heat/engine/service.py:437
2026-03-16 01:29:42.909 37823 DEBUG heat.engine.service [-] Attempting to stop engine service... _stop_rpc_server /usr/lib/python3/dist-packages/heat/engine/service.py:437
2026-03-16 01:29:42.914 37596 INFO oslo_service.service [-] Caught SIGTERM, stopping children
2026-03-16 01:29:42.915 37596 DEBUG oslo_concurrency.lockutils [-] Acquired lock "singleton_lock" lock /usr/lib/python3/dist-packages/oslo_concurrency/lockutils.py:294
2026-03-16 01:29:42.915 37596 DEBUG oslo_concurrency.lockutils [-] Releasing lock "singleton_lock" lock /usr/lib/python3/dist-packages/oslo_concurrency/lockutils.py:312
2026-03-16 01:29:42.915 37596 DEBUG oslo_service.service [-] Stop services. stop /usr/lib/python3/dist-packages/oslo_service/service.py:695
2026-03-16 01:29:42.916 37596 INFO heat.engine.service [-] All threads were gone, terminating engine
2026-03-16 01:29:42.916 37596 DEBUG oslo_service.service [-] Killing children. stop /usr/lib/python3/dist-packages/oslo_service/service.py:700
2026-03-16 01:29:42.916 37596 INFO oslo_service.service [-] Waiting on 4 children to exit
2026-03-16 01:29:42.924 37596 INFO oslo_service.service [-] Child 37822 killed by signal 15
2026-03-16 01:29:42.924 37596 INFO oslo_service.service [-] Child 37823 killed by signal 15
2026-03-16 01:29:42.925 37596 INFO oslo_service.service [-] Child 37824 killed by signal 15
2026-03-16 01:29:42.926 37596 INFO oslo_service.service [-] Child 37821 killed by signal 15
2026-03-16 01:29:45.054 56940 DEBUG oslo_concurrency.lockutils [-] Lock "context-manager" acquired by "neutron_lib.db.api._create_context_manager" :: waited 0.000s inner /usr/lib/python3/dist-packages/oslo_concurrency/lockutils.py:386
2026-03-16 01:29:45.054 56940 DEBUG oslo_concurrency.lockutils [-] Lock "context-manager" "released" by "neutron_lib.db.api._create_context_manager" :: held 0.000s inner /usr/lib/python3/dist-packages/oslo_concurrency/lockutils.py:400
2026-03-16 01:29:45.288 56940 WARNING heat.engine.environment [-] OS::Aodh::Alarm is DEPRECATED. Theshold alarm relies on ceilometer-api and has been deprecated in aodh since Ocata. Use OS::Aodh::GnocchiAggregationByResourcesAlarm instead.
2026-03-16 01:29:45.289 56940 WARNING heat.engine.environment [-] OS::Aodh::CombinationAlarm is HIDDEN. OS::Aodh::CombinationAlarm is deprecated and has been removed from Aodh, use OS::Aodh::CompositeAlarm instead.
2026-03-16 01:29:45.289 56940 WARNING heat.engine.environment [-] OS::Designate::Domain is HIDDEN. This resource has been removed, use OS::Designate::Zone instead.
2026-03-16 01:29:45.289 56940 WARNING heat.engine.environment [-] OS::Designate::Record is HIDDEN. This resource has been removed, use OS::Designate::RecordSet instead.
2026-03-16 01:29:45.289 56940 WARNING heat.engine.environment [-] OS::Glance::Image is DEPRECATED. Creating a Glance Image based on an existing URL location requires the Glance v1 API, which is deprecated.
2026-03-16 01:29:45.289 56940 WARNING heat.engine.environment [-] OS::Heat::HARestarter is HIDDEN. The HARestarter resource type has been removed. Existing stacks containing HARestarter resources can still be used, but the HARestarter resource will be a placeholder that does nothing.
2026-03-16 01:29:45.290 56940 WARNING heat.engine.environment [-] OS::Heat::SoftwareDeployments is HIDDEN. Please use OS::Heat::SoftwareDeploymentGroup instead.
2026-03-16 01:29:45.290 56940 WARNING heat.engine.environment [-] OS::Heat::StructuredDeployments is HIDDEN. Please use OS::Heat::StructuredDeploymentGroup instead.
2026-03-16 01:29:45.290 56940 WARNING heat.engine.environment [-] OS::Magnum::Bay is HIDDEN. Please use OS::Magnum::Cluster instead.
2026-03-16 01:29:45.290 56940 WARNING heat.engine.environment [-] OS::Magnum::BayModel is HIDDEN. Please use OS::Magnum::ClusterTemplate instead.
2026-03-16 01:29:45.290 56940 WARNING heat.engine.environment [-] OS::Neutron::ExtraRoute is UNSUPPORTED. Use this resource at your own risk.
2026-03-16 01:29:45.291 56940 WARNING heat.engine.environment [-] OS::Neutron::HealthMonitor is HIDDEN. Use LBaaS V2 instead.
2026-03-16 01:29:45.291 56940 WARNING heat.engine.environment [-] OS::Neutron::Pool is HIDDEN. Use LBaaS V2 instead.
2026-03-16 01:29:45.291 56940 WARNING heat.engine.environment [-] OS::Neutron::PoolMember is HIDDEN. Use LBaaS V2 instead.
2026-03-16 01:29:45.291 56940 WARNING heat.engine.environment [-] OS::Neutron::LoadBalancer is HIDDEN. Use LBaaS V2 instead.
2026-03-16 01:29:45.291 56940 WARNING heat.engine.environment [-] OS::Neutron::RouterGateway is HIDDEN. Use the `external_gateway_info` property in the router resource to set up the gateway.
2026-03-16 01:29:45.291 56940 WARNING heat.engine.environment [-] OS::Nova::FloatingIP is HIDDEN. Please use OS::Neutron::FloatingIP instead.
2026-03-16 01:29:45.292 56940 WARNING heat.engine.environment [-] OS::Nova::FloatingIPAssociation is HIDDEN. Please use OS::Neutron::FloatingIPAssociation instead.
2026-03-16 01:29:45.293 56940 INFO heat.engine.environment [-] Loading /etc/heat/environment.d/default.yaml
2026-03-16 01:29:45.293 56940 INFO heat.engine.environment [-] Registered: [Plugin](User:False) AWS::AutoScaling::AutoScalingGroup ->
2026-03-16 01:29:45.293 56940 INFO heat.engine.environment [-] Registered: [Plugin](User:False) AWS::AutoScaling::LaunchConfiguration ->
2026-03-16 01:29:45.294 56940 INFO heat.engine.environment [-] Registered: [Plugin](User:False) AWS::AutoScaling::ScalingPolicy ->
2026-03-16 01:29:45.294 56940 INFO heat.engine.environment [-] Registered: [Plugin](User:False) AWS::CloudFormation::Stack ->
2026-03-16 01:29:45.294 56940 INFO heat.engine.environment [-] Registered: [Plugin](User:False) AWS::CloudFormation::WaitCondition ->
2026-03-16 01:29:45.294 56940 INFO heat.engine.environment [-] Registered: [Plugin](User:False) AWS::CloudFormation::WaitConditionHandle ->
2026-03-16 01:29:45.294 56940 INFO heat.engine.environment [-] Registered: [Plugin](User:False) AWS::EC2::EIP ->
2026-03-16 01:29:45.294 56940 INFO heat.engine.environment [-] Registered: [Plugin](User:False) AWS::EC2::EIPAssociation ->
2026-03-16 01:29:45.294 56940 INFO heat.engine.environment [-] Registered: [Plugin](User:False) AWS::EC2::Instance ->
2026-03-16 01:29:45.294 56940 INFO heat.engine.environment [-] Registered: [Plugin](User:False) AWS::EC2::InternetGateway ->
2026-03-16 01:29:45.294 56940 INFO heat.engine.environment [-] Registered: [Plugin](User:False) AWS::EC2::VPCGatewayAttachment ->
2026-03-16 01:29:45.294 56940 INFO heat.engine.environment [-] Registered: [Plugin](User:False) AWS::EC2::NetworkInterface ->
2026-03-16 01:29:45.294 56940 INFO heat.engine.environment [-] Registered: [Plugin](User:False) AWS::EC2::RouteTable ->
2026-03-16 01:29:45.294 56940 INFO heat.engine.environment [-] Registered: [Plugin](User:False) AWS::EC2::SubnetRouteTableAssociation ->
2026-03-16 01:29:45.295 56940 INFO heat.engine.environment [-] Registered: [Plugin](User:False) AWS::EC2::SecurityGroup ->
2026-03-16 01:29:45.295 56940 INFO heat.engine.environment [-] Registered: [Plugin](User:False) AWS::EC2::Subnet ->
2026-03-16 01:29:45.295 56940 INFO heat.engine.environment [-] Registered: [Plugin](User:False) AWS::EC2::Volume ->
2026-03-16 01:29:45.295 56940 INFO heat.engine.environment [-] Registered: [Plugin](User:False) AWS::EC2::VolumeAttachment ->
2026-03-16 01:29:45.295 56940 INFO heat.engine.environment [-] Registered: [Plugin](User:False) AWS::EC2::VPC ->
2026-03-16 01:29:45.295 56940 INFO heat.engine.environment [-] Registered: [Plugin](User:False) AWS::IAM::User ->
2026-03-16 01:29:45.295 56940 INFO heat.engine.environment [-] Registered: [Plugin](User:False) AWS::IAM::AccessKey ->
2026-03-16 01:29:45.295 56940 INFO heat.engine.environment [-] Registered: [Plugin](User:False) AWS::ElasticLoadBalancing::LoadBalancer ->
2026-03-16 01:29:45.295 56940 INFO heat.engine.environment [-] Registered: [Plugin](User:False) AWS::S3::Bucket ->
2026-03-16 01:29:45.295 56940 INFO heat.engine.environment [-] Registered: [Plugin](User:False) OS::Aodh::Alarm ->
2026-03-16 01:29:45.295 56940 INFO heat.engine.environment [-] Registered: [Plugin](User:False) OS::Aodh::CombinationAlarm ->
2026-03-16 01:29:45.295 56940 INFO heat.engine.environment [-] Registered: [Plugin](User:False) OS::Aodh::EventAlarm ->
2026-03-16 01:29:45.296 56940 INFO heat.engine.environment [-] Registered: [Plugin](User:False) OS::Aodh::LBMemberHealthAlarm ->
2026-03-16 01:29:45.296 56940 INFO heat.engine.environment [-] Registered: [Plugin](User:False) OS::Aodh::CompositeAlarm ->
2026-03-16 01:29:45.296 56940 INFO heat.engine.environment [-] Registered: [Plugin](User:False) OS::Aodh::GnocchiResourcesAlarm ->
2026-03-16 01:29:45.296 56940 INFO heat.engine.environment [-] Registered: [Plugin](User:False) OS::Aodh::GnocchiAggregationByMetricsAlarm ->
2026-03-16 01:29:45.296 56940 INFO heat.engine.environment [-] Registered: [Plugin](User:False) OS::Aodh::GnocchiAggregationByResourcesAlarm ->
2026-03-16 01:29:45.296 56940 INFO heat.engine.environment [-] Registered: [Plugin](User:False) OS::Barbican::GenericContainer ->
2026-03-16 01:29:45.296 56940 INFO heat.engine.environment [-] Registered: [Plugin](User:False) OS::Barbican::CertificateContainer ->
2026-03-16 01:29:45.296 56940 INFO heat.engine.environment [-] Registered: [Plugin](User:False) OS::Barbican::RSAContainer ->
2026-03-16 01:29:45.296 56940 INFO heat.engine.environment [-] Registered: [Plugin](User:False) OS::Barbican::Order ->
2026-03-16 01:29:45.296 56940 INFO heat.engine.environment [-] Registered: [Plugin](User:False) OS::Barbican::Secret ->
2026-03-16 01:29:45.296 56940 INFO heat.engine.environment [-] Registered: [Plugin](User:False) OS::Blazar::Host ->
2026-03-16 01:29:45.297 56940 INFO heat.engine.environment [-] Registered: [Plugin](User:False) OS::Blazar::Lease ->
2026-03-16 01:29:45.297 56940 INFO heat.engine.environment [-] Registered: [Plugin](User:False) OS::Cinder::EncryptedVolumeType ->
2026-03-16 01:29:45.297 56940 INFO heat.engine.environment [-] Registered: [Plugin](User:False) OS::Cinder::QoSSpecs ->
2026-03-16 01:29:45.297 56940 INFO heat.engine.environment [-] Registered: [Plugin](User:False) OS::Cinder::QoSAssociation ->
2026-03-16 01:29:45.297 56940 INFO heat.engine.environment [-] Registered: [Plugin](User:False) OS::Cinder::Quota ->
2026-03-16 01:29:45.297 56940 INFO heat.engine.environment [-] Registered: [Plugin](User:False) OS::Cinder::Volume ->
2026-03-16 01:29:45.297 56940 INFO heat.engine.environment [-] Registered: [Plugin](User:False) OS::Cinder::VolumeAttachment ->
2026-03-16 01:29:45.297 56940 INFO heat.engine.environment [-] Registered: [Plugin](User:False) OS::Cinder::VolumeType ->
2026-03-16 01:29:45.297 56940 INFO heat.engine.environment [-] Registered: [Plugin](User:False) OS::Designate::Domain ->
2026-03-16 01:29:45.297 56940 INFO heat.engine.environment [-] Registered: [Plugin](User:False) OS::Designate::Record ->
2026-03-16 01:29:45.298 56940 INFO heat.engine.environment [-] Registered: [Plugin](User:False) OS::Designate::RecordSet ->
2026-03-16 01:29:45.298 56940 INFO heat.engine.environment [-] Registered: [Plugin](User:False) OS::Designate::Zone ->
2026-03-16 01:29:45.298 56940 INFO heat.engine.environment [-] Registered: [Plugin](User:False) OS::Glance::Image ->
2026-03-16 01:29:45.298 56940 INFO heat.engine.environment [-] Registered: [Plugin](User:False) OS::Glance::WebImage ->
2026-03-16 01:29:45.298 56940 INFO heat.engine.environment [-] Registered: [Plugin](User:False) OS::Heat::AccessPolicy ->
2026-03-16 01:29:45.298 56940 INFO heat.engine.environment [-] Registered: [Plugin](User:False) OS::Heat::AutoScalingGroup ->
2026-03-16 01:29:45.298 56940 INFO heat.engine.environment [-] Registered: [Plugin](User:False) OS::Heat::CloudConfig ->
2026-03-16 01:29:45.298 56940 INFO heat.engine.environment [-] Registered: [Plugin](User:False) OS::Heat::Delay ->
2026-03-16 01:29:45.298 56940 INFO heat.engine.environment [-] Registered: [Plugin](User:False) OS::Heat::DeployedServer ->
2026-03-16 01:29:45.298 56940 INFO heat.engine.environment [-] Registered: [Plugin](User:False) OS::Heat::HARestarter ->
2026-03-16 01:29:45.298 56940 INFO heat.engine.environment [-] Registered: [Plugin](User:False) OS::Heat::InstanceGroup ->
2026-03-16 01:29:45.299 56940 INFO heat.engine.environment [-] Registered: [Plugin](User:False) OS::Heat::MultipartMime ->
2026-03-16 01:29:45.299 56940 INFO heat.engine.environment [-] Registered: [Plugin](User:False) OS::Heat::None ->
2026-03-16 01:29:45.299 56940 INFO heat.engine.environment [-] Registered: [Plugin](User:False) OS::Heat::RandomString ->
2026-03-16 01:29:45.299 56940 INFO heat.engine.environment [-] Registered: [Plugin](User:False) OS::Heat::Stack ->
2026-03-16 01:29:45.299 56940 INFO heat.engine.environment [-] Registered: [Plugin](User:False) OS::Heat::ResourceChain ->
2026-03-16 01:29:45.299 56940 INFO heat.engine.environment [-] Registered: [Plugin](User:False) OS::Heat::ResourceGroup ->
2026-03-16 01:29:45.299 56940 INFO heat.engine.environment [-] Registered: [Plugin](User:False) OS::Heat::ScalingPolicy ->
2026-03-16 01:29:45.299 56940 INFO heat.engine.environment [-] Registered: [Plugin](User:False) OS::Heat::SoftwareComponent ->
2026-03-16 01:29:45.299 56940 INFO heat.engine.environment [-] Registered: [Plugin](User:False) OS::Heat::SoftwareConfig ->
2026-03-16 01:29:45.299 56940 INFO heat.engine.environment [-] Registered: [Plugin](User:False) OS::Heat::SoftwareDeployment ->
2026-03-16 01:29:45.299 56940 INFO heat.engine.environment [-] Registered: [Plugin](User:False) OS::Heat::SoftwareDeploymentGroup ->
2026-03-16 01:29:45.299 56940 INFO heat.engine.environment [-] Registered: [Plugin](User:False) OS::Heat::SoftwareDeployments ->
2026-03-16 01:29:45.300 56940 INFO heat.engine.environment [-] Registered: [Plugin](User:False) OS::Heat::StructuredConfig ->
2026-03-16 01:29:45.300 56940 INFO heat.engine.environment [-] Registered: [Plugin](User:False) OS::Heat::StructuredDeployment ->
2026-03-16 01:29:45.300 56940 INFO heat.engine.environment [-] Registered: [Plugin](User:False) OS::Heat::StructuredDeploymentGroup ->
2026-03-16 01:29:45.300 56940 INFO heat.engine.environment [-] Registered: [Plugin](User:False) OS::Heat::StructuredDeployments ->
2026-03-16 01:29:45.300 56940 INFO heat.engine.environment [-] Registered: [Plugin](User:False) OS::Heat::SwiftSignal ->
2026-03-16 01:29:45.300 56940 INFO heat.engine.environment [-] Registered: [Plugin](User:False) OS::Heat::SwiftSignalHandle ->
2026-03-16 01:29:45.300 56940 INFO heat.engine.environment [-] Registered: [Plugin](User:False) OS::Heat::TestResource ->
2026-03-16 01:29:45.300 56940 INFO heat.engine.environment [-] Registered: [Plugin](User:False) OS::Heat::Value ->
2026-03-16 01:29:45.300 56940 INFO heat.engine.environment [-] Registered: [Plugin](User:False) OS::Heat::WaitCondition ->
2026-03-16 01:29:45.300 56940 INFO heat.engine.environment [-] Registered: [Plugin](User:False) OS::Heat::WaitConditionHandle ->
2026-03-16 01:29:45.300 56940 INFO heat.engine.environment [-] Registered: [Plugin](User:False) OS::Heat::UpdateWaitConditionHandle ->
2026-03-16 01:29:45.301 56940 INFO heat.engine.environment [-] Registered: [Plugin](User:False) OS::Ironic::Port ->
2026-03-16 01:29:45.301 56940 INFO heat.engine.environment [-] Registered: [Plugin](User:False) OS::Keystone::Domain ->
2026-03-16 01:29:45.301 56940 INFO heat.engine.environment [-] Registered: [Plugin](User:False) OS::Keystone::Endpoint ->
2026-03-16 01:29:45.301 56940 INFO heat.engine.environment [-] Registered: [Plugin](User:False) OS::Keystone::Group ->
2026-03-16 01:29:45.301 56940 INFO heat.engine.environment [-] Registered: [Plugin](User:False) OS::Keystone::Project ->
2026-03-16 01:29:45.301 56940 INFO heat.engine.environment [-] Registered: [Plugin](User:False) OS::Keystone::Region ->
2026-03-16 01:29:45.301 56940 INFO heat.engine.environment [-] Registered: [Plugin](User:False) OS::Keystone::Role ->
2026-03-16 01:29:45.301 56940 INFO heat.engine.environment [-] Registered: [Plugin](User:False) OS::Keystone::UserRoleAssignment ->
2026-03-16 01:29:45.301 56940 INFO heat.engine.environment [-] Registered: [Plugin](User:False) OS::Keystone::GroupRoleAssignment ->
2026-03-16 01:29:45.301 56940 INFO heat.engine.environment [-] Registered: [Plugin](User:False) OS::Keystone::Service ->
2026-03-16 01:29:45.301 56940 INFO heat.engine.environment [-] Registered: [Plugin](User:False) OS::Keystone::User ->
2026-03-16 01:29:45.301 56940 INFO heat.engine.environment [-] Registered: [Plugin](User:False) OS::Magnum::Bay ->
2026-03-16 01:29:45.301 56940 INFO heat.engine.environment [-] Registered: [Plugin](User:False) OS::Magnum::BayModel ->
2026-03-16 01:29:45.302 56940 INFO heat.engine.environment [-] Registered: [Plugin](User:False) OS::Magnum::Cluster ->
2026-03-16 01:29:45.302 56940 INFO heat.engine.environment [-] Registered: [Plugin](User:False) OS::Magnum::ClusterTemplate ->
2026-03-16 01:29:45.302 56940 INFO heat.engine.environment [-] Registered: [Plugin](User:False) OS::Manila::SecurityService ->
2026-03-16 01:29:45.302 56940 INFO heat.engine.environment [-] Registered: [Plugin](User:False) OS::Manila::Share ->
2026-03-16 01:29:45.302 56940 INFO heat.engine.environment [-] Registered: [Plugin](User:False) OS::Manila::ShareNetwork ->
2026-03-16 01:29:45.302 56940 INFO heat.engine.environment [-] Registered: [Plugin](User:False) OS::Manila::ShareType ->
2026-03-16 01:29:45.302 56940 INFO heat.engine.environment [-] Registered: [Plugin](User:False) OS::Mistral::CronTrigger ->
2026-03-16 01:29:45.302 56940 INFO heat.engine.environment [-] Registered: [Plugin](User:False) OS::Mistral::ExternalResource ->
2026-03-16 01:29:45.302 56940 INFO heat.engine.environment [-] Registered: [Plugin](User:False) OS::Mistral::Workflow ->
2026-03-16 01:29:45.302 56940 INFO heat.engine.environment [-] Registered: [Plugin](User:False) OS::Monasca::AlarmDefinition ->
2026-03-16 01:29:45.302 56940 INFO heat.engine.environment [-] Registered: [Plugin](User:False) OS::Monasca::Notification ->
2026-03-16 01:29:45.302 56940 INFO heat.engine.environment [-] Registered: [Plugin](User:False) OS::Neutron::AddressScope ->
2026-03-16 01:29:45.303 56940 INFO heat.engine.environment [-] Registered: [Plugin](User:False) OS::Neutron::ExtraRoute ->
2026-03-16 01:29:45.303 56940 INFO heat.engine.environment [-] Registered: [Plugin](User:False) OS::Neutron::ExtraRouteSet ->
2026-03-16 01:29:45.303 56940 INFO heat.engine.environment [-] Registered: [Plugin](User:False) OS::Neutron::Firewall ->
2026-03-16 01:29:45.303 56940 INFO heat.engine.environment [-] Registered: [Plugin](User:False) OS::Neutron::FirewallPolicy ->
2026-03-16 01:29:45.303 56940 INFO heat.engine.environment [-] Registered: [Plugin](User:False) OS::Neutron::FirewallRule ->
2026-03-16 01:29:45.303 56940 INFO heat.engine.environment [-] Registered: [Plugin](User:False) OS::Neutron::FloatingIP ->
2026-03-16 01:29:45.303 56940 INFO heat.engine.environment [-] Registered: [Plugin](User:False) OS::Neutron::FloatingIPAssociation ->
2026-03-16 01:29:45.303 56940 INFO heat.engine.environment [-] Registered: [Plugin](User:False) OS::Neutron::L2Gateway ->
2026-03-16 01:29:45.303 56940 INFO heat.engine.environment [-] Registered: [Plugin](User:False) OS::Neutron::L2GatewayConnection ->
2026-03-16 01:29:45.303 56940 INFO heat.engine.environment [-] Registered: [Plugin](User:False) OS::Neutron::LBaaS::HealthMonitor ->
2026-03-16 01:29:45.303 56940 INFO heat.engine.environment [-] Registered: [Plugin](User:False) OS::Neutron::LBaaS::L7Policy ->
2026-03-16 01:29:45.303 56940 INFO heat.engine.environment [-] Registered: [Plugin](User:False) OS::Neutron::LBaaS::L7Rule ->
2026-03-16 01:29:45.304 56940 INFO heat.engine.environment [-] Registered: [Plugin](User:False) OS::Neutron::LBaaS::Listener ->
2026-03-16 01:29:45.304 56940 INFO heat.engine.environment [-] Registered: [Plugin](User:False) OS::Neutron::LBaaS::LoadBalancer ->
2026-03-16 01:29:45.304 56940 INFO heat.engine.environment [-] Registered: [Plugin](User:False) OS::Neutron::LBaaS::Pool ->
