2026-03-09 01:11:41.299 38254 DEBUG heat.engine.service [req-c5c93dfc-3c4d-41c1-89bb-1379a0be7e07 - - - - -] Service 3f8ab5dc-8537-4a6a-b7e4-f69e5fb63d64 is updated service_manage_report /usr/lib/python3/dist-packages/heat/engine/service.py:2370
2026-03-09 01:11:41.338 38256 DEBUG heat.engine.service [req-014117f6-9875-4212-9a04-42a8c5caf2e4 - - - - -] Service 498cae99-f79c-44ae-bd53-6df407434d3f is updated service_manage_report /usr/lib/python3/dist-packages/heat/engine/service.py:2370
2026-03-09 01:12:41.229 38253 DEBUG heat.engine.service [req-da592c7e-c5d6-4c5a-8dd1-92b2ab45fcaf - - - - -] Service cb9ec7a2-b531-4b51-b277-c76bf3def41d is updated service_manage_report /usr/lib/python3/dist-packages/heat/engine/service.py:2370
2026-03-09 01:12:41.274 38255 DEBUG heat.engine.service [req-dfd500cc-bc04-4a9d-809d-203f35436879 - - - - -] Service cd74c2c6-d5ab-4728-9242-945c0faf493a is updated service_manage_report /usr/lib/python3/dist-packages/heat/engine/service.py:2370
2026-03-09 01:12:41.301 38254 DEBUG heat.engine.service [req-71f71b30-0e72-4154-89d7-4444698160ab - - - - -] Service 3f8ab5dc-8537-4a6a-b7e4-f69e5fb63d64 is updated service_manage_report /usr/lib/python3/dist-packages/heat/engine/service.py:2370
2026-03-09 01:12:41.342 38256 DEBUG heat.engine.service [req-5afe2c69-7f39-4b97-8972-53c5b074eca5 - - - - -] Service 498cae99-f79c-44ae-bd53-6df407434d3f is updated service_manage_report /usr/lib/python3/dist-packages/heat/engine/service.py:2370
2026-03-09 01:13:41.234 38253 DEBUG heat.engine.service [req-fa2e54ef-44ee-4a17-990c-912f75e541db - - - - -] Service cb9ec7a2-b531-4b51-b277-c76bf3def41d is updated service_manage_report /usr/lib/python3/dist-packages/heat/engine/service.py:2370
2026-03-09 01:13:41.278 38255 DEBUG heat.engine.service [req-28350fc3-efd4-40a3-90c6-58adfbb29414 - - - - -] Service cd74c2c6-d5ab-4728-9242-945c0faf493a is updated service_manage_report /usr/lib/python3/dist-packages/heat/engine/service.py:2370
2026-03-09 01:13:41.307 38254 DEBUG heat.engine.service [req-d7ad5293-2abc-4c3d-b83e-0c3a9a4cc290 - - - - -] Service 3f8ab5dc-8537-4a6a-b7e4-f69e5fb63d64 is updated service_manage_report /usr/lib/python3/dist-packages/heat/engine/service.py:2370
2026-03-09 01:13:41.345 38256 DEBUG heat.engine.service [req-52305279-3e96-450a-bb8b-40726fce31b0 - - - - -] Service 498cae99-f79c-44ae-bd53-6df407434d3f is updated service_manage_report /usr/lib/python3/dist-packages/heat/engine/service.py:2370
2026-03-09 01:14:41.239 38253 DEBUG heat.engine.service [req-c400cb1f-b8f4-4132-8ce8-0796e204444e - - - - -] Service cb9ec7a2-b531-4b51-b277-c76bf3def41d is updated service_manage_report /usr/lib/python3/dist-packages/heat/engine/service.py:2370
2026-03-09 01:14:41.284 38255 DEBUG heat.engine.service [req-6fcf3982-6570-4a35-8be8-9f7aa5e17717 - - - - -] Service cd74c2c6-d5ab-4728-9242-945c0faf493a is updated service_manage_report /usr/lib/python3/dist-packages/heat/engine/service.py:2370
2026-03-09 01:14:41.300 38254 DEBUG heat.engine.service [req-194e47a9-2ee5-4db5-8bec-68754eede104 - - - - -] Service 3f8ab5dc-8537-4a6a-b7e4-f69e5fb63d64 is updated service_manage_report /usr/lib/python3/dist-packages/heat/engine/service.py:2370
2026-03-09 01:14:41.349 38256 DEBUG heat.engine.service [req-e7840599-6d4e-45ca-9e33-9fd0b2ad7d08 - - - - -] Service 498cae99-f79c-44ae-bd53-6df407434d3f is updated service_manage_report /usr/lib/python3/dist-packages/heat/engine/service.py:2370
2026-03-09 01:15:41.244 38253 DEBUG heat.engine.service [req-3377520c-bb70-4852-98a0-a903c72f4f7e - - - - -] Service cb9ec7a2-b531-4b51-b277-c76bf3def41d is updated service_manage_report /usr/lib/python3/dist-packages/heat/engine/service.py:2370
2026-03-09 01:15:41.288 38255 DEBUG heat.engine.service [req-d0edc8ba-801b-4664-ba17-cefd70a9cab1 - - - - -] Service cd74c2c6-d5ab-4728-9242-945c0faf493a is updated service_manage_report /usr/lib/python3/dist-packages/heat/engine/service.py:2370
2026-03-09 01:15:41.304 38254 DEBUG heat.engine.service [req-19d10bef-8a61-48c0-b4d7-b3935f38c4ec - - - - -] Service 3f8ab5dc-8537-4a6a-b7e4-f69e5fb63d64 is updated service_manage_report /usr/lib/python3/dist-packages/heat/engine/service.py:2370
2026-03-09 01:15:41.352 38256 DEBUG heat.engine.service [req-bdf70d24-cb30-4dd8-b4fa-6ea7fda3b559 - - - - -] Service 498cae99-f79c-44ae-bd53-6df407434d3f is updated service_manage_report /usr/lib/python3/dist-packages/heat/engine/service.py:2370
2026-03-09 01:16:41.248 38253 DEBUG heat.engine.service [req-9bea867d-6144-4017-81b3-565735d75c66 - - - - -] Service cb9ec7a2-b531-4b51-b277-c76bf3def41d is updated service_manage_report /usr/lib/python3/dist-packages/heat/engine/service.py:2370
2026-03-09 01:16:41.292 38255 DEBUG heat.engine.service [req-87052b62-947e-4744-8b03-ab1d39d05259 - - - - -] Service cd74c2c6-d5ab-4728-9242-945c0faf493a is updated service_manage_report /usr/lib/python3/dist-packages/heat/engine/service.py:2370
2026-03-09 01:16:41.308 38254 DEBUG heat.engine.service [req-703c119e-e29d-4091-8a55-5da00debc63e - - - - -] Service 3f8ab5dc-8537-4a6a-b7e4-f69e5fb63d64 is updated service_manage_report /usr/lib/python3/dist-packages/heat/engine/service.py:2370
2026-03-09 01:16:41.354 38256 DEBUG heat.engine.service [req-a5a2305c-7209-4b28-ae95-773838c51bbb - - - - -] Service 498cae99-f79c-44ae-bd53-6df407434d3f is updated service_manage_report /usr/lib/python3/dist-packages/heat/engine/service.py:2370
2026-03-09 01:17:41.252 38253 DEBUG heat.engine.service [req-458241a5-eb6c-473f-b9b6-b191ad3e71f4 - - - - -] Service cb9ec7a2-b531-4b51-b277-c76bf3def41d is updated service_manage_report /usr/lib/python3/dist-packages/heat/engine/service.py:2370
2026-03-09 01:17:41.297 38255 DEBUG heat.engine.service [req-962f4f0b-53e1-4752-8db4-77986ef5ad60 - - - - -] Service cd74c2c6-d5ab-4728-9242-945c0faf493a is updated service_manage_report /usr/lib/python3/dist-packages/heat/engine/service.py:2370
2026-03-09 01:17:41.311 38254 DEBUG heat.engine.service [req-130063ee-259b-495c-ace7-9052bce89f42 - - - - -] Service 3f8ab5dc-8537-4a6a-b7e4-f69e5fb63d64 is updated service_manage_report /usr/lib/python3/dist-packages/heat/engine/service.py:2370
2026-03-09 01:17:41.356 38256 DEBUG heat.engine.service [req-de71e53d-b8d2-4305-a9af-982c526afba4 - - - - -] Service 498cae99-f79c-44ae-bd53-6df407434d3f is updated service_manage_report /usr/lib/python3/dist-packages/heat/engine/service.py:2370
2026-03-09 01:18:41.256 38253 DEBUG heat.engine.service [req-8d1422a5-0c68-485d-b75a-c7b9df370828 - - - - -] Service cb9ec7a2-b531-4b51-b277-c76bf3def41d is updated service_manage_report /usr/lib/python3/dist-packages/heat/engine/service.py:2370
2026-03-09 01:18:41.301 38255 DEBUG heat.engine.service [req-4b48a880-48af-42e9-af32-c784b5198fee - - - - -] Service cd74c2c6-d5ab-4728-9242-945c0faf493a is updated service_manage_report /usr/lib/python3/dist-packages/heat/engine/service.py:2370
2026-03-09 01:18:41.314 38254 DEBUG heat.engine.service [req-f65c6ba5-3f81-429a-87b7-9e9fdff58f54 - - - - -] Service 3f8ab5dc-8537-4a6a-b7e4-f69e5fb63d64 is updated service_manage_report /usr/lib/python3/dist-packages/heat/engine/service.py:2370
2026-03-09 01:18:41.359 38256 DEBUG heat.engine.service [req-451ca812-7c54-4139-a3c6-bad7fae77807 - - - - -] Service 498cae99-f79c-44ae-bd53-6df407434d3f is updated service_manage_report /usr/lib/python3/dist-packages/heat/engine/service.py:2370
2026-03-09 01:19:41.259 38253 DEBUG heat.engine.service [req-42f45afb-753b-4261-a687-7f22a83dc85e - - - - -] Service cb9ec7a2-b531-4b51-b277-c76bf3def41d is updated service_manage_report /usr/lib/python3/dist-packages/heat/engine/service.py:2370
2026-03-09 01:19:41.303 38255 DEBUG heat.engine.service [req-e1757ac0-7294-4028-a4cd-5612855692e4 - - - - -] Service cd74c2c6-d5ab-4728-9242-945c0faf493a is updated service_manage_report /usr/lib/python3/dist-packages/heat/engine/service.py:2370
2026-03-09 01:19:41.318 38254 DEBUG heat.engine.service [req-70ba529a-8173-4704-837b-09b4e58e234f - - - - -] Service 3f8ab5dc-8537-4a6a-b7e4-f69e5fb63d64 is updated service_manage_report /usr/lib/python3/dist-packages/heat/engine/service.py:2370
2026-03-09 01:19:41.361 38256 DEBUG heat.engine.service [req-10f8199f-02f1-4507-817f-44e01fce5b5f - - - - -] Service 498cae99-f79c-44ae-bd53-6df407434d3f is updated service_manage_report /usr/lib/python3/dist-packages/heat/engine/service.py:2370
2026-03-09 01:20:41.264 38253 DEBUG heat.engine.service [req-56a4d696-a75a-4a6d-a45e-7863f24c4a82 - - - - -] Service cb9ec7a2-b531-4b51-b277-c76bf3def41d is updated service_manage_report /usr/lib/python3/dist-packages/heat/engine/service.py:2370
2026-03-09 01:20:41.305 38255 DEBUG heat.engine.service [req-042e7cdc-f7e2-4f4c-b9c5-8222681952ed - - - - -] Service cd74c2c6-d5ab-4728-9242-945c0faf493a is updated service_manage_report /usr/lib/python3/dist-packages/heat/engine/service.py:2370
2026-03-09 01:20:41.320 38254 DEBUG heat.engine.service [req-19a5996e-8cef-46da-90fd-6e0a9e98a22f - - - - -] Service 3f8ab5dc-8537-4a6a-b7e4-f69e5fb63d64 is updated service_manage_report /usr/lib/python3/dist-packages/heat/engine/service.py:2370
2026-03-09 01:20:41.363 38256 DEBUG heat.engine.service [req-701480b0-0af6-4dcd-81fc-570318033c74 - - - - -] Service 498cae99-f79c-44ae-bd53-6df407434d3f is updated service_manage_report /usr/lib/python3/dist-packages/heat/engine/service.py:2370
2026-03-09 01:21:41.267 38253 DEBUG heat.engine.service [req-33e57020-db4d-49d2-88ab-9e3af4c679a7 - - - - -] Service cb9ec7a2-b531-4b51-b277-c76bf3def41d is updated service_manage_report /usr/lib/python3/dist-packages/heat/engine/service.py:2370
2026-03-09 01:21:41.308 38255 DEBUG heat.engine.service [req-db0db381-37cb-408b-bf5d-8a5b2afcc7af - - - - -] Service cd74c2c6-d5ab-4728-9242-945c0faf493a is updated service_manage_report /usr/lib/python3/dist-packages/heat/engine/service.py:2370
2026-03-09 01:21:41.322 38254 DEBUG heat.engine.service [req-4903be99-0f5c-4404-86d3-4464304fab61 - - - - -] Service 3f8ab5dc-8537-4a6a-b7e4-f69e5fb63d64 is updated service_manage_report /usr/lib/python3/dist-packages/heat/engine/service.py:2370
2026-03-09 01:21:41.365 38256 DEBUG heat.engine.service [req-82b99f36-ff98-4f5c-b070-633783a51d34 - - - - -] Service 498cae99-f79c-44ae-bd53-6df407434d3f is updated service_manage_report /usr/lib/python3/dist-packages/heat/engine/service.py:2370
2026-03-09 01:22:41.271 38253 DEBUG heat.engine.service [req-e3216ad5-df3d-4775-9258-0c15db58cfff - - - - -] Service cb9ec7a2-b531-4b51-b277-c76bf3def41d is updated service_manage_report /usr/lib/python3/dist-packages/heat/engine/service.py:2370
2026-03-09 01:22:41.311 38255 DEBUG heat.engine.service [req-8143fc64-ebe4-4ff3-9b84-e983786650ff - - - - -] Service cd74c2c6-d5ab-4728-9242-945c0faf493a is updated service_manage_report /usr/lib/python3/dist-packages/heat/engine/service.py:2370
2026-03-09 01:22:41.324 38254 DEBUG heat.engine.service [req-f28c954e-7616-4f51-b5df-f0d7db11e21f - - - - -] Service 3f8ab5dc-8537-4a6a-b7e4-f69e5fb63d64 is updated service_manage_report /usr/lib/python3/dist-packages/heat/engine/service.py:2370
2026-03-09 01:22:41.373 38256 DEBUG heat.engine.service [req-8d8bae2e-48d0-4cfd-a625-6ae8f39cc937 - - - - -] Service 498cae99-f79c-44ae-bd53-6df407434d3f is updated service_manage_report /usr/lib/python3/dist-packages/heat/engine/service.py:2370
2026-03-09 01:23:41.274 38253 DEBUG heat.engine.service [req-684fde13-5274-4a51-80aa-2ee3003256bf - - - - -] Service cb9ec7a2-b531-4b51-b277-c76bf3def41d is updated service_manage_report /usr/lib/python3/dist-packages/heat/engine/service.py:2370
2026-03-09 01:23:41.314 38255 DEBUG heat.engine.service [req-c1fe9030-6347-4f7e-83b5-5a8472618f3f - - - - -] Service cd74c2c6-d5ab-4728-9242-945c0faf493a is updated service_manage_report /usr/lib/python3/dist-packages/heat/engine/service.py:2370
2026-03-09 01:23:41.330 38254 DEBUG heat.engine.service [req-b408413c-f72f-4f38-b913-b408ffcd2ea9 - - - - -] Service 3f8ab5dc-8537-4a6a-b7e4-f69e5fb63d64 is updated service_manage_report /usr/lib/python3/dist-packages/heat/engine/service.py:2370
2026-03-09 01:23:41.366 38256 DEBUG heat.engine.service [req-80b8b125-d834-4662-9a9b-d1444b760085 - - - - -] Service 498cae99-f79c-44ae-bd53-6df407434d3f is updated service_manage_report /usr/lib/python3/dist-packages/heat/engine/service.py:2370
2026-03-09 01:24:41.277 38253 DEBUG heat.engine.service [req-177295ad-d0e7-4fd3-a1cf-083cbf1bbf45 - - - - -] Service cb9ec7a2-b531-4b51-b277-c76bf3def41d is updated service_manage_report /usr/lib/python3/dist-packages/heat/engine/service.py:2370
2026-03-09 01:24:41.319 38255 DEBUG heat.engine.service [req-def05bbe-445f-4f88-892d-cb2df4dfa079 - - - - -] Service cd74c2c6-d5ab-4728-9242-945c0faf493a is updated service_manage_report /usr/lib/python3/dist-packages/heat/engine/service.py:2370
2026-03-09 01:24:41.321 38254 DEBUG heat.engine.service [req-31c2fa5f-907b-48c0-a434-25efe454c616 - - - - -] Service 3f8ab5dc-8537-4a6a-b7e4-f69e5fb63d64 is updated service_manage_report /usr/lib/python3/dist-packages/heat/engine/service.py:2370
2026-03-09 01:24:41.369 38256 DEBUG heat.engine.service [req-ee6e70db-68c1-42a6-ab5d-05d62b8647b2 - - - - -] Service 498cae99-f79c-44ae-bd53-6df407434d3f is updated service_manage_report /usr/lib/python3/dist-packages/heat/engine/service.py:2370
2026-03-09 01:25:41.280 38253 DEBUG heat.engine.service [req-db3770f1-0453-4023-b761-a217ed62d892 - - - - -] Service cb9ec7a2-b531-4b51-b277-c76bf3def41d is updated service_manage_report /usr/lib/python3/dist-packages/heat/engine/service.py:2370
2026-03-09 01:25:41.321 38255 DEBUG heat.engine.service [req-47fe8887-ec81-4f8c-9dd5-a12c550c95e1 - - - - -] Service cd74c2c6-d5ab-4728-9242-945c0faf493a is updated service_manage_report /usr/lib/python3/dist-packages/heat/engine/service.py:2370
2026-03-09 01:25:41.323 38254 DEBUG heat.engine.service [req-3eab80a7-fbe0-4524-b3d6-a946cf4fa5cd - - - - -] Service 3f8ab5dc-8537-4a6a-b7e4-f69e5fb63d64 is updated service_manage_report /usr/lib/python3/dist-packages/heat/engine/service.py:2370
2026-03-09 01:25:41.371 38256 DEBUG heat.engine.service [req-ffc47d4c-9adb-4f92-97ef-06a418fd8f36 - - - - -] Service 498cae99-f79c-44ae-bd53-6df407434d3f is updated service_manage_report /usr/lib/python3/dist-packages/heat/engine/service.py:2370
2026-03-09 01:26:41.282 38253 DEBUG heat.engine.service [req-8fcb130f-7adc-4fbc-95a8-a12c58dcd2f7 - - - - -] Service cb9ec7a2-b531-4b51-b277-c76bf3def41d is updated service_manage_report /usr/lib/python3/dist-packages/heat/engine/service.py:2370
2026-03-09 01:26:41.328 38255 DEBUG heat.engine.service [req-4c78ab4c-e10b-4286-88a8-8948ed3e1a6f - - - - -] Service cd74c2c6-d5ab-4728-9242-945c0faf493a is updated service_manage_report /usr/lib/python3/dist-packages/heat/engine/service.py:2370
2026-03-09 01:26:41.329 38254 DEBUG heat.engine.service [req-f97bee3c-129e-41f1-a656-9e9a6fe25e0c - - - - -] Service 3f8ab5dc-8537-4a6a-b7e4-f69e5fb63d64 is updated service_manage_report /usr/lib/python3/dist-packages/heat/engine/service.py:2370
2026-03-09 01:26:41.375 38256 DEBUG heat.engine.service [req-e6000197-d6af-4522-a031-ae12c9ea8137 - - - - -] Service 498cae99-f79c-44ae-bd53-6df407434d3f is updated service_manage_report /usr/lib/python3/dist-packages/heat/engine/service.py:2370
2026-03-09 01:27:41.285 38253 DEBUG heat.engine.service [req-3d85362b-062e-48cb-a41d-7d8d50416a5c - - - - -] Service cb9ec7a2-b531-4b51-b277-c76bf3def41d is updated service_manage_report /usr/lib/python3/dist-packages/heat/engine/service.py:2370
2026-03-09 01:27:41.319 38255 DEBUG heat.engine.service [req-a49e42a1-90cb-4d30-bed0-b86502ce29d6 - - - - -] Service cd74c2c6-d5ab-4728-9242-945c0faf493a is updated service_manage_report /usr/lib/python3/dist-packages/heat/engine/service.py:2370
2026-03-09 01:27:41.331 38254 DEBUG heat.engine.service [req-f64c4478-631e-4f21-a35f-53206eb2d1ea - - - - -] Service 3f8ab5dc-8537-4a6a-b7e4-f69e5fb63d64 is updated service_manage_report /usr/lib/python3/dist-packages/heat/engine/service.py:2370
2026-03-09 01:27:41.378 38256 DEBUG heat.engine.service [req-3608304a-c2ac-46b7-a748-afd755e86c90 - - - - -] Service 498cae99-f79c-44ae-bd53-6df407434d3f is updated service_manage_report /usr/lib/python3/dist-packages/heat/engine/service.py:2370
2026-03-09 01:28:41.290 38253 DEBUG heat.engine.service [req-515baa13-c1e3-4bc7-9c28-4fda4c62532f - - - - -] Service cb9ec7a2-b531-4b51-b277-c76bf3def41d is updated service_manage_report /usr/lib/python3/dist-packages/heat/engine/service.py:2370
2026-03-09 01:28:41.321 38255 DEBUG heat.engine.service [req-feac709f-1e3b-447f-95cb-7173aa8a217c - - - - -] Service cd74c2c6-d5ab-4728-9242-945c0faf493a is updated service_manage_report /usr/lib/python3/dist-packages/heat/engine/service.py:2370
2026-03-09 01:28:41.334 38254 DEBUG heat.engine.service [req-346b612f-b542-4d82-907f-e6d049914b85 - - - - -] Service 3f8ab5dc-8537-4a6a-b7e4-f69e5fb63d64 is updated service_manage_report /usr/lib/python3/dist-packages/heat/engine/service.py:2370
2026-03-09 01:28:41.383 38256 DEBUG heat.engine.service [req-8162ed77-4a9a-4fd6-a4a1-a9fa348a0598 - - - - -] Service 498cae99-f79c-44ae-bd53-6df407434d3f is updated service_manage_report /usr/lib/python3/dist-packages/heat/engine/service.py:2370
2026-03-09 01:29:41.304 38253 DEBUG heat.engine.service [req-e1755dc5-076a-4855-a77c-af07f615a3d4 - - - - -] Service cb9ec7a2-b531-4b51-b277-c76bf3def41d is updated service_manage_report /usr/lib/python3/dist-packages/heat/engine/service.py:2370
2026-03-09 01:29:41.328 38255 DEBUG heat.engine.service [req-f7194102-d290-4422-bc93-00b178a27982 - - - - -] Service cd74c2c6-d5ab-4728-9242-945c0faf493a is updated service_manage_report /usr/lib/python3/dist-packages/heat/engine/service.py:2370
2026-03-09 01:29:41.342 38254 DEBUG heat.engine.service [req-1f1f9225-e2d7-450e-a2c6-aabda3350834 - - - - -] Service 3f8ab5dc-8537-4a6a-b7e4-f69e5fb63d64 is updated service_manage_report /usr/lib/python3/dist-packages/heat/engine/service.py:2370
2026-03-09 01:29:41.392 38256 DEBUG heat.engine.service [req-a86b6d4a-7b78-440d-a2fd-5955cdc33257 - - - - -] Service 498cae99-f79c-44ae-bd53-6df407434d3f is updated service_manage_report /usr/lib/python3/dist-packages/heat/engine/service.py:2370
2026-03-09 01:30:07.398 38256 DEBUG heat.engine.service [-] Attempting to stop engine service... _stop_rpc_server /usr/lib/python3/dist-packages/heat/engine/service.py:437
2026-03-09 01:30:07.398 38254 DEBUG heat.engine.service [-] Attempting to stop engine service... _stop_rpc_server /usr/lib/python3/dist-packages/heat/engine/service.py:437
2026-03-09 01:30:07.398 38255 DEBUG heat.engine.service [-] Attempting to stop engine service... _stop_rpc_server /usr/lib/python3/dist-packages/heat/engine/service.py:437
2026-03-09 01:30:07.398 38253 DEBUG heat.engine.service [-] Attempting to stop engine service... _stop_rpc_server /usr/lib/python3/dist-packages/heat/engine/service.py:437
2026-03-09 01:30:07.405 38035 INFO oslo_service.service [-] Caught SIGTERM, stopping children
2026-03-09 01:30:07.405 38035 DEBUG oslo_concurrency.lockutils [-] Acquired lock "singleton_lock" lock /usr/lib/python3/dist-packages/oslo_concurrency/lockutils.py:294
2026-03-09 01:30:07.405 38035 DEBUG oslo_concurrency.lockutils [-] Releasing lock "singleton_lock" lock /usr/lib/python3/dist-packages/oslo_concurrency/lockutils.py:312
2026-03-09 01:30:07.406 38035 DEBUG oslo_service.service [-] Stop services. stop /usr/lib/python3/dist-packages/oslo_service/service.py:695
2026-03-09 01:30:07.406 38035 INFO heat.engine.service [-] All threads were gone, terminating engine
2026-03-09 01:30:07.406 38035 DEBUG oslo_service.service [-] Killing children. stop /usr/lib/python3/dist-packages/oslo_service/service.py:700
2026-03-09 01:30:07.406 38035 INFO oslo_service.service [-] Waiting on 4 children to exit
2026-03-09 01:30:07.414 38035 INFO oslo_service.service [-] Child 38255 killed by signal 15
2026-03-09 01:30:07.414 38035 INFO oslo_service.service [-] Child 38256 killed by signal 15
2026-03-09 01:30:07.416 38035 INFO oslo_service.service [-] Child 38253 killed by signal 15
2026-03-09 01:30:07.416 38035 INFO oslo_service.service [-] Child 38254 killed by signal 15
2026-03-09 01:30:09.802 56709 DEBUG oslo_concurrency.lockutils [-] Lock "context-manager" acquired by "neutron_lib.db.api._create_context_manager" :: waited 0.000s inner /usr/lib/python3/dist-packages/oslo_concurrency/lockutils.py:386
2026-03-09 01:30:09.802 56709 DEBUG oslo_concurrency.lockutils [-] Lock "context-manager" "released" by "neutron_lib.db.api._create_context_manager" :: held 0.001s inner /usr/lib/python3/dist-packages/oslo_concurrency/lockutils.py:400
2026-03-09 01:30:10.089 56709 WARNING heat.engine.environment [-] OS::Aodh::Alarm is DEPRECATED. Theshold alarm relies on ceilometer-api and has been deprecated in aodh since Ocata. Use OS::Aodh::GnocchiAggregationByResourcesAlarm instead.
2026-03-09 01:30:10.090 56709 WARNING heat.engine.environment [-] OS::Aodh::CombinationAlarm is HIDDEN. OS::Aodh::CombinationAlarm is deprecated and has been removed from Aodh, use OS::Aodh::CompositeAlarm instead.
2026-03-09 01:30:10.090 56709 WARNING heat.engine.environment [-] OS::Designate::Domain is HIDDEN. This resource has been removed, use OS::Designate::Zone instead.
2026-03-09 01:30:10.090 56709 WARNING heat.engine.environment [-] OS::Designate::Record is HIDDEN. This resource has been removed, use OS::Designate::RecordSet instead.
2026-03-09 01:30:10.091 56709 WARNING heat.engine.environment [-] OS::Glance::Image is DEPRECATED. Creating a Glance Image based on an existing URL location requires the Glance v1 API, which is deprecated.
2026-03-09 01:30:10.091 56709 WARNING heat.engine.environment [-] OS::Heat::HARestarter is HIDDEN. The HARestarter resource type has been removed. Existing stacks containing HARestarter resources can still be used, but the HARestarter resource will be a placeholder that does nothing.
2026-03-09 01:30:10.091 56709 WARNING heat.engine.environment [-] OS::Heat::SoftwareDeployments is HIDDEN. Please use OS::Heat::SoftwareDeploymentGroup instead.
2026-03-09 01:30:10.091 56709 WARNING heat.engine.environment [-] OS::Heat::StructuredDeployments is HIDDEN. Please use OS::Heat::StructuredDeploymentGroup instead.
2026-03-09 01:30:10.092 56709 WARNING heat.engine.environment [-] OS::Magnum::Bay is HIDDEN. Please use OS::Magnum::Cluster instead.
2026-03-09 01:30:10.092 56709 WARNING heat.engine.environment [-] OS::Magnum::BayModel is HIDDEN. Please use OS::Magnum::ClusterTemplate instead.
2026-03-09 01:30:10.092 56709 WARNING heat.engine.environment [-] OS::Neutron::ExtraRoute is UNSUPPORTED. Use this resource at your own risk.
2026-03-09 01:30:10.093 56709 WARNING heat.engine.environment [-] OS::Neutron::HealthMonitor is HIDDEN. Use LBaaS V2 instead.
2026-03-09 01:30:10.093 56709 WARNING heat.engine.environment [-] OS::Neutron::Pool is HIDDEN. Use LBaaS V2 instead.
2026-03-09 01:30:10.093 56709 WARNING heat.engine.environment [-] OS::Neutron::PoolMember is HIDDEN. Use LBaaS V2 instead.
2026-03-09 01:30:10.093 56709 WARNING heat.engine.environment [-] OS::Neutron::LoadBalancer is HIDDEN. Use LBaaS V2 instead.
2026-03-09 01:30:10.093 56709 WARNING heat.engine.environment [-] OS::Neutron::RouterGateway is HIDDEN. Use the `external_gateway_info` property in the router resource to set up the gateway.
2026-03-09 01:30:10.094 56709 WARNING heat.engine.environment [-] OS::Nova::FloatingIP is HIDDEN. Please use OS::Neutron::FloatingIP instead.
2026-03-09 01:30:10.094 56709 WARNING heat.engine.environment [-] OS::Nova::FloatingIPAssociation is HIDDEN. Please use OS::Neutron::FloatingIPAssociation instead.
2026-03-09 01:30:10.096 56709 INFO heat.engine.environment [-] Loading /etc/heat/environment.d/default.yaml
2026-03-09 01:30:10.097 56709 INFO heat.engine.environment [-] Registered: [Plugin](User:False) AWS::AutoScaling::AutoScalingGroup ->
2026-03-09 01:30:10.097 56709 INFO heat.engine.environment [-] Registered: [Plugin](User:False) AWS::AutoScaling::LaunchConfiguration ->
2026-03-09 01:30:10.097 56709 INFO heat.engine.environment [-] Registered: [Plugin](User:False) AWS::AutoScaling::ScalingPolicy ->
2026-03-09 01:30:10.097 56709 INFO heat.engine.environment [-] Registered: [Plugin](User:False) AWS::CloudFormation::Stack ->
2026-03-09 01:30:10.098 56709 INFO heat.engine.environment [-] Registered: [Plugin](User:False) AWS::CloudFormation::WaitCondition ->
2026-03-09 01:30:10.098 56709 INFO heat.engine.environment [-] Registered: [Plugin](User:False) AWS::CloudFormation::WaitConditionHandle ->
2026-03-09 01:30:10.098 56709 INFO heat.engine.environment [-] Registered: [Plugin](User:False) AWS::EC2::EIP ->
2026-03-09 01:30:10.098 56709 INFO heat.engine.environment [-] Registered: [Plugin](User:False) AWS::EC2::EIPAssociation ->
2026-03-09 01:30:10.098 56709 INFO heat.engine.environment [-] Registered: [Plugin](User:False) AWS::EC2::Instance ->
2026-03-09 01:30:10.098 56709 INFO heat.engine.environment [-] Registered: [Plugin](User:False) AWS::EC2::InternetGateway ->
2026-03-09 01:30:10.098 56709 INFO heat.engine.environment [-] Registered: [Plugin](User:False) AWS::EC2::VPCGatewayAttachment ->
2026-03-09 01:30:10.098 56709 INFO heat.engine.environment [-] Registered: [Plugin](User:False) AWS::EC2::NetworkInterface ->
2026-03-09 01:30:10.099 56709 INFO heat.engine.environment [-] Registered: [Plugin](User:False) AWS::EC2::RouteTable ->
2026-03-09 01:30:10.099 56709 INFO heat.engine.environment [-] Registered: [Plugin](User:False) AWS::EC2::SubnetRouteTableAssociation ->
2026-03-09 01:30:10.099 56709 INFO heat.engine.environment [-] Registered: [Plugin](User:False) AWS::EC2::SecurityGroup ->
2026-03-09 01:30:10.099 56709 INFO heat.engine.environment [-] Registered: [Plugin](User:False) AWS::EC2::Subnet ->
2026-03-09 01:30:10.099 56709 INFO heat.engine.environment [-] Registered: [Plugin](User:False) AWS::EC2::Volume ->
2026-03-09 01:30:10.099 56709 INFO heat.engine.environment [-] Registered: [Plugin](User:False) AWS::EC2::VolumeAttachment ->
2026-03-09 01:30:10.099 56709 INFO heat.engine.environment [-] Registered: [Plugin](User:False) AWS::EC2::VPC ->
2026-03-09 01:30:10.099 56709 INFO heat.engine.environment [-] Registered: [Plugin](User:False) AWS::IAM::User ->
2026-03-09 01:30:10.100 56709 INFO heat.engine.environment [-] Registered: [Plugin](User:False) AWS::IAM::AccessKey ->
2026-03-09 01:30:10.100 56709 INFO heat.engine.environment [-] Registered: [Plugin](User:False) AWS::ElasticLoadBalancing::LoadBalancer ->
2026-03-09 01:30:10.100 56709 INFO heat.engine.environment [-] Registered: [Plugin](User:False) AWS::S3::Bucket ->
2026-03-09 01:30:10.100 56709 INFO heat.engine.environment [-] Registered: [Plugin](User:False) OS::Aodh::Alarm ->
2026-03-09 01:30:10.100 56709 INFO heat.engine.environment [-] Registered: [Plugin](User:False) OS::Aodh::CombinationAlarm ->
2026-03-09 01:30:10.100 56709 INFO heat.engine.environment [-] Registered: [Plugin](User:False) OS::Aodh::EventAlarm ->
2026-03-09 01:30:10.100 56709 INFO heat.engine.environment [-] Registered: [Plugin](User:False) OS::Aodh::LBMemberHealthAlarm ->
2026-03-09 01:30:10.100 56709 INFO heat.engine.environment [-] Registered: [Plugin](User:False) OS::Aodh::CompositeAlarm ->
2026-03-09 01:30:10.100 56709 INFO heat.engine.environment [-] Registered: [Plugin](User:False) OS::Aodh::GnocchiResourcesAlarm ->
2026-03-09 01:30:10.101 56709 INFO heat.engine.environment [-] Registered: [Plugin](User:False) OS::Aodh::GnocchiAggregationByMetricsAlarm ->
2026-03-09 01:30:10.101 56709 INFO heat.engine.environment [-] Registered: [Plugin](User:False) OS::Aodh::GnocchiAggregationByResourcesAlarm ->
2026-03-09 01:30:10.101 56709 INFO heat.engine.environment [-] Registered: [Plugin](User:False) OS::Barbican::GenericContainer ->
2026-03-09 01:30:10.101 56709 INFO heat.engine.environment [-] Registered: [Plugin](User:False) OS::Barbican::CertificateContainer ->
2026-03-09 01:30:10.101 56709 INFO heat.engine.environment [-] Registered: [Plugin](User:False) OS::Barbican::RSAContainer ->
2026-03-09 01:30:10.101 56709 INFO heat.engine.environment [-] Registered: [Plugin](User:False) OS::Barbican::Order ->
2026-03-09 01:30:10.101 56709 INFO heat.engine.environment [-] Registered: [Plugin](User:False) OS::Barbican::Secret ->
2026-03-09 01:30:10.101 56709 INFO heat.engine.environment [-] Registered: [Plugin](User:False) OS::Blazar::Host ->
2026-03-09 01:30:10.102 56709 INFO heat.engine.environment [-] Registered: [Plugin](User:False) OS::Blazar::Lease ->
2026-03-09 01:30:10.102 56709 INFO heat.engine.environment [-] Registered: [Plugin](User:False) OS::Cinder::EncryptedVolumeType ->
2026-03-09 01:30:10.102 56709 INFO heat.engine.environment [-] Registered: [Plugin](User:False) OS::Cinder::QoSSpecs ->
2026-03-09 01:30:10.102 56709 INFO heat.engine.environment [-] Registered: [Plugin](User:False) OS::Cinder::QoSAssociation ->
2026-03-09 01:30:10.102 56709 INFO heat.engine.environment [-] Registered: [Plugin](User:False) OS::Cinder::Quota ->
2026-03-09 01:30:10.102 56709 INFO heat.engine.environment [-] Registered: [Plugin](User:False) OS::Cinder::Volume ->
2026-03-09 01:30:10.102 56709 INFO heat.engine.environment [-] Registered: [Plugin](User:False) OS::Cinder::VolumeAttachment ->
2026-03-09 01:30:10.102 56709 INFO heat.engine.environment [-] Registered: [Plugin](User:False) OS::Cinder::VolumeType ->
2026-03-09 01:30:10.102 56709 INFO heat.engine.environment [-] Registered: [Plugin](User:False) OS::Designate::Domain ->
2026-03-09 01:30:10.103 56709 INFO heat.engine.environment [-] Registered: [Plugin](User:False) OS::Designate::Record ->
2026-03-09 01:30:10.103 56709 INFO heat.engine.environment [-] Registered: [Plugin](User:False) OS::Designate::RecordSet ->
2026-03-09 01:30:10.103 56709 INFO heat.engine.environment [-] Registered: [Plugin](User:False) OS::Designate::Zone ->
2026-03-09 01:30:10.103 56709 INFO heat.engine.environment [-] Registered: [Plugin](User:False) OS::Glance::Image ->
2026-03-09 01:30:10.103 56709 INFO heat.engine.environment [-] Registered: [Plugin](User:False) OS::Glance::WebImage ->
2026-03-09 01:30:10.103 56709 INFO heat.engine.environment [-] Registered: [Plugin](User:False) OS::Heat::AccessPolicy ->
2026-03-09 01:30:10.103 56709 INFO heat.engine.environment [-] Registered: [Plugin](User:False) OS::Heat::AutoScalingGroup ->
2026-03-09 01:30:10.103 56709 INFO heat.engine.environment [-] Registered: [Plugin](User:False) OS::Heat::CloudConfig ->
2026-03-09 01:30:10.103 56709 INFO heat.engine.environment [-] Registered: [Plugin](User:False) OS::Heat::Delay ->
2026-03-09 01:30:10.104 56709 INFO heat.engine.environment [-] Registered: [Plugin](User:False) OS::Heat::DeployedServer ->
2026-03-09 01:30:10.104 56709 INFO heat.engine.environment [-] Registered: [Plugin](User:False) OS::Heat::HARestarter ->
2026-03-09 01:30:10.104 56709 INFO heat.engine.environment [-] Registered: [Plugin](User:False) OS::Heat::InstanceGroup ->
2026-03-09 01:30:10.104 56709 INFO heat.engine.environment [-] Registered: [Plugin](User:False) OS::Heat::MultipartMime ->
2026-03-09 01:30:10.104 56709 INFO heat.engine.environment [-] Registered: [Plugin](User:False) OS::Heat::None ->
2026-03-09 01:30:10.104 56709 INFO heat.engine.environment [-] Registered: [Plugin](User:False) OS::Heat::RandomString ->
2026-03-09 01:30:10.104 56709 INFO heat.engine.environment [-] Registered: [Plugin](User:False) OS::Heat::Stack ->
2026-03-09 01:30:10.104 56709 INFO heat.engine.environment [-] Registered: [Plugin](User:False) OS::Heat::ResourceChain ->
2026-03-09 01:30:10.105 56709 INFO heat.engine.environment [-] Registered: [Plugin](User:False) OS::Heat::ResourceGroup ->
2026-03-09 01:30:10.105 56709 INFO heat.engine.environment [-] Registered: [Plugin](User:False) OS::Heat::ScalingPolicy ->
2026-03-09 01:30:10.105 56709 INFO heat.engine.environment [-] Registered: [Plugin](User:False) OS::Heat::SoftwareComponent ->
2026-03-09 01:30:10.105 56709 INFO heat.engine.environment [-] Registered: [Plugin](User:False) OS::Heat::SoftwareConfig ->
2026-03-09 01:30:10.105 56709 INFO heat.engine.environment [-] Registered: [Plugin](User:False) OS::Heat::SoftwareDeployment ->
2026-03-09 01:30:10.105 56709 INFO heat.engine.environment [-] Registered: [Plugin](User:False) OS::Heat::SoftwareDeploymentGroup ->
2026-03-09 01:30:10.105 56709 INFO heat.engine.environment [-] Registered: [Plugin](User:False) OS::Heat::SoftwareDeployments ->
2026-03-09 01:30:10.105 56709 INFO heat.engine.environment [-] Registered: [Plugin](User:False) OS::Heat::StructuredConfig ->
2026-03-09 01:30:10.105 56709 INFO heat.engine.environment [-] Registered: [Plugin](User:False) OS::Heat::StructuredDeployment ->
2026-03-09 01:30:10.106 56709 INFO heat.engine.environment [-] Registered: [Plugin](User:False) OS::Heat::StructuredDeploymentGroup ->
2026-03-09 01:30:10.106 56709 INFO heat.engine.environment [-] Registered: [Plugin](User:False) OS::Heat::StructuredDeployments ->
2026-03-09 01:30:10.106 56709 INFO heat.engine.environment [-] Registered: [Plugin](User:False) OS::Heat::SwiftSignal ->
2026-03-09 01:30:10.106 56709 INFO heat.engine.environment [-] Registered: [Plugin](User:False) OS::Heat::SwiftSignalHandle ->
2026-03-09 01:30:10.106 56709 INFO heat.engine.environment [-] Registered: [Plugin](User:False) OS::Heat::TestResource ->
2026-03-09 01:30:10.106 56709 INFO heat.engine.environment [-] Registered: [Plugin](User:False) OS::Heat::Value ->
2026-03-09 01:30:10.106 56709 INFO heat.engine.environment [-] Registered: [Plugin](User:False) OS::Heat::WaitCondition ->
2026-03-09 01:30:10.106 56709 INFO heat.engine.environment [-] Registered: [Plugin](User:False) OS::Heat::WaitConditionHandle ->
2026-03-09 01:30:10.106 56709 INFO heat.engine.environment [-] Registered: [Plugin](User:False) OS::Heat::UpdateWaitConditionHandle ->
2026-03-09 01:30:10.107 56709 INFO heat.engine.environment [-] Registered: [Plugin](User:False) OS::Ironic::Port ->
2026-03-09 01:30:10.107 56709 INFO heat.engine.environment [-] Registered: [Plugin](User:False) OS::Keystone::Domain ->
2026-03-09 01:30:10.107 56709 INFO heat.engine.environment [-] Registered: [Plugin](User:False) OS::Keystone::Endpoint ->
2026-03-09 01:30:10.107 56709 INFO heat.engine.environment [-] Registered: [Plugin](User:False) OS::Keystone::Group ->
2026-03-09 01:30:10.107 56709 INFO heat.engine.environment [-] Registered: [Plugin](User:False) OS::Keystone::Project ->
2026-03-09 01:30:10.107 56709 INFO heat.engine.environment [-] Registered: [Plugin](User:False) OS::Keystone::Region ->
2026-03-09 01:30:10.107 56709 INFO heat.engine.environment [-] Registered: [Plugin](User:False) OS::Keystone::Role ->
2026-03-09 01:30:10.107 56709 INFO heat.engine.environment [-] Registered: [Plugin](User:False) OS::Keystone::UserRoleAssignment ->
2026-03-09 01:30:10.107 56709 INFO heat.engine.environment [-] Registered: [Plugin](User:False) OS::Keystone::GroupRoleAssignment ->
2026-03-09 01:30:10.108 56709 INFO heat.engine.environment [-] Registered: [Plugin](User:False) OS::Keystone::Service ->
2026-03-09 01:30:10.108 56709 INFO heat.engine.environment [-] Registered: [Plugin](User:False) OS::Keystone::User ->
2026-03-09 01:30:10.108 56709 INFO heat.engine.environment [-] Registered: [Plugin](User:False) OS::Magnum::Bay ->
2026-03-09 01:30:10.108 56709 INFO heat.engine.environment [-] Registered: [Plugin](User:False) OS::Magnum::BayModel ->
2026-03-09 01:30:10.108 56709 INFO heat.engine.environment [-] Registered: [Plugin](User:False) OS::Magnum::Cluster ->
2026-03-09 01:30:10.108 56709 INFO heat.engine.environment [-] Registered: [Plugin](User:False) OS::Magnum::ClusterTemplate ->
2026-03-09 01:30:10.108 56709 INFO heat.engine.environment [-] Registered: [Plugin](User:False) OS::Manila::SecurityService ->
2026-03-09 01:30:10.108 56709 INFO heat.engine.environment [-] Registered: [Plugin](User:False) OS::Manila::Share ->
2026-03-09 01:30:10.109 56709 INFO heat.engine.environment [-] Registered: [Plugin](User:False) OS::Manila::ShareNetwork ->
2026-03-09 01:30:10.109 56709 INFO heat.engine.environment [-] Registered: [Plugin](User:False) OS::Manila::ShareType ->
2026-03-09 01:30:10.109 56709 INFO heat.engine.environment [-] Registered: [Plugin](User:False) OS::Mistral::CronTrigger ->
2026-03-09 01:30:10.109 56709 INFO heat.engine.environment [-] Registered: [Plugin](User:False) OS::Mistral::ExternalResource ->
2026-03-09 01:30:10.109 56709 INFO heat.engine.environment [-] Registered: [Plugin](User:False) OS::Mistral::Workflow ->
2026-03-09 01:30:10.109 56709 INFO heat.engine.environment [-] Registered: [Plugin](User:False) OS::Monasca::AlarmDefinition ->
2026-03-09 01:30:10.109 56709 INFO heat.engine.environment [-] Registered: [Plugin](User:False) OS::Monasca::Notification ->
2026-03-09 01:30:10.109 56709 INFO heat.engine.environment [-] Registered: [Plugin](User:False) OS::Neutron::AddressScope ->
2026-03-09 01:30:10.109 56709 INFO heat.engine.environment [-] Registered: [Plugin](User:False) OS::Neutron::ExtraRoute ->
2026-03-09 01:30:10.110 56709 INFO heat.engine.environment [-] Registered: [Plugin](User:False) OS::Neutron::ExtraRouteSet ->
2026-03-09 01:30:10.110 56709 INFO heat.engine.environment [-] Registered: [Plugin](User:False) OS::Neutron::Firewall ->
2026-03-09 01:30:10.110 56709 INFO heat.engine.environment [-] Registered: [Plugin](User:False) OS::Neutron::FirewallPolicy ->
2026-03-09 01:30:10.110 56709 INFO heat.engine.environment [-] Registered: [Plugin](User:False) OS::Neutron::FirewallRule ->
2026-03-09 01:30:10.110 56709 INFO heat.engine.environment [-] Registered: [Plugin](User:False) OS::Neutron::FloatingIP ->
2026-03-09 01:30:10.110 56709 INFO heat.engine.environment [-] Registered: [Plugin](User:False) OS::Neutron::FloatingIPAssociation ->
2026-03-09 01:30:10.110 56709 INFO heat.engine.environment [-] Registered: [Plugin](User:False) OS::Neutron::L2Gateway ->
2026-03-09 01:30:10.110 56709 INFO heat.engine.environment [-] Registered: [Plugin](User:False) OS::Neutron::L2GatewayConnection ->
2026-03-09 01:30:10.110 56709 INFO heat.engine.environment [-] Registered: [Plugin](User:False) OS::Neutron::LBaaS::HealthMonitor ->
2026-03-09 01:30:10.111 56709 INFO heat.engine.environment [-] Registered: [Plugin](User:False) OS::Neutron::LBaaS::L7Policy ->
2026-03-09 01:30:10.111 56709 INFO heat.engine.environment [-] Registered: [Plugin](User:False) OS::Neutron::LBaaS::L7Rule ->
2026-03-09 01:30:10.111 56709 INFO heat.engine.environment [-] Registered: [Plugin](User:False) OS::Neutron::LBaaS::Listener ->
2026-03-09 01:30:10.111 56709 INFO heat.engine.environment [-] Registered: [Plugin](User:False) OS::Neutron::LBaaS::LoadBalancer ->
2026-03-09 01:30:10.111 56709 INFO heat.engine.environment [-] Registered: [Plugin](User:False) OS::Neutron::LBaaS::Pool ->
2026-03-09 01:30:10.111 56709 INFO heat.engine.environment [-] Registered: [Plugin](User:False) OS::Neutron::LBaaS::PoolMember ->
2026-03-09 01:30:10.111 56709 INFO heat.engine.environment [-] Registered: [Plugin](User:False) OS::Neutron::HealthMonitor ->
2026-03-09 01:30:10.111 56709 INFO heat.engine.environment [-] Registered: [Plugin](User:False) OS::Neutron::Pool ->
2026-03-09 01:30:10.112 56709 INFO heat.engine.environment [-] Registered: [Plugin](User:False) OS::Neutron::PoolMember ->
2026-03-09 01:30:10.112 56709 INFO heat.engine.environment [-] Registered: [Plugin](User:False) OS::Neutron::LoadBalancer ->
2026-03-09 01:30:10.112 56709 INFO heat.engine.environment [-] Registered: [Plugin](User:False) OS::Neutron::MeteringLabel ->
2026-03-09 01:30:10.112 56709 INFO heat.engine.environment [-] Registered: [Plugin](User:False) OS::Neutron::MeteringRule ->
2026-03-09 01:30:10.112 56709 INFO heat.engine.environment [-] Registered: [Plugin](User:False) OS::Neutron::Net ->
2026-03-09 01:30:10.112 56709 INFO heat.engine.environment [-] Registered: [Plugin](User:False) OS::Neutron::NetworkGateway ->
2026-03-09 01:30:10.112 56709 INFO heat.engine.environment [-] Registered: [Plugin](User:False) OS::Neutron::Port ->
2026-03-09 01:30:10.112 56709 INFO heat.engine.environment [-] Registered: [Plugin](User:False) OS::Neutron::ProviderNet ->
2026-03-09 01:30:10.112 56709 INFO heat.engine.environment [-] Registered: [Plugin](User:False) OS::Neutron::QoSPolicy ->
2026-03-09 01:30:10.113 56709 INFO heat.engine.environment [-] Registered: [Plugin](User:False) OS::Neutron::QoSBandwidthLimitRule ->
2026-03-09 01:30:10.113 56709 INFO heat.engine.environment [-] Registered: [Plugin](User:False) OS::Neutron::QoSDscpMarkingRule ->
2026-03-09 01:30:10.113 56709 INFO heat.engine.environment [-] Registered: [Plugin](User:False) OS::Neutron::QoSMinimumBandwidthRule ->
2026-03-09 01:30:10.113 56709 INFO heat.engine.environment [-] Registered: [Plugin](User:False) OS::Neutron::Quota ->
2026-03-09 01:30:10.113 56709 INFO heat.engine.environment [-] Registered: [Plugin](User:False) OS::Neutron::RBACPolicy ->
2026-03-09 01:30:10.113 56709 INFO heat.engine.environment [-] Registered: [Plugin](User:False) OS::Neutron::Router ->
2026-03-09 01:30:10.113 56709 INFO heat.engine.environment [-] Registered: [Plugin](User:False) OS::Neutron::RouterInterface ->
2026-03-09 01:30:10.114 56709 INFO heat.engine.environment [-] Registered: [Plugin](User:False) OS::Neutron::RouterGateway ->
2026-03-09 01:30:10.114 56709 INFO heat.engine.environment [-] Registered: [Plugin](User:False) OS::Neutron::SecurityGroup ->
2026-03-09 01:30:10.114 56709 INFO heat.engine.environment [-] Registered: [Plugin](User:False) OS::Neutron::SecurityGroupRule ->
2026-03-09 01:30:10.114 56709 INFO heat.engine.environment [-] Registered: [Plugin](User:False) OS::Neutron::Segment ->
2026-03-09 01:30:10.114 56709 INFO heat.engine.environment [-] Registered: [Plugin](User:False) OS::Neutron::FlowClassifier ->
2026-03-09 01:30:10.114 56709 INFO heat.engine.environment [-] Registered: [Plugin](User:False) OS::Neutron::PortChain ->
2026-03-09 01:30:10.114 56709 INFO heat.engine.environment [-] Registered: [Plugin](User:False) OS::Neutron::PortPair ->
2026-03-09 01:30:10.114 56709 INFO heat.engine.environment [-] Registered: [Plugin](User:False) OS::Neutron::PortPairGroup ->
2026-03-09 01:30:10.114 56709 INFO heat.engine.environment [-] Registered: [Plugin](User:False) OS::Neutron::Subnet ->
2026-03-09 01:30:10.115 56709 INFO heat.engine.environment [-] Registered: [Plugin](User:False) OS::Neutron::SubnetPool ->
2026-03-09 01:30:10.115 56709 INFO heat.engine.environment [-] Registered: [Plugin](User:False) OS::Neutron::TaaS::TapFlow ->
2026-03-09 01:30:10.115 56709 INFO heat.engine.environment [-] Registered: [Plugin](User:False) OS::Neutron::TaaS::TapService ->
2026-03-09 01:30:10.115 56709 INFO heat.engine.environment [-] Registered: [Plugin](User:False) OS::Neutron::Trunk ->
2026-03-09 01:30:10.115 56709 INFO heat.engine.environment [-] Registered: [Plugin](User:False) OS::Neutron::VPNService ->
2026-03-09 01:30:10.115 56709 INFO heat.engine.environment [-] Registered: [Plugin](User:False) OS::Neutron::IPsecSiteConnection ->
2026-03-09 01:30:10.115 56709 INFO heat.engine.environment [-] Registered: [Plugin](User:False) OS::Neutron::IKEPolicy ->
2026-03-09 01:30:10.115 56709 INFO heat.engine.environment [-] Registered: [Plugin](User:False) OS::Neutron::IPsecPolicy ->
2026-03-09 01:30:10.116 56709 INFO heat.engine.environment [-] Registered: [Plugin](User:False) OS::Nova::Flavor ->
2026-03-09 01:30:10.116 56709 INFO heat.engine.environment [-] Registered: [Plugin](User:False) OS::Nova::FloatingIP ->
2026-03-09 01:30:10.116 56709 INFO heat.engine.environment [-] Registered: [Plugin](User:False) OS::Nova::FloatingIPAssociation ->
2026-03-09 01:30:10.116 56709 INFO heat.engine.environment [-] Registered: [Plugin](User:False) OS::Nova::HostAggregate ->
2026-03-09 01:30:10.116 56709 INFO heat.engine.environment [-] Registered: [Plugin](User:False) OS::Nova::KeyPair ->
2026-03-09 01:30:10.116 56709 INFO heat.engine.environment [-] Registered: [Plugin](User:False) OS::Nova::Quota ->
2026-03-09 01:30:10.116 56709 INFO heat.engine.environment [-] Registered: [Plugin](User:False) OS::Nova::Server ->
2026-03-09 01:30:10.116 56709 INFO heat.engine.environment [-] Registered: [Plugin](User:False) OS::Nova::ServerGroup ->
2026-03-09 01:30:10.116 56709 INFO heat.engine.environment [-] Registered: [Plugin](User:False) OS::Octavia::Flavor ->
2026-03-09 01:30:10.117 56709 INFO heat.engine.environment [-] Registered: [Plugin](User:False) OS::Octavia::FlavorProfile ->
2026-03-09 01:30:10.117 56709 INFO heat.engine.environment [-] Registered: [Plugin](User:False) OS::Octavia::HealthMonitor ->
2026-03-09 01:30:10.117 56709 INFO heat.engine.environment [-] Registered: [Plugin](User:False) OS::Octavia::L7Policy ->
2026-03-09 01:30:10.117 56709 INFO heat.engine.environment [-] Registered: [Plugin](User:False) OS::Octavia::L7Rule ->
2026-03-09 01:30:10.117 56709 INFO heat.engine.environment [-] Registered: [Plugin](User:False) OS::Octavia::Listener ->
2026-03-09 01:30:10.117 56709 INFO heat.engine.environment [-] Registered: [Plugin](User:False) OS::Octavia::LoadBalancer ->
2026-03-09 01:30:10.117 56709 INFO heat.engine.environment [-] Registered: [Plugin](User:False) OS::Octavia::Pool ->
2026-03-09 01:30:10.117 56709 INFO heat.engine.environment [-] Registered: [Plugin](User:False) OS::Octavia::PoolMember ->
2026-03-09 01:30:10.117 56709 INFO heat.engine.environment [-] Registered: [Plugin](User:False) OS::Octavia::Quota ->
2026-03-09 01:30:10.118 56709 INFO heat.engine.environment [-] Registered: [Plugin](User:False) OS::Sahara::Cluster ->
2026-03-09 01:30:10.118 56709 INFO heat.engine.environment [-] Registered: [Plugin](User:False) OS::Sahara::DataSource ->
2026-03-09 01:30:10.118 56709 INFO heat.engine.environment [-] Registered: [Plugin](User:False) OS::Sahara::ImageRegistry ->
2026-03-09 01:30:10.118 56709 INFO heat.engine.environment [-] Registered: [Plugin](User:False) OS::Sahara::Job ->
2026-03-09 01:30:10.118 56709 INFO heat.engine.environment [-] Registered: [Plugin](User:False) OS::Sahara::JobBinary ->
2026-03-09 01:30:10.118 56709 INFO heat.engine.environment [-] Registered: [Plugin](User:False) OS::Sahara::NodeGroupTemplate ->
2026-03-09 01:30:10.118 56709 INFO heat.engine.environment [-] Registered: [Plugin](User:False) OS::Sahara::ClusterTemplate ->
2026-03-09 01:30:10.118 56709 INFO heat.engine.environment [-] Registered: [Plugin](User:False) OS::Senlin::Cluster ->
2026-03-09 01:30:10.119 56709 INFO heat.engine.environment [-] Registered: [Plugin](User:False) OS::Senlin::Node ->
2026-03-09 01:30:10.119 56709 INFO heat.engine.environment [-] Registered: [Plugin](User:False) OS::Senlin::Policy ->
2026-03-09 01:30:10.119 56709 INFO heat.engine.environment [-] Registered: [Plugin](User:False) OS::Senlin::Profile ->
2026-03-09 01:30:10.119 56709 INFO heat.engine.environment [-] Registered: [Plugin](User:False) OS::Senlin::Receiver ->
2026-03-09 01:30:10.119 56709 INFO heat.engine.environment [-] Registered: [Plugin](User:False) OS::Swift::Container ->
2026-03-09 01:30:10.119 56709 INFO heat.engine.environment [-] Registered: [Plugin](User:False) OS::Trove::Cluster ->
2026-03-09 01:30:10.119 56709 INFO heat.engine.environment [-] Registered: [Plugin](User:False) OS::Trove::Instance ->
2026-03-09 01:30:10.119 56709 INFO heat.engine.environment [-] Registered: [Plugin](User:False) OS::Vitrage::Template ->
2026-03-09 01:30:10.119 56709 INFO heat.engine.environment [-] Registered: [Plugin](User:False) OS::Zaqar::Queue ->
2026-03-09 01:30:10.120 56709 INFO heat.engine.environment [-] Registered: [Plugin](User:False) OS::Zaqar::SignedQueueURL ->
2026-03-09 01:30:10.120 56709 INFO heat.engine.environment [-] Registered: [Plugin](User:False) OS::Zaqar::Subscription ->
2026-03-09 01:30:10.120 56709 INFO heat.engine.environment [-] Registered: [Plugin](User:False) OS::Zaqar::MistralTrigger ->
2026-03-09 01:30:10.120 56709 INFO heat.engine.environment [-] Registered: [Wildcard Mapping](User:False) OS::Quantum* -> OS::Neutron*
2026-03-09 01:30:10.120 56709 INFO heat.engine.environment [-] Registered: [Template](User:False) AWS::CloudWatch::Alarm -> file:///etc/heat/templates/AWS_CloudWatch_Alarm.yaml
2026-03-09 01:30:10.120 56709 INFO heat.engine.environment [-] Registered: [Mapping](User:False) OS::Metering::Alarm -> OS::Aodh::Alarm
2026-03-09 01:30:10.120 56709 INFO heat.engine.environment [-] Registered: [Template](User:False) AWS::RDS::DBInstance -> file:///etc/heat/templates/AWS_RDS_DBInstance.yaml
2026-03-09 01:30:10.120 56709 INFO heat.engine.environment [-] Registered: [Mapping](User:False) OS::Ceilometer::Alarm -> OS::Aodh::Alarm
2026-03-09 01:30:10.121 56709 INFO heat.engine.environment [-] Registered: [Mapping](User:False) OS::Ceilometer::GnocchiResourcesAlarm -> OS::Aodh::GnocchiResourcesAlarm
2026-03-09 01:30:10.121 56709 INFO heat.engine.environment [-] Registered: [Mapping](User:False) OS::Ceilometer::GnocchiAggregationByMetricsAlarm -> OS::Aodh::GnocchiAggregationByMetricsAlarm
2026-03-09 01:30:10.121 56709 INFO heat.engine.environment [-] Registered: [Mapping](User:False) OS::Ceilometer::GnocchiAggregationByResourcesAlarm -> OS::Aodh::GnocchiAggregationByResourcesAlarm
2026-03-09 01:30:10.121 56709 INFO heat.engine.environment [-] Registered: [Mapping](User:False) OS::Ceilometer::CombinationAlarm -> OS::Aodh::CombinationAlarm
2026-03-09 01:30:10.134 56709 DEBUG oslo_concurrency.lockutils [-] Acquired lock "singleton_lock" lock /usr/lib/python3/dist-packages/oslo_concurrency/lockutils.py:294
2026-03-09 01:30:10.134 56709 DEBUG oslo_concurrency.lockutils [-] Releasing lock "singleton_lock" lock /usr/lib/python3/dist-packages/oslo_concurrency/lockutils.py:312
2026-03-09 01:30:10.135 56709 INFO oslo_service.service [-] Starting 4 workers
2026-03-09 01:30:10.140 56709 DEBUG oslo_service.service [-] Started child 56798 _start_child /usr/lib/python3/dist-packages/oslo_service/service.py:575
