2026-03-05 01:44:09.937 7 DEBUG oslo_service.service [-] ml2_type_gre.tunnel_id_ranges = [] log_opt_values /var/lib/kolla/venv/lib/python3.6/site-packages/oslo_config/cfg.py:2611
2026-03-05 01:44:09.937 7 DEBUG oslo_service.service [-] ml2_type_vlan.network_vlan_ranges = [] log_opt_values /var/lib/kolla/venv/lib/python3.6/site-packages/oslo_config/cfg.py:2611
2026-03-05 01:44:09.937 7 DEBUG oslo_service.service [-] ml2_type_vxlan.vni_ranges = [] log_opt_values /var/lib/kolla/venv/lib/python3.6/site-packages/oslo_config/cfg.py:2611
2026-03-05 01:44:09.937 7 DEBUG oslo_service.service [-] ml2_type_vxlan.vxlan_group = None log_opt_values /var/lib/kolla/venv/lib/python3.6/site-packages/oslo_config/cfg.py:2611
2026-03-05 01:44:09.937 7 DEBUG oslo_service.service [-] database.backend = sqlalchemy log_opt_values /var/lib/kolla/venv/lib/python3.6/site-packages/oslo_config/cfg.py:2611
2026-03-05 01:44:09.937 7 DEBUG oslo_service.service [-] database.connection = **** log_opt_values /var/lib/kolla/venv/lib/python3.6/site-packages/oslo_config/cfg.py:2611
2026-03-05 01:44:09.937 7 DEBUG oslo_service.service [-] database.connection_debug = 0 log_opt_values /var/lib/kolla/venv/lib/python3.6/site-packages/oslo_config/cfg.py:2611
2026-03-05 01:44:09.937 7 DEBUG oslo_service.service [-] database.connection_parameters = log_opt_values /var/lib/kolla/venv/lib/python3.6/site-packages/oslo_config/cfg.py:2611
2026-03-05 01:44:09.938 7 DEBUG oslo_service.service [-] database.connection_recycle_time = 10 log_opt_values /var/lib/kolla/venv/lib/python3.6/site-packages/oslo_config/cfg.py:2611
2026-03-05 01:44:09.938 7 DEBUG oslo_service.service [-] database.connection_trace = False log_opt_values /var/lib/kolla/venv/lib/python3.6/site-packages/oslo_config/cfg.py:2611
2026-03-05 01:44:09.939 7 DEBUG oslo_service.service [-] database.db_inc_retry_interval = True log_opt_values /var/lib/kolla/venv/lib/python3.6/site-packages/oslo_config/cfg.py:2611
2026-03-05 01:44:09.939 7 DEBUG oslo_service.service [-] database.db_max_retries = 20 log_opt_values /var/lib/kolla/venv/lib/python3.6/site-packages/oslo_config/cfg.py:2611
2026-03-05 01:44:09.939 7 DEBUG oslo_service.service [-] database.db_max_retry_interval = 10 log_opt_values /var/lib/kolla/venv/lib/python3.6/site-packages/oslo_config/cfg.py:2611
2026-03-05 01:44:09.939 7 DEBUG oslo_service.service [-] database.db_retry_interval = 1 log_opt_values /var/lib/kolla/venv/lib/python3.6/site-packages/oslo_config/cfg.py:2611
2026-03-05 01:44:09.939 7 DEBUG oslo_service.service [-] database.max_overflow = 50 log_opt_values /var/lib/kolla/venv/lib/python3.6/site-packages/oslo_config/cfg.py:2611
2026-03-05 01:44:09.939 7 DEBUG oslo_service.service [-] database.max_pool_size = 1 log_opt_values /var/lib/kolla/venv/lib/python3.6/site-packages/oslo_config/cfg.py:2611
2026-03-05 01:44:09.939 7 DEBUG oslo_service.service [-] database.max_retries = -1 log_opt_values /var/lib/kolla/venv/lib/python3.6/site-packages/oslo_config/cfg.py:2611
2026-03-05 01:44:09.939 7 DEBUG oslo_service.service [-] database.mysql_enable_ndb = False log_opt_values /var/lib/kolla/venv/lib/python3.6/site-packages/oslo_config/cfg.py:2611
2026-03-05 01:44:09.939 7 DEBUG oslo_service.service [-] database.mysql_sql_mode = TRADITIONAL log_opt_values /var/lib/kolla/venv/lib/python3.6/site-packages/oslo_config/cfg.py:2611
2026-03-05 01:44:09.939 7 DEBUG oslo_service.service [-] database.pool_timeout = None log_opt_values /var/lib/kolla/venv/lib/python3.6/site-packages/oslo_config/cfg.py:2611
2026-03-05 01:44:09.939 7 DEBUG oslo_service.service [-] database.retry_interval = 10 log_opt_values /var/lib/kolla/venv/lib/python3.6/site-packages/oslo_config/cfg.py:2611
2026-03-05 01:44:09.939 7 DEBUG oslo_service.service [-] database.slave_connection = **** log_opt_values /var/lib/kolla/venv/lib/python3.6/site-packages/oslo_config/cfg.py:2611
2026-03-05 01:44:09.939 7 DEBUG oslo_service.service [-] database.sqlite_synchronous = True log_opt_values /var/lib/kolla/venv/lib/python3.6/site-packages/oslo_config/cfg.py:2611
2026-03-05 01:44:09.939 7 DEBUG oslo_service.service [-] database.use_db_reconnect = False log_opt_values /var/lib/kolla/venv/lib/python3.6/site-packages/oslo_config/cfg.py:2611
2026-03-05 01:44:09.940 7 DEBUG oslo_service.service [-] ******************************************************************************** log_opt_values /var/lib/kolla/venv/lib/python3.6/site-packages/oslo_config/cfg.py:2613
2026-03-05 01:44:11.753 22 DEBUG neutron.wsgi [-] (22) accepted ('10.0.0.131', 33758) server /var/lib/kolla/venv/lib/python3.6/site-packages/eventlet/wsgi.py:1004
2026-03-05 01:44:11.759 22 INFO neutron.wsgi [-] 10.0.0.131 "GET / HTTP/1.1" status: 200 len: 228 time: 0.0051661
2026-03-05 01:44:13.784 24 DEBUG neutron.api.rpc.handlers.dhcp_rpc [req-98594abe-f5a8-4864-ac51-614b50f46db9 - - - - -] get_active_networks_info from cn-jenkins-deploy-platform-ansible-os-5436-1 get_active_networks_info /var/lib/kolla/venv/lib/python3.6/site-packages/neutron/api/rpc/handlers/dhcp_rpc.py:159
2026-03-05 01:44:13.823 24 DEBUG neutron.scheduler.dhcp_agent_scheduler [req-98594abe-f5a8-4864-ac51-614b50f46db9 - - - - -] No non-hosted networks auto_schedule_networks /var/lib/kolla/venv/lib/python3.6/site-packages/neutron/scheduler/dhcp_agent_scheduler.py:60
2026-03-05 01:44:13.829 24 DEBUG neutron.db.agentschedulers_db [req-98594abe-f5a8-4864-ac51-614b50f46db9 - - - - -] DHCP Agent not found on host cn-jenkins-deploy-platform-ansible-os-5436-1 list_active_networks_on_active_dhcp_agent /var/lib/kolla/venv/lib/python3.6/site-packages/neutron/db/agentschedulers_db.py:454
2026-03-05 01:44:13.829 26 DEBUG neutron_lib.callbacks.manager [req-8648f5ec-db8d-4b22-ba72-29701e228250 - - - - -] Publish callbacks ['neutron.services.segments.db._update_segment_host_mapping_for_agent-8741072846912', 'neutron.services.l3_router.l3_router_plugin.DVRResourceOperationHandler.create_fip_agent_gw_ports-599741'] for agent (74559226-d4a7-47a9-999b-d9e9f7e25e64), after_create _notify_loop /var/lib/kolla/venv/lib/python3.6/site-packages/neutron_lib/callbacks/manager.py:177
2026-03-05 01:44:34.237 27 DEBUG neutron_lib.callbacks.manager [req-c3157d36-9235-4cae-ab75-9bb8c3bca4b5 - - - - -] Publish callbacks ['neutron.services.segments.db._update_segment_host_mapping_for_agent-8741072846912', 'neutron.services.l3_router.l3_router_plugin.DVRResourceOperationHandler.create_fip_agent_gw_ports-599741'] for agent (282400fa-4207-41f0-b288-bd7d6c05e1ef), after_create _notify_loop /var/lib/kolla/venv/lib/python3.6/site-packages/neutron_lib/callbacks/manager.py:177
2026-03-05 01:44:41.799 22 DEBUG neutron.wsgi [-] (22) accepted ('10.0.0.131', 55346) server /var/lib/kolla/venv/lib/python3.6/site-packages/eventlet/wsgi.py:1004
2026-03-05 01:44:41.803 22 INFO neutron.wsgi [-] 10.0.0.131 "GET / HTTP/1.1" status: 200 len: 228 time: 0.0029202
2026-03-05 01:44:43.795 28 DEBUG neutron_lib.callbacks.manager [req-c2de98f1-b10f-4609-95fb-630bbb1061de - - - - -] Publish callbacks ['neutron.services.segments.db._update_segment_host_mapping_for_agent-8741072846912', 'neutron.plugins.ml2.plugin.Ml2Plugin._retry_binding_revived_agents--9223372036852815588'] for agent (74559226-d4a7-47a9-999b-d9e9f7e25e64), after_update _notify_loop /var/lib/kolla/venv/lib/python3.6/site-packages/neutron_lib/callbacks/manager.py:177
2026-03-05 01:44:50.864 29 DEBUG neutron.db.agents_db [req-47dccad5-ee84-4b41-85d7-e08c7b210f1e - - - - -] Agent healthcheck: found 2 active agents agent_health_check /var/lib/kolla/venv/lib/python3.6/site-packages/neutron/db/agents_db.py:318
2026-03-05 01:45:04.205 24 DEBUG neutron_lib.callbacks.manager [req-c3157d36-9235-4cae-ab75-9bb8c3bca4b5 - - - - -] Publish callbacks ['neutron.services.segments.db._update_segment_host_mapping_for_agent-8741072846912', 'neutron.plugins.ml2.plugin.Ml2Plugin._retry_binding_revived_agents--9223372036852815588'] for agent (282400fa-4207-41f0-b288-bd7d6c05e1ef), after_update _notify_loop /var/lib/kolla/venv/lib/python3.6/site-packages/neutron_lib/callbacks/manager.py:177
2026-03-05 01:45:11.849 22 DEBUG neutron.wsgi [-] (22) accepted ('10.0.0.131', 58920) server /var/lib/kolla/venv/lib/python3.6/site-packages/eventlet/wsgi.py:1004
2026-03-05 01:45:11.852 22 INFO neutron.wsgi [-] 10.0.0.131 "GET / HTTP/1.1" status: 200 len: 228 time: 0.0026238
2026-03-05 01:45:13.795 23 DEBUG neutron_lib.callbacks.manager [req-e9e04412-7959-44c7-8738-7974ddaf3bf0 - - - - -] Publish callbacks ['neutron.services.segments.db._update_segment_host_mapping_for_agent-8741072846912', 'neutron.plugins.ml2.plugin.Ml2Plugin._retry_binding_revived_agents--9223372036852815588'] for agent (74559226-d4a7-47a9-999b-d9e9f7e25e64), after_update _notify_loop /var/lib/kolla/venv/lib/python3.6/site-packages/neutron_lib/callbacks/manager.py:177
2026-03-05 01:45:27.861 29 DEBUG neutron.db.agents_db [req-47dccad5-ee84-4b41-85d7-e08c7b210f1e - - - - -] Agent healthcheck: found 2 active agents agent_health_check /var/lib/kolla/venv/lib/python3.6/site-packages/neutron/db/agents_db.py:318
2026-03-05 01:45:34.218 25 DEBUG neutron_lib.callbacks.manager [req-c3157d36-9235-4cae-ab75-9bb8c3bca4b5 - - - - -] Publish callbacks ['neutron.services.segments.db._update_segment_host_mapping_for_agent-8741072846912', 'neutron.plugins.ml2.plugin.Ml2Plugin._retry_binding_revived_agents--9223372036852815588'] for agent (282400fa-4207-41f0-b288-bd7d6c05e1ef), after_update _notify_loop /var/lib/kolla/venv/lib/python3.6/site-packages/neutron_lib/callbacks/manager.py:177
2026-03-05 01:45:41.893 22 DEBUG neutron.wsgi [-] (22) accepted ('10.0.0.131', 38916) server /var/lib/kolla/venv/lib/python3.6/site-packages/eventlet/wsgi.py:1004
2026-03-05 01:45:41.897 22 INFO neutron.wsgi [-] 10.0.0.131 "GET / HTTP/1.1" status: 200 len: 228 time: 0.0026715
2026-03-05 01:45:43.780 26 DEBUG neutron_lib.callbacks.manager [req-3c07a763-ab02-451c-97ae-9376f1ac86af - - - - -] Publish callbacks ['neutron.services.segments.db._update_segment_host_mapping_for_agent-8741072846912', 'neutron.plugins.ml2.plugin.Ml2Plugin._retry_binding_revived_agents--9223372036852815588'] for agent (74559226-d4a7-47a9-999b-d9e9f7e25e64), after_update _notify_loop /var/lib/kolla/venv/lib/python3.6/site-packages/neutron_lib/callbacks/manager.py:177
2026-03-05 01:46:04.205 27 DEBUG neutron_lib.callbacks.manager [req-c3157d36-9235-4cae-ab75-9bb8c3bca4b5 - - - - -] Publish callbacks ['neutron.services.segments.db._update_segment_host_mapping_for_agent-8741072846912', 'neutron.plugins.ml2.plugin.Ml2Plugin._retry_binding_revived_agents--9223372036852815588'] for agent (282400fa-4207-41f0-b288-bd7d6c05e1ef), after_update _notify_loop /var/lib/kolla/venv/lib/python3.6/site-packages/neutron_lib/callbacks/manager.py:177
2026-03-05 01:46:04.861 29 DEBUG neutron.db.agents_db [req-47dccad5-ee84-4b41-85d7-e08c7b210f1e - - - - -] Agent healthcheck: found 2 active agents agent_health_check /var/lib/kolla/venv/lib/python3.6/site-packages/neutron/db/agents_db.py:318
2026-03-05 01:46:11.941 22 DEBUG neutron.wsgi [-] (22) accepted ('10.0.0.131', 45568) server /var/lib/kolla/venv/lib/python3.6/site-packages/eventlet/wsgi.py:1004
2026-03-05 01:46:11.945 22 INFO neutron.wsgi [-] 10.0.0.131 "GET / HTTP/1.1" status: 200 len: 228 time: 0.0030148
2026-03-05 01:46:13.777 28 DEBUG neutron_lib.callbacks.manager [req-9e96854a-19d6-49b1-8571-e8f432f3df5a - - - - -] Publish callbacks ['neutron.services.segments.db._update_segment_host_mapping_for_agent-8741072846912', 'neutron.plugins.ml2.plugin.Ml2Plugin._retry_binding_revived_agents--9223372036852815588'] for agent (74559226-d4a7-47a9-999b-d9e9f7e25e64), after_update _notify_loop /var/lib/kolla/venv/lib/python3.6/site-packages/neutron_lib/callbacks/manager.py:177
2026-03-05 01:46:34.206 24 DEBUG neutron_lib.callbacks.manager [req-c3157d36-9235-4cae-ab75-9bb8c3bca4b5 - - - - -] Publish callbacks ['neutron.services.segments.db._update_segment_host_mapping_for_agent-8741072846912', 'neutron.plugins.ml2.plugin.Ml2Plugin._retry_binding_revived_agents--9223372036852815588'] for agent (282400fa-4207-41f0-b288-bd7d6c05e1ef), after_update _notify_loop /var/lib/kolla/venv/lib/python3.6/site-packages/neutron_lib/callbacks/manager.py:177
2026-03-05 01:46:41.858 29 DEBUG neutron.db.agents_db [req-47dccad5-ee84-4b41-85d7-e08c7b210f1e - - - - -] Agent healthcheck: found 2 active agents agent_health_check /var/lib/kolla/venv/lib/python3.6/site-packages/neutron/db/agents_db.py:318
2026-03-05 01:46:41.989 22 DEBUG neutron.wsgi [-] (22) accepted ('10.0.0.131', 36820) server /var/lib/kolla/venv/lib/python3.6/site-packages/eventlet/wsgi.py:1004
2026-03-05 01:46:41.995 22 INFO neutron.wsgi [-] 10.0.0.131 "GET / HTTP/1.1" status: 200 len: 228 time: 0.0049999
2026-03-05 01:46:43.775 23 DEBUG neutron_lib.callbacks.manager [req-04e15875-03c6-4a6d-b3ed-2649aa304a41 - - - - -] Publish callbacks ['neutron.services.segments.db._update_segment_host_mapping_for_agent-8741072846912', 'neutron.plugins.ml2.plugin.Ml2Plugin._retry_binding_revived_agents--9223372036852815588'] for agent (74559226-d4a7-47a9-999b-d9e9f7e25e64), after_update _notify_loop /var/lib/kolla/venv/lib/python3.6/site-packages/neutron_lib/callbacks/manager.py:177
2026-03-05 01:47:04.209 25 DEBUG neutron_lib.callbacks.manager [req-c3157d36-9235-4cae-ab75-9bb8c3bca4b5 - - - - -] Publish callbacks ['neutron.services.segments.db._update_segment_host_mapping_for_agent-8741072846912', 'neutron.plugins.ml2.plugin.Ml2Plugin._retry_binding_revived_agents--9223372036852815588'] for agent (282400fa-4207-41f0-b288-bd7d6c05e1ef), after_update _notify_loop /var/lib/kolla/venv/lib/python3.6/site-packages/neutron_lib/callbacks/manager.py:177
2026-03-05 01:47:12.038 22 DEBUG neutron.wsgi [-] (22) accepted ('10.0.0.131', 33532) server /var/lib/kolla/venv/lib/python3.6/site-packages/eventlet/wsgi.py:1004
2026-03-05 01:47:12.041 22 INFO neutron.wsgi [-] 10.0.0.131 "GET / HTTP/1.1" status: 200 len: 228 time: 0.0024145
2026-03-05 01:47:13.772 26 DEBUG neutron_lib.callbacks.manager [req-3d8eea64-3cc6-4a23-b683-779cf898f06c - - - - -] Publish callbacks ['neutron.services.segments.db._update_segment_host_mapping_for_agent-8741072846912', 'neutron.plugins.ml2.plugin.Ml2Plugin._retry_binding_revived_agents--9223372036852815588'] for agent (74559226-d4a7-47a9-999b-d9e9f7e25e64), after_update _notify_loop /var/lib/kolla/venv/lib/python3.6/site-packages/neutron_lib/callbacks/manager.py:177
2026-03-05 01:47:18.860 29 DEBUG neutron.db.agents_db [req-47dccad5-ee84-4b41-85d7-e08c7b210f1e - - - - -] Agent healthcheck: found 2 active agents agent_health_check /var/lib/kolla/venv/lib/python3.6/site-packages/neutron/db/agents_db.py:318
2026-03-05 01:47:34.210 27 DEBUG neutron_lib.callbacks.manager [req-c3157d36-9235-4cae-ab75-9bb8c3bca4b5 - - - - -] Publish callbacks ['neutron.services.segments.db._update_segment_host_mapping_for_agent-8741072846912', 'neutron.plugins.ml2.plugin.Ml2Plugin._retry_binding_revived_agents--9223372036852815588'] for agent (282400fa-4207-41f0-b288-bd7d6c05e1ef), after_update _notify_loop /var/lib/kolla/venv/lib/python3.6/site-packages/neutron_lib/callbacks/manager.py:177
2026-03-05 01:47:42.083 22 DEBUG neutron.wsgi [-] (22) accepted ('10.0.0.131', 57830) server /var/lib/kolla/venv/lib/python3.6/site-packages/eventlet/wsgi.py:1004
2026-03-05 01:47:42.087 22 INFO neutron.wsgi [-] 10.0.0.131 "GET / HTTP/1.1" status: 200 len: 228 time: 0.0024424
2026-03-05 01:47:43.768 28 DEBUG neutron_lib.callbacks.manager [req-86d7fbff-19c5-494e-bf86-f83f4aef7029 - - - - -] Publish callbacks ['neutron.services.segments.db._update_segment_host_mapping_for_agent-8741072846912', 'neutron.plugins.ml2.plugin.Ml2Plugin._retry_binding_revived_agents--9223372036852815588'] for agent (74559226-d4a7-47a9-999b-d9e9f7e25e64), after_update _notify_loop /var/lib/kolla/venv/lib/python3.6/site-packages/neutron_lib/callbacks/manager.py:177
2026-03-05 01:47:55.857 29 DEBUG neutron.db.agents_db [req-47dccad5-ee84-4b41-85d7-e08c7b210f1e - - - - -] Agent healthcheck: found 2 active agents agent_health_check /var/lib/kolla/venv/lib/python3.6/site-packages/neutron/db/agents_db.py:318
2026-03-05 01:48:04.212 24 DEBUG neutron_lib.callbacks.manager [req-c3157d36-9235-4cae-ab75-9bb8c3bca4b5 - - - - -] Publish callbacks ['neutron.services.segments.db._update_segment_host_mapping_for_agent-8741072846912', 'neutron.plugins.ml2.plugin.Ml2Plugin._retry_binding_revived_agents--9223372036852815588'] for agent (282400fa-4207-41f0-b288-bd7d6c05e1ef), after_update _notify_loop /var/lib/kolla/venv/lib/python3.6/site-packages/neutron_lib/callbacks/manager.py:177
2026-03-05 01:48:12.128 22 DEBUG neutron.wsgi [-] (22) accepted ('10.0.0.131', 38960) server /var/lib/kolla/venv/lib/python3.6/site-packages/eventlet/wsgi.py:1004
2026-03-05 01:48:12.131 22 INFO neutron.wsgi [-] 10.0.0.131 "GET / HTTP/1.1" status: 200 len: 228 time: 0.0023732
2026-03-05 01:48:13.767 23 DEBUG neutron_lib.callbacks.manager [req-c4b689d2-bef8-434f-8e58-b9b3a788db0f - - - - -] Publish callbacks ['neutron.services.segments.db._update_segment_host_mapping_for_agent-8741072846912', 'neutron.plugins.ml2.plugin.Ml2Plugin._retry_binding_revived_agents--9223372036852815588'] for agent (74559226-d4a7-47a9-999b-d9e9f7e25e64), after_update _notify_loop /var/lib/kolla/venv/lib/python3.6/site-packages/neutron_lib/callbacks/manager.py:177
2026-03-05 01:48:32.857 29 DEBUG neutron.db.agents_db [req-47dccad5-ee84-4b41-85d7-e08c7b210f1e - - - - -] Agent healthcheck: found 2 active agents agent_health_check /var/lib/kolla/venv/lib/python3.6/site-packages/neutron/db/agents_db.py:318
2026-03-05 01:48:34.215 25 DEBUG neutron_lib.callbacks.manager [req-c3157d36-9235-4cae-ab75-9bb8c3bca4b5 - - - - -] Publish callbacks ['neutron.services.segments.db._update_segment_host_mapping_for_agent-8741072846912', 'neutron.plugins.ml2.plugin.Ml2Plugin._retry_binding_revived_agents--9223372036852815588'] for agent (282400fa-4207-41f0-b288-bd7d6c05e1ef), after_update _notify_loop /var/lib/kolla/venv/lib/python3.6/site-packages/neutron_lib/callbacks/manager.py:177
2026-03-05 01:48:42.175 22 DEBUG neutron.wsgi [-] (22) accepted ('10.0.0.131', 50048) server /var/lib/kolla/venv/lib/python3.6/site-packages/eventlet/wsgi.py:1004
2026-03-05 01:48:42.178 22 INFO neutron.wsgi [-] 10.0.0.131 "GET / HTTP/1.1" status: 200 len: 228 time: 0.0026226
2026-03-05 01:48:43.786 26 DEBUG neutron_lib.callbacks.manager [req-ef197dfd-f0dc-4bdf-8130-96a7667b4e0a - - - - -] Publish callbacks ['neutron.services.segments.db._update_segment_host_mapping_for_agent-8741072846912', 'neutron.plugins.ml2.plugin.Ml2Plugin._retry_binding_revived_agents--9223372036852815588'] for agent (74559226-d4a7-47a9-999b-d9e9f7e25e64), after_update _notify_loop /var/lib/kolla/venv/lib/python3.6/site-packages/neutron_lib/callbacks/manager.py:177
2026-03-05 01:49:04.225 27 DEBUG neutron_lib.callbacks.manager [req-c3157d36-9235-4cae-ab75-9bb8c3bca4b5 - - - - -] Publish callbacks ['neutron.services.segments.db._update_segment_host_mapping_for_agent-8741072846912', 'neutron.plugins.ml2.plugin.Ml2Plugin._retry_binding_revived_agents--9223372036852815588'] for agent (282400fa-4207-41f0-b288-bd7d6c05e1ef), after_update _notify_loop /var/lib/kolla/venv/lib/python3.6/site-packages/neutron_lib/callbacks/manager.py:177
2026-03-05 01:49:09.859 29 DEBUG neutron.db.agents_db [req-47dccad5-ee84-4b41-85d7-e08c7b210f1e - - - - -] Agent healthcheck: found 2 active agents agent_health_check /var/lib/kolla/venv/lib/python3.6/site-packages/neutron/db/agents_db.py:318
2026-03-05 01:49:12.220 22 DEBUG neutron.wsgi [-] (22) accepted ('10.0.0.131', 35186) server /var/lib/kolla/venv/lib/python3.6/site-packages/eventlet/wsgi.py:1004
2026-03-05 01:49:12.224 22 INFO neutron.wsgi [-] 10.0.0.131 "GET / HTTP/1.1" status: 200 len: 228 time: 0.0027838
2026-03-05 01:49:13.760 28 DEBUG neutron_lib.callbacks.manager [req-6aadf9e4-4de7-4419-8062-a4fa94877dfc - - - - -] Publish callbacks ['neutron.services.segments.db._update_segment_host_mapping_for_agent-8741072846912', 'neutron.plugins.ml2.plugin.Ml2Plugin._retry_binding_revived_agents--9223372036852815588'] for agent (74559226-d4a7-47a9-999b-d9e9f7e25e64), after_update _notify_loop /var/lib/kolla/venv/lib/python3.6/site-packages/neutron_lib/callbacks/manager.py:177
2026-03-05 01:49:34.219 24 DEBUG neutron_lib.callbacks.manager [req-c3157d36-9235-4cae-ab75-9bb8c3bca4b5 - - - - -] Publish callbacks ['neutron.services.segments.db._update_segment_host_mapping_for_agent-8741072846912', 'neutron.plugins.ml2.plugin.Ml2Plugin._retry_binding_revived_agents--9223372036852815588'] for agent (282400fa-4207-41f0-b288-bd7d6c05e1ef), after_update _notify_loop /var/lib/kolla/venv/lib/python3.6/site-packages/neutron_lib/callbacks/manager.py:177
2026-03-05 01:49:42.266 22 DEBUG neutron.wsgi [-] (22) accepted ('10.0.0.131', 49028) server /var/lib/kolla/venv/lib/python3.6/site-packages/eventlet/wsgi.py:1004
2026-03-05 01:49:42.270 22 INFO neutron.wsgi [-] 10.0.0.131 "GET / HTTP/1.1" status: 200 len: 228 time: 0.0038097
2026-03-05 01:49:43.767 23 DEBUG neutron_lib.callbacks.manager [req-fcb07d69-eeb7-45d0-8224-78b0d6524404 - - - - -] Publish callbacks ['neutron.services.segments.db._update_segment_host_mapping_for_agent-8741072846912', 'neutron.plugins.ml2.plugin.Ml2Plugin._retry_binding_revived_agents--9223372036852815588'] for agent (74559226-d4a7-47a9-999b-d9e9f7e25e64), after_update _notify_loop /var/lib/kolla/venv/lib/python3.6/site-packages/neutron_lib/callbacks/manager.py:177
2026-03-05 01:49:46.856 29 DEBUG neutron.db.agents_db [req-47dccad5-ee84-4b41-85d7-e08c7b210f1e - - - - -] Agent healthcheck: found 2 active agents agent_health_check /var/lib/kolla/venv/lib/python3.6/site-packages/neutron/db/agents_db.py:318
2026-03-05 01:50:04.221 25 DEBUG neutron_lib.callbacks.manager [req-c3157d36-9235-4cae-ab75-9bb8c3bca4b5 - - - - -] Publish callbacks ['neutron.services.segments.db._update_segment_host_mapping_for_agent-8741072846912', 'neutron.plugins.ml2.plugin.Ml2Plugin._retry_binding_revived_agents--9223372036852815588'] for agent (282400fa-4207-41f0-b288-bd7d6c05e1ef), after_update _notify_loop /var/lib/kolla/venv/lib/python3.6/site-packages/neutron_lib/callbacks/manager.py:177
2026-03-05 01:50:12.312 22 DEBUG neutron.wsgi [-] (22) accepted ('10.0.0.131', 53920) server /var/lib/kolla/venv/lib/python3.6/site-packages/eventlet/wsgi.py:1004
2026-03-05 01:50:12.316 22 INFO neutron.wsgi [-] 10.0.0.131 "GET / HTTP/1.1" status: 200 len: 228 time: 0.0030198
2026-03-05 01:50:13.763 26 DEBUG neutron_lib.callbacks.manager [req-a4a35c3b-9863-4a40-8586-2bdd3e320c63 - - - - -] Publish callbacks ['neutron.services.segments.db._update_segment_host_mapping_for_agent-8741072846912', 'neutron.plugins.ml2.plugin.Ml2Plugin._retry_binding_revived_agents--9223372036852815588'] for agent (74559226-d4a7-47a9-999b-d9e9f7e25e64), after_update _notify_loop /var/lib/kolla/venv/lib/python3.6/site-packages/neutron_lib/callbacks/manager.py:177
2026-03-05 01:50:23.855 29 DEBUG neutron.db.agents_db [req-47dccad5-ee84-4b41-85d7-e08c7b210f1e - - - - -] Agent healthcheck: found 2 active agents agent_health_check /var/lib/kolla/venv/lib/python3.6/site-packages/neutron/db/agents_db.py:318
2026-03-05 01:50:34.225 27 DEBUG neutron_lib.callbacks.manager [req-c3157d36-9235-4cae-ab75-9bb8c3bca4b5 - - - - -] Publish callbacks ['neutron.services.segments.db._update_segment_host_mapping_for_agent-8741072846912', 'neutron.plugins.ml2.plugin.Ml2Plugin._retry_binding_revived_agents--9223372036852815588'] for agent (282400fa-4207-41f0-b288-bd7d6c05e1ef), after_update _notify_loop /var/lib/kolla/venv/lib/python3.6/site-packages/neutron_lib/callbacks/manager.py:177
2026-03-05 01:50:42.357 22 DEBUG neutron.wsgi [-] (22) accepted ('10.0.0.131', 33586) server /var/lib/kolla/venv/lib/python3.6/site-packages/eventlet/wsgi.py:1004
2026-03-05 01:50:42.361 22 INFO neutron.wsgi [-] 10.0.0.131 "GET / HTTP/1.1" status: 200 len: 228 time: 0.0026190
2026-03-05 01:50:43.770 28 DEBUG neutron_lib.callbacks.manager [req-d93c7f67-a862-4111-9064-35897f4c5381 - - - - -] Publish callbacks ['neutron.services.segments.db._update_segment_host_mapping_for_agent-8741072846912', 'neutron.plugins.ml2.plugin.Ml2Plugin._retry_binding_revived_agents--9223372036852815588'] for agent (74559226-d4a7-47a9-999b-d9e9f7e25e64), after_update _notify_loop /var/lib/kolla/venv/lib/python3.6/site-packages/neutron_lib/callbacks/manager.py:177
2026-03-05 01:51:00.854 29 DEBUG neutron.db.agents_db [req-47dccad5-ee84-4b41-85d7-e08c7b210f1e - - - - -] Agent healthcheck: found 2 active agents agent_health_check /var/lib/kolla/venv/lib/python3.6/site-packages/neutron/db/agents_db.py:318
2026-03-05 01:51:04.229 24 DEBUG neutron_lib.callbacks.manager [req-c3157d36-9235-4cae-ab75-9bb8c3bca4b5 - - - - -] Publish callbacks ['neutron.services.segments.db._update_segment_host_mapping_for_agent-8741072846912', 'neutron.plugins.ml2.plugin.Ml2Plugin._retry_binding_revived_agents--9223372036852815588'] for agent (282400fa-4207-41f0-b288-bd7d6c05e1ef), after_update _notify_loop /var/lib/kolla/venv/lib/python3.6/site-packages/neutron_lib/callbacks/manager.py:177
2026-03-05 01:51:12.403 22 DEBUG neutron.wsgi [-] (22) accepted ('10.0.0.131', 41922) server /var/lib/kolla/venv/lib/python3.6/site-packages/eventlet/wsgi.py:1004
2026-03-05 01:51:12.406 22 INFO neutron.wsgi [-] 10.0.0.131 "GET / HTTP/1.1" status: 200 len: 228 time: 0.0025573
2026-03-05 01:51:13.767 23 DEBUG neutron_lib.callbacks.manager [req-b951323d-ddf0-4e01-89db-4012825b6312 - - - - -] Publish callbacks ['neutron.services.segments.db._update_segment_host_mapping_for_agent-8741072846912', 'neutron.plugins.ml2.plugin.Ml2Plugin._retry_binding_revived_agents--9223372036852815588'] for agent (74559226-d4a7-47a9-999b-d9e9f7e25e64), after_update _notify_loop /var/lib/kolla/venv/lib/python3.6/site-packages/neutron_lib/callbacks/manager.py:177
2026-03-05 01:51:34.233 25 DEBUG neutron_lib.callbacks.manager [req-c3157d36-9235-4cae-ab75-9bb8c3bca4b5 - - - - -] Publish callbacks ['neutron.services.segments.db._update_segment_host_mapping_for_agent-8741072846912', 'neutron.plugins.ml2.plugin.Ml2Plugin._retry_binding_revived_agents--9223372036852815588'] for agent (282400fa-4207-41f0-b288-bd7d6c05e1ef), after_update _notify_loop /var/lib/kolla/venv/lib/python3.6/site-packages/neutron_lib/callbacks/manager.py:177
2026-03-05 01:51:37.853 29 DEBUG neutron.db.agents_db [req-47dccad5-ee84-4b41-85d7-e08c7b210f1e - - - - -] Agent healthcheck: found 2 active agents agent_health_check /var/lib/kolla/venv/lib/python3.6/site-packages/neutron/db/agents_db.py:318
2026-03-05 01:51:42.446 22 DEBUG neutron.wsgi [-] (22) accepted ('10.0.0.131', 34292) server /var/lib/kolla/venv/lib/python3.6/site-packages/eventlet/wsgi.py:1004
2026-03-05 01:51:42.449 22 INFO neutron.wsgi [-] 10.0.0.131 "GET / HTTP/1.1" status: 200 len: 228 time: 0.0027659
2026-03-05 01:51:43.762 26 DEBUG neutron_lib.callbacks.manager [req-e15b68f6-9f3d-4c61-acd9-8f663e1b331f - - - - -] Publish callbacks ['neutron.services.segments.db._update_segment_host_mapping_for_agent-8741072846912', 'neutron.plugins.ml2.plugin.Ml2Plugin._retry_binding_revived_agents--9223372036852815588'] for agent (74559226-d4a7-47a9-999b-d9e9f7e25e64), after_update _notify_loop /var/lib/kolla/venv/lib/python3.6/site-packages/neutron_lib/callbacks/manager.py:177
2026-03-05 01:52:04.235 27 DEBUG neutron_lib.callbacks.manager [req-c3157d36-9235-4cae-ab75-9bb8c3bca4b5 - - - - -] Publish callbacks ['neutron.services.segments.db._update_segment_host_mapping_for_agent-8741072846912', 'neutron.plugins.ml2.plugin.Ml2Plugin._retry_binding_revived_agents--9223372036852815588'] for agent (282400fa-4207-41f0-b288-bd7d6c05e1ef), after_update _notify_loop /var/lib/kolla/venv/lib/python3.6/site-packages/neutron_lib/callbacks/manager.py:177
2026-03-05 01:52:12.496 22 DEBUG neutron.wsgi [-] (22) accepted ('10.0.0.131', 39084) server /var/lib/kolla/venv/lib/python3.6/site-packages/eventlet/wsgi.py:1004
2026-03-05 01:52:12.499 22 INFO neutron.wsgi [-] 10.0.0.131 "GET / HTTP/1.1" status: 200 len: 228 time: 0.0023718
2026-03-05 01:52:13.770 28 DEBUG neutron_lib.callbacks.manager [req-ef6d3720-2f35-4489-abc4-7a8fcc01a237 - - - - -] Publish callbacks ['neutron.services.segments.db._update_segment_host_mapping_for_agent-8741072846912', 'neutron.plugins.ml2.plugin.Ml2Plugin._retry_binding_revived_agents--9223372036852815588'] for agent (74559226-d4a7-47a9-999b-d9e9f7e25e64), after_update _notify_loop /var/lib/kolla/venv/lib/python3.6/site-packages/neutron_lib/callbacks/manager.py:177
2026-03-05 01:52:14.853 29 DEBUG neutron.db.agents_db [req-47dccad5-ee84-4b41-85d7-e08c7b210f1e - - - - -] Agent healthcheck: found 2 active agents agent_health_check /var/lib/kolla/venv/lib/python3.6/site-packages/neutron/db/agents_db.py:318
2026-03-05 01:52:34.235 24 DEBUG neutron_lib.callbacks.manager [req-c3157d36-9235-4cae-ab75-9bb8c3bca4b5 - - - - -] Publish callbacks ['neutron.services.segments.db._update_segment_host_mapping_for_agent-8741072846912', 'neutron.plugins.ml2.plugin.Ml2Plugin._retry_binding_revived_agents--9223372036852815588'] for agent (282400fa-4207-41f0-b288-bd7d6c05e1ef), after_update _notify_loop /var/lib/kolla/venv/lib/python3.6/site-packages/neutron_lib/callbacks/manager.py:177
2026-03-05 01:52:42.540 22 DEBUG neutron.wsgi [-] (22) accepted ('10.0.0.131', 45910) server /var/lib/kolla/venv/lib/python3.6/site-packages/eventlet/wsgi.py:1004
2026-03-05 01:52:42.543 22 INFO neutron.wsgi [-] 10.0.0.131 "GET / HTTP/1.1" status: 200 len: 228 time: 0.0023677
2026-03-05 01:52:43.766 23 DEBUG neutron_lib.callbacks.manager [req-94cbb331-c0d8-4922-9239-f309332188f1 - - - - -] Publish callbacks ['neutron.services.segments.db._update_segment_host_mapping_for_agent-8741072846912', 'neutron.plugins.ml2.plugin.Ml2Plugin._retry_binding_revived_agents--9223372036852815588'] for agent (74559226-d4a7-47a9-999b-d9e9f7e25e64), after_update _notify_loop /var/lib/kolla/venv/lib/python3.6/site-packages/neutron_lib/callbacks/manager.py:177
2026-03-05 01:52:51.851 29 DEBUG neutron.db.agents_db [req-47dccad5-ee84-4b41-85d7-e08c7b210f1e - - - - -] Agent healthcheck: found 2 active agents agent_health_check /var/lib/kolla/venv/lib/python3.6/site-packages/neutron/db/agents_db.py:318
2026-03-05 01:53:03.118 7 INFO oslo_service.service [-] Caught SIGTERM, stopping children
2026-03-05 01:53:03.118 7 DEBUG oslo_concurrency.lockutils [-] Acquired lock "singleton_lock" lock /var/lib/kolla/venv/lib/python3.6/site-packages/oslo_concurrency/lockutils.py:294
2026-03-05 01:53:03.118 7 DEBUG oslo_concurrency.lockutils [-] Releasing lock "singleton_lock" lock /var/lib/kolla/venv/lib/python3.6/site-packages/oslo_concurrency/lockutils.py:312
2026-03-05 01:53:03.119 7 DEBUG oslo_service.service [-] Stop services. stop /var/lib/kolla/venv/lib/python3.6/site-packages/oslo_service/service.py:695
2026-03-05 01:53:03.119 7 DEBUG neutron.service [-] calling RpcWorker stop() stop /var/lib/kolla/venv/lib/python3.6/site-packages/neutron/service.py:138
2026-03-05 01:53:03.119 7 DEBUG neutron.service [-] calling RpcWorker stop() stop /var/lib/kolla/venv/lib/python3.6/site-packages/neutron/service.py:138
2026-03-05 01:53:03.119 7 DEBUG oslo_service.service [-] Killing children. stop /var/lib/kolla/venv/lib/python3.6/site-packages/oslo_service/service.py:700
2026-03-05 01:53:03.119 7 INFO oslo_service.service [-] Waiting on 8 children to exit
2026-03-05 01:53:03.119 22 INFO neutron.wsgi [-] (22) wsgi exited, is_accepting=True
2026-03-05 01:53:03.119 25 DEBUG neutron.service [-] calling RpcWorker stop() stop /var/lib/kolla/venv/lib/python3.6/site-packages/neutron/service.py:138
2026-03-05 01:53:03.120 24 DEBUG neutron.service [-] calling RpcWorker stop() stop /var/lib/kolla/venv/lib/python3.6/site-packages/neutron/service.py:138
2026-03-05 01:53:03.120 29 DEBUG neutron.service [-] calling RpcWorker stop() stop /var/lib/kolla/venv/lib/python3.6/site-packages/neutron/service.py:138
2026-03-05 01:53:03.120 22 DEBUG oslo_concurrency.lockutils [req-6d1c1381-3fcf-4e57-be3f-e54953acf027 - - - - -] Acquired lock "singleton_lock" lock /var/lib/kolla/venv/lib/python3.6/site-packages/oslo_concurrency/lockutils.py:294
2026-03-05 01:53:03.120 22 DEBUG oslo_concurrency.lockutils [req-6d1c1381-3fcf-4e57-be3f-e54953acf027 - - - - -] Releasing lock "singleton_lock" lock /var/lib/kolla/venv/lib/python3.6/site-packages/oslo_concurrency/lockutils.py:312
2026-03-05 01:53:03.120 24 DEBUG neutron.service [-] calling stop on stop /var/lib/kolla/venv/lib/python3.6/site-packages/neutron/service.py:141
2026-03-05 01:53:03.120 29 DEBUG neutron.service [-] calling stop on stop /var/lib/kolla/venv/lib/python3.6/site-packages/neutron/service.py:141
2026-03-05 01:53:03.120 25 DEBUG neutron.service [-] calling stop on stop /var/lib/kolla/venv/lib/python3.6/site-packages/neutron/service.py:141
2026-03-05 01:53:03.122 27 DEBUG neutron.service [-] calling RpcWorker stop() stop /var/lib/kolla/venv/lib/python3.6/site-packages/neutron/service.py:138
2026-03-05 01:53:03.123 28 DEBUG neutron.service [-] calling RpcWorker stop() stop /var/lib/kolla/venv/lib/python3.6/site-packages/neutron/service.py:138
2026-03-05 01:53:03.124 7 INFO oslo_service.service [-] Child 22 exited with status 0
2026-03-05 01:53:03.124 26 DEBUG neutron.service [-] calling RpcWorker stop() stop /var/lib/kolla/venv/lib/python3.6/site-packages/neutron/service.py:138
2026-03-05 01:53:03.123 28 DEBUG neutron.service [-] calling stop on stop /var/lib/kolla/venv/lib/python3.6/site-packages/neutron/service.py:141
2026-03-05 01:53:03.124 26 DEBUG neutron.service [-] calling stop on stop /var/lib/kolla/venv/lib/python3.6/site-packages/neutron/service.py:141
2026-03-05 01:53:03.122 27 DEBUG neutron.service [-] calling stop on stop /var/lib/kolla/venv/lib/python3.6/site-packages/neutron/service.py:141
2026-03-05 01:53:03.129 23 DEBUG neutron.service [-] calling RpcWorker stop() stop /var/lib/kolla/venv/lib/python3.6/site-packages/neutron/service.py:138
2026-03-05 01:53:03.129 23 DEBUG neutron.service [-] calling stop on stop /var/lib/kolla/venv/lib/python3.6/site-packages/neutron/service.py:141
2026-03-05 01:53:04.239 25 DEBUG neutron_lib.callbacks.manager [req-c3157d36-9235-4cae-ab75-9bb8c3bca4b5 - - - - -] Publish callbacks ['neutron.services.segments.db._update_segment_host_mapping_for_agent-8741072846912', 'neutron.plugins.ml2.plugin.Ml2Plugin._retry_binding_revived_agents--9223372036852815588'] for agent (282400fa-4207-41f0-b288-bd7d6c05e1ef), after_update _notify_loop /var/lib/kolla/venv/lib/python3.6/site-packages/neutron_lib/callbacks/manager.py:177
2026-03-05 01:53:04.846 23 DEBUG neutron.service [-] calling stop on stop /var/lib/kolla/venv/lib/python3.6/site-packages/neutron/service.py:141
2026-03-05 01:53:04.847 24 DEBUG neutron.service [-] calling stop on stop /var/lib/kolla/venv/lib/python3.6/site-packages/neutron/service.py:141
2026-03-05 01:53:04.854 26 DEBUG oslo_concurrency.lockutils [req-6d1c1381-3fcf-4e57-be3f-e54953acf027 - - - - -] Acquired lock "singleton_lock" lock /var/lib/kolla/venv/lib/python3.6/site-packages/oslo_concurrency/lockutils.py:294
2026-03-05 01:53:04.855 26 DEBUG oslo_concurrency.lockutils [req-6d1c1381-3fcf-4e57-be3f-e54953acf027 - - - - -] Releasing lock "singleton_lock" lock /var/lib/kolla/venv/lib/python3.6/site-packages/oslo_concurrency/lockutils.py:312
2026-03-05 01:53:04.855 26 DEBUG neutron.service [req-6d1c1381-3fcf-4e57-be3f-e54953acf027 - - - - -] calling RpcWorker wait() _wait /var/lib/kolla/venv/lib/python3.6/site-packages/neutron/service.py:128
2026-03-05 01:53:04.856 26 DEBUG neutron.service [req-6d1c1381-3fcf-4e57-be3f-e54953acf027 - - - - -] calling wait on _wait /var/lib/kolla/venv/lib/python3.6/site-packages/neutron/service.py:131
2026-03-05 01:53:04.858 24 DEBUG neutron.service [-] calling stop on stop /var/lib/kolla/venv/lib/python3.6/site-packages/neutron/service.py:141
2026-03-05 01:53:04.862 27 DEBUG oslo_concurrency.lockutils [req-6d1c1381-3fcf-4e57-be3f-e54953acf027 - - - - -] Acquired lock "singleton_lock" lock /var/lib/kolla/venv/lib/python3.6/site-packages/oslo_concurrency/lockutils.py:294
2026-03-05 01:53:04.863 27 DEBUG oslo_concurrency.lockutils [req-6d1c1381-3fcf-4e57-be3f-e54953acf027 - - - - -] Releasing lock "singleton_lock" lock /var/lib/kolla/venv/lib/python3.6/site-packages/oslo_concurrency/lockutils.py:312
2026-03-05 01:53:04.863 27 DEBUG neutron.service [req-6d1c1381-3fcf-4e57-be3f-e54953acf027 - - - - -] calling RpcWorker wait() _wait /var/lib/kolla/venv/lib/python3.6/site-packages/neutron/service.py:128
2026-03-05 01:53:04.864 27 DEBUG neutron.service [req-6d1c1381-3fcf-4e57-be3f-e54953acf027 - - - - -] calling wait on _wait /var/lib/kolla/venv/lib/python3.6/site-packages/neutron/service.py:131
2026-03-05 01:53:04.865 26 WARNING amqp [req-6d1c1381-3fcf-4e57-be3f-e54953acf027 - - - - -] Received method (60, 30) during closing channel 1. This method will be ignored
2026-03-05 01:53:04.866 26 DEBUG neutron.service [req-6d1c1381-3fcf-4e57-be3f-e54953acf027 - - - - -] returning from RpcWorker wait() _wait /var/lib/kolla/venv/lib/python3.6/site-packages/neutron/service.py:135
2026-03-05 01:53:04.869 27 WARNING amqp [req-6d1c1381-3fcf-4e57-be3f-e54953acf027 - - - - -] Received method (60, 30) during closing channel 1. This method will be ignored
2026-03-05 01:53:04.870 7 INFO oslo_service.service [-] Child 26 exited with status 0
2026-03-05 01:53:04.871 27 DEBUG neutron.service [req-6d1c1381-3fcf-4e57-be3f-e54953acf027 - - - - -] returning from RpcWorker wait() _wait /var/lib/kolla/venv/lib/python3.6/site-packages/neutron/service.py:135
2026-03-05 01:53:04.871 23 DEBUG neutron.service [-] calling stop on stop /var/lib/kolla/venv/lib/python3.6/site-packages/neutron/service.py:141
2026-03-05 01:53:04.875 7 INFO oslo_service.service [-] Child 27 exited with status 0
2026-03-05 01:53:04.881 29 DEBUG oslo_concurrency.lockutils [req-6d1c1381-3fcf-4e57-be3f-e54953acf027 - - - - -] Acquired lock "singleton_lock" lock /var/lib/kolla/venv/lib/python3.6/site-packages/oslo_concurrency/lockutils.py:294
2026-03-05 01:53:04.881 29 DEBUG oslo_concurrency.lockutils [req-6d1c1381-3fcf-4e57-be3f-e54953acf027 - - - - -] Releasing lock "singleton_lock" lock /var/lib/kolla/venv/lib/python3.6/site-packages/oslo_concurrency/lockutils.py:312
2026-03-05 01:53:04.882 29 DEBUG neutron.service [req-6d1c1381-3fcf-4e57-be3f-e54953acf027 - - - - -] calling RpcWorker wait() _wait /var/lib/kolla/venv/lib/python3.6/site-packages/neutron/service.py:128
2026-03-05 01:53:04.882 29 DEBUG neutron.service [req-6d1c1381-3fcf-4e57-be3f-e54953acf027 - - - - -] calling wait on _wait /var/lib/kolla/venv/lib/python3.6/site-packages/neutron/service.py:131
2026-03-05 01:53:04.883 25 DEBUG neutron.service [-] calling stop on stop /var/lib/kolla/venv/lib/python3.6/site-packages/neutron/service.py:141
2026-03-05 01:53:04.886 25 DEBUG neutron.service [-] calling stop on stop /var/lib/kolla/venv/lib/python3.6/site-packages/neutron/service.py:141
2026-03-05 01:53:04.887 29 WARNING amqp [req-6d1c1381-3fcf-4e57-be3f-e54953acf027 - - - - -] Received method (60, 30) during closing channel 1. This method will be ignored
2026-03-05 01:53:04.889 29 DEBUG neutron.service [req-6d1c1381-3fcf-4e57-be3f-e54953acf027 - - - - -] returning from RpcWorker wait() _wait /var/lib/kolla/venv/lib/python3.6/site-packages/neutron/service.py:135
2026-03-05 01:53:04.895 7 INFO oslo_service.service [-] Child 29 exited with status 0
2026-03-05 01:53:05.262 25 DEBUG neutron.service [-] calling stop on stop /var/lib/kolla/venv/lib/python3.6/site-packages/neutron/service.py:141
2026-03-05 01:53:06.962 23 DEBUG neutron.service [-] calling stop on stop /var/lib/kolla/venv/lib/python3.6/site-packages/neutron/service.py:141
2026-03-05 01:53:06.968 28 DEBUG oslo_concurrency.lockutils [req-6d1c1381-3fcf-4e57-be3f-e54953acf027 - - - - -] Acquired lock "singleton_lock" lock /var/lib/kolla/venv/lib/python3.6/site-packages/oslo_concurrency/lockutils.py:294
2026-03-05 01:53:06.969 28 DEBUG oslo_concurrency.lockutils [req-6d1c1381-3fcf-4e57-be3f-e54953acf027 - - - - -] Releasing lock "singleton_lock" lock /var/lib/kolla/venv/lib/python3.6/site-packages/oslo_concurrency/lockutils.py:312
2026-03-05 01:53:06.970 28 DEBUG neutron.service [req-6d1c1381-3fcf-4e57-be3f-e54953acf027 - - - - -] calling RpcWorker wait() _wait /var/lib/kolla/venv/lib/python3.6/site-packages/neutron/service.py:128
2026-03-05 01:53:06.970 28 DEBUG neutron.service [req-6d1c1381-3fcf-4e57-be3f-e54953acf027 - - - - -] calling wait on _wait /var/lib/kolla/venv/lib/python3.6/site-packages/neutron/service.py:131
2026-03-05 01:53:06.976 28 WARNING amqp [req-6d1c1381-3fcf-4e57-be3f-e54953acf027 - - - - -] Received method (60, 30) during closing channel 1. This method will be ignored
2026-03-05 01:53:06.977 28 DEBUG neutron.service [req-6d1c1381-3fcf-4e57-be3f-e54953acf027 - - - - -] returning from RpcWorker wait() _wait /var/lib/kolla/venv/lib/python3.6/site-packages/neutron/service.py:135
2026-03-05 01:53:06.982 7 INFO oslo_service.service [-] Child 28 exited with status 0
2026-03-05 01:53:07.430 24 DEBUG neutron.service [-] calling stop on stop /var/lib/kolla/venv/lib/python3.6/site-packages/neutron/service.py:141
2026-03-05 01:53:15.606 6 INFO neutron.common.config [-] Logging enabled!
2026-03-05 01:53:15.607 6 INFO neutron.common.config [-] /var/lib/kolla/venv/bin/neutron-server version 20.5.1.dev23
2026-03-05 01:53:15.607 6 DEBUG neutron.common.config [-] command line: /var/lib/kolla/venv/bin/neutron-server --config-file /etc/neutron/neutron.conf --config-file /etc/neutron/ContrailPlugin.ini --config-file /etc/neutron/api-paste.ini setup_logging /var/lib/kolla/venv/lib/python3.6/site-packages/neutron/common/config.py:115
2026-03-05 01:53:15.610 6 INFO neutron.common.config [-] Logging enabled!
2026-03-05 01:53:15.611 6 INFO neutron.common.config [-] /var/lib/kolla/venv/bin/neutron-server version 20.5.1.dev23
2026-03-05 01:53:15.611 6 DEBUG neutron.common.config [-] command line: /var/lib/kolla/venv/bin/neutron-server --config-file /etc/neutron/neutron.conf --config-file /etc/neutron/ContrailPlugin.ini --config-file /etc/neutron/api-paste.ini setup_logging /var/lib/kolla/venv/lib/python3.6/site-packages/neutron/common/config.py:115
2026-03-05 01:53:15.611 6 DEBUG neutron.common.config [-] ******************************************************************************** log_opt_values /var/lib/kolla/venv/lib/python3.6/site-packages/oslo_config/cfg.py:2589
2026-03-05 01:53:15.611 6 DEBUG neutron.common.config [-] Configuration options gathered from: log_opt_values /var/lib/kolla/venv/lib/python3.6/site-packages/oslo_config/cfg.py:2590
2026-03-05 01:53:15.611 6 DEBUG neutron.common.config [-] command line args: ['--config-file', '/etc/neutron/neutron.conf', '--config-file', '/etc/neutron/ContrailPlugin.ini', '--config-file', '/etc/neutron/api-paste.ini'] log_opt_values /var/lib/kolla/venv/lib/python3.6/site-packages/oslo_config/cfg.py:2591
2026-03-05 01:53:15.612 6 DEBUG neutron.common.config [-] config files: ['/etc/neutron/neutron.conf', '/etc/neutron/ContrailPlugin.ini', '/etc/neutron/api-paste.ini'] log_opt_values /var/lib/kolla/venv/lib/python3.6/site-packages/oslo_config/cfg.py:2593
2026-03-05 01:53:15.612 6 DEBUG neutron.common.config [-] ================================================================================ log_opt_values /var/lib/kolla/venv/lib/python3.6/site-packages/oslo_config/cfg.py:2594
2026-03-05 01:53:15.612 6 DEBUG neutron.common.config [-] allow_bulk = True log_opt_values /var/lib/kolla/venv/lib/python3.6/site-packages/oslo_config/cfg.py:2603
2026-03-05 01:53:15.612 6 WARNING oslo_config.cfg [-] Deprecated: Option "allow_overlapping_ips" from group "DEFAULT" is deprecated for removal. Its value may be silently ignored in the future.
2026-03-05 01:53:15.613 6 DEBUG neutron.common.config [-] allow_overlapping_ips = True log_opt_values /var/lib/kolla/venv/lib/python3.6/site-packages/oslo_config/cfg.py:2603
2026-03-05 01:53:15.613 6 DEBUG neutron.common.config [-] api_extensions_path = /opt/plugin/site-packages/neutron_plugin_contrail/extensions:/opt/plugin/site-packages/neutron_lbaas/extensions log_opt_values /var/lib/kolla/venv/lib/python3.6/site-packages/oslo_config/cfg.py:2603
2026-03-05 01:53:15.613 6 DEBUG neutron.common.config [-] api_paste_config = /etc/neutron/api-paste.ini log_opt_values /var/lib/kolla/venv/lib/python3.6/site-packages/oslo_config/cfg.py:2603
2026-03-05 01:53:15.613 6 DEBUG neutron.common.config [-] api_workers = 1 log_opt_values /var/lib/kolla/venv/lib/python3.6/site-packages/oslo_config/cfg.py:2603
2026-03-05 01:53:15.613 6 DEBUG neutron.common.config [-] auth_strategy = keystone log_opt_values /var/lib/kolla/venv/lib/python3.6/site-packages/oslo_config/cfg.py:2603
2026-03-05 01:53:15.613 6 DEBUG neutron.common.config [-] backlog = 4096 log_opt_values /var/lib/kolla/venv/lib/python3.6/site-packages/oslo_config/cfg.py:2603
2026-03-05 01:53:15.613 6 DEBUG neutron.common.config [-] base_mac = fa:16:3e:00:00:00 log_opt_values /var/lib/kolla/venv/lib/python3.6/site-packages/oslo_config/cfg.py:2603
2026-03-05 01:53:15.614 6 DEBUG neutron.common.config [-] bind_host = 10.0.0.131 log_opt_values /var/lib/kolla/venv/lib/python3.6/site-packages/oslo_config/cfg.py:2603
2026-03-05 01:53:15.614 6 DEBUG neutron.common.config [-] bind_port = 9696 log_opt_values /var/lib/kolla/venv/lib/python3.6/site-packages/oslo_config/cfg.py:2603
2026-03-05 01:53:15.614 6 DEBUG neutron.common.config [-] client_socket_timeout = 900 log_opt_values /var/lib/kolla/venv/lib/python3.6/site-packages/oslo_config/cfg.py:2603
2026-03-05 01:53:15.615 6 DEBUG neutron.common.config [-] config_dir = [] log_opt_values /var/lib/kolla/venv/lib/python3.6/site-packages/oslo_config/cfg.py:2603
2026-03-05 01:53:15.615 6 DEBUG neutron.common.config [-] config_file = ['/etc/neutron/neutron.conf', '/etc/neutron/ContrailPlugin.ini', '/etc/neutron/api-paste.ini'] log_opt_values /var/lib/kolla/venv/lib/python3.6/site-packages/oslo_config/cfg.py:2603
2026-03-05 01:53:15.615 6 DEBUG neutron.common.config [-] config_source = [] log_opt_values /var/lib/kolla/venv/lib/python3.6/site-packages/oslo_config/cfg.py:2603
2026-03-05 01:53:15.615 6 DEBUG neutron.common.config [-] control_exchange = neutron log_opt_values /var/lib/kolla/venv/lib/python3.6/site-packages/oslo_config/cfg.py:2603
2026-03-05 01:53:15.615 6 DEBUG neutron.common.config [-] core_plugin = neutron_plugin_contrail.plugins.opencontrail.contrail_plugin.NeutronPluginContrailCoreV2 log_opt_values /var/lib/kolla/venv/lib/python3.6/site-packages/oslo_config/cfg.py:2603
2026-03-05 01:53:15.615 6 DEBUG neutron.common.config [-] debug = True log_opt_values /var/lib/kolla/venv/lib/python3.6/site-packages/oslo_config/cfg.py:2603
2026-03-05 01:53:15.615 6 DEBUG neutron.common.config [-] default_availability_zones = [] log_opt_values /var/lib/kolla/venv/lib/python3.6/site-packages/oslo_config/cfg.py:2603
2026-03-05 01:53:15.615 6 DEBUG neutron.common.config [-] default_log_levels = ['amqp=WARN', 'amqplib=WARN', 'boto=WARN', 'qpid=WARN', 'sqlalchemy=WARN', 'suds=INFO', 'oslo.messaging=INFO', 'oslo_messaging=INFO', 'iso8601=WARN', 'requests.packages.urllib3.connectionpool=WARN', 'urllib3.connectionpool=WARN', 'websocket=WARN', 'requests.packages.urllib3.util.retry=WARN', 'urllib3.util.retry=WARN', 'keystonemiddleware=WARN', 'routes.middleware=WARN', 'stevedore=WARN', 'taskflow=WARN', 'keystoneauth=WARN', 'oslo.cache=INFO', 'oslo_policy=INFO', 'dogpile.core.dogpile=INFO', 'OFPHandler=INFO', 'OfctlService=INFO', 'os_ken.base.app_manager=INFO', 'os_ken.controller.controller=INFO'] log_opt_values /var/lib/kolla/venv/lib/python3.6/site-packages/oslo_config/cfg.py:2603
2026-03-05 01:53:15.615 6 DEBUG neutron.common.config [-] dhcp_agent_notification = True log_opt_values /var/lib/kolla/venv/lib/python3.6/site-packages/oslo_config/cfg.py:2603
2026-03-05 01:53:15.616 6 DEBUG neutron.common.config [-] dhcp_lease_duration = 86400 log_opt_values /var/lib/kolla/venv/lib/python3.6/site-packages/oslo_config/cfg.py:2603
2026-03-05 01:53:15.616 6 DEBUG neutron.common.config [-] dns_domain = openstacklocal log_opt_values /var/lib/kolla/venv/lib/python3.6/site-packages/oslo_config/cfg.py:2603
2026-03-05 01:53:15.616 6 DEBUG neutron.common.config [-] enable_traditional_dhcp = True log_opt_values /var/lib/kolla/venv/lib/python3.6/site-packages/oslo_config/cfg.py:2603
2026-03-05 01:53:15.618 6 DEBUG neutron.common.config [-] external_dns_driver = None log_opt_values /var/lib/kolla/venv/lib/python3.6/site-packages/oslo_config/cfg.py:2603
2026-03-05 01:53:15.618 6 DEBUG neutron.common.config [-] filter_validation = True log_opt_values /var/lib/kolla/venv/lib/python3.6/site-packages/oslo_config/cfg.py:2603
2026-03-05 01:53:15.618 6 DEBUG neutron.common.config [-] global_physnet_mtu = 1500 log_opt_values /var/lib/kolla/venv/lib/python3.6/site-packages/oslo_config/cfg.py:2603
2026-03-05 01:53:15.619 6 DEBUG neutron.common.config [-] host = cn-jenkins-deploy-platform-ansible-os-5436-1 log_opt_values /var/lib/kolla/venv/lib/python3.6/site-packages/oslo_config/cfg.py:2603
2026-03-05 01:53:15.619 6 DEBUG neutron.common.config [-] http_retries = 3 log_opt_values /var/lib/kolla/venv/lib/python3.6/site-packages/oslo_config/cfg.py:2603
2026-03-05 01:53:15.619 6 DEBUG neutron.common.config [-] instance_format = [instance: %(uuid)s] log_opt_values /var/lib/kolla/venv/lib/python3.6/site-packages/oslo_config/cfg.py:2603
2026-03-05 01:53:15.619 6 DEBUG neutron.common.config [-] instance_uuid_format = [instance: %(uuid)s] log_opt_values /var/lib/kolla/venv/lib/python3.6/site-packages/oslo_config/cfg.py:2603
2026-03-05 01:53:15.619 6 DEBUG neutron.common.config [-] ipam_driver = internal log_opt_values /var/lib/kolla/venv/lib/python3.6/site-packages/oslo_config/cfg.py:2603
