2026-02-16 00:38:58.373 173299 DEBUG oslo_service.service [req-0dea65a4-056e-4db0-903f-d4f605326707 - - - - -] api_database.connection_trace = False log_opt_values /usr/lib/python3/dist-packages/oslo_config/cfg.py:2609
2026-02-16 00:38:58.374 173299 DEBUG oslo_service.service [req-0dea65a4-056e-4db0-903f-d4f605326707 - - - - -] api_database.db_inc_retry_interval = True log_opt_values /usr/lib/python3/dist-packages/oslo_config/cfg.py:2609
2026-02-16 00:38:58.374 173299 DEBUG oslo_service.service [req-0dea65a4-056e-4db0-903f-d4f605326707 - - - - -] api_database.db_max_retries = 20 log_opt_values /usr/lib/python3/dist-packages/oslo_config/cfg.py:2609
2026-02-16 00:38:58.374 173299 DEBUG oslo_service.service [req-0dea65a4-056e-4db0-903f-d4f605326707 - - - - -] api_database.db_max_retry_interval = 10 log_opt_values /usr/lib/python3/dist-packages/oslo_config/cfg.py:2609
2026-02-16 00:38:58.374 173299 DEBUG oslo_service.service [req-0dea65a4-056e-4db0-903f-d4f605326707 - - - - -] api_database.db_retry_interval = 1 log_opt_values /usr/lib/python3/dist-packages/oslo_config/cfg.py:2609
2026-02-16 00:38:58.374 173299 DEBUG oslo_service.service [req-0dea65a4-056e-4db0-903f-d4f605326707 - - - - -] api_database.max_overflow = 50 log_opt_values /usr/lib/python3/dist-packages/oslo_config/cfg.py:2609
2026-02-16 00:38:58.374 173299 DEBUG oslo_service.service [req-0dea65a4-056e-4db0-903f-d4f605326707 - - - - -] api_database.max_pool_size = 4 log_opt_values /usr/lib/python3/dist-packages/oslo_config/cfg.py:2609
2026-02-16 00:38:58.375 173299 DEBUG oslo_service.service [req-0dea65a4-056e-4db0-903f-d4f605326707 - - - - -] api_database.max_retries = 10 log_opt_values /usr/lib/python3/dist-packages/oslo_config/cfg.py:2609
2026-02-16 00:38:58.375 173299 DEBUG oslo_service.service [req-0dea65a4-056e-4db0-903f-d4f605326707 - - - - -] api_database.mysql_enable_ndb = False log_opt_values /usr/lib/python3/dist-packages/oslo_config/cfg.py:2609
2026-02-16 00:38:58.375 173701 DEBUG nova.service [req-e59d420e-9190-4278-af66-3ad9b54edc76 - - - - -] Creating RPC server for service scheduler start /usr/lib/python3/dist-packages/nova/service.py:182
2026-02-16 00:38:58.375 173299 DEBUG oslo_service.service [req-0dea65a4-056e-4db0-903f-d4f605326707 - - - - -] api_database.mysql_sql_mode = TRADITIONAL log_opt_values /usr/lib/python3/dist-packages/oslo_config/cfg.py:2609
2026-02-16 00:38:58.375 173299 DEBUG oslo_service.service [req-0dea65a4-056e-4db0-903f-d4f605326707 - - - - -] api_database.pool_timeout = None log_opt_values /usr/lib/python3/dist-packages/oslo_config/cfg.py:2609
2026-02-16 00:38:58.375 173299 DEBUG oslo_service.service [req-0dea65a4-056e-4db0-903f-d4f605326707 - - - - -] api_database.retry_interval = 10 log_opt_values /usr/lib/python3/dist-packages/oslo_config/cfg.py:2609
2026-02-16 00:38:58.375 173299 DEBUG oslo_service.service [req-0dea65a4-056e-4db0-903f-d4f605326707 - - - - -] api_database.slave_connection = **** log_opt_values /usr/lib/python3/dist-packages/oslo_config/cfg.py:2609
2026-02-16 00:38:58.375 173299 DEBUG oslo_service.service [req-0dea65a4-056e-4db0-903f-d4f605326707 - - - - -] api_database.sqlite_synchronous = True log_opt_values /usr/lib/python3/dist-packages/oslo_config/cfg.py:2609
2026-02-16 00:38:58.376 173299 DEBUG oslo_service.service [req-0dea65a4-056e-4db0-903f-d4f605326707 - - - - -] devices.enabled_mdev_types = [] log_opt_values /usr/lib/python3/dist-packages/oslo_config/cfg.py:2609
2026-02-16 00:38:58.376 173299 DEBUG oslo_service.service [req-0dea65a4-056e-4db0-903f-d4f605326707 - - - - -] ephemeral_storage_encryption.cipher = aes-xts-plain64 log_opt_values /usr/lib/python3/dist-packages/oslo_config/cfg.py:2609
2026-02-16 00:38:58.376 173299 DEBUG oslo_service.service [req-0dea65a4-056e-4db0-903f-d4f605326707 - - - - -] ephemeral_storage_encryption.enabled = False log_opt_values /usr/lib/python3/dist-packages/oslo_config/cfg.py:2609
2026-02-16 00:38:58.376 173299 DEBUG oslo_service.service [req-0dea65a4-056e-4db0-903f-d4f605326707 - - - - -] ephemeral_storage_encryption.key_size = 512 log_opt_values /usr/lib/python3/dist-packages/oslo_config/cfg.py:2609
2026-02-16 00:38:58.376 173299 WARNING oslo_config.cfg [req-0dea65a4-056e-4db0-903f-d4f605326707 - - - - -] Deprecated: Option "api_servers" from group "glance" is deprecated for removal ( Support for image service configuration via standard keystoneauth1 Adapter options was added in the 17.0.0 Queens release. The api_servers option was retained temporarily to allow consumers time to cut over to a real load balancing solution. ). Its value may be silently ignored in the future.
2026-02-16 00:38:58.377 173299 DEBUG oslo_service.service [req-0dea65a4-056e-4db0-903f-d4f605326707 - - - - -] glance.api_servers = ['http://252.129.45.80:9292'] log_opt_values /usr/lib/python3/dist-packages/oslo_config/cfg.py:2609
2026-02-16 00:38:58.377 173299 DEBUG oslo_service.service [req-0dea65a4-056e-4db0-903f-d4f605326707 - - - - -] glance.cafile = None log_opt_values /usr/lib/python3/dist-packages/oslo_config/cfg.py:2609
2026-02-16 00:38:58.377 173299 DEBUG oslo_service.service [req-0dea65a4-056e-4db0-903f-d4f605326707 - - - - -] glance.certfile = None log_opt_values /usr/lib/python3/dist-packages/oslo_config/cfg.py:2609
2026-02-16 00:38:58.377 173299 DEBUG oslo_service.service [req-0dea65a4-056e-4db0-903f-d4f605326707 - - - - -] glance.collect_timing = False log_opt_values /usr/lib/python3/dist-packages/oslo_config/cfg.py:2609
2026-02-16 00:38:58.378 173299 DEBUG oslo_service.service [req-0dea65a4-056e-4db0-903f-d4f605326707 - - - - -] glance.connect_retries = None log_opt_values /usr/lib/python3/dist-packages/oslo_config/cfg.py:2609
2026-02-16 00:38:58.378 173299 DEBUG oslo_service.service [req-0dea65a4-056e-4db0-903f-d4f605326707 - - - - -] glance.connect_retry_delay = None log_opt_values /usr/lib/python3/dist-packages/oslo_config/cfg.py:2609
2026-02-16 00:38:58.378 173299 DEBUG oslo_service.service [req-0dea65a4-056e-4db0-903f-d4f605326707 - - - - -] glance.debug = False log_opt_values /usr/lib/python3/dist-packages/oslo_config/cfg.py:2609
2026-02-16 00:38:58.378 173299 DEBUG oslo_service.service [req-0dea65a4-056e-4db0-903f-d4f605326707 - - - - -] glance.default_trusted_certificate_ids = [] log_opt_values /usr/lib/python3/dist-packages/oslo_config/cfg.py:2609
2026-02-16 00:38:58.378 173703 DEBUG oslo_messaging._drivers.amqpdriver [-] Listener is running poll /usr/lib/python3/dist-packages/oslo_messaging/_drivers/amqpdriver.py:343
2026-02-16 00:38:58.379 173299 DEBUG oslo_service.service [req-0dea65a4-056e-4db0-903f-d4f605326707 - - - - -] glance.enable_certificate_validation = False log_opt_values /usr/lib/python3/dist-packages/oslo_config/cfg.py:2609
2026-02-16 00:38:58.379 173703 DEBUG oslo_messaging._drivers.amqpdriver [-] AMQPListener connection consume poll /usr/lib/python3/dist-packages/oslo_messaging/_drivers/amqpdriver.py:357
2026-02-16 00:38:58.379 173299 DEBUG oslo_service.service [req-0dea65a4-056e-4db0-903f-d4f605326707 - - - - -] glance.enable_rbd_download = False log_opt_values /usr/lib/python3/dist-packages/oslo_config/cfg.py:2609
2026-02-16 00:38:58.379 173299 DEBUG oslo_service.service [req-0dea65a4-056e-4db0-903f-d4f605326707 - - - - -] glance.endpoint_override = None log_opt_values /usr/lib/python3/dist-packages/oslo_config/cfg.py:2609
2026-02-16 00:38:58.379 173299 DEBUG oslo_service.service [req-0dea65a4-056e-4db0-903f-d4f605326707 - - - - -] glance.insecure = False log_opt_values /usr/lib/python3/dist-packages/oslo_config/cfg.py:2609
2026-02-16 00:38:58.379 173299 DEBUG oslo_service.service [req-0dea65a4-056e-4db0-903f-d4f605326707 - - - - -] glance.keyfile = None log_opt_values /usr/lib/python3/dist-packages/oslo_config/cfg.py:2609
2026-02-16 00:38:58.379 173703 DEBUG nova.service [req-b9e8c461-a78d-4453-aa28-8a87bc731b82 - - - - -] Join ServiceGroup membership for this service scheduler start /usr/lib/python3/dist-packages/nova/service.py:199
2026-02-16 00:38:58.379 173299 DEBUG oslo_service.service [req-0dea65a4-056e-4db0-903f-d4f605326707 - - - - -] glance.max_version = None log_opt_values /usr/lib/python3/dist-packages/oslo_config/cfg.py:2609
2026-02-16 00:38:58.380 173299 DEBUG oslo_service.service [req-0dea65a4-056e-4db0-903f-d4f605326707 - - - - -] glance.min_version = None log_opt_values /usr/lib/python3/dist-packages/oslo_config/cfg.py:2609
2026-02-16 00:38:58.380 173703 DEBUG nova.servicegroup.drivers.db [req-b9e8c461-a78d-4453-aa28-8a87bc731b82 - - - - -] DB_Driver: join new ServiceGroup member juju-cf141d-0-lxd-7 to the scheduler group, service = join /usr/lib/python3/dist-packages/nova/servicegroup/drivers/db.py:44
2026-02-16 00:38:58.380 173299 DEBUG oslo_service.service [req-0dea65a4-056e-4db0-903f-d4f605326707 - - - - -] glance.num_retries = 3 log_opt_values /usr/lib/python3/dist-packages/oslo_config/cfg.py:2609
2026-02-16 00:38:58.380 173299 DEBUG oslo_service.service [req-0dea65a4-056e-4db0-903f-d4f605326707 - - - - -] glance.rbd_ceph_conf = log_opt_values /usr/lib/python3/dist-packages/oslo_config/cfg.py:2609
2026-02-16 00:38:58.380 173299 DEBUG oslo_service.service [req-0dea65a4-056e-4db0-903f-d4f605326707 - - - - -] glance.rbd_connect_timeout = 5 log_opt_values /usr/lib/python3/dist-packages/oslo_config/cfg.py:2609
2026-02-16 00:38:58.380 173299 DEBUG oslo_service.service [req-0dea65a4-056e-4db0-903f-d4f605326707 - - - - -] glance.rbd_pool = log_opt_values /usr/lib/python3/dist-packages/oslo_config/cfg.py:2609
2026-02-16 00:38:58.380 173299 DEBUG oslo_service.service [req-0dea65a4-056e-4db0-903f-d4f605326707 - - - - -] glance.rbd_user = log_opt_values /usr/lib/python3/dist-packages/oslo_config/cfg.py:2609
2026-02-16 00:38:58.381 173299 DEBUG oslo_service.service [req-0dea65a4-056e-4db0-903f-d4f605326707 - - - - -] glance.region_name = None log_opt_values /usr/lib/python3/dist-packages/oslo_config/cfg.py:2609
2026-02-16 00:38:58.381 173299 DEBUG oslo_service.service [req-0dea65a4-056e-4db0-903f-d4f605326707 - - - - -] glance.service_name = None log_opt_values /usr/lib/python3/dist-packages/oslo_config/cfg.py:2609
2026-02-16 00:38:58.381 173299 DEBUG oslo_service.service [req-0dea65a4-056e-4db0-903f-d4f605326707 - - - - -] glance.service_type = image log_opt_values /usr/lib/python3/dist-packages/oslo_config/cfg.py:2609
2026-02-16 00:38:58.381 173299 DEBUG oslo_service.service [req-0dea65a4-056e-4db0-903f-d4f605326707 - - - - -] glance.split_loggers = False log_opt_values /usr/lib/python3/dist-packages/oslo_config/cfg.py:2609
2026-02-16 00:38:58.381 173299 DEBUG oslo_service.service [req-0dea65a4-056e-4db0-903f-d4f605326707 - - - - -] glance.status_code_retries = None log_opt_values /usr/lib/python3/dist-packages/oslo_config/cfg.py:2609
2026-02-16 00:38:58.381 173299 DEBUG oslo_service.service [req-0dea65a4-056e-4db0-903f-d4f605326707 - - - - -] glance.status_code_retry_delay = None log_opt_values /usr/lib/python3/dist-packages/oslo_config/cfg.py:2609
2026-02-16 00:38:58.381 173299 DEBUG oslo_service.service [req-0dea65a4-056e-4db0-903f-d4f605326707 - - - - -] glance.timeout = None log_opt_values /usr/lib/python3/dist-packages/oslo_config/cfg.py:2609
2026-02-16 00:38:58.382 173299 DEBUG oslo_service.service [req-0dea65a4-056e-4db0-903f-d4f605326707 - - - - -] glance.valid_interfaces = ['internal', 'public'] log_opt_values /usr/lib/python3/dist-packages/oslo_config/cfg.py:2609
2026-02-16 00:38:58.382 173299 DEBUG oslo_service.service [req-0dea65a4-056e-4db0-903f-d4f605326707 - - - - -] glance.verify_glance_signatures = False log_opt_values /usr/lib/python3/dist-packages/oslo_config/cfg.py:2609
2026-02-16 00:38:58.382 173703 DEBUG oslo_messaging._drivers.amqpdriver [-] AMQPListener connection timeout poll /usr/lib/python3/dist-packages/oslo_messaging/_drivers/amqpdriver.py:360
2026-02-16 00:38:58.382 173299 DEBUG oslo_service.service [req-0dea65a4-056e-4db0-903f-d4f605326707 - - - - -] glance.version = None log_opt_values /usr/lib/python3/dist-packages/oslo_config/cfg.py:2609
2026-02-16 00:38:58.382 173702 DEBUG oslo_messaging._drivers.amqpdriver [-] Listener is running poll /usr/lib/python3/dist-packages/oslo_messaging/_drivers/amqpdriver.py:343
2026-02-16 00:38:58.382 173703 DEBUG oslo_messaging._drivers.amqpdriver [-] Listener is running poll /usr/lib/python3/dist-packages/oslo_messaging/_drivers/amqpdriver.py:343
2026-02-16 00:38:58.382 173299 DEBUG oslo_service.service [req-0dea65a4-056e-4db0-903f-d4f605326707 - - - - -] guestfs.debug = False log_opt_values /usr/lib/python3/dist-packages/oslo_config/cfg.py:2609
2026-02-16 00:38:58.382 173703 DEBUG oslo_messaging._drivers.amqpdriver [-] AMQPListener connection consume poll /usr/lib/python3/dist-packages/oslo_messaging/_drivers/amqpdriver.py:357
2026-02-16 00:38:58.382 173702 DEBUG oslo_messaging._drivers.amqpdriver [-] AMQPListener connection consume poll /usr/lib/python3/dist-packages/oslo_messaging/_drivers/amqpdriver.py:357
2026-02-16 00:38:58.382 173299 DEBUG oslo_service.service [req-0dea65a4-056e-4db0-903f-d4f605326707 - - - - -] hyperv.config_drive_cdrom = False log_opt_values /usr/lib/python3/dist-packages/oslo_config/cfg.py:2609
2026-02-16 00:38:58.383 173299 DEBUG oslo_service.service [req-0dea65a4-056e-4db0-903f-d4f605326707 - - - - -] hyperv.config_drive_inject_password = False log_opt_values /usr/lib/python3/dist-packages/oslo_config/cfg.py:2609
2026-02-16 00:38:58.383 173299 DEBUG oslo_service.service [req-0dea65a4-056e-4db0-903f-d4f605326707 - - - - -] hyperv.dynamic_memory_ratio = 1.0 log_opt_values /usr/lib/python3/dist-packages/oslo_config/cfg.py:2609
2026-02-16 00:38:58.383 173299 DEBUG oslo_service.service [req-0dea65a4-056e-4db0-903f-d4f605326707 - - - - -] hyperv.enable_instance_metrics_collection = False log_opt_values /usr/lib/python3/dist-packages/oslo_config/cfg.py:2609
2026-02-16 00:38:58.383 173299 DEBUG oslo_service.service [req-0dea65a4-056e-4db0-903f-d4f605326707 - - - - -] hyperv.enable_remotefx = False log_opt_values /usr/lib/python3/dist-packages/oslo_config/cfg.py:2609
2026-02-16 00:38:58.383 173299 DEBUG oslo_service.service [req-0dea65a4-056e-4db0-903f-d4f605326707 - - - - -] hyperv.instances_path_share = log_opt_values /usr/lib/python3/dist-packages/oslo_config/cfg.py:2609
2026-02-16 00:38:58.383 173299 DEBUG oslo_service.service [req-0dea65a4-056e-4db0-903f-d4f605326707 - - - - -] hyperv.iscsi_initiator_list = [] log_opt_values /usr/lib/python3/dist-packages/oslo_config/cfg.py:2609
2026-02-16 00:38:58.384 173299 DEBUG oslo_service.service [req-0dea65a4-056e-4db0-903f-d4f605326707 - - - - -] hyperv.limit_cpu_features = False log_opt_values /usr/lib/python3/dist-packages/oslo_config/cfg.py:2609
2026-02-16 00:38:58.384 173299 DEBUG oslo_service.service [req-0dea65a4-056e-4db0-903f-d4f605326707 - - - - -] hyperv.mounted_disk_query_retry_count = 10 log_opt_values /usr/lib/python3/dist-packages/oslo_config/cfg.py:2609
2026-02-16 00:38:58.384 173299 DEBUG oslo_service.service [req-0dea65a4-056e-4db0-903f-d4f605326707 - - - - -] hyperv.mounted_disk_query_retry_interval = 5 log_opt_values /usr/lib/python3/dist-packages/oslo_config/cfg.py:2609
2026-02-16 00:38:58.384 173702 DEBUG nova.service [req-58887f75-c963-48b6-848a-e586276268cd - - - - -] Join ServiceGroup membership for this service scheduler start /usr/lib/python3/dist-packages/nova/service.py:199
2026-02-16 00:38:58.384 173299 DEBUG oslo_service.service [req-0dea65a4-056e-4db0-903f-d4f605326707 - - - - -] hyperv.power_state_check_timeframe = 60 log_opt_values /usr/lib/python3/dist-packages/oslo_config/cfg.py:2609
2026-02-16 00:38:58.384 173299 DEBUG oslo_service.service [req-0dea65a4-056e-4db0-903f-d4f605326707 - - - - -] hyperv.power_state_event_polling_interval = 2 log_opt_values /usr/lib/python3/dist-packages/oslo_config/cfg.py:2609
2026-02-16 00:38:58.384 173702 DEBUG nova.servicegroup.drivers.db [req-58887f75-c963-48b6-848a-e586276268cd - - - - -] DB_Driver: join new ServiceGroup member juju-cf141d-0-lxd-7 to the scheduler group, service = join /usr/lib/python3/dist-packages/nova/servicegroup/drivers/db.py:44
2026-02-16 00:38:58.384 173299 DEBUG oslo_service.service [req-0dea65a4-056e-4db0-903f-d4f605326707 - - - - -] hyperv.qemu_img_cmd = qemu-img.exe log_opt_values /usr/lib/python3/dist-packages/oslo_config/cfg.py:2609
2026-02-16 00:38:58.385 173299 DEBUG oslo_service.service [req-0dea65a4-056e-4db0-903f-d4f605326707 - - - - -] hyperv.use_multipath_io = False log_opt_values /usr/lib/python3/dist-packages/oslo_config/cfg.py:2609
2026-02-16 00:38:58.385 173299 DEBUG oslo_service.service [req-0dea65a4-056e-4db0-903f-d4f605326707 - - - - -] hyperv.volume_attach_retry_count = 10 log_opt_values /usr/lib/python3/dist-packages/oslo_config/cfg.py:2609
2026-02-16 00:38:58.385 173299 DEBUG oslo_service.service [req-0dea65a4-056e-4db0-903f-d4f605326707 - - - - -] hyperv.volume_attach_retry_interval = 5 log_opt_values /usr/lib/python3/dist-packages/oslo_config/cfg.py:2609
2026-02-16 00:38:58.385 173299 DEBUG oslo_service.service [req-0dea65a4-056e-4db0-903f-d4f605326707 - - - - -] hyperv.vswitch_name = None log_opt_values /usr/lib/python3/dist-packages/oslo_config/cfg.py:2609
2026-02-16 00:38:58.385 173299 DEBUG oslo_service.service [req-0dea65a4-056e-4db0-903f-d4f605326707 - - - - -] hyperv.wait_soft_reboot_seconds = 60 log_opt_values /usr/lib/python3/dist-packages/oslo_config/cfg.py:2609
2026-02-16 00:38:58.385 173299 DEBUG oslo_service.service [req-0dea65a4-056e-4db0-903f-d4f605326707 - - - - -] mks.enabled = False log_opt_values /usr/lib/python3/dist-packages/oslo_config/cfg.py:2609
2026-02-16 00:38:58.386 173299 DEBUG oslo_service.service [req-0dea65a4-056e-4db0-903f-d4f605326707 - - - - -] mks.mksproxy_base_url = http://127.0.0.1:6090/ log_opt_values /usr/lib/python3/dist-packages/oslo_config/cfg.py:2609
2026-02-16 00:38:58.386 173299 DEBUG oslo_service.service [req-0dea65a4-056e-4db0-903f-d4f605326707 - - - - -] image_cache.manager_interval = 2400 log_opt_values /usr/lib/python3/dist-packages/oslo_config/cfg.py:2609
2026-02-16 00:38:58.386 173299 DEBUG oslo_service.service [req-0dea65a4-056e-4db0-903f-d4f605326707 - - - - -] image_cache.precache_concurrency = 1 log_opt_values /usr/lib/python3/dist-packages/oslo_config/cfg.py:2609
2026-02-16 00:38:58.387 173299 DEBUG oslo_service.service [req-0dea65a4-056e-4db0-903f-d4f605326707 - - - - -] image_cache.remove_unused_base_images = True log_opt_values /usr/lib/python3/dist-packages/oslo_config/cfg.py:2609
2026-02-16 00:38:58.387 173702 DEBUG oslo_messaging._drivers.amqpdriver [-] AMQPListener connection timeout poll /usr/lib/python3/dist-packages/oslo_messaging/_drivers/amqpdriver.py:360
2026-02-16 00:38:58.387 173299 DEBUG oslo_service.service [req-0dea65a4-056e-4db0-903f-d4f605326707 - - - - -] image_cache.remove_unused_original_minimum_age_seconds = 86400 log_opt_values /usr/lib/python3/dist-packages/oslo_config/cfg.py:2609
2026-02-16 00:38:58.387 173299 DEBUG oslo_service.service [req-0dea65a4-056e-4db0-903f-d4f605326707 - - - - -] image_cache.remove_unused_resized_minimum_age_seconds = 3600 log_opt_values /usr/lib/python3/dist-packages/oslo_config/cfg.py:2609
2026-02-16 00:38:58.387 173702 DEBUG oslo_messaging._drivers.amqpdriver [-] Listener is running poll /usr/lib/python3/dist-packages/oslo_messaging/_drivers/amqpdriver.py:343
2026-02-16 00:38:58.387 173299 DEBUG oslo_service.service [req-0dea65a4-056e-4db0-903f-d4f605326707 - - - - -] image_cache.subdirectory_name = _base log_opt_values /usr/lib/python3/dist-packages/oslo_config/cfg.py:2609
2026-02-16 00:38:58.387 173702 DEBUG oslo_messaging._drivers.amqpdriver [-] AMQPListener connection consume poll /usr/lib/python3/dist-packages/oslo_messaging/_drivers/amqpdriver.py:357
2026-02-16 00:38:58.387 173299 DEBUG oslo_service.service [req-0dea65a4-056e-4db0-903f-d4f605326707 - - - - -] ironic.api_max_retries = 60 log_opt_values /usr/lib/python3/dist-packages/oslo_config/cfg.py:2609
2026-02-16 00:38:58.388 173299 DEBUG oslo_service.service [req-0dea65a4-056e-4db0-903f-d4f605326707 - - - - -] ironic.api_retry_interval = 2 log_opt_values /usr/lib/python3/dist-packages/oslo_config/cfg.py:2609
2026-02-16 00:38:58.388 173299 DEBUG oslo_service.service [req-0dea65a4-056e-4db0-903f-d4f605326707 - - - - -] ironic.auth_section = None log_opt_values /usr/lib/python3/dist-packages/oslo_config/cfg.py:2609
2026-02-16 00:38:58.388 173299 DEBUG oslo_service.service [req-0dea65a4-056e-4db0-903f-d4f605326707 - - - - -] ironic.auth_type = None log_opt_values /usr/lib/python3/dist-packages/oslo_config/cfg.py:2609
2026-02-16 00:38:58.388 173299 DEBUG oslo_service.service [req-0dea65a4-056e-4db0-903f-d4f605326707 - - - - -] ironic.cafile = None log_opt_values /usr/lib/python3/dist-packages/oslo_config/cfg.py:2609
2026-02-16 00:38:58.388 173299 DEBUG oslo_service.service [req-0dea65a4-056e-4db0-903f-d4f605326707 - - - - -] ironic.certfile = None log_opt_values /usr/lib/python3/dist-packages/oslo_config/cfg.py:2609
2026-02-16 00:38:58.388 173299 DEBUG oslo_service.service [req-0dea65a4-056e-4db0-903f-d4f605326707 - - - - -] ironic.collect_timing = False log_opt_values /usr/lib/python3/dist-packages/oslo_config/cfg.py:2609
2026-02-16 00:38:58.388 173299 DEBUG oslo_service.service [req-0dea65a4-056e-4db0-903f-d4f605326707 - - - - -] ironic.connect_retries = None log_opt_values /usr/lib/python3/dist-packages/oslo_config/cfg.py:2609
2026-02-16 00:38:58.389 173299 DEBUG oslo_service.service [req-0dea65a4-056e-4db0-903f-d4f605326707 - - - - -] ironic.connect_retry_delay = None log_opt_values /usr/lib/python3/dist-packages/oslo_config/cfg.py:2609
2026-02-16 00:38:58.389 173299 DEBUG oslo_service.service [req-0dea65a4-056e-4db0-903f-d4f605326707 - - - - -] ironic.endpoint_override = None log_opt_values /usr/lib/python3/dist-packages/oslo_config/cfg.py:2609
2026-02-16 00:38:58.389 173299 DEBUG oslo_service.service [req-0dea65a4-056e-4db0-903f-d4f605326707 - - - - -] ironic.insecure = False log_opt_values /usr/lib/python3/dist-packages/oslo_config/cfg.py:2609
2026-02-16 00:38:58.389 173299 DEBUG oslo_service.service [req-0dea65a4-056e-4db0-903f-d4f605326707 - - - - -] ironic.keyfile = None log_opt_values /usr/lib/python3/dist-packages/oslo_config/cfg.py:2609
2026-02-16 00:38:58.389 173299 DEBUG oslo_service.service [req-0dea65a4-056e-4db0-903f-d4f605326707 - - - - -] ironic.max_version = None log_opt_values /usr/lib/python3/dist-packages/oslo_config/cfg.py:2609
2026-02-16 00:38:58.389 173299 DEBUG oslo_service.service [req-0dea65a4-056e-4db0-903f-d4f605326707 - - - - -] ironic.min_version = None log_opt_values /usr/lib/python3/dist-packages/oslo_config/cfg.py:2609
2026-02-16 00:38:58.390 173299 DEBUG oslo_service.service [req-0dea65a4-056e-4db0-903f-d4f605326707 - - - - -] ironic.partition_key = None log_opt_values /usr/lib/python3/dist-packages/oslo_config/cfg.py:2609
2026-02-16 00:38:58.390 173299 DEBUG oslo_service.service [req-0dea65a4-056e-4db0-903f-d4f605326707 - - - - -] ironic.peer_list = [] log_opt_values /usr/lib/python3/dist-packages/oslo_config/cfg.py:2609
2026-02-16 00:38:58.390 173299 DEBUG oslo_service.service [req-0dea65a4-056e-4db0-903f-d4f605326707 - - - - -] ironic.region_name = None log_opt_values /usr/lib/python3/dist-packages/oslo_config/cfg.py:2609
2026-02-16 00:38:58.390 173299 DEBUG oslo_service.service [req-0dea65a4-056e-4db0-903f-d4f605326707 - - - - -] ironic.serial_console_state_timeout = 10 log_opt_values /usr/lib/python3/dist-packages/oslo_config/cfg.py:2609
2026-02-16 00:38:58.390 173299 DEBUG oslo_service.service [req-0dea65a4-056e-4db0-903f-d4f605326707 - - - - -] ironic.service_name = None log_opt_values /usr/lib/python3/dist-packages/oslo_config/cfg.py:2609
2026-02-16 00:38:58.390 173299 DEBUG oslo_service.service [req-0dea65a4-056e-4db0-903f-d4f605326707 - - - - -] ironic.service_type = baremetal log_opt_values /usr/lib/python3/dist-packages/oslo_config/cfg.py:2609
2026-02-16 00:38:58.390 173299 DEBUG oslo_service.service [req-0dea65a4-056e-4db0-903f-d4f605326707 - - - - -] ironic.split_loggers = False log_opt_values /usr/lib/python3/dist-packages/oslo_config/cfg.py:2609
2026-02-16 00:38:58.391 173299 DEBUG oslo_service.service [req-0dea65a4-056e-4db0-903f-d4f605326707 - - - - -] ironic.status_code_retries = None log_opt_values /usr/lib/python3/dist-packages/oslo_config/cfg.py:2609
2026-02-16 00:38:58.391 173299 DEBUG oslo_service.service [req-0dea65a4-056e-4db0-903f-d4f605326707 - - - - -] ironic.status_code_retry_delay = None log_opt_values /usr/lib/python3/dist-packages/oslo_config/cfg.py:2609
2026-02-16 00:38:58.391 173299 DEBUG oslo_service.service [req-0dea65a4-056e-4db0-903f-d4f605326707 - - - - -] ironic.timeout = None log_opt_values /usr/lib/python3/dist-packages/oslo_config/cfg.py:2609
2026-02-16 00:38:58.391 173299 DEBUG oslo_service.service [req-0dea65a4-056e-4db0-903f-d4f605326707 - - - - -] ironic.valid_interfaces = ['internal', 'public'] log_opt_values /usr/lib/python3/dist-packages/oslo_config/cfg.py:2609
2026-02-16 00:38:58.391 173299 DEBUG oslo_service.service [req-0dea65a4-056e-4db0-903f-d4f605326707 - - - - -] ironic.version = None log_opt_values /usr/lib/python3/dist-packages/oslo_config/cfg.py:2609
2026-02-16 00:38:58.391 173299 DEBUG oslo_service.service [req-0dea65a4-056e-4db0-903f-d4f605326707 - - - - -] key_manager.backend = barbican log_opt_values /usr/lib/python3/dist-packages/oslo_config/cfg.py:2609
2026-02-16 00:38:58.392 173299 DEBUG oslo_service.service [req-0dea65a4-056e-4db0-903f-d4f605326707 - - - - -] key_manager.fixed_key = **** log_opt_values /usr/lib/python3/dist-packages/oslo_config/cfg.py:2609
2026-02-16 00:38:58.392 173299 DEBUG oslo_service.service [req-0dea65a4-056e-4db0-903f-d4f605326707 - - - - -] barbican.auth_endpoint = http://localhost/identity/v3 log_opt_values /usr/lib/python3/dist-packages/oslo_config/cfg.py:2609
2026-02-16 00:38:58.392 173299 DEBUG oslo_service.service [req-0dea65a4-056e-4db0-903f-d4f605326707 - - - - -] barbican.barbican_api_version = None log_opt_values /usr/lib/python3/dist-packages/oslo_config/cfg.py:2609
2026-02-16 00:38:58.392 173299 DEBUG oslo_service.service [req-0dea65a4-056e-4db0-903f-d4f605326707 - - - - -] barbican.barbican_endpoint = None log_opt_values /usr/lib/python3/dist-packages/oslo_config/cfg.py:2609
2026-02-16 00:38:58.392 173299 DEBUG oslo_service.service [req-0dea65a4-056e-4db0-903f-d4f605326707 - - - - -] barbican.barbican_endpoint_type = public log_opt_values /usr/lib/python3/dist-packages/oslo_config/cfg.py:2609
2026-02-16 00:38:58.392 173299 DEBUG oslo_service.service [req-0dea65a4-056e-4db0-903f-d4f605326707 - - - - -] barbican.barbican_region_name = None log_opt_values /usr/lib/python3/dist-packages/oslo_config/cfg.py:2609
2026-02-16 00:38:58.393 173299 DEBUG oslo_service.service [req-0dea65a4-056e-4db0-903f-d4f605326707 - - - - -] barbican.cafile = None log_opt_values /usr/lib/python3/dist-packages/oslo_config/cfg.py:2609
2026-02-16 00:38:58.393 173299 DEBUG oslo_service.service [req-0dea65a4-056e-4db0-903f-d4f605326707 - - - - -] barbican.certfile = None log_opt_values /usr/lib/python3/dist-packages/oslo_config/cfg.py:2609
2026-02-16 00:38:58.393 173299 DEBUG oslo_service.service [req-0dea65a4-056e-4db0-903f-d4f605326707 - - - - -] barbican.collect_timing = False log_opt_values /usr/lib/python3/dist-packages/oslo_config/cfg.py:2609
2026-02-16 00:38:58.393 173299 DEBUG oslo_service.service [req-0dea65a4-056e-4db0-903f-d4f605326707 - - - - -] barbican.insecure = False log_opt_values /usr/lib/python3/dist-packages/oslo_config/cfg.py:2609
2026-02-16 00:38:58.393 173299 DEBUG oslo_service.service [req-0dea65a4-056e-4db0-903f-d4f605326707 - - - - -] barbican.keyfile = None log_opt_values /usr/lib/python3/dist-packages/oslo_config/cfg.py:2609
2026-02-16 00:38:58.393 173299 DEBUG oslo_service.service [req-0dea65a4-056e-4db0-903f-d4f605326707 - - - - -] barbican.number_of_retries = 60 log_opt_values /usr/lib/python3/dist-packages/oslo_config/cfg.py:2609
2026-02-16 00:38:58.393 173299 DEBUG oslo_service.service [req-0dea65a4-056e-4db0-903f-d4f605326707 - - - - -] barbican.retry_delay = 1 log_opt_values /usr/lib/python3/dist-packages/oslo_config/cfg.py:2609
2026-02-16 00:38:58.394 173299 DEBUG oslo_service.service [req-0dea65a4-056e-4db0-903f-d4f605326707 - - - - -] barbican.send_service_user_token = False log_opt_values /usr/lib/python3/dist-packages/oslo_config/cfg.py:2609
2026-02-16 00:38:58.394 173299 DEBUG oslo_service.service [req-0dea65a4-056e-4db0-903f-d4f605326707 - - - - -] barbican.split_loggers = False log_opt_values /usr/lib/python3/dist-packages/oslo_config/cfg.py:2609
2026-02-16 00:38:58.394 173299 DEBUG oslo_service.service [req-0dea65a4-056e-4db0-903f-d4f605326707 - - - - -] barbican.timeout = None log_opt_values /usr/lib/python3/dist-packages/oslo_config/cfg.py:2609
2026-02-16 00:38:58.394 173299 DEBUG oslo_service.service [req-0dea65a4-056e-4db0-903f-d4f605326707 - - - - -] barbican.verify_ssl = True log_opt_values /usr/lib/python3/dist-packages/oslo_config/cfg.py:2609
2026-02-16 00:38:58.394 173299 DEBUG oslo_service.service [req-0dea65a4-056e-4db0-903f-d4f605326707 - - - - -] barbican.verify_ssl_path = None log_opt_values /usr/lib/python3/dist-packages/oslo_config/cfg.py:2609
2026-02-16 00:38:58.394 173299 DEBUG oslo_service.service [req-0dea65a4-056e-4db0-903f-d4f605326707 - - - - -] barbican_service_user.auth_section = None log_opt_values /usr/lib/python3/dist-packages/oslo_config/cfg.py:2609
2026-02-16 00:38:58.395 173299 DEBUG oslo_service.service [req-0dea65a4-056e-4db0-903f-d4f605326707 - - - - -] barbican_service_user.auth_type = None log_opt_values /usr/lib/python3/dist-packages/oslo_config/cfg.py:2609
2026-02-16 00:38:58.395 173299 DEBUG oslo_service.service [req-0dea65a4-056e-4db0-903f-d4f605326707 - - - - -] barbican_service_user.cafile = None log_opt_values /usr/lib/python3/dist-packages/oslo_config/cfg.py:2609
2026-02-16 00:38:58.395 173299 DEBUG oslo_service.service [req-0dea65a4-056e-4db0-903f-d4f605326707 - - - - -] barbican_service_user.certfile = None log_opt_values /usr/lib/python3/dist-packages/oslo_config/cfg.py:2609
2026-02-16 00:38:58.395 173299 DEBUG oslo_service.service [req-0dea65a4-056e-4db0-903f-d4f605326707 - - - - -] barbican_service_user.collect_timing = False log_opt_values /usr/lib/python3/dist-packages/oslo_config/cfg.py:2609
2026-02-16 00:38:58.395 173299 DEBUG oslo_service.service [req-0dea65a4-056e-4db0-903f-d4f605326707 - - - - -] barbican_service_user.insecure = False log_opt_values /usr/lib/python3/dist-packages/oslo_config/cfg.py:2609
2026-02-16 00:38:58.395 173299 DEBUG oslo_service.service [req-0dea65a4-056e-4db0-903f-d4f605326707 - - - - -] barbican_service_user.keyfile = None log_opt_values /usr/lib/python3/dist-packages/oslo_config/cfg.py:2609
2026-02-16 00:38:58.395 173701 DEBUG oslo_messaging._drivers.amqpdriver [-] Listener is running poll /usr/lib/python3/dist-packages/oslo_messaging/_drivers/amqpdriver.py:343
2026-02-16 00:38:58.395 173299 DEBUG oslo_service.service [req-0dea65a4-056e-4db0-903f-d4f605326707 - - - - -] barbican_service_user.split_loggers = False log_opt_values /usr/lib/python3/dist-packages/oslo_config/cfg.py:2609
2026-02-16 00:38:58.396 173701 DEBUG oslo_messaging._drivers.amqpdriver [-] AMQPListener connection consume poll /usr/lib/python3/dist-packages/oslo_messaging/_drivers/amqpdriver.py:357
2026-02-16 00:38:58.396 173299 DEBUG oslo_service.service [req-0dea65a4-056e-4db0-903f-d4f605326707 - - - - -] barbican_service_user.timeout = None log_opt_values /usr/lib/python3/dist-packages/oslo_config/cfg.py:2609
2026-02-16 00:38:58.396 173299 DEBUG oslo_service.service [req-0dea65a4-056e-4db0-903f-d4f605326707 - - - - -] vault.approle_role_id = None log_opt_values /usr/lib/python3/dist-packages/oslo_config/cfg.py:2609
2026-02-16 00:38:58.396 173299 DEBUG oslo_service.service [req-0dea65a4-056e-4db0-903f-d4f605326707 - - - - -] vault.approle_secret_id = None log_opt_values /usr/lib/python3/dist-packages/oslo_config/cfg.py:2609
2026-02-16 00:38:58.396 173299 DEBUG oslo_service.service [req-0dea65a4-056e-4db0-903f-d4f605326707 - - - - -] vault.cafile = None log_opt_values /usr/lib/python3/dist-packages/oslo_config/cfg.py:2609
2026-02-16 00:38:58.396 173299 DEBUG oslo_service.service [req-0dea65a4-056e-4db0-903f-d4f605326707 - - - - -] vault.certfile = None log_opt_values /usr/lib/python3/dist-packages/oslo_config/cfg.py:2609
2026-02-16 00:38:58.396 173701 DEBUG nova.service [req-e59d420e-9190-4278-af66-3ad9b54edc76 - - - - -] Join ServiceGroup membership for this service scheduler start /usr/lib/python3/dist-packages/nova/service.py:199
2026-02-16 00:38:58.396 173299 DEBUG oslo_service.service [req-0dea65a4-056e-4db0-903f-d4f605326707 - - - - -] vault.collect_timing = False log_opt_values /usr/lib/python3/dist-packages/oslo_config/cfg.py:2609
2026-02-16 00:38:58.396 173701 DEBUG nova.servicegroup.drivers.db [req-e59d420e-9190-4278-af66-3ad9b54edc76 - - - - -] DB_Driver: join new ServiceGroup member juju-cf141d-0-lxd-7 to the scheduler group, service = join /usr/lib/python3/dist-packages/nova/servicegroup/drivers/db.py:44
2026-02-16 00:38:58.397 173299 DEBUG oslo_service.service [req-0dea65a4-056e-4db0-903f-d4f605326707 - - - - -] vault.insecure = False log_opt_values /usr/lib/python3/dist-packages/oslo_config/cfg.py:2609
2026-02-16 00:38:58.397 173299 DEBUG oslo_service.service [req-0dea65a4-056e-4db0-903f-d4f605326707 - - - - -] vault.keyfile = None log_opt_values /usr/lib/python3/dist-packages/oslo_config/cfg.py:2609
2026-02-16 00:38:58.397 173299 DEBUG oslo_service.service [req-0dea65a4-056e-4db0-903f-d4f605326707 - - - - -] vault.kv_mountpoint = secret log_opt_values /usr/lib/python3/dist-packages/oslo_config/cfg.py:2609
2026-02-16 00:38:58.397 173299 DEBUG oslo_service.service [req-0dea65a4-056e-4db0-903f-d4f605326707 - - - - -] vault.kv_version = 2 log_opt_values /usr/lib/python3/dist-packages/oslo_config/cfg.py:2609
2026-02-16 00:38:58.397 173299 DEBUG oslo_service.service [req-0dea65a4-056e-4db0-903f-d4f605326707 - - - - -] vault.namespace = None log_opt_values /usr/lib/python3/dist-packages/oslo_config/cfg.py:2609
2026-02-16 00:38:58.397 173299 DEBUG oslo_service.service [req-0dea65a4-056e-4db0-903f-d4f605326707 - - - - -] vault.root_token_id = None log_opt_values /usr/lib/python3/dist-packages/oslo_config/cfg.py:2609
2026-02-16 00:38:58.397 173299 DEBUG oslo_service.service [req-0dea65a4-056e-4db0-903f-d4f605326707 - - - - -] vault.split_loggers = False log_opt_values /usr/lib/python3/dist-packages/oslo_config/cfg.py:2609
2026-02-16 00:38:58.398 173299 DEBUG oslo_service.service [req-0dea65a4-056e-4db0-903f-d4f605326707 - - - - -] vault.ssl_ca_crt_file = None log_opt_values /usr/lib/python3/dist-packages/oslo_config/cfg.py:2609
2026-02-16 00:38:58.398 173299 DEBUG oslo_service.service [req-0dea65a4-056e-4db0-903f-d4f605326707 - - - - -] vault.timeout = None log_opt_values /usr/lib/python3/dist-packages/oslo_config/cfg.py:2609
2026-02-16 00:38:58.398 173299 DEBUG oslo_service.service [req-0dea65a4-056e-4db0-903f-d4f605326707 - - - - -] vault.use_ssl = False log_opt_values /usr/lib/python3/dist-packages/oslo_config/cfg.py:2609
2026-02-16 00:38:58.398 173299 DEBUG oslo_service.service [req-0dea65a4-056e-4db0-903f-d4f605326707 - - - - -] vault.vault_url = http://127.0.0.1:8200 log_opt_values /usr/lib/python3/dist-packages/oslo_config/cfg.py:2609
2026-02-16 00:38:58.398 173299 DEBUG oslo_service.service [req-0dea65a4-056e-4db0-903f-d4f605326707 - - - - -] keystone.cafile = None log_opt_values /usr/lib/python3/dist-packages/oslo_config/cfg.py:2609
2026-02-16 00:38:58.399 173299 DEBUG oslo_service.service [req-0dea65a4-056e-4db0-903f-d4f605326707 - - - - -] keystone.certfile = None log_opt_values /usr/lib/python3/dist-packages/oslo_config/cfg.py:2609
2026-02-16 00:38:58.399 173299 DEBUG oslo_service.service [req-0dea65a4-056e-4db0-903f-d4f605326707 - - - - -] keystone.collect_timing = False log_opt_values /usr/lib/python3/dist-packages/oslo_config/cfg.py:2609
2026-02-16 00:38:58.399 173701 DEBUG oslo_messaging._drivers.amqpdriver [-] AMQPListener connection timeout poll /usr/lib/python3/dist-packages/oslo_messaging/_drivers/amqpdriver.py:360
2026-02-16 00:38:58.399 173299 DEBUG oslo_service.service [req-0dea65a4-056e-4db0-903f-d4f605326707 - - - - -] keystone.connect_retries = None log_opt_values /usr/lib/python3/dist-packages/oslo_config/cfg.py:2609
2026-02-16 00:38:58.399 173701 DEBUG oslo_messaging._drivers.amqpdriver [-] Listener is running poll /usr/lib/python3/dist-packages/oslo_messaging/_drivers/amqpdriver.py:343
2026-02-16 00:38:58.399 173299 DEBUG oslo_service.service [req-0dea65a4-056e-4db0-903f-d4f605326707 - - - - -] keystone.connect_retry_delay = None log_opt_values /usr/lib/python3/dist-packages/oslo_config/cfg.py:2609
2026-02-16 00:38:58.399 173701 DEBUG oslo_messaging._drivers.amqpdriver [-] AMQPListener connection consume poll /usr/lib/python3/dist-packages/oslo_messaging/_drivers/amqpdriver.py:357
2026-02-16 00:38:58.399 173299 DEBUG oslo_service.service [req-0dea65a4-056e-4db0-903f-d4f605326707 - - - - -] keystone.endpoint_override = None log_opt_values /usr/lib/python3/dist-packages/oslo_config/cfg.py:2609
2026-02-16 00:38:58.399 173299 DEBUG oslo_service.service [req-0dea65a4-056e-4db0-903f-d4f605326707 - - - - -] keystone.insecure = False log_opt_values /usr/lib/python3/dist-packages/oslo_config/cfg.py:2609
2026-02-16 00:38:58.399 173299 DEBUG oslo_service.service [req-0dea65a4-056e-4db0-903f-d4f605326707 - - - - -] keystone.keyfile = None log_opt_values /usr/lib/python3/dist-packages/oslo_config/cfg.py:2609
2026-02-16 00:38:58.400 173299 DEBUG oslo_service.service [req-0dea65a4-056e-4db0-903f-d4f605326707 - - - - -] keystone.max_version = None log_opt_values /usr/lib/python3/dist-packages/oslo_config/cfg.py:2609
2026-02-16 00:38:58.400 173299 DEBUG oslo_service.service [req-0dea65a4-056e-4db0-903f-d4f605326707 - - - - -] keystone.min_version = None log_opt_values /usr/lib/python3/dist-packages/oslo_config/cfg.py:2609
2026-02-16 00:38:58.400 173299 DEBUG oslo_service.service [req-0dea65a4-056e-4db0-903f-d4f605326707 - - - - -] keystone.region_name = None log_opt_values /usr/lib/python3/dist-packages/oslo_config/cfg.py:2609
2026-02-16 00:38:58.400 173299 DEBUG oslo_service.service [req-0dea65a4-056e-4db0-903f-d4f605326707 - - - - -] keystone.service_name = None log_opt_values /usr/lib/python3/dist-packages/oslo_config/cfg.py:2609
2026-02-16 00:38:58.400 173299 DEBUG oslo_service.service [req-0dea65a4-056e-4db0-903f-d4f605326707 - - - - -] keystone.service_type = identity log_opt_values /usr/lib/python3/dist-packages/oslo_config/cfg.py:2609
2026-02-16 00:38:58.400 173299 DEBUG oslo_service.service [req-0dea65a4-056e-4db0-903f-d4f605326707 - - - - -] keystone.split_loggers = False log_opt_values /usr/lib/python3/dist-packages/oslo_config/cfg.py:2609
2026-02-16 00:38:58.400 173299 DEBUG oslo_service.service [req-0dea65a4-056e-4db0-903f-d4f605326707 - - - - -] keystone.status_code_retries = None log_opt_values /usr/lib/python3/dist-packages/oslo_config/cfg.py:2609
2026-02-16 00:38:58.401 173299 DEBUG oslo_service.service [req-0dea65a4-056e-4db0-903f-d4f605326707 - - - - -] keystone.status_code_retry_delay = None log_opt_values /usr/lib/python3/dist-packages/oslo_config/cfg.py:2609
2026-02-16 00:38:58.401 173299 DEBUG oslo_service.service [req-0dea65a4-056e-4db0-903f-d4f605326707 - - - - -] keystone.timeout = None log_opt_values /usr/lib/python3/dist-packages/oslo_config/cfg.py:2609
2026-02-16 00:38:58.401 173299 DEBUG oslo_service.service [req-0dea65a4-056e-4db0-903f-d4f605326707 - - - - -] keystone.valid_interfaces = ['internal', 'public'] log_opt_values /usr/lib/python3/dist-packages/oslo_config/cfg.py:2609
2026-02-16 00:38:58.401 173299 DEBUG oslo_service.service [req-0dea65a4-056e-4db0-903f-d4f605326707 - - - - -] keystone.version = None log_opt_values /usr/lib/python3/dist-packages/oslo_config/cfg.py:2609
2026-02-16 00:38:58.401 173299 DEBUG oslo_service.service [req-0dea65a4-056e-4db0-903f-d4f605326707 - - - - -] libvirt.connection_uri = log_opt_values /usr/lib/python3/dist-packages/oslo_config/cfg.py:2609
2026-02-16 00:38:58.401 173299 DEBUG oslo_service.service [req-0dea65a4-056e-4db0-903f-d4f605326707 - - - - -] libvirt.cpu_mode = None log_opt_values /usr/lib/python3/dist-packages/oslo_config/cfg.py:2609
2026-02-16 00:38:58.402 173299 DEBUG oslo_service.service [req-0dea65a4-056e-4db0-903f-d4f605326707 - - - - -] libvirt.cpu_model_extra_flags = [] log_opt_values /usr/lib/python3/dist-packages/oslo_config/cfg.py:2609
2026-02-16 00:38:58.402 173299 DEBUG oslo_service.service [req-0dea65a4-056e-4db0-903f-d4f605326707 - - - - -] libvirt.cpu_models = [] log_opt_values /usr/lib/python3/dist-packages/oslo_config/cfg.py:2609
2026-02-16 00:38:58.402 173299 DEBUG oslo_service.service [req-0dea65a4-056e-4db0-903f-d4f605326707 - - - - -] libvirt.device_detach_attempts = 8 log_opt_values /usr/lib/python3/dist-packages/oslo_config/cfg.py:2609
2026-02-16 00:38:58.403 173299 DEBUG oslo_service.service [req-0dea65a4-056e-4db0-903f-d4f605326707 - - - - -] libvirt.device_detach_timeout = 20 log_opt_values /usr/lib/python3/dist-packages/oslo_config/cfg.py:2609
2026-02-16 00:38:58.403 173299 DEBUG oslo_service.service [req-0dea65a4-056e-4db0-903f-d4f605326707 - - - - -] libvirt.disk_cachemodes = [] log_opt_values /usr/lib/python3/dist-packages/oslo_config/cfg.py:2609
2026-02-16 00:38:58.403 173299 DEBUG oslo_service.service [req-0dea65a4-056e-4db0-903f-d4f605326707 - - - - -] libvirt.disk_prefix = None log_opt_values /usr/lib/python3/dist-packages/oslo_config/cfg.py:2609
2026-02-16 00:38:58.403 173299 DEBUG oslo_service.service [req-0dea65a4-056e-4db0-903f-d4f605326707 - - - - -] libvirt.enabled_perf_events = [] log_opt_values /usr/lib/python3/dist-packages/oslo_config/cfg.py:2609
2026-02-16 00:38:58.403 173299 DEBUG oslo_service.service [req-0dea65a4-056e-4db0-903f-d4f605326707 - - - - -] libvirt.file_backed_memory = 0 log_opt_values /usr/lib/python3/dist-packages/oslo_config/cfg.py:2609
2026-02-16 00:38:58.404 173299 DEBUG oslo_service.service [req-0dea65a4-056e-4db0-903f-d4f605326707 - - - - -] libvirt.gid_maps = [] log_opt_values /usr/lib/python3/dist-packages/oslo_config/cfg.py:2609
2026-02-16 00:38:58.404 173299 DEBUG oslo_service.service [req-0dea65a4-056e-4db0-903f-d4f605326707 - - - - -] libvirt.hw_disk_discard = None log_opt_values /usr/lib/python3/dist-packages/oslo_config/cfg.py:2609
2026-02-16 00:38:58.404 173299 DEBUG oslo_service.service [req-0dea65a4-056e-4db0-903f-d4f605326707 - - - - -] libvirt.hw_machine_type = None log_opt_values /usr/lib/python3/dist-packages/oslo_config/cfg.py:2609
2026-02-16 00:38:58.404 173299 DEBUG oslo_service.service [req-0dea65a4-056e-4db0-903f-d4f605326707 - - - - -] libvirt.images_rbd_ceph_conf = log_opt_values /usr/lib/python3/dist-packages/oslo_config/cfg.py:2609
2026-02-16 00:38:58.404 173299 DEBUG oslo_service.service [req-0dea65a4-056e-4db0-903f-d4f605326707 - - - - -] libvirt.images_rbd_glance_copy_poll_interval = 15 log_opt_values /usr/lib/python3/dist-packages/oslo_config/cfg.py:2609
2026-02-16 00:38:58.404 173299 DEBUG oslo_service.service [req-0dea65a4-056e-4db0-903f-d4f605326707 - - - - -] libvirt.images_rbd_glance_copy_timeout = 600 log_opt_values /usr/lib/python3/dist-packages/oslo_config/cfg.py:2609
2026-02-16 00:38:58.405 173299 DEBUG oslo_service.service [req-0dea65a4-056e-4db0-903f-d4f605326707 - - - - -] libvirt.images_rbd_glance_store_name = log_opt_values /usr/lib/python3/dist-packages/oslo_config/cfg.py:2609
2026-02-16 00:38:58.405 173299 DEBUG oslo_service.service [req-0dea65a4-056e-4db0-903f-d4f605326707 - - - - -] libvirt.images_rbd_pool = rbd log_opt_values /usr/lib/python3/dist-packages/oslo_config/cfg.py:2609
2026-02-16 00:38:58.405 173299 DEBUG oslo_service.service [req-0dea65a4-056e-4db0-903f-d4f605326707 - - - - -] libvirt.images_type = default log_opt_values /usr/lib/python3/dist-packages/oslo_config/cfg.py:2609
2026-02-16 00:38:58.405 173299 DEBUG oslo_service.service [req-0dea65a4-056e-4db0-903f-d4f605326707 - - - - -] libvirt.images_volume_group = None log_opt_values /usr/lib/python3/dist-packages/oslo_config/cfg.py:2609
2026-02-16 00:38:58.405 173299 DEBUG oslo_service.service [req-0dea65a4-056e-4db0-903f-d4f605326707 - - - - -] libvirt.inject_key = False log_opt_values /usr/lib/python3/dist-packages/oslo_config/cfg.py:2609
2026-02-16 00:38:58.405 173299 DEBUG oslo_service.service [req-0dea65a4-056e-4db0-903f-d4f605326707 - - - - -] libvirt.inject_partition = -2 log_opt_values /usr/lib/python3/dist-packages/oslo_config/cfg.py:2609
2026-02-16 00:38:58.406 173299 DEBUG oslo_service.service [req-0dea65a4-056e-4db0-903f-d4f605326707 - - - - -] libvirt.inject_password = False log_opt_values /usr/lib/python3/dist-packages/oslo_config/cfg.py:2609
2026-02-16 00:38:58.406 173299 DEBUG oslo_service.service [req-0dea65a4-056e-4db0-903f-d4f605326707 - - - - -] libvirt.iscsi_iface = None log_opt_values /usr/lib/python3/dist-packages/oslo_config/cfg.py:2609
2026-02-16 00:38:58.406 173299 DEBUG oslo_service.service [req-0dea65a4-056e-4db0-903f-d4f605326707 - - - - -] libvirt.iser_use_multipath = False log_opt_values /usr/lib/python3/dist-packages/oslo_config/cfg.py:2609
2026-02-16 00:38:58.406 173299 DEBUG oslo_service.service [req-0dea65a4-056e-4db0-903f-d4f605326707 - - - - -] libvirt.live_migration_bandwidth = 0 log_opt_values /usr/lib/python3/dist-packages/oslo_config/cfg.py:2609
2026-02-16 00:38:58.406 173299 DEBUG oslo_service.service [req-0dea65a4-056e-4db0-903f-d4f605326707 - - - - -] libvirt.live_migration_completion_timeout = 800 log_opt_values /usr/lib/python3/dist-packages/oslo_config/cfg.py:2609
2026-02-16 00:38:58.406 173299 DEBUG oslo_service.service [req-0dea65a4-056e-4db0-903f-d4f605326707 - - - - -] libvirt.live_migration_downtime = 500 log_opt_values /usr/lib/python3/dist-packages/oslo_config/cfg.py:2609
2026-02-16 00:38:58.407 173299 DEBUG oslo_service.service [req-0dea65a4-056e-4db0-903f-d4f605326707 - - - - -] libvirt.live_migration_downtime_delay = 75 log_opt_values /usr/lib/python3/dist-packages/oslo_config/cfg.py:2609
2026-02-16 00:38:58.407 173299 DEBUG oslo_service.service [req-0dea65a4-056e-4db0-903f-d4f605326707 - - - - -] libvirt.live_migration_downtime_steps = 10 log_opt_values /usr/lib/python3/dist-packages/oslo_config/cfg.py:2609
2026-02-16 00:38:58.407 173299 DEBUG oslo_service.service [req-0dea65a4-056e-4db0-903f-d4f605326707 - - - - -] libvirt.live_migration_inbound_addr = None log_opt_values /usr/lib/python3/dist-packages/oslo_config/cfg.py:2609
2026-02-16 00:38:58.407 173299 DEBUG oslo_service.service [req-0dea65a4-056e-4db0-903f-d4f605326707 - - - - -] libvirt.live_migration_permit_auto_converge = False log_opt_values /usr/lib/python3/dist-packages/oslo_config/cfg.py:2609
2026-02-16 00:38:58.407 173299 DEBUG oslo_service.service [req-0dea65a4-056e-4db0-903f-d4f605326707 - - - - -] libvirt.live_migration_permit_post_copy = False log_opt_values /usr/lib/python3/dist-packages/oslo_config/cfg.py:2609
2026-02-16 00:38:58.407 173299 DEBUG oslo_service.service [req-0dea65a4-056e-4db0-903f-d4f605326707 - - - - -] libvirt.live_migration_scheme = None log_opt_values /usr/lib/python3/dist-packages/oslo_config/cfg.py:2609
2026-02-16 00:38:58.407 173299 DEBUG oslo_service.service [req-0dea65a4-056e-4db0-903f-d4f605326707 - - - - -] libvirt.live_migration_timeout_action = abort log_opt_values /usr/lib/python3/dist-packages/oslo_config/cfg.py:2609
2026-02-16 00:38:58.408 173299 DEBUG oslo_service.service [req-0dea65a4-056e-4db0-903f-d4f605326707 - - - - -] libvirt.live_migration_tunnelled = False log_opt_values /usr/lib/python3/dist-packages/oslo_config/cfg.py:2609
2026-02-16 00:38:58.408 173299 DEBUG oslo_service.service [req-0dea65a4-056e-4db0-903f-d4f605326707 - - - - -] libvirt.live_migration_uri = None log_opt_values /usr/lib/python3/dist-packages/oslo_config/cfg.py:2609
2026-02-16 00:38:58.408 173299 DEBUG oslo_service.service [req-0dea65a4-056e-4db0-903f-d4f605326707 - - - - -] libvirt.live_migration_with_native_tls = False log_opt_values /usr/lib/python3/dist-packages/oslo_config/cfg.py:2609
2026-02-16 00:38:58.408 173299 DEBUG oslo_service.service [req-0dea65a4-056e-4db0-903f-d4f605326707 - - - - -] libvirt.max_queues = None log_opt_values /usr/lib/python3/dist-packages/oslo_config/cfg.py:2609
2026-02-16 00:38:58.408 173299 DEBUG oslo_service.service [req-0dea65a4-056e-4db0-903f-d4f605326707 - - - - -] libvirt.mem_stats_period_seconds = 10 log_opt_values /usr/lib/python3/dist-packages/oslo_config/cfg.py:2609
2026-02-16 00:38:58.408 173299 DEBUG oslo_service.service [req-0dea65a4-056e-4db0-903f-d4f605326707 - - - - -] libvirt.nfs_mount_options = None log_opt_values /usr/lib/python3/dist-packages/oslo_config/cfg.py:2609
2026-02-16 00:38:58.409 173299 DEBUG oslo_service.service [req-0dea65a4-056e-4db0-903f-d4f605326707 - - - - -] libvirt.nfs_mount_point_base = /var/lib/nova/mnt log_opt_values /usr/lib/python3/dist-packages/oslo_config/cfg.py:2609
2026-02-16 00:38:58.409 173299 DEBUG oslo_service.service [req-0dea65a4-056e-4db0-903f-d4f605326707 - - - - -] libvirt.num_aoe_discover_tries = 3 log_opt_values /usr/lib/python3/dist-packages/oslo_config/cfg.py:2609
2026-02-16 00:38:58.409 173299 DEBUG oslo_service.service [req-0dea65a4-056e-4db0-903f-d4f605326707 - - - - -] libvirt.num_iser_scan_tries = 5 log_opt_values /usr/lib/python3/dist-packages/oslo_config/cfg.py:2609
2026-02-16 00:38:58.409 173299 DEBUG oslo_service.service [req-0dea65a4-056e-4db0-903f-d4f605326707 - - - - -] libvirt.num_memory_encrypted_guests = None log_opt_values /usr/lib/python3/dist-packages/oslo_config/cfg.py:2609
2026-02-16 00:38:58.409 173299 DEBUG oslo_service.service [req-0dea65a4-056e-4db0-903f-d4f605326707 - - - - -] libvirt.num_nvme_discover_tries = 5 log_opt_values /usr/lib/python3/dist-packages/oslo_config/cfg.py:2609
