2026-02-16 00:37:12.935 152458 DEBUG oslo_service.service [req-3169f091-124f-4cba-b208-b6f718f29345 - - - - -] oslo_limit.status_code_retry_delay = None log_opt_values /usr/lib/python3/dist-packages/oslo_config/cfg.py:2609
2026-02-16 00:37:12.936 152458 DEBUG oslo_service.service [req-3169f091-124f-4cba-b208-b6f718f29345 - - - - -] oslo_limit.timeout = None log_opt_values /usr/lib/python3/dist-packages/oslo_config/cfg.py:2609
2026-02-16 00:37:12.936 152458 DEBUG oslo_service.service [req-3169f091-124f-4cba-b208-b6f718f29345 - - - - -] oslo_limit.valid_interfaces = None log_opt_values /usr/lib/python3/dist-packages/oslo_config/cfg.py:2609
2026-02-16 00:37:12.936 152458 DEBUG oslo_service.service [req-3169f091-124f-4cba-b208-b6f718f29345 - - - - -] oslo_limit.version = None log_opt_values /usr/lib/python3/dist-packages/oslo_config/cfg.py:2609
2026-02-16 00:37:12.936 152458 DEBUG oslo_service.service [req-3169f091-124f-4cba-b208-b6f718f29345 - - - - -] oslo_reports.file_event_handler = None log_opt_values /usr/lib/python3/dist-packages/oslo_config/cfg.py:2609
2026-02-16 00:37:12.936 152458 DEBUG oslo_service.service [req-3169f091-124f-4cba-b208-b6f718f29345 - - - - -] oslo_reports.file_event_handler_interval = 1 log_opt_values /usr/lib/python3/dist-packages/oslo_config/cfg.py:2609
2026-02-16 00:37:12.936 152458 DEBUG oslo_service.service [req-3169f091-124f-4cba-b208-b6f718f29345 - - - - -] oslo_reports.log_dir = None log_opt_values /usr/lib/python3/dist-packages/oslo_config/cfg.py:2609
2026-02-16 00:37:12.937 152458 DEBUG oslo_service.service [req-3169f091-124f-4cba-b208-b6f718f29345 - - - - -] ******************************************************************************** log_opt_values /usr/lib/python3/dist-packages/oslo_config/cfg.py:2613
2026-02-16 00:37:13.840 153653 DEBUG oslo_messaging._drivers.amqpdriver [-] AMQPListener connection timeout poll /usr/lib/python3/dist-packages/oslo_messaging/_drivers/amqpdriver.py:360
2026-02-16 00:37:13.840 153653 DEBUG oslo_messaging._drivers.amqpdriver [-] Listener is running poll /usr/lib/python3/dist-packages/oslo_messaging/_drivers/amqpdriver.py:343
2026-02-16 00:37:13.840 153653 DEBUG oslo_messaging._drivers.amqpdriver [-] AMQPListener connection consume poll /usr/lib/python3/dist-packages/oslo_messaging/_drivers/amqpdriver.py:357
2026-02-16 00:37:13.844 153661 DEBUG oslo_messaging._drivers.amqpdriver [-] AMQPListener connection timeout poll /usr/lib/python3/dist-packages/oslo_messaging/_drivers/amqpdriver.py:360
2026-02-16 00:37:13.844 153661 DEBUG oslo_messaging._drivers.amqpdriver [-] Listener is running poll /usr/lib/python3/dist-packages/oslo_messaging/_drivers/amqpdriver.py:343
2026-02-16 00:37:13.844 153661 DEBUG oslo_messaging._drivers.amqpdriver [-] AMQPListener connection consume poll /usr/lib/python3/dist-packages/oslo_messaging/_drivers/amqpdriver.py:357
2026-02-16 00:37:13.845 153654 DEBUG oslo_messaging._drivers.amqpdriver [-] AMQPListener connection timeout poll /usr/lib/python3/dist-packages/oslo_messaging/_drivers/amqpdriver.py:360
2026-02-16 00:37:13.845 153654 DEBUG oslo_messaging._drivers.amqpdriver [-] Listener is running poll /usr/lib/python3/dist-packages/oslo_messaging/_drivers/amqpdriver.py:343
2026-02-16 00:37:13.845 153654 DEBUG oslo_messaging._drivers.amqpdriver [-] AMQPListener connection consume poll /usr/lib/python3/dist-packages/oslo_messaging/_drivers/amqpdriver.py:357
2026-02-16 00:37:13.859 153660 DEBUG oslo_messaging._drivers.amqpdriver [-] AMQPListener connection timeout poll /usr/lib/python3/dist-packages/oslo_messaging/_drivers/amqpdriver.py:360
2026-02-16 00:37:13.859 153660 DEBUG oslo_messaging._drivers.amqpdriver [-] Listener is running poll /usr/lib/python3/dist-packages/oslo_messaging/_drivers/amqpdriver.py:343
2026-02-16 00:37:13.859 153660 DEBUG oslo_messaging._drivers.amqpdriver [-] AMQPListener connection consume poll /usr/lib/python3/dist-packages/oslo_messaging/_drivers/amqpdriver.py:357
2026-02-16 00:37:15.842 153653 DEBUG oslo_messaging._drivers.amqpdriver [-] AMQPListener connection timeout poll /usr/lib/python3/dist-packages/oslo_messaging/_drivers/amqpdriver.py:360
2026-02-16 00:37:15.843 153653 DEBUG oslo_messaging._drivers.amqpdriver [-] Listener is running poll /usr/lib/python3/dist-packages/oslo_messaging/_drivers/amqpdriver.py:343
2026-02-16 00:37:15.843 153653 DEBUG oslo_messaging._drivers.amqpdriver [-] AMQPListener connection consume poll /usr/lib/python3/dist-packages/oslo_messaging/_drivers/amqpdriver.py:357
2026-02-16 00:37:15.846 153661 DEBUG oslo_messaging._drivers.amqpdriver [-] AMQPListener connection timeout poll /usr/lib/python3/dist-packages/oslo_messaging/_drivers/amqpdriver.py:360
2026-02-16 00:37:15.847 153661 DEBUG oslo_messaging._drivers.amqpdriver [-] Listener is running poll /usr/lib/python3/dist-packages/oslo_messaging/_drivers/amqpdriver.py:343
2026-02-16 00:37:15.847 153661 DEBUG oslo_messaging._drivers.amqpdriver [-] AMQPListener connection consume poll /usr/lib/python3/dist-packages/oslo_messaging/_drivers/amqpdriver.py:357
2026-02-16 00:37:15.848 153654 DEBUG oslo_messaging._drivers.amqpdriver [-] AMQPListener connection timeout poll /usr/lib/python3/dist-packages/oslo_messaging/_drivers/amqpdriver.py:360
2026-02-16 00:37:15.848 153654 DEBUG oslo_messaging._drivers.amqpdriver [-] Listener is running poll /usr/lib/python3/dist-packages/oslo_messaging/_drivers/amqpdriver.py:343
2026-02-16 00:37:15.848 153654 DEBUG oslo_messaging._drivers.amqpdriver [-] AMQPListener connection consume poll /usr/lib/python3/dist-packages/oslo_messaging/_drivers/amqpdriver.py:357
2026-02-16 00:37:15.861 153660 DEBUG oslo_messaging._drivers.amqpdriver [-] AMQPListener connection timeout poll /usr/lib/python3/dist-packages/oslo_messaging/_drivers/amqpdriver.py:360
2026-02-16 00:37:15.862 153660 DEBUG oslo_messaging._drivers.amqpdriver [-] Listener is running poll /usr/lib/python3/dist-packages/oslo_messaging/_drivers/amqpdriver.py:343
2026-02-16 00:37:15.862 153660 DEBUG oslo_messaging._drivers.amqpdriver [-] AMQPListener connection consume poll /usr/lib/python3/dist-packages/oslo_messaging/_drivers/amqpdriver.py:357
2026-02-16 00:37:19.845 153653 DEBUG oslo_messaging._drivers.amqpdriver [-] AMQPListener connection timeout poll /usr/lib/python3/dist-packages/oslo_messaging/_drivers/amqpdriver.py:360
2026-02-16 00:37:19.846 153653 DEBUG oslo_messaging._drivers.amqpdriver [-] Listener is running poll /usr/lib/python3/dist-packages/oslo_messaging/_drivers/amqpdriver.py:343
2026-02-16 00:37:19.846 153653 DEBUG oslo_messaging._drivers.amqpdriver [-] AMQPListener connection consume poll /usr/lib/python3/dist-packages/oslo_messaging/_drivers/amqpdriver.py:357
2026-02-16 00:37:19.850 153654 DEBUG oslo_messaging._drivers.amqpdriver [-] AMQPListener connection timeout poll /usr/lib/python3/dist-packages/oslo_messaging/_drivers/amqpdriver.py:360
2026-02-16 00:37:19.850 153661 DEBUG oslo_messaging._drivers.amqpdriver [-] AMQPListener connection timeout poll /usr/lib/python3/dist-packages/oslo_messaging/_drivers/amqpdriver.py:360
2026-02-16 00:37:19.850 153654 DEBUG oslo_messaging._drivers.amqpdriver [-] Listener is running poll /usr/lib/python3/dist-packages/oslo_messaging/_drivers/amqpdriver.py:343
2026-02-16 00:37:19.850 153654 DEBUG oslo_messaging._drivers.amqpdriver [-] AMQPListener connection consume poll /usr/lib/python3/dist-packages/oslo_messaging/_drivers/amqpdriver.py:357
2026-02-16 00:37:19.850 153661 DEBUG oslo_messaging._drivers.amqpdriver [-] Listener is running poll /usr/lib/python3/dist-packages/oslo_messaging/_drivers/amqpdriver.py:343
2026-02-16 00:37:19.850 153661 DEBUG oslo_messaging._drivers.amqpdriver [-] AMQPListener connection consume poll /usr/lib/python3/dist-packages/oslo_messaging/_drivers/amqpdriver.py:357
2026-02-16 00:37:19.864 153660 DEBUG oslo_messaging._drivers.amqpdriver [-] AMQPListener connection timeout poll /usr/lib/python3/dist-packages/oslo_messaging/_drivers/amqpdriver.py:360
2026-02-16 00:37:19.864 153660 DEBUG oslo_messaging._drivers.amqpdriver [-] Listener is running poll /usr/lib/python3/dist-packages/oslo_messaging/_drivers/amqpdriver.py:343
2026-02-16 00:37:19.864 153660 DEBUG oslo_messaging._drivers.amqpdriver [-] AMQPListener connection consume poll /usr/lib/python3/dist-packages/oslo_messaging/_drivers/amqpdriver.py:357
2026-02-16 00:37:27.847 153653 DEBUG oslo_messaging._drivers.amqpdriver [-] AMQPListener connection timeout poll /usr/lib/python3/dist-packages/oslo_messaging/_drivers/amqpdriver.py:360
2026-02-16 00:37:27.847 153653 DEBUG oslo_messaging._drivers.amqpdriver [-] Listener is running poll /usr/lib/python3/dist-packages/oslo_messaging/_drivers/amqpdriver.py:343
2026-02-16 00:37:27.847 153653 DEBUG oslo_messaging._drivers.amqpdriver [-] AMQPListener connection consume poll /usr/lib/python3/dist-packages/oslo_messaging/_drivers/amqpdriver.py:357
2026-02-16 00:37:27.851 153661 DEBUG oslo_messaging._drivers.amqpdriver [-] AMQPListener connection timeout poll /usr/lib/python3/dist-packages/oslo_messaging/_drivers/amqpdriver.py:360
2026-02-16 00:37:27.852 153661 DEBUG oslo_messaging._drivers.amqpdriver [-] Listener is running poll /usr/lib/python3/dist-packages/oslo_messaging/_drivers/amqpdriver.py:343
2026-02-16 00:37:27.852 153661 DEBUG oslo_messaging._drivers.amqpdriver [-] AMQPListener connection consume poll /usr/lib/python3/dist-packages/oslo_messaging/_drivers/amqpdriver.py:357
2026-02-16 00:37:27.853 153654 DEBUG oslo_messaging._drivers.amqpdriver [-] AMQPListener connection timeout poll /usr/lib/python3/dist-packages/oslo_messaging/_drivers/amqpdriver.py:360
2026-02-16 00:37:27.853 153654 DEBUG oslo_messaging._drivers.amqpdriver [-] Listener is running poll /usr/lib/python3/dist-packages/oslo_messaging/_drivers/amqpdriver.py:343
2026-02-16 00:37:27.854 153654 DEBUG oslo_messaging._drivers.amqpdriver [-] AMQPListener connection consume poll /usr/lib/python3/dist-packages/oslo_messaging/_drivers/amqpdriver.py:357
2026-02-16 00:37:27.864 153660 DEBUG oslo_messaging._drivers.amqpdriver [-] AMQPListener connection timeout poll /usr/lib/python3/dist-packages/oslo_messaging/_drivers/amqpdriver.py:360
2026-02-16 00:37:27.865 153660 DEBUG oslo_messaging._drivers.amqpdriver [-] Listener is running poll /usr/lib/python3/dist-packages/oslo_messaging/_drivers/amqpdriver.py:343
2026-02-16 00:37:27.865 153660 DEBUG oslo_messaging._drivers.amqpdriver [-] AMQPListener connection consume poll /usr/lib/python3/dist-packages/oslo_messaging/_drivers/amqpdriver.py:357
2026-02-16 00:37:32.860 153660 DEBUG oslo_service.periodic_task [req-68370c06-db97-4c54-9fbf-05dd56ff4900 - - - - -] Running periodic task SchedulerManager._discover_hosts_in_cells run_periodic_tasks /usr/lib/python3/dist-packages/oslo_service/periodic_task.py:210
2026-02-16 00:37:32.861 153660 DEBUG oslo_db.sqlalchemy.engines [req-68370c06-db97-4c54-9fbf-05dd56ff4900 - - - - -] Parent process 152458 forked (153660) with an open database connection, which is being discarded and recreated. checkout /usr/lib/python3/dist-packages/oslo_db/sqlalchemy/engines.py:413
2026-02-16 00:37:32.883 153660 DEBUG oslo_concurrency.lockutils [req-68370c06-db97-4c54-9fbf-05dd56ff4900 - - - - -] Lock "710429f1-fef4-457a-88fd-4a4c3a094769" acquired by "nova.context.set_target_cell..get_or_set_cached_cell_and_set_connections" :: waited 0.000s inner /usr/lib/python3/dist-packages/oslo_concurrency/lockutils.py:386
2026-02-16 00:37:32.885 153660 DEBUG oslo_concurrency.lockutils [req-68370c06-db97-4c54-9fbf-05dd56ff4900 - - - - -] Lock "710429f1-fef4-457a-88fd-4a4c3a094769" "released" by "nova.context.set_target_cell..get_or_set_cached_cell_and_set_connections" :: held 0.002s inner /usr/lib/python3/dist-packages/oslo_concurrency/lockutils.py:400
2026-02-16 00:37:32.891 153660 DEBUG oslo_db.sqlalchemy.engines [req-68370c06-db97-4c54-9fbf-05dd56ff4900 - - - - -] MySQL server mode set to STRICT_TRANS_TABLES,STRICT_ALL_TABLES,NO_ZERO_IN_DATE,NO_ZERO_DATE,ERROR_FOR_DIVISION_BY_ZERO,TRADITIONAL,NO_ENGINE_SUBSTITUTION _check_effective_sql_mode /usr/lib/python3/dist-packages/oslo_db/sqlalchemy/engines.py:314
2026-02-16 00:37:32.940 153660 INFO nova.scheduler.manager [req-68370c06-db97-4c54-9fbf-05dd56ff4900 - - - - -] Discovered 1 new hosts: cell1:cn-jenkins-deploy-platform-juju-os-672-1
2026-02-16 00:37:43.842 153661 DEBUG oslo_service.periodic_task [req-8aac411c-03da-43e1-bc10-b513484b2980 - - - - -] Running periodic task SchedulerManager._discover_hosts_in_cells run_periodic_tasks /usr/lib/python3/dist-packages/oslo_service/periodic_task.py:210
2026-02-16 00:37:43.843 153661 DEBUG oslo_db.sqlalchemy.engines [req-8aac411c-03da-43e1-bc10-b513484b2980 - - - - -] Parent process 152458 forked (153661) with an open database connection, which is being discarded and recreated. checkout /usr/lib/python3/dist-packages/oslo_db/sqlalchemy/engines.py:413
2026-02-16 00:37:43.849 153661 DEBUG oslo_concurrency.lockutils [req-8aac411c-03da-43e1-bc10-b513484b2980 - - - - -] Lock "710429f1-fef4-457a-88fd-4a4c3a094769" acquired by "nova.context.set_target_cell..get_or_set_cached_cell_and_set_connections" :: waited 0.000s inner /usr/lib/python3/dist-packages/oslo_concurrency/lockutils.py:386
2026-02-16 00:37:43.850 153661 DEBUG oslo_concurrency.lockutils [req-8aac411c-03da-43e1-bc10-b513484b2980 - - - - -] Lock "710429f1-fef4-457a-88fd-4a4c3a094769" "released" by "nova.context.set_target_cell..get_or_set_cached_cell_and_set_connections" :: held 0.002s inner /usr/lib/python3/dist-packages/oslo_concurrency/lockutils.py:400
2026-02-16 00:37:43.855 153661 DEBUG oslo_db.sqlalchemy.engines [req-8aac411c-03da-43e1-bc10-b513484b2980 - - - - -] MySQL server mode set to STRICT_TRANS_TABLES,STRICT_ALL_TABLES,NO_ZERO_IN_DATE,NO_ZERO_DATE,ERROR_FOR_DIVISION_BY_ZERO,TRADITIONAL,NO_ENGINE_SUBSTITUTION _check_effective_sql_mode /usr/lib/python3/dist-packages/oslo_db/sqlalchemy/engines.py:314
2026-02-16 00:37:44.838 153653 DEBUG oslo_service.periodic_task [req-dd34bd1d-de33-477e-8bc1-246f01f37000 - - - - -] Running periodic task SchedulerManager._discover_hosts_in_cells run_periodic_tasks /usr/lib/python3/dist-packages/oslo_service/periodic_task.py:210
2026-02-16 00:37:44.839 153653 DEBUG oslo_db.sqlalchemy.engines [req-dd34bd1d-de33-477e-8bc1-246f01f37000 - - - - -] Parent process 152458 forked (153653) with an open database connection, which is being discarded and recreated. checkout /usr/lib/python3/dist-packages/oslo_db/sqlalchemy/engines.py:413
2026-02-16 00:37:44.845 153653 DEBUG oslo_concurrency.lockutils [req-dd34bd1d-de33-477e-8bc1-246f01f37000 - - - - -] Lock "710429f1-fef4-457a-88fd-4a4c3a094769" acquired by "nova.context.set_target_cell..get_or_set_cached_cell_and_set_connections" :: waited 0.000s inner /usr/lib/python3/dist-packages/oslo_concurrency/lockutils.py:386
2026-02-16 00:37:44.846 153653 DEBUG oslo_concurrency.lockutils [req-dd34bd1d-de33-477e-8bc1-246f01f37000 - - - - -] Lock "710429f1-fef4-457a-88fd-4a4c3a094769" "released" by "nova.context.set_target_cell..get_or_set_cached_cell_and_set_connections" :: held 0.002s inner /usr/lib/python3/dist-packages/oslo_concurrency/lockutils.py:400
2026-02-16 00:37:44.852 153653 DEBUG oslo_db.sqlalchemy.engines [req-dd34bd1d-de33-477e-8bc1-246f01f37000 - - - - -] MySQL server mode set to STRICT_TRANS_TABLES,STRICT_ALL_TABLES,NO_ZERO_IN_DATE,NO_ZERO_DATE,ERROR_FOR_DIVISION_BY_ZERO,TRADITIONAL,NO_ENGINE_SUBSTITUTION _check_effective_sql_mode /usr/lib/python3/dist-packages/oslo_db/sqlalchemy/engines.py:314
2026-02-16 00:37:50.844 153654 DEBUG oslo_service.periodic_task [req-6508e8aa-8abe-4081-a1d4-10d64e01be8b - - - - -] Running periodic task SchedulerManager._discover_hosts_in_cells run_periodic_tasks /usr/lib/python3/dist-packages/oslo_service/periodic_task.py:210
2026-02-16 00:37:50.845 153654 DEBUG oslo_db.sqlalchemy.engines [req-6508e8aa-8abe-4081-a1d4-10d64e01be8b - - - - -] Parent process 152458 forked (153654) with an open database connection, which is being discarded and recreated. checkout /usr/lib/python3/dist-packages/oslo_db/sqlalchemy/engines.py:413
2026-02-16 00:37:50.851 153654 DEBUG oslo_concurrency.lockutils [req-6508e8aa-8abe-4081-a1d4-10d64e01be8b - - - - -] Lock "710429f1-fef4-457a-88fd-4a4c3a094769" acquired by "nova.context.set_target_cell..get_or_set_cached_cell_and_set_connections" :: waited 0.000s inner /usr/lib/python3/dist-packages/oslo_concurrency/lockutils.py:386
2026-02-16 00:37:50.852 153654 DEBUG oslo_concurrency.lockutils [req-6508e8aa-8abe-4081-a1d4-10d64e01be8b - - - - -] Lock "710429f1-fef4-457a-88fd-4a4c3a094769" "released" by "nova.context.set_target_cell..get_or_set_cached_cell_and_set_connections" :: held 0.002s inner /usr/lib/python3/dist-packages/oslo_concurrency/lockutils.py:400
2026-02-16 00:37:50.858 153654 DEBUG oslo_db.sqlalchemy.engines [req-6508e8aa-8abe-4081-a1d4-10d64e01be8b - - - - -] MySQL server mode set to STRICT_TRANS_TABLES,STRICT_ALL_TABLES,NO_ZERO_IN_DATE,NO_ZERO_DATE,ERROR_FOR_DIVISION_BY_ZERO,TRADITIONAL,NO_ENGINE_SUBSTITUTION _check_effective_sql_mode /usr/lib/python3/dist-packages/oslo_db/sqlalchemy/engines.py:314
2026-02-16 00:37:57.822 153654 DEBUG oslo_messaging._drivers.amqpdriver [-] AMQPListener connection timeout poll /usr/lib/python3/dist-packages/oslo_messaging/_drivers/amqpdriver.py:360
2026-02-16 00:37:57.822 153653 DEBUG oslo_messaging._drivers.amqpdriver [-] AMQPListener connection timeout poll /usr/lib/python3/dist-packages/oslo_messaging/_drivers/amqpdriver.py:360
2026-02-16 00:37:57.822 153653 DEBUG oslo_messaging._drivers.amqpdriver [-] Listener is running poll /usr/lib/python3/dist-packages/oslo_messaging/_drivers/amqpdriver.py:343
2026-02-16 00:37:57.822 153654 DEBUG oslo_messaging._drivers.amqpdriver [-] Listener is running poll /usr/lib/python3/dist-packages/oslo_messaging/_drivers/amqpdriver.py:343
2026-02-16 00:37:57.822 153653 DEBUG oslo_messaging._drivers.amqpdriver [-] AMQPListener connection consume poll /usr/lib/python3/dist-packages/oslo_messaging/_drivers/amqpdriver.py:357
2026-02-16 00:37:57.822 153654 DEBUG oslo_messaging._drivers.amqpdriver [-] AMQPListener connection consume poll /usr/lib/python3/dist-packages/oslo_messaging/_drivers/amqpdriver.py:357
2026-02-16 00:37:57.826 153661 DEBUG oslo_messaging._drivers.amqpdriver [-] AMQPListener connection timeout poll /usr/lib/python3/dist-packages/oslo_messaging/_drivers/amqpdriver.py:360
2026-02-16 00:37:57.826 153661 DEBUG oslo_messaging._drivers.amqpdriver [-] Listener is running poll /usr/lib/python3/dist-packages/oslo_messaging/_drivers/amqpdriver.py:343
2026-02-16 00:37:57.826 153661 DEBUG oslo_messaging._drivers.amqpdriver [-] AMQPListener connection consume poll /usr/lib/python3/dist-packages/oslo_messaging/_drivers/amqpdriver.py:357
2026-02-16 00:37:57.832 153660 DEBUG oslo_messaging._drivers.amqpdriver [-] AMQPListener connection timeout poll /usr/lib/python3/dist-packages/oslo_messaging/_drivers/amqpdriver.py:360
2026-02-16 00:37:57.832 153660 DEBUG oslo_messaging._drivers.amqpdriver [-] Listener is running poll /usr/lib/python3/dist-packages/oslo_messaging/_drivers/amqpdriver.py:343
2026-02-16 00:37:57.832 153660 DEBUG oslo_messaging._drivers.amqpdriver [-] AMQPListener connection consume poll /usr/lib/python3/dist-packages/oslo_messaging/_drivers/amqpdriver.py:357
2026-02-16 00:38:02.946 153660 DEBUG oslo_service.periodic_task [req-68370c06-db97-4c54-9fbf-05dd56ff4900 - - - - -] Running periodic task SchedulerManager._discover_hosts_in_cells run_periodic_tasks /usr/lib/python3/dist-packages/oslo_service/periodic_task.py:210
2026-02-16 00:38:02.951 153660 DEBUG oslo_concurrency.lockutils [req-a694f089-7c79-4cfc-99ee-0153ba17243f - - - - -] Lock "710429f1-fef4-457a-88fd-4a4c3a094769" acquired by "nova.context.set_target_cell..get_or_set_cached_cell_and_set_connections" :: waited 0.000s inner /usr/lib/python3/dist-packages/oslo_concurrency/lockutils.py:386
2026-02-16 00:38:02.951 153660 DEBUG oslo_concurrency.lockutils [req-a694f089-7c79-4cfc-99ee-0153ba17243f - - - - -] Lock "710429f1-fef4-457a-88fd-4a4c3a094769" "released" by "nova.context.set_target_cell..get_or_set_cached_cell_and_set_connections" :: held 0.000s inner /usr/lib/python3/dist-packages/oslo_concurrency/lockutils.py:400
2026-02-16 00:38:13.866 153661 DEBUG oslo_service.periodic_task [req-8aac411c-03da-43e1-bc10-b513484b2980 - - - - -] Running periodic task SchedulerManager._discover_hosts_in_cells run_periodic_tasks /usr/lib/python3/dist-packages/oslo_service/periodic_task.py:210
2026-02-16 00:38:13.870 153661 DEBUG oslo_concurrency.lockutils [req-c40a421f-eea1-4032-8d0e-bcc7adc0e976 - - - - -] Lock "710429f1-fef4-457a-88fd-4a4c3a094769" acquired by "nova.context.set_target_cell..get_or_set_cached_cell_and_set_connections" :: waited 0.000s inner /usr/lib/python3/dist-packages/oslo_concurrency/lockutils.py:386
2026-02-16 00:38:13.871 153661 DEBUG oslo_concurrency.lockutils [req-c40a421f-eea1-4032-8d0e-bcc7adc0e976 - - - - -] Lock "710429f1-fef4-457a-88fd-4a4c3a094769" "released" by "nova.context.set_target_cell..get_or_set_cached_cell_and_set_connections" :: held 0.000s inner /usr/lib/python3/dist-packages/oslo_concurrency/lockutils.py:400
2026-02-16 00:38:14.865 153653 DEBUG oslo_service.periodic_task [req-dd34bd1d-de33-477e-8bc1-246f01f37000 - - - - -] Running periodic task SchedulerManager._discover_hosts_in_cells run_periodic_tasks /usr/lib/python3/dist-packages/oslo_service/periodic_task.py:210
2026-02-16 00:38:14.870 153653 DEBUG oslo_concurrency.lockutils [req-5ea28c30-d7e0-4ed1-9d38-d5ebea43dfb3 - - - - -] Lock "710429f1-fef4-457a-88fd-4a4c3a094769" acquired by "nova.context.set_target_cell..get_or_set_cached_cell_and_set_connections" :: waited 0.000s inner /usr/lib/python3/dist-packages/oslo_concurrency/lockutils.py:386
2026-02-16 00:38:14.870 153653 DEBUG oslo_concurrency.lockutils [req-5ea28c30-d7e0-4ed1-9d38-d5ebea43dfb3 - - - - -] Lock "710429f1-fef4-457a-88fd-4a4c3a094769" "released" by "nova.context.set_target_cell..get_or_set_cached_cell_and_set_connections" :: held 0.000s inner /usr/lib/python3/dist-packages/oslo_concurrency/lockutils.py:400
2026-02-16 00:38:20.872 153654 DEBUG oslo_service.periodic_task [req-6508e8aa-8abe-4081-a1d4-10d64e01be8b - - - - -] Running periodic task SchedulerManager._discover_hosts_in_cells run_periodic_tasks /usr/lib/python3/dist-packages/oslo_service/periodic_task.py:210
2026-02-16 00:38:20.876 153654 DEBUG oslo_concurrency.lockutils [req-0c203470-3bd3-489b-a812-e448ce7b7187 - - - - -] Lock "710429f1-fef4-457a-88fd-4a4c3a094769" acquired by "nova.context.set_target_cell..get_or_set_cached_cell_and_set_connections" :: waited 0.000s inner /usr/lib/python3/dist-packages/oslo_concurrency/lockutils.py:386
2026-02-16 00:38:20.876 153654 DEBUG oslo_concurrency.lockutils [req-0c203470-3bd3-489b-a812-e448ce7b7187 - - - - -] Lock "710429f1-fef4-457a-88fd-4a4c3a094769" "released" by "nova.context.set_target_cell..get_or_set_cached_cell_and_set_connections" :: held 0.000s inner /usr/lib/python3/dist-packages/oslo_concurrency/lockutils.py:400
2026-02-16 00:38:29.824 153653 DEBUG oslo_messaging._drivers.amqpdriver [-] AMQPListener connection timeout poll /usr/lib/python3/dist-packages/oslo_messaging/_drivers/amqpdriver.py:360
2026-02-16 00:38:29.824 153653 DEBUG oslo_messaging._drivers.amqpdriver [-] Listener is running poll /usr/lib/python3/dist-packages/oslo_messaging/_drivers/amqpdriver.py:343
2026-02-16 00:38:29.824 153653 DEBUG oslo_messaging._drivers.amqpdriver [-] AMQPListener connection consume poll /usr/lib/python3/dist-packages/oslo_messaging/_drivers/amqpdriver.py:357
2026-02-16 00:38:29.825 153654 DEBUG oslo_messaging._drivers.amqpdriver [-] AMQPListener connection timeout poll /usr/lib/python3/dist-packages/oslo_messaging/_drivers/amqpdriver.py:360
2026-02-16 00:38:29.825 153654 DEBUG oslo_messaging._drivers.amqpdriver [-] Listener is running poll /usr/lib/python3/dist-packages/oslo_messaging/_drivers/amqpdriver.py:343
2026-02-16 00:38:29.825 153654 DEBUG oslo_messaging._drivers.amqpdriver [-] AMQPListener connection consume poll /usr/lib/python3/dist-packages/oslo_messaging/_drivers/amqpdriver.py:357
2026-02-16 00:38:29.830 153661 DEBUG oslo_messaging._drivers.amqpdriver [-] AMQPListener connection timeout poll /usr/lib/python3/dist-packages/oslo_messaging/_drivers/amqpdriver.py:360
2026-02-16 00:38:29.830 153661 DEBUG oslo_messaging._drivers.amqpdriver [-] Listener is running poll /usr/lib/python3/dist-packages/oslo_messaging/_drivers/amqpdriver.py:343
2026-02-16 00:38:29.830 153661 DEBUG oslo_messaging._drivers.amqpdriver [-] AMQPListener connection consume poll /usr/lib/python3/dist-packages/oslo_messaging/_drivers/amqpdriver.py:357
2026-02-16 00:38:29.836 153660 DEBUG oslo_messaging._drivers.amqpdriver [-] AMQPListener connection timeout poll /usr/lib/python3/dist-packages/oslo_messaging/_drivers/amqpdriver.py:360
2026-02-16 00:38:29.836 153660 DEBUG oslo_messaging._drivers.amqpdriver [-] Listener is running poll /usr/lib/python3/dist-packages/oslo_messaging/_drivers/amqpdriver.py:343
2026-02-16 00:38:29.836 153660 DEBUG oslo_messaging._drivers.amqpdriver [-] AMQPListener connection consume poll /usr/lib/python3/dist-packages/oslo_messaging/_drivers/amqpdriver.py:357
2026-02-16 00:38:32.958 153660 DEBUG oslo_service.periodic_task [req-a694f089-7c79-4cfc-99ee-0153ba17243f - - - - -] Running periodic task SchedulerManager._discover_hosts_in_cells run_periodic_tasks /usr/lib/python3/dist-packages/oslo_service/periodic_task.py:210
2026-02-16 00:38:32.963 153660 DEBUG oslo_concurrency.lockutils [req-5ae007b1-078c-4dff-b32e-2847fba73e15 - - - - -] Lock "710429f1-fef4-457a-88fd-4a4c3a094769" acquired by "nova.context.set_target_cell..get_or_set_cached_cell_and_set_connections" :: waited 0.000s inner /usr/lib/python3/dist-packages/oslo_concurrency/lockutils.py:386
2026-02-16 00:38:32.963 153660 DEBUG oslo_concurrency.lockutils [req-5ae007b1-078c-4dff-b32e-2847fba73e15 - - - - -] Lock "710429f1-fef4-457a-88fd-4a4c3a094769" "released" by "nova.context.set_target_cell..get_or_set_cached_cell_and_set_connections" :: held 0.000s inner /usr/lib/python3/dist-packages/oslo_concurrency/lockutils.py:400
2026-02-16 00:38:43.876 153661 DEBUG oslo_service.periodic_task [req-c40a421f-eea1-4032-8d0e-bcc7adc0e976 - - - - -] Running periodic task SchedulerManager._discover_hosts_in_cells run_periodic_tasks /usr/lib/python3/dist-packages/oslo_service/periodic_task.py:210
2026-02-16 00:38:43.879 153661 DEBUG oslo_concurrency.lockutils [req-50f31c9b-d394-4ce7-a5f3-775944b986a7 - - - - -] Lock "710429f1-fef4-457a-88fd-4a4c3a094769" acquired by "nova.context.set_target_cell..get_or_set_cached_cell_and_set_connections" :: waited 0.000s inner /usr/lib/python3/dist-packages/oslo_concurrency/lockutils.py:386
2026-02-16 00:38:43.880 153661 DEBUG oslo_concurrency.lockutils [req-50f31c9b-d394-4ce7-a5f3-775944b986a7 - - - - -] Lock "710429f1-fef4-457a-88fd-4a4c3a094769" "released" by "nova.context.set_target_cell..get_or_set_cached_cell_and_set_connections" :: held 0.000s inner /usr/lib/python3/dist-packages/oslo_concurrency/lockutils.py:400
2026-02-16 00:38:45.840 153653 DEBUG oslo_service.periodic_task [req-5ea28c30-d7e0-4ed1-9d38-d5ebea43dfb3 - - - - -] Running periodic task SchedulerManager._discover_hosts_in_cells run_periodic_tasks /usr/lib/python3/dist-packages/oslo_service/periodic_task.py:210
2026-02-16 00:38:45.844 153653 DEBUG oslo_concurrency.lockutils [req-3cc26ad2-b1d5-424b-9152-b9460af3af83 - - - - -] Lock "710429f1-fef4-457a-88fd-4a4c3a094769" acquired by "nova.context.set_target_cell..get_or_set_cached_cell_and_set_connections" :: waited 0.000s inner /usr/lib/python3/dist-packages/oslo_concurrency/lockutils.py:386
2026-02-16 00:38:45.844 153653 DEBUG oslo_concurrency.lockutils [req-3cc26ad2-b1d5-424b-9152-b9460af3af83 - - - - -] Lock "710429f1-fef4-457a-88fd-4a4c3a094769" "released" by "nova.context.set_target_cell..get_or_set_cached_cell_and_set_connections" :: held 0.000s inner /usr/lib/python3/dist-packages/oslo_concurrency/lockutils.py:400
2026-02-16 00:38:50.883 153654 DEBUG oslo_service.periodic_task [req-0c203470-3bd3-489b-a812-e448ce7b7187 - - - - -] Running periodic task SchedulerManager._discover_hosts_in_cells run_periodic_tasks /usr/lib/python3/dist-packages/oslo_service/periodic_task.py:210
2026-02-16 00:38:50.886 153654 DEBUG oslo_concurrency.lockutils [req-486d62b6-5713-4666-b250-ce6a0002e659 - - - - -] Lock "710429f1-fef4-457a-88fd-4a4c3a094769" acquired by "nova.context.set_target_cell..get_or_set_cached_cell_and_set_connections" :: waited 0.000s inner /usr/lib/python3/dist-packages/oslo_concurrency/lockutils.py:386
2026-02-16 00:38:50.887 153654 DEBUG oslo_concurrency.lockutils [req-486d62b6-5713-4666-b250-ce6a0002e659 - - - - -] Lock "710429f1-fef4-457a-88fd-4a4c3a094769" "released" by "nova.context.set_target_cell..get_or_set_cached_cell_and_set_connections" :: held 0.000s inner /usr/lib/python3/dist-packages/oslo_concurrency/lockutils.py:400
2026-02-16 00:38:56.034 152458 INFO oslo_service.service [req-3169f091-124f-4cba-b208-b6f718f29345 - - - - -] Caught SIGTERM, stopping children
2026-02-16 00:38:56.035 152458 DEBUG oslo_concurrency.lockutils [req-3169f091-124f-4cba-b208-b6f718f29345 - - - - -] Acquired lock "singleton_lock" lock /usr/lib/python3/dist-packages/oslo_concurrency/lockutils.py:294
2026-02-16 00:38:56.035 152458 DEBUG oslo_concurrency.lockutils [req-3169f091-124f-4cba-b208-b6f718f29345 - - - - -] Releasing lock "singleton_lock" lock /usr/lib/python3/dist-packages/oslo_concurrency/lockutils.py:312
2026-02-16 00:38:56.035 152458 DEBUG oslo_service.service [req-3169f091-124f-4cba-b208-b6f718f29345 - - - - -] Stop services. stop /usr/lib/python3/dist-packages/oslo_service/service.py:695
2026-02-16 00:38:56.036 152458 DEBUG oslo_service.service [req-3169f091-124f-4cba-b208-b6f718f29345 - - - - -] Killing children. stop /usr/lib/python3/dist-packages/oslo_service/service.py:700
2026-02-16 00:38:56.036 152458 INFO oslo_service.service [req-3169f091-124f-4cba-b208-b6f718f29345 - - - - -] Waiting on 4 children to exit
2026-02-16 00:38:56.042 152458 INFO oslo_service.service [req-3169f091-124f-4cba-b208-b6f718f29345 - - - - -] Child 153661 killed by signal 15
2026-02-16 00:38:56.042 152458 INFO oslo_service.service [req-3169f091-124f-4cba-b208-b6f718f29345 - - - - -] Child 153654 killed by signal 15
2026-02-16 00:38:56.043 152458 INFO oslo_service.service [req-3169f091-124f-4cba-b208-b6f718f29345 - - - - -] Child 153660 killed by signal 15
2026-02-16 00:38:56.044 152458 INFO oslo_service.service [req-3169f091-124f-4cba-b208-b6f718f29345 - - - - -] Child 153653 killed by signal 15
2026-02-16 00:38:57.595 173299 DEBUG oslo_db.sqlalchemy.engines [req-c5f01ea8-6a23-44ef-83cc-deaa25d34947 - - - - -] MySQL server mode set to STRICT_TRANS_TABLES,STRICT_ALL_TABLES,NO_ZERO_IN_DATE,NO_ZERO_DATE,ERROR_FOR_DIVISION_BY_ZERO,TRADITIONAL,NO_ENGINE_SUBSTITUTION _check_effective_sql_mode /usr/lib/python3/dist-packages/oslo_db/sqlalchemy/engines.py:314
2026-02-16 00:38:57.626 173299 DEBUG nova.scheduler.host_manager [req-c5f01ea8-6a23-44ef-83cc-deaa25d34947 - - - - -] Found 1 cells: 710429f1-fef4-457a-88fd-4a4c3a094769 refresh_cells_caches /usr/lib/python3/dist-packages/nova/scheduler/host_manager.py:730
2026-02-16 00:38:57.626 173299 DEBUG nova.scheduler.host_manager [req-c5f01ea8-6a23-44ef-83cc-deaa25d34947 - - - - -] Found 0 disabled cells: refresh_cells_caches /usr/lib/python3/dist-packages/nova/scheduler/host_manager.py:742
2026-02-16 00:38:57.631 173299 WARNING nova.scheduler.filters.availability_zone_filter [req-c5f01ea8-6a23-44ef-83cc-deaa25d34947 - - - - -] The 'AvailabilityZoneFilter' is deprecated since the 24.0.0 (Xena) release. Since the 18.0.0 (Rocky) release, nova has supported mapping AZs to placement aggregates. The feature is enabled by the 'query_placement_for_availability_zone' config option and is now enabled by default. As such, the 'AvailabilityZoneFilter' is no longer required. Nova is currently configured to use both placement and the AvailabilityZoneFilter for AZ enforcement.
2026-02-16 00:38:57.749 173299 DEBUG nova.scheduler.host_manager [req-c5f01ea8-6a23-44ef-83cc-deaa25d34947 - - - - -] START:_async_init_instance_info _async_init_instance_info /usr/lib/python3/dist-packages/nova/scheduler/host_manager.py:411
2026-02-16 00:38:57.752 173299 DEBUG oslo_concurrency.lockutils [req-0a99b881-b0cc-4fee-89da-98f838e8b55f - - - - -] Lock "710429f1-fef4-457a-88fd-4a4c3a094769" acquired by "nova.context.set_target_cell..get_or_set_cached_cell_and_set_connections" :: waited 0.000s inner /usr/lib/python3/dist-packages/oslo_concurrency/lockutils.py:386
2026-02-16 00:38:57.753 173299 DEBUG oslo_concurrency.lockutils [req-0a99b881-b0cc-4fee-89da-98f838e8b55f - - - - -] Lock "710429f1-fef4-457a-88fd-4a4c3a094769" "released" by "nova.context.set_target_cell..get_or_set_cached_cell_and_set_connections" :: held 0.001s inner /usr/lib/python3/dist-packages/oslo_concurrency/lockutils.py:400
2026-02-16 00:38:57.806 173299 DEBUG oslo_db.sqlalchemy.engines [req-0a99b881-b0cc-4fee-89da-98f838e8b55f - - - - -] MySQL server mode set to STRICT_TRANS_TABLES,STRICT_ALL_TABLES,NO_ZERO_IN_DATE,NO_ZERO_DATE,ERROR_FOR_DIVISION_BY_ZERO,TRADITIONAL,NO_ENGINE_SUBSTITUTION _check_effective_sql_mode /usr/lib/python3/dist-packages/oslo_db/sqlalchemy/engines.py:314
2026-02-16 00:38:57.818 173299 DEBUG nova.scheduler.host_manager [req-0a99b881-b0cc-4fee-89da-98f838e8b55f - - - - -] Total number of compute nodes: 1 _async_init_instance_info /usr/lib/python3/dist-packages/nova/scheduler/host_manager.py:424
2026-02-16 00:38:57.819 173299 DEBUG oslo_concurrency.lockutils [req-0a99b881-b0cc-4fee-89da-98f838e8b55f - - - - -] Lock "710429f1-fef4-457a-88fd-4a4c3a094769" acquired by "nova.context.set_target_cell..get_or_set_cached_cell_and_set_connections" :: waited 0.000s inner /usr/lib/python3/dist-packages/oslo_concurrency/lockutils.py:386
2026-02-16 00:38:57.819 173299 DEBUG oslo_concurrency.lockutils [req-0a99b881-b0cc-4fee-89da-98f838e8b55f - - - - -] Lock "710429f1-fef4-457a-88fd-4a4c3a094769" "released" by "nova.context.set_target_cell..get_or_set_cached_cell_and_set_connections" :: held 0.000s inner /usr/lib/python3/dist-packages/oslo_concurrency/lockutils.py:400
2026-02-16 00:38:57.902 173299 DEBUG nova.scheduler.host_manager [req-0a99b881-b0cc-4fee-89da-98f838e8b55f - - - - -] Adding 0 instances for hosts 10-20 _async_init_instance_info /usr/lib/python3/dist-packages/nova/scheduler/host_manager.py:443
2026-02-16 00:38:57.902 173299 DEBUG nova.scheduler.host_manager [req-0a99b881-b0cc-4fee-89da-98f838e8b55f - - - - -] END:_async_init_instance_info _async_init_instance_info /usr/lib/python3/dist-packages/nova/scheduler/host_manager.py:454
2026-02-16 00:38:58.259 173299 DEBUG nova.context [req-c5f01ea8-6a23-44ef-83cc-deaa25d34947 - - - - -] Found 2 cells: 00000000-0000-0000-0000-000000000000(cell0),710429f1-fef4-457a-88fd-4a4c3a094769(cell1) load_cells /usr/lib/python3/dist-packages/nova/context.py:464
2026-02-16 00:38:58.260 173299 DEBUG oslo_concurrency.lockutils [req-0dea65a4-056e-4db0-903f-d4f605326707 - - - - -] Lock "00000000-0000-0000-0000-000000000000" acquired by "nova.context.set_target_cell..get_or_set_cached_cell_and_set_connections" :: waited 0.000s inner /usr/lib/python3/dist-packages/oslo_concurrency/lockutils.py:386
2026-02-16 00:38:58.261 173299 DEBUG oslo_concurrency.lockutils [req-0dea65a4-056e-4db0-903f-d4f605326707 - - - - -] Lock "00000000-0000-0000-0000-000000000000" "released" by "nova.context.set_target_cell..get_or_set_cached_cell_and_set_connections" :: held 0.001s inner /usr/lib/python3/dist-packages/oslo_concurrency/lockutils.py:400
2026-02-16 00:38:58.261 173299 DEBUG oslo_concurrency.lockutils [req-0dea65a4-056e-4db0-903f-d4f605326707 - - - - -] Lock "710429f1-fef4-457a-88fd-4a4c3a094769" acquired by "nova.context.set_target_cell..get_or_set_cached_cell_and_set_connections" :: waited 0.000s inner /usr/lib/python3/dist-packages/oslo_concurrency/lockutils.py:386
2026-02-16 00:38:58.262 173299 DEBUG oslo_concurrency.lockutils [req-0dea65a4-056e-4db0-903f-d4f605326707 - - - - -] Lock "710429f1-fef4-457a-88fd-4a4c3a094769" "released" by "nova.context.set_target_cell..get_or_set_cached_cell_and_set_connections" :: held 0.000s inner /usr/lib/python3/dist-packages/oslo_concurrency/lockutils.py:400
2026-02-16 00:38:58.270 173299 DEBUG oslo_db.sqlalchemy.engines [req-0dea65a4-056e-4db0-903f-d4f605326707 - - - - -] MySQL server mode set to STRICT_TRANS_TABLES,STRICT_ALL_TABLES,NO_ZERO_IN_DATE,NO_ZERO_DATE,ERROR_FOR_DIVISION_BY_ZERO,TRADITIONAL,NO_ENGINE_SUBSTITUTION _check_effective_sql_mode /usr/lib/python3/dist-packages/oslo_db/sqlalchemy/engines.py:314
2026-02-16 00:38:58.279 173299 DEBUG oslo_concurrency.lockutils [req-0dea65a4-056e-4db0-903f-d4f605326707 - - - - -] Acquired lock "singleton_lock" lock /usr/lib/python3/dist-packages/oslo_concurrency/lockutils.py:294
2026-02-16 00:38:58.280 173299 DEBUG oslo_concurrency.lockutils [req-0dea65a4-056e-4db0-903f-d4f605326707 - - - - -] Releasing lock "singleton_lock" lock /usr/lib/python3/dist-packages/oslo_concurrency/lockutils.py:312
2026-02-16 00:38:58.280 173299 INFO oslo_service.service [req-0dea65a4-056e-4db0-903f-d4f605326707 - - - - -] Starting 4 workers
2026-02-16 00:38:58.284 173299 DEBUG oslo_service.service [req-0dea65a4-056e-4db0-903f-d4f605326707 - - - - -] Started child 173700 _start_child /usr/lib/python3/dist-packages/oslo_service/service.py:575
2026-02-16 00:38:58.288 173700 INFO nova.service [-] Starting scheduler node (version 25.2.1)
2026-02-16 00:38:58.289 173299 DEBUG oslo_service.service [req-0dea65a4-056e-4db0-903f-d4f605326707 - - - - -] Started child 173701 _start_child /usr/lib/python3/dist-packages/oslo_service/service.py:575
2026-02-16 00:38:58.294 173701 INFO nova.service [-] Starting scheduler node (version 25.2.1)
2026-02-16 00:38:58.294 173299 DEBUG oslo_service.service [req-0dea65a4-056e-4db0-903f-d4f605326707 - - - - -] Started child 173702 _start_child /usr/lib/python3/dist-packages/oslo_service/service.py:575
2026-02-16 00:38:58.298 173702 INFO nova.service [-] Starting scheduler node (version 25.2.1)
2026-02-16 00:38:58.299 173700 DEBUG oslo_db.sqlalchemy.engines [req-a9fe9ba5-23b1-48bd-974d-4639a3ca78ce - - - - -] MySQL server mode set to STRICT_TRANS_TABLES,STRICT_ALL_TABLES,NO_ZERO_IN_DATE,NO_ZERO_DATE,ERROR_FOR_DIVISION_BY_ZERO,TRADITIONAL,NO_ENGINE_SUBSTITUTION _check_effective_sql_mode /usr/lib/python3/dist-packages/oslo_db/sqlalchemy/engines.py:314
2026-02-16 00:38:58.298 173299 DEBUG oslo_service.service [req-0dea65a4-056e-4db0-903f-d4f605326707 - - - - -] Started child 173703 _start_child /usr/lib/python3/dist-packages/oslo_service/service.py:575
2026-02-16 00:38:58.300 173299 DEBUG oslo_service.service [req-0dea65a4-056e-4db0-903f-d4f605326707 - - - - -] Full set of CONF: wait /usr/lib/python3/dist-packages/oslo_service/service.py:649
2026-02-16 00:38:58.300 173299 DEBUG oslo_service.service [req-0dea65a4-056e-4db0-903f-d4f605326707 - - - - -] ******************************************************************************** log_opt_values /usr/lib/python3/dist-packages/oslo_config/cfg.py:2589
2026-02-16 00:38:58.301 173299 DEBUG oslo_service.service [req-0dea65a4-056e-4db0-903f-d4f605326707 - - - - -] Configuration options gathered from: log_opt_values /usr/lib/python3/dist-packages/oslo_config/cfg.py:2590
2026-02-16 00:38:58.301 173299 DEBUG oslo_service.service [req-0dea65a4-056e-4db0-903f-d4f605326707 - - - - -] command line args: ['--config-file=/etc/nova/nova.conf', '--log-file=/var/log/nova/nova-scheduler.log'] log_opt_values /usr/lib/python3/dist-packages/oslo_config/cfg.py:2591
2026-02-16 00:38:58.301 173299 DEBUG oslo_service.service [req-0dea65a4-056e-4db0-903f-d4f605326707 - - - - -] config files: ['/etc/nova/nova.conf'] log_opt_values /usr/lib/python3/dist-packages/oslo_config/cfg.py:2592
2026-02-16 00:38:58.301 173299 DEBUG oslo_service.service [req-0dea65a4-056e-4db0-903f-d4f605326707 - - - - -] ================================================================================ log_opt_values /usr/lib/python3/dist-packages/oslo_config/cfg.py:2594
2026-02-16 00:38:58.301 173299 DEBUG oslo_service.service [req-0dea65a4-056e-4db0-903f-d4f605326707 - - - - -] allow_resize_to_same_host = False log_opt_values /usr/lib/python3/dist-packages/oslo_config/cfg.py:2602
2026-02-16 00:38:58.302 173299 DEBUG oslo_service.service [req-0dea65a4-056e-4db0-903f-d4f605326707 - - - - -] arq_binding_timeout = 300 log_opt_values /usr/lib/python3/dist-packages/oslo_config/cfg.py:2602
2026-02-16 00:38:58.302 173299 DEBUG oslo_service.service [req-0dea65a4-056e-4db0-903f-d4f605326707 - - - - -] block_device_allocate_retries = 60 log_opt_values /usr/lib/python3/dist-packages/oslo_config/cfg.py:2602
2026-02-16 00:38:58.302 173299 DEBUG oslo_service.service [req-0dea65a4-056e-4db0-903f-d4f605326707 - - - - -] block_device_allocate_retries_interval = 3 log_opt_values /usr/lib/python3/dist-packages/oslo_config/cfg.py:2602
2026-02-16 00:38:58.302 173299 DEBUG oslo_service.service [req-0dea65a4-056e-4db0-903f-d4f605326707 - - - - -] cert = self.pem log_opt_values /usr/lib/python3/dist-packages/oslo_config/cfg.py:2602
2026-02-16 00:38:58.302 173703 INFO nova.service [-] Starting scheduler node (version 25.2.1)
2026-02-16 00:38:58.303 173299 DEBUG oslo_service.service [req-0dea65a4-056e-4db0-903f-d4f605326707 - - - - -] compute_driver = libvirt.LibvirtDriver log_opt_values /usr/lib/python3/dist-packages/oslo_config/cfg.py:2602
2026-02-16 00:38:58.303 173299 DEBUG oslo_service.service [req-0dea65a4-056e-4db0-903f-d4f605326707 - - - - -] compute_monitors = [] log_opt_values /usr/lib/python3/dist-packages/oslo_config/cfg.py:2602
2026-02-16 00:38:58.303 173299 DEBUG oslo_service.service [req-0dea65a4-056e-4db0-903f-d4f605326707 - - - - -] config_dir = [] log_opt_values /usr/lib/python3/dist-packages/oslo_config/cfg.py:2602
2026-02-16 00:38:58.303 173299 DEBUG oslo_service.service [req-0dea65a4-056e-4db0-903f-d4f605326707 - - - - -] config_drive_format = iso9660 log_opt_values /usr/lib/python3/dist-packages/oslo_config/cfg.py:2602
2026-02-16 00:38:58.303 173299 DEBUG oslo_service.service [req-0dea65a4-056e-4db0-903f-d4f605326707 - - - - -] config_file = ['/etc/nova/nova.conf'] log_opt_values /usr/lib/python3/dist-packages/oslo_config/cfg.py:2602
2026-02-16 00:38:58.304 173299 DEBUG oslo_service.service [req-0dea65a4-056e-4db0-903f-d4f605326707 - - - - -] config_source = [] log_opt_values /usr/lib/python3/dist-packages/oslo_config/cfg.py:2602
2026-02-16 00:38:58.304 173299 DEBUG oslo_service.service [req-0dea65a4-056e-4db0-903f-d4f605326707 - - - - -] console_host = juju-cf141d-0-lxd-7 log_opt_values /usr/lib/python3/dist-packages/oslo_config/cfg.py:2602
2026-02-16 00:38:58.304 173299 DEBUG oslo_service.service [req-0dea65a4-056e-4db0-903f-d4f605326707 - - - - -] control_exchange = nova log_opt_values /usr/lib/python3/dist-packages/oslo_config/cfg.py:2602
2026-02-16 00:38:58.304 173299 DEBUG oslo_service.service [req-0dea65a4-056e-4db0-903f-d4f605326707 - - - - -] cpu_allocation_ratio = 2.0 log_opt_values /usr/lib/python3/dist-packages/oslo_config/cfg.py:2602
2026-02-16 00:38:58.304 173299 DEBUG oslo_service.service [req-0dea65a4-056e-4db0-903f-d4f605326707 - - - - -] daemon = False log_opt_values /usr/lib/python3/dist-packages/oslo_config/cfg.py:2602
2026-02-16 00:38:58.305 173299 DEBUG oslo_service.service [req-0dea65a4-056e-4db0-903f-d4f605326707 - - - - -] debug = True log_opt_values /usr/lib/python3/dist-packages/oslo_config/cfg.py:2602
2026-02-16 00:38:58.305 173299 DEBUG oslo_service.service [req-0dea65a4-056e-4db0-903f-d4f605326707 - - - - -] default_access_ip_network_name = None log_opt_values /usr/lib/python3/dist-packages/oslo_config/cfg.py:2602
2026-02-16 00:38:58.305 173299 DEBUG oslo_service.service [req-0dea65a4-056e-4db0-903f-d4f605326707 - - - - -] default_availability_zone = nova log_opt_values /usr/lib/python3/dist-packages/oslo_config/cfg.py:2602
2026-02-16 00:38:58.305 173299 DEBUG oslo_service.service [req-0dea65a4-056e-4db0-903f-d4f605326707 - - - - -] default_ephemeral_format = None log_opt_values /usr/lib/python3/dist-packages/oslo_config/cfg.py:2602
2026-02-16 00:38:58.305 173299 DEBUG oslo_service.service [req-0dea65a4-056e-4db0-903f-d4f605326707 - - - - -] default_log_levels = ['amqp=WARN', 'amqplib=WARN', 'boto=WARN', 'qpid=WARN', 'sqlalchemy=WARN', 'suds=INFO', 'oslo.messaging=INFO', 'oslo_messaging=DEBUG', 'iso8601=WARN', 'requests.packages.urllib3.connectionpool=WARN', 'urllib3.connectionpool=WARN', 'websocket=WARN', 'requests.packages.urllib3.util.retry=WARN', 'urllib3.util.retry=WARN', 'keystonemiddleware=WARN', 'routes.middleware=WARN', 'stevedore=WARN', 'taskflow=WARN', 'keystoneauth=WARN', 'oslo.cache=INFO', 'dogpile.core.dogpile=INFO', 'glanceclient=WARN', 'oslo.privsep.daemon=INFO'] log_opt_values /usr/lib/python3/dist-packages/oslo_config/cfg.py:2602
2026-02-16 00:38:58.306 173299 DEBUG oslo_service.service [req-0dea65a4-056e-4db0-903f-d4f605326707 - - - - -] default_schedule_zone = None log_opt_values /usr/lib/python3/dist-packages/oslo_config/cfg.py:2602
2026-02-16 00:38:58.306 173299 DEBUG oslo_service.service [req-0dea65a4-056e-4db0-903f-d4f605326707 - - - - -] disk_allocation_ratio = 1.0 log_opt_values /usr/lib/python3/dist-packages/oslo_config/cfg.py:2602
2026-02-16 00:38:58.306 173299 DEBUG oslo_service.service [req-0dea65a4-056e-4db0-903f-d4f605326707 - - - - -] enable_new_services = True log_opt_values /usr/lib/python3/dist-packages/oslo_config/cfg.py:2602
2026-02-16 00:38:58.306 173299 DEBUG oslo_service.service [req-0dea65a4-056e-4db0-903f-d4f605326707 - - - - -] enabled_apis = ['osapi_compute', 'metadata'] log_opt_values /usr/lib/python3/dist-packages/oslo_config/cfg.py:2602
2026-02-16 00:38:58.306 173299 DEBUG oslo_service.service [req-0dea65a4-056e-4db0-903f-d4f605326707 - - - - -] enabled_ssl_apis = [] log_opt_values /usr/lib/python3/dist-packages/oslo_config/cfg.py:2602
2026-02-16 00:38:58.307 173299 DEBUG oslo_service.service [req-0dea65a4-056e-4db0-903f-d4f605326707 - - - - -] fatal_deprecations = False log_opt_values /usr/lib/python3/dist-packages/oslo_config/cfg.py:2602
2026-02-16 00:38:58.307 173299 DEBUG oslo_service.service [req-0dea65a4-056e-4db0-903f-d4f605326707 - - - - -] flat_injected = False log_opt_values /usr/lib/python3/dist-packages/oslo_config/cfg.py:2602
2026-02-16 00:38:58.307 173299 DEBUG oslo_service.service [req-0dea65a4-056e-4db0-903f-d4f605326707 - - - - -] force_config_drive = False log_opt_values /usr/lib/python3/dist-packages/oslo_config/cfg.py:2602
2026-02-16 00:38:58.307 173299 DEBUG oslo_service.service [req-0dea65a4-056e-4db0-903f-d4f605326707 - - - - -] force_raw_images = True log_opt_values /usr/lib/python3/dist-packages/oslo_config/cfg.py:2602
2026-02-16 00:38:58.307 173299 DEBUG oslo_service.service [req-0dea65a4-056e-4db0-903f-d4f605326707 - - - - -] graceful_shutdown_timeout = 60 log_opt_values /usr/lib/python3/dist-packages/oslo_config/cfg.py:2602
2026-02-16 00:38:58.307 173299 DEBUG oslo_service.service [req-0dea65a4-056e-4db0-903f-d4f605326707 - - - - -] heal_instance_info_cache_interval = 60 log_opt_values /usr/lib/python3/dist-packages/oslo_config/cfg.py:2602
2026-02-16 00:38:58.308 173299 DEBUG oslo_service.service [req-0dea65a4-056e-4db0-903f-d4f605326707 - - - - -] host = juju-cf141d-0-lxd-7 log_opt_values /usr/lib/python3/dist-packages/oslo_config/cfg.py:2602
2026-02-16 00:38:58.308 173299 DEBUG oslo_service.service [req-0dea65a4-056e-4db0-903f-d4f605326707 - - - - -] initial_cpu_allocation_ratio = 16.0 log_opt_values /usr/lib/python3/dist-packages/oslo_config/cfg.py:2602
2026-02-16 00:38:58.309 173299 DEBUG oslo_service.service [req-0dea65a4-056e-4db0-903f-d4f605326707 - - - - -] initial_disk_allocation_ratio = 1.0 log_opt_values /usr/lib/python3/dist-packages/oslo_config/cfg.py:2602
2026-02-16 00:38:58.309 173299 DEBUG oslo_service.service [req-0dea65a4-056e-4db0-903f-d4f605326707 - - - - -] initial_ram_allocation_ratio = 1.5 log_opt_values /usr/lib/python3/dist-packages/oslo_config/cfg.py:2602
2026-02-16 00:38:58.309 173702 DEBUG oslo_db.sqlalchemy.engines [req-58887f75-c963-48b6-848a-e586276268cd - - - - -] MySQL server mode set to STRICT_TRANS_TABLES,STRICT_ALL_TABLES,NO_ZERO_IN_DATE,NO_ZERO_DATE,ERROR_FOR_DIVISION_BY_ZERO,TRADITIONAL,NO_ENGINE_SUBSTITUTION _check_effective_sql_mode /usr/lib/python3/dist-packages/oslo_db/sqlalchemy/engines.py:314
2026-02-16 00:38:58.309 173299 DEBUG oslo_service.service [req-0dea65a4-056e-4db0-903f-d4f605326707 - - - - -] injected_network_template = /usr/lib/python3/dist-packages/nova/virt/interfaces.template log_opt_values /usr/lib/python3/dist-packages/oslo_config/cfg.py:2602
2026-02-16 00:38:58.309 173299 DEBUG oslo_service.service [req-0dea65a4-056e-4db0-903f-d4f605326707 - - - - -] instance_build_timeout = 0 log_opt_values /usr/lib/python3/dist-packages/oslo_config/cfg.py:2602
2026-02-16 00:38:58.310 173299 DEBUG oslo_service.service [req-0dea65a4-056e-4db0-903f-d4f605326707 - - - - -] instance_delete_interval = 300 log_opt_values /usr/lib/python3/dist-packages/oslo_config/cfg.py:2602
2026-02-16 00:38:58.310 173299 DEBUG oslo_service.service [req-0dea65a4-056e-4db0-903f-d4f605326707 - - - - -] instance_format = [instance: %(uuid)s] log_opt_values /usr/lib/python3/dist-packages/oslo_config/cfg.py:2602
2026-02-16 00:38:58.310 173299 DEBUG oslo_service.service [req-0dea65a4-056e-4db0-903f-d4f605326707 - - - - -] instance_name_template = instance-%08x log_opt_values /usr/lib/python3/dist-packages/oslo_config/cfg.py:2602
2026-02-16 00:38:58.310 173299 DEBUG oslo_service.service [req-0dea65a4-056e-4db0-903f-d4f605326707 - - - - -] instance_usage_audit = False log_opt_values /usr/lib/python3/dist-packages/oslo_config/cfg.py:2602
