2026-02-16 00:35:58.135 36723 DEBUG oslo_service.service [-] heat_api_cloudwatch.tcp_keepidle = 600 log_opt_values /usr/lib/python3/dist-packages/oslo_config/cfg.py:2609
2026-02-16 00:35:58.135 36723 DEBUG oslo_service.service [-] heat_api_cloudwatch.workers = 1 log_opt_values /usr/lib/python3/dist-packages/oslo_config/cfg.py:2609
2026-02-16 00:35:58.135 36933 INFO heat.engine.worker [-] Starting engine_worker (1.4) in engine 03997f0c-4e09-4f62-9448-2837fc0fa400.
2026-02-16 00:35:58.135 36723 DEBUG oslo_service.service [-] eventlet_opts.client_socket_timeout = 900 log_opt_values /usr/lib/python3/dist-packages/oslo_config/cfg.py:2609
2026-02-16 00:35:58.135 36723 DEBUG oslo_service.service [-] eventlet_opts.wsgi_keep_alive = True log_opt_values /usr/lib/python3/dist-packages/oslo_config/cfg.py:2609
2026-02-16 00:35:58.136 36723 DEBUG oslo_service.service [-] paste_deploy.api_paste_config = /etc/heat/api-paste.ini log_opt_values /usr/lib/python3/dist-packages/oslo_config/cfg.py:2609
2026-02-16 00:35:58.136 36723 DEBUG oslo_service.service [-] paste_deploy.flavor = None log_opt_values /usr/lib/python3/dist-packages/oslo_config/cfg.py:2609
2026-02-16 00:35:58.136 36723 DEBUG oslo_service.service [-] auth_password.allowed_auth_uris = [] log_opt_values /usr/lib/python3/dist-packages/oslo_config/cfg.py:2609
2026-02-16 00:35:58.136 36723 DEBUG oslo_service.service [-] auth_password.multi_cloud = False log_opt_values /usr/lib/python3/dist-packages/oslo_config/cfg.py:2609
2026-02-16 00:35:58.136 36723 DEBUG oslo_service.service [-] revision.heat_revision = unknown log_opt_values /usr/lib/python3/dist-packages/oslo_config/cfg.py:2609
2026-02-16 00:35:58.136 36723 DEBUG oslo_service.service [-] volumes.backups_enabled = True log_opt_values /usr/lib/python3/dist-packages/oslo_config/cfg.py:2609
2026-02-16 00:35:58.137 36723 DEBUG oslo_service.service [-] noauth.token_response = log_opt_values /usr/lib/python3/dist-packages/oslo_config/cfg.py:2609
2026-02-16 00:35:58.137 36723 DEBUG oslo_service.service [-] clients.ca_file = None log_opt_values /usr/lib/python3/dist-packages/oslo_config/cfg.py:2609
2026-02-16 00:35:58.137 36723 DEBUG oslo_service.service [-] clients.cert_file = None log_opt_values /usr/lib/python3/dist-packages/oslo_config/cfg.py:2609
2026-02-16 00:35:58.137 36723 DEBUG oslo_service.service [-] clients.endpoint_type = publicURL log_opt_values /usr/lib/python3/dist-packages/oslo_config/cfg.py:2609
2026-02-16 00:35:58.137 36723 DEBUG oslo_service.service [-] clients.insecure = False log_opt_values /usr/lib/python3/dist-packages/oslo_config/cfg.py:2609
2026-02-16 00:35:58.137 36723 DEBUG oslo_service.service [-] clients.key_file = None log_opt_values /usr/lib/python3/dist-packages/oslo_config/cfg.py:2609
2026-02-16 00:35:58.137 36723 DEBUG oslo_service.service [-] clients_aodh.ca_file = None log_opt_values /usr/lib/python3/dist-packages/oslo_config/cfg.py:2609
2026-02-16 00:35:58.138 36723 DEBUG oslo_service.service [-] clients_aodh.cert_file = None log_opt_values /usr/lib/python3/dist-packages/oslo_config/cfg.py:2609
2026-02-16 00:35:58.138 36723 DEBUG oslo_service.service [-] clients_aodh.endpoint_type = None log_opt_values /usr/lib/python3/dist-packages/oslo_config/cfg.py:2609
2026-02-16 00:35:58.138 36723 DEBUG oslo_service.service [-] clients_aodh.insecure = None log_opt_values /usr/lib/python3/dist-packages/oslo_config/cfg.py:2609
2026-02-16 00:35:58.138 36723 DEBUG oslo_service.service [-] clients_aodh.key_file = None log_opt_values /usr/lib/python3/dist-packages/oslo_config/cfg.py:2609
2026-02-16 00:35:58.138 36723 DEBUG oslo_service.service [-] clients_barbican.ca_file = None log_opt_values /usr/lib/python3/dist-packages/oslo_config/cfg.py:2609
2026-02-16 00:35:58.139 36723 DEBUG oslo_service.service [-] clients_barbican.cert_file = None log_opt_values /usr/lib/python3/dist-packages/oslo_config/cfg.py:2609
2026-02-16 00:35:58.139 36723 DEBUG oslo_service.service [-] clients_barbican.endpoint_type = None log_opt_values /usr/lib/python3/dist-packages/oslo_config/cfg.py:2609
2026-02-16 00:35:58.139 36723 DEBUG oslo_service.service [-] clients_barbican.insecure = None log_opt_values /usr/lib/python3/dist-packages/oslo_config/cfg.py:2609
2026-02-16 00:35:58.139 36723 DEBUG oslo_service.service [-] clients_barbican.key_file = None log_opt_values /usr/lib/python3/dist-packages/oslo_config/cfg.py:2609
2026-02-16 00:35:58.139 36723 DEBUG oslo_service.service [-] clients_cinder.ca_file = None log_opt_values /usr/lib/python3/dist-packages/oslo_config/cfg.py:2609
2026-02-16 00:35:58.139 36723 DEBUG oslo_service.service [-] clients_cinder.cert_file = None log_opt_values /usr/lib/python3/dist-packages/oslo_config/cfg.py:2609
2026-02-16 00:35:58.139 36723 DEBUG oslo_service.service [-] clients_cinder.endpoint_type = None log_opt_values /usr/lib/python3/dist-packages/oslo_config/cfg.py:2609
2026-02-16 00:35:58.139 36723 DEBUG oslo_service.service [-] clients_cinder.http_log_debug = False log_opt_values /usr/lib/python3/dist-packages/oslo_config/cfg.py:2609
2026-02-16 00:35:58.140 36723 DEBUG oslo_service.service [-] clients_cinder.insecure = None log_opt_values /usr/lib/python3/dist-packages/oslo_config/cfg.py:2609
2026-02-16 00:35:58.140 36723 DEBUG oslo_service.service [-] clients_cinder.key_file = None log_opt_values /usr/lib/python3/dist-packages/oslo_config/cfg.py:2609
2026-02-16 00:35:58.140 36723 DEBUG oslo_service.service [-] clients_designate.ca_file = None log_opt_values /usr/lib/python3/dist-packages/oslo_config/cfg.py:2609
2026-02-16 00:35:58.140 36723 DEBUG oslo_service.service [-] clients_designate.cert_file = None log_opt_values /usr/lib/python3/dist-packages/oslo_config/cfg.py:2609
2026-02-16 00:35:58.140 36723 DEBUG oslo_service.service [-] clients_designate.endpoint_type = None log_opt_values /usr/lib/python3/dist-packages/oslo_config/cfg.py:2609
2026-02-16 00:35:58.140 36723 DEBUG oslo_service.service [-] clients_designate.insecure = None log_opt_values /usr/lib/python3/dist-packages/oslo_config/cfg.py:2609
2026-02-16 00:35:58.140 36723 DEBUG oslo_service.service [-] clients_designate.key_file = None log_opt_values /usr/lib/python3/dist-packages/oslo_config/cfg.py:2609
2026-02-16 00:35:58.140 36723 DEBUG oslo_service.service [-] clients_glance.ca_file = None log_opt_values /usr/lib/python3/dist-packages/oslo_config/cfg.py:2609
2026-02-16 00:35:58.140 36723 DEBUG oslo_service.service [-] clients_glance.cert_file = None log_opt_values /usr/lib/python3/dist-packages/oslo_config/cfg.py:2609
2026-02-16 00:35:58.141 36723 DEBUG oslo_service.service [-] clients_glance.endpoint_type = None log_opt_values /usr/lib/python3/dist-packages/oslo_config/cfg.py:2609
2026-02-16 00:35:58.141 36723 DEBUG oslo_service.service [-] clients_glance.insecure = None log_opt_values /usr/lib/python3/dist-packages/oslo_config/cfg.py:2609
2026-02-16 00:35:58.141 36723 DEBUG oslo_service.service [-] clients_glance.key_file = None log_opt_values /usr/lib/python3/dist-packages/oslo_config/cfg.py:2609
2026-02-16 00:35:58.141 36723 DEBUG oslo_service.service [-] clients_heat.ca_file = None log_opt_values /usr/lib/python3/dist-packages/oslo_config/cfg.py:2609
2026-02-16 00:35:58.141 36723 DEBUG oslo_service.service [-] clients_heat.cert_file = None log_opt_values /usr/lib/python3/dist-packages/oslo_config/cfg.py:2609
2026-02-16 00:35:58.141 36723 DEBUG oslo_service.service [-] clients_heat.endpoint_type = None log_opt_values /usr/lib/python3/dist-packages/oslo_config/cfg.py:2609
2026-02-16 00:35:58.141 36723 DEBUG oslo_service.service [-] clients_heat.insecure = None log_opt_values /usr/lib/python3/dist-packages/oslo_config/cfg.py:2609
2026-02-16 00:35:58.141 36723 DEBUG oslo_service.service [-] clients_heat.key_file = None log_opt_values /usr/lib/python3/dist-packages/oslo_config/cfg.py:2609
2026-02-16 00:35:58.142 36723 DEBUG oslo_service.service [-] clients_heat.url = log_opt_values /usr/lib/python3/dist-packages/oslo_config/cfg.py:2609
2026-02-16 00:35:58.142 36723 DEBUG oslo_service.service [-] clients_keystone.auth_uri = http://252.129.40.229:5050 log_opt_values /usr/lib/python3/dist-packages/oslo_config/cfg.py:2609
2026-02-16 00:35:58.142 36723 DEBUG oslo_service.service [-] clients_keystone.ca_file = None log_opt_values /usr/lib/python3/dist-packages/oslo_config/cfg.py:2609
2026-02-16 00:35:58.142 36723 DEBUG oslo_service.service [-] clients_keystone.cert_file = None log_opt_values /usr/lib/python3/dist-packages/oslo_config/cfg.py:2609
2026-02-16 00:35:58.142 36723 DEBUG oslo_service.service [-] clients_keystone.endpoint_type = None log_opt_values /usr/lib/python3/dist-packages/oslo_config/cfg.py:2609
2026-02-16 00:35:58.142 36723 DEBUG oslo_service.service [-] clients_keystone.insecure = None log_opt_values /usr/lib/python3/dist-packages/oslo_config/cfg.py:2609
2026-02-16 00:35:58.142 36723 DEBUG oslo_service.service [-] clients_keystone.key_file = None log_opt_values /usr/lib/python3/dist-packages/oslo_config/cfg.py:2609
2026-02-16 00:35:58.142 36723 DEBUG oslo_service.service [-] clients_magnum.ca_file = None log_opt_values /usr/lib/python3/dist-packages/oslo_config/cfg.py:2609
2026-02-16 00:35:58.142 36723 DEBUG oslo_service.service [-] clients_magnum.cert_file = None log_opt_values /usr/lib/python3/dist-packages/oslo_config/cfg.py:2609
2026-02-16 00:35:58.143 36723 DEBUG oslo_service.service [-] clients_magnum.endpoint_type = None log_opt_values /usr/lib/python3/dist-packages/oslo_config/cfg.py:2609
2026-02-16 00:35:58.143 36723 DEBUG oslo_service.service [-] clients_magnum.insecure = None log_opt_values /usr/lib/python3/dist-packages/oslo_config/cfg.py:2609
2026-02-16 00:35:58.143 36723 DEBUG oslo_service.service [-] clients_magnum.key_file = None log_opt_values /usr/lib/python3/dist-packages/oslo_config/cfg.py:2609
2026-02-16 00:35:58.143 36723 DEBUG oslo_service.service [-] clients_manila.ca_file = None log_opt_values /usr/lib/python3/dist-packages/oslo_config/cfg.py:2609
2026-02-16 00:35:58.143 36723 DEBUG oslo_service.service [-] clients_manila.cert_file = None log_opt_values /usr/lib/python3/dist-packages/oslo_config/cfg.py:2609
2026-02-16 00:35:58.143 36723 DEBUG oslo_service.service [-] clients_manila.endpoint_type = None log_opt_values /usr/lib/python3/dist-packages/oslo_config/cfg.py:2609
2026-02-16 00:35:58.143 36723 DEBUG oslo_service.service [-] clients_manila.insecure = None log_opt_values /usr/lib/python3/dist-packages/oslo_config/cfg.py:2609
2026-02-16 00:35:58.143 36723 DEBUG oslo_service.service [-] clients_manila.key_file = None log_opt_values /usr/lib/python3/dist-packages/oslo_config/cfg.py:2609
2026-02-16 00:35:58.143 36723 DEBUG oslo_service.service [-] clients_mistral.ca_file = None log_opt_values /usr/lib/python3/dist-packages/oslo_config/cfg.py:2609
2026-02-16 00:35:58.143 36723 DEBUG oslo_service.service [-] clients_mistral.cert_file = None log_opt_values /usr/lib/python3/dist-packages/oslo_config/cfg.py:2609
2026-02-16 00:35:58.144 36723 DEBUG oslo_service.service [-] clients_mistral.endpoint_type = None log_opt_values /usr/lib/python3/dist-packages/oslo_config/cfg.py:2609
2026-02-16 00:35:58.144 36723 DEBUG oslo_service.service [-] clients_mistral.insecure = None log_opt_values /usr/lib/python3/dist-packages/oslo_config/cfg.py:2609
2026-02-16 00:35:58.144 36723 DEBUG oslo_service.service [-] clients_mistral.key_file = None log_opt_values /usr/lib/python3/dist-packages/oslo_config/cfg.py:2609
2026-02-16 00:35:58.144 36723 DEBUG oslo_service.service [-] clients_monasca.ca_file = None log_opt_values /usr/lib/python3/dist-packages/oslo_config/cfg.py:2609
2026-02-16 00:35:58.144 36723 DEBUG oslo_service.service [-] clients_monasca.cert_file = None log_opt_values /usr/lib/python3/dist-packages/oslo_config/cfg.py:2609
2026-02-16 00:35:58.144 36723 DEBUG oslo_service.service [-] clients_monasca.endpoint_type = None log_opt_values /usr/lib/python3/dist-packages/oslo_config/cfg.py:2609
2026-02-16 00:35:58.145 36723 DEBUG oslo_service.service [-] clients_monasca.insecure = None log_opt_values /usr/lib/python3/dist-packages/oslo_config/cfg.py:2609
2026-02-16 00:35:58.145 36723 DEBUG oslo_service.service [-] clients_monasca.key_file = None log_opt_values /usr/lib/python3/dist-packages/oslo_config/cfg.py:2609
2026-02-16 00:35:58.145 36723 DEBUG oslo_service.service [-] clients_neutron.ca_file = None log_opt_values /usr/lib/python3/dist-packages/oslo_config/cfg.py:2609
2026-02-16 00:35:58.145 36723 DEBUG oslo_service.service [-] clients_neutron.cert_file = None log_opt_values /usr/lib/python3/dist-packages/oslo_config/cfg.py:2609
2026-02-16 00:35:58.145 36723 DEBUG oslo_service.service [-] clients_neutron.endpoint_type = None log_opt_values /usr/lib/python3/dist-packages/oslo_config/cfg.py:2609
2026-02-16 00:35:58.146 36723 DEBUG oslo_service.service [-] clients_neutron.insecure = None log_opt_values /usr/lib/python3/dist-packages/oslo_config/cfg.py:2609
2026-02-16 00:35:58.146 36723 DEBUG oslo_service.service [-] clients_neutron.key_file = None log_opt_values /usr/lib/python3/dist-packages/oslo_config/cfg.py:2609
2026-02-16 00:35:58.146 36723 DEBUG oslo_service.service [-] clients_nova.ca_file = None log_opt_values /usr/lib/python3/dist-packages/oslo_config/cfg.py:2609
2026-02-16 00:35:58.146 36723 DEBUG oslo_service.service [-] clients_nova.cert_file = None log_opt_values /usr/lib/python3/dist-packages/oslo_config/cfg.py:2609
2026-02-16 00:35:58.146 36723 DEBUG oslo_service.service [-] clients_nova.endpoint_type = None log_opt_values /usr/lib/python3/dist-packages/oslo_config/cfg.py:2609
2026-02-16 00:35:58.146 36723 DEBUG oslo_service.service [-] clients_nova.http_log_debug = False log_opt_values /usr/lib/python3/dist-packages/oslo_config/cfg.py:2609
2026-02-16 00:35:58.146 36723 DEBUG oslo_service.service [-] clients_nova.insecure = None log_opt_values /usr/lib/python3/dist-packages/oslo_config/cfg.py:2609
2026-02-16 00:35:58.146 36723 DEBUG oslo_service.service [-] clients_nova.key_file = None log_opt_values /usr/lib/python3/dist-packages/oslo_config/cfg.py:2609
2026-02-16 00:35:58.146 36723 DEBUG oslo_service.service [-] clients_octavia.ca_file = None log_opt_values /usr/lib/python3/dist-packages/oslo_config/cfg.py:2609
2026-02-16 00:35:58.147 36723 DEBUG oslo_service.service [-] clients_octavia.cert_file = None log_opt_values /usr/lib/python3/dist-packages/oslo_config/cfg.py:2609
2026-02-16 00:35:58.147 36723 DEBUG oslo_service.service [-] clients_octavia.endpoint_type = None log_opt_values /usr/lib/python3/dist-packages/oslo_config/cfg.py:2609
2026-02-16 00:35:58.147 36723 DEBUG oslo_service.service [-] clients_octavia.insecure = None log_opt_values /usr/lib/python3/dist-packages/oslo_config/cfg.py:2609
2026-02-16 00:35:58.147 36723 DEBUG oslo_service.service [-] clients_octavia.key_file = None log_opt_values /usr/lib/python3/dist-packages/oslo_config/cfg.py:2609
2026-02-16 00:35:58.147 36723 DEBUG oslo_service.service [-] clients_sahara.ca_file = None log_opt_values /usr/lib/python3/dist-packages/oslo_config/cfg.py:2609
2026-02-16 00:35:58.147 36723 DEBUG oslo_service.service [-] clients_sahara.cert_file = None log_opt_values /usr/lib/python3/dist-packages/oslo_config/cfg.py:2609
2026-02-16 00:35:58.147 36723 DEBUG oslo_service.service [-] clients_sahara.endpoint_type = None log_opt_values /usr/lib/python3/dist-packages/oslo_config/cfg.py:2609
2026-02-16 00:35:58.147 36723 DEBUG oslo_service.service [-] clients_sahara.insecure = None log_opt_values /usr/lib/python3/dist-packages/oslo_config/cfg.py:2609
2026-02-16 00:35:58.147 36723 DEBUG oslo_service.service [-] clients_sahara.key_file = None log_opt_values /usr/lib/python3/dist-packages/oslo_config/cfg.py:2609
2026-02-16 00:35:58.147 36723 DEBUG oslo_service.service [-] clients_senlin.ca_file = None log_opt_values /usr/lib/python3/dist-packages/oslo_config/cfg.py:2609
2026-02-16 00:35:58.148 36723 DEBUG oslo_service.service [-] clients_senlin.cert_file = None log_opt_values /usr/lib/python3/dist-packages/oslo_config/cfg.py:2609
2026-02-16 00:35:58.148 36723 DEBUG oslo_service.service [-] clients_senlin.endpoint_type = None log_opt_values /usr/lib/python3/dist-packages/oslo_config/cfg.py:2609
2026-02-16 00:35:58.148 36723 DEBUG oslo_service.service [-] clients_senlin.insecure = None log_opt_values /usr/lib/python3/dist-packages/oslo_config/cfg.py:2609
2026-02-16 00:35:58.148 36723 DEBUG oslo_service.service [-] clients_senlin.key_file = None log_opt_values /usr/lib/python3/dist-packages/oslo_config/cfg.py:2609
2026-02-16 00:35:58.148 36723 DEBUG oslo_service.service [-] clients_swift.ca_file = None log_opt_values /usr/lib/python3/dist-packages/oslo_config/cfg.py:2609
2026-02-16 00:35:58.149 36723 DEBUG oslo_service.service [-] clients_swift.cert_file = None log_opt_values /usr/lib/python3/dist-packages/oslo_config/cfg.py:2609
2026-02-16 00:35:58.149 36723 DEBUG oslo_service.service [-] clients_swift.endpoint_type = None log_opt_values /usr/lib/python3/dist-packages/oslo_config/cfg.py:2609
2026-02-16 00:35:58.149 36723 DEBUG oslo_service.service [-] clients_swift.insecure = None log_opt_values /usr/lib/python3/dist-packages/oslo_config/cfg.py:2609
2026-02-16 00:35:58.149 36723 DEBUG oslo_service.service [-] clients_swift.key_file = None log_opt_values /usr/lib/python3/dist-packages/oslo_config/cfg.py:2609
2026-02-16 00:35:58.149 36723 DEBUG oslo_service.service [-] clients_trove.ca_file = None log_opt_values /usr/lib/python3/dist-packages/oslo_config/cfg.py:2609
2026-02-16 00:35:58.149 36723 DEBUG oslo_service.service [-] clients_trove.cert_file = None log_opt_values /usr/lib/python3/dist-packages/oslo_config/cfg.py:2609
2026-02-16 00:35:58.150 36723 DEBUG oslo_service.service [-] clients_trove.endpoint_type = None log_opt_values /usr/lib/python3/dist-packages/oslo_config/cfg.py:2609
2026-02-16 00:35:58.150 36723 DEBUG oslo_service.service [-] clients_trove.insecure = None log_opt_values /usr/lib/python3/dist-packages/oslo_config/cfg.py:2609
2026-02-16 00:35:58.150 36723 DEBUG oslo_service.service [-] clients_trove.key_file = None log_opt_values /usr/lib/python3/dist-packages/oslo_config/cfg.py:2609
2026-02-16 00:35:58.150 36723 DEBUG oslo_service.service [-] clients_vitrage.ca_file = None log_opt_values /usr/lib/python3/dist-packages/oslo_config/cfg.py:2609
2026-02-16 00:35:58.150 36723 DEBUG oslo_service.service [-] clients_vitrage.cert_file = None log_opt_values /usr/lib/python3/dist-packages/oslo_config/cfg.py:2609
2026-02-16 00:35:58.150 36723 DEBUG oslo_service.service [-] clients_vitrage.endpoint_type = None log_opt_values /usr/lib/python3/dist-packages/oslo_config/cfg.py:2609
2026-02-16 00:35:58.150 36723 DEBUG oslo_service.service [-] clients_vitrage.insecure = None log_opt_values /usr/lib/python3/dist-packages/oslo_config/cfg.py:2609
2026-02-16 00:35:58.150 36723 DEBUG oslo_service.service [-] clients_vitrage.key_file = None log_opt_values /usr/lib/python3/dist-packages/oslo_config/cfg.py:2609
2026-02-16 00:35:58.150 36723 DEBUG oslo_service.service [-] clients_zaqar.ca_file = None log_opt_values /usr/lib/python3/dist-packages/oslo_config/cfg.py:2609
2026-02-16 00:35:58.151 36723 DEBUG oslo_service.service [-] clients_zaqar.cert_file = None log_opt_values /usr/lib/python3/dist-packages/oslo_config/cfg.py:2609
2026-02-16 00:35:58.151 36723 DEBUG oslo_service.service [-] clients_zaqar.endpoint_type = None log_opt_values /usr/lib/python3/dist-packages/oslo_config/cfg.py:2609
2026-02-16 00:35:58.151 36723 DEBUG oslo_service.service [-] clients_zaqar.insecure = None log_opt_values /usr/lib/python3/dist-packages/oslo_config/cfg.py:2609
2026-02-16 00:35:58.151 36723 DEBUG oslo_service.service [-] clients_zaqar.key_file = None log_opt_values /usr/lib/python3/dist-packages/oslo_config/cfg.py:2609
2026-02-16 00:35:58.151 36723 DEBUG oslo_service.service [-] database.backend = sqlalchemy log_opt_values /usr/lib/python3/dist-packages/oslo_config/cfg.py:2609
2026-02-16 00:35:58.151 36723 DEBUG oslo_service.service [-] database.connection = **** log_opt_values /usr/lib/python3/dist-packages/oslo_config/cfg.py:2609
2026-02-16 00:35:58.151 36723 DEBUG oslo_service.service [-] database.connection_debug = 0 log_opt_values /usr/lib/python3/dist-packages/oslo_config/cfg.py:2609
2026-02-16 00:35:58.152 36723 DEBUG oslo_service.service [-] database.connection_parameters = log_opt_values /usr/lib/python3/dist-packages/oslo_config/cfg.py:2609
2026-02-16 00:35:58.152 36723 DEBUG oslo_service.service [-] database.connection_recycle_time = 3600 log_opt_values /usr/lib/python3/dist-packages/oslo_config/cfg.py:2609
2026-02-16 00:35:58.152 36723 DEBUG oslo_service.service [-] database.connection_trace = False log_opt_values /usr/lib/python3/dist-packages/oslo_config/cfg.py:2609
2026-02-16 00:35:58.152 36723 DEBUG oslo_service.service [-] database.db_inc_retry_interval = True log_opt_values /usr/lib/python3/dist-packages/oslo_config/cfg.py:2609
2026-02-16 00:35:58.152 36723 DEBUG oslo_service.service [-] database.db_max_retries = 20 log_opt_values /usr/lib/python3/dist-packages/oslo_config/cfg.py:2609
2026-02-16 00:35:58.152 36723 DEBUG oslo_service.service [-] database.db_max_retry_interval = 10 log_opt_values /usr/lib/python3/dist-packages/oslo_config/cfg.py:2609
2026-02-16 00:35:58.152 36723 DEBUG oslo_service.service [-] database.db_retry_interval = 1 log_opt_values /usr/lib/python3/dist-packages/oslo_config/cfg.py:2609
2026-02-16 00:35:58.152 36723 DEBUG oslo_service.service [-] database.max_overflow = 50 log_opt_values /usr/lib/python3/dist-packages/oslo_config/cfg.py:2609
2026-02-16 00:35:58.152 36723 DEBUG oslo_service.service [-] database.max_pool_size = 5 log_opt_values /usr/lib/python3/dist-packages/oslo_config/cfg.py:2609
2026-02-16 00:35:58.153 36723 DEBUG oslo_service.service [-] database.max_retries = 10 log_opt_values /usr/lib/python3/dist-packages/oslo_config/cfg.py:2609
2026-02-16 00:35:58.153 36723 DEBUG oslo_service.service [-] database.mysql_enable_ndb = False log_opt_values /usr/lib/python3/dist-packages/oslo_config/cfg.py:2609
2026-02-16 00:35:58.153 36723 DEBUG oslo_service.service [-] database.mysql_sql_mode = TRADITIONAL log_opt_values /usr/lib/python3/dist-packages/oslo_config/cfg.py:2609
2026-02-16 00:35:58.153 36723 DEBUG oslo_service.service [-] database.pool_timeout = None log_opt_values /usr/lib/python3/dist-packages/oslo_config/cfg.py:2609
2026-02-16 00:35:58.153 36723 DEBUG oslo_service.service [-] database.retry_interval = 10 log_opt_values /usr/lib/python3/dist-packages/oslo_config/cfg.py:2609
2026-02-16 00:35:58.153 36723 DEBUG oslo_service.service [-] database.slave_connection = **** log_opt_values /usr/lib/python3/dist-packages/oslo_config/cfg.py:2609
2026-02-16 00:35:58.153 36723 DEBUG oslo_service.service [-] database.sqlite_synchronous = True log_opt_values /usr/lib/python3/dist-packages/oslo_config/cfg.py:2609
2026-02-16 00:35:58.153 36723 DEBUG oslo_service.service [-] database.use_db_reconnect = False log_opt_values /usr/lib/python3/dist-packages/oslo_config/cfg.py:2609
2026-02-16 00:35:58.154 36723 DEBUG oslo_service.service [-] oslo_messaging_metrics.metrics_buffer_size = 1000 log_opt_values /usr/lib/python3/dist-packages/oslo_config/cfg.py:2609
2026-02-16 00:35:58.154 36723 DEBUG oslo_service.service [-] oslo_messaging_metrics.metrics_enabled = False log_opt_values /usr/lib/python3/dist-packages/oslo_config/cfg.py:2609
2026-02-16 00:35:58.154 36723 DEBUG oslo_service.service [-] oslo_messaging_metrics.metrics_process_name = log_opt_values /usr/lib/python3/dist-packages/oslo_config/cfg.py:2609
2026-02-16 00:35:58.154 36723 DEBUG oslo_service.service [-] oslo_messaging_metrics.metrics_socket_file = /var/tmp/metrics_collector.sock log_opt_values /usr/lib/python3/dist-packages/oslo_config/cfg.py:2609
2026-02-16 00:35:58.154 36723 DEBUG oslo_service.service [-] oslo_messaging_metrics.metrics_thread_stop_timeout = 10 log_opt_values /usr/lib/python3/dist-packages/oslo_config/cfg.py:2609
2026-02-16 00:35:58.154 36723 DEBUG oslo_service.service [-] oslo_policy.enforce_new_defaults = False log_opt_values /usr/lib/python3/dist-packages/oslo_config/cfg.py:2609
2026-02-16 00:35:58.154 36723 DEBUG oslo_service.service [-] oslo_policy.enforce_scope = False log_opt_values /usr/lib/python3/dist-packages/oslo_config/cfg.py:2609
2026-02-16 00:35:58.154 36723 DEBUG oslo_service.service [-] oslo_policy.policy_default_rule = default log_opt_values /usr/lib/python3/dist-packages/oslo_config/cfg.py:2609
2026-02-16 00:35:58.155 36723 DEBUG oslo_service.service [-] oslo_policy.policy_dirs = ['policy.d'] log_opt_values /usr/lib/python3/dist-packages/oslo_config/cfg.py:2609
2026-02-16 00:35:58.155 36723 DEBUG oslo_service.service [-] oslo_policy.policy_file = policy.yaml log_opt_values /usr/lib/python3/dist-packages/oslo_config/cfg.py:2609
2026-02-16 00:35:58.155 36723 DEBUG oslo_service.service [-] oslo_policy.remote_content_type = application/x-www-form-urlencoded log_opt_values /usr/lib/python3/dist-packages/oslo_config/cfg.py:2609
2026-02-16 00:35:58.155 36723 DEBUG oslo_service.service [-] oslo_policy.remote_ssl_ca_crt_file = None log_opt_values /usr/lib/python3/dist-packages/oslo_config/cfg.py:2609
2026-02-16 00:35:58.155 36723 DEBUG oslo_service.service [-] oslo_policy.remote_ssl_client_crt_file = None log_opt_values /usr/lib/python3/dist-packages/oslo_config/cfg.py:2609
2026-02-16 00:35:58.155 36723 DEBUG oslo_service.service [-] oslo_policy.remote_ssl_client_key_file = None log_opt_values /usr/lib/python3/dist-packages/oslo_config/cfg.py:2609
2026-02-16 00:35:58.155 36723 DEBUG oslo_service.service [-] oslo_policy.remote_ssl_verify_server_crt = False log_opt_values /usr/lib/python3/dist-packages/oslo_config/cfg.py:2609
2026-02-16 00:35:58.155 36723 DEBUG oslo_service.service [-] trustee.auth_section = None log_opt_values /usr/lib/python3/dist-packages/oslo_config/cfg.py:2609
2026-02-16 00:35:58.156 36723 WARNING oslo_config.cfg [-] Deprecated: Option "auth_plugin" from group "trustee" is deprecated. Use option "auth_type" from group "trustee".
2026-02-16 00:35:58.156 36723 DEBUG oslo_service.service [-] trustee.auth_type = password log_opt_values /usr/lib/python3/dist-packages/oslo_config/cfg.py:2609
2026-02-16 00:35:58.156 36723 DEBUG oslo_service.service [-] oslo_versionedobjects.fatal_exception_format_errors = False log_opt_values /usr/lib/python3/dist-packages/oslo_config/cfg.py:2609
2026-02-16 00:35:58.156 36723 DEBUG oslo_service.service [-] oslo_messaging_rabbit.amqp_auto_delete = False log_opt_values /usr/lib/python3/dist-packages/oslo_config/cfg.py:2609
2026-02-16 00:35:58.156 36723 DEBUG oslo_service.service [-] oslo_messaging_rabbit.amqp_durable_queues = False log_opt_values /usr/lib/python3/dist-packages/oslo_config/cfg.py:2609
2026-02-16 00:35:58.157 36723 DEBUG oslo_service.service [-] oslo_messaging_rabbit.conn_pool_min_size = 2 log_opt_values /usr/lib/python3/dist-packages/oslo_config/cfg.py:2609
2026-02-16 00:35:58.157 36723 DEBUG oslo_service.service [-] oslo_messaging_rabbit.conn_pool_ttl = 1200 log_opt_values /usr/lib/python3/dist-packages/oslo_config/cfg.py:2609
2026-02-16 00:35:58.157 36723 DEBUG oslo_service.service [-] oslo_messaging_rabbit.direct_mandatory_flag = True log_opt_values /usr/lib/python3/dist-packages/oslo_config/cfg.py:2609
2026-02-16 00:35:58.157 36723 DEBUG oslo_service.service [-] oslo_messaging_rabbit.enable_cancel_on_failover = False log_opt_values /usr/lib/python3/dist-packages/oslo_config/cfg.py:2609
2026-02-16 00:35:58.157 36723 DEBUG oslo_service.service [-] oslo_messaging_rabbit.heartbeat_in_pthread = False log_opt_values /usr/lib/python3/dist-packages/oslo_config/cfg.py:2609
2026-02-16 00:35:58.157 36723 DEBUG oslo_service.service [-] oslo_messaging_rabbit.heartbeat_rate = 2 log_opt_values /usr/lib/python3/dist-packages/oslo_config/cfg.py:2609
2026-02-16 00:35:58.157 36723 DEBUG oslo_service.service [-] oslo_messaging_rabbit.heartbeat_timeout_threshold = 60 log_opt_values /usr/lib/python3/dist-packages/oslo_config/cfg.py:2609
2026-02-16 00:35:58.162 36723 DEBUG oslo_service.service [-] oslo_messaging_rabbit.kombu_compression = None log_opt_values /usr/lib/python3/dist-packages/oslo_config/cfg.py:2609
2026-02-16 00:35:58.162 36935 INFO heat.engine.worker [-] Starting engine_worker (1.4) in engine 6ac705ef-8c77-4558-b90a-0fd1409de9a8.
2026-02-16 00:35:58.163 36723 DEBUG oslo_service.service [-] oslo_messaging_rabbit.kombu_failover_strategy = round-robin log_opt_values /usr/lib/python3/dist-packages/oslo_config/cfg.py:2609
2026-02-16 00:35:58.163 36723 DEBUG oslo_service.service [-] oslo_messaging_rabbit.kombu_missing_consumer_retry_timeout = 60 log_opt_values /usr/lib/python3/dist-packages/oslo_config/cfg.py:2609
2026-02-16 00:35:58.163 36723 DEBUG oslo_service.service [-] oslo_messaging_rabbit.kombu_reconnect_delay = 1.0 log_opt_values /usr/lib/python3/dist-packages/oslo_config/cfg.py:2609
2026-02-16 00:35:58.164 36723 DEBUG oslo_service.service [-] oslo_messaging_rabbit.rabbit_ha_queues = False log_opt_values /usr/lib/python3/dist-packages/oslo_config/cfg.py:2609
2026-02-16 00:35:58.165 36723 DEBUG oslo_service.service [-] oslo_messaging_rabbit.rabbit_interval_max = 30 log_opt_values /usr/lib/python3/dist-packages/oslo_config/cfg.py:2609
2026-02-16 00:35:58.165 36723 DEBUG oslo_service.service [-] oslo_messaging_rabbit.rabbit_login_method = AMQPLAIN log_opt_values /usr/lib/python3/dist-packages/oslo_config/cfg.py:2609
2026-02-16 00:35:58.165 36723 DEBUG oslo_service.service [-] oslo_messaging_rabbit.rabbit_qos_prefetch_count = 0 log_opt_values /usr/lib/python3/dist-packages/oslo_config/cfg.py:2609
2026-02-16 00:35:58.165 36723 DEBUG oslo_service.service [-] oslo_messaging_rabbit.rabbit_quorum_queue = False log_opt_values /usr/lib/python3/dist-packages/oslo_config/cfg.py:2609
2026-02-16 00:35:58.165 36723 DEBUG oslo_service.service [-] oslo_messaging_rabbit.rabbit_retry_backoff = 2 log_opt_values /usr/lib/python3/dist-packages/oslo_config/cfg.py:2609
2026-02-16 00:35:58.165 36723 DEBUG oslo_service.service [-] oslo_messaging_rabbit.rabbit_retry_interval = 1 log_opt_values /usr/lib/python3/dist-packages/oslo_config/cfg.py:2609
2026-02-16 00:35:58.165 36723 DEBUG oslo_service.service [-] oslo_messaging_rabbit.rabbit_transient_queues_ttl = 1800 log_opt_values /usr/lib/python3/dist-packages/oslo_config/cfg.py:2609
2026-02-16 00:35:58.165 36723 DEBUG oslo_service.service [-] oslo_messaging_rabbit.rpc_conn_pool_size = 30 log_opt_values /usr/lib/python3/dist-packages/oslo_config/cfg.py:2609
2026-02-16 00:35:58.166 36723 DEBUG oslo_service.service [-] oslo_messaging_rabbit.ssl = False log_opt_values /usr/lib/python3/dist-packages/oslo_config/cfg.py:2609
2026-02-16 00:35:58.166 36723 DEBUG oslo_service.service [-] oslo_messaging_rabbit.ssl_ca_file = log_opt_values /usr/lib/python3/dist-packages/oslo_config/cfg.py:2609
2026-02-16 00:35:58.166 36723 DEBUG oslo_service.service [-] oslo_messaging_rabbit.ssl_cert_file = log_opt_values /usr/lib/python3/dist-packages/oslo_config/cfg.py:2609
2026-02-16 00:35:58.167 36723 DEBUG oslo_service.service [-] oslo_messaging_rabbit.ssl_key_file = log_opt_values /usr/lib/python3/dist-packages/oslo_config/cfg.py:2609
2026-02-16 00:35:58.169 36723 DEBUG oslo_service.service [-] oslo_messaging_rabbit.ssl_version = log_opt_values /usr/lib/python3/dist-packages/oslo_config/cfg.py:2609
2026-02-16 00:35:58.170 36723 DEBUG oslo_service.service [-] oslo_messaging_notifications.driver = [] log_opt_values /usr/lib/python3/dist-packages/oslo_config/cfg.py:2609
2026-02-16 00:35:58.170 36723 DEBUG oslo_service.service [-] oslo_messaging_notifications.retry = -1 log_opt_values /usr/lib/python3/dist-packages/oslo_config/cfg.py:2609
2026-02-16 00:35:58.170 36723 DEBUG oslo_service.service [-] oslo_messaging_notifications.topics = ['notifications'] log_opt_values /usr/lib/python3/dist-packages/oslo_config/cfg.py:2609
2026-02-16 00:35:58.170 36723 DEBUG oslo_service.service [-] oslo_messaging_notifications.transport_url = **** log_opt_values /usr/lib/python3/dist-packages/oslo_config/cfg.py:2609
2026-02-16 00:35:58.170 36723 DEBUG oslo_service.service [-] cache.backend = dogpile.cache.null log_opt_values /usr/lib/python3/dist-packages/oslo_config/cfg.py:2609
2026-02-16 00:35:58.170 36723 DEBUG oslo_service.service [-] cache.backend_argument = **** log_opt_values /usr/lib/python3/dist-packages/oslo_config/cfg.py:2609
2026-02-16 00:35:58.170 36723 DEBUG oslo_service.service [-] cache.config_prefix = cache.oslo log_opt_values /usr/lib/python3/dist-packages/oslo_config/cfg.py:2609
2026-02-16 00:35:58.171 36723 DEBUG oslo_service.service [-] cache.debug_cache_backend = False log_opt_values /usr/lib/python3/dist-packages/oslo_config/cfg.py:2609
2026-02-16 00:35:58.171 36723 DEBUG oslo_service.service [-] cache.enabled = False log_opt_values /usr/lib/python3/dist-packages/oslo_config/cfg.py:2609
2026-02-16 00:35:58.171 36723 DEBUG oslo_service.service [-] cache.expiration_time = 600 log_opt_values /usr/lib/python3/dist-packages/oslo_config/cfg.py:2609
2026-02-16 00:35:58.171 36723 DEBUG oslo_service.service [-] cache.memcache_dead_retry = 300 log_opt_values /usr/lib/python3/dist-packages/oslo_config/cfg.py:2609
2026-02-16 00:35:58.171 36723 DEBUG oslo_service.service [-] cache.memcache_pool_connection_get_timeout = 10 log_opt_values /usr/lib/python3/dist-packages/oslo_config/cfg.py:2609
2026-02-16 00:35:58.171 36723 DEBUG oslo_service.service [-] cache.memcache_pool_flush_on_reconnect = False log_opt_values /usr/lib/python3/dist-packages/oslo_config/cfg.py:2609
2026-02-16 00:35:58.171 36723 DEBUG oslo_service.service [-] cache.memcache_pool_maxsize = 10 log_opt_values /usr/lib/python3/dist-packages/oslo_config/cfg.py:2609
2026-02-16 00:35:58.171 36723 DEBUG oslo_service.service [-] cache.memcache_pool_unused_timeout = 60 log_opt_values /usr/lib/python3/dist-packages/oslo_config/cfg.py:2609
2026-02-16 00:35:58.171 36723 DEBUG oslo_service.service [-] cache.memcache_servers = ['localhost:11211'] log_opt_values /usr/lib/python3/dist-packages/oslo_config/cfg.py:2609
2026-02-16 00:35:58.172 36723 DEBUG oslo_service.service [-] cache.memcache_socket_timeout = 1.0 log_opt_values /usr/lib/python3/dist-packages/oslo_config/cfg.py:2609
2026-02-16 00:35:58.172 36723 DEBUG oslo_service.service [-] cache.proxies = [] log_opt_values /usr/lib/python3/dist-packages/oslo_config/cfg.py:2609
2026-02-16 00:35:58.172 36723 DEBUG oslo_service.service [-] cache.tls_allowed_ciphers = None log_opt_values /usr/lib/python3/dist-packages/oslo_config/cfg.py:2609
2026-02-16 00:35:58.172 36723 DEBUG oslo_service.service [-] cache.tls_cafile = None log_opt_values /usr/lib/python3/dist-packages/oslo_config/cfg.py:2609
2026-02-16 00:35:58.172 36723 DEBUG oslo_service.service [-] cache.tls_certfile = None log_opt_values /usr/lib/python3/dist-packages/oslo_config/cfg.py:2609
2026-02-16 00:35:58.172 36723 DEBUG oslo_service.service [-] cache.tls_enabled = False log_opt_values /usr/lib/python3/dist-packages/oslo_config/cfg.py:2609
2026-02-16 00:35:58.172 36723 DEBUG oslo_service.service [-] cache.tls_keyfile = None log_opt_values /usr/lib/python3/dist-packages/oslo_config/cfg.py:2609
2026-02-16 00:35:58.172 36723 DEBUG oslo_service.service [-] constraint_validation_cache.caching = True log_opt_values /usr/lib/python3/dist-packages/oslo_config/cfg.py:2609
2026-02-16 00:35:58.172 36723 DEBUG oslo_service.service [-] constraint_validation_cache.expiration_time = 60 log_opt_values /usr/lib/python3/dist-packages/oslo_config/cfg.py:2609
2026-02-16 00:35:58.173 36723 DEBUG oslo_service.service [-] service_extension_cache.caching = True log_opt_values /usr/lib/python3/dist-packages/oslo_config/cfg.py:2609
2026-02-16 00:35:58.173 36723 DEBUG oslo_service.service [-] service_extension_cache.expiration_time = 3600 log_opt_values /usr/lib/python3/dist-packages/oslo_config/cfg.py:2609
2026-02-16 00:35:58.173 36723 DEBUG oslo_service.service [-] resource_finder_cache.caching = True log_opt_values /usr/lib/python3/dist-packages/oslo_config/cfg.py:2609
2026-02-16 00:35:58.173 36723 DEBUG oslo_service.service [-] resource_finder_cache.expiration_time = 3600 log_opt_values /usr/lib/python3/dist-packages/oslo_config/cfg.py:2609
2026-02-16 00:35:58.173 36723 DEBUG oslo_service.service [-] yaql.limit_iterators = 200 log_opt_values /usr/lib/python3/dist-packages/oslo_config/cfg.py:2609
2026-02-16 00:35:58.173 36723 DEBUG oslo_service.service [-] yaql.memory_quota = 10000 log_opt_values /usr/lib/python3/dist-packages/oslo_config/cfg.py:2609
2026-02-16 00:35:58.173 36723 DEBUG oslo_service.service [-] ******************************************************************************** log_opt_values /usr/lib/python3/dist-packages/oslo_config/cfg.py:2613
2026-02-16 00:35:58.238 36933 DEBUG oslo_db.sqlalchemy.engines [req-9042c188-7ca8-4fab-9ef0-49bebc3ef45b - - - - -] MySQL server mode set to STRICT_TRANS_TABLES,STRICT_ALL_TABLES,NO_ZERO_IN_DATE,NO_ZERO_DATE,ERROR_FOR_DIVISION_BY_ZERO,TRADITIONAL,NO_ENGINE_SUBSTITUTION _check_effective_sql_mode /usr/lib/python3/dist-packages/oslo_db/sqlalchemy/engines.py:314
2026-02-16 00:35:58.238 36934 DEBUG oslo_db.sqlalchemy.engines [req-417bc64a-88a5-4c08-ad5f-d62b4fc391d2 - - - - -] MySQL server mode set to STRICT_TRANS_TABLES,STRICT_ALL_TABLES,NO_ZERO_IN_DATE,NO_ZERO_DATE,ERROR_FOR_DIVISION_BY_ZERO,TRADITIONAL,NO_ENGINE_SUBSTITUTION _check_effective_sql_mode /usr/lib/python3/dist-packages/oslo_db/sqlalchemy/engines.py:314
2026-02-16 00:35:58.246 36932 DEBUG oslo_db.sqlalchemy.engines [req-50daa29f-dbb7-4baf-9fdd-4a4cd6654ace - - - - -] MySQL server mode set to STRICT_TRANS_TABLES,STRICT_ALL_TABLES,NO_ZERO_IN_DATE,NO_ZERO_DATE,ERROR_FOR_DIVISION_BY_ZERO,TRADITIONAL,NO_ENGINE_SUBSTITUTION _check_effective_sql_mode /usr/lib/python3/dist-packages/oslo_db/sqlalchemy/engines.py:314
2026-02-16 00:35:58.261 36935 DEBUG oslo_db.sqlalchemy.engines [req-268cc1da-a0e7-4259-a169-e6a421381386 - - - - -] MySQL server mode set to STRICT_TRANS_TABLES,STRICT_ALL_TABLES,NO_ZERO_IN_DATE,NO_ZERO_DATE,ERROR_FOR_DIVISION_BY_ZERO,TRADITIONAL,NO_ENGINE_SUBSTITUTION _check_effective_sql_mode /usr/lib/python3/dist-packages/oslo_db/sqlalchemy/engines.py:314
2026-02-16 00:35:58.325 36932 DEBUG heat.engine.service [req-e8fdc256-1ffc-4126-a2d1-49cb5f6299e8 - - - - -] Service 186a9c2a-7679-424e-95db-93cadcdda90d is started service_manage_report /usr/lib/python3/dist-packages/heat/engine/service.py:2363
2026-02-16 00:35:58.327 36933 DEBUG heat.engine.service [req-c0c92fe9-b2ec-411e-96d6-610528733d37 - - - - -] Service de97cd38-724c-48e5-9aed-1314d2245298 is started service_manage_report /usr/lib/python3/dist-packages/heat/engine/service.py:2363
2026-02-16 00:35:58.336 36934 DEBUG heat.engine.service [req-a72091da-c837-49ca-b254-45ec0e2ceb67 - - - - -] Service 44623bf3-7a88-4e37-ab61-e056c03269f2 is started service_manage_report /usr/lib/python3/dist-packages/heat/engine/service.py:2363
2026-02-16 00:35:58.354 36933 DEBUG heat.engine.service [req-c0c92fe9-b2ec-411e-96d6-610528733d37 - - - - -] Service de97cd38-724c-48e5-9aed-1314d2245298 is updated service_manage_report /usr/lib/python3/dist-packages/heat/engine/service.py:2370
2026-02-16 00:35:58.362 36935 DEBUG heat.engine.service [req-046bd519-2ed3-469c-bf52-6c85ba7b26ed - - - - -] Service ee398df1-33ba-4d18-a841-1cffd751eec0 is started service_manage_report /usr/lib/python3/dist-packages/heat/engine/service.py:2363
2026-02-16 00:35:58.368 36934 DEBUG heat.engine.service [req-a72091da-c837-49ca-b254-45ec0e2ceb67 - - - - -] Service 44623bf3-7a88-4e37-ab61-e056c03269f2 is updated service_manage_report /usr/lib/python3/dist-packages/heat/engine/service.py:2370
2026-02-16 00:35:58.368 36932 DEBUG heat.engine.service [req-e8fdc256-1ffc-4126-a2d1-49cb5f6299e8 - - - - -] Service 186a9c2a-7679-424e-95db-93cadcdda90d is updated service_manage_report /usr/lib/python3/dist-packages/heat/engine/service.py:2370
2026-02-16 00:35:58.381 36935 DEBUG heat.engine.service [req-046bd519-2ed3-469c-bf52-6c85ba7b26ed - - - - -] Service ee398df1-33ba-4d18-a841-1cffd751eec0 is updated service_manage_report /usr/lib/python3/dist-packages/heat/engine/service.py:2370
2026-02-16 00:36:58.322 36932 DEBUG heat.engine.service [req-2fc104c6-a680-450e-86ac-b33bebd1239f - - - - -] Service 186a9c2a-7679-424e-95db-93cadcdda90d is updated service_manage_report /usr/lib/python3/dist-packages/heat/engine/service.py:2370
2026-02-16 00:36:58.323 36933 DEBUG heat.engine.service [req-cf9bbee6-61f1-4b5f-bdfc-81bc87d3bc76 - - - - -] Service de97cd38-724c-48e5-9aed-1314d2245298 is updated service_manage_report /usr/lib/python3/dist-packages/heat/engine/service.py:2370
2026-02-16 00:36:58.335 36934 DEBUG heat.engine.service [req-dac97e6c-82ea-4205-bb59-5788cd07af9b - - - - -] Service 44623bf3-7a88-4e37-ab61-e056c03269f2 is updated service_manage_report /usr/lib/python3/dist-packages/heat/engine/service.py:2370
2026-02-16 00:36:58.346 36935 DEBUG heat.engine.service [req-ea56fdfe-b828-4480-a765-57990855a7b5 - - - - -] Service ee398df1-33ba-4d18-a841-1cffd751eec0 is updated service_manage_report /usr/lib/python3/dist-packages/heat/engine/service.py:2370
2026-02-16 00:37:58.316 36933 DEBUG heat.engine.service [req-5bbd48c4-e4c2-46fa-8b72-a502a6f92a01 - - - - -] Service de97cd38-724c-48e5-9aed-1314d2245298 is updated service_manage_report /usr/lib/python3/dist-packages/heat/engine/service.py:2370
2026-02-16 00:37:58.322 36932 DEBUG heat.engine.service [req-60091d58-9851-40f4-8b97-993b86a55d0b - - - - -] Service 186a9c2a-7679-424e-95db-93cadcdda90d is updated service_manage_report /usr/lib/python3/dist-packages/heat/engine/service.py:2370
2026-02-16 00:37:58.327 36934 DEBUG heat.engine.service [req-039e859e-66fa-4e5d-8d58-7becc581750c - - - - -] Service 44623bf3-7a88-4e37-ab61-e056c03269f2 is updated service_manage_report /usr/lib/python3/dist-packages/heat/engine/service.py:2370
2026-02-16 00:37:58.347 36935 DEBUG heat.engine.service [req-b05a8523-7bba-4d8a-a183-1c9bf60e39b9 - - - - -] Service ee398df1-33ba-4d18-a841-1cffd751eec0 is updated service_manage_report /usr/lib/python3/dist-packages/heat/engine/service.py:2370
2026-02-16 00:38:58.323 36933 DEBUG heat.engine.service [req-c498db0c-a42b-4321-a46f-0d05a614b1f8 - - - - -] Service de97cd38-724c-48e5-9aed-1314d2245298 is updated service_manage_report /usr/lib/python3/dist-packages/heat/engine/service.py:2370
2026-02-16 00:38:58.327 36932 DEBUG heat.engine.service [req-8a093d02-32b4-4c04-a77b-a6da0cf0b2b5 - - - - -] Service 186a9c2a-7679-424e-95db-93cadcdda90d is updated service_manage_report /usr/lib/python3/dist-packages/heat/engine/service.py:2370
2026-02-16 00:38:58.329 36934 DEBUG heat.engine.service [req-7706343a-010e-4808-9e43-a1619d660731 - - - - -] Service 44623bf3-7a88-4e37-ab61-e056c03269f2 is updated service_manage_report /usr/lib/python3/dist-packages/heat/engine/service.py:2370
2026-02-16 00:38:58.349 36935 DEBUG heat.engine.service [req-6cfc8fe4-e6c7-4da8-9f88-402b0b372be5 - - - - -] Service ee398df1-33ba-4d18-a841-1cffd751eec0 is updated service_manage_report /usr/lib/python3/dist-packages/heat/engine/service.py:2370
2026-02-16 00:39:58.315 36933 DEBUG heat.engine.service [req-11053c88-193d-4a9a-903f-ba4c0a470b3e - - - - -] Service de97cd38-724c-48e5-9aed-1314d2245298 is updated service_manage_report /usr/lib/python3/dist-packages/heat/engine/service.py:2370
2026-02-16 00:39:58.328 36932 DEBUG heat.engine.service [req-b6305d9c-52f2-4366-81b9-303e40f02048 - - - - -] Service 186a9c2a-7679-424e-95db-93cadcdda90d is updated service_manage_report /usr/lib/python3/dist-packages/heat/engine/service.py:2370
2026-02-16 00:39:58.331 36934 DEBUG heat.engine.service [req-7d616045-f62d-4250-8c25-c73cafcd33ae - - - - -] Service 44623bf3-7a88-4e37-ab61-e056c03269f2 is updated service_manage_report /usr/lib/python3/dist-packages/heat/engine/service.py:2370
2026-02-16 00:39:58.350 36935 DEBUG heat.engine.service [req-b003a499-c0ef-4afc-b8bf-d26a2f03079b - - - - -] Service ee398df1-33ba-4d18-a841-1cffd751eec0 is updated service_manage_report /usr/lib/python3/dist-packages/heat/engine/service.py:2370
2026-02-16 00:40:58.319 36933 DEBUG heat.engine.service [req-9736adf1-ed40-4afb-9385-1f8f051b6b40 - - - - -] Service de97cd38-724c-48e5-9aed-1314d2245298 is updated service_manage_report /usr/lib/python3/dist-packages/heat/engine/service.py:2370
2026-02-16 00:40:58.330 36932 DEBUG heat.engine.service [req-b67ec3a1-95e3-48bb-a44f-3153145e5015 - - - - -] Service 186a9c2a-7679-424e-95db-93cadcdda90d is updated service_manage_report /usr/lib/python3/dist-packages/heat/engine/service.py:2370
2026-02-16 00:40:58.332 36934 DEBUG heat.engine.service [req-7b8f2f0e-d962-4ba3-b365-5a00987bb7ef - - - - -] Service 44623bf3-7a88-4e37-ab61-e056c03269f2 is updated service_manage_report /usr/lib/python3/dist-packages/heat/engine/service.py:2370
2026-02-16 00:40:58.353 36935 DEBUG heat.engine.service [req-8b0feb60-c81e-4f7f-9bd5-b68459d3b6cc - - - - -] Service ee398df1-33ba-4d18-a841-1cffd751eec0 is updated service_manage_report /usr/lib/python3/dist-packages/heat/engine/service.py:2370
2026-02-16 00:41:58.322 36933 DEBUG heat.engine.service [req-d3fa7c7d-31d3-47fc-ad5c-ee9371b72ee9 - - - - -] Service de97cd38-724c-48e5-9aed-1314d2245298 is updated service_manage_report /usr/lib/python3/dist-packages/heat/engine/service.py:2370
2026-02-16 00:41:58.332 36932 DEBUG heat.engine.service [req-7c2e4ff2-93fb-4534-9866-4ae99bd6b802 - - - - -] Service 186a9c2a-7679-424e-95db-93cadcdda90d is updated service_manage_report /usr/lib/python3/dist-packages/heat/engine/service.py:2370
2026-02-16 00:41:58.334 36934 DEBUG heat.engine.service [req-bb52899a-e3bd-49c0-a75c-e31c26d7407b - - - - -] Service 44623bf3-7a88-4e37-ab61-e056c03269f2 is updated service_manage_report /usr/lib/python3/dist-packages/heat/engine/service.py:2370
2026-02-16 00:41:58.359 36935 DEBUG heat.engine.service [req-fde1a6e5-e278-4457-aa0b-6199bb5ef2e9 - - - - -] Service ee398df1-33ba-4d18-a841-1cffd751eec0 is updated service_manage_report /usr/lib/python3/dist-packages/heat/engine/service.py:2370
2026-02-16 00:42:58.324 36933 DEBUG heat.engine.service [req-d67400ff-a18d-41dd-9473-92d6c883b9ff - - - - -] Service de97cd38-724c-48e5-9aed-1314d2245298 is updated service_manage_report /usr/lib/python3/dist-packages/heat/engine/service.py:2370
2026-02-16 00:42:58.336 36932 DEBUG heat.engine.service [req-f1dc1a39-3a33-40a0-b286-8b27b03dcbb6 - - - - -] Service 186a9c2a-7679-424e-95db-93cadcdda90d is updated service_manage_report /usr/lib/python3/dist-packages/heat/engine/service.py:2370
2026-02-16 00:42:58.337 36934 DEBUG heat.engine.service [req-b235c1be-7055-40b2-a0bc-1fa863fe00c6 - - - - -] Service 44623bf3-7a88-4e37-ab61-e056c03269f2 is updated service_manage_report /usr/lib/python3/dist-packages/heat/engine/service.py:2370
2026-02-16 00:42:58.361 36935 DEBUG heat.engine.service [req-76fa2e76-a50b-4d19-8f11-4d1a1b89eb2f - - - - -] Service ee398df1-33ba-4d18-a841-1cffd751eec0 is updated service_manage_report /usr/lib/python3/dist-packages/heat/engine/service.py:2370
2026-02-16 00:43:58.330 36933 DEBUG heat.engine.service [req-c3431696-f15f-43d4-92cb-074f491079b5 - - - - -] Service de97cd38-724c-48e5-9aed-1314d2245298 is updated service_manage_report /usr/lib/python3/dist-packages/heat/engine/service.py:2370
2026-02-16 00:43:58.339 36932 DEBUG heat.engine.service [req-57b0a255-02c5-45ae-b780-90c79191c18d - - - - -] Service 186a9c2a-7679-424e-95db-93cadcdda90d is updated service_manage_report /usr/lib/python3/dist-packages/heat/engine/service.py:2370
2026-02-16 00:43:58.343 36934 DEBUG heat.engine.service [req-b4e99e71-aac3-4eb5-b51c-7607bd25a902 - - - - -] Service 44623bf3-7a88-4e37-ab61-e056c03269f2 is updated service_manage_report /usr/lib/python3/dist-packages/heat/engine/service.py:2370
2026-02-16 00:43:58.362 36935 DEBUG heat.engine.service [req-9a820463-3d84-4eeb-891a-a7ce0371d76d - - - - -] Service ee398df1-33ba-4d18-a841-1cffd751eec0 is updated service_manage_report /usr/lib/python3/dist-packages/heat/engine/service.py:2370
2026-02-16 00:44:58.334 36933 DEBUG heat.engine.service [req-dc5f6644-2827-4452-87dd-f15d33626024 - - - - -] Service de97cd38-724c-48e5-9aed-1314d2245298 is updated service_manage_report /usr/lib/python3/dist-packages/heat/engine/service.py:2370
2026-02-16 00:44:58.339 36932 DEBUG heat.engine.service [req-6db4b9d3-32ab-4e5a-b29a-ca6c171b1d6c - - - - -] Service 186a9c2a-7679-424e-95db-93cadcdda90d is updated service_manage_report /usr/lib/python3/dist-packages/heat/engine/service.py:2370
2026-02-16 00:44:58.344 36934 DEBUG heat.engine.service [req-87aead14-c001-44ed-86e8-dc588c02eba8 - - - - -] Service 44623bf3-7a88-4e37-ab61-e056c03269f2 is updated service_manage_report /usr/lib/python3/dist-packages/heat/engine/service.py:2370
2026-02-16 00:44:58.363 36935 DEBUG heat.engine.service [req-b916b60e-be01-4173-8606-a55023a8ad0e - - - - -] Service ee398df1-33ba-4d18-a841-1cffd751eec0 is updated service_manage_report /usr/lib/python3/dist-packages/heat/engine/service.py:2370
2026-02-16 00:45:58.338 36933 DEBUG heat.engine.service [req-8de5be0b-d312-4bbd-ad9a-46e967c4d976 - - - - -] Service de97cd38-724c-48e5-9aed-1314d2245298 is updated service_manage_report /usr/lib/python3/dist-packages/heat/engine/service.py:2370
2026-02-16 00:45:58.341 36932 DEBUG heat.engine.service [req-7d742e90-1ac7-4161-8a95-95924434927f - - - - -] Service 186a9c2a-7679-424e-95db-93cadcdda90d is updated service_manage_report /usr/lib/python3/dist-packages/heat/engine/service.py:2370
2026-02-16 00:45:58.348 36934 DEBUG heat.engine.service [req-22b1db50-4a36-44bc-991b-8f54efe6b9fb - - - - -] Service 44623bf3-7a88-4e37-ab61-e056c03269f2 is updated service_manage_report /usr/lib/python3/dist-packages/heat/engine/service.py:2370
2026-02-16 00:45:58.363 36935 DEBUG heat.engine.service [req-5046736a-b1bb-41f5-9d4e-8b662ec0b5bc - - - - -] Service ee398df1-33ba-4d18-a841-1cffd751eec0 is updated service_manage_report /usr/lib/python3/dist-packages/heat/engine/service.py:2370
