2026-02-16 01:33:04.106 60111 DEBUG oslo_service.service [-] clients_glance.endpoint_type = None log_opt_values /usr/lib/python3/dist-packages/oslo_config/cfg.py:2609
2026-02-16 01:33:04.106 60111 DEBUG oslo_service.service [-] clients_glance.insecure = None log_opt_values /usr/lib/python3/dist-packages/oslo_config/cfg.py:2609
2026-02-16 01:33:04.107 60111 DEBUG oslo_service.service [-] clients_glance.key_file = None log_opt_values /usr/lib/python3/dist-packages/oslo_config/cfg.py:2609
2026-02-16 01:33:04.107 60111 DEBUG oslo_service.service [-] clients_heat.ca_file = None log_opt_values /usr/lib/python3/dist-packages/oslo_config/cfg.py:2609
2026-02-16 01:33:04.107 60111 DEBUG oslo_service.service [-] clients_heat.cert_file = None log_opt_values /usr/lib/python3/dist-packages/oslo_config/cfg.py:2609
2026-02-16 01:33:04.107 60111 DEBUG oslo_service.service [-] clients_heat.endpoint_type = None log_opt_values /usr/lib/python3/dist-packages/oslo_config/cfg.py:2609
2026-02-16 01:33:04.107 60111 DEBUG oslo_service.service [-] clients_heat.insecure = None log_opt_values /usr/lib/python3/dist-packages/oslo_config/cfg.py:2609
2026-02-16 01:33:04.107 60111 DEBUG oslo_service.service [-] clients_heat.key_file = None log_opt_values /usr/lib/python3/dist-packages/oslo_config/cfg.py:2609
2026-02-16 01:33:04.107 60111 DEBUG oslo_service.service [-] clients_heat.url = log_opt_values /usr/lib/python3/dist-packages/oslo_config/cfg.py:2609
2026-02-16 01:33:04.108 60111 DEBUG oslo_service.service [-] clients_keystone.auth_uri = http://252.129.40.229:5050 log_opt_values /usr/lib/python3/dist-packages/oslo_config/cfg.py:2609
2026-02-16 01:33:04.108 60111 DEBUG oslo_service.service [-] clients_keystone.ca_file = None log_opt_values /usr/lib/python3/dist-packages/oslo_config/cfg.py:2609
2026-02-16 01:33:04.108 60111 DEBUG oslo_service.service [-] clients_keystone.cert_file = None log_opt_values /usr/lib/python3/dist-packages/oslo_config/cfg.py:2609
2026-02-16 01:33:04.109 60111 DEBUG oslo_service.service [-] clients_keystone.endpoint_type = None log_opt_values /usr/lib/python3/dist-packages/oslo_config/cfg.py:2609
2026-02-16 01:33:04.109 60111 DEBUG oslo_service.service [-] clients_keystone.insecure = None log_opt_values /usr/lib/python3/dist-packages/oslo_config/cfg.py:2609
2026-02-16 01:33:04.110 60111 DEBUG oslo_service.service [-] clients_keystone.key_file = None log_opt_values /usr/lib/python3/dist-packages/oslo_config/cfg.py:2609
2026-02-16 01:33:04.110 60111 DEBUG oslo_service.service [-] clients_magnum.ca_file = None log_opt_values /usr/lib/python3/dist-packages/oslo_config/cfg.py:2609
2026-02-16 01:33:04.110 60111 DEBUG oslo_service.service [-] clients_magnum.cert_file = None log_opt_values /usr/lib/python3/dist-packages/oslo_config/cfg.py:2609
2026-02-16 01:33:04.112 60111 DEBUG oslo_service.service [-] clients_magnum.endpoint_type = None log_opt_values /usr/lib/python3/dist-packages/oslo_config/cfg.py:2609
2026-02-16 01:33:04.113 60111 DEBUG oslo_service.service [-] clients_magnum.insecure = None log_opt_values /usr/lib/python3/dist-packages/oslo_config/cfg.py:2609
2026-02-16 01:33:04.114 60111 DEBUG oslo_service.service [-] clients_magnum.key_file = None log_opt_values /usr/lib/python3/dist-packages/oslo_config/cfg.py:2609
2026-02-16 01:33:04.115 60111 DEBUG oslo_service.service [-] clients_manila.ca_file = None log_opt_values /usr/lib/python3/dist-packages/oslo_config/cfg.py:2609
2026-02-16 01:33:04.115 60111 DEBUG oslo_service.service [-] clients_manila.cert_file = None log_opt_values /usr/lib/python3/dist-packages/oslo_config/cfg.py:2609
2026-02-16 01:33:04.115 60111 DEBUG oslo_service.service [-] clients_manila.endpoint_type = None log_opt_values /usr/lib/python3/dist-packages/oslo_config/cfg.py:2609
2026-02-16 01:33:04.116 60111 DEBUG oslo_service.service [-] clients_manila.insecure = None log_opt_values /usr/lib/python3/dist-packages/oslo_config/cfg.py:2609
2026-02-16 01:33:04.116 60111 DEBUG oslo_service.service [-] clients_manila.key_file = None log_opt_values /usr/lib/python3/dist-packages/oslo_config/cfg.py:2609
2026-02-16 01:33:04.116 60111 DEBUG oslo_service.service [-] clients_mistral.ca_file = None log_opt_values /usr/lib/python3/dist-packages/oslo_config/cfg.py:2609
2026-02-16 01:33:04.116 60645 INFO heat.engine.worker [-] Starting engine_worker (1.4) in engine b0bc8cb0-a371-4c7b-b8b9-62a47b4038f4.
2026-02-16 01:33:04.116 60111 DEBUG oslo_service.service [-] clients_mistral.cert_file = None log_opt_values /usr/lib/python3/dist-packages/oslo_config/cfg.py:2609
2026-02-16 01:33:04.117 60111 DEBUG oslo_service.service [-] clients_mistral.endpoint_type = None log_opt_values /usr/lib/python3/dist-packages/oslo_config/cfg.py:2609
2026-02-16 01:33:04.117 60111 DEBUG oslo_service.service [-] clients_mistral.insecure = None log_opt_values /usr/lib/python3/dist-packages/oslo_config/cfg.py:2609
2026-02-16 01:33:04.117 60111 DEBUG oslo_service.service [-] clients_mistral.key_file = None log_opt_values /usr/lib/python3/dist-packages/oslo_config/cfg.py:2609
2026-02-16 01:33:04.117 60111 DEBUG oslo_service.service [-] clients_monasca.ca_file = None log_opt_values /usr/lib/python3/dist-packages/oslo_config/cfg.py:2609
2026-02-16 01:33:04.118 60111 DEBUG oslo_service.service [-] clients_monasca.cert_file = None log_opt_values /usr/lib/python3/dist-packages/oslo_config/cfg.py:2609
2026-02-16 01:33:04.118 60111 DEBUG oslo_service.service [-] clients_monasca.endpoint_type = None log_opt_values /usr/lib/python3/dist-packages/oslo_config/cfg.py:2609
2026-02-16 01:33:04.118 60111 DEBUG oslo_service.service [-] clients_monasca.insecure = None log_opt_values /usr/lib/python3/dist-packages/oslo_config/cfg.py:2609
2026-02-16 01:33:04.122 60111 DEBUG oslo_service.service [-] clients_monasca.key_file = None log_opt_values /usr/lib/python3/dist-packages/oslo_config/cfg.py:2609
2026-02-16 01:33:04.122 60111 DEBUG oslo_service.service [-] clients_neutron.ca_file = None log_opt_values /usr/lib/python3/dist-packages/oslo_config/cfg.py:2609
2026-02-16 01:33:04.123 60111 DEBUG oslo_service.service [-] clients_neutron.cert_file = None log_opt_values /usr/lib/python3/dist-packages/oslo_config/cfg.py:2609
2026-02-16 01:33:04.123 60111 DEBUG oslo_service.service [-] clients_neutron.endpoint_type = None log_opt_values /usr/lib/python3/dist-packages/oslo_config/cfg.py:2609
2026-02-16 01:33:04.125 60111 DEBUG oslo_service.service [-] clients_neutron.insecure = None log_opt_values /usr/lib/python3/dist-packages/oslo_config/cfg.py:2609
2026-02-16 01:33:04.126 60111 DEBUG oslo_service.service [-] clients_neutron.key_file = None log_opt_values /usr/lib/python3/dist-packages/oslo_config/cfg.py:2609
2026-02-16 01:33:04.127 60111 DEBUG oslo_service.service [-] clients_nova.ca_file = None log_opt_values /usr/lib/python3/dist-packages/oslo_config/cfg.py:2609
2026-02-16 01:33:04.128 60111 DEBUG oslo_service.service [-] clients_nova.cert_file = None log_opt_values /usr/lib/python3/dist-packages/oslo_config/cfg.py:2609
2026-02-16 01:33:04.130 60111 DEBUG oslo_service.service [-] clients_nova.endpoint_type = None log_opt_values /usr/lib/python3/dist-packages/oslo_config/cfg.py:2609
2026-02-16 01:33:04.130 60111 DEBUG oslo_service.service [-] clients_nova.http_log_debug = False log_opt_values /usr/lib/python3/dist-packages/oslo_config/cfg.py:2609
2026-02-16 01:33:04.130 60111 DEBUG oslo_service.service [-] clients_nova.insecure = None log_opt_values /usr/lib/python3/dist-packages/oslo_config/cfg.py:2609
2026-02-16 01:33:04.130 60111 DEBUG oslo_service.service [-] clients_nova.key_file = None log_opt_values /usr/lib/python3/dist-packages/oslo_config/cfg.py:2609
2026-02-16 01:33:04.135 60111 DEBUG oslo_service.service [-] clients_octavia.ca_file = None log_opt_values /usr/lib/python3/dist-packages/oslo_config/cfg.py:2609
2026-02-16 01:33:04.135 60111 DEBUG oslo_service.service [-] clients_octavia.cert_file = None log_opt_values /usr/lib/python3/dist-packages/oslo_config/cfg.py:2609
2026-02-16 01:33:04.137 60111 DEBUG oslo_service.service [-] clients_octavia.endpoint_type = None log_opt_values /usr/lib/python3/dist-packages/oslo_config/cfg.py:2609
2026-02-16 01:33:04.138 60111 DEBUG oslo_service.service [-] clients_octavia.insecure = None log_opt_values /usr/lib/python3/dist-packages/oslo_config/cfg.py:2609
2026-02-16 01:33:04.138 60111 DEBUG oslo_service.service [-] clients_octavia.key_file = None log_opt_values /usr/lib/python3/dist-packages/oslo_config/cfg.py:2609
2026-02-16 01:33:04.139 60111 DEBUG oslo_service.service [-] clients_sahara.ca_file = None log_opt_values /usr/lib/python3/dist-packages/oslo_config/cfg.py:2609
2026-02-16 01:33:04.141 60111 DEBUG oslo_service.service [-] clients_sahara.cert_file = None log_opt_values /usr/lib/python3/dist-packages/oslo_config/cfg.py:2609
2026-02-16 01:33:04.141 60111 DEBUG oslo_service.service [-] clients_sahara.endpoint_type = None log_opt_values /usr/lib/python3/dist-packages/oslo_config/cfg.py:2609
2026-02-16 01:33:04.144 60111 DEBUG oslo_service.service [-] clients_sahara.insecure = None log_opt_values /usr/lib/python3/dist-packages/oslo_config/cfg.py:2609
2026-02-16 01:33:04.144 60111 DEBUG oslo_service.service [-] clients_sahara.key_file = None log_opt_values /usr/lib/python3/dist-packages/oslo_config/cfg.py:2609
2026-02-16 01:33:04.144 60111 DEBUG oslo_service.service [-] clients_senlin.ca_file = None log_opt_values /usr/lib/python3/dist-packages/oslo_config/cfg.py:2609
2026-02-16 01:33:04.144 60111 DEBUG oslo_service.service [-] clients_senlin.cert_file = None log_opt_values /usr/lib/python3/dist-packages/oslo_config/cfg.py:2609
2026-02-16 01:33:04.147 60111 DEBUG oslo_service.service [-] clients_senlin.endpoint_type = None log_opt_values /usr/lib/python3/dist-packages/oslo_config/cfg.py:2609
2026-02-16 01:33:04.149 60111 DEBUG oslo_service.service [-] clients_senlin.insecure = None log_opt_values /usr/lib/python3/dist-packages/oslo_config/cfg.py:2609
2026-02-16 01:33:04.149 60111 DEBUG oslo_service.service [-] clients_senlin.key_file = None log_opt_values /usr/lib/python3/dist-packages/oslo_config/cfg.py:2609
2026-02-16 01:33:04.149 60111 DEBUG oslo_service.service [-] clients_swift.ca_file = None log_opt_values /usr/lib/python3/dist-packages/oslo_config/cfg.py:2609
2026-02-16 01:33:04.149 60111 DEBUG oslo_service.service [-] clients_swift.cert_file = None log_opt_values /usr/lib/python3/dist-packages/oslo_config/cfg.py:2609
2026-02-16 01:33:04.150 60111 DEBUG oslo_service.service [-] clients_swift.endpoint_type = None log_opt_values /usr/lib/python3/dist-packages/oslo_config/cfg.py:2609
2026-02-16 01:33:04.150 60111 DEBUG oslo_service.service [-] clients_swift.insecure = None log_opt_values /usr/lib/python3/dist-packages/oslo_config/cfg.py:2609
2026-02-16 01:33:04.152 60111 DEBUG oslo_service.service [-] clients_swift.key_file = None log_opt_values /usr/lib/python3/dist-packages/oslo_config/cfg.py:2609
2026-02-16 01:33:04.152 60111 DEBUG oslo_service.service [-] clients_trove.ca_file = None log_opt_values /usr/lib/python3/dist-packages/oslo_config/cfg.py:2609
2026-02-16 01:33:04.152 60111 DEBUG oslo_service.service [-] clients_trove.cert_file = None log_opt_values /usr/lib/python3/dist-packages/oslo_config/cfg.py:2609
2026-02-16 01:33:04.152 60111 DEBUG oslo_service.service [-] clients_trove.endpoint_type = None log_opt_values /usr/lib/python3/dist-packages/oslo_config/cfg.py:2609
2026-02-16 01:33:04.156 60111 DEBUG oslo_service.service [-] clients_trove.insecure = None log_opt_values /usr/lib/python3/dist-packages/oslo_config/cfg.py:2609
2026-02-16 01:33:04.156 60111 DEBUG oslo_service.service [-] clients_trove.key_file = None log_opt_values /usr/lib/python3/dist-packages/oslo_config/cfg.py:2609
2026-02-16 01:33:04.157 60111 DEBUG oslo_service.service [-] clients_vitrage.ca_file = None log_opt_values /usr/lib/python3/dist-packages/oslo_config/cfg.py:2609
2026-02-16 01:33:04.162 60111 DEBUG oslo_service.service [-] clients_vitrage.cert_file = None log_opt_values /usr/lib/python3/dist-packages/oslo_config/cfg.py:2609
2026-02-16 01:33:04.162 60111 DEBUG oslo_service.service [-] clients_vitrage.endpoint_type = None log_opt_values /usr/lib/python3/dist-packages/oslo_config/cfg.py:2609
2026-02-16 01:33:04.162 60111 DEBUG oslo_service.service [-] clients_vitrage.insecure = None log_opt_values /usr/lib/python3/dist-packages/oslo_config/cfg.py:2609
2026-02-16 01:33:04.162 60111 DEBUG oslo_service.service [-] clients_vitrage.key_file = None log_opt_values /usr/lib/python3/dist-packages/oslo_config/cfg.py:2609
2026-02-16 01:33:04.162 60111 DEBUG oslo_service.service [-] clients_zaqar.ca_file = None log_opt_values /usr/lib/python3/dist-packages/oslo_config/cfg.py:2609
2026-02-16 01:33:04.162 60111 DEBUG oslo_service.service [-] clients_zaqar.cert_file = None log_opt_values /usr/lib/python3/dist-packages/oslo_config/cfg.py:2609
2026-02-16 01:33:04.187 60111 DEBUG oslo_service.service [-] clients_zaqar.endpoint_type = None log_opt_values /usr/lib/python3/dist-packages/oslo_config/cfg.py:2609
2026-02-16 01:33:04.188 60111 DEBUG oslo_service.service [-] clients_zaqar.insecure = None log_opt_values /usr/lib/python3/dist-packages/oslo_config/cfg.py:2609
2026-02-16 01:33:04.188 60111 DEBUG oslo_service.service [-] clients_zaqar.key_file = None log_opt_values /usr/lib/python3/dist-packages/oslo_config/cfg.py:2609
2026-02-16 01:33:04.188 60111 DEBUG oslo_service.service [-] database.backend = sqlalchemy log_opt_values /usr/lib/python3/dist-packages/oslo_config/cfg.py:2609
2026-02-16 01:33:04.188 60111 DEBUG oslo_service.service [-] database.connection = **** log_opt_values /usr/lib/python3/dist-packages/oslo_config/cfg.py:2609
2026-02-16 01:33:04.188 60111 DEBUG oslo_service.service [-] database.connection_debug = 0 log_opt_values /usr/lib/python3/dist-packages/oslo_config/cfg.py:2609
2026-02-16 01:33:04.188 60111 DEBUG oslo_service.service [-] database.connection_parameters = log_opt_values /usr/lib/python3/dist-packages/oslo_config/cfg.py:2609
2026-02-16 01:33:04.189 60111 DEBUG oslo_service.service [-] database.connection_recycle_time = 3600 log_opt_values /usr/lib/python3/dist-packages/oslo_config/cfg.py:2609
2026-02-16 01:33:04.189 60111 DEBUG oslo_service.service [-] database.connection_trace = False log_opt_values /usr/lib/python3/dist-packages/oslo_config/cfg.py:2609
2026-02-16 01:33:04.189 60111 DEBUG oslo_service.service [-] database.db_inc_retry_interval = True log_opt_values /usr/lib/python3/dist-packages/oslo_config/cfg.py:2609
2026-02-16 01:33:04.189 60111 DEBUG oslo_service.service [-] database.db_max_retries = 20 log_opt_values /usr/lib/python3/dist-packages/oslo_config/cfg.py:2609
2026-02-16 01:33:04.189 60111 DEBUG oslo_service.service [-] database.db_max_retry_interval = 10 log_opt_values /usr/lib/python3/dist-packages/oslo_config/cfg.py:2609
2026-02-16 01:33:04.189 60111 DEBUG oslo_service.service [-] database.db_retry_interval = 1 log_opt_values /usr/lib/python3/dist-packages/oslo_config/cfg.py:2609
2026-02-16 01:33:04.189 60111 DEBUG oslo_service.service [-] database.max_overflow = 50 log_opt_values /usr/lib/python3/dist-packages/oslo_config/cfg.py:2609
2026-02-16 01:33:04.189 60111 DEBUG oslo_service.service [-] database.max_pool_size = 5 log_opt_values /usr/lib/python3/dist-packages/oslo_config/cfg.py:2609
2026-02-16 01:33:04.189 60111 DEBUG oslo_service.service [-] database.max_retries = 10 log_opt_values /usr/lib/python3/dist-packages/oslo_config/cfg.py:2609
2026-02-16 01:33:04.190 60111 DEBUG oslo_service.service [-] database.mysql_enable_ndb = False log_opt_values /usr/lib/python3/dist-packages/oslo_config/cfg.py:2609
2026-02-16 01:33:04.190 60111 DEBUG oslo_service.service [-] database.mysql_sql_mode = TRADITIONAL log_opt_values /usr/lib/python3/dist-packages/oslo_config/cfg.py:2609
2026-02-16 01:33:04.190 60111 DEBUG oslo_service.service [-] database.pool_timeout = None log_opt_values /usr/lib/python3/dist-packages/oslo_config/cfg.py:2609
2026-02-16 01:33:04.190 60111 DEBUG oslo_service.service [-] database.retry_interval = 10 log_opt_values /usr/lib/python3/dist-packages/oslo_config/cfg.py:2609
2026-02-16 01:33:04.190 60111 DEBUG oslo_service.service [-] database.slave_connection = **** log_opt_values /usr/lib/python3/dist-packages/oslo_config/cfg.py:2609
2026-02-16 01:33:04.190 60111 DEBUG oslo_service.service [-] database.sqlite_synchronous = True log_opt_values /usr/lib/python3/dist-packages/oslo_config/cfg.py:2609
2026-02-16 01:33:04.190 60111 DEBUG oslo_service.service [-] database.use_db_reconnect = False log_opt_values /usr/lib/python3/dist-packages/oslo_config/cfg.py:2609
2026-02-16 01:33:04.190 60111 DEBUG oslo_service.service [-] oslo_messaging_metrics.metrics_buffer_size = 1000 log_opt_values /usr/lib/python3/dist-packages/oslo_config/cfg.py:2609
2026-02-16 01:33:04.190 60111 DEBUG oslo_service.service [-] oslo_messaging_metrics.metrics_enabled = False log_opt_values /usr/lib/python3/dist-packages/oslo_config/cfg.py:2609
2026-02-16 01:33:04.191 60111 DEBUG oslo_service.service [-] oslo_messaging_metrics.metrics_process_name = log_opt_values /usr/lib/python3/dist-packages/oslo_config/cfg.py:2609
2026-02-16 01:33:04.191 60111 DEBUG oslo_service.service [-] oslo_messaging_metrics.metrics_socket_file = /var/tmp/metrics_collector.sock log_opt_values /usr/lib/python3/dist-packages/oslo_config/cfg.py:2609
2026-02-16 01:33:04.191 60111 DEBUG oslo_service.service [-] oslo_messaging_metrics.metrics_thread_stop_timeout = 10 log_opt_values /usr/lib/python3/dist-packages/oslo_config/cfg.py:2609
2026-02-16 01:33:04.191 60111 DEBUG oslo_service.service [-] oslo_policy.enforce_new_defaults = False log_opt_values /usr/lib/python3/dist-packages/oslo_config/cfg.py:2609
2026-02-16 01:33:04.191 60111 DEBUG oslo_service.service [-] oslo_policy.enforce_scope = False log_opt_values /usr/lib/python3/dist-packages/oslo_config/cfg.py:2609
2026-02-16 01:33:04.191 60111 DEBUG oslo_service.service [-] oslo_policy.policy_default_rule = default log_opt_values /usr/lib/python3/dist-packages/oslo_config/cfg.py:2609
2026-02-16 01:33:04.191 60111 DEBUG oslo_service.service [-] oslo_policy.policy_dirs = ['policy.d'] log_opt_values /usr/lib/python3/dist-packages/oslo_config/cfg.py:2609
2026-02-16 01:33:04.191 60111 DEBUG oslo_service.service [-] oslo_policy.policy_file = policy.yaml log_opt_values /usr/lib/python3/dist-packages/oslo_config/cfg.py:2609
2026-02-16 01:33:04.192 60111 DEBUG oslo_service.service [-] oslo_policy.remote_content_type = application/x-www-form-urlencoded log_opt_values /usr/lib/python3/dist-packages/oslo_config/cfg.py:2609
2026-02-16 01:33:04.192 60111 DEBUG oslo_service.service [-] oslo_policy.remote_ssl_ca_crt_file = None log_opt_values /usr/lib/python3/dist-packages/oslo_config/cfg.py:2609
2026-02-16 01:33:04.192 60111 DEBUG oslo_service.service [-] oslo_policy.remote_ssl_client_crt_file = None log_opt_values /usr/lib/python3/dist-packages/oslo_config/cfg.py:2609
2026-02-16 01:33:04.192 60111 DEBUG oslo_service.service [-] oslo_policy.remote_ssl_client_key_file = None log_opt_values /usr/lib/python3/dist-packages/oslo_config/cfg.py:2609
2026-02-16 01:33:04.192 60111 DEBUG oslo_service.service [-] oslo_policy.remote_ssl_verify_server_crt = False log_opt_values /usr/lib/python3/dist-packages/oslo_config/cfg.py:2609
2026-02-16 01:33:04.192 60111 DEBUG oslo_service.service [-] trustee.auth_section = None log_opt_values /usr/lib/python3/dist-packages/oslo_config/cfg.py:2609
2026-02-16 01:33:04.193 60111 WARNING oslo_config.cfg [-] Deprecated: Option "auth_plugin" from group "trustee" is deprecated. Use option "auth_type" from group "trustee".
2026-02-16 01:33:04.193 60111 DEBUG oslo_service.service [-] trustee.auth_type = password log_opt_values /usr/lib/python3/dist-packages/oslo_config/cfg.py:2609
2026-02-16 01:33:04.193 60111 DEBUG oslo_service.service [-] oslo_versionedobjects.fatal_exception_format_errors = False log_opt_values /usr/lib/python3/dist-packages/oslo_config/cfg.py:2609
2026-02-16 01:33:04.193 60111 DEBUG oslo_service.service [-] oslo_messaging_rabbit.amqp_auto_delete = False log_opt_values /usr/lib/python3/dist-packages/oslo_config/cfg.py:2609
2026-02-16 01:33:04.193 60111 DEBUG oslo_service.service [-] oslo_messaging_rabbit.amqp_durable_queues = False log_opt_values /usr/lib/python3/dist-packages/oslo_config/cfg.py:2609
2026-02-16 01:33:04.194 60111 DEBUG oslo_service.service [-] oslo_messaging_rabbit.conn_pool_min_size = 2 log_opt_values /usr/lib/python3/dist-packages/oslo_config/cfg.py:2609
2026-02-16 01:33:04.194 60111 DEBUG oslo_service.service [-] oslo_messaging_rabbit.conn_pool_ttl = 1200 log_opt_values /usr/lib/python3/dist-packages/oslo_config/cfg.py:2609
2026-02-16 01:33:04.194 60111 DEBUG oslo_service.service [-] oslo_messaging_rabbit.direct_mandatory_flag = True log_opt_values /usr/lib/python3/dist-packages/oslo_config/cfg.py:2609
2026-02-16 01:33:04.194 60111 DEBUG oslo_service.service [-] oslo_messaging_rabbit.enable_cancel_on_failover = False log_opt_values /usr/lib/python3/dist-packages/oslo_config/cfg.py:2609
2026-02-16 01:33:04.194 60111 DEBUG oslo_service.service [-] oslo_messaging_rabbit.heartbeat_in_pthread = False log_opt_values /usr/lib/python3/dist-packages/oslo_config/cfg.py:2609
2026-02-16 01:33:04.194 60111 DEBUG oslo_service.service [-] oslo_messaging_rabbit.heartbeat_rate = 2 log_opt_values /usr/lib/python3/dist-packages/oslo_config/cfg.py:2609
2026-02-16 01:33:04.194 60111 DEBUG oslo_service.service [-] oslo_messaging_rabbit.heartbeat_timeout_threshold = 60 log_opt_values /usr/lib/python3/dist-packages/oslo_config/cfg.py:2609
2026-02-16 01:33:04.194 60111 DEBUG oslo_service.service [-] oslo_messaging_rabbit.kombu_compression = None log_opt_values /usr/lib/python3/dist-packages/oslo_config/cfg.py:2609
2026-02-16 01:33:04.195 60111 DEBUG oslo_service.service [-] oslo_messaging_rabbit.kombu_failover_strategy = round-robin log_opt_values /usr/lib/python3/dist-packages/oslo_config/cfg.py:2609
2026-02-16 01:33:04.195 60111 DEBUG oslo_service.service [-] oslo_messaging_rabbit.kombu_missing_consumer_retry_timeout = 60 log_opt_values /usr/lib/python3/dist-packages/oslo_config/cfg.py:2609
2026-02-16 01:33:04.195 60111 DEBUG oslo_service.service [-] oslo_messaging_rabbit.kombu_reconnect_delay = 1.0 log_opt_values /usr/lib/python3/dist-packages/oslo_config/cfg.py:2609
2026-02-16 01:33:04.195 60111 DEBUG oslo_service.service [-] oslo_messaging_rabbit.rabbit_ha_queues = False log_opt_values /usr/lib/python3/dist-packages/oslo_config/cfg.py:2609
2026-02-16 01:33:04.196 60111 DEBUG oslo_service.service [-] oslo_messaging_rabbit.rabbit_interval_max = 30 log_opt_values /usr/lib/python3/dist-packages/oslo_config/cfg.py:2609
2026-02-16 01:33:04.196 60111 DEBUG oslo_service.service [-] oslo_messaging_rabbit.rabbit_login_method = AMQPLAIN log_opt_values /usr/lib/python3/dist-packages/oslo_config/cfg.py:2609
2026-02-16 01:33:04.196 60111 DEBUG oslo_service.service [-] oslo_messaging_rabbit.rabbit_qos_prefetch_count = 0 log_opt_values /usr/lib/python3/dist-packages/oslo_config/cfg.py:2609
2026-02-16 01:33:04.196 60111 DEBUG oslo_service.service [-] oslo_messaging_rabbit.rabbit_quorum_queue = False log_opt_values /usr/lib/python3/dist-packages/oslo_config/cfg.py:2609
2026-02-16 01:33:04.196 60111 DEBUG oslo_service.service [-] oslo_messaging_rabbit.rabbit_retry_backoff = 2 log_opt_values /usr/lib/python3/dist-packages/oslo_config/cfg.py:2609
2026-02-16 01:33:04.196 60111 DEBUG oslo_service.service [-] oslo_messaging_rabbit.rabbit_retry_interval = 1 log_opt_values /usr/lib/python3/dist-packages/oslo_config/cfg.py:2609
2026-02-16 01:33:04.196 60111 DEBUG oslo_service.service [-] oslo_messaging_rabbit.rabbit_transient_queues_ttl = 1800 log_opt_values /usr/lib/python3/dist-packages/oslo_config/cfg.py:2609
2026-02-16 01:33:04.196 60111 DEBUG oslo_service.service [-] oslo_messaging_rabbit.rpc_conn_pool_size = 30 log_opt_values /usr/lib/python3/dist-packages/oslo_config/cfg.py:2609
2026-02-16 01:33:04.196 60111 DEBUG oslo_service.service [-] oslo_messaging_rabbit.ssl = False log_opt_values /usr/lib/python3/dist-packages/oslo_config/cfg.py:2609
2026-02-16 01:33:04.197 60111 DEBUG oslo_service.service [-] oslo_messaging_rabbit.ssl_ca_file = log_opt_values /usr/lib/python3/dist-packages/oslo_config/cfg.py:2609
2026-02-16 01:33:04.197 60111 DEBUG oslo_service.service [-] oslo_messaging_rabbit.ssl_cert_file = log_opt_values /usr/lib/python3/dist-packages/oslo_config/cfg.py:2609
2026-02-16 01:33:04.197 60111 DEBUG oslo_service.service [-] oslo_messaging_rabbit.ssl_key_file = log_opt_values /usr/lib/python3/dist-packages/oslo_config/cfg.py:2609
2026-02-16 01:33:04.197 60111 DEBUG oslo_service.service [-] oslo_messaging_rabbit.ssl_version = log_opt_values /usr/lib/python3/dist-packages/oslo_config/cfg.py:2609
2026-02-16 01:33:04.197 60111 DEBUG oslo_service.service [-] oslo_messaging_notifications.driver = [] log_opt_values /usr/lib/python3/dist-packages/oslo_config/cfg.py:2609
2026-02-16 01:33:04.197 60111 DEBUG oslo_service.service [-] oslo_messaging_notifications.retry = -1 log_opt_values /usr/lib/python3/dist-packages/oslo_config/cfg.py:2609
2026-02-16 01:33:04.197 60111 DEBUG oslo_service.service [-] oslo_messaging_notifications.topics = ['notifications'] log_opt_values /usr/lib/python3/dist-packages/oslo_config/cfg.py:2609
2026-02-16 01:33:04.197 60111 DEBUG oslo_service.service [-] oslo_messaging_notifications.transport_url = **** log_opt_values /usr/lib/python3/dist-packages/oslo_config/cfg.py:2609
2026-02-16 01:33:04.198 60111 DEBUG oslo_service.service [-] cache.backend = dogpile.cache.null log_opt_values /usr/lib/python3/dist-packages/oslo_config/cfg.py:2609
2026-02-16 01:33:04.198 60111 DEBUG oslo_service.service [-] cache.backend_argument = **** log_opt_values /usr/lib/python3/dist-packages/oslo_config/cfg.py:2609
2026-02-16 01:33:04.198 60111 DEBUG oslo_service.service [-] cache.config_prefix = cache.oslo log_opt_values /usr/lib/python3/dist-packages/oslo_config/cfg.py:2609
2026-02-16 01:33:04.198 60111 DEBUG oslo_service.service [-] cache.debug_cache_backend = False log_opt_values /usr/lib/python3/dist-packages/oslo_config/cfg.py:2609
2026-02-16 01:33:04.198 60111 DEBUG oslo_service.service [-] cache.enabled = False log_opt_values /usr/lib/python3/dist-packages/oslo_config/cfg.py:2609
2026-02-16 01:33:04.198 60111 DEBUG oslo_service.service [-] cache.expiration_time = 600 log_opt_values /usr/lib/python3/dist-packages/oslo_config/cfg.py:2609
2026-02-16 01:33:04.198 60111 DEBUG oslo_service.service [-] cache.memcache_dead_retry = 300 log_opt_values /usr/lib/python3/dist-packages/oslo_config/cfg.py:2609
2026-02-16 01:33:04.198 60111 DEBUG oslo_service.service [-] cache.memcache_pool_connection_get_timeout = 10 log_opt_values /usr/lib/python3/dist-packages/oslo_config/cfg.py:2609
2026-02-16 01:33:04.199 60111 DEBUG oslo_service.service [-] cache.memcache_pool_flush_on_reconnect = False log_opt_values /usr/lib/python3/dist-packages/oslo_config/cfg.py:2609
2026-02-16 01:33:04.199 60111 DEBUG oslo_service.service [-] cache.memcache_pool_maxsize = 10 log_opt_values /usr/lib/python3/dist-packages/oslo_config/cfg.py:2609
2026-02-16 01:33:04.199 60111 DEBUG oslo_service.service [-] cache.memcache_pool_unused_timeout = 60 log_opt_values /usr/lib/python3/dist-packages/oslo_config/cfg.py:2609
2026-02-16 01:33:04.199 60111 DEBUG oslo_service.service [-] cache.memcache_servers = ['localhost:11211'] log_opt_values /usr/lib/python3/dist-packages/oslo_config/cfg.py:2609
2026-02-16 01:33:04.199 60111 DEBUG oslo_service.service [-] cache.memcache_socket_timeout = 1.0 log_opt_values /usr/lib/python3/dist-packages/oslo_config/cfg.py:2609
2026-02-16 01:33:04.203 60111 DEBUG oslo_service.service [-] cache.proxies = [] log_opt_values /usr/lib/python3/dist-packages/oslo_config/cfg.py:2609
2026-02-16 01:33:04.203 60111 DEBUG oslo_service.service [-] cache.tls_allowed_ciphers = None log_opt_values /usr/lib/python3/dist-packages/oslo_config/cfg.py:2609
2026-02-16 01:33:04.203 60111 DEBUG oslo_service.service [-] cache.tls_cafile = None log_opt_values /usr/lib/python3/dist-packages/oslo_config/cfg.py:2609
2026-02-16 01:33:04.203 60111 DEBUG oslo_service.service [-] cache.tls_certfile = None log_opt_values /usr/lib/python3/dist-packages/oslo_config/cfg.py:2609
2026-02-16 01:33:04.203 60111 DEBUG oslo_service.service [-] cache.tls_enabled = False log_opt_values /usr/lib/python3/dist-packages/oslo_config/cfg.py:2609
2026-02-16 01:33:04.203 60111 DEBUG oslo_service.service [-] cache.tls_keyfile = None log_opt_values /usr/lib/python3/dist-packages/oslo_config/cfg.py:2609
2026-02-16 01:33:04.208 60111 DEBUG oslo_service.service [-] constraint_validation_cache.caching = True log_opt_values /usr/lib/python3/dist-packages/oslo_config/cfg.py:2609
2026-02-16 01:33:04.210 60111 DEBUG oslo_service.service [-] constraint_validation_cache.expiration_time = 60 log_opt_values /usr/lib/python3/dist-packages/oslo_config/cfg.py:2609
2026-02-16 01:33:04.211 60631 DEBUG oslo_db.sqlalchemy.engines [req-3dbcf9cc-3ab7-4200-aa9a-5d4c91194a67 - - - - -] MySQL server mode set to STRICT_TRANS_TABLES,STRICT_ALL_TABLES,NO_ZERO_IN_DATE,NO_ZERO_DATE,ERROR_FOR_DIVISION_BY_ZERO,TRADITIONAL,NO_ENGINE_SUBSTITUTION _check_effective_sql_mode /usr/lib/python3/dist-packages/oslo_db/sqlalchemy/engines.py:314
2026-02-16 01:33:04.210 60111 DEBUG oslo_service.service [-] service_extension_cache.caching = True log_opt_values /usr/lib/python3/dist-packages/oslo_config/cfg.py:2609
2026-02-16 01:33:04.213 60111 DEBUG oslo_service.service [-] service_extension_cache.expiration_time = 3600 log_opt_values /usr/lib/python3/dist-packages/oslo_config/cfg.py:2609
2026-02-16 01:33:04.213 60111 DEBUG oslo_service.service [-] resource_finder_cache.caching = True log_opt_values /usr/lib/python3/dist-packages/oslo_config/cfg.py:2609
2026-02-16 01:33:04.213 60111 DEBUG oslo_service.service [-] resource_finder_cache.expiration_time = 3600 log_opt_values /usr/lib/python3/dist-packages/oslo_config/cfg.py:2609
2026-02-16 01:33:04.213 60111 DEBUG oslo_service.service [-] yaql.limit_iterators = 200 log_opt_values /usr/lib/python3/dist-packages/oslo_config/cfg.py:2609
2026-02-16 01:33:04.213 60111 DEBUG oslo_service.service [-] yaql.memory_quota = 10000 log_opt_values /usr/lib/python3/dist-packages/oslo_config/cfg.py:2609
2026-02-16 01:33:04.213 60111 DEBUG oslo_service.service [-] ******************************************************************************** log_opt_values /usr/lib/python3/dist-packages/oslo_config/cfg.py:2613
2026-02-16 01:33:04.215 60645 DEBUG oslo_db.sqlalchemy.engines [req-bfeab5de-149c-4955-8e6a-e4e1d566153a - - - - -] MySQL server mode set to STRICT_TRANS_TABLES,STRICT_ALL_TABLES,NO_ZERO_IN_DATE,NO_ZERO_DATE,ERROR_FOR_DIVISION_BY_ZERO,TRADITIONAL,NO_ENGINE_SUBSTITUTION _check_effective_sql_mode /usr/lib/python3/dist-packages/oslo_db/sqlalchemy/engines.py:314
2026-02-16 01:33:04.249 60643 DEBUG oslo_db.sqlalchemy.engines [req-ec57035f-3cd5-4e73-82db-8d60ca79e3e3 - - - - -] MySQL server mode set to STRICT_TRANS_TABLES,STRICT_ALL_TABLES,NO_ZERO_IN_DATE,NO_ZERO_DATE,ERROR_FOR_DIVISION_BY_ZERO,TRADITIONAL,NO_ENGINE_SUBSTITUTION _check_effective_sql_mode /usr/lib/python3/dist-packages/oslo_db/sqlalchemy/engines.py:314
2026-02-16 01:33:04.251 60632 DEBUG oslo_db.sqlalchemy.engines [req-b952c10f-6885-41fd-ad25-da37c5a87228 - - - - -] MySQL server mode set to STRICT_TRANS_TABLES,STRICT_ALL_TABLES,NO_ZERO_IN_DATE,NO_ZERO_DATE,ERROR_FOR_DIVISION_BY_ZERO,TRADITIONAL,NO_ENGINE_SUBSTITUTION _check_effective_sql_mode /usr/lib/python3/dist-packages/oslo_db/sqlalchemy/engines.py:314
2026-02-16 01:33:04.267 60645 DEBUG heat.engine.service [req-bfeab5de-149c-4955-8e6a-e4e1d566153a - - - - -] Service 0ca879ec-c72f-4307-9cfa-8f4da2362ccd was aborted service_manage_cleanup /usr/lib/python3/dist-packages/heat/engine/service.py:2391
2026-02-16 01:33:04.279 60631 DEBUG heat.engine.service [req-3dbcf9cc-3ab7-4200-aa9a-5d4c91194a67 - - - - -] Service 0ca879ec-c72f-4307-9cfa-8f4da2362ccd was aborted service_manage_cleanup /usr/lib/python3/dist-packages/heat/engine/service.py:2391
2026-02-16 01:33:04.349 60643 DEBUG heat.engine.service [req-ec57035f-3cd5-4e73-82db-8d60ca79e3e3 - - - - -] Service 0ca879ec-c72f-4307-9cfa-8f4da2362ccd was aborted service_manage_cleanup /usr/lib/python3/dist-packages/heat/engine/service.py:2391
2026-02-16 01:33:04.359 60632 DEBUG heat.engine.service [req-b952c10f-6885-41fd-ad25-da37c5a87228 - - - - -] Service 0ca879ec-c72f-4307-9cfa-8f4da2362ccd was aborted service_manage_cleanup /usr/lib/python3/dist-packages/heat/engine/service.py:2391
2026-02-16 01:33:04.368 60645 DEBUG heat.engine.service [req-bfeab5de-149c-4955-8e6a-e4e1d566153a - - - - -] Service 186a9c2a-7679-424e-95db-93cadcdda90d was aborted service_manage_cleanup /usr/lib/python3/dist-packages/heat/engine/service.py:2391
2026-02-16 01:33:04.370 60643 DEBUG heat.engine.service [req-ec57035f-3cd5-4e73-82db-8d60ca79e3e3 - - - - -] Service 186a9c2a-7679-424e-95db-93cadcdda90d was aborted service_manage_cleanup /usr/lib/python3/dist-packages/heat/engine/service.py:2391
2026-02-16 01:33:04.371 60632 DEBUG heat.engine.service [req-b952c10f-6885-41fd-ad25-da37c5a87228 - - - - -] Service 186a9c2a-7679-424e-95db-93cadcdda90d was aborted service_manage_cleanup /usr/lib/python3/dist-packages/heat/engine/service.py:2391
2026-02-16 01:33:04.372 60631 DEBUG heat.engine.service [req-3dbcf9cc-3ab7-4200-aa9a-5d4c91194a67 - - - - -] Service 186a9c2a-7679-424e-95db-93cadcdda90d was aborted service_manage_cleanup /usr/lib/python3/dist-packages/heat/engine/service.py:2391
2026-02-16 01:33:04.605 60643 DEBUG heat.engine.service [req-ec57035f-3cd5-4e73-82db-8d60ca79e3e3 - - - - -] Service 44623bf3-7a88-4e37-ab61-e056c03269f2 was aborted service_manage_cleanup /usr/lib/python3/dist-packages/heat/engine/service.py:2391
2026-02-16 01:33:04.606 60632 DEBUG heat.engine.service [req-b952c10f-6885-41fd-ad25-da37c5a87228 - - - - -] Service 44623bf3-7a88-4e37-ab61-e056c03269f2 was aborted service_manage_cleanup /usr/lib/python3/dist-packages/heat/engine/service.py:2391
2026-02-16 01:33:04.608 60631 DEBUG heat.engine.service [req-3dbcf9cc-3ab7-4200-aa9a-5d4c91194a67 - - - - -] Service 44623bf3-7a88-4e37-ab61-e056c03269f2 was aborted service_manage_cleanup /usr/lib/python3/dist-packages/heat/engine/service.py:2391
2026-02-16 01:33:04.614 60645 DEBUG heat.engine.service [req-bfeab5de-149c-4955-8e6a-e4e1d566153a - - - - -] Service 44623bf3-7a88-4e37-ab61-e056c03269f2 was aborted service_manage_cleanup /usr/lib/python3/dist-packages/heat/engine/service.py:2391
2026-02-16 01:33:04.703 60631 DEBUG heat.engine.service [req-3dbcf9cc-3ab7-4200-aa9a-5d4c91194a67 - - - - -] Service 4f562194-0474-40d7-86c7-dd02b04dee3c was aborted service_manage_cleanup /usr/lib/python3/dist-packages/heat/engine/service.py:2391
2026-02-16 01:33:04.704 60632 DEBUG heat.engine.service [req-b952c10f-6885-41fd-ad25-da37c5a87228 - - - - -] Service 4f562194-0474-40d7-86c7-dd02b04dee3c was aborted service_manage_cleanup /usr/lib/python3/dist-packages/heat/engine/service.py:2391
2026-02-16 01:33:04.706 60643 DEBUG heat.engine.service [req-ec57035f-3cd5-4e73-82db-8d60ca79e3e3 - - - - -] Service 4f562194-0474-40d7-86c7-dd02b04dee3c was aborted service_manage_cleanup /usr/lib/python3/dist-packages/heat/engine/service.py:2391
2026-02-16 01:33:04.713 60645 DEBUG heat.engine.service [req-bfeab5de-149c-4955-8e6a-e4e1d566153a - - - - -] Service 4f562194-0474-40d7-86c7-dd02b04dee3c was aborted service_manage_cleanup /usr/lib/python3/dist-packages/heat/engine/service.py:2391
2026-02-16 01:33:04.861 60632 DEBUG heat.engine.service [req-b952c10f-6885-41fd-ad25-da37c5a87228 - - - - -] Service 63b73106-efe0-4ded-94db-95a42091d672 was aborted service_manage_cleanup /usr/lib/python3/dist-packages/heat/engine/service.py:2391
2026-02-16 01:33:04.861 60631 DEBUG heat.engine.service [req-3dbcf9cc-3ab7-4200-aa9a-5d4c91194a67 - - - - -] Service 63b73106-efe0-4ded-94db-95a42091d672 was aborted service_manage_cleanup /usr/lib/python3/dist-packages/heat/engine/service.py:2391
2026-02-16 01:33:04.866 60643 DEBUG heat.engine.service [req-ec57035f-3cd5-4e73-82db-8d60ca79e3e3 - - - - -] Service 63b73106-efe0-4ded-94db-95a42091d672 was aborted service_manage_cleanup /usr/lib/python3/dist-packages/heat/engine/service.py:2391
2026-02-16 01:33:04.870 60645 DEBUG heat.engine.service [req-bfeab5de-149c-4955-8e6a-e4e1d566153a - - - - -] Service 63b73106-efe0-4ded-94db-95a42091d672 was aborted service_manage_cleanup /usr/lib/python3/dist-packages/heat/engine/service.py:2391
2026-02-16 01:33:05.330 60631 DEBUG heat.engine.service [req-3dbcf9cc-3ab7-4200-aa9a-5d4c91194a67 - - - - -] Service af91904e-b78b-4004-a245-74f1c69df528 was aborted service_manage_cleanup /usr/lib/python3/dist-packages/heat/engine/service.py:2391
2026-02-16 01:33:05.331 60632 DEBUG heat.engine.service [req-b952c10f-6885-41fd-ad25-da37c5a87228 - - - - -] Service af91904e-b78b-4004-a245-74f1c69df528 was aborted service_manage_cleanup /usr/lib/python3/dist-packages/heat/engine/service.py:2391
2026-02-16 01:33:05.334 60643 DEBUG heat.engine.service [req-ec57035f-3cd5-4e73-82db-8d60ca79e3e3 - - - - -] Service af91904e-b78b-4004-a245-74f1c69df528 was aborted service_manage_cleanup /usr/lib/python3/dist-packages/heat/engine/service.py:2391
2026-02-16 01:33:05.336 60645 DEBUG heat.engine.service [req-bfeab5de-149c-4955-8e6a-e4e1d566153a - - - - -] Service af91904e-b78b-4004-a245-74f1c69df528 was aborted service_manage_cleanup /usr/lib/python3/dist-packages/heat/engine/service.py:2391
2026-02-16 01:33:05.639 60631 DEBUG heat.engine.service [req-3dbcf9cc-3ab7-4200-aa9a-5d4c91194a67 - - - - -] Service bd8a270c-4be2-448d-a372-8d618655b2e0 was aborted service_manage_cleanup /usr/lib/python3/dist-packages/heat/engine/service.py:2391
2026-02-16 01:33:05.640 60632 DEBUG heat.engine.service [req-b952c10f-6885-41fd-ad25-da37c5a87228 - - - - -] Service bd8a270c-4be2-448d-a372-8d618655b2e0 was aborted service_manage_cleanup /usr/lib/python3/dist-packages/heat/engine/service.py:2391
2026-02-16 01:33:05.652 60643 DEBUG heat.engine.service [req-ec57035f-3cd5-4e73-82db-8d60ca79e3e3 - - - - -] Service bd8a270c-4be2-448d-a372-8d618655b2e0 was aborted service_manage_cleanup /usr/lib/python3/dist-packages/heat/engine/service.py:2391
2026-02-16 01:33:05.653 60645 DEBUG heat.engine.service [req-bfeab5de-149c-4955-8e6a-e4e1d566153a - - - - -] Service bd8a270c-4be2-448d-a372-8d618655b2e0 was aborted service_manage_cleanup /usr/lib/python3/dist-packages/heat/engine/service.py:2391
2026-02-16 01:33:05.928 60631 DEBUG heat.engine.service [req-3dbcf9cc-3ab7-4200-aa9a-5d4c91194a67 - - - - -] Service c04a087a-a121-472a-9fc3-2b088b3cf6da was aborted service_manage_cleanup /usr/lib/python3/dist-packages/heat/engine/service.py:2391
2026-02-16 01:33:05.929 60632 DEBUG heat.engine.service [req-b952c10f-6885-41fd-ad25-da37c5a87228 - - - - -] Service c04a087a-a121-472a-9fc3-2b088b3cf6da was aborted service_manage_cleanup /usr/lib/python3/dist-packages/heat/engine/service.py:2391
2026-02-16 01:33:05.934 60645 DEBUG heat.engine.service [req-bfeab5de-149c-4955-8e6a-e4e1d566153a - - - - -] Service c04a087a-a121-472a-9fc3-2b088b3cf6da was aborted service_manage_cleanup /usr/lib/python3/dist-packages/heat/engine/service.py:2391
2026-02-16 01:33:05.935 60643 DEBUG heat.engine.service [req-ec57035f-3cd5-4e73-82db-8d60ca79e3e3 - - - - -] Service c04a087a-a121-472a-9fc3-2b088b3cf6da was aborted service_manage_cleanup /usr/lib/python3/dist-packages/heat/engine/service.py:2391
2026-02-16 01:33:05.957 60632 DEBUG heat.engine.service [req-b952c10f-6885-41fd-ad25-da37c5a87228 - - - - -] Service c7701450-807a-4361-a87d-a24751bb864d was aborted service_manage_cleanup /usr/lib/python3/dist-packages/heat/engine/service.py:2391
2026-02-16 01:33:05.960 60631 DEBUG heat.engine.service [req-3dbcf9cc-3ab7-4200-aa9a-5d4c91194a67 - - - - -] Service c7701450-807a-4361-a87d-a24751bb864d was aborted service_manage_cleanup /usr/lib/python3/dist-packages/heat/engine/service.py:2391
2026-02-16 01:33:05.962 60645 DEBUG heat.engine.service [req-bfeab5de-149c-4955-8e6a-e4e1d566153a - - - - -] Service c7701450-807a-4361-a87d-a24751bb864d was aborted service_manage_cleanup /usr/lib/python3/dist-packages/heat/engine/service.py:2391
2026-02-16 01:33:05.962 60643 DEBUG heat.engine.service [req-ec57035f-3cd5-4e73-82db-8d60ca79e3e3 - - - - -] Service c7701450-807a-4361-a87d-a24751bb864d was aborted service_manage_cleanup /usr/lib/python3/dist-packages/heat/engine/service.py:2391
2026-02-16 01:33:05.978 60632 DEBUG heat.engine.service [req-b952c10f-6885-41fd-ad25-da37c5a87228 - - - - -] Service de97cd38-724c-48e5-9aed-1314d2245298 was aborted service_manage_cleanup /usr/lib/python3/dist-packages/heat/engine/service.py:2391
2026-02-16 01:33:05.979 60631 DEBUG heat.engine.service [req-3dbcf9cc-3ab7-4200-aa9a-5d4c91194a67 - - - - -] Service de97cd38-724c-48e5-9aed-1314d2245298 was aborted service_manage_cleanup /usr/lib/python3/dist-packages/heat/engine/service.py:2391
2026-02-16 01:33:05.980 60643 DEBUG heat.engine.service [req-ec57035f-3cd5-4e73-82db-8d60ca79e3e3 - - - - -] Service de97cd38-724c-48e5-9aed-1314d2245298 was aborted service_manage_cleanup /usr/lib/python3/dist-packages/heat/engine/service.py:2391
2026-02-16 01:33:05.980 60645 DEBUG heat.engine.service [req-bfeab5de-149c-4955-8e6a-e4e1d566153a - - - - -] Service de97cd38-724c-48e5-9aed-1314d2245298 was aborted service_manage_cleanup /usr/lib/python3/dist-packages/heat/engine/service.py:2391
2026-02-16 01:33:05.998 60632 DEBUG heat.engine.service [req-b952c10f-6885-41fd-ad25-da37c5a87228 - - - - -] Service ee398df1-33ba-4d18-a841-1cffd751eec0 was aborted service_manage_cleanup /usr/lib/python3/dist-packages/heat/engine/service.py:2391
2026-02-16 01:33:05.999 60631 DEBUG heat.engine.service [req-3dbcf9cc-3ab7-4200-aa9a-5d4c91194a67 - - - - -] Service ee398df1-33ba-4d18-a841-1cffd751eec0 was aborted service_manage_cleanup /usr/lib/python3/dist-packages/heat/engine/service.py:2391
2026-02-16 01:33:06.002 60643 DEBUG heat.engine.service [req-ec57035f-3cd5-4e73-82db-8d60ca79e3e3 - - - - -] Service ee398df1-33ba-4d18-a841-1cffd751eec0 was aborted service_manage_cleanup /usr/lib/python3/dist-packages/heat/engine/service.py:2391
2026-02-16 01:33:06.005 60645 DEBUG heat.engine.service [req-bfeab5de-149c-4955-8e6a-e4e1d566153a - - - - -] Service ee398df1-33ba-4d18-a841-1cffd751eec0 was aborted service_manage_cleanup /usr/lib/python3/dist-packages/heat/engine/service.py:2391
2026-02-16 01:33:06.018 60631 DEBUG heat.engine.service [req-3dbcf9cc-3ab7-4200-aa9a-5d4c91194a67 - - - - -] Service f2a51e67-e6ce-4a75-9ff9-0bdaf6f4f03c was aborted service_manage_cleanup /usr/lib/python3/dist-packages/heat/engine/service.py:2391
2026-02-16 01:33:06.019 60632 DEBUG heat.engine.service [req-b952c10f-6885-41fd-ad25-da37c5a87228 - - - - -] Service f2a51e67-e6ce-4a75-9ff9-0bdaf6f4f03c was aborted service_manage_cleanup /usr/lib/python3/dist-packages/heat/engine/service.py:2391
2026-02-16 01:33:06.022 60645 DEBUG heat.engine.service [req-bfeab5de-149c-4955-8e6a-e4e1d566153a - - - - -] Service f2a51e67-e6ce-4a75-9ff9-0bdaf6f4f03c was aborted service_manage_cleanup /usr/lib/python3/dist-packages/heat/engine/service.py:2391
2026-02-16 01:33:06.027 60643 DEBUG heat.engine.service [req-ec57035f-3cd5-4e73-82db-8d60ca79e3e3 - - - - -] Service f2a51e67-e6ce-4a75-9ff9-0bdaf6f4f03c was aborted service_manage_cleanup /usr/lib/python3/dist-packages/heat/engine/service.py:2391
2026-02-16 01:33:06.058 60631 DEBUG heat.engine.service [req-4c9fc81e-1966-4db5-9d0f-aa1ab70277a8 - - - - -] Service 898e2611-0b76-4afa-8692-0147aa5193f1 is started service_manage_report /usr/lib/python3/dist-packages/heat/engine/service.py:2363
2026-02-16 01:33:06.066 60632 DEBUG heat.engine.service [req-72c4a7f9-f409-4b7c-b77c-02be50a07765 - - - - -] Service 984c1e82-cd71-4d6f-b6b7-929ede065d91 is started service_manage_report /usr/lib/python3/dist-packages/heat/engine/service.py:2363
2026-02-16 01:33:06.077 60645 DEBUG heat.engine.service [req-b450fd22-62fd-4584-bbef-2c5d56b8d7ab - - - - -] Service 7f476bb0-9df1-429b-ae6c-1bd5c7f2f4c6 is started service_manage_report /usr/lib/python3/dist-packages/heat/engine/service.py:2363
2026-02-16 01:33:06.089 60643 DEBUG heat.engine.service [req-1e6d4281-eb94-4454-a76d-707928960261 - - - - -] Service 5d8f9045-13d2-43ee-b653-a96b2ce23a74 is started service_manage_report /usr/lib/python3/dist-packages/heat/engine/service.py:2363
2026-02-16 01:33:06.095 60631 DEBUG heat.engine.service [req-4c9fc81e-1966-4db5-9d0f-aa1ab70277a8 - - - - -] Service 898e2611-0b76-4afa-8692-0147aa5193f1 is updated service_manage_report /usr/lib/python3/dist-packages/heat/engine/service.py:2370
2026-02-16 01:33:06.100 60632 DEBUG heat.engine.service [req-72c4a7f9-f409-4b7c-b77c-02be50a07765 - - - - -] Service 984c1e82-cd71-4d6f-b6b7-929ede065d91 is updated service_manage_report /usr/lib/python3/dist-packages/heat/engine/service.py:2370
2026-02-16 01:33:06.113 60645 DEBUG heat.engine.service [req-b450fd22-62fd-4584-bbef-2c5d56b8d7ab - - - - -] Service 7f476bb0-9df1-429b-ae6c-1bd5c7f2f4c6 is updated service_manage_report /usr/lib/python3/dist-packages/heat/engine/service.py:2370
2026-02-16 01:33:06.119 60643 DEBUG heat.engine.service [req-1e6d4281-eb94-4454-a76d-707928960261 - - - - -] Service 5d8f9045-13d2-43ee-b653-a96b2ce23a74 is updated service_manage_report /usr/lib/python3/dist-packages/heat/engine/service.py:2370
2026-02-16 01:34:06.042 60631 DEBUG heat.engine.service [req-b7213b1c-08f3-4f54-b05f-07fb2bec0317 - - - - -] Service 898e2611-0b76-4afa-8692-0147aa5193f1 is updated service_manage_report /usr/lib/python3/dist-packages/heat/engine/service.py:2370
2026-02-16 01:34:06.047 60632 DEBUG heat.engine.service [req-a60d3526-a533-42d2-8611-ad2369f3bbfb - - - - -] Service 984c1e82-cd71-4d6f-b6b7-929ede065d91 is updated service_manage_report /usr/lib/python3/dist-packages/heat/engine/service.py:2370
2026-02-16 01:34:06.048 60645 DEBUG heat.engine.service [req-12af30f2-6f35-49d7-893c-6c97cd3e135d - - - - -] Service 7f476bb0-9df1-429b-ae6c-1bd5c7f2f4c6 is updated service_manage_report /usr/lib/python3/dist-packages/heat/engine/service.py:2370
2026-02-16 01:34:06.055 60643 DEBUG heat.engine.service [req-136e70b8-c4b6-4ed9-86e3-7201bd8dd152 - - - - -] Service 5d8f9045-13d2-43ee-b653-a96b2ce23a74 is updated service_manage_report /usr/lib/python3/dist-packages/heat/engine/service.py:2370
2026-02-16 01:34:15.738 60632 DEBUG heat.engine.service [-] Attempting to stop engine service... _stop_rpc_server /usr/lib/python3/dist-packages/heat/engine/service.py:437
2026-02-16 01:34:15.738 60631 DEBUG heat.engine.service [-] Attempting to stop engine service... _stop_rpc_server /usr/lib/python3/dist-packages/heat/engine/service.py:437
2026-02-16 01:34:15.739 60645 DEBUG heat.engine.service [-] Attempting to stop engine service... _stop_rpc_server /usr/lib/python3/dist-packages/heat/engine/service.py:437
2026-02-16 01:34:15.739 60643 DEBUG heat.engine.service [-] Attempting to stop engine service... _stop_rpc_server /usr/lib/python3/dist-packages/heat/engine/service.py:437
2026-02-16 01:34:15.744 60111 INFO oslo_service.service [-] Caught SIGTERM, stopping children
2026-02-16 01:34:15.744 60111 DEBUG oslo_concurrency.lockutils [-] Acquired lock "singleton_lock" lock /usr/lib/python3/dist-packages/oslo_concurrency/lockutils.py:294
2026-02-16 01:34:15.745 60111 DEBUG oslo_concurrency.lockutils [-] Releasing lock "singleton_lock" lock /usr/lib/python3/dist-packages/oslo_concurrency/lockutils.py:312
2026-02-16 01:34:15.745 60111 DEBUG oslo_service.service [-] Stop services. stop /usr/lib/python3/dist-packages/oslo_service/service.py:695
2026-02-16 01:34:15.745 60111 INFO heat.engine.service [-] All threads were gone, terminating engine
2026-02-16 01:34:15.745 60111 DEBUG oslo_service.service [-] Killing children. stop /usr/lib/python3/dist-packages/oslo_service/service.py:700
2026-02-16 01:34:15.745 60111 INFO oslo_service.service [-] Waiting on 4 children to exit
2026-02-16 01:34:15.759 60111 INFO oslo_service.service [-] Child 60632 killed by signal 15
2026-02-16 01:34:15.759 60111 INFO oslo_service.service [-] Child 60643 killed by signal 15
2026-02-16 01:34:15.760 60111 INFO oslo_service.service [-] Child 60645 killed by signal 15
2026-02-16 01:34:15.761 60111 INFO oslo_service.service [-] Child 60631 killed by signal 15
2026-02-16 01:34:17.367 63025 DEBUG oslo_concurrency.lockutils [-] Lock "context-manager" acquired by "neutron_lib.db.api._create_context_manager" :: waited 0.000s inner /usr/lib/python3/dist-packages/oslo_concurrency/lockutils.py:386
2026-02-16 01:34:17.368 63025 DEBUG oslo_concurrency.lockutils [-] Lock "context-manager" "released" by "neutron_lib.db.api._create_context_manager" :: held 0.000s inner /usr/lib/python3/dist-packages/oslo_concurrency/lockutils.py:400
2026-02-16 01:34:19.566 63025 WARNING heat.engine.environment [-] OS::Aodh::Alarm is DEPRECATED. Theshold alarm relies on ceilometer-api and has been deprecated in aodh since Ocata. Use OS::Aodh::GnocchiAggregationByResourcesAlarm instead.
2026-02-16 01:34:19.566 63025 WARNING heat.engine.environment [-] OS::Aodh::CombinationAlarm is HIDDEN. OS::Aodh::CombinationAlarm is deprecated and has been removed from Aodh, use OS::Aodh::CompositeAlarm instead.
2026-02-16 01:34:19.566 63025 WARNING heat.engine.environment [-] OS::Designate::Domain is HIDDEN. This resource has been removed, use OS::Designate::Zone instead.
2026-02-16 01:34:19.567 63025 WARNING heat.engine.environment [-] OS::Designate::Record is HIDDEN. This resource has been removed, use OS::Designate::RecordSet instead.
2026-02-16 01:34:19.567 63025 WARNING heat.engine.environment [-] OS::Glance::Image is DEPRECATED. Creating a Glance Image based on an existing URL location requires the Glance v1 API, which is deprecated.
