2026-02-16 01:34:36.158 64730 DEBUG oslo_service.service [-] clients_swift.key_file = None log_opt_values /usr/lib/python3/dist-packages/oslo_config/cfg.py:2609
2026-02-16 01:34:36.158 64730 DEBUG oslo_service.service [-] clients_trove.ca_file = None log_opt_values /usr/lib/python3/dist-packages/oslo_config/cfg.py:2609
2026-02-16 01:34:36.158 64972 INFO heat.engine.worker [-] Starting engine_worker (1.4) in engine a3ffec82-2d0b-49e2-90de-80296e1d6b3c.
2026-02-16 01:34:36.158 64730 DEBUG oslo_service.service [-] clients_trove.cert_file = None log_opt_values /usr/lib/python3/dist-packages/oslo_config/cfg.py:2609
2026-02-16 01:34:36.164 64730 DEBUG oslo_service.service [-] clients_trove.endpoint_type = None log_opt_values /usr/lib/python3/dist-packages/oslo_config/cfg.py:2609
2026-02-16 01:34:36.165 64730 DEBUG oslo_service.service [-] clients_trove.insecure = None log_opt_values /usr/lib/python3/dist-packages/oslo_config/cfg.py:2609
2026-02-16 01:34:36.165 64730 DEBUG oslo_service.service [-] clients_trove.key_file = None log_opt_values /usr/lib/python3/dist-packages/oslo_config/cfg.py:2609
2026-02-16 01:34:36.165 64730 DEBUG oslo_service.service [-] clients_vitrage.ca_file = None log_opt_values /usr/lib/python3/dist-packages/oslo_config/cfg.py:2609
2026-02-16 01:34:36.165 64730 DEBUG oslo_service.service [-] clients_vitrage.cert_file = None log_opt_values /usr/lib/python3/dist-packages/oslo_config/cfg.py:2609
2026-02-16 01:34:36.165 64730 DEBUG oslo_service.service [-] clients_vitrage.endpoint_type = None log_opt_values /usr/lib/python3/dist-packages/oslo_config/cfg.py:2609
2026-02-16 01:34:36.165 64730 DEBUG oslo_service.service [-] clients_vitrage.insecure = None log_opt_values /usr/lib/python3/dist-packages/oslo_config/cfg.py:2609
2026-02-16 01:34:36.165 64730 DEBUG oslo_service.service [-] clients_vitrage.key_file = None log_opt_values /usr/lib/python3/dist-packages/oslo_config/cfg.py:2609
2026-02-16 01:34:36.165 64730 DEBUG oslo_service.service [-] clients_zaqar.ca_file = None log_opt_values /usr/lib/python3/dist-packages/oslo_config/cfg.py:2609
2026-02-16 01:34:36.165 64730 DEBUG oslo_service.service [-] clients_zaqar.cert_file = None log_opt_values /usr/lib/python3/dist-packages/oslo_config/cfg.py:2609
2026-02-16 01:34:36.166 64730 DEBUG oslo_service.service [-] clients_zaqar.endpoint_type = None log_opt_values /usr/lib/python3/dist-packages/oslo_config/cfg.py:2609
2026-02-16 01:34:36.166 64730 DEBUG oslo_service.service [-] clients_zaqar.insecure = None log_opt_values /usr/lib/python3/dist-packages/oslo_config/cfg.py:2609
2026-02-16 01:34:36.166 64730 DEBUG oslo_service.service [-] clients_zaqar.key_file = None log_opt_values /usr/lib/python3/dist-packages/oslo_config/cfg.py:2609
2026-02-16 01:34:36.166 64730 DEBUG oslo_service.service [-] database.backend = sqlalchemy log_opt_values /usr/lib/python3/dist-packages/oslo_config/cfg.py:2609
2026-02-16 01:34:36.166 64730 DEBUG oslo_service.service [-] database.connection = **** log_opt_values /usr/lib/python3/dist-packages/oslo_config/cfg.py:2609
2026-02-16 01:34:36.166 64730 DEBUG oslo_service.service [-] database.connection_debug = 0 log_opt_values /usr/lib/python3/dist-packages/oslo_config/cfg.py:2609
2026-02-16 01:34:36.166 64730 DEBUG oslo_service.service [-] database.connection_parameters = log_opt_values /usr/lib/python3/dist-packages/oslo_config/cfg.py:2609
2026-02-16 01:34:36.167 64730 DEBUG oslo_service.service [-] database.connection_recycle_time = 3600 log_opt_values /usr/lib/python3/dist-packages/oslo_config/cfg.py:2609
2026-02-16 01:34:36.167 64730 DEBUG oslo_service.service [-] database.connection_trace = False log_opt_values /usr/lib/python3/dist-packages/oslo_config/cfg.py:2609
2026-02-16 01:34:36.167 64730 DEBUG oslo_service.service [-] database.db_inc_retry_interval = True log_opt_values /usr/lib/python3/dist-packages/oslo_config/cfg.py:2609
2026-02-16 01:34:36.167 64730 DEBUG oslo_service.service [-] database.db_max_retries = 20 log_opt_values /usr/lib/python3/dist-packages/oslo_config/cfg.py:2609
2026-02-16 01:34:36.167 64730 DEBUG oslo_service.service [-] database.db_max_retry_interval = 10 log_opt_values /usr/lib/python3/dist-packages/oslo_config/cfg.py:2609
2026-02-16 01:34:36.167 64730 DEBUG oslo_service.service [-] database.db_retry_interval = 1 log_opt_values /usr/lib/python3/dist-packages/oslo_config/cfg.py:2609
2026-02-16 01:34:36.167 64730 DEBUG oslo_service.service [-] database.max_overflow = 50 log_opt_values /usr/lib/python3/dist-packages/oslo_config/cfg.py:2609
2026-02-16 01:34:36.178 64730 DEBUG oslo_service.service [-] database.max_pool_size = 5 log_opt_values /usr/lib/python3/dist-packages/oslo_config/cfg.py:2609
2026-02-16 01:34:36.179 64730 DEBUG oslo_service.service [-] database.max_retries = 10 log_opt_values /usr/lib/python3/dist-packages/oslo_config/cfg.py:2609
2026-02-16 01:34:36.179 64730 DEBUG oslo_service.service [-] database.mysql_enable_ndb = False log_opt_values /usr/lib/python3/dist-packages/oslo_config/cfg.py:2609
2026-02-16 01:34:36.179 64730 DEBUG oslo_service.service [-] database.mysql_sql_mode = TRADITIONAL log_opt_values /usr/lib/python3/dist-packages/oslo_config/cfg.py:2609
2026-02-16 01:34:36.179 64730 DEBUG oslo_service.service [-] database.pool_timeout = None log_opt_values /usr/lib/python3/dist-packages/oslo_config/cfg.py:2609
2026-02-16 01:34:36.179 64730 DEBUG oslo_service.service [-] database.retry_interval = 10 log_opt_values /usr/lib/python3/dist-packages/oslo_config/cfg.py:2609
2026-02-16 01:34:36.179 64730 DEBUG oslo_service.service [-] database.slave_connection = **** log_opt_values /usr/lib/python3/dist-packages/oslo_config/cfg.py:2609
2026-02-16 01:34:36.181 64730 DEBUG oslo_service.service [-] database.sqlite_synchronous = True log_opt_values /usr/lib/python3/dist-packages/oslo_config/cfg.py:2609
2026-02-16 01:34:36.181 64730 DEBUG oslo_service.service [-] database.use_db_reconnect = False log_opt_values /usr/lib/python3/dist-packages/oslo_config/cfg.py:2609
2026-02-16 01:34:36.181 64730 DEBUG oslo_service.service [-] oslo_messaging_metrics.metrics_buffer_size = 1000 log_opt_values /usr/lib/python3/dist-packages/oslo_config/cfg.py:2609
2026-02-16 01:34:36.181 64730 DEBUG oslo_service.service [-] oslo_messaging_metrics.metrics_enabled = False log_opt_values /usr/lib/python3/dist-packages/oslo_config/cfg.py:2609
2026-02-16 01:34:36.181 64730 DEBUG oslo_service.service [-] oslo_messaging_metrics.metrics_process_name = log_opt_values /usr/lib/python3/dist-packages/oslo_config/cfg.py:2609
2026-02-16 01:34:36.181 64730 DEBUG oslo_service.service [-] oslo_messaging_metrics.metrics_socket_file = /var/tmp/metrics_collector.sock log_opt_values /usr/lib/python3/dist-packages/oslo_config/cfg.py:2609
2026-02-16 01:34:36.182 64730 DEBUG oslo_service.service [-] oslo_messaging_metrics.metrics_thread_stop_timeout = 10 log_opt_values /usr/lib/python3/dist-packages/oslo_config/cfg.py:2609
2026-02-16 01:34:36.182 64730 DEBUG oslo_service.service [-] oslo_policy.enforce_new_defaults = False log_opt_values /usr/lib/python3/dist-packages/oslo_config/cfg.py:2609
2026-02-16 01:34:36.182 64730 DEBUG oslo_service.service [-] oslo_policy.enforce_scope = False log_opt_values /usr/lib/python3/dist-packages/oslo_config/cfg.py:2609
2026-02-16 01:34:36.183 64730 DEBUG oslo_service.service [-] oslo_policy.policy_default_rule = default log_opt_values /usr/lib/python3/dist-packages/oslo_config/cfg.py:2609
2026-02-16 01:34:36.183 64730 DEBUG oslo_service.service [-] oslo_policy.policy_dirs = ['policy.d'] log_opt_values /usr/lib/python3/dist-packages/oslo_config/cfg.py:2609
2026-02-16 01:34:36.183 64730 DEBUG oslo_service.service [-] oslo_policy.policy_file = policy.yaml log_opt_values /usr/lib/python3/dist-packages/oslo_config/cfg.py:2609
2026-02-16 01:34:36.190 64730 DEBUG oslo_service.service [-] oslo_policy.remote_content_type = application/x-www-form-urlencoded log_opt_values /usr/lib/python3/dist-packages/oslo_config/cfg.py:2609
2026-02-16 01:34:36.190 64730 DEBUG oslo_service.service [-] oslo_policy.remote_ssl_ca_crt_file = None log_opt_values /usr/lib/python3/dist-packages/oslo_config/cfg.py:2609
2026-02-16 01:34:36.190 64730 DEBUG oslo_service.service [-] oslo_policy.remote_ssl_client_crt_file = None log_opt_values /usr/lib/python3/dist-packages/oslo_config/cfg.py:2609
2026-02-16 01:34:36.190 64730 DEBUG oslo_service.service [-] oslo_policy.remote_ssl_client_key_file = None log_opt_values /usr/lib/python3/dist-packages/oslo_config/cfg.py:2609
2026-02-16 01:34:36.190 64730 DEBUG oslo_service.service [-] oslo_policy.remote_ssl_verify_server_crt = False log_opt_values /usr/lib/python3/dist-packages/oslo_config/cfg.py:2609
2026-02-16 01:34:36.190 64730 DEBUG oslo_service.service [-] trustee.auth_section = None log_opt_values /usr/lib/python3/dist-packages/oslo_config/cfg.py:2609
2026-02-16 01:34:36.191 64730 WARNING oslo_config.cfg [-] Deprecated: Option "auth_plugin" from group "trustee" is deprecated. Use option "auth_type" from group "trustee".
2026-02-16 01:34:36.191 64730 DEBUG oslo_service.service [-] trustee.auth_type = password log_opt_values /usr/lib/python3/dist-packages/oslo_config/cfg.py:2609
2026-02-16 01:34:36.191 64730 DEBUG oslo_service.service [-] oslo_versionedobjects.fatal_exception_format_errors = False log_opt_values /usr/lib/python3/dist-packages/oslo_config/cfg.py:2609
2026-02-16 01:34:36.193 64730 DEBUG oslo_service.service [-] oslo_messaging_rabbit.amqp_auto_delete = False log_opt_values /usr/lib/python3/dist-packages/oslo_config/cfg.py:2609
2026-02-16 01:34:36.194 64730 DEBUG oslo_service.service [-] oslo_messaging_rabbit.amqp_durable_queues = False log_opt_values /usr/lib/python3/dist-packages/oslo_config/cfg.py:2609
2026-02-16 01:34:36.194 64730 DEBUG oslo_service.service [-] oslo_messaging_rabbit.conn_pool_min_size = 2 log_opt_values /usr/lib/python3/dist-packages/oslo_config/cfg.py:2609
2026-02-16 01:34:36.194 64730 DEBUG oslo_service.service [-] oslo_messaging_rabbit.conn_pool_ttl = 1200 log_opt_values /usr/lib/python3/dist-packages/oslo_config/cfg.py:2609
2026-02-16 01:34:36.194 64730 DEBUG oslo_service.service [-] oslo_messaging_rabbit.direct_mandatory_flag = True log_opt_values /usr/lib/python3/dist-packages/oslo_config/cfg.py:2609
2026-02-16 01:34:36.194 64730 DEBUG oslo_service.service [-] oslo_messaging_rabbit.enable_cancel_on_failover = False log_opt_values /usr/lib/python3/dist-packages/oslo_config/cfg.py:2609
2026-02-16 01:34:36.194 64730 DEBUG oslo_service.service [-] oslo_messaging_rabbit.heartbeat_in_pthread = False log_opt_values /usr/lib/python3/dist-packages/oslo_config/cfg.py:2609
2026-02-16 01:34:36.194 64730 DEBUG oslo_service.service [-] oslo_messaging_rabbit.heartbeat_rate = 2 log_opt_values /usr/lib/python3/dist-packages/oslo_config/cfg.py:2609
2026-02-16 01:34:36.195 64730 DEBUG oslo_service.service [-] oslo_messaging_rabbit.heartbeat_timeout_threshold = 60 log_opt_values /usr/lib/python3/dist-packages/oslo_config/cfg.py:2609
2026-02-16 01:34:36.195 64730 DEBUG oslo_service.service [-] oslo_messaging_rabbit.kombu_compression = None log_opt_values /usr/lib/python3/dist-packages/oslo_config/cfg.py:2609
2026-02-16 01:34:36.195 64730 DEBUG oslo_service.service [-] oslo_messaging_rabbit.kombu_failover_strategy = round-robin log_opt_values /usr/lib/python3/dist-packages/oslo_config/cfg.py:2609
2026-02-16 01:34:36.195 64730 DEBUG oslo_service.service [-] oslo_messaging_rabbit.kombu_missing_consumer_retry_timeout = 60 log_opt_values /usr/lib/python3/dist-packages/oslo_config/cfg.py:2609
2026-02-16 01:34:36.195 64730 DEBUG oslo_service.service [-] oslo_messaging_rabbit.kombu_reconnect_delay = 1.0 log_opt_values /usr/lib/python3/dist-packages/oslo_config/cfg.py:2609
2026-02-16 01:34:36.195 64730 DEBUG oslo_service.service [-] oslo_messaging_rabbit.rabbit_ha_queues = False log_opt_values /usr/lib/python3/dist-packages/oslo_config/cfg.py:2609
2026-02-16 01:34:36.195 64730 DEBUG oslo_service.service [-] oslo_messaging_rabbit.rabbit_interval_max = 30 log_opt_values /usr/lib/python3/dist-packages/oslo_config/cfg.py:2609
2026-02-16 01:34:36.195 64730 DEBUG oslo_service.service [-] oslo_messaging_rabbit.rabbit_login_method = AMQPLAIN log_opt_values /usr/lib/python3/dist-packages/oslo_config/cfg.py:2609
2026-02-16 01:34:36.196 64730 DEBUG oslo_service.service [-] oslo_messaging_rabbit.rabbit_qos_prefetch_count = 0 log_opt_values /usr/lib/python3/dist-packages/oslo_config/cfg.py:2609
2026-02-16 01:34:36.196 64730 DEBUG oslo_service.service [-] oslo_messaging_rabbit.rabbit_quorum_queue = False log_opt_values /usr/lib/python3/dist-packages/oslo_config/cfg.py:2609
2026-02-16 01:34:36.196 64730 DEBUG oslo_service.service [-] oslo_messaging_rabbit.rabbit_retry_backoff = 2 log_opt_values /usr/lib/python3/dist-packages/oslo_config/cfg.py:2609
2026-02-16 01:34:36.196 64730 DEBUG oslo_service.service [-] oslo_messaging_rabbit.rabbit_retry_interval = 1 log_opt_values /usr/lib/python3/dist-packages/oslo_config/cfg.py:2609
2026-02-16 01:34:36.196 64730 DEBUG oslo_service.service [-] oslo_messaging_rabbit.rabbit_transient_queues_ttl = 1800 log_opt_values /usr/lib/python3/dist-packages/oslo_config/cfg.py:2609
2026-02-16 01:34:36.196 64730 DEBUG oslo_service.service [-] oslo_messaging_rabbit.rpc_conn_pool_size = 30 log_opt_values /usr/lib/python3/dist-packages/oslo_config/cfg.py:2609
2026-02-16 01:34:36.196 64730 DEBUG oslo_service.service [-] oslo_messaging_rabbit.ssl = False log_opt_values /usr/lib/python3/dist-packages/oslo_config/cfg.py:2609
2026-02-16 01:34:36.196 64730 DEBUG oslo_service.service [-] oslo_messaging_rabbit.ssl_ca_file = log_opt_values /usr/lib/python3/dist-packages/oslo_config/cfg.py:2609
2026-02-16 01:34:36.197 64730 DEBUG oslo_service.service [-] oslo_messaging_rabbit.ssl_cert_file = log_opt_values /usr/lib/python3/dist-packages/oslo_config/cfg.py:2609
2026-02-16 01:34:36.197 64730 DEBUG oslo_service.service [-] oslo_messaging_rabbit.ssl_key_file = log_opt_values /usr/lib/python3/dist-packages/oslo_config/cfg.py:2609
2026-02-16 01:34:36.197 64730 DEBUG oslo_service.service [-] oslo_messaging_rabbit.ssl_version = log_opt_values /usr/lib/python3/dist-packages/oslo_config/cfg.py:2609
2026-02-16 01:34:36.197 64730 DEBUG oslo_service.service [-] oslo_messaging_notifications.driver = [] log_opt_values /usr/lib/python3/dist-packages/oslo_config/cfg.py:2609
2026-02-16 01:34:36.197 64730 DEBUG oslo_service.service [-] oslo_messaging_notifications.retry = -1 log_opt_values /usr/lib/python3/dist-packages/oslo_config/cfg.py:2609
2026-02-16 01:34:36.197 64730 DEBUG oslo_service.service [-] oslo_messaging_notifications.topics = ['notifications'] log_opt_values /usr/lib/python3/dist-packages/oslo_config/cfg.py:2609
2026-02-16 01:34:36.197 64730 DEBUG oslo_service.service [-] oslo_messaging_notifications.transport_url = **** log_opt_values /usr/lib/python3/dist-packages/oslo_config/cfg.py:2609
2026-02-16 01:34:36.197 64730 DEBUG oslo_service.service [-] cache.backend = dogpile.cache.null log_opt_values /usr/lib/python3/dist-packages/oslo_config/cfg.py:2609
2026-02-16 01:34:36.198 64730 DEBUG oslo_service.service [-] cache.backend_argument = **** log_opt_values /usr/lib/python3/dist-packages/oslo_config/cfg.py:2609
2026-02-16 01:34:36.198 64730 DEBUG oslo_service.service [-] cache.config_prefix = cache.oslo log_opt_values /usr/lib/python3/dist-packages/oslo_config/cfg.py:2609
2026-02-16 01:34:36.198 64730 DEBUG oslo_service.service [-] cache.debug_cache_backend = False log_opt_values /usr/lib/python3/dist-packages/oslo_config/cfg.py:2609
2026-02-16 01:34:36.198 64730 DEBUG oslo_service.service [-] cache.enabled = False log_opt_values /usr/lib/python3/dist-packages/oslo_config/cfg.py:2609
2026-02-16 01:34:36.198 64730 DEBUG oslo_service.service [-] cache.expiration_time = 600 log_opt_values /usr/lib/python3/dist-packages/oslo_config/cfg.py:2609
2026-02-16 01:34:36.198 64730 DEBUG oslo_service.service [-] cache.memcache_dead_retry = 300 log_opt_values /usr/lib/python3/dist-packages/oslo_config/cfg.py:2609
2026-02-16 01:34:36.198 64730 DEBUG oslo_service.service [-] cache.memcache_pool_connection_get_timeout = 10 log_opt_values /usr/lib/python3/dist-packages/oslo_config/cfg.py:2609
2026-02-16 01:34:36.198 64730 DEBUG oslo_service.service [-] cache.memcache_pool_flush_on_reconnect = False log_opt_values /usr/lib/python3/dist-packages/oslo_config/cfg.py:2609
2026-02-16 01:34:36.205 64730 DEBUG oslo_service.service [-] cache.memcache_pool_maxsize = 10 log_opt_values /usr/lib/python3/dist-packages/oslo_config/cfg.py:2609
2026-02-16 01:34:36.206 64730 DEBUG oslo_service.service [-] cache.memcache_pool_unused_timeout = 60 log_opt_values /usr/lib/python3/dist-packages/oslo_config/cfg.py:2609
2026-02-16 01:34:36.206 64730 DEBUG oslo_service.service [-] cache.memcache_servers = ['localhost:11211'] log_opt_values /usr/lib/python3/dist-packages/oslo_config/cfg.py:2609
2026-02-16 01:34:36.206 64730 DEBUG oslo_service.service [-] cache.memcache_socket_timeout = 1.0 log_opt_values /usr/lib/python3/dist-packages/oslo_config/cfg.py:2609
2026-02-16 01:34:36.206 64730 DEBUG oslo_service.service [-] cache.proxies = [] log_opt_values /usr/lib/python3/dist-packages/oslo_config/cfg.py:2609
2026-02-16 01:34:36.206 64730 DEBUG oslo_service.service [-] cache.tls_allowed_ciphers = None log_opt_values /usr/lib/python3/dist-packages/oslo_config/cfg.py:2609
2026-02-16 01:34:36.206 64730 DEBUG oslo_service.service [-] cache.tls_cafile = None log_opt_values /usr/lib/python3/dist-packages/oslo_config/cfg.py:2609
2026-02-16 01:34:36.206 64730 DEBUG oslo_service.service [-] cache.tls_certfile = None log_opt_values /usr/lib/python3/dist-packages/oslo_config/cfg.py:2609
2026-02-16 01:34:36.206 64730 DEBUG oslo_service.service [-] cache.tls_enabled = False log_opt_values /usr/lib/python3/dist-packages/oslo_config/cfg.py:2609
2026-02-16 01:34:36.207 64730 DEBUG oslo_service.service [-] cache.tls_keyfile = None log_opt_values /usr/lib/python3/dist-packages/oslo_config/cfg.py:2609
2026-02-16 01:34:36.207 64730 DEBUG oslo_service.service [-] constraint_validation_cache.caching = True log_opt_values /usr/lib/python3/dist-packages/oslo_config/cfg.py:2609
2026-02-16 01:34:36.207 64730 DEBUG oslo_service.service [-] constraint_validation_cache.expiration_time = 60 log_opt_values /usr/lib/python3/dist-packages/oslo_config/cfg.py:2609
2026-02-16 01:34:36.207 64730 DEBUG oslo_service.service [-] service_extension_cache.caching = True log_opt_values /usr/lib/python3/dist-packages/oslo_config/cfg.py:2609
2026-02-16 01:34:36.207 64730 DEBUG oslo_service.service [-] service_extension_cache.expiration_time = 3600 log_opt_values /usr/lib/python3/dist-packages/oslo_config/cfg.py:2609
2026-02-16 01:34:36.207 64730 DEBUG oslo_service.service [-] resource_finder_cache.caching = True log_opt_values /usr/lib/python3/dist-packages/oslo_config/cfg.py:2609
2026-02-16 01:34:36.207 64730 DEBUG oslo_service.service [-] resource_finder_cache.expiration_time = 3600 log_opt_values /usr/lib/python3/dist-packages/oslo_config/cfg.py:2609
2026-02-16 01:34:36.207 64730 DEBUG oslo_service.service [-] yaql.limit_iterators = 200 log_opt_values /usr/lib/python3/dist-packages/oslo_config/cfg.py:2609
2026-02-16 01:34:36.207 64730 DEBUG oslo_service.service [-] yaql.memory_quota = 10000 log_opt_values /usr/lib/python3/dist-packages/oslo_config/cfg.py:2609
2026-02-16 01:34:36.208 64730 DEBUG oslo_service.service [-] ******************************************************************************** log_opt_values /usr/lib/python3/dist-packages/oslo_config/cfg.py:2613
2026-02-16 01:34:36.229 64969 DEBUG oslo_db.sqlalchemy.engines [req-cfc444e3-6daf-4289-a9c5-ac553651ddc5 - - - - -] MySQL server mode set to STRICT_TRANS_TABLES,STRICT_ALL_TABLES,NO_ZERO_IN_DATE,NO_ZERO_DATE,ERROR_FOR_DIVISION_BY_ZERO,TRADITIONAL,NO_ENGINE_SUBSTITUTION _check_effective_sql_mode /usr/lib/python3/dist-packages/oslo_db/sqlalchemy/engines.py:314
2026-02-16 01:34:36.236 64970 DEBUG oslo_db.sqlalchemy.engines [req-61797d12-3c2a-41a6-8893-5661b3582b53 - - - - -] MySQL server mode set to STRICT_TRANS_TABLES,STRICT_ALL_TABLES,NO_ZERO_IN_DATE,NO_ZERO_DATE,ERROR_FOR_DIVISION_BY_ZERO,TRADITIONAL,NO_ENGINE_SUBSTITUTION _check_effective_sql_mode /usr/lib/python3/dist-packages/oslo_db/sqlalchemy/engines.py:314
2026-02-16 01:34:36.255 64971 DEBUG oslo_db.sqlalchemy.engines [req-670a0821-575d-4532-a709-2de5177339d7 - - - - -] MySQL server mode set to STRICT_TRANS_TABLES,STRICT_ALL_TABLES,NO_ZERO_IN_DATE,NO_ZERO_DATE,ERROR_FOR_DIVISION_BY_ZERO,TRADITIONAL,NO_ENGINE_SUBSTITUTION _check_effective_sql_mode /usr/lib/python3/dist-packages/oslo_db/sqlalchemy/engines.py:314
2026-02-16 01:34:36.258 64972 DEBUG oslo_db.sqlalchemy.engines [req-712bfb30-f7da-446f-8007-71042a45a98d - - - - -] MySQL server mode set to STRICT_TRANS_TABLES,STRICT_ALL_TABLES,NO_ZERO_IN_DATE,NO_ZERO_DATE,ERROR_FOR_DIVISION_BY_ZERO,TRADITIONAL,NO_ENGINE_SUBSTITUTION _check_effective_sql_mode /usr/lib/python3/dist-packages/oslo_db/sqlalchemy/engines.py:314
2026-02-16 01:34:36.326 64970 DEBUG heat.engine.service [req-67e8bf97-4ddb-4a0f-981f-f9465b4c0033 - - - - -] Service e04ee24b-4bcc-4e77-b1f8-ef8b55d490d1 is started service_manage_report /usr/lib/python3/dist-packages/heat/engine/service.py:2363
2026-02-16 01:34:36.352 64970 DEBUG heat.engine.service [req-67e8bf97-4ddb-4a0f-981f-f9465b4c0033 - - - - -] Service e04ee24b-4bcc-4e77-b1f8-ef8b55d490d1 is updated service_manage_report /usr/lib/python3/dist-packages/heat/engine/service.py:2370
2026-02-16 01:34:36.353 64971 DEBUG heat.engine.service [req-307b201f-97c4-48b6-88c1-c71b3ce7848d - - - - -] Service 4dc3c3fc-6852-451c-a23b-17bd29c4fcbb is started service_manage_report /usr/lib/python3/dist-packages/heat/engine/service.py:2363
2026-02-16 01:34:36.355 64972 DEBUG heat.engine.service [req-5ad958a7-0689-4fb9-965c-e3e0486a2d60 - - - - -] Service 24723404-6dae-4a70-a96e-495d30b91a1d is started service_manage_report /usr/lib/python3/dist-packages/heat/engine/service.py:2363
2026-02-16 01:34:36.399 64971 DEBUG heat.engine.service [req-307b201f-97c4-48b6-88c1-c71b3ce7848d - - - - -] Service 4dc3c3fc-6852-451c-a23b-17bd29c4fcbb is updated service_manage_report /usr/lib/python3/dist-packages/heat/engine/service.py:2370
2026-02-16 01:34:36.463 64972 DEBUG heat.engine.service [req-5ad958a7-0689-4fb9-965c-e3e0486a2d60 - - - - -] Service 24723404-6dae-4a70-a96e-495d30b91a1d is updated service_manage_report /usr/lib/python3/dist-packages/heat/engine/service.py:2370
2026-02-16 01:34:36.475 64969 DEBUG heat.engine.service [req-9ddf847e-80fc-475f-8eaa-291ddb95ca8b - - - - -] Service 036b191c-66a7-41a0-bd36-2875138f0d78 is started service_manage_report /usr/lib/python3/dist-packages/heat/engine/service.py:2363
2026-02-16 01:34:36.576 64969 DEBUG heat.engine.service [req-9ddf847e-80fc-475f-8eaa-291ddb95ca8b - - - - -] Service 036b191c-66a7-41a0-bd36-2875138f0d78 is updated service_manage_report /usr/lib/python3/dist-packages/heat/engine/service.py:2370
2026-02-16 01:35:36.318 64970 DEBUG heat.engine.service [req-5aec6597-a7d0-4766-a8a8-ef7db6878c8c - - - - -] Service e04ee24b-4bcc-4e77-b1f8-ef8b55d490d1 is updated service_manage_report /usr/lib/python3/dist-packages/heat/engine/service.py:2370
2026-02-16 01:35:36.347 64971 DEBUG heat.engine.service [req-a13ea544-0500-4606-9988-477bebf690f5 - - - - -] Service 4dc3c3fc-6852-451c-a23b-17bd29c4fcbb is updated service_manage_report /usr/lib/python3/dist-packages/heat/engine/service.py:2370
2026-02-16 01:35:36.352 64972 DEBUG heat.engine.service [req-1e9e3076-2017-40d1-ae85-7d358b586e92 - - - - -] Service 24723404-6dae-4a70-a96e-495d30b91a1d is updated service_manage_report /usr/lib/python3/dist-packages/heat/engine/service.py:2370
2026-02-16 01:35:36.415 64969 DEBUG heat.engine.service [req-4593827a-032f-442e-9afe-c725a2f29966 - - - - -] Service 036b191c-66a7-41a0-bd36-2875138f0d78 is updated service_manage_report /usr/lib/python3/dist-packages/heat/engine/service.py:2370
2026-02-16 01:36:36.300 64970 DEBUG heat.engine.service [req-c094f674-e31e-4a4e-acd2-468572532939 - - - - -] Service e04ee24b-4bcc-4e77-b1f8-ef8b55d490d1 is updated service_manage_report /usr/lib/python3/dist-packages/heat/engine/service.py:2370
2026-02-16 01:36:36.340 64971 DEBUG heat.engine.service [req-7ff6e921-2d48-4fe1-8652-bb61fd5f4d1a - - - - -] Service 4dc3c3fc-6852-451c-a23b-17bd29c4fcbb is updated service_manage_report /usr/lib/python3/dist-packages/heat/engine/service.py:2370
2026-02-16 01:36:36.347 64972 DEBUG heat.engine.service [req-e9029eb6-8d44-4b46-852a-bdf59463c091 - - - - -] Service 24723404-6dae-4a70-a96e-495d30b91a1d is updated service_manage_report /usr/lib/python3/dist-packages/heat/engine/service.py:2370
2026-02-16 01:36:36.409 64969 DEBUG heat.engine.service [req-7c6546aa-037e-41a8-a689-361e503e27fa - - - - -] Service 036b191c-66a7-41a0-bd36-2875138f0d78 is updated service_manage_report /usr/lib/python3/dist-packages/heat/engine/service.py:2370
2026-02-16 01:37:36.307 64970 DEBUG heat.engine.service [req-8482492b-4afb-4bec-adf2-8cd2f2051fe6 - - - - -] Service e04ee24b-4bcc-4e77-b1f8-ef8b55d490d1 is updated service_manage_report /usr/lib/python3/dist-packages/heat/engine/service.py:2370
2026-02-16 01:37:36.346 64971 DEBUG heat.engine.service [req-2064aa80-2180-47a0-8fd7-0b88fa4d7330 - - - - -] Service 4dc3c3fc-6852-451c-a23b-17bd29c4fcbb is updated service_manage_report /usr/lib/python3/dist-packages/heat/engine/service.py:2370
2026-02-16 01:37:36.353 64972 DEBUG heat.engine.service [req-20e4a869-694f-4e91-bae2-1305ba8bc7cf - - - - -] Service 24723404-6dae-4a70-a96e-495d30b91a1d is updated service_manage_report /usr/lib/python3/dist-packages/heat/engine/service.py:2370
2026-02-16 01:37:36.416 64969 DEBUG heat.engine.service [req-6334911e-e098-4539-9e40-5a602b0f8e68 - - - - -] Service 036b191c-66a7-41a0-bd36-2875138f0d78 is updated service_manage_report /usr/lib/python3/dist-packages/heat/engine/service.py:2370
2026-02-16 01:38:36.311 64970 DEBUG heat.engine.service [req-ecfd8e68-91fb-4c7c-a53a-fc4b688dac48 - - - - -] Service e04ee24b-4bcc-4e77-b1f8-ef8b55d490d1 is updated service_manage_report /usr/lib/python3/dist-packages/heat/engine/service.py:2370
2026-02-16 01:38:36.353 64971 DEBUG heat.engine.service [req-7b64ecae-babe-43b3-8ccd-ece53a190265 - - - - -] Service 4dc3c3fc-6852-451c-a23b-17bd29c4fcbb is updated service_manage_report /usr/lib/python3/dist-packages/heat/engine/service.py:2370
2026-02-16 01:38:36.359 64972 DEBUG heat.engine.service [req-b5f0d2ee-7925-47ac-a6c2-b4ef76456228 - - - - -] Service 24723404-6dae-4a70-a96e-495d30b91a1d is updated service_manage_report /usr/lib/python3/dist-packages/heat/engine/service.py:2370
2026-02-16 01:38:36.412 64969 DEBUG heat.engine.service [req-5ed14d26-defc-434e-8623-4c50323a7ae9 - - - - -] Service 036b191c-66a7-41a0-bd36-2875138f0d78 is updated service_manage_report /usr/lib/python3/dist-packages/heat/engine/service.py:2370
2026-02-16 01:39:36.302 64970 DEBUG heat.engine.service [req-668cadb0-5901-45ee-bd45-f5435d42ea65 - - - - -] Service e04ee24b-4bcc-4e77-b1f8-ef8b55d490d1 is updated service_manage_report /usr/lib/python3/dist-packages/heat/engine/service.py:2370
2026-02-16 01:39:36.341 64972 DEBUG heat.engine.service [req-5cd74b41-5c3c-420c-b942-06fe01c9e646 - - - - -] Service 24723404-6dae-4a70-a96e-495d30b91a1d is updated service_manage_report /usr/lib/python3/dist-packages/heat/engine/service.py:2370
2026-02-16 01:39:36.345 64971 DEBUG heat.engine.service [req-ffd3dc58-93c7-45b5-9344-5012c26b0a1e - - - - -] Service 4dc3c3fc-6852-451c-a23b-17bd29c4fcbb is updated service_manage_report /usr/lib/python3/dist-packages/heat/engine/service.py:2370
2026-02-16 01:39:36.404 64969 DEBUG heat.engine.service [req-9d70e216-f1d8-4048-b30f-175349367088 - - - - -] Service 036b191c-66a7-41a0-bd36-2875138f0d78 is updated service_manage_report /usr/lib/python3/dist-packages/heat/engine/service.py:2370
2026-02-16 01:40:36.306 64970 DEBUG heat.engine.service [req-8b45f4fa-9027-41cb-80a0-dea54c839568 - - - - -] Service e04ee24b-4bcc-4e77-b1f8-ef8b55d490d1 is updated service_manage_report /usr/lib/python3/dist-packages/heat/engine/service.py:2370
2026-02-16 01:40:36.345 64972 DEBUG heat.engine.service [req-f8e81ebb-a59d-433f-a4d9-0d0e6b577ba7 - - - - -] Service 24723404-6dae-4a70-a96e-495d30b91a1d is updated service_manage_report /usr/lib/python3/dist-packages/heat/engine/service.py:2370
2026-02-16 01:40:36.349 64971 DEBUG heat.engine.service [req-d04514a9-2c65-4bb3-92fb-c5ef94036f86 - - - - -] Service 4dc3c3fc-6852-451c-a23b-17bd29c4fcbb is updated service_manage_report /usr/lib/python3/dist-packages/heat/engine/service.py:2370
2026-02-16 01:40:36.407 64969 DEBUG heat.engine.service [req-2288340c-d1a0-4e5a-a66b-092d11450db5 - - - - -] Service 036b191c-66a7-41a0-bd36-2875138f0d78 is updated service_manage_report /usr/lib/python3/dist-packages/heat/engine/service.py:2370
2026-02-16 01:41:36.310 64970 DEBUG heat.engine.service [req-30ff0d9e-7d22-45e8-860b-cf61c1f9bfb3 - - - - -] Service e04ee24b-4bcc-4e77-b1f8-ef8b55d490d1 is updated service_manage_report /usr/lib/python3/dist-packages/heat/engine/service.py:2370
2026-02-16 01:41:36.350 64972 DEBUG heat.engine.service [req-add97a9f-51a0-4a6b-9708-cb8522e82768 - - - - -] Service 24723404-6dae-4a70-a96e-495d30b91a1d is updated service_manage_report /usr/lib/python3/dist-packages/heat/engine/service.py:2370
2026-02-16 01:41:36.353 64971 DEBUG heat.engine.service [req-1e788b8b-f2f1-43c2-9002-931d7df21a9a - - - - -] Service 4dc3c3fc-6852-451c-a23b-17bd29c4fcbb is updated service_manage_report /usr/lib/python3/dist-packages/heat/engine/service.py:2370
2026-02-16 01:41:36.410 64969 DEBUG heat.engine.service [req-4a620ba5-4fa5-4b46-98d8-bb511c7b1250 - - - - -] Service 036b191c-66a7-41a0-bd36-2875138f0d78 is updated service_manage_report /usr/lib/python3/dist-packages/heat/engine/service.py:2370
2026-02-16 01:42:36.314 64970 DEBUG heat.engine.service [req-b97eef9e-63fd-4c96-833b-4a1b685b3f5b - - - - -] Service e04ee24b-4bcc-4e77-b1f8-ef8b55d490d1 is updated service_manage_report /usr/lib/python3/dist-packages/heat/engine/service.py:2370
2026-02-16 01:42:36.352 64972 DEBUG heat.engine.service [req-a75ba3ec-0b8e-49b1-98b5-a0e8f01854d2 - - - - -] Service 24723404-6dae-4a70-a96e-495d30b91a1d is updated service_manage_report /usr/lib/python3/dist-packages/heat/engine/service.py:2370
2026-02-16 01:42:36.357 64971 DEBUG heat.engine.service [req-bb208718-2608-4dfa-8e9b-5999721dca13 - - - - -] Service 4dc3c3fc-6852-451c-a23b-17bd29c4fcbb is updated service_manage_report /usr/lib/python3/dist-packages/heat/engine/service.py:2370
2026-02-16 01:42:36.412 64969 DEBUG heat.engine.service [req-74ffcc31-0661-489b-8986-98f253d1b6c1 - - - - -] Service 036b191c-66a7-41a0-bd36-2875138f0d78 is updated service_manage_report /usr/lib/python3/dist-packages/heat/engine/service.py:2370
2026-02-16 01:43:36.320 64970 DEBUG heat.engine.service [req-ee90572c-a7b1-4277-8721-90b374f1f6bb - - - - -] Service e04ee24b-4bcc-4e77-b1f8-ef8b55d490d1 is updated service_manage_report /usr/lib/python3/dist-packages/heat/engine/service.py:2370
2026-02-16 01:43:36.426 64972 DEBUG heat.engine.service [req-0316e2a8-7756-4628-bfc8-84c0f343ddbf - - - - -] Service 24723404-6dae-4a70-a96e-495d30b91a1d is updated service_manage_report /usr/lib/python3/dist-packages/heat/engine/service.py:2370
2026-02-16 01:43:36.434 64971 DEBUG heat.engine.service [req-a2baa379-96c8-4d51-ad1a-5a5e54357186 - - - - -] Service 4dc3c3fc-6852-451c-a23b-17bd29c4fcbb is updated service_manage_report /usr/lib/python3/dist-packages/heat/engine/service.py:2370
2026-02-16 01:43:36.453 64969 DEBUG heat.engine.service [req-a6b9cb67-fcbb-43ad-bea4-b0238fcca09f - - - - -] Service 036b191c-66a7-41a0-bd36-2875138f0d78 is updated service_manage_report /usr/lib/python3/dist-packages/heat/engine/service.py:2370
2026-02-16 01:44:36.327 64970 DEBUG heat.engine.service [req-bb5857df-4a54-4f3f-946d-58547f2603e6 - - - - -] Service e04ee24b-4bcc-4e77-b1f8-ef8b55d490d1 is updated service_manage_report /usr/lib/python3/dist-packages/heat/engine/service.py:2370
2026-02-16 01:44:36.359 64971 DEBUG heat.engine.service [req-19ed0aa7-3b59-4ae3-a868-a27537899756 - - - - -] Service 4dc3c3fc-6852-451c-a23b-17bd29c4fcbb is updated service_manage_report /usr/lib/python3/dist-packages/heat/engine/service.py:2370
2026-02-16 01:44:36.366 64972 DEBUG heat.engine.service [req-768c3438-12f5-4b95-9504-d92a43f9be5d - - - - -] Service 24723404-6dae-4a70-a96e-495d30b91a1d is updated service_manage_report /usr/lib/python3/dist-packages/heat/engine/service.py:2370
2026-02-16 01:44:36.418 64969 DEBUG heat.engine.service [req-1cd38093-ea72-4c04-9800-6786e91d3cc3 - - - - -] Service 036b191c-66a7-41a0-bd36-2875138f0d78 is updated service_manage_report /usr/lib/python3/dist-packages/heat/engine/service.py:2370
2026-02-16 01:45:36.322 64970 DEBUG heat.engine.service [req-d681274d-dfee-47d3-9351-d27bfffb30cd - - - - -] Service e04ee24b-4bcc-4e77-b1f8-ef8b55d490d1 is updated service_manage_report /usr/lib/python3/dist-packages/heat/engine/service.py:2370
2026-02-16 01:45:36.358 64972 DEBUG heat.engine.service [req-9d48ffea-6596-4d7c-a4d3-fb75a1bd07d4 - - - - -] Service 24723404-6dae-4a70-a96e-495d30b91a1d is updated service_manage_report /usr/lib/python3/dist-packages/heat/engine/service.py:2370
2026-02-16 01:45:36.362 64971 DEBUG heat.engine.service [req-0194abdf-1a77-4061-9b3e-2a2f8de8696d - - - - -] Service 4dc3c3fc-6852-451c-a23b-17bd29c4fcbb is updated service_manage_report /usr/lib/python3/dist-packages/heat/engine/service.py:2370
2026-02-16 01:45:36.420 64969 DEBUG heat.engine.service [req-a8f03fbb-65f2-40cb-8bce-ba1eccd9b6b2 - - - - -] Service 036b191c-66a7-41a0-bd36-2875138f0d78 is updated service_manage_report /usr/lib/python3/dist-packages/heat/engine/service.py:2370
2026-02-16 01:46:36.323 64970 DEBUG heat.engine.service [req-a58dcf0d-ddc5-40e4-8109-ef22a07b8a1e - - - - -] Service e04ee24b-4bcc-4e77-b1f8-ef8b55d490d1 is updated service_manage_report /usr/lib/python3/dist-packages/heat/engine/service.py:2370
2026-02-16 01:46:36.363 64972 DEBUG heat.engine.service [req-c02316e2-a0a0-447b-8388-4a76d9317726 - - - - -] Service 24723404-6dae-4a70-a96e-495d30b91a1d is updated service_manage_report /usr/lib/python3/dist-packages/heat/engine/service.py:2370
2026-02-16 01:46:36.366 64971 DEBUG heat.engine.service [req-b40e3fc6-bdad-4767-915a-011552168042 - - - - -] Service 4dc3c3fc-6852-451c-a23b-17bd29c4fcbb is updated service_manage_report /usr/lib/python3/dist-packages/heat/engine/service.py:2370
2026-02-16 01:46:36.423 64969 DEBUG heat.engine.service [req-9ab5930f-22f9-42d6-9341-c9166c9105db - - - - -] Service 036b191c-66a7-41a0-bd36-2875138f0d78 is updated service_manage_report /usr/lib/python3/dist-packages/heat/engine/service.py:2370
2026-02-16 01:47:36.327 64970 DEBUG heat.engine.service [req-f9f1ace7-1b07-44df-b0e9-af59b76b0280 - - - - -] Service e04ee24b-4bcc-4e77-b1f8-ef8b55d490d1 is updated service_manage_report /usr/lib/python3/dist-packages/heat/engine/service.py:2370
2026-02-16 01:47:36.366 64972 DEBUG heat.engine.service [req-bbd7ffd3-def2-4abc-8a8b-6d4e64f9e4fe - - - - -] Service 24723404-6dae-4a70-a96e-495d30b91a1d is updated service_manage_report /usr/lib/python3/dist-packages/heat/engine/service.py:2370
2026-02-16 01:47:36.369 64971 DEBUG heat.engine.service [req-b484059b-9253-4105-9c68-48eb4f694cb7 - - - - -] Service 4dc3c3fc-6852-451c-a23b-17bd29c4fcbb is updated service_manage_report /usr/lib/python3/dist-packages/heat/engine/service.py:2370
2026-02-16 01:47:36.426 64969 DEBUG heat.engine.service [req-4b8d632d-9ab5-45a5-ae57-fd9dfb8592bf - - - - -] Service 036b191c-66a7-41a0-bd36-2875138f0d78 is updated service_manage_report /usr/lib/python3/dist-packages/heat/engine/service.py:2370
2026-02-16 01:48:36.329 64970 DEBUG heat.engine.service [req-c1ea7708-e413-4302-bd99-2fd6c963fb85 - - - - -] Service e04ee24b-4bcc-4e77-b1f8-ef8b55d490d1 is updated service_manage_report /usr/lib/python3/dist-packages/heat/engine/service.py:2370
2026-02-16 01:48:36.369 64972 DEBUG heat.engine.service [req-0dd7f68e-7f11-4efa-a28a-8e134e96af03 - - - - -] Service 24723404-6dae-4a70-a96e-495d30b91a1d is updated service_manage_report /usr/lib/python3/dist-packages/heat/engine/service.py:2370
2026-02-16 01:48:36.373 64971 DEBUG heat.engine.service [req-819429b5-7a66-4275-b2cd-0bd47d7b09c6 - - - - -] Service 4dc3c3fc-6852-451c-a23b-17bd29c4fcbb is updated service_manage_report /usr/lib/python3/dist-packages/heat/engine/service.py:2370
2026-02-16 01:48:36.429 64969 DEBUG heat.engine.service [req-e13c4feb-b43f-41fd-9f13-e196dfc7d496 - - - - -] Service 036b191c-66a7-41a0-bd36-2875138f0d78 is updated service_manage_report /usr/lib/python3/dist-packages/heat/engine/service.py:2370
2026-02-16 01:49:36.333 64970 DEBUG heat.engine.service [req-0ae5a180-3d47-4510-b4ff-34631de38d80 - - - - -] Service e04ee24b-4bcc-4e77-b1f8-ef8b55d490d1 is updated service_manage_report /usr/lib/python3/dist-packages/heat/engine/service.py:2370
2026-02-16 01:49:36.372 64972 DEBUG heat.engine.service [req-c198b3e7-bc5e-4174-992d-ac2f8c0b7bf0 - - - - -] Service 24723404-6dae-4a70-a96e-495d30b91a1d is updated service_manage_report /usr/lib/python3/dist-packages/heat/engine/service.py:2370
2026-02-16 01:49:36.375 64971 DEBUG heat.engine.service [req-89969f97-3100-4d9c-bdee-ab980844d03f - - - - -] Service 4dc3c3fc-6852-451c-a23b-17bd29c4fcbb is updated service_manage_report /usr/lib/python3/dist-packages/heat/engine/service.py:2370
2026-02-16 01:49:36.430 64969 DEBUG heat.engine.service [req-3cb85978-93b0-456f-8633-4bb98ee97456 - - - - -] Service 036b191c-66a7-41a0-bd36-2875138f0d78 is updated service_manage_report /usr/lib/python3/dist-packages/heat/engine/service.py:2370
2026-02-16 01:50:36.335 64970 DEBUG heat.engine.service [req-201f049d-2c73-4cbc-a009-6a70fbd792a9 - - - - -] Service e04ee24b-4bcc-4e77-b1f8-ef8b55d490d1 is updated service_manage_report /usr/lib/python3/dist-packages/heat/engine/service.py:2370
2026-02-16 01:50:36.376 64972 DEBUG heat.engine.service [req-7752b430-ea86-4808-87c6-20a91a36980f - - - - -] Service 24723404-6dae-4a70-a96e-495d30b91a1d is updated service_manage_report /usr/lib/python3/dist-packages/heat/engine/service.py:2370
2026-02-16 01:50:36.379 64971 DEBUG heat.engine.service [req-b2b3c861-9540-4c3d-9046-354388fe7c2d - - - - -] Service 4dc3c3fc-6852-451c-a23b-17bd29c4fcbb is updated service_manage_report /usr/lib/python3/dist-packages/heat/engine/service.py:2370
2026-02-16 01:50:36.436 64969 DEBUG heat.engine.service [req-10e4ef39-966c-4b23-9dad-d87965a7d9a3 - - - - -] Service 036b191c-66a7-41a0-bd36-2875138f0d78 is updated service_manage_report /usr/lib/python3/dist-packages/heat/engine/service.py:2370
2026-02-16 01:51:36.336 64970 DEBUG heat.engine.service [req-cd87a63e-5934-47e8-b24f-ba5ea135dad9 - - - - -] Service e04ee24b-4bcc-4e77-b1f8-ef8b55d490d1 is updated service_manage_report /usr/lib/python3/dist-packages/heat/engine/service.py:2370
2026-02-16 01:51:36.382 64972 DEBUG heat.engine.service [req-2aa517f4-a658-4fd9-b7a7-22b8684bd231 - - - - -] Service 24723404-6dae-4a70-a96e-495d30b91a1d is updated service_manage_report /usr/lib/python3/dist-packages/heat/engine/service.py:2370
2026-02-16 01:51:36.383 64971 DEBUG heat.engine.service [req-ac782f61-34b2-4656-a93e-8a094a766f45 - - - - -] Service 4dc3c3fc-6852-451c-a23b-17bd29c4fcbb is updated service_manage_report /usr/lib/python3/dist-packages/heat/engine/service.py:2370
2026-02-16 01:51:36.439 64969 DEBUG heat.engine.service [req-9535eac6-32ca-4c22-b145-35782963962b - - - - -] Service 036b191c-66a7-41a0-bd36-2875138f0d78 is updated service_manage_report /usr/lib/python3/dist-packages/heat/engine/service.py:2370
2026-02-16 01:52:36.342 64970 DEBUG heat.engine.service [req-0cdf32c8-1349-4b12-8745-d660dcf499e7 - - - - -] Service e04ee24b-4bcc-4e77-b1f8-ef8b55d490d1 is updated service_manage_report /usr/lib/python3/dist-packages/heat/engine/service.py:2370
2026-02-16 01:52:36.387 64972 DEBUG heat.engine.service [req-ffe8fc99-aeb3-46ef-bb4d-576b0b613bea - - - - -] Service 24723404-6dae-4a70-a96e-495d30b91a1d is updated service_manage_report /usr/lib/python3/dist-packages/heat/engine/service.py:2370
2026-02-16 01:52:36.388 64971 DEBUG heat.engine.service [req-94b4e43e-68cd-4d0d-9906-ccda50b3b6b2 - - - - -] Service 4dc3c3fc-6852-451c-a23b-17bd29c4fcbb is updated service_manage_report /usr/lib/python3/dist-packages/heat/engine/service.py:2370
2026-02-16 01:52:36.444 64969 DEBUG heat.engine.service [req-1720cf7b-1722-4cfd-8673-3671d85bec5c - - - - -] Service 036b191c-66a7-41a0-bd36-2875138f0d78 is updated service_manage_report /usr/lib/python3/dist-packages/heat/engine/service.py:2370
2026-02-16 01:53:36.345 64970 DEBUG heat.engine.service [req-56c2edd4-5281-481e-b983-4b40227be285 - - - - -] Service e04ee24b-4bcc-4e77-b1f8-ef8b55d490d1 is updated service_manage_report /usr/lib/python3/dist-packages/heat/engine/service.py:2370
2026-02-16 01:53:36.388 64972 DEBUG heat.engine.service [req-5f78a73c-7f6d-47cb-a23a-8d5776fa6708 - - - - -] Service 24723404-6dae-4a70-a96e-495d30b91a1d is updated service_manage_report /usr/lib/python3/dist-packages/heat/engine/service.py:2370
2026-02-16 01:53:36.390 64971 DEBUG heat.engine.service [req-549c7fce-77b1-484b-bffd-d93a104a177f - - - - -] Service 4dc3c3fc-6852-451c-a23b-17bd29c4fcbb is updated service_manage_report /usr/lib/python3/dist-packages/heat/engine/service.py:2370
2026-02-16 01:53:36.446 64969 DEBUG heat.engine.service [req-1924a443-bbd6-441a-b93f-19049517573c - - - - -] Service 036b191c-66a7-41a0-bd36-2875138f0d78 is updated service_manage_report /usr/lib/python3/dist-packages/heat/engine/service.py:2370
2026-02-16 01:54:36.347 64970 DEBUG heat.engine.service [req-3efcaecf-8252-43c0-bc2f-433bec47679b - - - - -] Service e04ee24b-4bcc-4e77-b1f8-ef8b55d490d1 is updated service_manage_report /usr/lib/python3/dist-packages/heat/engine/service.py:2370
2026-02-16 01:54:36.394 64972 DEBUG heat.engine.service [req-2cd427f5-f4ea-4a00-8fdc-c6dab36153d1 - - - - -] Service 24723404-6dae-4a70-a96e-495d30b91a1d is updated service_manage_report /usr/lib/python3/dist-packages/heat/engine/service.py:2370
2026-02-16 01:54:36.397 64971 DEBUG heat.engine.service [req-6f49bf05-b9b1-4111-a43d-a57054aa171d - - - - -] Service 4dc3c3fc-6852-451c-a23b-17bd29c4fcbb is updated service_manage_report /usr/lib/python3/dist-packages/heat/engine/service.py:2370
2026-02-16 01:54:36.449 64969 DEBUG heat.engine.service [req-133d35a4-69ce-4c2d-91b5-1b3f2f6afc15 - - - - -] Service 036b191c-66a7-41a0-bd36-2875138f0d78 is updated service_manage_report /usr/lib/python3/dist-packages/heat/engine/service.py:2370
2026-02-16 01:55:36.351 64970 DEBUG heat.engine.service [req-106371dc-7756-4b3f-a782-3c524b16136a - - - - -] Service e04ee24b-4bcc-4e77-b1f8-ef8b55d490d1 is updated service_manage_report /usr/lib/python3/dist-packages/heat/engine/service.py:2370
2026-02-16 01:55:36.389 64971 DEBUG heat.engine.service [req-c209985c-6c2f-41cb-88a9-cfb819e3ef18 - - - - -] Service 4dc3c3fc-6852-451c-a23b-17bd29c4fcbb is updated service_manage_report /usr/lib/python3/dist-packages/heat/engine/service.py:2370
2026-02-16 01:55:36.396 64972 DEBUG heat.engine.service [req-029c3f0a-db51-4564-94cb-aaf9246496b1 - - - - -] Service 24723404-6dae-4a70-a96e-495d30b91a1d is updated service_manage_report /usr/lib/python3/dist-packages/heat/engine/service.py:2370
2026-02-16 01:55:36.452 64969 DEBUG heat.engine.service [req-745f5c09-6bb7-43be-b734-71e4337147c3 - - - - -] Service 036b191c-66a7-41a0-bd36-2875138f0d78 is updated service_manage_report /usr/lib/python3/dist-packages/heat/engine/service.py:2370
2026-02-16 01:56:36.354 64970 DEBUG heat.engine.service [req-3923787d-a7c9-4a49-80f1-a10461ceb527 - - - - -] Service e04ee24b-4bcc-4e77-b1f8-ef8b55d490d1 is updated service_manage_report /usr/lib/python3/dist-packages/heat/engine/service.py:2370
2026-02-16 01:56:36.391 64971 DEBUG heat.engine.service [req-7ff16e7b-c312-46d4-a427-40210e434e0e - - - - -] Service 4dc3c3fc-6852-451c-a23b-17bd29c4fcbb is updated service_manage_report /usr/lib/python3/dist-packages/heat/engine/service.py:2370
2026-02-16 01:56:36.397 64972 DEBUG heat.engine.service [req-ae6fa784-07a4-4f38-b9fa-4105e826b62c - - - - -] Service 24723404-6dae-4a70-a96e-495d30b91a1d is updated service_manage_report /usr/lib/python3/dist-packages/heat/engine/service.py:2370
2026-02-16 01:56:36.455 64969 DEBUG heat.engine.service [req-e5ad1ab7-0abf-4134-bf01-3aeebebd07f5 - - - - -] Service 036b191c-66a7-41a0-bd36-2875138f0d78 is updated service_manage_report /usr/lib/python3/dist-packages/heat/engine/service.py:2370
2026-02-16 01:57:36.358 64970 DEBUG heat.engine.service [req-939d1bce-21bd-497f-a8e1-0c70bdd70cae - - - - -] Service e04ee24b-4bcc-4e77-b1f8-ef8b55d490d1 is updated service_manage_report /usr/lib/python3/dist-packages/heat/engine/service.py:2370
2026-02-16 01:57:36.394 64971 DEBUG heat.engine.service [req-c6f94276-421e-4007-86ed-7da4130f7eab - - - - -] Service 4dc3c3fc-6852-451c-a23b-17bd29c4fcbb is updated service_manage_report /usr/lib/python3/dist-packages/heat/engine/service.py:2370
2026-02-16 01:57:36.398 64972 DEBUG heat.engine.service [req-f61eb515-75aa-4d59-96b7-3dc31cbd4e2a - - - - -] Service 24723404-6dae-4a70-a96e-495d30b91a1d is updated service_manage_report /usr/lib/python3/dist-packages/heat/engine/service.py:2370
2026-02-16 01:57:36.458 64969 DEBUG heat.engine.service [req-aa25b18d-df0b-463e-b34a-347c55e22d97 - - - - -] Service 036b191c-66a7-41a0-bd36-2875138f0d78 is updated service_manage_report /usr/lib/python3/dist-packages/heat/engine/service.py:2370
2026-02-16 01:58:36.362 64970 DEBUG heat.engine.service [req-f696410b-ec91-4982-b504-b169f38f396c - - - - -] Service e04ee24b-4bcc-4e77-b1f8-ef8b55d490d1 is updated service_manage_report /usr/lib/python3/dist-packages/heat/engine/service.py:2370
2026-02-16 01:58:36.398 64971 DEBUG heat.engine.service [req-109681d6-e8c6-496c-8f99-4d261c45e85c - - - - -] Service 4dc3c3fc-6852-451c-a23b-17bd29c4fcbb is updated service_manage_report /usr/lib/python3/dist-packages/heat/engine/service.py:2370
2026-02-16 01:58:36.401 64972 DEBUG heat.engine.service [req-c1fb0b49-d35a-4e24-9f71-5ed411770dcd - - - - -] Service 24723404-6dae-4a70-a96e-495d30b91a1d is updated service_manage_report /usr/lib/python3/dist-packages/heat/engine/service.py:2370
2026-02-16 01:58:36.461 64969 DEBUG heat.engine.service [req-dda7c16c-6640-4d52-99f5-4614a74a4f52 - - - - -] Service 036b191c-66a7-41a0-bd36-2875138f0d78 is updated service_manage_report /usr/lib/python3/dist-packages/heat/engine/service.py:2370
2026-02-16 01:59:36.366 64970 DEBUG heat.engine.service [req-75a9fe93-6970-4c87-aaa7-cbdfa33d5ae2 - - - - -] Service e04ee24b-4bcc-4e77-b1f8-ef8b55d490d1 is updated service_manage_report /usr/lib/python3/dist-packages/heat/engine/service.py:2370
2026-02-16 01:59:36.402 64971 DEBUG heat.engine.service [req-506ce363-d186-4597-ba2e-920140d0349e - - - - -] Service 4dc3c3fc-6852-451c-a23b-17bd29c4fcbb is updated service_manage_report /usr/lib/python3/dist-packages/heat/engine/service.py:2370
2026-02-16 01:59:36.405 64972 DEBUG heat.engine.service [req-557b27df-9200-45a9-a350-b717ff161387 - - - - -] Service 24723404-6dae-4a70-a96e-495d30b91a1d is updated service_manage_report /usr/lib/python3/dist-packages/heat/engine/service.py:2370
2026-02-16 01:59:36.464 64969 DEBUG heat.engine.service [req-bbf953c4-2d89-4049-88bf-a8bceeb89c18 - - - - -] Service 036b191c-66a7-41a0-bd36-2875138f0d78 is updated service_manage_report /usr/lib/python3/dist-packages/heat/engine/service.py:2370
2026-02-16 02:00:36.368 64970 DEBUG heat.engine.service [req-7517350a-b8ae-4377-a664-ce245024fa89 - - - - -] Service e04ee24b-4bcc-4e77-b1f8-ef8b55d490d1 is updated service_manage_report /usr/lib/python3/dist-packages/heat/engine/service.py:2370
2026-02-16 02:00:36.406 64971 DEBUG heat.engine.service [req-f261562b-4565-4c49-9b41-e55129d92168 - - - - -] Service 4dc3c3fc-6852-451c-a23b-17bd29c4fcbb is updated service_manage_report /usr/lib/python3/dist-packages/heat/engine/service.py:2370
2026-02-16 02:00:36.409 64972 DEBUG heat.engine.service [req-0a167af5-ae3a-4b83-a410-ee3a5c595d5e - - - - -] Service 24723404-6dae-4a70-a96e-495d30b91a1d is updated service_manage_report /usr/lib/python3/dist-packages/heat/engine/service.py:2370
2026-02-16 02:00:36.466 64969 DEBUG heat.engine.service [req-9ea3f309-e3e9-4d8f-b14a-6cb2cea628d0 - - - - -] Service 036b191c-66a7-41a0-bd36-2875138f0d78 is updated service_manage_report /usr/lib/python3/dist-packages/heat/engine/service.py:2370
2026-02-16 02:01:36.378 64970 DEBUG heat.engine.service [req-2c9c3966-a1b2-4c85-b846-b52548fc33e1 - - - - -] Service e04ee24b-4bcc-4e77-b1f8-ef8b55d490d1 is updated service_manage_report /usr/lib/python3/dist-packages/heat/engine/service.py:2370
2026-02-16 02:01:36.409 64971 DEBUG heat.engine.service [req-ea32dc84-2a92-44a9-a4ab-c3f1cce293a2 - - - - -] Service 4dc3c3fc-6852-451c-a23b-17bd29c4fcbb is updated service_manage_report /usr/lib/python3/dist-packages/heat/engine/service.py:2370
2026-02-16 02:01:36.410 64972 DEBUG heat.engine.service [req-4026f4f8-745d-455c-beb5-063cab275920 - - - - -] Service 24723404-6dae-4a70-a96e-495d30b91a1d is updated service_manage_report /usr/lib/python3/dist-packages/heat/engine/service.py:2370
2026-02-16 02:01:36.469 64969 DEBUG heat.engine.service [req-58123c19-5cdb-4b1d-bccf-9291b7a89828 - - - - -] Service 036b191c-66a7-41a0-bd36-2875138f0d78 is updated service_manage_report /usr/lib/python3/dist-packages/heat/engine/service.py:2370
2026-02-16 02:02:36.373 64970 DEBUG heat.engine.service [req-20e6485b-7cf0-412d-8c93-db18a782a1e5 - - - - -] Service e04ee24b-4bcc-4e77-b1f8-ef8b55d490d1 is updated service_manage_report /usr/lib/python3/dist-packages/heat/engine/service.py:2370
