2026-02-12 00:37:42.137 138125 DEBUG oslo_service.service [req-c3ac17aa-4c52-4eff-83d5-d45d68e63904 - - - - -] workarounds.skip_cpu_compare_on_dest = False log_opt_values /usr/lib/python3/dist-packages/oslo_config/cfg.py:2609
2026-02-12 00:37:42.137 138125 DEBUG oslo_service.service [req-c3ac17aa-4c52-4eff-83d5-d45d68e63904 - - - - -] workarounds.skip_hypervisor_version_check_on_lm = False log_opt_values /usr/lib/python3/dist-packages/oslo_config/cfg.py:2609
2026-02-12 00:37:42.137 138125 DEBUG oslo_service.service [req-c3ac17aa-4c52-4eff-83d5-d45d68e63904 - - - - -] workarounds.unified_limits_count_pcpu_as_vcpu = False log_opt_values /usr/lib/python3/dist-packages/oslo_config/cfg.py:2609
2026-02-12 00:37:42.137 138125 DEBUG oslo_service.service [req-c3ac17aa-4c52-4eff-83d5-d45d68e63904 - - - - -] workarounds.wait_for_vif_plugged_event_during_hard_reboot = [] log_opt_values /usr/lib/python3/dist-packages/oslo_config/cfg.py:2609
2026-02-12 00:37:42.137 138125 DEBUG oslo_service.service [req-c3ac17aa-4c52-4eff-83d5-d45d68e63904 - - - - -] wsgi.api_paste_config = /etc/nova/api-paste.ini log_opt_values /usr/lib/python3/dist-packages/oslo_config/cfg.py:2609
2026-02-12 00:37:42.138 138125 DEBUG oslo_service.service [req-c3ac17aa-4c52-4eff-83d5-d45d68e63904 - - - - -] wsgi.client_socket_timeout = 900 log_opt_values /usr/lib/python3/dist-packages/oslo_config/cfg.py:2609
2026-02-12 00:37:42.138 138125 DEBUG oslo_service.service [req-c3ac17aa-4c52-4eff-83d5-d45d68e63904 - - - - -] wsgi.default_pool_size = 1000 log_opt_values /usr/lib/python3/dist-packages/oslo_config/cfg.py:2609
2026-02-12 00:37:42.138 138125 DEBUG oslo_service.service [req-c3ac17aa-4c52-4eff-83d5-d45d68e63904 - - - - -] wsgi.keep_alive = True log_opt_values /usr/lib/python3/dist-packages/oslo_config/cfg.py:2609
2026-02-12 00:37:42.138 138125 DEBUG oslo_service.service [req-c3ac17aa-4c52-4eff-83d5-d45d68e63904 - - - - -] wsgi.max_header_line = 16384 log_opt_values /usr/lib/python3/dist-packages/oslo_config/cfg.py:2609
2026-02-12 00:37:42.138 138125 DEBUG oslo_service.service [req-c3ac17aa-4c52-4eff-83d5-d45d68e63904 - - - - -] wsgi.secure_proxy_ssl_header = None log_opt_values /usr/lib/python3/dist-packages/oslo_config/cfg.py:2609
2026-02-12 00:37:42.138 138125 DEBUG oslo_service.service [req-c3ac17aa-4c52-4eff-83d5-d45d68e63904 - - - - -] wsgi.ssl_ca_file = None log_opt_values /usr/lib/python3/dist-packages/oslo_config/cfg.py:2609
2026-02-12 00:37:42.139 138125 DEBUG oslo_service.service [req-c3ac17aa-4c52-4eff-83d5-d45d68e63904 - - - - -] wsgi.ssl_cert_file = None log_opt_values /usr/lib/python3/dist-packages/oslo_config/cfg.py:2609
2026-02-12 00:37:42.139 138125 DEBUG oslo_service.service [req-c3ac17aa-4c52-4eff-83d5-d45d68e63904 - - - - -] wsgi.ssl_key_file = None log_opt_values /usr/lib/python3/dist-packages/oslo_config/cfg.py:2609
2026-02-12 00:37:42.139 138125 DEBUG oslo_service.service [req-c3ac17aa-4c52-4eff-83d5-d45d68e63904 - - - - -] wsgi.tcp_keepidle = 600 log_opt_values /usr/lib/python3/dist-packages/oslo_config/cfg.py:2609
2026-02-12 00:37:42.139 138125 DEBUG oslo_service.service [req-c3ac17aa-4c52-4eff-83d5-d45d68e63904 - - - - -] wsgi.wsgi_log_format = %(client_ip)s "%(request_line)s" status: %(status_code)s len: %(body_length)s time: %(wall_seconds).7f log_opt_values /usr/lib/python3/dist-packages/oslo_config/cfg.py:2609
2026-02-12 00:37:42.139 138125 DEBUG oslo_service.service [req-c3ac17aa-4c52-4eff-83d5-d45d68e63904 - - - - -] zvm.ca_file = None log_opt_values /usr/lib/python3/dist-packages/oslo_config/cfg.py:2609
2026-02-12 00:37:42.139 138125 DEBUG oslo_service.service [req-c3ac17aa-4c52-4eff-83d5-d45d68e63904 - - - - -] zvm.cloud_connector_url = None log_opt_values /usr/lib/python3/dist-packages/oslo_config/cfg.py:2609
2026-02-12 00:37:42.140 138125 DEBUG oslo_service.service [req-c3ac17aa-4c52-4eff-83d5-d45d68e63904 - - - - -] zvm.image_tmp_path = /var/lib/nova/images log_opt_values /usr/lib/python3/dist-packages/oslo_config/cfg.py:2609
2026-02-12 00:37:42.140 138125 DEBUG oslo_service.service [req-c3ac17aa-4c52-4eff-83d5-d45d68e63904 - - - - -] zvm.reachable_timeout = 300 log_opt_values /usr/lib/python3/dist-packages/oslo_config/cfg.py:2609
2026-02-12 00:37:42.140 138125 DEBUG oslo_service.service [req-c3ac17aa-4c52-4eff-83d5-d45d68e63904 - - - - -] oslo_messaging_metrics.metrics_buffer_size = 1000 log_opt_values /usr/lib/python3/dist-packages/oslo_config/cfg.py:2609
2026-02-12 00:37:42.140 138125 DEBUG oslo_service.service [req-c3ac17aa-4c52-4eff-83d5-d45d68e63904 - - - - -] oslo_messaging_metrics.metrics_enabled = False log_opt_values /usr/lib/python3/dist-packages/oslo_config/cfg.py:2609
2026-02-12 00:37:42.141 138125 DEBUG oslo_service.service [req-c3ac17aa-4c52-4eff-83d5-d45d68e63904 - - - - -] oslo_messaging_metrics.metrics_process_name = log_opt_values /usr/lib/python3/dist-packages/oslo_config/cfg.py:2609
2026-02-12 00:37:42.141 138125 DEBUG oslo_service.service [req-c3ac17aa-4c52-4eff-83d5-d45d68e63904 - - - - -] oslo_messaging_metrics.metrics_socket_file = /var/tmp/metrics_collector.sock log_opt_values /usr/lib/python3/dist-packages/oslo_config/cfg.py:2609
2026-02-12 00:37:42.141 138125 DEBUG oslo_service.service [req-c3ac17aa-4c52-4eff-83d5-d45d68e63904 - - - - -] oslo_messaging_metrics.metrics_thread_stop_timeout = 10 log_opt_values /usr/lib/python3/dist-packages/oslo_config/cfg.py:2609
2026-02-12 00:37:42.141 138125 DEBUG oslo_service.service [req-c3ac17aa-4c52-4eff-83d5-d45d68e63904 - - - - -] oslo_policy.enforce_new_defaults = False log_opt_values /usr/lib/python3/dist-packages/oslo_config/cfg.py:2609
2026-02-12 00:37:42.141 138125 DEBUG oslo_service.service [req-c3ac17aa-4c52-4eff-83d5-d45d68e63904 - - - - -] oslo_policy.enforce_scope = False log_opt_values /usr/lib/python3/dist-packages/oslo_config/cfg.py:2609
2026-02-12 00:37:42.141 138125 DEBUG oslo_service.service [req-c3ac17aa-4c52-4eff-83d5-d45d68e63904 - - - - -] oslo_policy.policy_default_rule = default log_opt_values /usr/lib/python3/dist-packages/oslo_config/cfg.py:2609
2026-02-12 00:37:42.142 138125 DEBUG oslo_service.service [req-c3ac17aa-4c52-4eff-83d5-d45d68e63904 - - - - -] oslo_policy.policy_dirs = ['policy.d'] log_opt_values /usr/lib/python3/dist-packages/oslo_config/cfg.py:2609
2026-02-12 00:37:42.142 138125 DEBUG oslo_service.service [req-c3ac17aa-4c52-4eff-83d5-d45d68e63904 - - - - -] oslo_policy.policy_file = policy.yaml log_opt_values /usr/lib/python3/dist-packages/oslo_config/cfg.py:2609
2026-02-12 00:37:42.142 138125 DEBUG oslo_service.service [req-c3ac17aa-4c52-4eff-83d5-d45d68e63904 - - - - -] oslo_policy.remote_content_type = application/x-www-form-urlencoded log_opt_values /usr/lib/python3/dist-packages/oslo_config/cfg.py:2609
2026-02-12 00:37:42.142 138125 DEBUG oslo_service.service [req-c3ac17aa-4c52-4eff-83d5-d45d68e63904 - - - - -] oslo_policy.remote_ssl_ca_crt_file = None log_opt_values /usr/lib/python3/dist-packages/oslo_config/cfg.py:2609
2026-02-12 00:37:42.142 138125 DEBUG oslo_service.service [req-c3ac17aa-4c52-4eff-83d5-d45d68e63904 - - - - -] oslo_policy.remote_ssl_client_crt_file = None log_opt_values /usr/lib/python3/dist-packages/oslo_config/cfg.py:2609
2026-02-12 00:37:42.142 138125 DEBUG oslo_service.service [req-c3ac17aa-4c52-4eff-83d5-d45d68e63904 - - - - -] oslo_policy.remote_ssl_client_key_file = None log_opt_values /usr/lib/python3/dist-packages/oslo_config/cfg.py:2609
2026-02-12 00:37:42.143 138125 DEBUG oslo_service.service [req-c3ac17aa-4c52-4eff-83d5-d45d68e63904 - - - - -] oslo_policy.remote_ssl_verify_server_crt = False log_opt_values /usr/lib/python3/dist-packages/oslo_config/cfg.py:2609
2026-02-12 00:37:42.143 138125 DEBUG oslo_service.service [req-c3ac17aa-4c52-4eff-83d5-d45d68e63904 - - - - -] oslo_versionedobjects.fatal_exception_format_errors = False log_opt_values /usr/lib/python3/dist-packages/oslo_config/cfg.py:2609
2026-02-12 00:37:42.143 138125 DEBUG oslo_service.service [req-c3ac17aa-4c52-4eff-83d5-d45d68e63904 - - - - -] oslo_middleware.http_basic_auth_user_file = /etc/htpasswd log_opt_values /usr/lib/python3/dist-packages/oslo_config/cfg.py:2609
2026-02-12 00:37:42.143 138125 DEBUG oslo_service.service [req-c3ac17aa-4c52-4eff-83d5-d45d68e63904 - - - - -] profiler.connection_string = messaging:// log_opt_values /usr/lib/python3/dist-packages/oslo_config/cfg.py:2609
2026-02-12 00:37:42.143 138125 DEBUG oslo_service.service [req-c3ac17aa-4c52-4eff-83d5-d45d68e63904 - - - - -] profiler.enabled = False log_opt_values /usr/lib/python3/dist-packages/oslo_config/cfg.py:2609
2026-02-12 00:37:42.143 138125 DEBUG oslo_service.service [req-c3ac17aa-4c52-4eff-83d5-d45d68e63904 - - - - -] profiler.es_doc_type = notification log_opt_values /usr/lib/python3/dist-packages/oslo_config/cfg.py:2609
2026-02-12 00:37:42.144 138125 DEBUG oslo_service.service [req-c3ac17aa-4c52-4eff-83d5-d45d68e63904 - - - - -] profiler.es_scroll_size = 10000 log_opt_values /usr/lib/python3/dist-packages/oslo_config/cfg.py:2609
2026-02-12 00:37:42.144 138125 DEBUG oslo_service.service [req-c3ac17aa-4c52-4eff-83d5-d45d68e63904 - - - - -] profiler.es_scroll_time = 2m log_opt_values /usr/lib/python3/dist-packages/oslo_config/cfg.py:2609
2026-02-12 00:37:42.144 138125 DEBUG oslo_service.service [req-c3ac17aa-4c52-4eff-83d5-d45d68e63904 - - - - -] profiler.filter_error_trace = False log_opt_values /usr/lib/python3/dist-packages/oslo_config/cfg.py:2609
2026-02-12 00:37:42.144 138125 DEBUG oslo_service.service [req-c3ac17aa-4c52-4eff-83d5-d45d68e63904 - - - - -] profiler.hmac_keys = SECRET_KEY log_opt_values /usr/lib/python3/dist-packages/oslo_config/cfg.py:2609
2026-02-12 00:37:42.144 138125 DEBUG oslo_service.service [req-c3ac17aa-4c52-4eff-83d5-d45d68e63904 - - - - -] profiler.sentinel_service_name = mymaster log_opt_values /usr/lib/python3/dist-packages/oslo_config/cfg.py:2609
2026-02-12 00:37:42.144 138125 DEBUG oslo_service.service [req-c3ac17aa-4c52-4eff-83d5-d45d68e63904 - - - - -] profiler.socket_timeout = 0.1 log_opt_values /usr/lib/python3/dist-packages/oslo_config/cfg.py:2609
2026-02-12 00:37:42.144 138125 DEBUG oslo_service.service [req-c3ac17aa-4c52-4eff-83d5-d45d68e63904 - - - - -] profiler.trace_sqlalchemy = False log_opt_values /usr/lib/python3/dist-packages/oslo_config/cfg.py:2609
2026-02-12 00:37:42.145 138125 DEBUG oslo_service.service [req-c3ac17aa-4c52-4eff-83d5-d45d68e63904 - - - - -] remote_debug.host = None log_opt_values /usr/lib/python3/dist-packages/oslo_config/cfg.py:2609
2026-02-12 00:37:42.145 138125 DEBUG oslo_service.service [req-c3ac17aa-4c52-4eff-83d5-d45d68e63904 - - - - -] remote_debug.port = None log_opt_values /usr/lib/python3/dist-packages/oslo_config/cfg.py:2609
2026-02-12 00:37:42.145 138125 DEBUG oslo_service.service [req-c3ac17aa-4c52-4eff-83d5-d45d68e63904 - - - - -] oslo_messaging_rabbit.amqp_auto_delete = False log_opt_values /usr/lib/python3/dist-packages/oslo_config/cfg.py:2609
2026-02-12 00:37:42.145 138125 DEBUG oslo_service.service [req-c3ac17aa-4c52-4eff-83d5-d45d68e63904 - - - - -] oslo_messaging_rabbit.amqp_durable_queues = False log_opt_values /usr/lib/python3/dist-packages/oslo_config/cfg.py:2609
2026-02-12 00:37:42.145 138125 DEBUG oslo_service.service [req-c3ac17aa-4c52-4eff-83d5-d45d68e63904 - - - - -] oslo_messaging_rabbit.conn_pool_min_size = 2 log_opt_values /usr/lib/python3/dist-packages/oslo_config/cfg.py:2609
2026-02-12 00:37:42.145 138125 DEBUG oslo_service.service [req-c3ac17aa-4c52-4eff-83d5-d45d68e63904 - - - - -] oslo_messaging_rabbit.conn_pool_ttl = 1200 log_opt_values /usr/lib/python3/dist-packages/oslo_config/cfg.py:2609
2026-02-12 00:37:42.146 138125 DEBUG oslo_service.service [req-c3ac17aa-4c52-4eff-83d5-d45d68e63904 - - - - -] oslo_messaging_rabbit.direct_mandatory_flag = True log_opt_values /usr/lib/python3/dist-packages/oslo_config/cfg.py:2609
2026-02-12 00:37:42.146 138125 DEBUG oslo_service.service [req-c3ac17aa-4c52-4eff-83d5-d45d68e63904 - - - - -] oslo_messaging_rabbit.enable_cancel_on_failover = False log_opt_values /usr/lib/python3/dist-packages/oslo_config/cfg.py:2609
2026-02-12 00:37:42.146 138125 DEBUG oslo_service.service [req-c3ac17aa-4c52-4eff-83d5-d45d68e63904 - - - - -] oslo_messaging_rabbit.heartbeat_in_pthread = False log_opt_values /usr/lib/python3/dist-packages/oslo_config/cfg.py:2609
2026-02-12 00:37:42.146 138125 DEBUG oslo_service.service [req-c3ac17aa-4c52-4eff-83d5-d45d68e63904 - - - - -] oslo_messaging_rabbit.heartbeat_rate = 2 log_opt_values /usr/lib/python3/dist-packages/oslo_config/cfg.py:2609
2026-02-12 00:37:42.146 138125 DEBUG oslo_service.service [req-c3ac17aa-4c52-4eff-83d5-d45d68e63904 - - - - -] oslo_messaging_rabbit.heartbeat_timeout_threshold = 60 log_opt_values /usr/lib/python3/dist-packages/oslo_config/cfg.py:2609
2026-02-12 00:37:42.146 138125 DEBUG oslo_service.service [req-c3ac17aa-4c52-4eff-83d5-d45d68e63904 - - - - -] oslo_messaging_rabbit.kombu_compression = None log_opt_values /usr/lib/python3/dist-packages/oslo_config/cfg.py:2609
2026-02-12 00:37:42.147 138125 DEBUG oslo_service.service [req-c3ac17aa-4c52-4eff-83d5-d45d68e63904 - - - - -] oslo_messaging_rabbit.kombu_failover_strategy = round-robin log_opt_values /usr/lib/python3/dist-packages/oslo_config/cfg.py:2609
2026-02-12 00:37:42.147 138125 DEBUG oslo_service.service [req-c3ac17aa-4c52-4eff-83d5-d45d68e63904 - - - - -] oslo_messaging_rabbit.kombu_missing_consumer_retry_timeout = 60 log_opt_values /usr/lib/python3/dist-packages/oslo_config/cfg.py:2609
2026-02-12 00:37:42.147 138125 DEBUG oslo_service.service [req-c3ac17aa-4c52-4eff-83d5-d45d68e63904 - - - - -] oslo_messaging_rabbit.kombu_reconnect_delay = 1.0 log_opt_values /usr/lib/python3/dist-packages/oslo_config/cfg.py:2609
2026-02-12 00:37:42.147 138125 DEBUG oslo_service.service [req-c3ac17aa-4c52-4eff-83d5-d45d68e63904 - - - - -] oslo_messaging_rabbit.rabbit_ha_queues = False log_opt_values /usr/lib/python3/dist-packages/oslo_config/cfg.py:2609
2026-02-12 00:37:42.147 138125 DEBUG oslo_service.service [req-c3ac17aa-4c52-4eff-83d5-d45d68e63904 - - - - -] oslo_messaging_rabbit.rabbit_interval_max = 30 log_opt_values /usr/lib/python3/dist-packages/oslo_config/cfg.py:2609
2026-02-12 00:37:42.147 138125 DEBUG oslo_service.service [req-c3ac17aa-4c52-4eff-83d5-d45d68e63904 - - - - -] oslo_messaging_rabbit.rabbit_login_method = AMQPLAIN log_opt_values /usr/lib/python3/dist-packages/oslo_config/cfg.py:2609
2026-02-12 00:37:42.148 138125 DEBUG oslo_service.service [req-c3ac17aa-4c52-4eff-83d5-d45d68e63904 - - - - -] oslo_messaging_rabbit.rabbit_qos_prefetch_count = 0 log_opt_values /usr/lib/python3/dist-packages/oslo_config/cfg.py:2609
2026-02-12 00:37:42.148 138125 DEBUG oslo_service.service [req-c3ac17aa-4c52-4eff-83d5-d45d68e63904 - - - - -] oslo_messaging_rabbit.rabbit_quorum_queue = False log_opt_values /usr/lib/python3/dist-packages/oslo_config/cfg.py:2609
2026-02-12 00:37:42.148 138125 DEBUG oslo_service.service [req-c3ac17aa-4c52-4eff-83d5-d45d68e63904 - - - - -] oslo_messaging_rabbit.rabbit_retry_backoff = 2 log_opt_values /usr/lib/python3/dist-packages/oslo_config/cfg.py:2609
2026-02-12 00:37:42.148 138125 DEBUG oslo_service.service [req-c3ac17aa-4c52-4eff-83d5-d45d68e63904 - - - - -] oslo_messaging_rabbit.rabbit_retry_interval = 1 log_opt_values /usr/lib/python3/dist-packages/oslo_config/cfg.py:2609
2026-02-12 00:37:42.148 138125 DEBUG oslo_service.service [req-c3ac17aa-4c52-4eff-83d5-d45d68e63904 - - - - -] oslo_messaging_rabbit.rabbit_transient_queues_ttl = 1800 log_opt_values /usr/lib/python3/dist-packages/oslo_config/cfg.py:2609
2026-02-12 00:37:42.148 138125 DEBUG oslo_service.service [req-c3ac17aa-4c52-4eff-83d5-d45d68e63904 - - - - -] oslo_messaging_rabbit.rpc_conn_pool_size = 30 log_opt_values /usr/lib/python3/dist-packages/oslo_config/cfg.py:2609
2026-02-12 00:37:42.148 138125 DEBUG oslo_service.service [req-c3ac17aa-4c52-4eff-83d5-d45d68e63904 - - - - -] oslo_messaging_rabbit.ssl = False log_opt_values /usr/lib/python3/dist-packages/oslo_config/cfg.py:2609
2026-02-12 00:37:42.149 138125 DEBUG oslo_service.service [req-c3ac17aa-4c52-4eff-83d5-d45d68e63904 - - - - -] oslo_messaging_rabbit.ssl_ca_file = log_opt_values /usr/lib/python3/dist-packages/oslo_config/cfg.py:2609
2026-02-12 00:37:42.149 138125 DEBUG oslo_service.service [req-c3ac17aa-4c52-4eff-83d5-d45d68e63904 - - - - -] oslo_messaging_rabbit.ssl_cert_file = log_opt_values /usr/lib/python3/dist-packages/oslo_config/cfg.py:2609
2026-02-12 00:37:42.149 138125 DEBUG oslo_service.service [req-c3ac17aa-4c52-4eff-83d5-d45d68e63904 - - - - -] oslo_messaging_rabbit.ssl_key_file = log_opt_values /usr/lib/python3/dist-packages/oslo_config/cfg.py:2609
2026-02-12 00:37:42.149 138125 DEBUG oslo_service.service [req-c3ac17aa-4c52-4eff-83d5-d45d68e63904 - - - - -] oslo_messaging_rabbit.ssl_version = log_opt_values /usr/lib/python3/dist-packages/oslo_config/cfg.py:2609
2026-02-12 00:37:42.149 138125 DEBUG oslo_service.service [req-c3ac17aa-4c52-4eff-83d5-d45d68e63904 - - - - -] oslo_messaging_notifications.driver = ['messagingv2'] log_opt_values /usr/lib/python3/dist-packages/oslo_config/cfg.py:2609
2026-02-12 00:37:42.150 138125 DEBUG oslo_service.service [req-c3ac17aa-4c52-4eff-83d5-d45d68e63904 - - - - -] oslo_messaging_notifications.retry = -1 log_opt_values /usr/lib/python3/dist-packages/oslo_config/cfg.py:2609
2026-02-12 00:37:42.150 138125 DEBUG oslo_service.service [req-c3ac17aa-4c52-4eff-83d5-d45d68e63904 - - - - -] oslo_messaging_notifications.topics = ['notifications'] log_opt_values /usr/lib/python3/dist-packages/oslo_config/cfg.py:2609
2026-02-12 00:37:42.150 138125 DEBUG oslo_service.service [req-c3ac17aa-4c52-4eff-83d5-d45d68e63904 - - - - -] oslo_messaging_notifications.transport_url = **** log_opt_values /usr/lib/python3/dist-packages/oslo_config/cfg.py:2609
2026-02-12 00:37:42.150 138125 DEBUG oslo_service.service [req-c3ac17aa-4c52-4eff-83d5-d45d68e63904 - - - - -] oslo_limit.auth_section = None log_opt_values /usr/lib/python3/dist-packages/oslo_config/cfg.py:2609
2026-02-12 00:37:42.150 138125 DEBUG oslo_service.service [req-c3ac17aa-4c52-4eff-83d5-d45d68e63904 - - - - -] oslo_limit.auth_type = None log_opt_values /usr/lib/python3/dist-packages/oslo_config/cfg.py:2609
2026-02-12 00:37:42.151 138125 DEBUG oslo_service.service [req-c3ac17aa-4c52-4eff-83d5-d45d68e63904 - - - - -] oslo_limit.cafile = None log_opt_values /usr/lib/python3/dist-packages/oslo_config/cfg.py:2609
2026-02-12 00:37:42.151 138125 DEBUG oslo_service.service [req-c3ac17aa-4c52-4eff-83d5-d45d68e63904 - - - - -] oslo_limit.certfile = None log_opt_values /usr/lib/python3/dist-packages/oslo_config/cfg.py:2609
2026-02-12 00:37:42.151 138125 DEBUG oslo_service.service [req-c3ac17aa-4c52-4eff-83d5-d45d68e63904 - - - - -] oslo_limit.collect_timing = False log_opt_values /usr/lib/python3/dist-packages/oslo_config/cfg.py:2609
2026-02-12 00:37:42.151 138125 DEBUG oslo_service.service [req-c3ac17aa-4c52-4eff-83d5-d45d68e63904 - - - - -] oslo_limit.connect_retries = None log_opt_values /usr/lib/python3/dist-packages/oslo_config/cfg.py:2609
2026-02-12 00:37:42.151 138125 DEBUG oslo_service.service [req-c3ac17aa-4c52-4eff-83d5-d45d68e63904 - - - - -] oslo_limit.connect_retry_delay = None log_opt_values /usr/lib/python3/dist-packages/oslo_config/cfg.py:2609
2026-02-12 00:37:42.151 138125 DEBUG oslo_service.service [req-c3ac17aa-4c52-4eff-83d5-d45d68e63904 - - - - -] oslo_limit.endpoint_id = None log_opt_values /usr/lib/python3/dist-packages/oslo_config/cfg.py:2609
2026-02-12 00:37:42.151 138125 DEBUG oslo_service.service [req-c3ac17aa-4c52-4eff-83d5-d45d68e63904 - - - - -] oslo_limit.endpoint_override = None log_opt_values /usr/lib/python3/dist-packages/oslo_config/cfg.py:2609
2026-02-12 00:37:42.152 138125 DEBUG oslo_service.service [req-c3ac17aa-4c52-4eff-83d5-d45d68e63904 - - - - -] oslo_limit.insecure = False log_opt_values /usr/lib/python3/dist-packages/oslo_config/cfg.py:2609
2026-02-12 00:37:42.152 138125 DEBUG oslo_service.service [req-c3ac17aa-4c52-4eff-83d5-d45d68e63904 - - - - -] oslo_limit.keyfile = None log_opt_values /usr/lib/python3/dist-packages/oslo_config/cfg.py:2609
2026-02-12 00:37:42.152 138125 DEBUG oslo_service.service [req-c3ac17aa-4c52-4eff-83d5-d45d68e63904 - - - - -] oslo_limit.max_version = None log_opt_values /usr/lib/python3/dist-packages/oslo_config/cfg.py:2609
2026-02-12 00:37:42.152 138125 DEBUG oslo_service.service [req-c3ac17aa-4c52-4eff-83d5-d45d68e63904 - - - - -] oslo_limit.min_version = None log_opt_values /usr/lib/python3/dist-packages/oslo_config/cfg.py:2609
2026-02-12 00:37:42.152 138125 DEBUG oslo_service.service [req-c3ac17aa-4c52-4eff-83d5-d45d68e63904 - - - - -] oslo_limit.region_name = None log_opt_values /usr/lib/python3/dist-packages/oslo_config/cfg.py:2609
2026-02-12 00:37:42.152 138125 DEBUG oslo_service.service [req-c3ac17aa-4c52-4eff-83d5-d45d68e63904 - - - - -] oslo_limit.service_name = None log_opt_values /usr/lib/python3/dist-packages/oslo_config/cfg.py:2609
2026-02-12 00:37:42.153 138125 DEBUG oslo_service.service [req-c3ac17aa-4c52-4eff-83d5-d45d68e63904 - - - - -] oslo_limit.service_type = None log_opt_values /usr/lib/python3/dist-packages/oslo_config/cfg.py:2609
2026-02-12 00:37:42.153 138125 DEBUG oslo_service.service [req-c3ac17aa-4c52-4eff-83d5-d45d68e63904 - - - - -] oslo_limit.split_loggers = False log_opt_values /usr/lib/python3/dist-packages/oslo_config/cfg.py:2609
2026-02-12 00:37:42.153 138125 DEBUG oslo_service.service [req-c3ac17aa-4c52-4eff-83d5-d45d68e63904 - - - - -] oslo_limit.status_code_retries = None log_opt_values /usr/lib/python3/dist-packages/oslo_config/cfg.py:2609
2026-02-12 00:37:42.153 138125 DEBUG oslo_service.service [req-c3ac17aa-4c52-4eff-83d5-d45d68e63904 - - - - -] oslo_limit.status_code_retry_delay = None log_opt_values /usr/lib/python3/dist-packages/oslo_config/cfg.py:2609
2026-02-12 00:37:42.153 138125 DEBUG oslo_service.service [req-c3ac17aa-4c52-4eff-83d5-d45d68e63904 - - - - -] oslo_limit.timeout = None log_opt_values /usr/lib/python3/dist-packages/oslo_config/cfg.py:2609
2026-02-12 00:37:42.153 138125 DEBUG oslo_service.service [req-c3ac17aa-4c52-4eff-83d5-d45d68e63904 - - - - -] oslo_limit.valid_interfaces = None log_opt_values /usr/lib/python3/dist-packages/oslo_config/cfg.py:2609
2026-02-12 00:37:42.153 138125 DEBUG oslo_service.service [req-c3ac17aa-4c52-4eff-83d5-d45d68e63904 - - - - -] oslo_limit.version = None log_opt_values /usr/lib/python3/dist-packages/oslo_config/cfg.py:2609
2026-02-12 00:37:42.154 138125 DEBUG oslo_service.service [req-c3ac17aa-4c52-4eff-83d5-d45d68e63904 - - - - -] oslo_reports.file_event_handler = None log_opt_values /usr/lib/python3/dist-packages/oslo_config/cfg.py:2609
2026-02-12 00:37:42.154 138125 DEBUG oslo_service.service [req-c3ac17aa-4c52-4eff-83d5-d45d68e63904 - - - - -] oslo_reports.file_event_handler_interval = 1 log_opt_values /usr/lib/python3/dist-packages/oslo_config/cfg.py:2609
2026-02-12 00:37:42.154 138125 DEBUG oslo_service.service [req-c3ac17aa-4c52-4eff-83d5-d45d68e63904 - - - - -] oslo_reports.log_dir = None log_opt_values /usr/lib/python3/dist-packages/oslo_config/cfg.py:2609
2026-02-12 00:37:42.154 138125 DEBUG oslo_service.service [req-c3ac17aa-4c52-4eff-83d5-d45d68e63904 - - - - -] ******************************************************************************** log_opt_values /usr/lib/python3/dist-packages/oslo_config/cfg.py:2613
2026-02-12 00:37:43.087 139456 DEBUG oslo_messaging._drivers.amqpdriver [-] AMQPListener connection timeout poll /usr/lib/python3/dist-packages/oslo_messaging/_drivers/amqpdriver.py:360
2026-02-12 00:37:43.087 139456 DEBUG oslo_messaging._drivers.amqpdriver [-] Listener is running poll /usr/lib/python3/dist-packages/oslo_messaging/_drivers/amqpdriver.py:343
2026-02-12 00:37:43.087 139456 DEBUG oslo_messaging._drivers.amqpdriver [-] AMQPListener connection consume poll /usr/lib/python3/dist-packages/oslo_messaging/_drivers/amqpdriver.py:357
2026-02-12 00:37:43.092 139450 DEBUG oslo_messaging._drivers.amqpdriver [-] AMQPListener connection timeout poll /usr/lib/python3/dist-packages/oslo_messaging/_drivers/amqpdriver.py:360
2026-02-12 00:37:43.093 139450 DEBUG oslo_messaging._drivers.amqpdriver [-] Listener is running poll /usr/lib/python3/dist-packages/oslo_messaging/_drivers/amqpdriver.py:343
2026-02-12 00:37:43.093 139450 DEBUG oslo_messaging._drivers.amqpdriver [-] AMQPListener connection consume poll /usr/lib/python3/dist-packages/oslo_messaging/_drivers/amqpdriver.py:357
2026-02-12 00:37:43.093 139449 DEBUG oslo_messaging._drivers.amqpdriver [-] AMQPListener connection timeout poll /usr/lib/python3/dist-packages/oslo_messaging/_drivers/amqpdriver.py:360
2026-02-12 00:37:43.093 139449 DEBUG oslo_messaging._drivers.amqpdriver [-] Listener is running poll /usr/lib/python3/dist-packages/oslo_messaging/_drivers/amqpdriver.py:343
2026-02-12 00:37:43.093 139443 DEBUG oslo_messaging._drivers.amqpdriver [-] AMQPListener connection timeout poll /usr/lib/python3/dist-packages/oslo_messaging/_drivers/amqpdriver.py:360
2026-02-12 00:37:43.093 139449 DEBUG oslo_messaging._drivers.amqpdriver [-] AMQPListener connection consume poll /usr/lib/python3/dist-packages/oslo_messaging/_drivers/amqpdriver.py:357
2026-02-12 00:37:43.093 139443 DEBUG oslo_messaging._drivers.amqpdriver [-] Listener is running poll /usr/lib/python3/dist-packages/oslo_messaging/_drivers/amqpdriver.py:343
2026-02-12 00:37:43.093 139443 DEBUG oslo_messaging._drivers.amqpdriver [-] AMQPListener connection consume poll /usr/lib/python3/dist-packages/oslo_messaging/_drivers/amqpdriver.py:357
2026-02-12 00:37:45.089 139456 DEBUG oslo_messaging._drivers.amqpdriver [-] AMQPListener connection timeout poll /usr/lib/python3/dist-packages/oslo_messaging/_drivers/amqpdriver.py:360
2026-02-12 00:37:45.094 139450 DEBUG oslo_messaging._drivers.amqpdriver [-] AMQPListener connection timeout poll /usr/lib/python3/dist-packages/oslo_messaging/_drivers/amqpdriver.py:360
2026-02-12 00:37:45.095 139449 DEBUG oslo_messaging._drivers.amqpdriver [-] AMQPListener connection timeout poll /usr/lib/python3/dist-packages/oslo_messaging/_drivers/amqpdriver.py:360
2026-02-12 00:37:45.096 139443 DEBUG oslo_messaging._drivers.amqpdriver [-] AMQPListener connection timeout poll /usr/lib/python3/dist-packages/oslo_messaging/_drivers/amqpdriver.py:360
2026-02-12 00:37:45.105 139456 DEBUG oslo_messaging._drivers.amqpdriver [-] Listener is running poll /usr/lib/python3/dist-packages/oslo_messaging/_drivers/amqpdriver.py:343
2026-02-12 00:37:45.105 139449 DEBUG oslo_messaging._drivers.amqpdriver [-] Listener is running poll /usr/lib/python3/dist-packages/oslo_messaging/_drivers/amqpdriver.py:343
2026-02-12 00:37:45.106 139456 DEBUG oslo_messaging._drivers.amqpdriver [-] AMQPListener connection consume poll /usr/lib/python3/dist-packages/oslo_messaging/_drivers/amqpdriver.py:357
2026-02-12 00:37:45.106 139449 DEBUG oslo_messaging._drivers.amqpdriver [-] AMQPListener connection consume poll /usr/lib/python3/dist-packages/oslo_messaging/_drivers/amqpdriver.py:357
2026-02-12 00:37:45.106 139443 DEBUG oslo_messaging._drivers.amqpdriver [-] Listener is running poll /usr/lib/python3/dist-packages/oslo_messaging/_drivers/amqpdriver.py:343
2026-02-12 00:37:45.106 139443 DEBUG oslo_messaging._drivers.amqpdriver [-] AMQPListener connection consume poll /usr/lib/python3/dist-packages/oslo_messaging/_drivers/amqpdriver.py:357
2026-02-12 00:37:45.106 139450 DEBUG oslo_messaging._drivers.amqpdriver [-] Listener is running poll /usr/lib/python3/dist-packages/oslo_messaging/_drivers/amqpdriver.py:343
2026-02-12 00:37:45.106 139450 DEBUG oslo_messaging._drivers.amqpdriver [-] AMQPListener connection consume poll /usr/lib/python3/dist-packages/oslo_messaging/_drivers/amqpdriver.py:357
2026-02-12 00:37:49.108 139449 DEBUG oslo_messaging._drivers.amqpdriver [-] AMQPListener connection timeout poll /usr/lib/python3/dist-packages/oslo_messaging/_drivers/amqpdriver.py:360
2026-02-12 00:37:49.108 139456 DEBUG oslo_messaging._drivers.amqpdriver [-] AMQPListener connection timeout poll /usr/lib/python3/dist-packages/oslo_messaging/_drivers/amqpdriver.py:360
2026-02-12 00:37:49.108 139443 DEBUG oslo_messaging._drivers.amqpdriver [-] AMQPListener connection timeout poll /usr/lib/python3/dist-packages/oslo_messaging/_drivers/amqpdriver.py:360
2026-02-12 00:37:49.108 139449 DEBUG oslo_messaging._drivers.amqpdriver [-] Listener is running poll /usr/lib/python3/dist-packages/oslo_messaging/_drivers/amqpdriver.py:343
2026-02-12 00:37:49.108 139456 DEBUG oslo_messaging._drivers.amqpdriver [-] Listener is running poll /usr/lib/python3/dist-packages/oslo_messaging/_drivers/amqpdriver.py:343
2026-02-12 00:37:49.108 139443 DEBUG oslo_messaging._drivers.amqpdriver [-] Listener is running poll /usr/lib/python3/dist-packages/oslo_messaging/_drivers/amqpdriver.py:343
2026-02-12 00:37:49.108 139449 DEBUG oslo_messaging._drivers.amqpdriver [-] AMQPListener connection consume poll /usr/lib/python3/dist-packages/oslo_messaging/_drivers/amqpdriver.py:357
2026-02-12 00:37:49.108 139456 DEBUG oslo_messaging._drivers.amqpdriver [-] AMQPListener connection consume poll /usr/lib/python3/dist-packages/oslo_messaging/_drivers/amqpdriver.py:357
2026-02-12 00:37:49.108 139443 DEBUG oslo_messaging._drivers.amqpdriver [-] AMQPListener connection consume poll /usr/lib/python3/dist-packages/oslo_messaging/_drivers/amqpdriver.py:357
2026-02-12 00:37:49.109 139450 DEBUG oslo_messaging._drivers.amqpdriver [-] AMQPListener connection timeout poll /usr/lib/python3/dist-packages/oslo_messaging/_drivers/amqpdriver.py:360
2026-02-12 00:37:49.109 139450 DEBUG oslo_messaging._drivers.amqpdriver [-] Listener is running poll /usr/lib/python3/dist-packages/oslo_messaging/_drivers/amqpdriver.py:343
2026-02-12 00:37:49.109 139450 DEBUG oslo_messaging._drivers.amqpdriver [-] AMQPListener connection consume poll /usr/lib/python3/dist-packages/oslo_messaging/_drivers/amqpdriver.py:357
2026-02-12 00:37:57.088 139456 DEBUG oslo_service.periodic_task [req-e0864581-b27c-43bf-96f7-479a2c165d78 - - - - -] Running periodic task SchedulerManager._discover_hosts_in_cells run_periodic_tasks /usr/lib/python3/dist-packages/oslo_service/periodic_task.py:210
2026-02-12 00:37:57.089 139456 DEBUG oslo_db.sqlalchemy.engines [req-e0864581-b27c-43bf-96f7-479a2c165d78 - - - - -] Parent process 138125 forked (139456) with an open database connection, which is being discarded and recreated. checkout /usr/lib/python3/dist-packages/oslo_db/sqlalchemy/engines.py:413
2026-02-12 00:37:57.099 139456 DEBUG oslo_concurrency.lockutils [req-e0864581-b27c-43bf-96f7-479a2c165d78 - - - - -] Lock "bd0ea294-fae1-4653-96e2-1580d73bd176" acquired by "nova.context.set_target_cell..get_or_set_cached_cell_and_set_connections" :: waited 0.000s inner /usr/lib/python3/dist-packages/oslo_concurrency/lockutils.py:386
2026-02-12 00:37:57.101 139456 DEBUG oslo_concurrency.lockutils [req-e0864581-b27c-43bf-96f7-479a2c165d78 - - - - -] Lock "bd0ea294-fae1-4653-96e2-1580d73bd176" "released" by "nova.context.set_target_cell..get_or_set_cached_cell_and_set_connections" :: held 0.002s inner /usr/lib/python3/dist-packages/oslo_concurrency/lockutils.py:400
2026-02-12 00:37:57.107 139456 DEBUG oslo_db.sqlalchemy.engines [req-e0864581-b27c-43bf-96f7-479a2c165d78 - - - - -] MySQL server mode set to STRICT_TRANS_TABLES,STRICT_ALL_TABLES,NO_ZERO_IN_DATE,NO_ZERO_DATE,ERROR_FOR_DIVISION_BY_ZERO,TRADITIONAL,NO_ENGINE_SUBSTITUTION _check_effective_sql_mode /usr/lib/python3/dist-packages/oslo_db/sqlalchemy/engines.py:314
2026-02-12 00:37:57.109 139456 DEBUG oslo_messaging._drivers.amqpdriver [-] AMQPListener connection timeout poll /usr/lib/python3/dist-packages/oslo_messaging/_drivers/amqpdriver.py:360
2026-02-12 00:37:57.109 139456 DEBUG oslo_messaging._drivers.amqpdriver [-] Listener is running poll /usr/lib/python3/dist-packages/oslo_messaging/_drivers/amqpdriver.py:343
2026-02-12 00:37:57.109 139456 DEBUG oslo_messaging._drivers.amqpdriver [-] AMQPListener connection consume poll /usr/lib/python3/dist-packages/oslo_messaging/_drivers/amqpdriver.py:357
2026-02-12 00:37:57.109 139443 DEBUG oslo_messaging._drivers.amqpdriver [-] AMQPListener connection timeout poll /usr/lib/python3/dist-packages/oslo_messaging/_drivers/amqpdriver.py:360
2026-02-12 00:37:57.109 139449 DEBUG oslo_messaging._drivers.amqpdriver [-] AMQPListener connection timeout poll /usr/lib/python3/dist-packages/oslo_messaging/_drivers/amqpdriver.py:360
2026-02-12 00:37:57.110 139443 DEBUG oslo_messaging._drivers.amqpdriver [-] Listener is running poll /usr/lib/python3/dist-packages/oslo_messaging/_drivers/amqpdriver.py:343
2026-02-12 00:37:57.110 139443 DEBUG oslo_messaging._drivers.amqpdriver [-] AMQPListener connection consume poll /usr/lib/python3/dist-packages/oslo_messaging/_drivers/amqpdriver.py:357
2026-02-12 00:37:57.110 139449 DEBUG oslo_messaging._drivers.amqpdriver [-] Listener is running poll /usr/lib/python3/dist-packages/oslo_messaging/_drivers/amqpdriver.py:343
2026-02-12 00:37:57.110 139449 DEBUG oslo_messaging._drivers.amqpdriver [-] AMQPListener connection consume poll /usr/lib/python3/dist-packages/oslo_messaging/_drivers/amqpdriver.py:357
2026-02-12 00:37:57.110 139450 DEBUG oslo_messaging._drivers.amqpdriver [-] AMQPListener connection timeout poll /usr/lib/python3/dist-packages/oslo_messaging/_drivers/amqpdriver.py:360
2026-02-12 00:37:57.111 139450 DEBUG oslo_messaging._drivers.amqpdriver [-] Listener is running poll /usr/lib/python3/dist-packages/oslo_messaging/_drivers/amqpdriver.py:343
2026-02-12 00:37:57.111 139450 DEBUG oslo_messaging._drivers.amqpdriver [-] AMQPListener connection consume poll /usr/lib/python3/dist-packages/oslo_messaging/_drivers/amqpdriver.py:357
2026-02-12 00:37:57.162 139456 INFO nova.scheduler.manager [req-e0864581-b27c-43bf-96f7-479a2c165d78 - - - - -] Discovered 1 new hosts: cell1:cn-jenkins-deploy-platform-juju-os-671-1
2026-02-12 00:38:01.088 139450 DEBUG oslo_service.periodic_task [req-a42cfaed-3bb3-4aa9-86cc-37200eced848 - - - - -] Running periodic task SchedulerManager._discover_hosts_in_cells run_periodic_tasks /usr/lib/python3/dist-packages/oslo_service/periodic_task.py:210
2026-02-12 00:38:01.089 139450 DEBUG oslo_db.sqlalchemy.engines [req-a42cfaed-3bb3-4aa9-86cc-37200eced848 - - - - -] Parent process 138125 forked (139450) with an open database connection, which is being discarded and recreated. checkout /usr/lib/python3/dist-packages/oslo_db/sqlalchemy/engines.py:413
2026-02-12 00:38:01.097 139450 DEBUG oslo_concurrency.lockutils [req-a42cfaed-3bb3-4aa9-86cc-37200eced848 - - - - -] Lock "bd0ea294-fae1-4653-96e2-1580d73bd176" acquired by "nova.context.set_target_cell..get_or_set_cached_cell_and_set_connections" :: waited 0.000s inner /usr/lib/python3/dist-packages/oslo_concurrency/lockutils.py:386
2026-02-12 00:38:01.099 139450 DEBUG oslo_concurrency.lockutils [req-a42cfaed-3bb3-4aa9-86cc-37200eced848 - - - - -] Lock "bd0ea294-fae1-4653-96e2-1580d73bd176" "released" by "nova.context.set_target_cell..get_or_set_cached_cell_and_set_connections" :: held 0.002s inner /usr/lib/python3/dist-packages/oslo_concurrency/lockutils.py:400
2026-02-12 00:38:01.105 139450 DEBUG oslo_db.sqlalchemy.engines [req-a42cfaed-3bb3-4aa9-86cc-37200eced848 - - - - -] MySQL server mode set to STRICT_TRANS_TABLES,STRICT_ALL_TABLES,NO_ZERO_IN_DATE,NO_ZERO_DATE,ERROR_FOR_DIVISION_BY_ZERO,TRADITIONAL,NO_ENGINE_SUBSTITUTION _check_effective_sql_mode /usr/lib/python3/dist-packages/oslo_db/sqlalchemy/engines.py:314
2026-02-12 00:38:05.101 139443 DEBUG oslo_service.periodic_task [req-22b187e0-861c-4570-9a5e-8c005d862613 - - - - -] Running periodic task SchedulerManager._discover_hosts_in_cells run_periodic_tasks /usr/lib/python3/dist-packages/oslo_service/periodic_task.py:210
2026-02-12 00:38:05.102 139443 DEBUG oslo_db.sqlalchemy.engines [req-22b187e0-861c-4570-9a5e-8c005d862613 - - - - -] Parent process 138125 forked (139443) with an open database connection, which is being discarded and recreated. checkout /usr/lib/python3/dist-packages/oslo_db/sqlalchemy/engines.py:413
2026-02-12 00:38:05.109 139443 DEBUG oslo_concurrency.lockutils [req-22b187e0-861c-4570-9a5e-8c005d862613 - - - - -] Lock "bd0ea294-fae1-4653-96e2-1580d73bd176" acquired by "nova.context.set_target_cell..get_or_set_cached_cell_and_set_connections" :: waited 0.000s inner /usr/lib/python3/dist-packages/oslo_concurrency/lockutils.py:386
2026-02-12 00:38:05.110 139443 DEBUG oslo_concurrency.lockutils [req-22b187e0-861c-4570-9a5e-8c005d862613 - - - - -] Lock "bd0ea294-fae1-4653-96e2-1580d73bd176" "released" by "nova.context.set_target_cell..get_or_set_cached_cell_and_set_connections" :: held 0.002s inner /usr/lib/python3/dist-packages/oslo_concurrency/lockutils.py:400
2026-02-12 00:38:05.116 139443 DEBUG oslo_db.sqlalchemy.engines [req-22b187e0-861c-4570-9a5e-8c005d862613 - - - - -] MySQL server mode set to STRICT_TRANS_TABLES,STRICT_ALL_TABLES,NO_ZERO_IN_DATE,NO_ZERO_DATE,ERROR_FOR_DIVISION_BY_ZERO,TRADITIONAL,NO_ENGINE_SUBSTITUTION _check_effective_sql_mode /usr/lib/python3/dist-packages/oslo_db/sqlalchemy/engines.py:314
2026-02-12 00:38:09.092 139449 DEBUG oslo_service.periodic_task [req-bf1b25d2-3967-4eac-a6dc-a9560ce520b5 - - - - -] Running periodic task SchedulerManager._discover_hosts_in_cells run_periodic_tasks /usr/lib/python3/dist-packages/oslo_service/periodic_task.py:210
2026-02-12 00:38:09.093 139449 DEBUG oslo_db.sqlalchemy.engines [req-bf1b25d2-3967-4eac-a6dc-a9560ce520b5 - - - - -] Parent process 138125 forked (139449) with an open database connection, which is being discarded and recreated. checkout /usr/lib/python3/dist-packages/oslo_db/sqlalchemy/engines.py:413
2026-02-12 00:38:09.099 139449 DEBUG oslo_concurrency.lockutils [req-bf1b25d2-3967-4eac-a6dc-a9560ce520b5 - - - - -] Lock "bd0ea294-fae1-4653-96e2-1580d73bd176" acquired by "nova.context.set_target_cell..get_or_set_cached_cell_and_set_connections" :: waited 0.000s inner /usr/lib/python3/dist-packages/oslo_concurrency/lockutils.py:386
2026-02-12 00:38:09.100 139449 DEBUG oslo_concurrency.lockutils [req-bf1b25d2-3967-4eac-a6dc-a9560ce520b5 - - - - -] Lock "bd0ea294-fae1-4653-96e2-1580d73bd176" "released" by "nova.context.set_target_cell..get_or_set_cached_cell_and_set_connections" :: held 0.002s inner /usr/lib/python3/dist-packages/oslo_concurrency/lockutils.py:400
2026-02-12 00:38:09.106 139449 DEBUG oslo_db.sqlalchemy.engines [req-bf1b25d2-3967-4eac-a6dc-a9560ce520b5 - - - - -] MySQL server mode set to STRICT_TRANS_TABLES,STRICT_ALL_TABLES,NO_ZERO_IN_DATE,NO_ZERO_DATE,ERROR_FOR_DIVISION_BY_ZERO,TRADITIONAL,NO_ENGINE_SUBSTITUTION _check_effective_sql_mode /usr/lib/python3/dist-packages/oslo_db/sqlalchemy/engines.py:314
2026-02-12 00:38:27.072 139443 DEBUG oslo_messaging._drivers.amqpdriver [-] AMQPListener connection timeout poll /usr/lib/python3/dist-packages/oslo_messaging/_drivers/amqpdriver.py:360
2026-02-12 00:38:27.072 139443 DEBUG oslo_messaging._drivers.amqpdriver [-] Listener is running poll /usr/lib/python3/dist-packages/oslo_messaging/_drivers/amqpdriver.py:343
2026-02-12 00:38:27.072 139443 DEBUG oslo_messaging._drivers.amqpdriver [-] AMQPListener connection consume poll /usr/lib/python3/dist-packages/oslo_messaging/_drivers/amqpdriver.py:357
2026-02-12 00:38:27.076 139456 DEBUG oslo_messaging._drivers.amqpdriver [-] AMQPListener connection timeout poll /usr/lib/python3/dist-packages/oslo_messaging/_drivers/amqpdriver.py:360
2026-02-12 00:38:27.077 139456 DEBUG oslo_messaging._drivers.amqpdriver [-] Listener is running poll /usr/lib/python3/dist-packages/oslo_messaging/_drivers/amqpdriver.py:343
2026-02-12 00:38:27.077 139456 DEBUG oslo_messaging._drivers.amqpdriver [-] AMQPListener connection consume poll /usr/lib/python3/dist-packages/oslo_messaging/_drivers/amqpdriver.py:357
2026-02-12 00:38:27.083 139450 DEBUG oslo_messaging._drivers.amqpdriver [-] AMQPListener connection timeout poll /usr/lib/python3/dist-packages/oslo_messaging/_drivers/amqpdriver.py:360
2026-02-12 00:38:27.083 139450 DEBUG oslo_messaging._drivers.amqpdriver [-] Listener is running poll /usr/lib/python3/dist-packages/oslo_messaging/_drivers/amqpdriver.py:343
2026-02-12 00:38:27.084 139450 DEBUG oslo_messaging._drivers.amqpdriver [-] AMQPListener connection consume poll /usr/lib/python3/dist-packages/oslo_messaging/_drivers/amqpdriver.py:357
2026-02-12 00:38:27.086 139449 DEBUG oslo_messaging._drivers.amqpdriver [-] AMQPListener connection timeout poll /usr/lib/python3/dist-packages/oslo_messaging/_drivers/amqpdriver.py:360
2026-02-12 00:38:27.087 139449 DEBUG oslo_messaging._drivers.amqpdriver [-] Listener is running poll /usr/lib/python3/dist-packages/oslo_messaging/_drivers/amqpdriver.py:343
2026-02-12 00:38:27.087 139449 DEBUG oslo_messaging._drivers.amqpdriver [-] AMQPListener connection consume poll /usr/lib/python3/dist-packages/oslo_messaging/_drivers/amqpdriver.py:357
2026-02-12 00:38:27.164 139456 DEBUG oslo_service.periodic_task [req-e0864581-b27c-43bf-96f7-479a2c165d78 - - - - -] Running periodic task SchedulerManager._discover_hosts_in_cells run_periodic_tasks /usr/lib/python3/dist-packages/oslo_service/periodic_task.py:210
2026-02-12 00:38:27.168 139456 DEBUG oslo_concurrency.lockutils [req-83b91efd-25b4-490f-8625-f81006c14c20 - - - - -] Lock "bd0ea294-fae1-4653-96e2-1580d73bd176" acquired by "nova.context.set_target_cell..get_or_set_cached_cell_and_set_connections" :: waited 0.000s inner /usr/lib/python3/dist-packages/oslo_concurrency/lockutils.py:386
2026-02-12 00:38:27.168 139456 DEBUG oslo_concurrency.lockutils [req-83b91efd-25b4-490f-8625-f81006c14c20 - - - - -] Lock "bd0ea294-fae1-4653-96e2-1580d73bd176" "released" by "nova.context.set_target_cell..get_or_set_cached_cell_and_set_connections" :: held 0.000s inner /usr/lib/python3/dist-packages/oslo_concurrency/lockutils.py:400
2026-02-12 00:38:31.122 139450 DEBUG oslo_service.periodic_task [req-a42cfaed-3bb3-4aa9-86cc-37200eced848 - - - - -] Running periodic task SchedulerManager._discover_hosts_in_cells run_periodic_tasks /usr/lib/python3/dist-packages/oslo_service/periodic_task.py:210
2026-02-12 00:38:31.127 139450 DEBUG oslo_concurrency.lockutils [req-5234a6e4-905e-440a-afc0-40a4d37ec41e - - - - -] Lock "bd0ea294-fae1-4653-96e2-1580d73bd176" acquired by "nova.context.set_target_cell..get_or_set_cached_cell_and_set_connections" :: waited 0.000s inner /usr/lib/python3/dist-packages/oslo_concurrency/lockutils.py:386
2026-02-12 00:38:31.127 139450 DEBUG oslo_concurrency.lockutils [req-5234a6e4-905e-440a-afc0-40a4d37ec41e - - - - -] Lock "bd0ea294-fae1-4653-96e2-1580d73bd176" "released" by "nova.context.set_target_cell..get_or_set_cached_cell_and_set_connections" :: held 0.000s inner /usr/lib/python3/dist-packages/oslo_concurrency/lockutils.py:400
2026-02-12 00:38:35.136 139443 DEBUG oslo_service.periodic_task [req-22b187e0-861c-4570-9a5e-8c005d862613 - - - - -] Running periodic task SchedulerManager._discover_hosts_in_cells run_periodic_tasks /usr/lib/python3/dist-packages/oslo_service/periodic_task.py:210
2026-02-12 00:38:35.141 139443 DEBUG oslo_concurrency.lockutils [req-587fff86-d1e2-41cd-8c49-d5ee454ed331 - - - - -] Lock "bd0ea294-fae1-4653-96e2-1580d73bd176" acquired by "nova.context.set_target_cell..get_or_set_cached_cell_and_set_connections" :: waited 0.000s inner /usr/lib/python3/dist-packages/oslo_concurrency/lockutils.py:386
2026-02-12 00:38:35.141 139443 DEBUG oslo_concurrency.lockutils [req-587fff86-d1e2-41cd-8c49-d5ee454ed331 - - - - -] Lock "bd0ea294-fae1-4653-96e2-1580d73bd176" "released" by "nova.context.set_target_cell..get_or_set_cached_cell_and_set_connections" :: held 0.000s inner /usr/lib/python3/dist-packages/oslo_concurrency/lockutils.py:400
2026-02-12 00:38:39.119 139449 DEBUG oslo_service.periodic_task [req-bf1b25d2-3967-4eac-a6dc-a9560ce520b5 - - - - -] Running periodic task SchedulerManager._discover_hosts_in_cells run_periodic_tasks /usr/lib/python3/dist-packages/oslo_service/periodic_task.py:210
2026-02-12 00:38:39.124 139449 DEBUG oslo_concurrency.lockutils [req-b92e6702-09ba-410b-bcaf-b37a17842a54 - - - - -] Lock "bd0ea294-fae1-4653-96e2-1580d73bd176" acquired by "nova.context.set_target_cell..get_or_set_cached_cell_and_set_connections" :: waited 0.000s inner /usr/lib/python3/dist-packages/oslo_concurrency/lockutils.py:386
2026-02-12 00:38:39.124 139449 DEBUG oslo_concurrency.lockutils [req-b92e6702-09ba-410b-bcaf-b37a17842a54 - - - - -] Lock "bd0ea294-fae1-4653-96e2-1580d73bd176" "released" by "nova.context.set_target_cell..get_or_set_cached_cell_and_set_connections" :: held 0.000s inner /usr/lib/python3/dist-packages/oslo_concurrency/lockutils.py:400
2026-02-12 00:38:57.173 139456 DEBUG oslo_service.periodic_task [req-83b91efd-25b4-490f-8625-f81006c14c20 - - - - -] Running periodic task SchedulerManager._discover_hosts_in_cells run_periodic_tasks /usr/lib/python3/dist-packages/oslo_service/periodic_task.py:210
2026-02-12 00:38:57.179 139456 DEBUG oslo_concurrency.lockutils [req-1a558ed8-7265-453f-8698-eb64d971878b - - - - -] Lock "bd0ea294-fae1-4653-96e2-1580d73bd176" acquired by "nova.context.set_target_cell..get_or_set_cached_cell_and_set_connections" :: waited 0.000s inner /usr/lib/python3/dist-packages/oslo_concurrency/lockutils.py:386
2026-02-12 00:38:57.179 139456 DEBUG oslo_concurrency.lockutils [req-1a558ed8-7265-453f-8698-eb64d971878b - - - - -] Lock "bd0ea294-fae1-4653-96e2-1580d73bd176" "released" by "nova.context.set_target_cell..get_or_set_cached_cell_and_set_connections" :: held 0.000s inner /usr/lib/python3/dist-packages/oslo_concurrency/lockutils.py:400
2026-02-12 00:38:59.075 139443 DEBUG oslo_messaging._drivers.amqpdriver [-] AMQPListener connection timeout poll /usr/lib/python3/dist-packages/oslo_messaging/_drivers/amqpdriver.py:360
2026-02-12 00:38:59.076 139443 DEBUG oslo_messaging._drivers.amqpdriver [-] Listener is running poll /usr/lib/python3/dist-packages/oslo_messaging/_drivers/amqpdriver.py:343
2026-02-12 00:38:59.076 139443 DEBUG oslo_messaging._drivers.amqpdriver [-] AMQPListener connection consume poll /usr/lib/python3/dist-packages/oslo_messaging/_drivers/amqpdriver.py:357
2026-02-12 00:38:59.080 139456 DEBUG oslo_messaging._drivers.amqpdriver [-] AMQPListener connection timeout poll /usr/lib/python3/dist-packages/oslo_messaging/_drivers/amqpdriver.py:360
2026-02-12 00:38:59.080 139456 DEBUG oslo_messaging._drivers.amqpdriver [-] Listener is running poll /usr/lib/python3/dist-packages/oslo_messaging/_drivers/amqpdriver.py:343
2026-02-12 00:38:59.080 139456 DEBUG oslo_messaging._drivers.amqpdriver [-] AMQPListener connection consume poll /usr/lib/python3/dist-packages/oslo_messaging/_drivers/amqpdriver.py:357
2026-02-12 00:38:59.086 139450 DEBUG oslo_messaging._drivers.amqpdriver [-] AMQPListener connection timeout poll /usr/lib/python3/dist-packages/oslo_messaging/_drivers/amqpdriver.py:360
2026-02-12 00:38:59.087 139450 DEBUG oslo_messaging._drivers.amqpdriver [-] Listener is running poll /usr/lib/python3/dist-packages/oslo_messaging/_drivers/amqpdriver.py:343
2026-02-12 00:38:59.087 139450 DEBUG oslo_messaging._drivers.amqpdriver [-] AMQPListener connection consume poll /usr/lib/python3/dist-packages/oslo_messaging/_drivers/amqpdriver.py:357
2026-02-12 00:38:59.089 139449 DEBUG oslo_messaging._drivers.amqpdriver [-] AMQPListener connection timeout poll /usr/lib/python3/dist-packages/oslo_messaging/_drivers/amqpdriver.py:360
2026-02-12 00:38:59.089 139449 DEBUG oslo_messaging._drivers.amqpdriver [-] Listener is running poll /usr/lib/python3/dist-packages/oslo_messaging/_drivers/amqpdriver.py:343
2026-02-12 00:38:59.089 139449 DEBUG oslo_messaging._drivers.amqpdriver [-] AMQPListener connection consume poll /usr/lib/python3/dist-packages/oslo_messaging/_drivers/amqpdriver.py:357
2026-02-12 00:39:01.133 139450 DEBUG oslo_service.periodic_task [req-5234a6e4-905e-440a-afc0-40a4d37ec41e - - - - -] Running periodic task SchedulerManager._discover_hosts_in_cells run_periodic_tasks /usr/lib/python3/dist-packages/oslo_service/periodic_task.py:210
2026-02-12 00:39:01.137 139450 DEBUG oslo_concurrency.lockutils [req-3aea43a8-1d60-471b-bc2b-3b95cc58e436 - - - - -] Lock "bd0ea294-fae1-4653-96e2-1580d73bd176" acquired by "nova.context.set_target_cell..get_or_set_cached_cell_and_set_connections" :: waited 0.000s inner /usr/lib/python3/dist-packages/oslo_concurrency/lockutils.py:386
2026-02-12 00:39:01.138 139450 DEBUG oslo_concurrency.lockutils [req-3aea43a8-1d60-471b-bc2b-3b95cc58e436 - - - - -] Lock "bd0ea294-fae1-4653-96e2-1580d73bd176" "released" by "nova.context.set_target_cell..get_or_set_cached_cell_and_set_connections" :: held 0.000s inner /usr/lib/python3/dist-packages/oslo_concurrency/lockutils.py:400
2026-02-12 00:39:05.151 139443 DEBUG oslo_service.periodic_task [req-587fff86-d1e2-41cd-8c49-d5ee454ed331 - - - - -] Running periodic task SchedulerManager._discover_hosts_in_cells run_periodic_tasks /usr/lib/python3/dist-packages/oslo_service/periodic_task.py:210
2026-02-12 00:39:05.155 139443 DEBUG oslo_concurrency.lockutils [req-f3a1ad60-37e1-43a6-9d4f-9d224fdbf2e7 - - - - -] Lock "bd0ea294-fae1-4653-96e2-1580d73bd176" acquired by "nova.context.set_target_cell..get_or_set_cached_cell_and_set_connections" :: waited 0.000s inner /usr/lib/python3/dist-packages/oslo_concurrency/lockutils.py:386
2026-02-12 00:39:05.156 139443 DEBUG oslo_concurrency.lockutils [req-f3a1ad60-37e1-43a6-9d4f-9d224fdbf2e7 - - - - -] Lock "bd0ea294-fae1-4653-96e2-1580d73bd176" "released" by "nova.context.set_target_cell..get_or_set_cached_cell_and_set_connections" :: held 0.000s inner /usr/lib/python3/dist-packages/oslo_concurrency/lockutils.py:400
2026-02-12 00:39:05.735 139456 DEBUG oslo_messaging._drivers.amqpdriver [-] received message with unique_id: 8bb670063e8845eaadf26f02651037af __call__ /usr/lib/python3/dist-packages/oslo_messaging/_drivers/amqpdriver.py:324
