2026-02-12 00:39:39.169 161084 DEBUG oslo_service.service [req-1ea4e9e0-b0b0-48f5-8841-3d0aae6a1abd - - - - -] api_database.pool_timeout = None log_opt_values /usr/lib/python3/dist-packages/oslo_config/cfg.py:2609
2026-02-12 00:39:39.169 161084 DEBUG oslo_service.service [req-1ea4e9e0-b0b0-48f5-8841-3d0aae6a1abd - - - - -] api_database.retry_interval = 10 log_opt_values /usr/lib/python3/dist-packages/oslo_config/cfg.py:2609
2026-02-12 00:39:39.169 161084 DEBUG oslo_service.service [req-1ea4e9e0-b0b0-48f5-8841-3d0aae6a1abd - - - - -] api_database.slave_connection = **** log_opt_values /usr/lib/python3/dist-packages/oslo_config/cfg.py:2609
2026-02-12 00:39:39.169 161084 DEBUG oslo_service.service [req-1ea4e9e0-b0b0-48f5-8841-3d0aae6a1abd - - - - -] api_database.sqlite_synchronous = True log_opt_values /usr/lib/python3/dist-packages/oslo_config/cfg.py:2609
2026-02-12 00:39:39.169 161084 DEBUG oslo_service.service [req-1ea4e9e0-b0b0-48f5-8841-3d0aae6a1abd - - - - -] devices.enabled_mdev_types = [] log_opt_values /usr/lib/python3/dist-packages/oslo_config/cfg.py:2609
2026-02-12 00:39:39.169 161084 DEBUG oslo_service.service [req-1ea4e9e0-b0b0-48f5-8841-3d0aae6a1abd - - - - -] ephemeral_storage_encryption.cipher = aes-xts-plain64 log_opt_values /usr/lib/python3/dist-packages/oslo_config/cfg.py:2609
2026-02-12 00:39:39.170 161084 DEBUG oslo_service.service [req-1ea4e9e0-b0b0-48f5-8841-3d0aae6a1abd - - - - -] ephemeral_storage_encryption.enabled = False log_opt_values /usr/lib/python3/dist-packages/oslo_config/cfg.py:2609
2026-02-12 00:39:39.170 161084 DEBUG oslo_service.service [req-1ea4e9e0-b0b0-48f5-8841-3d0aae6a1abd - - - - -] ephemeral_storage_encryption.key_size = 512 log_opt_values /usr/lib/python3/dist-packages/oslo_config/cfg.py:2609
2026-02-12 00:39:39.170 161084 WARNING oslo_config.cfg [req-1ea4e9e0-b0b0-48f5-8841-3d0aae6a1abd - - - - -] Deprecated: Option "api_servers" from group "glance" is deprecated for removal ( Support for image service configuration via standard keystoneauth1 Adapter options was added in the 17.0.0 Queens release. The api_servers option was retained temporarily to allow consumers time to cut over to a real load balancing solution. ). Its value may be silently ignored in the future.
2026-02-12 00:39:39.170 161398 DEBUG oslo_messaging._drivers.amqpdriver [-] Listener is running poll /usr/lib/python3/dist-packages/oslo_messaging/_drivers/amqpdriver.py:343
2026-02-12 00:39:39.170 161397 DEBUG oslo_messaging._drivers.amqpdriver [-] Listener is running poll /usr/lib/python3/dist-packages/oslo_messaging/_drivers/amqpdriver.py:343
2026-02-12 00:39:39.170 161084 DEBUG oslo_service.service [req-1ea4e9e0-b0b0-48f5-8841-3d0aae6a1abd - - - - -] glance.api_servers = ['http://252.242.176.189:9292'] log_opt_values /usr/lib/python3/dist-packages/oslo_config/cfg.py:2609
2026-02-12 00:39:39.170 161397 DEBUG oslo_messaging._drivers.amqpdriver [-] AMQPListener connection consume poll /usr/lib/python3/dist-packages/oslo_messaging/_drivers/amqpdriver.py:357
2026-02-12 00:39:39.170 161398 DEBUG oslo_messaging._drivers.amqpdriver [-] AMQPListener connection consume poll /usr/lib/python3/dist-packages/oslo_messaging/_drivers/amqpdriver.py:357
2026-02-12 00:39:39.171 161084 DEBUG oslo_service.service [req-1ea4e9e0-b0b0-48f5-8841-3d0aae6a1abd - - - - -] glance.cafile = None log_opt_values /usr/lib/python3/dist-packages/oslo_config/cfg.py:2609
2026-02-12 00:39:39.171 161084 DEBUG oslo_service.service [req-1ea4e9e0-b0b0-48f5-8841-3d0aae6a1abd - - - - -] glance.certfile = None log_opt_values /usr/lib/python3/dist-packages/oslo_config/cfg.py:2609
2026-02-12 00:39:39.171 161084 DEBUG oslo_service.service [req-1ea4e9e0-b0b0-48f5-8841-3d0aae6a1abd - - - - -] glance.collect_timing = False log_opt_values /usr/lib/python3/dist-packages/oslo_config/cfg.py:2609
2026-02-12 00:39:39.171 161084 DEBUG oslo_service.service [req-1ea4e9e0-b0b0-48f5-8841-3d0aae6a1abd - - - - -] glance.connect_retries = None log_opt_values /usr/lib/python3/dist-packages/oslo_config/cfg.py:2609
2026-02-12 00:39:39.171 161397 DEBUG nova.service [req-2f8377e8-7159-4d85-90ec-cf6bfb187674 - - - - -] Join ServiceGroup membership for this service scheduler start /usr/lib/python3/dist-packages/nova/service.py:199
2026-02-12 00:39:39.171 161084 DEBUG oslo_service.service [req-1ea4e9e0-b0b0-48f5-8841-3d0aae6a1abd - - - - -] glance.connect_retry_delay = None log_opt_values /usr/lib/python3/dist-packages/oslo_config/cfg.py:2609
2026-02-12 00:39:39.171 161398 DEBUG nova.service [req-2a739cf7-17fd-40c9-a7f7-3e36fba38b13 - - - - -] Join ServiceGroup membership for this service scheduler start /usr/lib/python3/dist-packages/nova/service.py:199
2026-02-12 00:39:39.171 161084 DEBUG oslo_service.service [req-1ea4e9e0-b0b0-48f5-8841-3d0aae6a1abd - - - - -] glance.debug = False log_opt_values /usr/lib/python3/dist-packages/oslo_config/cfg.py:2609
2026-02-12 00:39:39.172 161398 DEBUG nova.servicegroup.drivers.db [req-2a739cf7-17fd-40c9-a7f7-3e36fba38b13 - - - - -] DB_Driver: join new ServiceGroup member juju-baeef4-0-lxd-7 to the scheduler group, service = join /usr/lib/python3/dist-packages/nova/servicegroup/drivers/db.py:44
2026-02-12 00:39:39.171 161397 DEBUG nova.servicegroup.drivers.db [req-2f8377e8-7159-4d85-90ec-cf6bfb187674 - - - - -] DB_Driver: join new ServiceGroup member juju-baeef4-0-lxd-7 to the scheduler group, service = join /usr/lib/python3/dist-packages/nova/servicegroup/drivers/db.py:44
2026-02-12 00:39:39.172 161084 DEBUG oslo_service.service [req-1ea4e9e0-b0b0-48f5-8841-3d0aae6a1abd - - - - -] glance.default_trusted_certificate_ids = [] log_opt_values /usr/lib/python3/dist-packages/oslo_config/cfg.py:2609
2026-02-12 00:39:39.172 161084 DEBUG oslo_service.service [req-1ea4e9e0-b0b0-48f5-8841-3d0aae6a1abd - - - - -] glance.enable_certificate_validation = False log_opt_values /usr/lib/python3/dist-packages/oslo_config/cfg.py:2609
2026-02-12 00:39:39.172 161084 DEBUG oslo_service.service [req-1ea4e9e0-b0b0-48f5-8841-3d0aae6a1abd - - - - -] glance.enable_rbd_download = False log_opt_values /usr/lib/python3/dist-packages/oslo_config/cfg.py:2609
2026-02-12 00:39:39.172 161084 DEBUG oslo_service.service [req-1ea4e9e0-b0b0-48f5-8841-3d0aae6a1abd - - - - -] glance.endpoint_override = None log_opt_values /usr/lib/python3/dist-packages/oslo_config/cfg.py:2609
2026-02-12 00:39:39.172 161084 DEBUG oslo_service.service [req-1ea4e9e0-b0b0-48f5-8841-3d0aae6a1abd - - - - -] glance.insecure = False log_opt_values /usr/lib/python3/dist-packages/oslo_config/cfg.py:2609
2026-02-12 00:39:39.173 161084 DEBUG oslo_service.service [req-1ea4e9e0-b0b0-48f5-8841-3d0aae6a1abd - - - - -] glance.keyfile = None log_opt_values /usr/lib/python3/dist-packages/oslo_config/cfg.py:2609
2026-02-12 00:39:39.173 161084 DEBUG oslo_service.service [req-1ea4e9e0-b0b0-48f5-8841-3d0aae6a1abd - - - - -] glance.max_version = None log_opt_values /usr/lib/python3/dist-packages/oslo_config/cfg.py:2609
2026-02-12 00:39:39.173 161084 DEBUG oslo_service.service [req-1ea4e9e0-b0b0-48f5-8841-3d0aae6a1abd - - - - -] glance.min_version = None log_opt_values /usr/lib/python3/dist-packages/oslo_config/cfg.py:2609
2026-02-12 00:39:39.173 161400 DEBUG oslo_messaging._drivers.amqpdriver [-] Listener is running poll /usr/lib/python3/dist-packages/oslo_messaging/_drivers/amqpdriver.py:343
2026-02-12 00:39:39.173 161084 DEBUG oslo_service.service [req-1ea4e9e0-b0b0-48f5-8841-3d0aae6a1abd - - - - -] glance.num_retries = 3 log_opt_values /usr/lib/python3/dist-packages/oslo_config/cfg.py:2609
2026-02-12 00:39:39.173 161400 DEBUG oslo_messaging._drivers.amqpdriver [-] AMQPListener connection consume poll /usr/lib/python3/dist-packages/oslo_messaging/_drivers/amqpdriver.py:357
2026-02-12 00:39:39.173 161084 DEBUG oslo_service.service [req-1ea4e9e0-b0b0-48f5-8841-3d0aae6a1abd - - - - -] glance.rbd_ceph_conf = log_opt_values /usr/lib/python3/dist-packages/oslo_config/cfg.py:2609
2026-02-12 00:39:39.174 161084 DEBUG oslo_service.service [req-1ea4e9e0-b0b0-48f5-8841-3d0aae6a1abd - - - - -] glance.rbd_connect_timeout = 5 log_opt_values /usr/lib/python3/dist-packages/oslo_config/cfg.py:2609
2026-02-12 00:39:39.174 161084 DEBUG oslo_service.service [req-1ea4e9e0-b0b0-48f5-8841-3d0aae6a1abd - - - - -] glance.rbd_pool = log_opt_values /usr/lib/python3/dist-packages/oslo_config/cfg.py:2609
2026-02-12 00:39:39.174 161084 DEBUG oslo_service.service [req-1ea4e9e0-b0b0-48f5-8841-3d0aae6a1abd - - - - -] glance.rbd_user = log_opt_values /usr/lib/python3/dist-packages/oslo_config/cfg.py:2609
2026-02-12 00:39:39.174 161397 DEBUG oslo_messaging._drivers.amqpdriver [-] AMQPListener connection timeout poll /usr/lib/python3/dist-packages/oslo_messaging/_drivers/amqpdriver.py:360
2026-02-12 00:39:39.174 161084 DEBUG oslo_service.service [req-1ea4e9e0-b0b0-48f5-8841-3d0aae6a1abd - - - - -] glance.region_name = None log_opt_values /usr/lib/python3/dist-packages/oslo_config/cfg.py:2609
2026-02-12 00:39:39.174 161397 DEBUG oslo_messaging._drivers.amqpdriver [-] Listener is running poll /usr/lib/python3/dist-packages/oslo_messaging/_drivers/amqpdriver.py:343
2026-02-12 00:39:39.174 161084 DEBUG oslo_service.service [req-1ea4e9e0-b0b0-48f5-8841-3d0aae6a1abd - - - - -] glance.service_name = None log_opt_values /usr/lib/python3/dist-packages/oslo_config/cfg.py:2609
2026-02-12 00:39:39.174 161398 DEBUG oslo_messaging._drivers.amqpdriver [-] AMQPListener connection timeout poll /usr/lib/python3/dist-packages/oslo_messaging/_drivers/amqpdriver.py:360
2026-02-12 00:39:39.174 161397 DEBUG oslo_messaging._drivers.amqpdriver [-] AMQPListener connection consume poll /usr/lib/python3/dist-packages/oslo_messaging/_drivers/amqpdriver.py:357
2026-02-12 00:39:39.174 161084 DEBUG oslo_service.service [req-1ea4e9e0-b0b0-48f5-8841-3d0aae6a1abd - - - - -] glance.service_type = image log_opt_values /usr/lib/python3/dist-packages/oslo_config/cfg.py:2609
2026-02-12 00:39:39.174 161399 DEBUG oslo_messaging._drivers.amqpdriver [-] Listener is running poll /usr/lib/python3/dist-packages/oslo_messaging/_drivers/amqpdriver.py:343
2026-02-12 00:39:39.174 161398 DEBUG oslo_messaging._drivers.amqpdriver [-] Listener is running poll /usr/lib/python3/dist-packages/oslo_messaging/_drivers/amqpdriver.py:343
2026-02-12 00:39:39.174 161398 DEBUG oslo_messaging._drivers.amqpdriver [-] AMQPListener connection consume poll /usr/lib/python3/dist-packages/oslo_messaging/_drivers/amqpdriver.py:357
2026-02-12 00:39:39.174 161399 DEBUG oslo_messaging._drivers.amqpdriver [-] AMQPListener connection consume poll /usr/lib/python3/dist-packages/oslo_messaging/_drivers/amqpdriver.py:357
2026-02-12 00:39:39.174 161084 DEBUG oslo_service.service [req-1ea4e9e0-b0b0-48f5-8841-3d0aae6a1abd - - - - -] glance.split_loggers = False log_opt_values /usr/lib/python3/dist-packages/oslo_config/cfg.py:2609
2026-02-12 00:39:39.175 161084 DEBUG oslo_service.service [req-1ea4e9e0-b0b0-48f5-8841-3d0aae6a1abd - - - - -] glance.status_code_retries = None log_opt_values /usr/lib/python3/dist-packages/oslo_config/cfg.py:2609
2026-02-12 00:39:39.175 161084 DEBUG oslo_service.service [req-1ea4e9e0-b0b0-48f5-8841-3d0aae6a1abd - - - - -] glance.status_code_retry_delay = None log_opt_values /usr/lib/python3/dist-packages/oslo_config/cfg.py:2609
2026-02-12 00:39:39.175 161084 DEBUG oslo_service.service [req-1ea4e9e0-b0b0-48f5-8841-3d0aae6a1abd - - - - -] glance.timeout = None log_opt_values /usr/lib/python3/dist-packages/oslo_config/cfg.py:2609
2026-02-12 00:39:39.175 161399 DEBUG nova.service [req-cfa3b054-73cb-47e6-8adc-cf595f41c273 - - - - -] Join ServiceGroup membership for this service scheduler start /usr/lib/python3/dist-packages/nova/service.py:199
2026-02-12 00:39:39.175 161084 DEBUG oslo_service.service [req-1ea4e9e0-b0b0-48f5-8841-3d0aae6a1abd - - - - -] glance.valid_interfaces = ['internal', 'public'] log_opt_values /usr/lib/python3/dist-packages/oslo_config/cfg.py:2609
2026-02-12 00:39:39.175 161399 DEBUG nova.servicegroup.drivers.db [req-cfa3b054-73cb-47e6-8adc-cf595f41c273 - - - - -] DB_Driver: join new ServiceGroup member juju-baeef4-0-lxd-7 to the scheduler group, service = join /usr/lib/python3/dist-packages/nova/servicegroup/drivers/db.py:44
2026-02-12 00:39:39.175 161084 DEBUG oslo_service.service [req-1ea4e9e0-b0b0-48f5-8841-3d0aae6a1abd - - - - -] glance.verify_glance_signatures = False log_opt_values /usr/lib/python3/dist-packages/oslo_config/cfg.py:2609
2026-02-12 00:39:39.176 161084 DEBUG oslo_service.service [req-1ea4e9e0-b0b0-48f5-8841-3d0aae6a1abd - - - - -] glance.version = None log_opt_values /usr/lib/python3/dist-packages/oslo_config/cfg.py:2609
2026-02-12 00:39:39.176 161084 DEBUG oslo_service.service [req-1ea4e9e0-b0b0-48f5-8841-3d0aae6a1abd - - - - -] guestfs.debug = False log_opt_values /usr/lib/python3/dist-packages/oslo_config/cfg.py:2609
2026-02-12 00:39:39.174 161400 DEBUG nova.service [req-4ee21f51-88b2-45be-969a-0c129e81ffe5 - - - - -] Join ServiceGroup membership for this service scheduler start /usr/lib/python3/dist-packages/nova/service.py:199
2026-02-12 00:39:39.176 161084 DEBUG oslo_service.service [req-1ea4e9e0-b0b0-48f5-8841-3d0aae6a1abd - - - - -] hyperv.config_drive_cdrom = False log_opt_values /usr/lib/python3/dist-packages/oslo_config/cfg.py:2609
2026-02-12 00:39:39.176 161084 DEBUG oslo_service.service [req-1ea4e9e0-b0b0-48f5-8841-3d0aae6a1abd - - - - -] hyperv.config_drive_inject_password = False log_opt_values /usr/lib/python3/dist-packages/oslo_config/cfg.py:2609
2026-02-12 00:39:39.176 161400 DEBUG nova.servicegroup.drivers.db [req-4ee21f51-88b2-45be-969a-0c129e81ffe5 - - - - -] DB_Driver: join new ServiceGroup member juju-baeef4-0-lxd-7 to the scheduler group, service = join /usr/lib/python3/dist-packages/nova/servicegroup/drivers/db.py:44
2026-02-12 00:39:39.176 161084 DEBUG oslo_service.service [req-1ea4e9e0-b0b0-48f5-8841-3d0aae6a1abd - - - - -] hyperv.dynamic_memory_ratio = 1.0 log_opt_values /usr/lib/python3/dist-packages/oslo_config/cfg.py:2609
2026-02-12 00:39:39.176 161084 DEBUG oslo_service.service [req-1ea4e9e0-b0b0-48f5-8841-3d0aae6a1abd - - - - -] hyperv.enable_instance_metrics_collection = False log_opt_values /usr/lib/python3/dist-packages/oslo_config/cfg.py:2609
2026-02-12 00:39:39.177 161084 DEBUG oslo_service.service [req-1ea4e9e0-b0b0-48f5-8841-3d0aae6a1abd - - - - -] hyperv.enable_remotefx = False log_opt_values /usr/lib/python3/dist-packages/oslo_config/cfg.py:2609
2026-02-12 00:39:39.177 161084 DEBUG oslo_service.service [req-1ea4e9e0-b0b0-48f5-8841-3d0aae6a1abd - - - - -] hyperv.instances_path_share = log_opt_values /usr/lib/python3/dist-packages/oslo_config/cfg.py:2609
2026-02-12 00:39:39.177 161084 DEBUG oslo_service.service [req-1ea4e9e0-b0b0-48f5-8841-3d0aae6a1abd - - - - -] hyperv.iscsi_initiator_list = [] log_opt_values /usr/lib/python3/dist-packages/oslo_config/cfg.py:2609
2026-02-12 00:39:39.177 161084 DEBUG oslo_service.service [req-1ea4e9e0-b0b0-48f5-8841-3d0aae6a1abd - - - - -] hyperv.limit_cpu_features = False log_opt_values /usr/lib/python3/dist-packages/oslo_config/cfg.py:2609
2026-02-12 00:39:39.177 161084 DEBUG oslo_service.service [req-1ea4e9e0-b0b0-48f5-8841-3d0aae6a1abd - - - - -] hyperv.mounted_disk_query_retry_count = 10 log_opt_values /usr/lib/python3/dist-packages/oslo_config/cfg.py:2609
2026-02-12 00:39:39.177 161084 DEBUG oslo_service.service [req-1ea4e9e0-b0b0-48f5-8841-3d0aae6a1abd - - - - -] hyperv.mounted_disk_query_retry_interval = 5 log_opt_values /usr/lib/python3/dist-packages/oslo_config/cfg.py:2609
2026-02-12 00:39:39.178 161084 DEBUG oslo_service.service [req-1ea4e9e0-b0b0-48f5-8841-3d0aae6a1abd - - - - -] hyperv.power_state_check_timeframe = 60 log_opt_values /usr/lib/python3/dist-packages/oslo_config/cfg.py:2609
2026-02-12 00:39:39.178 161084 DEBUG oslo_service.service [req-1ea4e9e0-b0b0-48f5-8841-3d0aae6a1abd - - - - -] hyperv.power_state_event_polling_interval = 2 log_opt_values /usr/lib/python3/dist-packages/oslo_config/cfg.py:2609
2026-02-12 00:39:39.178 161084 DEBUG oslo_service.service [req-1ea4e9e0-b0b0-48f5-8841-3d0aae6a1abd - - - - -] hyperv.qemu_img_cmd = qemu-img.exe log_opt_values /usr/lib/python3/dist-packages/oslo_config/cfg.py:2609
2026-02-12 00:39:39.178 161399 DEBUG oslo_messaging._drivers.amqpdriver [-] AMQPListener connection timeout poll /usr/lib/python3/dist-packages/oslo_messaging/_drivers/amqpdriver.py:360
2026-02-12 00:39:39.178 161084 DEBUG oslo_service.service [req-1ea4e9e0-b0b0-48f5-8841-3d0aae6a1abd - - - - -] hyperv.use_multipath_io = False log_opt_values /usr/lib/python3/dist-packages/oslo_config/cfg.py:2609
2026-02-12 00:39:39.178 161399 DEBUG oslo_messaging._drivers.amqpdriver [-] Listener is running poll /usr/lib/python3/dist-packages/oslo_messaging/_drivers/amqpdriver.py:343
2026-02-12 00:39:39.178 161399 DEBUG oslo_messaging._drivers.amqpdriver [-] AMQPListener connection consume poll /usr/lib/python3/dist-packages/oslo_messaging/_drivers/amqpdriver.py:357
2026-02-12 00:39:39.178 161084 DEBUG oslo_service.service [req-1ea4e9e0-b0b0-48f5-8841-3d0aae6a1abd - - - - -] hyperv.volume_attach_retry_count = 10 log_opt_values /usr/lib/python3/dist-packages/oslo_config/cfg.py:2609
2026-02-12 00:39:39.178 161084 DEBUG oslo_service.service [req-1ea4e9e0-b0b0-48f5-8841-3d0aae6a1abd - - - - -] hyperv.volume_attach_retry_interval = 5 log_opt_values /usr/lib/python3/dist-packages/oslo_config/cfg.py:2609
2026-02-12 00:39:39.179 161084 DEBUG oslo_service.service [req-1ea4e9e0-b0b0-48f5-8841-3d0aae6a1abd - - - - -] hyperv.vswitch_name = None log_opt_values /usr/lib/python3/dist-packages/oslo_config/cfg.py:2609
2026-02-12 00:39:39.179 161400 DEBUG oslo_messaging._drivers.amqpdriver [-] AMQPListener connection timeout poll /usr/lib/python3/dist-packages/oslo_messaging/_drivers/amqpdriver.py:360
2026-02-12 00:39:39.179 161400 DEBUG oslo_messaging._drivers.amqpdriver [-] Listener is running poll /usr/lib/python3/dist-packages/oslo_messaging/_drivers/amqpdriver.py:343
2026-02-12 00:39:39.179 161084 DEBUG oslo_service.service [req-1ea4e9e0-b0b0-48f5-8841-3d0aae6a1abd - - - - -] hyperv.wait_soft_reboot_seconds = 60 log_opt_values /usr/lib/python3/dist-packages/oslo_config/cfg.py:2609
2026-02-12 00:39:39.179 161400 DEBUG oslo_messaging._drivers.amqpdriver [-] AMQPListener connection consume poll /usr/lib/python3/dist-packages/oslo_messaging/_drivers/amqpdriver.py:357
2026-02-12 00:39:39.179 161084 DEBUG oslo_service.service [req-1ea4e9e0-b0b0-48f5-8841-3d0aae6a1abd - - - - -] mks.enabled = False log_opt_values /usr/lib/python3/dist-packages/oslo_config/cfg.py:2609
2026-02-12 00:39:39.179 161084 DEBUG oslo_service.service [req-1ea4e9e0-b0b0-48f5-8841-3d0aae6a1abd - - - - -] mks.mksproxy_base_url = http://127.0.0.1:6090/ log_opt_values /usr/lib/python3/dist-packages/oslo_config/cfg.py:2609
2026-02-12 00:39:39.180 161084 DEBUG oslo_service.service [req-1ea4e9e0-b0b0-48f5-8841-3d0aae6a1abd - - - - -] image_cache.manager_interval = 2400 log_opt_values /usr/lib/python3/dist-packages/oslo_config/cfg.py:2609
2026-02-12 00:39:39.180 161084 DEBUG oslo_service.service [req-1ea4e9e0-b0b0-48f5-8841-3d0aae6a1abd - - - - -] image_cache.precache_concurrency = 1 log_opt_values /usr/lib/python3/dist-packages/oslo_config/cfg.py:2609
2026-02-12 00:39:39.180 161084 DEBUG oslo_service.service [req-1ea4e9e0-b0b0-48f5-8841-3d0aae6a1abd - - - - -] image_cache.remove_unused_base_images = True log_opt_values /usr/lib/python3/dist-packages/oslo_config/cfg.py:2609
2026-02-12 00:39:39.180 161084 DEBUG oslo_service.service [req-1ea4e9e0-b0b0-48f5-8841-3d0aae6a1abd - - - - -] image_cache.remove_unused_original_minimum_age_seconds = 86400 log_opt_values /usr/lib/python3/dist-packages/oslo_config/cfg.py:2609
2026-02-12 00:39:39.180 161084 DEBUG oslo_service.service [req-1ea4e9e0-b0b0-48f5-8841-3d0aae6a1abd - - - - -] image_cache.remove_unused_resized_minimum_age_seconds = 3600 log_opt_values /usr/lib/python3/dist-packages/oslo_config/cfg.py:2609
2026-02-12 00:39:39.180 161084 DEBUG oslo_service.service [req-1ea4e9e0-b0b0-48f5-8841-3d0aae6a1abd - - - - -] image_cache.subdirectory_name = _base log_opt_values /usr/lib/python3/dist-packages/oslo_config/cfg.py:2609
2026-02-12 00:39:39.181 161084 DEBUG oslo_service.service [req-1ea4e9e0-b0b0-48f5-8841-3d0aae6a1abd - - - - -] ironic.api_max_retries = 60 log_opt_values /usr/lib/python3/dist-packages/oslo_config/cfg.py:2609
2026-02-12 00:39:39.181 161084 DEBUG oslo_service.service [req-1ea4e9e0-b0b0-48f5-8841-3d0aae6a1abd - - - - -] ironic.api_retry_interval = 2 log_opt_values /usr/lib/python3/dist-packages/oslo_config/cfg.py:2609
2026-02-12 00:39:39.181 161084 DEBUG oslo_service.service [req-1ea4e9e0-b0b0-48f5-8841-3d0aae6a1abd - - - - -] ironic.auth_section = None log_opt_values /usr/lib/python3/dist-packages/oslo_config/cfg.py:2609
2026-02-12 00:39:39.181 161084 DEBUG oslo_service.service [req-1ea4e9e0-b0b0-48f5-8841-3d0aae6a1abd - - - - -] ironic.auth_type = None log_opt_values /usr/lib/python3/dist-packages/oslo_config/cfg.py:2609
2026-02-12 00:39:39.181 161084 DEBUG oslo_service.service [req-1ea4e9e0-b0b0-48f5-8841-3d0aae6a1abd - - - - -] ironic.cafile = None log_opt_values /usr/lib/python3/dist-packages/oslo_config/cfg.py:2609
2026-02-12 00:39:39.182 161084 DEBUG oslo_service.service [req-1ea4e9e0-b0b0-48f5-8841-3d0aae6a1abd - - - - -] ironic.certfile = None log_opt_values /usr/lib/python3/dist-packages/oslo_config/cfg.py:2609
2026-02-12 00:39:39.182 161084 DEBUG oslo_service.service [req-1ea4e9e0-b0b0-48f5-8841-3d0aae6a1abd - - - - -] ironic.collect_timing = False log_opt_values /usr/lib/python3/dist-packages/oslo_config/cfg.py:2609
2026-02-12 00:39:39.182 161084 DEBUG oslo_service.service [req-1ea4e9e0-b0b0-48f5-8841-3d0aae6a1abd - - - - -] ironic.connect_retries = None log_opt_values /usr/lib/python3/dist-packages/oslo_config/cfg.py:2609
2026-02-12 00:39:39.182 161084 DEBUG oslo_service.service [req-1ea4e9e0-b0b0-48f5-8841-3d0aae6a1abd - - - - -] ironic.connect_retry_delay = None log_opt_values /usr/lib/python3/dist-packages/oslo_config/cfg.py:2609
2026-02-12 00:39:39.182 161084 DEBUG oslo_service.service [req-1ea4e9e0-b0b0-48f5-8841-3d0aae6a1abd - - - - -] ironic.endpoint_override = None log_opt_values /usr/lib/python3/dist-packages/oslo_config/cfg.py:2609
2026-02-12 00:39:39.182 161084 DEBUG oslo_service.service [req-1ea4e9e0-b0b0-48f5-8841-3d0aae6a1abd - - - - -] ironic.insecure = False log_opt_values /usr/lib/python3/dist-packages/oslo_config/cfg.py:2609
2026-02-12 00:39:39.183 161084 DEBUG oslo_service.service [req-1ea4e9e0-b0b0-48f5-8841-3d0aae6a1abd - - - - -] ironic.keyfile = None log_opt_values /usr/lib/python3/dist-packages/oslo_config/cfg.py:2609
2026-02-12 00:39:39.183 161084 DEBUG oslo_service.service [req-1ea4e9e0-b0b0-48f5-8841-3d0aae6a1abd - - - - -] ironic.max_version = None log_opt_values /usr/lib/python3/dist-packages/oslo_config/cfg.py:2609
2026-02-12 00:39:39.183 161084 DEBUG oslo_service.service [req-1ea4e9e0-b0b0-48f5-8841-3d0aae6a1abd - - - - -] ironic.min_version = None log_opt_values /usr/lib/python3/dist-packages/oslo_config/cfg.py:2609
2026-02-12 00:39:39.183 161084 DEBUG oslo_service.service [req-1ea4e9e0-b0b0-48f5-8841-3d0aae6a1abd - - - - -] ironic.partition_key = None log_opt_values /usr/lib/python3/dist-packages/oslo_config/cfg.py:2609
2026-02-12 00:39:39.183 161084 DEBUG oslo_service.service [req-1ea4e9e0-b0b0-48f5-8841-3d0aae6a1abd - - - - -] ironic.peer_list = [] log_opt_values /usr/lib/python3/dist-packages/oslo_config/cfg.py:2609
2026-02-12 00:39:39.184 161084 DEBUG oslo_service.service [req-1ea4e9e0-b0b0-48f5-8841-3d0aae6a1abd - - - - -] ironic.region_name = None log_opt_values /usr/lib/python3/dist-packages/oslo_config/cfg.py:2609
2026-02-12 00:39:39.184 161084 DEBUG oslo_service.service [req-1ea4e9e0-b0b0-48f5-8841-3d0aae6a1abd - - - - -] ironic.serial_console_state_timeout = 10 log_opt_values /usr/lib/python3/dist-packages/oslo_config/cfg.py:2609
2026-02-12 00:39:39.184 161084 DEBUG oslo_service.service [req-1ea4e9e0-b0b0-48f5-8841-3d0aae6a1abd - - - - -] ironic.service_name = None log_opt_values /usr/lib/python3/dist-packages/oslo_config/cfg.py:2609
2026-02-12 00:39:39.184 161084 DEBUG oslo_service.service [req-1ea4e9e0-b0b0-48f5-8841-3d0aae6a1abd - - - - -] ironic.service_type = baremetal log_opt_values /usr/lib/python3/dist-packages/oslo_config/cfg.py:2609
2026-02-12 00:39:39.184 161084 DEBUG oslo_service.service [req-1ea4e9e0-b0b0-48f5-8841-3d0aae6a1abd - - - - -] ironic.split_loggers = False log_opt_values /usr/lib/python3/dist-packages/oslo_config/cfg.py:2609
2026-02-12 00:39:39.184 161084 DEBUG oslo_service.service [req-1ea4e9e0-b0b0-48f5-8841-3d0aae6a1abd - - - - -] ironic.status_code_retries = None log_opt_values /usr/lib/python3/dist-packages/oslo_config/cfg.py:2609
2026-02-12 00:39:39.185 161084 DEBUG oslo_service.service [req-1ea4e9e0-b0b0-48f5-8841-3d0aae6a1abd - - - - -] ironic.status_code_retry_delay = None log_opt_values /usr/lib/python3/dist-packages/oslo_config/cfg.py:2609
2026-02-12 00:39:39.185 161084 DEBUG oslo_service.service [req-1ea4e9e0-b0b0-48f5-8841-3d0aae6a1abd - - - - -] ironic.timeout = None log_opt_values /usr/lib/python3/dist-packages/oslo_config/cfg.py:2609
2026-02-12 00:39:39.185 161084 DEBUG oslo_service.service [req-1ea4e9e0-b0b0-48f5-8841-3d0aae6a1abd - - - - -] ironic.valid_interfaces = ['internal', 'public'] log_opt_values /usr/lib/python3/dist-packages/oslo_config/cfg.py:2609
2026-02-12 00:39:39.185 161084 DEBUG oslo_service.service [req-1ea4e9e0-b0b0-48f5-8841-3d0aae6a1abd - - - - -] ironic.version = None log_opt_values /usr/lib/python3/dist-packages/oslo_config/cfg.py:2609
2026-02-12 00:39:39.185 161084 DEBUG oslo_service.service [req-1ea4e9e0-b0b0-48f5-8841-3d0aae6a1abd - - - - -] key_manager.backend = barbican log_opt_values /usr/lib/python3/dist-packages/oslo_config/cfg.py:2609
2026-02-12 00:39:39.186 161084 DEBUG oslo_service.service [req-1ea4e9e0-b0b0-48f5-8841-3d0aae6a1abd - - - - -] key_manager.fixed_key = **** log_opt_values /usr/lib/python3/dist-packages/oslo_config/cfg.py:2609
2026-02-12 00:39:39.186 161084 DEBUG oslo_service.service [req-1ea4e9e0-b0b0-48f5-8841-3d0aae6a1abd - - - - -] barbican.auth_endpoint = http://localhost/identity/v3 log_opt_values /usr/lib/python3/dist-packages/oslo_config/cfg.py:2609
2026-02-12 00:39:39.186 161084 DEBUG oslo_service.service [req-1ea4e9e0-b0b0-48f5-8841-3d0aae6a1abd - - - - -] barbican.barbican_api_version = None log_opt_values /usr/lib/python3/dist-packages/oslo_config/cfg.py:2609
2026-02-12 00:39:39.186 161084 DEBUG oslo_service.service [req-1ea4e9e0-b0b0-48f5-8841-3d0aae6a1abd - - - - -] barbican.barbican_endpoint = None log_opt_values /usr/lib/python3/dist-packages/oslo_config/cfg.py:2609
2026-02-12 00:39:39.186 161084 DEBUG oslo_service.service [req-1ea4e9e0-b0b0-48f5-8841-3d0aae6a1abd - - - - -] barbican.barbican_endpoint_type = public log_opt_values /usr/lib/python3/dist-packages/oslo_config/cfg.py:2609
2026-02-12 00:39:39.186 161084 DEBUG oslo_service.service [req-1ea4e9e0-b0b0-48f5-8841-3d0aae6a1abd - - - - -] barbican.barbican_region_name = None log_opt_values /usr/lib/python3/dist-packages/oslo_config/cfg.py:2609
2026-02-12 00:39:39.187 161084 DEBUG oslo_service.service [req-1ea4e9e0-b0b0-48f5-8841-3d0aae6a1abd - - - - -] barbican.cafile = None log_opt_values /usr/lib/python3/dist-packages/oslo_config/cfg.py:2609
2026-02-12 00:39:39.187 161084 DEBUG oslo_service.service [req-1ea4e9e0-b0b0-48f5-8841-3d0aae6a1abd - - - - -] barbican.certfile = None log_opt_values /usr/lib/python3/dist-packages/oslo_config/cfg.py:2609
2026-02-12 00:39:39.187 161084 DEBUG oslo_service.service [req-1ea4e9e0-b0b0-48f5-8841-3d0aae6a1abd - - - - -] barbican.collect_timing = False log_opt_values /usr/lib/python3/dist-packages/oslo_config/cfg.py:2609
2026-02-12 00:39:39.187 161084 DEBUG oslo_service.service [req-1ea4e9e0-b0b0-48f5-8841-3d0aae6a1abd - - - - -] barbican.insecure = False log_opt_values /usr/lib/python3/dist-packages/oslo_config/cfg.py:2609
2026-02-12 00:39:39.188 161084 DEBUG oslo_service.service [req-1ea4e9e0-b0b0-48f5-8841-3d0aae6a1abd - - - - -] barbican.keyfile = None log_opt_values /usr/lib/python3/dist-packages/oslo_config/cfg.py:2609
2026-02-12 00:39:39.188 161084 DEBUG oslo_service.service [req-1ea4e9e0-b0b0-48f5-8841-3d0aae6a1abd - - - - -] barbican.number_of_retries = 60 log_opt_values /usr/lib/python3/dist-packages/oslo_config/cfg.py:2609
2026-02-12 00:39:39.189 161084 DEBUG oslo_service.service [req-1ea4e9e0-b0b0-48f5-8841-3d0aae6a1abd - - - - -] barbican.retry_delay = 1 log_opt_values /usr/lib/python3/dist-packages/oslo_config/cfg.py:2609
2026-02-12 00:39:39.189 161084 DEBUG oslo_service.service [req-1ea4e9e0-b0b0-48f5-8841-3d0aae6a1abd - - - - -] barbican.send_service_user_token = False log_opt_values /usr/lib/python3/dist-packages/oslo_config/cfg.py:2609
2026-02-12 00:39:39.189 161084 DEBUG oslo_service.service [req-1ea4e9e0-b0b0-48f5-8841-3d0aae6a1abd - - - - -] barbican.split_loggers = False log_opt_values /usr/lib/python3/dist-packages/oslo_config/cfg.py:2609
2026-02-12 00:39:39.189 161084 DEBUG oslo_service.service [req-1ea4e9e0-b0b0-48f5-8841-3d0aae6a1abd - - - - -] barbican.timeout = None log_opt_values /usr/lib/python3/dist-packages/oslo_config/cfg.py:2609
2026-02-12 00:39:39.189 161084 DEBUG oslo_service.service [req-1ea4e9e0-b0b0-48f5-8841-3d0aae6a1abd - - - - -] barbican.verify_ssl = True log_opt_values /usr/lib/python3/dist-packages/oslo_config/cfg.py:2609
2026-02-12 00:39:39.190 161084 DEBUG oslo_service.service [req-1ea4e9e0-b0b0-48f5-8841-3d0aae6a1abd - - - - -] barbican.verify_ssl_path = None log_opt_values /usr/lib/python3/dist-packages/oslo_config/cfg.py:2609
2026-02-12 00:39:39.190 161084 DEBUG oslo_service.service [req-1ea4e9e0-b0b0-48f5-8841-3d0aae6a1abd - - - - -] barbican_service_user.auth_section = None log_opt_values /usr/lib/python3/dist-packages/oslo_config/cfg.py:2609
2026-02-12 00:39:39.190 161084 DEBUG oslo_service.service [req-1ea4e9e0-b0b0-48f5-8841-3d0aae6a1abd - - - - -] barbican_service_user.auth_type = None log_opt_values /usr/lib/python3/dist-packages/oslo_config/cfg.py:2609
2026-02-12 00:39:39.190 161084 DEBUG oslo_service.service [req-1ea4e9e0-b0b0-48f5-8841-3d0aae6a1abd - - - - -] barbican_service_user.cafile = None log_opt_values /usr/lib/python3/dist-packages/oslo_config/cfg.py:2609
2026-02-12 00:39:39.190 161084 DEBUG oslo_service.service [req-1ea4e9e0-b0b0-48f5-8841-3d0aae6a1abd - - - - -] barbican_service_user.certfile = None log_opt_values /usr/lib/python3/dist-packages/oslo_config/cfg.py:2609
2026-02-12 00:39:39.191 161084 DEBUG oslo_service.service [req-1ea4e9e0-b0b0-48f5-8841-3d0aae6a1abd - - - - -] barbican_service_user.collect_timing = False log_opt_values /usr/lib/python3/dist-packages/oslo_config/cfg.py:2609
2026-02-12 00:39:39.191 161084 DEBUG oslo_service.service [req-1ea4e9e0-b0b0-48f5-8841-3d0aae6a1abd - - - - -] barbican_service_user.insecure = False log_opt_values /usr/lib/python3/dist-packages/oslo_config/cfg.py:2609
2026-02-12 00:39:39.191 161084 DEBUG oslo_service.service [req-1ea4e9e0-b0b0-48f5-8841-3d0aae6a1abd - - - - -] barbican_service_user.keyfile = None log_opt_values /usr/lib/python3/dist-packages/oslo_config/cfg.py:2609
2026-02-12 00:39:39.191 161084 DEBUG oslo_service.service [req-1ea4e9e0-b0b0-48f5-8841-3d0aae6a1abd - - - - -] barbican_service_user.split_loggers = False log_opt_values /usr/lib/python3/dist-packages/oslo_config/cfg.py:2609
2026-02-12 00:39:39.191 161084 DEBUG oslo_service.service [req-1ea4e9e0-b0b0-48f5-8841-3d0aae6a1abd - - - - -] barbican_service_user.timeout = None log_opt_values /usr/lib/python3/dist-packages/oslo_config/cfg.py:2609
2026-02-12 00:39:39.191 161084 DEBUG oslo_service.service [req-1ea4e9e0-b0b0-48f5-8841-3d0aae6a1abd - - - - -] vault.approle_role_id = None log_opt_values /usr/lib/python3/dist-packages/oslo_config/cfg.py:2609
2026-02-12 00:39:39.192 161084 DEBUG oslo_service.service [req-1ea4e9e0-b0b0-48f5-8841-3d0aae6a1abd - - - - -] vault.approle_secret_id = None log_opt_values /usr/lib/python3/dist-packages/oslo_config/cfg.py:2609
2026-02-12 00:39:39.192 161084 DEBUG oslo_service.service [req-1ea4e9e0-b0b0-48f5-8841-3d0aae6a1abd - - - - -] vault.cafile = None log_opt_values /usr/lib/python3/dist-packages/oslo_config/cfg.py:2609
2026-02-12 00:39:39.192 161084 DEBUG oslo_service.service [req-1ea4e9e0-b0b0-48f5-8841-3d0aae6a1abd - - - - -] vault.certfile = None log_opt_values /usr/lib/python3/dist-packages/oslo_config/cfg.py:2609
2026-02-12 00:39:39.192 161084 DEBUG oslo_service.service [req-1ea4e9e0-b0b0-48f5-8841-3d0aae6a1abd - - - - -] vault.collect_timing = False log_opt_values /usr/lib/python3/dist-packages/oslo_config/cfg.py:2609
2026-02-12 00:39:39.192 161084 DEBUG oslo_service.service [req-1ea4e9e0-b0b0-48f5-8841-3d0aae6a1abd - - - - -] vault.insecure = False log_opt_values /usr/lib/python3/dist-packages/oslo_config/cfg.py:2609
2026-02-12 00:39:39.192 161084 DEBUG oslo_service.service [req-1ea4e9e0-b0b0-48f5-8841-3d0aae6a1abd - - - - -] vault.keyfile = None log_opt_values /usr/lib/python3/dist-packages/oslo_config/cfg.py:2609
2026-02-12 00:39:39.193 161084 DEBUG oslo_service.service [req-1ea4e9e0-b0b0-48f5-8841-3d0aae6a1abd - - - - -] vault.kv_mountpoint = secret log_opt_values /usr/lib/python3/dist-packages/oslo_config/cfg.py:2609
2026-02-12 00:39:39.193 161084 DEBUG oslo_service.service [req-1ea4e9e0-b0b0-48f5-8841-3d0aae6a1abd - - - - -] vault.kv_version = 2 log_opt_values /usr/lib/python3/dist-packages/oslo_config/cfg.py:2609
2026-02-12 00:39:39.193 161084 DEBUG oslo_service.service [req-1ea4e9e0-b0b0-48f5-8841-3d0aae6a1abd - - - - -] vault.namespace = None log_opt_values /usr/lib/python3/dist-packages/oslo_config/cfg.py:2609
2026-02-12 00:39:39.193 161084 DEBUG oslo_service.service [req-1ea4e9e0-b0b0-48f5-8841-3d0aae6a1abd - - - - -] vault.root_token_id = None log_opt_values /usr/lib/python3/dist-packages/oslo_config/cfg.py:2609
2026-02-12 00:39:39.193 161084 DEBUG oslo_service.service [req-1ea4e9e0-b0b0-48f5-8841-3d0aae6a1abd - - - - -] vault.split_loggers = False log_opt_values /usr/lib/python3/dist-packages/oslo_config/cfg.py:2609
2026-02-12 00:39:39.194 161084 DEBUG oslo_service.service [req-1ea4e9e0-b0b0-48f5-8841-3d0aae6a1abd - - - - -] vault.ssl_ca_crt_file = None log_opt_values /usr/lib/python3/dist-packages/oslo_config/cfg.py:2609
2026-02-12 00:39:39.194 161084 DEBUG oslo_service.service [req-1ea4e9e0-b0b0-48f5-8841-3d0aae6a1abd - - - - -] vault.timeout = None log_opt_values /usr/lib/python3/dist-packages/oslo_config/cfg.py:2609
2026-02-12 00:39:39.194 161084 DEBUG oslo_service.service [req-1ea4e9e0-b0b0-48f5-8841-3d0aae6a1abd - - - - -] vault.use_ssl = False log_opt_values /usr/lib/python3/dist-packages/oslo_config/cfg.py:2609
2026-02-12 00:39:39.194 161084 DEBUG oslo_service.service [req-1ea4e9e0-b0b0-48f5-8841-3d0aae6a1abd - - - - -] vault.vault_url = http://127.0.0.1:8200 log_opt_values /usr/lib/python3/dist-packages/oslo_config/cfg.py:2609
2026-02-12 00:39:39.194 161084 DEBUG oslo_service.service [req-1ea4e9e0-b0b0-48f5-8841-3d0aae6a1abd - - - - -] keystone.cafile = None log_opt_values /usr/lib/python3/dist-packages/oslo_config/cfg.py:2609
2026-02-12 00:39:39.195 161084 DEBUG oslo_service.service [req-1ea4e9e0-b0b0-48f5-8841-3d0aae6a1abd - - - - -] keystone.certfile = None log_opt_values /usr/lib/python3/dist-packages/oslo_config/cfg.py:2609
2026-02-12 00:39:39.195 161084 DEBUG oslo_service.service [req-1ea4e9e0-b0b0-48f5-8841-3d0aae6a1abd - - - - -] keystone.collect_timing = False log_opt_values /usr/lib/python3/dist-packages/oslo_config/cfg.py:2609
2026-02-12 00:39:39.195 161084 DEBUG oslo_service.service [req-1ea4e9e0-b0b0-48f5-8841-3d0aae6a1abd - - - - -] keystone.connect_retries = None log_opt_values /usr/lib/python3/dist-packages/oslo_config/cfg.py:2609
2026-02-12 00:39:39.195 161084 DEBUG oslo_service.service [req-1ea4e9e0-b0b0-48f5-8841-3d0aae6a1abd - - - - -] keystone.connect_retry_delay = None log_opt_values /usr/lib/python3/dist-packages/oslo_config/cfg.py:2609
2026-02-12 00:39:39.195 161084 DEBUG oslo_service.service [req-1ea4e9e0-b0b0-48f5-8841-3d0aae6a1abd - - - - -] keystone.endpoint_override = None log_opt_values /usr/lib/python3/dist-packages/oslo_config/cfg.py:2609
2026-02-12 00:39:39.196 161084 DEBUG oslo_service.service [req-1ea4e9e0-b0b0-48f5-8841-3d0aae6a1abd - - - - -] keystone.insecure = False log_opt_values /usr/lib/python3/dist-packages/oslo_config/cfg.py:2609
2026-02-12 00:39:39.196 161084 DEBUG oslo_service.service [req-1ea4e9e0-b0b0-48f5-8841-3d0aae6a1abd - - - - -] keystone.keyfile = None log_opt_values /usr/lib/python3/dist-packages/oslo_config/cfg.py:2609
2026-02-12 00:39:39.196 161084 DEBUG oslo_service.service [req-1ea4e9e0-b0b0-48f5-8841-3d0aae6a1abd - - - - -] keystone.max_version = None log_opt_values /usr/lib/python3/dist-packages/oslo_config/cfg.py:2609
2026-02-12 00:39:39.196 161084 DEBUG oslo_service.service [req-1ea4e9e0-b0b0-48f5-8841-3d0aae6a1abd - - - - -] keystone.min_version = None log_opt_values /usr/lib/python3/dist-packages/oslo_config/cfg.py:2609
2026-02-12 00:39:39.196 161084 DEBUG oslo_service.service [req-1ea4e9e0-b0b0-48f5-8841-3d0aae6a1abd - - - - -] keystone.region_name = None log_opt_values /usr/lib/python3/dist-packages/oslo_config/cfg.py:2609
2026-02-12 00:39:39.196 161084 DEBUG oslo_service.service [req-1ea4e9e0-b0b0-48f5-8841-3d0aae6a1abd - - - - -] keystone.service_name = None log_opt_values /usr/lib/python3/dist-packages/oslo_config/cfg.py:2609
2026-02-12 00:39:39.196 161084 DEBUG oslo_service.service [req-1ea4e9e0-b0b0-48f5-8841-3d0aae6a1abd - - - - -] keystone.service_type = identity log_opt_values /usr/lib/python3/dist-packages/oslo_config/cfg.py:2609
2026-02-12 00:39:39.197 161084 DEBUG oslo_service.service [req-1ea4e9e0-b0b0-48f5-8841-3d0aae6a1abd - - - - -] keystone.split_loggers = False log_opt_values /usr/lib/python3/dist-packages/oslo_config/cfg.py:2609
2026-02-12 00:39:39.197 161084 DEBUG oslo_service.service [req-1ea4e9e0-b0b0-48f5-8841-3d0aae6a1abd - - - - -] keystone.status_code_retries = None log_opt_values /usr/lib/python3/dist-packages/oslo_config/cfg.py:2609
2026-02-12 00:39:39.197 161084 DEBUG oslo_service.service [req-1ea4e9e0-b0b0-48f5-8841-3d0aae6a1abd - - - - -] keystone.status_code_retry_delay = None log_opt_values /usr/lib/python3/dist-packages/oslo_config/cfg.py:2609
2026-02-12 00:39:39.197 161084 DEBUG oslo_service.service [req-1ea4e9e0-b0b0-48f5-8841-3d0aae6a1abd - - - - -] keystone.timeout = None log_opt_values /usr/lib/python3/dist-packages/oslo_config/cfg.py:2609
2026-02-12 00:39:39.197 161084 DEBUG oslo_service.service [req-1ea4e9e0-b0b0-48f5-8841-3d0aae6a1abd - - - - -] keystone.valid_interfaces = ['internal', 'public'] log_opt_values /usr/lib/python3/dist-packages/oslo_config/cfg.py:2609
2026-02-12 00:39:39.197 161084 DEBUG oslo_service.service [req-1ea4e9e0-b0b0-48f5-8841-3d0aae6a1abd - - - - -] keystone.version = None log_opt_values /usr/lib/python3/dist-packages/oslo_config/cfg.py:2609
2026-02-12 00:39:39.198 161084 DEBUG oslo_service.service [req-1ea4e9e0-b0b0-48f5-8841-3d0aae6a1abd - - - - -] libvirt.connection_uri = log_opt_values /usr/lib/python3/dist-packages/oslo_config/cfg.py:2609
2026-02-12 00:39:39.198 161084 DEBUG oslo_service.service [req-1ea4e9e0-b0b0-48f5-8841-3d0aae6a1abd - - - - -] libvirt.cpu_mode = None log_opt_values /usr/lib/python3/dist-packages/oslo_config/cfg.py:2609
2026-02-12 00:39:39.198 161084 DEBUG oslo_service.service [req-1ea4e9e0-b0b0-48f5-8841-3d0aae6a1abd - - - - -] libvirt.cpu_model_extra_flags = [] log_opt_values /usr/lib/python3/dist-packages/oslo_config/cfg.py:2609
2026-02-12 00:39:39.198 161084 DEBUG oslo_service.service [req-1ea4e9e0-b0b0-48f5-8841-3d0aae6a1abd - - - - -] libvirt.cpu_models = [] log_opt_values /usr/lib/python3/dist-packages/oslo_config/cfg.py:2609
2026-02-12 00:39:39.198 161084 DEBUG oslo_service.service [req-1ea4e9e0-b0b0-48f5-8841-3d0aae6a1abd - - - - -] libvirt.device_detach_attempts = 8 log_opt_values /usr/lib/python3/dist-packages/oslo_config/cfg.py:2609
2026-02-12 00:39:39.199 161084 DEBUG oslo_service.service [req-1ea4e9e0-b0b0-48f5-8841-3d0aae6a1abd - - - - -] libvirt.device_detach_timeout = 20 log_opt_values /usr/lib/python3/dist-packages/oslo_config/cfg.py:2609
2026-02-12 00:39:39.199 161084 DEBUG oslo_service.service [req-1ea4e9e0-b0b0-48f5-8841-3d0aae6a1abd - - - - -] libvirt.disk_cachemodes = [] log_opt_values /usr/lib/python3/dist-packages/oslo_config/cfg.py:2609
2026-02-12 00:39:39.199 161084 DEBUG oslo_service.service [req-1ea4e9e0-b0b0-48f5-8841-3d0aae6a1abd - - - - -] libvirt.disk_prefix = None log_opt_values /usr/lib/python3/dist-packages/oslo_config/cfg.py:2609
2026-02-12 00:39:39.199 161084 DEBUG oslo_service.service [req-1ea4e9e0-b0b0-48f5-8841-3d0aae6a1abd - - - - -] libvirt.enabled_perf_events = [] log_opt_values /usr/lib/python3/dist-packages/oslo_config/cfg.py:2609
2026-02-12 00:39:39.199 161084 DEBUG oslo_service.service [req-1ea4e9e0-b0b0-48f5-8841-3d0aae6a1abd - - - - -] libvirt.file_backed_memory = 0 log_opt_values /usr/lib/python3/dist-packages/oslo_config/cfg.py:2609
2026-02-12 00:39:39.200 161084 DEBUG oslo_service.service [req-1ea4e9e0-b0b0-48f5-8841-3d0aae6a1abd - - - - -] libvirt.gid_maps = [] log_opt_values /usr/lib/python3/dist-packages/oslo_config/cfg.py:2609
2026-02-12 00:39:39.200 161084 DEBUG oslo_service.service [req-1ea4e9e0-b0b0-48f5-8841-3d0aae6a1abd - - - - -] libvirt.hw_disk_discard = None log_opt_values /usr/lib/python3/dist-packages/oslo_config/cfg.py:2609
2026-02-12 00:39:39.200 161084 DEBUG oslo_service.service [req-1ea4e9e0-b0b0-48f5-8841-3d0aae6a1abd - - - - -] libvirt.hw_machine_type = None log_opt_values /usr/lib/python3/dist-packages/oslo_config/cfg.py:2609
2026-02-12 00:39:39.200 161084 DEBUG oslo_service.service [req-1ea4e9e0-b0b0-48f5-8841-3d0aae6a1abd - - - - -] libvirt.images_rbd_ceph_conf = log_opt_values /usr/lib/python3/dist-packages/oslo_config/cfg.py:2609
2026-02-12 00:39:39.201 161084 DEBUG oslo_service.service [req-1ea4e9e0-b0b0-48f5-8841-3d0aae6a1abd - - - - -] libvirt.images_rbd_glance_copy_poll_interval = 15 log_opt_values /usr/lib/python3/dist-packages/oslo_config/cfg.py:2609
2026-02-12 00:39:39.201 161084 DEBUG oslo_service.service [req-1ea4e9e0-b0b0-48f5-8841-3d0aae6a1abd - - - - -] libvirt.images_rbd_glance_copy_timeout = 600 log_opt_values /usr/lib/python3/dist-packages/oslo_config/cfg.py:2609
2026-02-12 00:39:39.201 161084 DEBUG oslo_service.service [req-1ea4e9e0-b0b0-48f5-8841-3d0aae6a1abd - - - - -] libvirt.images_rbd_glance_store_name = log_opt_values /usr/lib/python3/dist-packages/oslo_config/cfg.py:2609
2026-02-12 00:39:39.201 161084 DEBUG oslo_service.service [req-1ea4e9e0-b0b0-48f5-8841-3d0aae6a1abd - - - - -] libvirt.images_rbd_pool = rbd log_opt_values /usr/lib/python3/dist-packages/oslo_config/cfg.py:2609
2026-02-12 00:39:39.201 161084 DEBUG oslo_service.service [req-1ea4e9e0-b0b0-48f5-8841-3d0aae6a1abd - - - - -] libvirt.images_type = default log_opt_values /usr/lib/python3/dist-packages/oslo_config/cfg.py:2609
2026-02-12 00:39:39.201 161084 DEBUG oslo_service.service [req-1ea4e9e0-b0b0-48f5-8841-3d0aae6a1abd - - - - -] libvirt.images_volume_group = None log_opt_values /usr/lib/python3/dist-packages/oslo_config/cfg.py:2609
2026-02-12 00:39:39.202 161084 DEBUG oslo_service.service [req-1ea4e9e0-b0b0-48f5-8841-3d0aae6a1abd - - - - -] libvirt.inject_key = False log_opt_values /usr/lib/python3/dist-packages/oslo_config/cfg.py:2609
2026-02-12 00:39:39.202 161084 DEBUG oslo_service.service [req-1ea4e9e0-b0b0-48f5-8841-3d0aae6a1abd - - - - -] libvirt.inject_partition = -2 log_opt_values /usr/lib/python3/dist-packages/oslo_config/cfg.py:2609
2026-02-12 00:39:39.202 161084 DEBUG oslo_service.service [req-1ea4e9e0-b0b0-48f5-8841-3d0aae6a1abd - - - - -] libvirt.inject_password = False log_opt_values /usr/lib/python3/dist-packages/oslo_config/cfg.py:2609
2026-02-12 00:39:39.202 161084 DEBUG oslo_service.service [req-1ea4e9e0-b0b0-48f5-8841-3d0aae6a1abd - - - - -] libvirt.iscsi_iface = None log_opt_values /usr/lib/python3/dist-packages/oslo_config/cfg.py:2609
2026-02-12 00:39:39.202 161084 DEBUG oslo_service.service [req-1ea4e9e0-b0b0-48f5-8841-3d0aae6a1abd - - - - -] libvirt.iser_use_multipath = False log_opt_values /usr/lib/python3/dist-packages/oslo_config/cfg.py:2609
2026-02-12 00:39:39.202 161084 DEBUG oslo_service.service [req-1ea4e9e0-b0b0-48f5-8841-3d0aae6a1abd - - - - -] libvirt.live_migration_bandwidth = 0 log_opt_values /usr/lib/python3/dist-packages/oslo_config/cfg.py:2609
2026-02-12 00:39:39.203 161084 DEBUG oslo_service.service [req-1ea4e9e0-b0b0-48f5-8841-3d0aae6a1abd - - - - -] libvirt.live_migration_completion_timeout = 800 log_opt_values /usr/lib/python3/dist-packages/oslo_config/cfg.py:2609
2026-02-12 00:39:39.203 161084 DEBUG oslo_service.service [req-1ea4e9e0-b0b0-48f5-8841-3d0aae6a1abd - - - - -] libvirt.live_migration_downtime = 500 log_opt_values /usr/lib/python3/dist-packages/oslo_config/cfg.py:2609
2026-02-12 00:39:39.203 161084 DEBUG oslo_service.service [req-1ea4e9e0-b0b0-48f5-8841-3d0aae6a1abd - - - - -] libvirt.live_migration_downtime_delay = 75 log_opt_values /usr/lib/python3/dist-packages/oslo_config/cfg.py:2609
2026-02-12 00:39:39.203 161084 DEBUG oslo_service.service [req-1ea4e9e0-b0b0-48f5-8841-3d0aae6a1abd - - - - -] libvirt.live_migration_downtime_steps = 10 log_opt_values /usr/lib/python3/dist-packages/oslo_config/cfg.py:2609
2026-02-12 00:39:39.203 161084 DEBUG oslo_service.service [req-1ea4e9e0-b0b0-48f5-8841-3d0aae6a1abd - - - - -] libvirt.live_migration_inbound_addr = None log_opt_values /usr/lib/python3/dist-packages/oslo_config/cfg.py:2609
2026-02-12 00:39:39.204 161084 DEBUG oslo_service.service [req-1ea4e9e0-b0b0-48f5-8841-3d0aae6a1abd - - - - -] libvirt.live_migration_permit_auto_converge = False log_opt_values /usr/lib/python3/dist-packages/oslo_config/cfg.py:2609
2026-02-12 00:39:39.204 161084 DEBUG oslo_service.service [req-1ea4e9e0-b0b0-48f5-8841-3d0aae6a1abd - - - - -] libvirt.live_migration_permit_post_copy = False log_opt_values /usr/lib/python3/dist-packages/oslo_config/cfg.py:2609
2026-02-12 00:39:39.204 161084 DEBUG oslo_service.service [req-1ea4e9e0-b0b0-48f5-8841-3d0aae6a1abd - - - - -] libvirt.live_migration_scheme = None log_opt_values /usr/lib/python3/dist-packages/oslo_config/cfg.py:2609
2026-02-12 00:39:39.204 161084 DEBUG oslo_service.service [req-1ea4e9e0-b0b0-48f5-8841-3d0aae6a1abd - - - - -] libvirt.live_migration_timeout_action = abort log_opt_values /usr/lib/python3/dist-packages/oslo_config/cfg.py:2609
2026-02-12 00:39:39.204 161084 DEBUG oslo_service.service [req-1ea4e9e0-b0b0-48f5-8841-3d0aae6a1abd - - - - -] libvirt.live_migration_tunnelled = False log_opt_values /usr/lib/python3/dist-packages/oslo_config/cfg.py:2609
2026-02-12 00:39:39.205 161084 DEBUG oslo_service.service [req-1ea4e9e0-b0b0-48f5-8841-3d0aae6a1abd - - - - -] libvirt.live_migration_uri = None log_opt_values /usr/lib/python3/dist-packages/oslo_config/cfg.py:2609
2026-02-12 00:39:39.205 161084 DEBUG oslo_service.service [req-1ea4e9e0-b0b0-48f5-8841-3d0aae6a1abd - - - - -] libvirt.live_migration_with_native_tls = False log_opt_values /usr/lib/python3/dist-packages/oslo_config/cfg.py:2609
2026-02-12 00:39:39.205 161084 DEBUG oslo_service.service [req-1ea4e9e0-b0b0-48f5-8841-3d0aae6a1abd - - - - -] libvirt.max_queues = None log_opt_values /usr/lib/python3/dist-packages/oslo_config/cfg.py:2609
2026-02-12 00:39:39.205 161084 DEBUG oslo_service.service [req-1ea4e9e0-b0b0-48f5-8841-3d0aae6a1abd - - - - -] libvirt.mem_stats_period_seconds = 10 log_opt_values /usr/lib/python3/dist-packages/oslo_config/cfg.py:2609
2026-02-12 00:39:39.205 161084 DEBUG oslo_service.service [req-1ea4e9e0-b0b0-48f5-8841-3d0aae6a1abd - - - - -] libvirt.nfs_mount_options = None log_opt_values /usr/lib/python3/dist-packages/oslo_config/cfg.py:2609
2026-02-12 00:39:39.206 161084 DEBUG oslo_service.service [req-1ea4e9e0-b0b0-48f5-8841-3d0aae6a1abd - - - - -] libvirt.nfs_mount_point_base = /var/lib/nova/mnt log_opt_values /usr/lib/python3/dist-packages/oslo_config/cfg.py:2609
2026-02-12 00:39:39.206 161084 DEBUG oslo_service.service [req-1ea4e9e0-b0b0-48f5-8841-3d0aae6a1abd - - - - -] libvirt.num_aoe_discover_tries = 3 log_opt_values /usr/lib/python3/dist-packages/oslo_config/cfg.py:2609
2026-02-12 00:39:39.206 161084 DEBUG oslo_service.service [req-1ea4e9e0-b0b0-48f5-8841-3d0aae6a1abd - - - - -] libvirt.num_iser_scan_tries = 5 log_opt_values /usr/lib/python3/dist-packages/oslo_config/cfg.py:2609
2026-02-12 00:39:39.206 161084 DEBUG oslo_service.service [req-1ea4e9e0-b0b0-48f5-8841-3d0aae6a1abd - - - - -] libvirt.num_memory_encrypted_guests = None log_opt_values /usr/lib/python3/dist-packages/oslo_config/cfg.py:2609
2026-02-12 00:39:39.206 161084 DEBUG oslo_service.service [req-1ea4e9e0-b0b0-48f5-8841-3d0aae6a1abd - - - - -] libvirt.num_nvme_discover_tries = 5 log_opt_values /usr/lib/python3/dist-packages/oslo_config/cfg.py:2609
2026-02-12 00:39:39.206 161084 DEBUG oslo_service.service [req-1ea4e9e0-b0b0-48f5-8841-3d0aae6a1abd - - - - -] libvirt.num_pcie_ports = 0 log_opt_values /usr/lib/python3/dist-packages/oslo_config/cfg.py:2609
2026-02-12 00:39:39.207 161084 DEBUG oslo_service.service [req-1ea4e9e0-b0b0-48f5-8841-3d0aae6a1abd - - - - -] libvirt.num_volume_scan_tries = 5 log_opt_values /usr/lib/python3/dist-packages/oslo_config/cfg.py:2609
2026-02-12 00:39:39.207 161084 DEBUG oslo_service.service [req-1ea4e9e0-b0b0-48f5-8841-3d0aae6a1abd - - - - -] libvirt.pmem_namespaces = [] log_opt_values /usr/lib/python3/dist-packages/oslo_config/cfg.py:2609
2026-02-12 00:39:39.207 161084 DEBUG oslo_service.service [req-1ea4e9e0-b0b0-48f5-8841-3d0aae6a1abd - - - - -] libvirt.quobyte_client_cfg = None log_opt_values /usr/lib/python3/dist-packages/oslo_config/cfg.py:2609
2026-02-12 00:39:39.207 161084 DEBUG oslo_service.service [req-1ea4e9e0-b0b0-48f5-8841-3d0aae6a1abd - - - - -] libvirt.quobyte_mount_point_base = /var/lib/nova/mnt log_opt_values /usr/lib/python3/dist-packages/oslo_config/cfg.py:2609
