2026-02-12 00:37:42.055 138125 DEBUG oslo_service.service [req-c3ac17aa-4c52-4eff-83d5-d45d68e63904 - - - - -] glance.min_version = None log_opt_values /usr/lib/python3/dist-packages/oslo_config/cfg.py:2609
2026-02-12 00:37:42.055 138125 DEBUG oslo_service.service [req-c3ac17aa-4c52-4eff-83d5-d45d68e63904 - - - - -] glance.num_retries = 3 log_opt_values /usr/lib/python3/dist-packages/oslo_config/cfg.py:2609
2026-02-12 00:37:42.055 138125 DEBUG oslo_service.service [req-c3ac17aa-4c52-4eff-83d5-d45d68e63904 - - - - -] glance.rbd_ceph_conf = log_opt_values /usr/lib/python3/dist-packages/oslo_config/cfg.py:2609
2026-02-12 00:37:42.056 138125 DEBUG oslo_service.service [req-c3ac17aa-4c52-4eff-83d5-d45d68e63904 - - - - -] glance.rbd_connect_timeout = 5 log_opt_values /usr/lib/python3/dist-packages/oslo_config/cfg.py:2609
2026-02-12 00:37:42.056 138125 DEBUG oslo_service.service [req-c3ac17aa-4c52-4eff-83d5-d45d68e63904 - - - - -] glance.rbd_pool = log_opt_values /usr/lib/python3/dist-packages/oslo_config/cfg.py:2609
2026-02-12 00:37:42.056 138125 DEBUG oslo_service.service [req-c3ac17aa-4c52-4eff-83d5-d45d68e63904 - - - - -] glance.rbd_user = log_opt_values /usr/lib/python3/dist-packages/oslo_config/cfg.py:2609
2026-02-12 00:37:42.056 138125 DEBUG oslo_service.service [req-c3ac17aa-4c52-4eff-83d5-d45d68e63904 - - - - -] glance.region_name = None log_opt_values /usr/lib/python3/dist-packages/oslo_config/cfg.py:2609
2026-02-12 00:37:42.057 138125 DEBUG oslo_service.service [req-c3ac17aa-4c52-4eff-83d5-d45d68e63904 - - - - -] glance.service_name = None log_opt_values /usr/lib/python3/dist-packages/oslo_config/cfg.py:2609
2026-02-12 00:37:42.057 138125 DEBUG oslo_service.service [req-c3ac17aa-4c52-4eff-83d5-d45d68e63904 - - - - -] glance.service_type = image log_opt_values /usr/lib/python3/dist-packages/oslo_config/cfg.py:2609
2026-02-12 00:37:42.057 138125 DEBUG oslo_service.service [req-c3ac17aa-4c52-4eff-83d5-d45d68e63904 - - - - -] glance.split_loggers = False log_opt_values /usr/lib/python3/dist-packages/oslo_config/cfg.py:2609
2026-02-12 00:37:42.057 138125 DEBUG oslo_service.service [req-c3ac17aa-4c52-4eff-83d5-d45d68e63904 - - - - -] glance.status_code_retries = None log_opt_values /usr/lib/python3/dist-packages/oslo_config/cfg.py:2609
2026-02-12 00:37:42.057 138125 DEBUG oslo_service.service [req-c3ac17aa-4c52-4eff-83d5-d45d68e63904 - - - - -] glance.status_code_retry_delay = None log_opt_values /usr/lib/python3/dist-packages/oslo_config/cfg.py:2609
2026-02-12 00:37:42.058 138125 DEBUG oslo_service.service [req-c3ac17aa-4c52-4eff-83d5-d45d68e63904 - - - - -] glance.timeout = None log_opt_values /usr/lib/python3/dist-packages/oslo_config/cfg.py:2609
2026-02-12 00:37:42.058 138125 DEBUG oslo_service.service [req-c3ac17aa-4c52-4eff-83d5-d45d68e63904 - - - - -] glance.valid_interfaces = ['internal', 'public'] log_opt_values /usr/lib/python3/dist-packages/oslo_config/cfg.py:2609
2026-02-12 00:37:42.058 138125 DEBUG oslo_service.service [req-c3ac17aa-4c52-4eff-83d5-d45d68e63904 - - - - -] glance.verify_glance_signatures = False log_opt_values /usr/lib/python3/dist-packages/oslo_config/cfg.py:2609
2026-02-12 00:37:42.058 138125 DEBUG oslo_service.service [req-c3ac17aa-4c52-4eff-83d5-d45d68e63904 - - - - -] glance.version = None log_opt_values /usr/lib/python3/dist-packages/oslo_config/cfg.py:2609
2026-02-12 00:37:42.058 138125 DEBUG oslo_service.service [req-c3ac17aa-4c52-4eff-83d5-d45d68e63904 - - - - -] guestfs.debug = False log_opt_values /usr/lib/python3/dist-packages/oslo_config/cfg.py:2609
2026-02-12 00:37:42.059 138125 DEBUG oslo_service.service [req-c3ac17aa-4c52-4eff-83d5-d45d68e63904 - - - - -] hyperv.config_drive_cdrom = False log_opt_values /usr/lib/python3/dist-packages/oslo_config/cfg.py:2609
2026-02-12 00:37:42.059 138125 DEBUG oslo_service.service [req-c3ac17aa-4c52-4eff-83d5-d45d68e63904 - - - - -] hyperv.config_drive_inject_password = False log_opt_values /usr/lib/python3/dist-packages/oslo_config/cfg.py:2609
2026-02-12 00:37:42.059 138125 DEBUG oslo_service.service [req-c3ac17aa-4c52-4eff-83d5-d45d68e63904 - - - - -] hyperv.dynamic_memory_ratio = 1.0 log_opt_values /usr/lib/python3/dist-packages/oslo_config/cfg.py:2609
2026-02-12 00:37:42.059 138125 DEBUG oslo_service.service [req-c3ac17aa-4c52-4eff-83d5-d45d68e63904 - - - - -] hyperv.enable_instance_metrics_collection = False log_opt_values /usr/lib/python3/dist-packages/oslo_config/cfg.py:2609
2026-02-12 00:37:42.059 138125 DEBUG oslo_service.service [req-c3ac17aa-4c52-4eff-83d5-d45d68e63904 - - - - -] hyperv.enable_remotefx = False log_opt_values /usr/lib/python3/dist-packages/oslo_config/cfg.py:2609
2026-02-12 00:37:42.060 138125 DEBUG oslo_service.service [req-c3ac17aa-4c52-4eff-83d5-d45d68e63904 - - - - -] hyperv.instances_path_share = log_opt_values /usr/lib/python3/dist-packages/oslo_config/cfg.py:2609
2026-02-12 00:37:42.060 138125 DEBUG oslo_service.service [req-c3ac17aa-4c52-4eff-83d5-d45d68e63904 - - - - -] hyperv.iscsi_initiator_list = [] log_opt_values /usr/lib/python3/dist-packages/oslo_config/cfg.py:2609
2026-02-12 00:37:42.060 139450 DEBUG nova.service [req-26495526-ff03-4644-a41c-3cc77d4b0293 - - - - -] Creating RPC server for service scheduler start /usr/lib/python3/dist-packages/nova/service.py:182
2026-02-12 00:37:42.060 138125 DEBUG oslo_service.service [req-c3ac17aa-4c52-4eff-83d5-d45d68e63904 - - - - -] hyperv.limit_cpu_features = False log_opt_values /usr/lib/python3/dist-packages/oslo_config/cfg.py:2609
2026-02-12 00:37:42.060 138125 DEBUG oslo_service.service [req-c3ac17aa-4c52-4eff-83d5-d45d68e63904 - - - - -] hyperv.mounted_disk_query_retry_count = 10 log_opt_values /usr/lib/python3/dist-packages/oslo_config/cfg.py:2609
2026-02-12 00:37:42.060 138125 DEBUG oslo_service.service [req-c3ac17aa-4c52-4eff-83d5-d45d68e63904 - - - - -] hyperv.mounted_disk_query_retry_interval = 5 log_opt_values /usr/lib/python3/dist-packages/oslo_config/cfg.py:2609
2026-02-12 00:37:42.061 138125 DEBUG oslo_service.service [req-c3ac17aa-4c52-4eff-83d5-d45d68e63904 - - - - -] hyperv.power_state_check_timeframe = 60 log_opt_values /usr/lib/python3/dist-packages/oslo_config/cfg.py:2609
2026-02-12 00:37:42.062 138125 DEBUG oslo_service.service [req-c3ac17aa-4c52-4eff-83d5-d45d68e63904 - - - - -] hyperv.power_state_event_polling_interval = 2 log_opt_values /usr/lib/python3/dist-packages/oslo_config/cfg.py:2609
2026-02-12 00:37:42.062 138125 DEBUG oslo_service.service [req-c3ac17aa-4c52-4eff-83d5-d45d68e63904 - - - - -] hyperv.qemu_img_cmd = qemu-img.exe log_opt_values /usr/lib/python3/dist-packages/oslo_config/cfg.py:2609
2026-02-12 00:37:42.062 138125 DEBUG oslo_service.service [req-c3ac17aa-4c52-4eff-83d5-d45d68e63904 - - - - -] hyperv.use_multipath_io = False log_opt_values /usr/lib/python3/dist-packages/oslo_config/cfg.py:2609
2026-02-12 00:37:42.062 138125 DEBUG oslo_service.service [req-c3ac17aa-4c52-4eff-83d5-d45d68e63904 - - - - -] hyperv.volume_attach_retry_count = 10 log_opt_values /usr/lib/python3/dist-packages/oslo_config/cfg.py:2609
2026-02-12 00:37:42.063 138125 DEBUG oslo_service.service [req-c3ac17aa-4c52-4eff-83d5-d45d68e63904 - - - - -] hyperv.volume_attach_retry_interval = 5 log_opt_values /usr/lib/python3/dist-packages/oslo_config/cfg.py:2609
2026-02-12 00:37:42.063 138125 DEBUG oslo_service.service [req-c3ac17aa-4c52-4eff-83d5-d45d68e63904 - - - - -] hyperv.vswitch_name = None log_opt_values /usr/lib/python3/dist-packages/oslo_config/cfg.py:2609
2026-02-12 00:37:42.063 138125 DEBUG oslo_service.service [req-c3ac17aa-4c52-4eff-83d5-d45d68e63904 - - - - -] hyperv.wait_soft_reboot_seconds = 60 log_opt_values /usr/lib/python3/dist-packages/oslo_config/cfg.py:2609
2026-02-12 00:37:42.063 138125 DEBUG oslo_service.service [req-c3ac17aa-4c52-4eff-83d5-d45d68e63904 - - - - -] mks.enabled = False log_opt_values /usr/lib/python3/dist-packages/oslo_config/cfg.py:2609
2026-02-12 00:37:42.065 138125 DEBUG oslo_service.service [req-c3ac17aa-4c52-4eff-83d5-d45d68e63904 - - - - -] mks.mksproxy_base_url = http://127.0.0.1:6090/ log_opt_values /usr/lib/python3/dist-packages/oslo_config/cfg.py:2609
2026-02-12 00:37:42.065 138125 DEBUG oslo_service.service [req-c3ac17aa-4c52-4eff-83d5-d45d68e63904 - - - - -] image_cache.manager_interval = 2400 log_opt_values /usr/lib/python3/dist-packages/oslo_config/cfg.py:2609
2026-02-12 00:37:42.065 138125 DEBUG oslo_service.service [req-c3ac17aa-4c52-4eff-83d5-d45d68e63904 - - - - -] image_cache.precache_concurrency = 1 log_opt_values /usr/lib/python3/dist-packages/oslo_config/cfg.py:2609
2026-02-12 00:37:42.065 138125 DEBUG oslo_service.service [req-c3ac17aa-4c52-4eff-83d5-d45d68e63904 - - - - -] image_cache.remove_unused_base_images = True log_opt_values /usr/lib/python3/dist-packages/oslo_config/cfg.py:2609
2026-02-12 00:37:42.065 138125 DEBUG oslo_service.service [req-c3ac17aa-4c52-4eff-83d5-d45d68e63904 - - - - -] image_cache.remove_unused_original_minimum_age_seconds = 86400 log_opt_values /usr/lib/python3/dist-packages/oslo_config/cfg.py:2609
2026-02-12 00:37:42.066 138125 DEBUG oslo_service.service [req-c3ac17aa-4c52-4eff-83d5-d45d68e63904 - - - - -] image_cache.remove_unused_resized_minimum_age_seconds = 3600 log_opt_values /usr/lib/python3/dist-packages/oslo_config/cfg.py:2609
2026-02-12 00:37:42.066 138125 DEBUG oslo_service.service [req-c3ac17aa-4c52-4eff-83d5-d45d68e63904 - - - - -] image_cache.subdirectory_name = _base log_opt_values /usr/lib/python3/dist-packages/oslo_config/cfg.py:2609
2026-02-12 00:37:42.066 138125 DEBUG oslo_service.service [req-c3ac17aa-4c52-4eff-83d5-d45d68e63904 - - - - -] ironic.api_max_retries = 60 log_opt_values /usr/lib/python3/dist-packages/oslo_config/cfg.py:2609
2026-02-12 00:37:42.066 138125 DEBUG oslo_service.service [req-c3ac17aa-4c52-4eff-83d5-d45d68e63904 - - - - -] ironic.api_retry_interval = 2 log_opt_values /usr/lib/python3/dist-packages/oslo_config/cfg.py:2609
2026-02-12 00:37:42.066 138125 DEBUG oslo_service.service [req-c3ac17aa-4c52-4eff-83d5-d45d68e63904 - - - - -] ironic.auth_section = None log_opt_values /usr/lib/python3/dist-packages/oslo_config/cfg.py:2609
2026-02-12 00:37:42.067 138125 DEBUG oslo_service.service [req-c3ac17aa-4c52-4eff-83d5-d45d68e63904 - - - - -] ironic.auth_type = None log_opt_values /usr/lib/python3/dist-packages/oslo_config/cfg.py:2609
2026-02-12 00:37:42.067 138125 DEBUG oslo_service.service [req-c3ac17aa-4c52-4eff-83d5-d45d68e63904 - - - - -] ironic.cafile = None log_opt_values /usr/lib/python3/dist-packages/oslo_config/cfg.py:2609
2026-02-12 00:37:42.067 138125 DEBUG oslo_service.service [req-c3ac17aa-4c52-4eff-83d5-d45d68e63904 - - - - -] ironic.certfile = None log_opt_values /usr/lib/python3/dist-packages/oslo_config/cfg.py:2609
2026-02-12 00:37:42.067 138125 DEBUG oslo_service.service [req-c3ac17aa-4c52-4eff-83d5-d45d68e63904 - - - - -] ironic.collect_timing = False log_opt_values /usr/lib/python3/dist-packages/oslo_config/cfg.py:2609
2026-02-12 00:37:42.067 138125 DEBUG oslo_service.service [req-c3ac17aa-4c52-4eff-83d5-d45d68e63904 - - - - -] ironic.connect_retries = None log_opt_values /usr/lib/python3/dist-packages/oslo_config/cfg.py:2609
2026-02-12 00:37:42.068 138125 DEBUG oslo_service.service [req-c3ac17aa-4c52-4eff-83d5-d45d68e63904 - - - - -] ironic.connect_retry_delay = None log_opt_values /usr/lib/python3/dist-packages/oslo_config/cfg.py:2609
2026-02-12 00:37:42.068 138125 DEBUG oslo_service.service [req-c3ac17aa-4c52-4eff-83d5-d45d68e63904 - - - - -] ironic.endpoint_override = None log_opt_values /usr/lib/python3/dist-packages/oslo_config/cfg.py:2609
2026-02-12 00:37:42.068 138125 DEBUG oslo_service.service [req-c3ac17aa-4c52-4eff-83d5-d45d68e63904 - - - - -] ironic.insecure = False log_opt_values /usr/lib/python3/dist-packages/oslo_config/cfg.py:2609
2026-02-12 00:37:42.068 138125 DEBUG oslo_service.service [req-c3ac17aa-4c52-4eff-83d5-d45d68e63904 - - - - -] ironic.keyfile = None log_opt_values /usr/lib/python3/dist-packages/oslo_config/cfg.py:2609
2026-02-12 00:37:42.068 138125 DEBUG oslo_service.service [req-c3ac17aa-4c52-4eff-83d5-d45d68e63904 - - - - -] ironic.max_version = None log_opt_values /usr/lib/python3/dist-packages/oslo_config/cfg.py:2609
2026-02-12 00:37:42.068 138125 DEBUG oslo_service.service [req-c3ac17aa-4c52-4eff-83d5-d45d68e63904 - - - - -] ironic.min_version = None log_opt_values /usr/lib/python3/dist-packages/oslo_config/cfg.py:2609
2026-02-12 00:37:42.069 138125 DEBUG oslo_service.service [req-c3ac17aa-4c52-4eff-83d5-d45d68e63904 - - - - -] ironic.partition_key = None log_opt_values /usr/lib/python3/dist-packages/oslo_config/cfg.py:2609
2026-02-12 00:37:42.069 138125 DEBUG oslo_service.service [req-c3ac17aa-4c52-4eff-83d5-d45d68e63904 - - - - -] ironic.peer_list = [] log_opt_values /usr/lib/python3/dist-packages/oslo_config/cfg.py:2609
2026-02-12 00:37:42.069 138125 DEBUG oslo_service.service [req-c3ac17aa-4c52-4eff-83d5-d45d68e63904 - - - - -] ironic.region_name = None log_opt_values /usr/lib/python3/dist-packages/oslo_config/cfg.py:2609
2026-02-12 00:37:42.069 138125 DEBUG oslo_service.service [req-c3ac17aa-4c52-4eff-83d5-d45d68e63904 - - - - -] ironic.serial_console_state_timeout = 10 log_opt_values /usr/lib/python3/dist-packages/oslo_config/cfg.py:2609
2026-02-12 00:37:42.069 138125 DEBUG oslo_service.service [req-c3ac17aa-4c52-4eff-83d5-d45d68e63904 - - - - -] ironic.service_name = None log_opt_values /usr/lib/python3/dist-packages/oslo_config/cfg.py:2609
2026-02-12 00:37:42.070 138125 DEBUG oslo_service.service [req-c3ac17aa-4c52-4eff-83d5-d45d68e63904 - - - - -] ironic.service_type = baremetal log_opt_values /usr/lib/python3/dist-packages/oslo_config/cfg.py:2609
2026-02-12 00:37:42.070 138125 DEBUG oslo_service.service [req-c3ac17aa-4c52-4eff-83d5-d45d68e63904 - - - - -] ironic.split_loggers = False log_opt_values /usr/lib/python3/dist-packages/oslo_config/cfg.py:2609
2026-02-12 00:37:42.070 138125 DEBUG oslo_service.service [req-c3ac17aa-4c52-4eff-83d5-d45d68e63904 - - - - -] ironic.status_code_retries = None log_opt_values /usr/lib/python3/dist-packages/oslo_config/cfg.py:2609
2026-02-12 00:37:42.070 138125 DEBUG oslo_service.service [req-c3ac17aa-4c52-4eff-83d5-d45d68e63904 - - - - -] ironic.status_code_retry_delay = None log_opt_values /usr/lib/python3/dist-packages/oslo_config/cfg.py:2609
2026-02-12 00:37:42.070 138125 DEBUG oslo_service.service [req-c3ac17aa-4c52-4eff-83d5-d45d68e63904 - - - - -] ironic.timeout = None log_opt_values /usr/lib/python3/dist-packages/oslo_config/cfg.py:2609
2026-02-12 00:37:42.070 138125 DEBUG oslo_service.service [req-c3ac17aa-4c52-4eff-83d5-d45d68e63904 - - - - -] ironic.valid_interfaces = ['internal', 'public'] log_opt_values /usr/lib/python3/dist-packages/oslo_config/cfg.py:2609
2026-02-12 00:37:42.071 138125 DEBUG oslo_service.service [req-c3ac17aa-4c52-4eff-83d5-d45d68e63904 - - - - -] ironic.version = None log_opt_values /usr/lib/python3/dist-packages/oslo_config/cfg.py:2609
2026-02-12 00:37:42.071 138125 DEBUG oslo_service.service [req-c3ac17aa-4c52-4eff-83d5-d45d68e63904 - - - - -] key_manager.backend = barbican log_opt_values /usr/lib/python3/dist-packages/oslo_config/cfg.py:2609
2026-02-12 00:37:42.071 138125 DEBUG oslo_service.service [req-c3ac17aa-4c52-4eff-83d5-d45d68e63904 - - - - -] key_manager.fixed_key = **** log_opt_values /usr/lib/python3/dist-packages/oslo_config/cfg.py:2609
2026-02-12 00:37:42.071 138125 DEBUG oslo_service.service [req-c3ac17aa-4c52-4eff-83d5-d45d68e63904 - - - - -] barbican.auth_endpoint = http://localhost/identity/v3 log_opt_values /usr/lib/python3/dist-packages/oslo_config/cfg.py:2609
2026-02-12 00:37:42.071 138125 DEBUG oslo_service.service [req-c3ac17aa-4c52-4eff-83d5-d45d68e63904 - - - - -] barbican.barbican_api_version = None log_opt_values /usr/lib/python3/dist-packages/oslo_config/cfg.py:2609
2026-02-12 00:37:42.072 138125 DEBUG oslo_service.service [req-c3ac17aa-4c52-4eff-83d5-d45d68e63904 - - - - -] barbican.barbican_endpoint = None log_opt_values /usr/lib/python3/dist-packages/oslo_config/cfg.py:2609
2026-02-12 00:37:42.072 138125 DEBUG oslo_service.service [req-c3ac17aa-4c52-4eff-83d5-d45d68e63904 - - - - -] barbican.barbican_endpoint_type = public log_opt_values /usr/lib/python3/dist-packages/oslo_config/cfg.py:2609
2026-02-12 00:37:42.072 138125 DEBUG oslo_service.service [req-c3ac17aa-4c52-4eff-83d5-d45d68e63904 - - - - -] barbican.barbican_region_name = None log_opt_values /usr/lib/python3/dist-packages/oslo_config/cfg.py:2609
2026-02-12 00:37:42.072 138125 DEBUG oslo_service.service [req-c3ac17aa-4c52-4eff-83d5-d45d68e63904 - - - - -] barbican.cafile = None log_opt_values /usr/lib/python3/dist-packages/oslo_config/cfg.py:2609
2026-02-12 00:37:42.072 138125 DEBUG oslo_service.service [req-c3ac17aa-4c52-4eff-83d5-d45d68e63904 - - - - -] barbican.certfile = None log_opt_values /usr/lib/python3/dist-packages/oslo_config/cfg.py:2609
2026-02-12 00:37:42.072 138125 DEBUG oslo_service.service [req-c3ac17aa-4c52-4eff-83d5-d45d68e63904 - - - - -] barbican.collect_timing = False log_opt_values /usr/lib/python3/dist-packages/oslo_config/cfg.py:2609
2026-02-12 00:37:42.072 138125 DEBUG oslo_service.service [req-c3ac17aa-4c52-4eff-83d5-d45d68e63904 - - - - -] barbican.insecure = False log_opt_values /usr/lib/python3/dist-packages/oslo_config/cfg.py:2609
2026-02-12 00:37:42.073 138125 DEBUG oslo_service.service [req-c3ac17aa-4c52-4eff-83d5-d45d68e63904 - - - - -] barbican.keyfile = None log_opt_values /usr/lib/python3/dist-packages/oslo_config/cfg.py:2609
2026-02-12 00:37:42.074 138125 DEBUG oslo_service.service [req-c3ac17aa-4c52-4eff-83d5-d45d68e63904 - - - - -] barbican.number_of_retries = 60 log_opt_values /usr/lib/python3/dist-packages/oslo_config/cfg.py:2609
2026-02-12 00:37:42.074 138125 DEBUG oslo_service.service [req-c3ac17aa-4c52-4eff-83d5-d45d68e63904 - - - - -] barbican.retry_delay = 1 log_opt_values /usr/lib/python3/dist-packages/oslo_config/cfg.py:2609
2026-02-12 00:37:42.074 138125 DEBUG oslo_service.service [req-c3ac17aa-4c52-4eff-83d5-d45d68e63904 - - - - -] barbican.send_service_user_token = False log_opt_values /usr/lib/python3/dist-packages/oslo_config/cfg.py:2609
2026-02-12 00:37:42.074 138125 DEBUG oslo_service.service [req-c3ac17aa-4c52-4eff-83d5-d45d68e63904 - - - - -] barbican.split_loggers = False log_opt_values /usr/lib/python3/dist-packages/oslo_config/cfg.py:2609
2026-02-12 00:37:42.075 138125 DEBUG oslo_service.service [req-c3ac17aa-4c52-4eff-83d5-d45d68e63904 - - - - -] barbican.timeout = None log_opt_values /usr/lib/python3/dist-packages/oslo_config/cfg.py:2609
2026-02-12 00:37:42.075 138125 DEBUG oslo_service.service [req-c3ac17aa-4c52-4eff-83d5-d45d68e63904 - - - - -] barbican.verify_ssl = True log_opt_values /usr/lib/python3/dist-packages/oslo_config/cfg.py:2609
2026-02-12 00:37:42.075 138125 DEBUG oslo_service.service [req-c3ac17aa-4c52-4eff-83d5-d45d68e63904 - - - - -] barbican.verify_ssl_path = None log_opt_values /usr/lib/python3/dist-packages/oslo_config/cfg.py:2609
2026-02-12 00:37:42.075 138125 DEBUG oslo_service.service [req-c3ac17aa-4c52-4eff-83d5-d45d68e63904 - - - - -] barbican_service_user.auth_section = None log_opt_values /usr/lib/python3/dist-packages/oslo_config/cfg.py:2609
2026-02-12 00:37:42.075 138125 DEBUG oslo_service.service [req-c3ac17aa-4c52-4eff-83d5-d45d68e63904 - - - - -] barbican_service_user.auth_type = None log_opt_values /usr/lib/python3/dist-packages/oslo_config/cfg.py:2609
2026-02-12 00:37:42.075 138125 DEBUG oslo_service.service [req-c3ac17aa-4c52-4eff-83d5-d45d68e63904 - - - - -] barbican_service_user.cafile = None log_opt_values /usr/lib/python3/dist-packages/oslo_config/cfg.py:2609
2026-02-12 00:37:42.076 138125 DEBUG oslo_service.service [req-c3ac17aa-4c52-4eff-83d5-d45d68e63904 - - - - -] barbican_service_user.certfile = None log_opt_values /usr/lib/python3/dist-packages/oslo_config/cfg.py:2609
2026-02-12 00:37:42.076 138125 DEBUG oslo_service.service [req-c3ac17aa-4c52-4eff-83d5-d45d68e63904 - - - - -] barbican_service_user.collect_timing = False log_opt_values /usr/lib/python3/dist-packages/oslo_config/cfg.py:2609
2026-02-12 00:37:42.076 138125 DEBUG oslo_service.service [req-c3ac17aa-4c52-4eff-83d5-d45d68e63904 - - - - -] barbican_service_user.insecure = False log_opt_values /usr/lib/python3/dist-packages/oslo_config/cfg.py:2609
2026-02-12 00:37:42.076 138125 DEBUG oslo_service.service [req-c3ac17aa-4c52-4eff-83d5-d45d68e63904 - - - - -] barbican_service_user.keyfile = None log_opt_values /usr/lib/python3/dist-packages/oslo_config/cfg.py:2609
2026-02-12 00:37:42.076 138125 DEBUG oslo_service.service [req-c3ac17aa-4c52-4eff-83d5-d45d68e63904 - - - - -] barbican_service_user.split_loggers = False log_opt_values /usr/lib/python3/dist-packages/oslo_config/cfg.py:2609
2026-02-12 00:37:42.077 138125 DEBUG oslo_service.service [req-c3ac17aa-4c52-4eff-83d5-d45d68e63904 - - - - -] barbican_service_user.timeout = None log_opt_values /usr/lib/python3/dist-packages/oslo_config/cfg.py:2609
2026-02-12 00:37:42.077 138125 DEBUG oslo_service.service [req-c3ac17aa-4c52-4eff-83d5-d45d68e63904 - - - - -] vault.approle_role_id = None log_opt_values /usr/lib/python3/dist-packages/oslo_config/cfg.py:2609
2026-02-12 00:37:42.077 138125 DEBUG oslo_service.service [req-c3ac17aa-4c52-4eff-83d5-d45d68e63904 - - - - -] vault.approle_secret_id = None log_opt_values /usr/lib/python3/dist-packages/oslo_config/cfg.py:2609
2026-02-12 00:37:42.077 138125 DEBUG oslo_service.service [req-c3ac17aa-4c52-4eff-83d5-d45d68e63904 - - - - -] vault.cafile = None log_opt_values /usr/lib/python3/dist-packages/oslo_config/cfg.py:2609
2026-02-12 00:37:42.077 138125 DEBUG oslo_service.service [req-c3ac17aa-4c52-4eff-83d5-d45d68e63904 - - - - -] vault.certfile = None log_opt_values /usr/lib/python3/dist-packages/oslo_config/cfg.py:2609
2026-02-12 00:37:42.078 138125 DEBUG oslo_service.service [req-c3ac17aa-4c52-4eff-83d5-d45d68e63904 - - - - -] vault.collect_timing = False log_opt_values /usr/lib/python3/dist-packages/oslo_config/cfg.py:2609
2026-02-12 00:37:42.078 138125 DEBUG oslo_service.service [req-c3ac17aa-4c52-4eff-83d5-d45d68e63904 - - - - -] vault.insecure = False log_opt_values /usr/lib/python3/dist-packages/oslo_config/cfg.py:2609
2026-02-12 00:37:42.078 138125 DEBUG oslo_service.service [req-c3ac17aa-4c52-4eff-83d5-d45d68e63904 - - - - -] vault.keyfile = None log_opt_values /usr/lib/python3/dist-packages/oslo_config/cfg.py:2609
2026-02-12 00:37:42.079 138125 DEBUG oslo_service.service [req-c3ac17aa-4c52-4eff-83d5-d45d68e63904 - - - - -] vault.kv_mountpoint = secret log_opt_values /usr/lib/python3/dist-packages/oslo_config/cfg.py:2609
2026-02-12 00:37:42.079 138125 DEBUG oslo_service.service [req-c3ac17aa-4c52-4eff-83d5-d45d68e63904 - - - - -] vault.kv_version = 2 log_opt_values /usr/lib/python3/dist-packages/oslo_config/cfg.py:2609
2026-02-12 00:37:42.080 138125 DEBUG oslo_service.service [req-c3ac17aa-4c52-4eff-83d5-d45d68e63904 - - - - -] vault.namespace = None log_opt_values /usr/lib/python3/dist-packages/oslo_config/cfg.py:2609
2026-02-12 00:37:42.080 138125 DEBUG oslo_service.service [req-c3ac17aa-4c52-4eff-83d5-d45d68e63904 - - - - -] vault.root_token_id = None log_opt_values /usr/lib/python3/dist-packages/oslo_config/cfg.py:2609
2026-02-12 00:37:42.080 138125 DEBUG oslo_service.service [req-c3ac17aa-4c52-4eff-83d5-d45d68e63904 - - - - -] vault.split_loggers = False log_opt_values /usr/lib/python3/dist-packages/oslo_config/cfg.py:2609
2026-02-12 00:37:42.080 138125 DEBUG oslo_service.service [req-c3ac17aa-4c52-4eff-83d5-d45d68e63904 - - - - -] vault.ssl_ca_crt_file = None log_opt_values /usr/lib/python3/dist-packages/oslo_config/cfg.py:2609
2026-02-12 00:37:42.080 138125 DEBUG oslo_service.service [req-c3ac17aa-4c52-4eff-83d5-d45d68e63904 - - - - -] vault.timeout = None log_opt_values /usr/lib/python3/dist-packages/oslo_config/cfg.py:2609
2026-02-12 00:37:42.080 138125 DEBUG oslo_service.service [req-c3ac17aa-4c52-4eff-83d5-d45d68e63904 - - - - -] vault.use_ssl = False log_opt_values /usr/lib/python3/dist-packages/oslo_config/cfg.py:2609
2026-02-12 00:37:42.080 139456 DEBUG oslo_messaging._drivers.amqpdriver [-] Listener is running poll /usr/lib/python3/dist-packages/oslo_messaging/_drivers/amqpdriver.py:343
2026-02-12 00:37:42.081 139456 DEBUG oslo_messaging._drivers.amqpdriver [-] AMQPListener connection consume poll /usr/lib/python3/dist-packages/oslo_messaging/_drivers/amqpdriver.py:357
2026-02-12 00:37:42.081 138125 DEBUG oslo_service.service [req-c3ac17aa-4c52-4eff-83d5-d45d68e63904 - - - - -] vault.vault_url = http://127.0.0.1:8200 log_opt_values /usr/lib/python3/dist-packages/oslo_config/cfg.py:2609
2026-02-12 00:37:42.081 138125 DEBUG oslo_service.service [req-c3ac17aa-4c52-4eff-83d5-d45d68e63904 - - - - -] keystone.cafile = None log_opt_values /usr/lib/python3/dist-packages/oslo_config/cfg.py:2609
2026-02-12 00:37:42.081 138125 DEBUG oslo_service.service [req-c3ac17aa-4c52-4eff-83d5-d45d68e63904 - - - - -] keystone.certfile = None log_opt_values /usr/lib/python3/dist-packages/oslo_config/cfg.py:2609
2026-02-12 00:37:42.081 139450 DEBUG oslo_messaging._drivers.amqpdriver [-] Listener is running poll /usr/lib/python3/dist-packages/oslo_messaging/_drivers/amqpdriver.py:343
2026-02-12 00:37:42.081 139456 DEBUG nova.service [req-7fc628a6-b031-4cb3-938f-c3deb6e2a018 - - - - -] Join ServiceGroup membership for this service scheduler start /usr/lib/python3/dist-packages/nova/service.py:199
2026-02-12 00:37:42.082 139450 DEBUG oslo_messaging._drivers.amqpdriver [-] AMQPListener connection consume poll /usr/lib/python3/dist-packages/oslo_messaging/_drivers/amqpdriver.py:357
2026-02-12 00:37:42.082 138125 DEBUG oslo_service.service [req-c3ac17aa-4c52-4eff-83d5-d45d68e63904 - - - - -] keystone.collect_timing = False log_opt_values /usr/lib/python3/dist-packages/oslo_config/cfg.py:2609
2026-02-12 00:37:42.082 139456 DEBUG nova.servicegroup.drivers.db [req-7fc628a6-b031-4cb3-938f-c3deb6e2a018 - - - - -] DB_Driver: join new ServiceGroup member juju-baeef4-0-lxd-7 to the scheduler group, service = join /usr/lib/python3/dist-packages/nova/servicegroup/drivers/db.py:44
2026-02-12 00:37:42.082 138125 DEBUG oslo_service.service [req-c3ac17aa-4c52-4eff-83d5-d45d68e63904 - - - - -] keystone.connect_retries = None log_opt_values /usr/lib/python3/dist-packages/oslo_config/cfg.py:2609
2026-02-12 00:37:42.082 138125 DEBUG oslo_service.service [req-c3ac17aa-4c52-4eff-83d5-d45d68e63904 - - - - -] keystone.connect_retry_delay = None log_opt_values /usr/lib/python3/dist-packages/oslo_config/cfg.py:2609
2026-02-12 00:37:42.082 139450 DEBUG nova.service [req-26495526-ff03-4644-a41c-3cc77d4b0293 - - - - -] Join ServiceGroup membership for this service scheduler start /usr/lib/python3/dist-packages/nova/service.py:199
2026-02-12 00:37:42.082 138125 DEBUG oslo_service.service [req-c3ac17aa-4c52-4eff-83d5-d45d68e63904 - - - - -] keystone.endpoint_override = None log_opt_values /usr/lib/python3/dist-packages/oslo_config/cfg.py:2609
2026-02-12 00:37:42.083 138125 DEBUG oslo_service.service [req-c3ac17aa-4c52-4eff-83d5-d45d68e63904 - - - - -] keystone.insecure = False log_opt_values /usr/lib/python3/dist-packages/oslo_config/cfg.py:2609
2026-02-12 00:37:42.083 139450 DEBUG nova.servicegroup.drivers.db [req-26495526-ff03-4644-a41c-3cc77d4b0293 - - - - -] DB_Driver: join new ServiceGroup member juju-baeef4-0-lxd-7 to the scheduler group, service = join /usr/lib/python3/dist-packages/nova/servicegroup/drivers/db.py:44
2026-02-12 00:37:42.083 138125 DEBUG oslo_service.service [req-c3ac17aa-4c52-4eff-83d5-d45d68e63904 - - - - -] keystone.keyfile = None log_opt_values /usr/lib/python3/dist-packages/oslo_config/cfg.py:2609
2026-02-12 00:37:42.083 138125 DEBUG oslo_service.service [req-c3ac17aa-4c52-4eff-83d5-d45d68e63904 - - - - -] keystone.max_version = None log_opt_values /usr/lib/python3/dist-packages/oslo_config/cfg.py:2609
2026-02-12 00:37:42.083 138125 DEBUG oslo_service.service [req-c3ac17aa-4c52-4eff-83d5-d45d68e63904 - - - - -] keystone.min_version = None log_opt_values /usr/lib/python3/dist-packages/oslo_config/cfg.py:2609
2026-02-12 00:37:42.083 138125 DEBUG oslo_service.service [req-c3ac17aa-4c52-4eff-83d5-d45d68e63904 - - - - -] keystone.region_name = None log_opt_values /usr/lib/python3/dist-packages/oslo_config/cfg.py:2609
2026-02-12 00:37:42.084 138125 DEBUG oslo_service.service [req-c3ac17aa-4c52-4eff-83d5-d45d68e63904 - - - - -] keystone.service_name = None log_opt_values /usr/lib/python3/dist-packages/oslo_config/cfg.py:2609
2026-02-12 00:37:42.084 138125 DEBUG oslo_service.service [req-c3ac17aa-4c52-4eff-83d5-d45d68e63904 - - - - -] keystone.service_type = identity log_opt_values /usr/lib/python3/dist-packages/oslo_config/cfg.py:2609
2026-02-12 00:37:42.084 138125 DEBUG oslo_service.service [req-c3ac17aa-4c52-4eff-83d5-d45d68e63904 - - - - -] keystone.split_loggers = False log_opt_values /usr/lib/python3/dist-packages/oslo_config/cfg.py:2609
2026-02-12 00:37:42.084 138125 DEBUG oslo_service.service [req-c3ac17aa-4c52-4eff-83d5-d45d68e63904 - - - - -] keystone.status_code_retries = None log_opt_values /usr/lib/python3/dist-packages/oslo_config/cfg.py:2609
2026-02-12 00:37:42.084 138125 DEBUG oslo_service.service [req-c3ac17aa-4c52-4eff-83d5-d45d68e63904 - - - - -] keystone.status_code_retry_delay = None log_opt_values /usr/lib/python3/dist-packages/oslo_config/cfg.py:2609
2026-02-12 00:37:42.085 138125 DEBUG oslo_service.service [req-c3ac17aa-4c52-4eff-83d5-d45d68e63904 - - - - -] keystone.timeout = None log_opt_values /usr/lib/python3/dist-packages/oslo_config/cfg.py:2609
2026-02-12 00:37:42.085 139456 DEBUG oslo_messaging._drivers.amqpdriver [-] AMQPListener connection timeout poll /usr/lib/python3/dist-packages/oslo_messaging/_drivers/amqpdriver.py:360
2026-02-12 00:37:42.085 138125 DEBUG oslo_service.service [req-c3ac17aa-4c52-4eff-83d5-d45d68e63904 - - - - -] keystone.valid_interfaces = ['internal', 'public'] log_opt_values /usr/lib/python3/dist-packages/oslo_config/cfg.py:2609
2026-02-12 00:37:42.085 139456 DEBUG oslo_messaging._drivers.amqpdriver [-] Listener is running poll /usr/lib/python3/dist-packages/oslo_messaging/_drivers/amqpdriver.py:343
2026-02-12 00:37:42.085 139456 DEBUG oslo_messaging._drivers.amqpdriver [-] AMQPListener connection consume poll /usr/lib/python3/dist-packages/oslo_messaging/_drivers/amqpdriver.py:357
2026-02-12 00:37:42.085 138125 DEBUG oslo_service.service [req-c3ac17aa-4c52-4eff-83d5-d45d68e63904 - - - - -] keystone.version = None log_opt_values /usr/lib/python3/dist-packages/oslo_config/cfg.py:2609
2026-02-12 00:37:42.085 138125 DEBUG oslo_service.service [req-c3ac17aa-4c52-4eff-83d5-d45d68e63904 - - - - -] libvirt.connection_uri = log_opt_values /usr/lib/python3/dist-packages/oslo_config/cfg.py:2609
2026-02-12 00:37:42.085 138125 DEBUG oslo_service.service [req-c3ac17aa-4c52-4eff-83d5-d45d68e63904 - - - - -] libvirt.cpu_mode = None log_opt_values /usr/lib/python3/dist-packages/oslo_config/cfg.py:2609
2026-02-12 00:37:42.086 138125 DEBUG oslo_service.service [req-c3ac17aa-4c52-4eff-83d5-d45d68e63904 - - - - -] libvirt.cpu_model_extra_flags = [] log_opt_values /usr/lib/python3/dist-packages/oslo_config/cfg.py:2609
2026-02-12 00:37:42.086 138125 DEBUG oslo_service.service [req-c3ac17aa-4c52-4eff-83d5-d45d68e63904 - - - - -] libvirt.cpu_models = [] log_opt_values /usr/lib/python3/dist-packages/oslo_config/cfg.py:2609
2026-02-12 00:37:42.086 138125 DEBUG oslo_service.service [req-c3ac17aa-4c52-4eff-83d5-d45d68e63904 - - - - -] libvirt.device_detach_attempts = 8 log_opt_values /usr/lib/python3/dist-packages/oslo_config/cfg.py:2609
2026-02-12 00:37:42.086 138125 DEBUG oslo_service.service [req-c3ac17aa-4c52-4eff-83d5-d45d68e63904 - - - - -] libvirt.device_detach_timeout = 20 log_opt_values /usr/lib/python3/dist-packages/oslo_config/cfg.py:2609
2026-02-12 00:37:42.086 138125 DEBUG oslo_service.service [req-c3ac17aa-4c52-4eff-83d5-d45d68e63904 - - - - -] libvirt.disk_cachemodes = [] log_opt_values /usr/lib/python3/dist-packages/oslo_config/cfg.py:2609
2026-02-12 00:37:42.086 138125 DEBUG oslo_service.service [req-c3ac17aa-4c52-4eff-83d5-d45d68e63904 - - - - -] libvirt.disk_prefix = None log_opt_values /usr/lib/python3/dist-packages/oslo_config/cfg.py:2609
2026-02-12 00:37:42.087 138125 DEBUG oslo_service.service [req-c3ac17aa-4c52-4eff-83d5-d45d68e63904 - - - - -] libvirt.enabled_perf_events = [] log_opt_values /usr/lib/python3/dist-packages/oslo_config/cfg.py:2609
2026-02-12 00:37:42.087 138125 DEBUG oslo_service.service [req-c3ac17aa-4c52-4eff-83d5-d45d68e63904 - - - - -] libvirt.file_backed_memory = 0 log_opt_values /usr/lib/python3/dist-packages/oslo_config/cfg.py:2609
2026-02-12 00:37:42.087 138125 DEBUG oslo_service.service [req-c3ac17aa-4c52-4eff-83d5-d45d68e63904 - - - - -] libvirt.gid_maps = [] log_opt_values /usr/lib/python3/dist-packages/oslo_config/cfg.py:2609
2026-02-12 00:37:42.087 138125 DEBUG oslo_service.service [req-c3ac17aa-4c52-4eff-83d5-d45d68e63904 - - - - -] libvirt.hw_disk_discard = None log_opt_values /usr/lib/python3/dist-packages/oslo_config/cfg.py:2609
2026-02-12 00:37:42.087 138125 DEBUG oslo_service.service [req-c3ac17aa-4c52-4eff-83d5-d45d68e63904 - - - - -] libvirt.hw_machine_type = None log_opt_values /usr/lib/python3/dist-packages/oslo_config/cfg.py:2609
2026-02-12 00:37:42.087 138125 DEBUG oslo_service.service [req-c3ac17aa-4c52-4eff-83d5-d45d68e63904 - - - - -] libvirt.images_rbd_ceph_conf = log_opt_values /usr/lib/python3/dist-packages/oslo_config/cfg.py:2609
2026-02-12 00:37:42.088 138125 DEBUG oslo_service.service [req-c3ac17aa-4c52-4eff-83d5-d45d68e63904 - - - - -] libvirt.images_rbd_glance_copy_poll_interval = 15 log_opt_values /usr/lib/python3/dist-packages/oslo_config/cfg.py:2609
2026-02-12 00:37:42.088 138125 DEBUG oslo_service.service [req-c3ac17aa-4c52-4eff-83d5-d45d68e63904 - - - - -] libvirt.images_rbd_glance_copy_timeout = 600 log_opt_values /usr/lib/python3/dist-packages/oslo_config/cfg.py:2609
2026-02-12 00:37:42.088 138125 DEBUG oslo_service.service [req-c3ac17aa-4c52-4eff-83d5-d45d68e63904 - - - - -] libvirt.images_rbd_glance_store_name = log_opt_values /usr/lib/python3/dist-packages/oslo_config/cfg.py:2609
2026-02-12 00:37:42.088 138125 DEBUG oslo_service.service [req-c3ac17aa-4c52-4eff-83d5-d45d68e63904 - - - - -] libvirt.images_rbd_pool = rbd log_opt_values /usr/lib/python3/dist-packages/oslo_config/cfg.py:2609
2026-02-12 00:37:42.088 138125 DEBUG oslo_service.service [req-c3ac17aa-4c52-4eff-83d5-d45d68e63904 - - - - -] libvirt.images_type = default log_opt_values /usr/lib/python3/dist-packages/oslo_config/cfg.py:2609
2026-02-12 00:37:42.089 138125 DEBUG oslo_service.service [req-c3ac17aa-4c52-4eff-83d5-d45d68e63904 - - - - -] libvirt.images_volume_group = None log_opt_values /usr/lib/python3/dist-packages/oslo_config/cfg.py:2609
2026-02-12 00:37:42.088 139449 DEBUG oslo_messaging._drivers.amqpdriver [-] Listener is running poll /usr/lib/python3/dist-packages/oslo_messaging/_drivers/amqpdriver.py:343
2026-02-12 00:37:42.089 138125 DEBUG oslo_service.service [req-c3ac17aa-4c52-4eff-83d5-d45d68e63904 - - - - -] libvirt.inject_key = False log_opt_values /usr/lib/python3/dist-packages/oslo_config/cfg.py:2609
2026-02-12 00:37:42.089 139443 DEBUG oslo_messaging._drivers.amqpdriver [-] Listener is running poll /usr/lib/python3/dist-packages/oslo_messaging/_drivers/amqpdriver.py:343
2026-02-12 00:37:42.089 139449 DEBUG oslo_messaging._drivers.amqpdriver [-] AMQPListener connection consume poll /usr/lib/python3/dist-packages/oslo_messaging/_drivers/amqpdriver.py:357
2026-02-12 00:37:42.089 138125 DEBUG oslo_service.service [req-c3ac17aa-4c52-4eff-83d5-d45d68e63904 - - - - -] libvirt.inject_partition = -2 log_opt_values /usr/lib/python3/dist-packages/oslo_config/cfg.py:2609
2026-02-12 00:37:42.089 139443 DEBUG oslo_messaging._drivers.amqpdriver [-] AMQPListener connection consume poll /usr/lib/python3/dist-packages/oslo_messaging/_drivers/amqpdriver.py:357
2026-02-12 00:37:42.089 138125 DEBUG oslo_service.service [req-c3ac17aa-4c52-4eff-83d5-d45d68e63904 - - - - -] libvirt.inject_password = False log_opt_values /usr/lib/python3/dist-packages/oslo_config/cfg.py:2609
2026-02-12 00:37:42.089 138125 DEBUG oslo_service.service [req-c3ac17aa-4c52-4eff-83d5-d45d68e63904 - - - - -] libvirt.iscsi_iface = None log_opt_values /usr/lib/python3/dist-packages/oslo_config/cfg.py:2609
2026-02-12 00:37:42.089 139449 DEBUG nova.service [req-5802407f-6997-42de-a34a-d783b12b0627 - - - - -] Join ServiceGroup membership for this service scheduler start /usr/lib/python3/dist-packages/nova/service.py:199
2026-02-12 00:37:42.090 138125 DEBUG oslo_service.service [req-c3ac17aa-4c52-4eff-83d5-d45d68e63904 - - - - -] libvirt.iser_use_multipath = False log_opt_values /usr/lib/python3/dist-packages/oslo_config/cfg.py:2609
2026-02-12 00:37:42.090 139449 DEBUG nova.servicegroup.drivers.db [req-5802407f-6997-42de-a34a-d783b12b0627 - - - - -] DB_Driver: join new ServiceGroup member juju-baeef4-0-lxd-7 to the scheduler group, service = join /usr/lib/python3/dist-packages/nova/servicegroup/drivers/db.py:44
2026-02-12 00:37:42.090 138125 DEBUG oslo_service.service [req-c3ac17aa-4c52-4eff-83d5-d45d68e63904 - - - - -] libvirt.live_migration_bandwidth = 0 log_opt_values /usr/lib/python3/dist-packages/oslo_config/cfg.py:2609
2026-02-12 00:37:42.090 138125 DEBUG oslo_service.service [req-c3ac17aa-4c52-4eff-83d5-d45d68e63904 - - - - -] libvirt.live_migration_completion_timeout = 800 log_opt_values /usr/lib/python3/dist-packages/oslo_config/cfg.py:2609
2026-02-12 00:37:42.090 138125 DEBUG oslo_service.service [req-c3ac17aa-4c52-4eff-83d5-d45d68e63904 - - - - -] libvirt.live_migration_downtime = 500 log_opt_values /usr/lib/python3/dist-packages/oslo_config/cfg.py:2609
2026-02-12 00:37:42.090 138125 DEBUG oslo_service.service [req-c3ac17aa-4c52-4eff-83d5-d45d68e63904 - - - - -] libvirt.live_migration_downtime_delay = 75 log_opt_values /usr/lib/python3/dist-packages/oslo_config/cfg.py:2609
2026-02-12 00:37:42.090 138125 DEBUG oslo_service.service [req-c3ac17aa-4c52-4eff-83d5-d45d68e63904 - - - - -] libvirt.live_migration_downtime_steps = 10 log_opt_values /usr/lib/python3/dist-packages/oslo_config/cfg.py:2609
2026-02-12 00:37:42.090 138125 DEBUG oslo_service.service [req-c3ac17aa-4c52-4eff-83d5-d45d68e63904 - - - - -] libvirt.live_migration_inbound_addr = None log_opt_values /usr/lib/python3/dist-packages/oslo_config/cfg.py:2609
2026-02-12 00:37:42.091 138125 DEBUG oslo_service.service [req-c3ac17aa-4c52-4eff-83d5-d45d68e63904 - - - - -] libvirt.live_migration_permit_auto_converge = False log_opt_values /usr/lib/python3/dist-packages/oslo_config/cfg.py:2609
2026-02-12 00:37:42.091 139450 DEBUG oslo_messaging._drivers.amqpdriver [-] AMQPListener connection timeout poll /usr/lib/python3/dist-packages/oslo_messaging/_drivers/amqpdriver.py:360
2026-02-12 00:37:42.091 138125 DEBUG oslo_service.service [req-c3ac17aa-4c52-4eff-83d5-d45d68e63904 - - - - -] libvirt.live_migration_permit_post_copy = False log_opt_values /usr/lib/python3/dist-packages/oslo_config/cfg.py:2609
2026-02-12 00:37:42.091 139450 DEBUG oslo_messaging._drivers.amqpdriver [-] Listener is running poll /usr/lib/python3/dist-packages/oslo_messaging/_drivers/amqpdriver.py:343
2026-02-12 00:37:42.091 138125 DEBUG oslo_service.service [req-c3ac17aa-4c52-4eff-83d5-d45d68e63904 - - - - -] libvirt.live_migration_scheme = None log_opt_values /usr/lib/python3/dist-packages/oslo_config/cfg.py:2609
2026-02-12 00:37:42.091 139450 DEBUG oslo_messaging._drivers.amqpdriver [-] AMQPListener connection consume poll /usr/lib/python3/dist-packages/oslo_messaging/_drivers/amqpdriver.py:357
2026-02-12 00:37:42.090 139443 DEBUG nova.service [req-4a17980d-da67-4d62-b9cc-8ec8716a28c2 - - - - -] Join ServiceGroup membership for this service scheduler start /usr/lib/python3/dist-packages/nova/service.py:199
2026-02-12 00:37:42.091 138125 DEBUG oslo_service.service [req-c3ac17aa-4c52-4eff-83d5-d45d68e63904 - - - - -] libvirt.live_migration_timeout_action = abort log_opt_values /usr/lib/python3/dist-packages/oslo_config/cfg.py:2609
2026-02-12 00:37:42.091 138125 DEBUG oslo_service.service [req-c3ac17aa-4c52-4eff-83d5-d45d68e63904 - - - - -] libvirt.live_migration_tunnelled = False log_opt_values /usr/lib/python3/dist-packages/oslo_config/cfg.py:2609
2026-02-12 00:37:42.091 139443 DEBUG nova.servicegroup.drivers.db [req-4a17980d-da67-4d62-b9cc-8ec8716a28c2 - - - - -] DB_Driver: join new ServiceGroup member juju-baeef4-0-lxd-7 to the scheduler group, service = join /usr/lib/python3/dist-packages/nova/servicegroup/drivers/db.py:44
2026-02-12 00:37:42.091 138125 DEBUG oslo_service.service [req-c3ac17aa-4c52-4eff-83d5-d45d68e63904 - - - - -] libvirt.live_migration_uri = None log_opt_values /usr/lib/python3/dist-packages/oslo_config/cfg.py:2609
2026-02-12 00:37:42.092 138125 DEBUG oslo_service.service [req-c3ac17aa-4c52-4eff-83d5-d45d68e63904 - - - - -] libvirt.live_migration_with_native_tls = False log_opt_values /usr/lib/python3/dist-packages/oslo_config/cfg.py:2609
2026-02-12 00:37:42.092 139443 DEBUG oslo_messaging._drivers.amqpdriver [-] AMQPListener connection timeout poll /usr/lib/python3/dist-packages/oslo_messaging/_drivers/amqpdriver.py:360
2026-02-12 00:37:42.092 138125 DEBUG oslo_service.service [req-c3ac17aa-4c52-4eff-83d5-d45d68e63904 - - - - -] libvirt.max_queues = None log_opt_values /usr/lib/python3/dist-packages/oslo_config/cfg.py:2609
2026-02-12 00:37:42.092 139443 DEBUG oslo_messaging._drivers.amqpdriver [-] Listener is running poll /usr/lib/python3/dist-packages/oslo_messaging/_drivers/amqpdriver.py:343
2026-02-12 00:37:42.092 139449 DEBUG oslo_messaging._drivers.amqpdriver [-] AMQPListener connection timeout poll /usr/lib/python3/dist-packages/oslo_messaging/_drivers/amqpdriver.py:360
2026-02-12 00:37:42.092 138125 DEBUG oslo_service.service [req-c3ac17aa-4c52-4eff-83d5-d45d68e63904 - - - - -] libvirt.mem_stats_period_seconds = 10 log_opt_values /usr/lib/python3/dist-packages/oslo_config/cfg.py:2609
2026-02-12 00:37:42.092 139443 DEBUG oslo_messaging._drivers.amqpdriver [-] AMQPListener connection consume poll /usr/lib/python3/dist-packages/oslo_messaging/_drivers/amqpdriver.py:357
2026-02-12 00:37:42.092 139449 DEBUG oslo_messaging._drivers.amqpdriver [-] Listener is running poll /usr/lib/python3/dist-packages/oslo_messaging/_drivers/amqpdriver.py:343
2026-02-12 00:37:42.092 138125 DEBUG oslo_service.service [req-c3ac17aa-4c52-4eff-83d5-d45d68e63904 - - - - -] libvirt.nfs_mount_options = None log_opt_values /usr/lib/python3/dist-packages/oslo_config/cfg.py:2609
2026-02-12 00:37:42.092 139449 DEBUG oslo_messaging._drivers.amqpdriver [-] AMQPListener connection consume poll /usr/lib/python3/dist-packages/oslo_messaging/_drivers/amqpdriver.py:357
2026-02-12 00:37:42.092 138125 DEBUG oslo_service.service [req-c3ac17aa-4c52-4eff-83d5-d45d68e63904 - - - - -] libvirt.nfs_mount_point_base = /var/lib/nova/mnt log_opt_values /usr/lib/python3/dist-packages/oslo_config/cfg.py:2609
2026-02-12 00:37:42.093 138125 DEBUG oslo_service.service [req-c3ac17aa-4c52-4eff-83d5-d45d68e63904 - - - - -] libvirt.num_aoe_discover_tries = 3 log_opt_values /usr/lib/python3/dist-packages/oslo_config/cfg.py:2609
2026-02-12 00:37:42.093 138125 DEBUG oslo_service.service [req-c3ac17aa-4c52-4eff-83d5-d45d68e63904 - - - - -] libvirt.num_iser_scan_tries = 5 log_opt_values /usr/lib/python3/dist-packages/oslo_config/cfg.py:2609
2026-02-12 00:37:42.093 138125 DEBUG oslo_service.service [req-c3ac17aa-4c52-4eff-83d5-d45d68e63904 - - - - -] libvirt.num_memory_encrypted_guests = None log_opt_values /usr/lib/python3/dist-packages/oslo_config/cfg.py:2609
2026-02-12 00:37:42.093 138125 DEBUG oslo_service.service [req-c3ac17aa-4c52-4eff-83d5-d45d68e63904 - - - - -] libvirt.num_nvme_discover_tries = 5 log_opt_values /usr/lib/python3/dist-packages/oslo_config/cfg.py:2609
2026-02-12 00:37:42.093 138125 DEBUG oslo_service.service [req-c3ac17aa-4c52-4eff-83d5-d45d68e63904 - - - - -] libvirt.num_pcie_ports = 0 log_opt_values /usr/lib/python3/dist-packages/oslo_config/cfg.py:2609
2026-02-12 00:37:42.093 138125 DEBUG oslo_service.service [req-c3ac17aa-4c52-4eff-83d5-d45d68e63904 - - - - -] libvirt.num_volume_scan_tries = 5 log_opt_values /usr/lib/python3/dist-packages/oslo_config/cfg.py:2609
2026-02-12 00:37:42.094 138125 DEBUG oslo_service.service [req-c3ac17aa-4c52-4eff-83d5-d45d68e63904 - - - - -] libvirt.pmem_namespaces = [] log_opt_values /usr/lib/python3/dist-packages/oslo_config/cfg.py:2609
2026-02-12 00:37:42.094 138125 DEBUG oslo_service.service [req-c3ac17aa-4c52-4eff-83d5-d45d68e63904 - - - - -] libvirt.quobyte_client_cfg = None log_opt_values /usr/lib/python3/dist-packages/oslo_config/cfg.py:2609
2026-02-12 00:37:42.094 138125 DEBUG oslo_service.service [req-c3ac17aa-4c52-4eff-83d5-d45d68e63904 - - - - -] libvirt.quobyte_mount_point_base = /var/lib/nova/mnt log_opt_values /usr/lib/python3/dist-packages/oslo_config/cfg.py:2609
2026-02-12 00:37:42.094 138125 DEBUG oslo_service.service [req-c3ac17aa-4c52-4eff-83d5-d45d68e63904 - - - - -] libvirt.rbd_connect_timeout = 5 log_opt_values /usr/lib/python3/dist-packages/oslo_config/cfg.py:2609
2026-02-12 00:37:42.094 138125 DEBUG oslo_service.service [req-c3ac17aa-4c52-4eff-83d5-d45d68e63904 - - - - -] libvirt.rbd_destroy_volume_retries = 12 log_opt_values /usr/lib/python3/dist-packages/oslo_config/cfg.py:2609
2026-02-12 00:37:42.094 138125 DEBUG oslo_service.service [req-c3ac17aa-4c52-4eff-83d5-d45d68e63904 - - - - -] libvirt.rbd_destroy_volume_retry_interval = 5 log_opt_values /usr/lib/python3/dist-packages/oslo_config/cfg.py:2609
2026-02-12 00:37:42.095 138125 DEBUG oslo_service.service [req-c3ac17aa-4c52-4eff-83d5-d45d68e63904 - - - - -] libvirt.rbd_secret_uuid = None log_opt_values /usr/lib/python3/dist-packages/oslo_config/cfg.py:2609
2026-02-12 00:37:42.095 138125 DEBUG oslo_service.service [req-c3ac17aa-4c52-4eff-83d5-d45d68e63904 - - - - -] libvirt.rbd_user = None log_opt_values /usr/lib/python3/dist-packages/oslo_config/cfg.py:2609
2026-02-12 00:37:42.095 138125 DEBUG oslo_service.service [req-c3ac17aa-4c52-4eff-83d5-d45d68e63904 - - - - -] libvirt.realtime_scheduler_priority = 1 log_opt_values /usr/lib/python3/dist-packages/oslo_config/cfg.py:2609
2026-02-12 00:37:42.095 138125 DEBUG oslo_service.service [req-c3ac17aa-4c52-4eff-83d5-d45d68e63904 - - - - -] libvirt.remote_filesystem_transport = ssh log_opt_values /usr/lib/python3/dist-packages/oslo_config/cfg.py:2609
2026-02-12 00:37:42.095 138125 DEBUG oslo_service.service [req-c3ac17aa-4c52-4eff-83d5-d45d68e63904 - - - - -] libvirt.rescue_image_id = None log_opt_values /usr/lib/python3/dist-packages/oslo_config/cfg.py:2609
2026-02-12 00:37:42.095 138125 DEBUG oslo_service.service [req-c3ac17aa-4c52-4eff-83d5-d45d68e63904 - - - - -] libvirt.rescue_kernel_id = None log_opt_values /usr/lib/python3/dist-packages/oslo_config/cfg.py:2609
2026-02-12 00:37:42.096 138125 DEBUG oslo_service.service [req-c3ac17aa-4c52-4eff-83d5-d45d68e63904 - - - - -] libvirt.rescue_ramdisk_id = None log_opt_values /usr/lib/python3/dist-packages/oslo_config/cfg.py:2609
2026-02-12 00:37:42.096 138125 DEBUG oslo_service.service [req-c3ac17aa-4c52-4eff-83d5-d45d68e63904 - - - - -] libvirt.rng_dev_path = /dev/urandom log_opt_values /usr/lib/python3/dist-packages/oslo_config/cfg.py:2609
2026-02-12 00:37:42.096 138125 DEBUG oslo_service.service [req-c3ac17aa-4c52-4eff-83d5-d45d68e63904 - - - - -] libvirt.rx_queue_size = None log_opt_values /usr/lib/python3/dist-packages/oslo_config/cfg.py:2609
2026-02-12 00:37:42.096 138125 DEBUG oslo_service.service [req-c3ac17aa-4c52-4eff-83d5-d45d68e63904 - - - - -] libvirt.smbfs_mount_options = log_opt_values /usr/lib/python3/dist-packages/oslo_config/cfg.py:2609
2026-02-12 00:37:42.096 138125 DEBUG oslo_service.service [req-c3ac17aa-4c52-4eff-83d5-d45d68e63904 - - - - -] libvirt.smbfs_mount_point_base = /var/lib/nova/mnt log_opt_values /usr/lib/python3/dist-packages/oslo_config/cfg.py:2609
2026-02-12 00:37:42.097 138125 DEBUG oslo_service.service [req-c3ac17aa-4c52-4eff-83d5-d45d68e63904 - - - - -] libvirt.snapshot_compression = False log_opt_values /usr/lib/python3/dist-packages/oslo_config/cfg.py:2609
2026-02-12 00:37:42.097 138125 DEBUG oslo_service.service [req-c3ac17aa-4c52-4eff-83d5-d45d68e63904 - - - - -] libvirt.snapshot_image_format = None log_opt_values /usr/lib/python3/dist-packages/oslo_config/cfg.py:2609
2026-02-12 00:37:42.097 138125 DEBUG oslo_service.service [req-c3ac17aa-4c52-4eff-83d5-d45d68e63904 - - - - -] libvirt.snapshots_directory = /var/lib/nova/instances/snapshots log_opt_values /usr/lib/python3/dist-packages/oslo_config/cfg.py:2609
2026-02-12 00:37:42.097 138125 DEBUG oslo_service.service [req-c3ac17aa-4c52-4eff-83d5-d45d68e63904 - - - - -] libvirt.sparse_logical_volumes = False log_opt_values /usr/lib/python3/dist-packages/oslo_config/cfg.py:2609
2026-02-12 00:37:42.097 138125 DEBUG oslo_service.service [req-c3ac17aa-4c52-4eff-83d5-d45d68e63904 - - - - -] libvirt.swtpm_enabled = False log_opt_values /usr/lib/python3/dist-packages/oslo_config/cfg.py:2609
2026-02-12 00:37:42.097 138125 DEBUG oslo_service.service [req-c3ac17aa-4c52-4eff-83d5-d45d68e63904 - - - - -] libvirt.swtpm_group = tss log_opt_values /usr/lib/python3/dist-packages/oslo_config/cfg.py:2609
2026-02-12 00:37:42.098 138125 DEBUG oslo_service.service [req-c3ac17aa-4c52-4eff-83d5-d45d68e63904 - - - - -] libvirt.swtpm_user = tss log_opt_values /usr/lib/python3/dist-packages/oslo_config/cfg.py:2609
2026-02-12 00:37:42.098 138125 DEBUG oslo_service.service [req-c3ac17aa-4c52-4eff-83d5-d45d68e63904 - - - - -] libvirt.sysinfo_serial = unique log_opt_values /usr/lib/python3/dist-packages/oslo_config/cfg.py:2609
2026-02-12 00:37:42.098 138125 DEBUG oslo_service.service [req-c3ac17aa-4c52-4eff-83d5-d45d68e63904 - - - - -] libvirt.tx_queue_size = None log_opt_values /usr/lib/python3/dist-packages/oslo_config/cfg.py:2609
