2026-02-12 00:39:05.735 139449 DEBUG oslo_messaging._drivers.amqpdriver [-] received message with unique_id: 8bb670063e8845eaadf26f02651037af __call__ /usr/lib/python3/dist-packages/oslo_messaging/_drivers/amqpdriver.py:324
2026-02-12 00:39:05.735 139450 DEBUG oslo_messaging._drivers.amqpdriver [-] received message with unique_id: 8bb670063e8845eaadf26f02651037af __call__ /usr/lib/python3/dist-packages/oslo_messaging/_drivers/amqpdriver.py:324
2026-02-12 00:39:05.736 139456 DEBUG oslo_messaging._drivers.amqpdriver [-] Listener is running poll /usr/lib/python3/dist-packages/oslo_messaging/_drivers/amqpdriver.py:343
2026-02-12 00:39:05.736 139449 DEBUG oslo_messaging._drivers.amqpdriver [-] Listener is running poll /usr/lib/python3/dist-packages/oslo_messaging/_drivers/amqpdriver.py:343
2026-02-12 00:39:05.736 139450 DEBUG oslo_messaging._drivers.amqpdriver [-] Listener is running poll /usr/lib/python3/dist-packages/oslo_messaging/_drivers/amqpdriver.py:343
2026-02-12 00:39:05.736 139456 DEBUG oslo_messaging._drivers.amqpdriver [-] Poll the incoming message with unique_id: 8bb670063e8845eaadf26f02651037af poll /usr/lib/python3/dist-packages/oslo_messaging/_drivers/amqpdriver.py:346
2026-02-12 00:39:05.736 139449 DEBUG oslo_messaging._drivers.amqpdriver [-] Poll the incoming message with unique_id: 8bb670063e8845eaadf26f02651037af poll /usr/lib/python3/dist-packages/oslo_messaging/_drivers/amqpdriver.py:346
2026-02-12 00:39:05.736 139450 DEBUG oslo_messaging._drivers.amqpdriver [-] Poll the incoming message with unique_id: 8bb670063e8845eaadf26f02651037af poll /usr/lib/python3/dist-packages/oslo_messaging/_drivers/amqpdriver.py:346
2026-02-12 00:39:05.736 139456 DEBUG oslo_messaging._drivers.amqpdriver [-] Listener is running poll /usr/lib/python3/dist-packages/oslo_messaging/_drivers/amqpdriver.py:343
2026-02-12 00:39:05.736 139456 DEBUG oslo_messaging._drivers.amqpdriver [-] AMQPListener connection consume poll /usr/lib/python3/dist-packages/oslo_messaging/_drivers/amqpdriver.py:357
2026-02-12 00:39:05.736 139449 DEBUG oslo_messaging._drivers.amqpdriver [-] Listener is running poll /usr/lib/python3/dist-packages/oslo_messaging/_drivers/amqpdriver.py:343
2026-02-12 00:39:05.736 139450 DEBUG oslo_messaging._drivers.amqpdriver [-] Listener is running poll /usr/lib/python3/dist-packages/oslo_messaging/_drivers/amqpdriver.py:343
2026-02-12 00:39:05.736 139449 DEBUG oslo_messaging._drivers.amqpdriver [-] AMQPListener connection consume poll /usr/lib/python3/dist-packages/oslo_messaging/_drivers/amqpdriver.py:357
2026-02-12 00:39:05.736 139450 DEBUG oslo_messaging._drivers.amqpdriver [-] AMQPListener connection consume poll /usr/lib/python3/dist-packages/oslo_messaging/_drivers/amqpdriver.py:357
2026-02-12 00:39:05.737 139449 DEBUG oslo_concurrency.lockutils [req-c2ec4bb0-8fd7-48d4-a070-988bb237adfd - - - - -] Lock "host_instance" acquired by "nova.scheduler.host_manager.HostManager.sync_instance_info" :: waited 0.000s inner /usr/lib/python3/dist-packages/oslo_concurrency/lockutils.py:386
2026-02-12 00:39:05.737 139450 DEBUG oslo_concurrency.lockutils [req-c2ec4bb0-8fd7-48d4-a070-988bb237adfd - - - - -] Lock "host_instance" acquired by "nova.scheduler.host_manager.HostManager.sync_instance_info" :: waited 0.000s inner /usr/lib/python3/dist-packages/oslo_concurrency/lockutils.py:386
2026-02-12 00:39:05.737 139456 DEBUG oslo_concurrency.lockutils [req-c2ec4bb0-8fd7-48d4-a070-988bb237adfd - - - - -] Lock "host_instance" acquired by "nova.scheduler.host_manager.HostManager.sync_instance_info" :: waited 0.000s inner /usr/lib/python3/dist-packages/oslo_concurrency/lockutils.py:386
2026-02-12 00:39:05.738 139456 DEBUG oslo_messaging._drivers.amqpdriver [-] AMQPListener connection timeout poll /usr/lib/python3/dist-packages/oslo_messaging/_drivers/amqpdriver.py:360
2026-02-12 00:39:05.740 139456 DEBUG oslo_messaging._drivers.amqpdriver [-] Listener is running poll /usr/lib/python3/dist-packages/oslo_messaging/_drivers/amqpdriver.py:343
2026-02-12 00:39:05.740 139456 DEBUG oslo_messaging._drivers.amqpdriver [-] AMQPListener connection consume poll /usr/lib/python3/dist-packages/oslo_messaging/_drivers/amqpdriver.py:357
2026-02-12 00:39:05.741 139443 DEBUG oslo_messaging._drivers.amqpdriver [-] received message with unique_id: 8bb670063e8845eaadf26f02651037af __call__ /usr/lib/python3/dist-packages/oslo_messaging/_drivers/amqpdriver.py:324
2026-02-12 00:39:05.741 139443 DEBUG oslo_messaging._drivers.amqpdriver [-] Listener is running poll /usr/lib/python3/dist-packages/oslo_messaging/_drivers/amqpdriver.py:343
2026-02-12 00:39:05.742 139450 DEBUG oslo_messaging._drivers.amqpdriver [-] AMQPListener connection timeout poll /usr/lib/python3/dist-packages/oslo_messaging/_drivers/amqpdriver.py:360
2026-02-12 00:39:05.742 139443 DEBUG oslo_messaging._drivers.amqpdriver [-] Poll the incoming message with unique_id: 8bb670063e8845eaadf26f02651037af poll /usr/lib/python3/dist-packages/oslo_messaging/_drivers/amqpdriver.py:346
2026-02-12 00:39:05.742 139450 DEBUG oslo_messaging._drivers.amqpdriver [-] Listener is running poll /usr/lib/python3/dist-packages/oslo_messaging/_drivers/amqpdriver.py:343
2026-02-12 00:39:05.743 139450 DEBUG oslo_messaging._drivers.amqpdriver [-] AMQPListener connection consume poll /usr/lib/python3/dist-packages/oslo_messaging/_drivers/amqpdriver.py:357
2026-02-12 00:39:05.743 139443 DEBUG oslo_messaging._drivers.amqpdriver [-] Listener is running poll /usr/lib/python3/dist-packages/oslo_messaging/_drivers/amqpdriver.py:343
2026-02-12 00:39:05.743 139443 DEBUG oslo_messaging._drivers.amqpdriver [-] AMQPListener connection consume poll /usr/lib/python3/dist-packages/oslo_messaging/_drivers/amqpdriver.py:357
2026-02-12 00:39:05.743 139456 DEBUG oslo_concurrency.lockutils [req-c2ec4bb0-8fd7-48d4-a070-988bb237adfd - - - - -] Lock "bd0ea294-fae1-4653-96e2-1580d73bd176" acquired by "nova.context.set_target_cell..get_or_set_cached_cell_and_set_connections" :: waited 0.000s inner /usr/lib/python3/dist-packages/oslo_concurrency/lockutils.py:386
2026-02-12 00:39:05.744 139456 DEBUG oslo_concurrency.lockutils [req-c2ec4bb0-8fd7-48d4-a070-988bb237adfd - - - - -] Lock "bd0ea294-fae1-4653-96e2-1580d73bd176" "released" by "nova.context.set_target_cell..get_or_set_cached_cell_and_set_connections" :: held 0.000s inner /usr/lib/python3/dist-packages/oslo_concurrency/lockutils.py:400
2026-02-12 00:39:05.744 139443 DEBUG oslo_concurrency.lockutils [req-c2ec4bb0-8fd7-48d4-a070-988bb237adfd - - - - -] Lock "host_instance" acquired by "nova.scheduler.host_manager.HostManager.sync_instance_info" :: waited 0.000s inner /usr/lib/python3/dist-packages/oslo_concurrency/lockutils.py:386
2026-02-12 00:39:05.746 139449 DEBUG oslo_messaging._drivers.amqpdriver [-] AMQPListener connection timeout poll /usr/lib/python3/dist-packages/oslo_messaging/_drivers/amqpdriver.py:360
2026-02-12 00:39:05.747 139449 DEBUG oslo_messaging._drivers.amqpdriver [-] Listener is running poll /usr/lib/python3/dist-packages/oslo_messaging/_drivers/amqpdriver.py:343
2026-02-12 00:39:05.747 139449 DEBUG oslo_messaging._drivers.amqpdriver [-] AMQPListener connection consume poll /usr/lib/python3/dist-packages/oslo_messaging/_drivers/amqpdriver.py:357
2026-02-12 00:39:05.747 139449 DEBUG oslo_concurrency.lockutils [req-c2ec4bb0-8fd7-48d4-a070-988bb237adfd - - - - -] Lock "bd0ea294-fae1-4653-96e2-1580d73bd176" acquired by "nova.context.set_target_cell..get_or_set_cached_cell_and_set_connections" :: waited 0.000s inner /usr/lib/python3/dist-packages/oslo_concurrency/lockutils.py:386
2026-02-12 00:39:05.748 139456 INFO nova.scheduler.host_manager [req-c2ec4bb0-8fd7-48d4-a070-988bb237adfd - - - - -] Received a sync request from an unknown host 'cn-jenkins-deploy-platform-juju-os-671-1'. Re-created its InstanceList.
2026-02-12 00:39:05.748 139449 DEBUG oslo_concurrency.lockutils [req-c2ec4bb0-8fd7-48d4-a070-988bb237adfd - - - - -] Lock "bd0ea294-fae1-4653-96e2-1580d73bd176" "released" by "nova.context.set_target_cell..get_or_set_cached_cell_and_set_connections" :: held 0.000s inner /usr/lib/python3/dist-packages/oslo_concurrency/lockutils.py:400
2026-02-12 00:39:05.748 139456 DEBUG oslo_concurrency.lockutils [req-c2ec4bb0-8fd7-48d4-a070-988bb237adfd - - - - -] Lock "host_instance" "released" by "nova.scheduler.host_manager.HostManager.sync_instance_info" :: held 0.011s inner /usr/lib/python3/dist-packages/oslo_concurrency/lockutils.py:400
2026-02-12 00:39:05.749 139450 DEBUG oslo_concurrency.lockutils [req-c2ec4bb0-8fd7-48d4-a070-988bb237adfd - - - - -] Lock "bd0ea294-fae1-4653-96e2-1580d73bd176" acquired by "nova.context.set_target_cell..get_or_set_cached_cell_and_set_connections" :: waited 0.000s inner /usr/lib/python3/dist-packages/oslo_concurrency/lockutils.py:386
2026-02-12 00:39:05.749 139450 DEBUG oslo_concurrency.lockutils [req-c2ec4bb0-8fd7-48d4-a070-988bb237adfd - - - - -] Lock "bd0ea294-fae1-4653-96e2-1580d73bd176" "released" by "nova.context.set_target_cell..get_or_set_cached_cell_and_set_connections" :: held 0.000s inner /usr/lib/python3/dist-packages/oslo_concurrency/lockutils.py:400
2026-02-12 00:39:05.751 139443 DEBUG oslo_messaging._drivers.amqpdriver [-] AMQPListener connection timeout poll /usr/lib/python3/dist-packages/oslo_messaging/_drivers/amqpdriver.py:360
2026-02-12 00:39:05.751 139443 DEBUG oslo_messaging._drivers.amqpdriver [-] Listener is running poll /usr/lib/python3/dist-packages/oslo_messaging/_drivers/amqpdriver.py:343
2026-02-12 00:39:05.751 139443 DEBUG oslo_messaging._drivers.amqpdriver [-] AMQPListener connection consume poll /usr/lib/python3/dist-packages/oslo_messaging/_drivers/amqpdriver.py:357
2026-02-12 00:39:05.752 139449 INFO nova.scheduler.host_manager [req-c2ec4bb0-8fd7-48d4-a070-988bb237adfd - - - - -] Received a sync request from an unknown host 'cn-jenkins-deploy-platform-juju-os-671-1'. Re-created its InstanceList.
2026-02-12 00:39:05.752 139449 DEBUG oslo_concurrency.lockutils [req-c2ec4bb0-8fd7-48d4-a070-988bb237adfd - - - - -] Lock "host_instance" "released" by "nova.scheduler.host_manager.HostManager.sync_instance_info" :: held 0.015s inner /usr/lib/python3/dist-packages/oslo_concurrency/lockutils.py:400
2026-02-12 00:39:05.753 139450 INFO nova.scheduler.host_manager [req-c2ec4bb0-8fd7-48d4-a070-988bb237adfd - - - - -] Received a sync request from an unknown host 'cn-jenkins-deploy-platform-juju-os-671-1'. Re-created its InstanceList.
2026-02-12 00:39:05.753 139450 DEBUG oslo_concurrency.lockutils [req-c2ec4bb0-8fd7-48d4-a070-988bb237adfd - - - - -] Lock "host_instance" "released" by "nova.scheduler.host_manager.HostManager.sync_instance_info" :: held 0.016s inner /usr/lib/python3/dist-packages/oslo_concurrency/lockutils.py:400
2026-02-12 00:39:05.754 139443 DEBUG oslo_concurrency.lockutils [req-c2ec4bb0-8fd7-48d4-a070-988bb237adfd - - - - -] Lock "bd0ea294-fae1-4653-96e2-1580d73bd176" acquired by "nova.context.set_target_cell..get_or_set_cached_cell_and_set_connections" :: waited 0.000s inner /usr/lib/python3/dist-packages/oslo_concurrency/lockutils.py:386
2026-02-12 00:39:05.754 139443 DEBUG oslo_concurrency.lockutils [req-c2ec4bb0-8fd7-48d4-a070-988bb237adfd - - - - -] Lock "bd0ea294-fae1-4653-96e2-1580d73bd176" "released" by "nova.context.set_target_cell..get_or_set_cached_cell_and_set_connections" :: held 0.000s inner /usr/lib/python3/dist-packages/oslo_concurrency/lockutils.py:400
2026-02-12 00:39:05.758 139443 INFO nova.scheduler.host_manager [req-c2ec4bb0-8fd7-48d4-a070-988bb237adfd - - - - -] Received a sync request from an unknown host 'cn-jenkins-deploy-platform-juju-os-671-1'. Re-created its InstanceList.
2026-02-12 00:39:05.758 139443 DEBUG oslo_concurrency.lockutils [req-c2ec4bb0-8fd7-48d4-a070-988bb237adfd - - - - -] Lock "host_instance" "released" by "nova.scheduler.host_manager.HostManager.sync_instance_info" :: held 0.014s inner /usr/lib/python3/dist-packages/oslo_concurrency/lockutils.py:400
2026-02-12 00:39:06.742 139456 DEBUG oslo_messaging._drivers.amqpdriver [-] AMQPListener connection timeout poll /usr/lib/python3/dist-packages/oslo_messaging/_drivers/amqpdriver.py:360
2026-02-12 00:39:06.742 139456 DEBUG oslo_messaging._drivers.amqpdriver [-] Listener is running poll /usr/lib/python3/dist-packages/oslo_messaging/_drivers/amqpdriver.py:343
2026-02-12 00:39:06.742 139456 DEBUG oslo_messaging._drivers.amqpdriver [-] AMQPListener connection consume poll /usr/lib/python3/dist-packages/oslo_messaging/_drivers/amqpdriver.py:357
2026-02-12 00:39:06.744 139450 DEBUG oslo_messaging._drivers.amqpdriver [-] AMQPListener connection timeout poll /usr/lib/python3/dist-packages/oslo_messaging/_drivers/amqpdriver.py:360
2026-02-12 00:39:06.744 139450 DEBUG oslo_messaging._drivers.amqpdriver [-] Listener is running poll /usr/lib/python3/dist-packages/oslo_messaging/_drivers/amqpdriver.py:343
2026-02-12 00:39:06.744 139450 DEBUG oslo_messaging._drivers.amqpdriver [-] AMQPListener connection consume poll /usr/lib/python3/dist-packages/oslo_messaging/_drivers/amqpdriver.py:357
2026-02-12 00:39:06.748 139449 DEBUG oslo_messaging._drivers.amqpdriver [-] AMQPListener connection timeout poll /usr/lib/python3/dist-packages/oslo_messaging/_drivers/amqpdriver.py:360
2026-02-12 00:39:06.748 139449 DEBUG oslo_messaging._drivers.amqpdriver [-] Listener is running poll /usr/lib/python3/dist-packages/oslo_messaging/_drivers/amqpdriver.py:343
2026-02-12 00:39:06.748 139449 DEBUG oslo_messaging._drivers.amqpdriver [-] AMQPListener connection consume poll /usr/lib/python3/dist-packages/oslo_messaging/_drivers/amqpdriver.py:357
2026-02-12 00:39:06.753 139443 DEBUG oslo_messaging._drivers.amqpdriver [-] AMQPListener connection timeout poll /usr/lib/python3/dist-packages/oslo_messaging/_drivers/amqpdriver.py:360
2026-02-12 00:39:06.754 139443 DEBUG oslo_messaging._drivers.amqpdriver [-] Listener is running poll /usr/lib/python3/dist-packages/oslo_messaging/_drivers/amqpdriver.py:343
2026-02-12 00:39:06.754 139443 DEBUG oslo_messaging._drivers.amqpdriver [-] AMQPListener connection consume poll /usr/lib/python3/dist-packages/oslo_messaging/_drivers/amqpdriver.py:357
2026-02-12 00:39:08.744 139456 DEBUG oslo_messaging._drivers.amqpdriver [-] AMQPListener connection timeout poll /usr/lib/python3/dist-packages/oslo_messaging/_drivers/amqpdriver.py:360
2026-02-12 00:39:08.745 139456 DEBUG oslo_messaging._drivers.amqpdriver [-] Listener is running poll /usr/lib/python3/dist-packages/oslo_messaging/_drivers/amqpdriver.py:343
2026-02-12 00:39:08.745 139456 DEBUG oslo_messaging._drivers.amqpdriver [-] AMQPListener connection consume poll /usr/lib/python3/dist-packages/oslo_messaging/_drivers/amqpdriver.py:357
2026-02-12 00:39:08.747 139450 DEBUG oslo_messaging._drivers.amqpdriver [-] AMQPListener connection timeout poll /usr/lib/python3/dist-packages/oslo_messaging/_drivers/amqpdriver.py:360
2026-02-12 00:39:08.747 139450 DEBUG oslo_messaging._drivers.amqpdriver [-] Listener is running poll /usr/lib/python3/dist-packages/oslo_messaging/_drivers/amqpdriver.py:343
2026-02-12 00:39:08.747 139450 DEBUG oslo_messaging._drivers.amqpdriver [-] AMQPListener connection consume poll /usr/lib/python3/dist-packages/oslo_messaging/_drivers/amqpdriver.py:357
2026-02-12 00:39:08.751 139449 DEBUG oslo_messaging._drivers.amqpdriver [-] AMQPListener connection timeout poll /usr/lib/python3/dist-packages/oslo_messaging/_drivers/amqpdriver.py:360
2026-02-12 00:39:08.752 139449 DEBUG oslo_messaging._drivers.amqpdriver [-] Listener is running poll /usr/lib/python3/dist-packages/oslo_messaging/_drivers/amqpdriver.py:343
2026-02-12 00:39:08.752 139449 DEBUG oslo_messaging._drivers.amqpdriver [-] AMQPListener connection consume poll /usr/lib/python3/dist-packages/oslo_messaging/_drivers/amqpdriver.py:357
2026-02-12 00:39:08.756 139443 DEBUG oslo_messaging._drivers.amqpdriver [-] AMQPListener connection timeout poll /usr/lib/python3/dist-packages/oslo_messaging/_drivers/amqpdriver.py:360
2026-02-12 00:39:08.756 139443 DEBUG oslo_messaging._drivers.amqpdriver [-] Listener is running poll /usr/lib/python3/dist-packages/oslo_messaging/_drivers/amqpdriver.py:343
2026-02-12 00:39:08.756 139443 DEBUG oslo_messaging._drivers.amqpdriver [-] AMQPListener connection consume poll /usr/lib/python3/dist-packages/oslo_messaging/_drivers/amqpdriver.py:357
2026-02-12 00:39:09.129 139449 DEBUG oslo_service.periodic_task [req-b92e6702-09ba-410b-bcaf-b37a17842a54 - - - - -] Running periodic task SchedulerManager._discover_hosts_in_cells run_periodic_tasks /usr/lib/python3/dist-packages/oslo_service/periodic_task.py:210
2026-02-12 00:39:09.133 139449 DEBUG oslo_concurrency.lockutils [req-e42aff9a-2b0d-4b7b-822d-c6dfa713f86b - - - - -] Lock "bd0ea294-fae1-4653-96e2-1580d73bd176" acquired by "nova.context.set_target_cell..get_or_set_cached_cell_and_set_connections" :: waited 0.000s inner /usr/lib/python3/dist-packages/oslo_concurrency/lockutils.py:386
2026-02-12 00:39:09.133 139449 DEBUG oslo_concurrency.lockutils [req-e42aff9a-2b0d-4b7b-822d-c6dfa713f86b - - - - -] Lock "bd0ea294-fae1-4653-96e2-1580d73bd176" "released" by "nova.context.set_target_cell..get_or_set_cached_cell_and_set_connections" :: held 0.000s inner /usr/lib/python3/dist-packages/oslo_concurrency/lockutils.py:400
2026-02-12 00:39:12.749 139456 DEBUG oslo_messaging._drivers.amqpdriver [-] AMQPListener connection timeout poll /usr/lib/python3/dist-packages/oslo_messaging/_drivers/amqpdriver.py:360
2026-02-12 00:39:12.750 139456 DEBUG oslo_messaging._drivers.amqpdriver [-] Listener is running poll /usr/lib/python3/dist-packages/oslo_messaging/_drivers/amqpdriver.py:343
2026-02-12 00:39:12.750 139456 DEBUG oslo_messaging._drivers.amqpdriver [-] AMQPListener connection consume poll /usr/lib/python3/dist-packages/oslo_messaging/_drivers/amqpdriver.py:357
2026-02-12 00:39:12.751 139450 DEBUG oslo_messaging._drivers.amqpdriver [-] AMQPListener connection timeout poll /usr/lib/python3/dist-packages/oslo_messaging/_drivers/amqpdriver.py:360
2026-02-12 00:39:12.752 139450 DEBUG oslo_messaging._drivers.amqpdriver [-] Listener is running poll /usr/lib/python3/dist-packages/oslo_messaging/_drivers/amqpdriver.py:343
2026-02-12 00:39:12.752 139450 DEBUG oslo_messaging._drivers.amqpdriver [-] AMQPListener connection consume poll /usr/lib/python3/dist-packages/oslo_messaging/_drivers/amqpdriver.py:357
2026-02-12 00:39:12.756 139449 DEBUG oslo_messaging._drivers.amqpdriver [-] AMQPListener connection timeout poll /usr/lib/python3/dist-packages/oslo_messaging/_drivers/amqpdriver.py:360
2026-02-12 00:39:12.756 139449 DEBUG oslo_messaging._drivers.amqpdriver [-] Listener is running poll /usr/lib/python3/dist-packages/oslo_messaging/_drivers/amqpdriver.py:343
2026-02-12 00:39:12.756 139449 DEBUG oslo_messaging._drivers.amqpdriver [-] AMQPListener connection consume poll /usr/lib/python3/dist-packages/oslo_messaging/_drivers/amqpdriver.py:357
2026-02-12 00:39:12.760 139443 DEBUG oslo_messaging._drivers.amqpdriver [-] AMQPListener connection timeout poll /usr/lib/python3/dist-packages/oslo_messaging/_drivers/amqpdriver.py:360
2026-02-12 00:39:12.760 139443 DEBUG oslo_messaging._drivers.amqpdriver [-] Listener is running poll /usr/lib/python3/dist-packages/oslo_messaging/_drivers/amqpdriver.py:343
2026-02-12 00:39:12.760 139443 DEBUG oslo_messaging._drivers.amqpdriver [-] AMQPListener connection consume poll /usr/lib/python3/dist-packages/oslo_messaging/_drivers/amqpdriver.py:357
2026-02-12 00:39:20.655 138125 INFO oslo_service.service [req-c3ac17aa-4c52-4eff-83d5-d45d68e63904 - - - - -] Caught SIGTERM, stopping children
2026-02-12 00:39:20.655 138125 DEBUG oslo_concurrency.lockutils [req-c3ac17aa-4c52-4eff-83d5-d45d68e63904 - - - - -] Acquired lock "singleton_lock" lock /usr/lib/python3/dist-packages/oslo_concurrency/lockutils.py:294
2026-02-12 00:39:20.656 138125 DEBUG oslo_concurrency.lockutils [req-c3ac17aa-4c52-4eff-83d5-d45d68e63904 - - - - -] Releasing lock "singleton_lock" lock /usr/lib/python3/dist-packages/oslo_concurrency/lockutils.py:312
2026-02-12 00:39:20.656 138125 DEBUG oslo_service.service [req-c3ac17aa-4c52-4eff-83d5-d45d68e63904 - - - - -] Stop services. stop /usr/lib/python3/dist-packages/oslo_service/service.py:695
2026-02-12 00:39:20.656 138125 DEBUG oslo_service.service [req-c3ac17aa-4c52-4eff-83d5-d45d68e63904 - - - - -] Killing children. stop /usr/lib/python3/dist-packages/oslo_service/service.py:700
2026-02-12 00:39:20.657 138125 INFO oslo_service.service [req-c3ac17aa-4c52-4eff-83d5-d45d68e63904 - - - - -] Waiting on 4 children to exit
2026-02-12 00:39:20.662 138125 INFO oslo_service.service [req-c3ac17aa-4c52-4eff-83d5-d45d68e63904 - - - - -] Child 139443 killed by signal 15
2026-02-12 00:39:20.663 138125 INFO oslo_service.service [req-c3ac17aa-4c52-4eff-83d5-d45d68e63904 - - - - -] Child 139450 killed by signal 15
2026-02-12 00:39:20.664 138125 INFO oslo_service.service [req-c3ac17aa-4c52-4eff-83d5-d45d68e63904 - - - - -] Child 139449 killed by signal 15
2026-02-12 00:39:20.666 138125 INFO oslo_service.service [req-c3ac17aa-4c52-4eff-83d5-d45d68e63904 - - - - -] Child 139456 killed by signal 15
2026-02-12 00:39:22.313 155241 DEBUG oslo_db.sqlalchemy.engines [req-c61f568f-e194-4ab0-9c46-4288e01a5b10 - - - - -] MySQL server mode set to STRICT_TRANS_TABLES,STRICT_ALL_TABLES,NO_ZERO_IN_DATE,NO_ZERO_DATE,ERROR_FOR_DIVISION_BY_ZERO,TRADITIONAL,NO_ENGINE_SUBSTITUTION _check_effective_sql_mode /usr/lib/python3/dist-packages/oslo_db/sqlalchemy/engines.py:314
2026-02-12 00:39:22.345 155241 DEBUG nova.scheduler.host_manager [req-c61f568f-e194-4ab0-9c46-4288e01a5b10 - - - - -] Found 1 cells: bd0ea294-fae1-4653-96e2-1580d73bd176 refresh_cells_caches /usr/lib/python3/dist-packages/nova/scheduler/host_manager.py:730
2026-02-12 00:39:22.345 155241 DEBUG nova.scheduler.host_manager [req-c61f568f-e194-4ab0-9c46-4288e01a5b10 - - - - -] Found 0 disabled cells: refresh_cells_caches /usr/lib/python3/dist-packages/nova/scheduler/host_manager.py:742
2026-02-12 00:39:22.350 155241 WARNING nova.scheduler.filters.availability_zone_filter [req-c61f568f-e194-4ab0-9c46-4288e01a5b10 - - - - -] The 'AvailabilityZoneFilter' is deprecated since the 24.0.0 (Xena) release. Since the 18.0.0 (Rocky) release, nova has supported mapping AZs to placement aggregates. The feature is enabled by the 'query_placement_for_availability_zone' config option and is now enabled by default. As such, the 'AvailabilityZoneFilter' is no longer required. Nova is currently configured to use both placement and the AvailabilityZoneFilter for AZ enforcement.
2026-02-12 00:39:22.431 155241 DEBUG nova.scheduler.host_manager [req-c61f568f-e194-4ab0-9c46-4288e01a5b10 - - - - -] START:_async_init_instance_info _async_init_instance_info /usr/lib/python3/dist-packages/nova/scheduler/host_manager.py:411
2026-02-12 00:39:22.433 155241 DEBUG oslo_concurrency.lockutils [req-63e1479f-be9a-4bbf-9f13-d151247a8287 - - - - -] Lock "bd0ea294-fae1-4653-96e2-1580d73bd176" acquired by "nova.context.set_target_cell..get_or_set_cached_cell_and_set_connections" :: waited 0.000s inner /usr/lib/python3/dist-packages/oslo_concurrency/lockutils.py:386
2026-02-12 00:39:22.434 155241 DEBUG oslo_concurrency.lockutils [req-63e1479f-be9a-4bbf-9f13-d151247a8287 - - - - -] Lock "bd0ea294-fae1-4653-96e2-1580d73bd176" "released" by "nova.context.set_target_cell..get_or_set_cached_cell_and_set_connections" :: held 0.001s inner /usr/lib/python3/dist-packages/oslo_concurrency/lockutils.py:400
2026-02-12 00:39:22.447 155241 DEBUG oslo_db.sqlalchemy.engines [req-63e1479f-be9a-4bbf-9f13-d151247a8287 - - - - -] MySQL server mode set to STRICT_TRANS_TABLES,STRICT_ALL_TABLES,NO_ZERO_IN_DATE,NO_ZERO_DATE,ERROR_FOR_DIVISION_BY_ZERO,TRADITIONAL,NO_ENGINE_SUBSTITUTION _check_effective_sql_mode /usr/lib/python3/dist-packages/oslo_db/sqlalchemy/engines.py:314
2026-02-12 00:39:22.459 155241 DEBUG nova.scheduler.host_manager [req-63e1479f-be9a-4bbf-9f13-d151247a8287 - - - - -] Total number of compute nodes: 1 _async_init_instance_info /usr/lib/python3/dist-packages/nova/scheduler/host_manager.py:424
2026-02-12 00:39:22.460 155241 DEBUG oslo_concurrency.lockutils [req-63e1479f-be9a-4bbf-9f13-d151247a8287 - - - - -] Lock "bd0ea294-fae1-4653-96e2-1580d73bd176" acquired by "nova.context.set_target_cell..get_or_set_cached_cell_and_set_connections" :: waited 0.000s inner /usr/lib/python3/dist-packages/oslo_concurrency/lockutils.py:386
2026-02-12 00:39:22.460 155241 DEBUG oslo_concurrency.lockutils [req-63e1479f-be9a-4bbf-9f13-d151247a8287 - - - - -] Lock "bd0ea294-fae1-4653-96e2-1580d73bd176" "released" by "nova.context.set_target_cell..get_or_set_cached_cell_and_set_connections" :: held 0.000s inner /usr/lib/python3/dist-packages/oslo_concurrency/lockutils.py:400
2026-02-12 00:39:22.531 155241 DEBUG nova.scheduler.host_manager [req-63e1479f-be9a-4bbf-9f13-d151247a8287 - - - - -] Adding 0 instances for hosts 10-20 _async_init_instance_info /usr/lib/python3/dist-packages/nova/scheduler/host_manager.py:443
2026-02-12 00:39:22.531 155241 DEBUG nova.scheduler.host_manager [req-63e1479f-be9a-4bbf-9f13-d151247a8287 - - - - -] END:_async_init_instance_info _async_init_instance_info /usr/lib/python3/dist-packages/nova/scheduler/host_manager.py:454
2026-02-12 00:39:22.989 155241 DEBUG nova.context [req-c61f568f-e194-4ab0-9c46-4288e01a5b10 - - - - -] Found 2 cells: 00000000-0000-0000-0000-000000000000(cell0),bd0ea294-fae1-4653-96e2-1580d73bd176(cell1) load_cells /usr/lib/python3/dist-packages/nova/context.py:464
2026-02-12 00:39:22.990 155241 DEBUG oslo_concurrency.lockutils [req-c8291f39-83fe-453e-97c5-7a1789b18a6e - - - - -] Lock "00000000-0000-0000-0000-000000000000" acquired by "nova.context.set_target_cell..get_or_set_cached_cell_and_set_connections" :: waited 0.000s inner /usr/lib/python3/dist-packages/oslo_concurrency/lockutils.py:386
2026-02-12 00:39:22.990 155241 DEBUG oslo_concurrency.lockutils [req-c8291f39-83fe-453e-97c5-7a1789b18a6e - - - - -] Lock "00000000-0000-0000-0000-000000000000" "released" by "nova.context.set_target_cell..get_or_set_cached_cell_and_set_connections" :: held 0.001s inner /usr/lib/python3/dist-packages/oslo_concurrency/lockutils.py:400
2026-02-12 00:39:22.991 155241 DEBUG oslo_concurrency.lockutils [req-c8291f39-83fe-453e-97c5-7a1789b18a6e - - - - -] Lock "bd0ea294-fae1-4653-96e2-1580d73bd176" acquired by "nova.context.set_target_cell..get_or_set_cached_cell_and_set_connections" :: waited 0.000s inner /usr/lib/python3/dist-packages/oslo_concurrency/lockutils.py:386
2026-02-12 00:39:22.991 155241 DEBUG oslo_concurrency.lockutils [req-c8291f39-83fe-453e-97c5-7a1789b18a6e - - - - -] Lock "bd0ea294-fae1-4653-96e2-1580d73bd176" "released" by "nova.context.set_target_cell..get_or_set_cached_cell_and_set_connections" :: held 0.000s inner /usr/lib/python3/dist-packages/oslo_concurrency/lockutils.py:400
2026-02-12 00:39:23.005 155241 DEBUG oslo_db.sqlalchemy.engines [req-c8291f39-83fe-453e-97c5-7a1789b18a6e - - - - -] MySQL server mode set to STRICT_TRANS_TABLES,STRICT_ALL_TABLES,NO_ZERO_IN_DATE,NO_ZERO_DATE,ERROR_FOR_DIVISION_BY_ZERO,TRADITIONAL,NO_ENGINE_SUBSTITUTION _check_effective_sql_mode /usr/lib/python3/dist-packages/oslo_db/sqlalchemy/engines.py:314
2026-02-12 00:39:23.016 155241 DEBUG oslo_concurrency.lockutils [req-c8291f39-83fe-453e-97c5-7a1789b18a6e - - - - -] Acquired lock "singleton_lock" lock /usr/lib/python3/dist-packages/oslo_concurrency/lockutils.py:294
2026-02-12 00:39:23.016 155241 DEBUG oslo_concurrency.lockutils [req-c8291f39-83fe-453e-97c5-7a1789b18a6e - - - - -] Releasing lock "singleton_lock" lock /usr/lib/python3/dist-packages/oslo_concurrency/lockutils.py:312
2026-02-12 00:39:23.017 155241 INFO oslo_service.service [req-c8291f39-83fe-453e-97c5-7a1789b18a6e - - - - -] Starting 4 workers
2026-02-12 00:39:23.021 155241 DEBUG oslo_service.service [req-c8291f39-83fe-453e-97c5-7a1789b18a6e - - - - -] Started child 155648 _start_child /usr/lib/python3/dist-packages/oslo_service/service.py:575
2026-02-12 00:39:23.026 155648 INFO nova.service [-] Starting scheduler node (version 25.2.1)
2026-02-12 00:39:23.027 155241 DEBUG oslo_service.service [req-c8291f39-83fe-453e-97c5-7a1789b18a6e - - - - -] Started child 155654 _start_child /usr/lib/python3/dist-packages/oslo_service/service.py:575
2026-02-12 00:39:23.034 155654 INFO nova.service [-] Starting scheduler node (version 25.2.1)
2026-02-12 00:39:23.034 155241 DEBUG oslo_service.service [req-c8291f39-83fe-453e-97c5-7a1789b18a6e - - - - -] Started child 155661 _start_child /usr/lib/python3/dist-packages/oslo_service/service.py:575
2026-02-12 00:39:23.039 155661 INFO nova.service [-] Starting scheduler node (version 25.2.1)
2026-02-12 00:39:23.040 155241 DEBUG oslo_service.service [req-c8291f39-83fe-453e-97c5-7a1789b18a6e - - - - -] Started child 155668 _start_child /usr/lib/python3/dist-packages/oslo_service/service.py:575
2026-02-12 00:39:23.046 155241 DEBUG oslo_service.service [req-c8291f39-83fe-453e-97c5-7a1789b18a6e - - - - -] Full set of CONF: wait /usr/lib/python3/dist-packages/oslo_service/service.py:649
2026-02-12 00:39:23.046 155241 DEBUG oslo_service.service [req-c8291f39-83fe-453e-97c5-7a1789b18a6e - - - - -] ******************************************************************************** log_opt_values /usr/lib/python3/dist-packages/oslo_config/cfg.py:2589
2026-02-12 00:39:23.046 155241 DEBUG oslo_service.service [req-c8291f39-83fe-453e-97c5-7a1789b18a6e - - - - -] Configuration options gathered from: log_opt_values /usr/lib/python3/dist-packages/oslo_config/cfg.py:2590
2026-02-12 00:39:23.046 155241 DEBUG oslo_service.service [req-c8291f39-83fe-453e-97c5-7a1789b18a6e - - - - -] command line args: ['--config-file=/etc/nova/nova.conf', '--log-file=/var/log/nova/nova-scheduler.log'] log_opt_values /usr/lib/python3/dist-packages/oslo_config/cfg.py:2591
2026-02-12 00:39:23.047 155654 DEBUG oslo_db.sqlalchemy.engines [req-71e2a933-03a7-425e-84b7-fb010bbfc01f - - - - -] MySQL server mode set to STRICT_TRANS_TABLES,STRICT_ALL_TABLES,NO_ZERO_IN_DATE,NO_ZERO_DATE,ERROR_FOR_DIVISION_BY_ZERO,TRADITIONAL,NO_ENGINE_SUBSTITUTION _check_effective_sql_mode /usr/lib/python3/dist-packages/oslo_db/sqlalchemy/engines.py:314
2026-02-12 00:39:23.047 155241 DEBUG oslo_service.service [req-c8291f39-83fe-453e-97c5-7a1789b18a6e - - - - -] config files: ['/etc/nova/nova.conf'] log_opt_values /usr/lib/python3/dist-packages/oslo_config/cfg.py:2592
2026-02-12 00:39:23.048 155241 DEBUG oslo_service.service [req-c8291f39-83fe-453e-97c5-7a1789b18a6e - - - - -] ================================================================================ log_opt_values /usr/lib/python3/dist-packages/oslo_config/cfg.py:2594
2026-02-12 00:39:23.048 155648 DEBUG oslo_db.sqlalchemy.engines [req-f04ed6f3-63f4-4da5-bd66-2cd56713af9f - - - - -] MySQL server mode set to STRICT_TRANS_TABLES,STRICT_ALL_TABLES,NO_ZERO_IN_DATE,NO_ZERO_DATE,ERROR_FOR_DIVISION_BY_ZERO,TRADITIONAL,NO_ENGINE_SUBSTITUTION _check_effective_sql_mode /usr/lib/python3/dist-packages/oslo_db/sqlalchemy/engines.py:314
2026-02-12 00:39:23.048 155241 DEBUG oslo_service.service [req-c8291f39-83fe-453e-97c5-7a1789b18a6e - - - - -] allow_resize_to_same_host = False log_opt_values /usr/lib/python3/dist-packages/oslo_config/cfg.py:2602
2026-02-12 00:39:23.048 155241 DEBUG oslo_service.service [req-c8291f39-83fe-453e-97c5-7a1789b18a6e - - - - -] arq_binding_timeout = 300 log_opt_values /usr/lib/python3/dist-packages/oslo_config/cfg.py:2602
2026-02-12 00:39:23.049 155241 DEBUG oslo_service.service [req-c8291f39-83fe-453e-97c5-7a1789b18a6e - - - - -] block_device_allocate_retries = 60 log_opt_values /usr/lib/python3/dist-packages/oslo_config/cfg.py:2602
2026-02-12 00:39:23.049 155241 DEBUG oslo_service.service [req-c8291f39-83fe-453e-97c5-7a1789b18a6e - - - - -] block_device_allocate_retries_interval = 3 log_opt_values /usr/lib/python3/dist-packages/oslo_config/cfg.py:2602
2026-02-12 00:39:23.049 155241 DEBUG oslo_service.service [req-c8291f39-83fe-453e-97c5-7a1789b18a6e - - - - -] cert = self.pem log_opt_values /usr/lib/python3/dist-packages/oslo_config/cfg.py:2602
2026-02-12 00:39:23.049 155241 DEBUG oslo_service.service [req-c8291f39-83fe-453e-97c5-7a1789b18a6e - - - - -] compute_driver = libvirt.LibvirtDriver log_opt_values /usr/lib/python3/dist-packages/oslo_config/cfg.py:2602
2026-02-12 00:39:23.050 155241 DEBUG oslo_service.service [req-c8291f39-83fe-453e-97c5-7a1789b18a6e - - - - -] compute_monitors = [] log_opt_values /usr/lib/python3/dist-packages/oslo_config/cfg.py:2602
2026-02-12 00:39:23.050 155241 DEBUG oslo_service.service [req-c8291f39-83fe-453e-97c5-7a1789b18a6e - - - - -] config_dir = [] log_opt_values /usr/lib/python3/dist-packages/oslo_config/cfg.py:2602
2026-02-12 00:39:23.050 155241 DEBUG oslo_service.service [req-c8291f39-83fe-453e-97c5-7a1789b18a6e - - - - -] config_drive_format = iso9660 log_opt_values /usr/lib/python3/dist-packages/oslo_config/cfg.py:2602
2026-02-12 00:39:23.050 155241 DEBUG oslo_service.service [req-c8291f39-83fe-453e-97c5-7a1789b18a6e - - - - -] config_file = ['/etc/nova/nova.conf'] log_opt_values /usr/lib/python3/dist-packages/oslo_config/cfg.py:2602
2026-02-12 00:39:23.050 155241 DEBUG oslo_service.service [req-c8291f39-83fe-453e-97c5-7a1789b18a6e - - - - -] config_source = [] log_opt_values /usr/lib/python3/dist-packages/oslo_config/cfg.py:2602
2026-02-12 00:39:23.050 155668 INFO nova.service [-] Starting scheduler node (version 25.2.1)
2026-02-12 00:39:23.051 155241 DEBUG oslo_service.service [req-c8291f39-83fe-453e-97c5-7a1789b18a6e - - - - -] console_host = juju-baeef4-0-lxd-7 log_opt_values /usr/lib/python3/dist-packages/oslo_config/cfg.py:2602
2026-02-12 00:39:23.051 155241 DEBUG oslo_service.service [req-c8291f39-83fe-453e-97c5-7a1789b18a6e - - - - -] control_exchange = nova log_opt_values /usr/lib/python3/dist-packages/oslo_config/cfg.py:2602
2026-02-12 00:39:23.051 155241 DEBUG oslo_service.service [req-c8291f39-83fe-453e-97c5-7a1789b18a6e - - - - -] cpu_allocation_ratio = 2.0 log_opt_values /usr/lib/python3/dist-packages/oslo_config/cfg.py:2602
2026-02-12 00:39:23.051 155241 DEBUG oslo_service.service [req-c8291f39-83fe-453e-97c5-7a1789b18a6e - - - - -] daemon = False log_opt_values /usr/lib/python3/dist-packages/oslo_config/cfg.py:2602
2026-02-12 00:39:23.052 155241 DEBUG oslo_service.service [req-c8291f39-83fe-453e-97c5-7a1789b18a6e - - - - -] debug = True log_opt_values /usr/lib/python3/dist-packages/oslo_config/cfg.py:2602
2026-02-12 00:39:23.052 155241 DEBUG oslo_service.service [req-c8291f39-83fe-453e-97c5-7a1789b18a6e - - - - -] default_access_ip_network_name = None log_opt_values /usr/lib/python3/dist-packages/oslo_config/cfg.py:2602
2026-02-12 00:39:23.052 155241 DEBUG oslo_service.service [req-c8291f39-83fe-453e-97c5-7a1789b18a6e - - - - -] default_availability_zone = nova log_opt_values /usr/lib/python3/dist-packages/oslo_config/cfg.py:2602
2026-02-12 00:39:23.052 155241 DEBUG oslo_service.service [req-c8291f39-83fe-453e-97c5-7a1789b18a6e - - - - -] default_ephemeral_format = None log_opt_values /usr/lib/python3/dist-packages/oslo_config/cfg.py:2602
2026-02-12 00:39:23.052 155241 DEBUG oslo_service.service [req-c8291f39-83fe-453e-97c5-7a1789b18a6e - - - - -] default_log_levels = ['amqp=WARN', 'amqplib=WARN', 'boto=WARN', 'qpid=WARN', 'sqlalchemy=WARN', 'suds=INFO', 'oslo.messaging=INFO', 'oslo_messaging=DEBUG', 'iso8601=WARN', 'requests.packages.urllib3.connectionpool=WARN', 'urllib3.connectionpool=WARN', 'websocket=WARN', 'requests.packages.urllib3.util.retry=WARN', 'urllib3.util.retry=WARN', 'keystonemiddleware=WARN', 'routes.middleware=WARN', 'stevedore=WARN', 'taskflow=WARN', 'keystoneauth=WARN', 'oslo.cache=INFO', 'dogpile.core.dogpile=INFO', 'glanceclient=WARN', 'oslo.privsep.daemon=INFO'] log_opt_values /usr/lib/python3/dist-packages/oslo_config/cfg.py:2602
2026-02-12 00:39:23.053 155241 DEBUG oslo_service.service [req-c8291f39-83fe-453e-97c5-7a1789b18a6e - - - - -] default_schedule_zone = None log_opt_values /usr/lib/python3/dist-packages/oslo_config/cfg.py:2602
2026-02-12 00:39:23.053 155241 DEBUG oslo_service.service [req-c8291f39-83fe-453e-97c5-7a1789b18a6e - - - - -] disk_allocation_ratio = 1.0 log_opt_values /usr/lib/python3/dist-packages/oslo_config/cfg.py:2602
2026-02-12 00:39:23.053 155241 DEBUG oslo_service.service [req-c8291f39-83fe-453e-97c5-7a1789b18a6e - - - - -] enable_new_services = True log_opt_values /usr/lib/python3/dist-packages/oslo_config/cfg.py:2602
2026-02-12 00:39:23.054 155241 DEBUG oslo_service.service [req-c8291f39-83fe-453e-97c5-7a1789b18a6e - - - - -] enabled_apis = ['osapi_compute', 'metadata'] log_opt_values /usr/lib/python3/dist-packages/oslo_config/cfg.py:2602
2026-02-12 00:39:23.054 155241 DEBUG oslo_service.service [req-c8291f39-83fe-453e-97c5-7a1789b18a6e - - - - -] enabled_ssl_apis = [] log_opt_values /usr/lib/python3/dist-packages/oslo_config/cfg.py:2602
2026-02-12 00:39:23.055 155241 DEBUG oslo_service.service [req-c8291f39-83fe-453e-97c5-7a1789b18a6e - - - - -] fatal_deprecations = False log_opt_values /usr/lib/python3/dist-packages/oslo_config/cfg.py:2602
2026-02-12 00:39:23.055 155241 DEBUG oslo_service.service [req-c8291f39-83fe-453e-97c5-7a1789b18a6e - - - - -] flat_injected = False log_opt_values /usr/lib/python3/dist-packages/oslo_config/cfg.py:2602
2026-02-12 00:39:23.056 155241 DEBUG oslo_service.service [req-c8291f39-83fe-453e-97c5-7a1789b18a6e - - - - -] force_config_drive = False log_opt_values /usr/lib/python3/dist-packages/oslo_config/cfg.py:2602
2026-02-12 00:39:23.056 155241 DEBUG oslo_service.service [req-c8291f39-83fe-453e-97c5-7a1789b18a6e - - - - -] force_raw_images = True log_opt_values /usr/lib/python3/dist-packages/oslo_config/cfg.py:2602
2026-02-12 00:39:23.056 155241 DEBUG oslo_service.service [req-c8291f39-83fe-453e-97c5-7a1789b18a6e - - - - -] graceful_shutdown_timeout = 60 log_opt_values /usr/lib/python3/dist-packages/oslo_config/cfg.py:2602
2026-02-12 00:39:23.056 155241 DEBUG oslo_service.service [req-c8291f39-83fe-453e-97c5-7a1789b18a6e - - - - -] heal_instance_info_cache_interval = 60 log_opt_values /usr/lib/python3/dist-packages/oslo_config/cfg.py:2602
2026-02-12 00:39:23.057 155241 DEBUG oslo_service.service [req-c8291f39-83fe-453e-97c5-7a1789b18a6e - - - - -] host = juju-baeef4-0-lxd-7 log_opt_values /usr/lib/python3/dist-packages/oslo_config/cfg.py:2602
2026-02-12 00:39:23.057 155241 DEBUG oslo_service.service [req-c8291f39-83fe-453e-97c5-7a1789b18a6e - - - - -] initial_cpu_allocation_ratio = 16.0 log_opt_values /usr/lib/python3/dist-packages/oslo_config/cfg.py:2602
2026-02-12 00:39:23.057 155241 DEBUG oslo_service.service [req-c8291f39-83fe-453e-97c5-7a1789b18a6e - - - - -] initial_disk_allocation_ratio = 1.0 log_opt_values /usr/lib/python3/dist-packages/oslo_config/cfg.py:2602
2026-02-12 00:39:23.057 155241 DEBUG oslo_service.service [req-c8291f39-83fe-453e-97c5-7a1789b18a6e - - - - -] initial_ram_allocation_ratio = 1.5 log_opt_values /usr/lib/python3/dist-packages/oslo_config/cfg.py:2602
2026-02-12 00:39:23.058 155241 DEBUG oslo_service.service [req-c8291f39-83fe-453e-97c5-7a1789b18a6e - - - - -] injected_network_template = /usr/lib/python3/dist-packages/nova/virt/interfaces.template log_opt_values /usr/lib/python3/dist-packages/oslo_config/cfg.py:2602
2026-02-12 00:39:23.058 155241 DEBUG oslo_service.service [req-c8291f39-83fe-453e-97c5-7a1789b18a6e - - - - -] instance_build_timeout = 0 log_opt_values /usr/lib/python3/dist-packages/oslo_config/cfg.py:2602
2026-02-12 00:39:23.058 155241 DEBUG oslo_service.service [req-c8291f39-83fe-453e-97c5-7a1789b18a6e - - - - -] instance_delete_interval = 300 log_opt_values /usr/lib/python3/dist-packages/oslo_config/cfg.py:2602
2026-02-12 00:39:23.058 155241 DEBUG oslo_service.service [req-c8291f39-83fe-453e-97c5-7a1789b18a6e - - - - -] instance_format = [instance: %(uuid)s] log_opt_values /usr/lib/python3/dist-packages/oslo_config/cfg.py:2602
2026-02-12 00:39:23.059 155241 DEBUG oslo_service.service [req-c8291f39-83fe-453e-97c5-7a1789b18a6e - - - - -] instance_name_template = instance-%08x log_opt_values /usr/lib/python3/dist-packages/oslo_config/cfg.py:2602
2026-02-12 00:39:23.059 155241 DEBUG oslo_service.service [req-c8291f39-83fe-453e-97c5-7a1789b18a6e - - - - -] instance_usage_audit = False log_opt_values /usr/lib/python3/dist-packages/oslo_config/cfg.py:2602
2026-02-12 00:39:23.059 155241 DEBUG oslo_service.service [req-c8291f39-83fe-453e-97c5-7a1789b18a6e - - - - -] instance_usage_audit_period = month log_opt_values /usr/lib/python3/dist-packages/oslo_config/cfg.py:2602
2026-02-12 00:39:23.060 155241 DEBUG oslo_service.service [req-c8291f39-83fe-453e-97c5-7a1789b18a6e - - - - -] instance_uuid_format = [instance: %(uuid)s] log_opt_values /usr/lib/python3/dist-packages/oslo_config/cfg.py:2602
2026-02-12 00:39:23.060 155241 DEBUG oslo_service.service [req-c8291f39-83fe-453e-97c5-7a1789b18a6e - - - - -] instances_path = /var/lib/nova/instances log_opt_values /usr/lib/python3/dist-packages/oslo_config/cfg.py:2602
2026-02-12 00:39:23.061 155241 DEBUG oslo_service.service [req-c8291f39-83fe-453e-97c5-7a1789b18a6e - - - - -] internal_service_availability_zone = internal log_opt_values /usr/lib/python3/dist-packages/oslo_config/cfg.py:2602
2026-02-12 00:39:23.061 155241 DEBUG oslo_service.service [req-c8291f39-83fe-453e-97c5-7a1789b18a6e - - - - -] key = None log_opt_values /usr/lib/python3/dist-packages/oslo_config/cfg.py:2602
2026-02-12 00:39:23.061 155241 DEBUG oslo_service.service [req-c8291f39-83fe-453e-97c5-7a1789b18a6e - - - - -] live_migration_retry_count = 30 log_opt_values /usr/lib/python3/dist-packages/oslo_config/cfg.py:2602
2026-02-12 00:39:23.061 155241 DEBUG oslo_service.service [req-c8291f39-83fe-453e-97c5-7a1789b18a6e - - - - -] log_config_append = None log_opt_values /usr/lib/python3/dist-packages/oslo_config/cfg.py:2602
2026-02-12 00:39:23.062 155241 DEBUG oslo_service.service [req-c8291f39-83fe-453e-97c5-7a1789b18a6e - - - - -] log_date_format = %Y-%m-%d %H:%M:%S log_opt_values /usr/lib/python3/dist-packages/oslo_config/cfg.py:2602
2026-02-12 00:39:23.062 155241 DEBUG oslo_service.service [req-c8291f39-83fe-453e-97c5-7a1789b18a6e - - - - -] log_dir = /var/log/nova log_opt_values /usr/lib/python3/dist-packages/oslo_config/cfg.py:2602
2026-02-12 00:39:23.062 155241 DEBUG oslo_service.service [req-c8291f39-83fe-453e-97c5-7a1789b18a6e - - - - -] log_file = /var/log/nova/nova-scheduler.log log_opt_values /usr/lib/python3/dist-packages/oslo_config/cfg.py:2602
2026-02-12 00:39:23.063 155241 DEBUG oslo_service.service [req-c8291f39-83fe-453e-97c5-7a1789b18a6e - - - - -] log_options = True log_opt_values /usr/lib/python3/dist-packages/oslo_config/cfg.py:2602
2026-02-12 00:39:23.063 155241 DEBUG oslo_service.service [req-c8291f39-83fe-453e-97c5-7a1789b18a6e - - - - -] log_rotate_interval = 1 log_opt_values /usr/lib/python3/dist-packages/oslo_config/cfg.py:2602
2026-02-12 00:39:23.063 155668 DEBUG oslo_db.sqlalchemy.engines [req-d5653d63-14dc-4b02-bc58-1861184fe077 - - - - -] MySQL server mode set to STRICT_TRANS_TABLES,STRICT_ALL_TABLES,NO_ZERO_IN_DATE,NO_ZERO_DATE,ERROR_FOR_DIVISION_BY_ZERO,TRADITIONAL,NO_ENGINE_SUBSTITUTION _check_effective_sql_mode /usr/lib/python3/dist-packages/oslo_db/sqlalchemy/engines.py:314
2026-02-12 00:39:23.063 155241 DEBUG oslo_service.service [req-c8291f39-83fe-453e-97c5-7a1789b18a6e - - - - -] log_rotate_interval_type = days log_opt_values /usr/lib/python3/dist-packages/oslo_config/cfg.py:2602
2026-02-12 00:39:23.064 155241 DEBUG oslo_service.service [req-c8291f39-83fe-453e-97c5-7a1789b18a6e - - - - -] log_rotation_type = none log_opt_values /usr/lib/python3/dist-packages/oslo_config/cfg.py:2602
2026-02-12 00:39:23.064 155241 DEBUG oslo_service.service [req-c8291f39-83fe-453e-97c5-7a1789b18a6e - - - - -] logging_context_format_string = %(asctime)s.%(msecs)03d %(process)d %(levelname)s %(name)s [%(request_id)s %(user_identity)s] %(instance)s%(message)s log_opt_values /usr/lib/python3/dist-packages/oslo_config/cfg.py:2602
2026-02-12 00:39:23.064 155241 DEBUG oslo_service.service [req-c8291f39-83fe-453e-97c5-7a1789b18a6e - - - - -] logging_debug_format_suffix = %(funcName)s %(pathname)s:%(lineno)d log_opt_values /usr/lib/python3/dist-packages/oslo_config/cfg.py:2602
2026-02-12 00:39:23.065 155241 DEBUG oslo_service.service [req-c8291f39-83fe-453e-97c5-7a1789b18a6e - - - - -] logging_default_format_string = %(asctime)s.%(msecs)03d %(process)d %(levelname)s %(name)s [-] %(instance)s%(message)s log_opt_values /usr/lib/python3/dist-packages/oslo_config/cfg.py:2602
2026-02-12 00:39:23.065 155241 DEBUG oslo_service.service [req-c8291f39-83fe-453e-97c5-7a1789b18a6e - - - - -] logging_exception_prefix = %(asctime)s.%(msecs)03d %(process)d ERROR %(name)s %(instance)s log_opt_values /usr/lib/python3/dist-packages/oslo_config/cfg.py:2602
2026-02-12 00:39:23.065 155241 DEBUG oslo_service.service [req-c8291f39-83fe-453e-97c5-7a1789b18a6e - - - - -] logging_user_identity_format = %(user)s %(project)s %(domain)s %(user_domain)s %(project_domain)s log_opt_values /usr/lib/python3/dist-packages/oslo_config/cfg.py:2602
2026-02-12 00:39:23.065 155241 DEBUG oslo_service.service [req-c8291f39-83fe-453e-97c5-7a1789b18a6e - - - - -] long_rpc_timeout = 1800 log_opt_values /usr/lib/python3/dist-packages/oslo_config/cfg.py:2602
2026-02-12 00:39:23.066 155241 DEBUG oslo_service.service [req-c8291f39-83fe-453e-97c5-7a1789b18a6e - - - - -] max_concurrent_builds = 10 log_opt_values /usr/lib/python3/dist-packages/oslo_config/cfg.py:2602
2026-02-12 00:39:23.066 155241 DEBUG oslo_service.service [req-c8291f39-83fe-453e-97c5-7a1789b18a6e - - - - -] max_concurrent_live_migrations = 1 log_opt_values /usr/lib/python3/dist-packages/oslo_config/cfg.py:2602
2026-02-12 00:39:23.066 155241 DEBUG oslo_service.service [req-c8291f39-83fe-453e-97c5-7a1789b18a6e - - - - -] max_concurrent_snapshots = 5 log_opt_values /usr/lib/python3/dist-packages/oslo_config/cfg.py:2602
2026-02-12 00:39:23.066 155241 DEBUG oslo_service.service [req-c8291f39-83fe-453e-97c5-7a1789b18a6e - - - - -] max_local_block_devices = 3 log_opt_values /usr/lib/python3/dist-packages/oslo_config/cfg.py:2602
2026-02-12 00:39:23.067 155241 DEBUG oslo_service.service [req-c8291f39-83fe-453e-97c5-7a1789b18a6e - - - - -] max_logfile_count = 30 log_opt_values /usr/lib/python3/dist-packages/oslo_config/cfg.py:2602
2026-02-12 00:39:23.067 155661 DEBUG oslo_db.sqlalchemy.engines [req-cc83de9e-c53f-43ca-a1e6-0295c5e4b57b - - - - -] MySQL server mode set to STRICT_TRANS_TABLES,STRICT_ALL_TABLES,NO_ZERO_IN_DATE,NO_ZERO_DATE,ERROR_FOR_DIVISION_BY_ZERO,TRADITIONAL,NO_ENGINE_SUBSTITUTION _check_effective_sql_mode /usr/lib/python3/dist-packages/oslo_db/sqlalchemy/engines.py:314
2026-02-12 00:39:23.067 155241 DEBUG oslo_service.service [req-c8291f39-83fe-453e-97c5-7a1789b18a6e - - - - -] max_logfile_size_mb = 200 log_opt_values /usr/lib/python3/dist-packages/oslo_config/cfg.py:2602
2026-02-12 00:39:23.067 155241 DEBUG oslo_service.service [req-c8291f39-83fe-453e-97c5-7a1789b18a6e - - - - -] maximum_instance_delete_attempts = 5 log_opt_values /usr/lib/python3/dist-packages/oslo_config/cfg.py:2602
2026-02-12 00:39:23.067 155654 DEBUG nova.service [req-71e2a933-03a7-425e-84b7-fb010bbfc01f - - - - -] Creating RPC server for service scheduler start /usr/lib/python3/dist-packages/nova/service.py:182
2026-02-12 00:39:23.068 155241 DEBUG oslo_service.service [req-c8291f39-83fe-453e-97c5-7a1789b18a6e - - - - -] metadata_listen = 0.0.0.0 log_opt_values /usr/lib/python3/dist-packages/oslo_config/cfg.py:2602
2026-02-12 00:39:23.068 155241 DEBUG oslo_service.service [req-c8291f39-83fe-453e-97c5-7a1789b18a6e - - - - -] metadata_listen_port = 8765 log_opt_values /usr/lib/python3/dist-packages/oslo_config/cfg.py:2602
2026-02-12 00:39:23.068 155241 DEBUG oslo_service.service [req-c8291f39-83fe-453e-97c5-7a1789b18a6e - - - - -] metadata_workers = None log_opt_values /usr/lib/python3/dist-packages/oslo_config/cfg.py:2602
2026-02-12 00:39:23.069 155241 DEBUG oslo_service.service [req-c8291f39-83fe-453e-97c5-7a1789b18a6e - - - - -] migrate_max_retries = -1 log_opt_values /usr/lib/python3/dist-packages/oslo_config/cfg.py:2602
2026-02-12 00:39:23.069 155241 DEBUG oslo_service.service [req-c8291f39-83fe-453e-97c5-7a1789b18a6e - - - - -] mkisofs_cmd = genisoimage log_opt_values /usr/lib/python3/dist-packages/oslo_config/cfg.py:2602
2026-02-12 00:39:23.069 155241 DEBUG oslo_service.service [req-c8291f39-83fe-453e-97c5-7a1789b18a6e - - - - -] my_block_storage_ip = 252.242.62.49 log_opt_values /usr/lib/python3/dist-packages/oslo_config/cfg.py:2602
2026-02-12 00:39:23.070 155241 DEBUG oslo_service.service [req-c8291f39-83fe-453e-97c5-7a1789b18a6e - - - - -] my_ip = 252.242.62.49 log_opt_values /usr/lib/python3/dist-packages/oslo_config/cfg.py:2602
2026-02-12 00:39:23.070 155241 DEBUG oslo_service.service [req-c8291f39-83fe-453e-97c5-7a1789b18a6e - - - - -] network_allocate_retries = 0 log_opt_values /usr/lib/python3/dist-packages/oslo_config/cfg.py:2602
2026-02-12 00:39:23.070 155241 DEBUG oslo_service.service [req-c8291f39-83fe-453e-97c5-7a1789b18a6e - - - - -] non_inheritable_image_properties = ['cache_in_nova', 'bittorrent'] log_opt_values /usr/lib/python3/dist-packages/oslo_config/cfg.py:2602
2026-02-12 00:39:23.070 155241 DEBUG oslo_service.service [req-c8291f39-83fe-453e-97c5-7a1789b18a6e - - - - -] osapi_compute_listen = 0.0.0.0 log_opt_values /usr/lib/python3/dist-packages/oslo_config/cfg.py:2602
2026-02-12 00:39:23.071 155241 DEBUG oslo_service.service [req-c8291f39-83fe-453e-97c5-7a1789b18a6e - - - - -] osapi_compute_listen_port = 8764 log_opt_values /usr/lib/python3/dist-packages/oslo_config/cfg.py:2602
2026-02-12 00:39:23.071 155241 DEBUG oslo_service.service [req-c8291f39-83fe-453e-97c5-7a1789b18a6e - - - - -] osapi_compute_unique_server_name_scope = log_opt_values /usr/lib/python3/dist-packages/oslo_config/cfg.py:2602
