2026-02-12 00:39:23.071 155241 DEBUG oslo_service.service [req-c8291f39-83fe-453e-97c5-7a1789b18a6e - - - - -] osapi_compute_workers = 4 log_opt_values /usr/lib/python3/dist-packages/oslo_config/cfg.py:2602
2026-02-12 00:39:23.072 155241 DEBUG oslo_service.service [req-c8291f39-83fe-453e-97c5-7a1789b18a6e - - - - -] password_length = 12 log_opt_values /usr/lib/python3/dist-packages/oslo_config/cfg.py:2602
2026-02-12 00:39:23.072 155241 DEBUG oslo_service.service [req-c8291f39-83fe-453e-97c5-7a1789b18a6e - - - - -] periodic_enable = True log_opt_values /usr/lib/python3/dist-packages/oslo_config/cfg.py:2602
2026-02-12 00:39:23.072 155241 DEBUG oslo_service.service [req-c8291f39-83fe-453e-97c5-7a1789b18a6e - - - - -] periodic_fuzzy_delay = 60 log_opt_values /usr/lib/python3/dist-packages/oslo_config/cfg.py:2602
2026-02-12 00:39:23.072 155241 DEBUG oslo_service.service [req-c8291f39-83fe-453e-97c5-7a1789b18a6e - - - - -] pointer_model = usbtablet log_opt_values /usr/lib/python3/dist-packages/oslo_config/cfg.py:2602
2026-02-12 00:39:23.073 155241 DEBUG oslo_service.service [req-c8291f39-83fe-453e-97c5-7a1789b18a6e - - - - -] preallocate_images = none log_opt_values /usr/lib/python3/dist-packages/oslo_config/cfg.py:2602
2026-02-12 00:39:23.073 155241 DEBUG oslo_service.service [req-c8291f39-83fe-453e-97c5-7a1789b18a6e - - - - -] publish_errors = False log_opt_values /usr/lib/python3/dist-packages/oslo_config/cfg.py:2602
2026-02-12 00:39:23.073 155241 DEBUG oslo_service.service [req-c8291f39-83fe-453e-97c5-7a1789b18a6e - - - - -] pybasedir = /usr/lib/python3/dist-packages log_opt_values /usr/lib/python3/dist-packages/oslo_config/cfg.py:2602
2026-02-12 00:39:23.073 155241 DEBUG oslo_service.service [req-c8291f39-83fe-453e-97c5-7a1789b18a6e - - - - -] ram_allocation_ratio = 0.98 log_opt_values /usr/lib/python3/dist-packages/oslo_config/cfg.py:2602
2026-02-12 00:39:23.074 155241 DEBUG oslo_service.service [req-c8291f39-83fe-453e-97c5-7a1789b18a6e - - - - -] rate_limit_burst = 0 log_opt_values /usr/lib/python3/dist-packages/oslo_config/cfg.py:2602
2026-02-12 00:39:23.074 155241 DEBUG oslo_service.service [req-c8291f39-83fe-453e-97c5-7a1789b18a6e - - - - -] rate_limit_except_level = CRITICAL log_opt_values /usr/lib/python3/dist-packages/oslo_config/cfg.py:2602
2026-02-12 00:39:23.074 155241 DEBUG oslo_service.service [req-c8291f39-83fe-453e-97c5-7a1789b18a6e - - - - -] rate_limit_interval = 0 log_opt_values /usr/lib/python3/dist-packages/oslo_config/cfg.py:2602
2026-02-12 00:39:23.074 155241 DEBUG oslo_service.service [req-c8291f39-83fe-453e-97c5-7a1789b18a6e - - - - -] reboot_timeout = 0 log_opt_values /usr/lib/python3/dist-packages/oslo_config/cfg.py:2602
2026-02-12 00:39:23.074 155241 DEBUG oslo_service.service [req-c8291f39-83fe-453e-97c5-7a1789b18a6e - - - - -] reclaim_instance_interval = 0 log_opt_values /usr/lib/python3/dist-packages/oslo_config/cfg.py:2602
2026-02-12 00:39:23.074 155241 DEBUG oslo_service.service [req-c8291f39-83fe-453e-97c5-7a1789b18a6e - - - - -] record = None log_opt_values /usr/lib/python3/dist-packages/oslo_config/cfg.py:2602
2026-02-12 00:39:23.075 155241 DEBUG oslo_service.service [req-c8291f39-83fe-453e-97c5-7a1789b18a6e - - - - -] report_interval = 10 log_opt_values /usr/lib/python3/dist-packages/oslo_config/cfg.py:2602
2026-02-12 00:39:23.075 155241 DEBUG oslo_service.service [req-c8291f39-83fe-453e-97c5-7a1789b18a6e - - - - -] rescue_timeout = 0 log_opt_values /usr/lib/python3/dist-packages/oslo_config/cfg.py:2602
2026-02-12 00:39:23.075 155241 DEBUG oslo_service.service [req-c8291f39-83fe-453e-97c5-7a1789b18a6e - - - - -] reserved_host_cpus = 0 log_opt_values /usr/lib/python3/dist-packages/oslo_config/cfg.py:2602
2026-02-12 00:39:23.075 155241 DEBUG oslo_service.service [req-c8291f39-83fe-453e-97c5-7a1789b18a6e - - - - -] reserved_host_disk_mb = 0 log_opt_values /usr/lib/python3/dist-packages/oslo_config/cfg.py:2602
2026-02-12 00:39:23.076 155241 DEBUG oslo_service.service [req-c8291f39-83fe-453e-97c5-7a1789b18a6e - - - - -] reserved_host_memory_mb = 512 log_opt_values /usr/lib/python3/dist-packages/oslo_config/cfg.py:2602
2026-02-12 00:39:23.076 155241 DEBUG oslo_service.service [req-c8291f39-83fe-453e-97c5-7a1789b18a6e - - - - -] reserved_huge_pages = None log_opt_values /usr/lib/python3/dist-packages/oslo_config/cfg.py:2602
2026-02-12 00:39:23.076 155241 DEBUG oslo_service.service [req-c8291f39-83fe-453e-97c5-7a1789b18a6e - - - - -] resize_confirm_window = 0 log_opt_values /usr/lib/python3/dist-packages/oslo_config/cfg.py:2602
2026-02-12 00:39:23.077 155241 DEBUG oslo_service.service [req-c8291f39-83fe-453e-97c5-7a1789b18a6e - - - - -] resize_fs_using_block_device = False log_opt_values /usr/lib/python3/dist-packages/oslo_config/cfg.py:2602
2026-02-12 00:39:23.077 155241 DEBUG oslo_service.service [req-c8291f39-83fe-453e-97c5-7a1789b18a6e - - - - -] resume_guests_state_on_host_boot = False log_opt_values /usr/lib/python3/dist-packages/oslo_config/cfg.py:2602
2026-02-12 00:39:23.077 155241 DEBUG oslo_service.service [req-c8291f39-83fe-453e-97c5-7a1789b18a6e - - - - -] rootwrap_config = /etc/nova/rootwrap.conf log_opt_values /usr/lib/python3/dist-packages/oslo_config/cfg.py:2602
2026-02-12 00:39:23.077 155241 DEBUG oslo_service.service [req-c8291f39-83fe-453e-97c5-7a1789b18a6e - - - - -] run_external_periodic_tasks = True log_opt_values /usr/lib/python3/dist-packages/oslo_config/cfg.py:2602
2026-02-12 00:39:23.077 155648 DEBUG nova.service [req-f04ed6f3-63f4-4da5-bd66-2cd56713af9f - - - - -] Creating RPC server for service scheduler start /usr/lib/python3/dist-packages/nova/service.py:182
2026-02-12 00:39:23.077 155241 DEBUG oslo_service.service [req-c8291f39-83fe-453e-97c5-7a1789b18a6e - - - - -] running_deleted_instance_action = reap log_opt_values /usr/lib/python3/dist-packages/oslo_config/cfg.py:2602
2026-02-12 00:39:23.078 155241 DEBUG oslo_service.service [req-c8291f39-83fe-453e-97c5-7a1789b18a6e - - - - -] running_deleted_instance_poll_interval = 1800 log_opt_values /usr/lib/python3/dist-packages/oslo_config/cfg.py:2602
2026-02-12 00:39:23.078 155241 DEBUG oslo_service.service [req-c8291f39-83fe-453e-97c5-7a1789b18a6e - - - - -] running_deleted_instance_timeout = 0 log_opt_values /usr/lib/python3/dist-packages/oslo_config/cfg.py:2602
2026-02-12 00:39:23.078 155241 DEBUG oslo_service.service [req-c8291f39-83fe-453e-97c5-7a1789b18a6e - - - - -] scheduler_instance_sync_interval = 120 log_opt_values /usr/lib/python3/dist-packages/oslo_config/cfg.py:2602
2026-02-12 00:39:23.078 155241 DEBUG oslo_service.service [req-c8291f39-83fe-453e-97c5-7a1789b18a6e - - - - -] service_down_time = 60 log_opt_values /usr/lib/python3/dist-packages/oslo_config/cfg.py:2602
2026-02-12 00:39:23.078 155241 DEBUG oslo_service.service [req-c8291f39-83fe-453e-97c5-7a1789b18a6e - - - - -] servicegroup_driver = db log_opt_values /usr/lib/python3/dist-packages/oslo_config/cfg.py:2602
2026-02-12 00:39:23.078 155241 DEBUG oslo_service.service [req-c8291f39-83fe-453e-97c5-7a1789b18a6e - - - - -] shelved_offload_time = 0 log_opt_values /usr/lib/python3/dist-packages/oslo_config/cfg.py:2602
2026-02-12 00:39:23.079 155241 DEBUG oslo_service.service [req-c8291f39-83fe-453e-97c5-7a1789b18a6e - - - - -] shelved_poll_interval = 3600 log_opt_values /usr/lib/python3/dist-packages/oslo_config/cfg.py:2602
2026-02-12 00:39:23.079 155241 DEBUG oslo_service.service [req-c8291f39-83fe-453e-97c5-7a1789b18a6e - - - - -] shutdown_timeout = 60 log_opt_values /usr/lib/python3/dist-packages/oslo_config/cfg.py:2602
2026-02-12 00:39:23.079 155241 DEBUG oslo_service.service [req-c8291f39-83fe-453e-97c5-7a1789b18a6e - - - - -] source_is_ipv6 = False log_opt_values /usr/lib/python3/dist-packages/oslo_config/cfg.py:2602
2026-02-12 00:39:23.079 155241 DEBUG oslo_service.service [req-c8291f39-83fe-453e-97c5-7a1789b18a6e - - - - -] ssl_only = False log_opt_values /usr/lib/python3/dist-packages/oslo_config/cfg.py:2602
2026-02-12 00:39:23.079 155241 DEBUG oslo_service.service [req-c8291f39-83fe-453e-97c5-7a1789b18a6e - - - - -] state_path = /var/lib/nova log_opt_values /usr/lib/python3/dist-packages/oslo_config/cfg.py:2602
2026-02-12 00:39:23.080 155241 DEBUG oslo_service.service [req-c8291f39-83fe-453e-97c5-7a1789b18a6e - - - - -] sync_power_state_interval = 600 log_opt_values /usr/lib/python3/dist-packages/oslo_config/cfg.py:2602
2026-02-12 00:39:23.080 155241 DEBUG oslo_service.service [req-c8291f39-83fe-453e-97c5-7a1789b18a6e - - - - -] sync_power_state_pool_size = 1000 log_opt_values /usr/lib/python3/dist-packages/oslo_config/cfg.py:2602
2026-02-12 00:39:23.080 155241 DEBUG oslo_service.service [req-c8291f39-83fe-453e-97c5-7a1789b18a6e - - - - -] syslog_log_facility = LOG_USER log_opt_values /usr/lib/python3/dist-packages/oslo_config/cfg.py:2602
2026-02-12 00:39:23.080 155241 DEBUG oslo_service.service [req-c8291f39-83fe-453e-97c5-7a1789b18a6e - - - - -] tempdir = None log_opt_values /usr/lib/python3/dist-packages/oslo_config/cfg.py:2602
2026-02-12 00:39:23.080 155241 DEBUG oslo_service.service [req-c8291f39-83fe-453e-97c5-7a1789b18a6e - - - - -] timeout_nbd = 10 log_opt_values /usr/lib/python3/dist-packages/oslo_config/cfg.py:2602
2026-02-12 00:39:23.080 155241 DEBUG oslo_service.service [req-c8291f39-83fe-453e-97c5-7a1789b18a6e - - - - -] transport_url = **** log_opt_values /usr/lib/python3/dist-packages/oslo_config/cfg.py:2602
2026-02-12 00:39:23.081 155241 DEBUG oslo_service.service [req-c8291f39-83fe-453e-97c5-7a1789b18a6e - - - - -] update_resources_interval = 0 log_opt_values /usr/lib/python3/dist-packages/oslo_config/cfg.py:2602
2026-02-12 00:39:23.081 155241 DEBUG oslo_service.service [req-c8291f39-83fe-453e-97c5-7a1789b18a6e - - - - -] use_cow_images = True log_opt_values /usr/lib/python3/dist-packages/oslo_config/cfg.py:2602
2026-02-12 00:39:23.081 155241 DEBUG oslo_service.service [req-c8291f39-83fe-453e-97c5-7a1789b18a6e - - - - -] use_eventlog = False log_opt_values /usr/lib/python3/dist-packages/oslo_config/cfg.py:2602
2026-02-12 00:39:23.081 155241 DEBUG oslo_service.service [req-c8291f39-83fe-453e-97c5-7a1789b18a6e - - - - -] use_journal = False log_opt_values /usr/lib/python3/dist-packages/oslo_config/cfg.py:2602
2026-02-12 00:39:23.081 155241 DEBUG oslo_service.service [req-c8291f39-83fe-453e-97c5-7a1789b18a6e - - - - -] use_json = False log_opt_values /usr/lib/python3/dist-packages/oslo_config/cfg.py:2602
2026-02-12 00:39:23.082 155241 DEBUG oslo_service.service [req-c8291f39-83fe-453e-97c5-7a1789b18a6e - - - - -] use_rootwrap_daemon = False log_opt_values /usr/lib/python3/dist-packages/oslo_config/cfg.py:2602
2026-02-12 00:39:23.082 155241 DEBUG oslo_service.service [req-c8291f39-83fe-453e-97c5-7a1789b18a6e - - - - -] use_stderr = False log_opt_values /usr/lib/python3/dist-packages/oslo_config/cfg.py:2602
2026-02-12 00:39:23.082 155241 DEBUG oslo_service.service [req-c8291f39-83fe-453e-97c5-7a1789b18a6e - - - - -] use_syslog = False log_opt_values /usr/lib/python3/dist-packages/oslo_config/cfg.py:2602
2026-02-12 00:39:23.082 155241 DEBUG oslo_service.service [req-c8291f39-83fe-453e-97c5-7a1789b18a6e - - - - -] vcpu_pin_set = None log_opt_values /usr/lib/python3/dist-packages/oslo_config/cfg.py:2602
2026-02-12 00:39:23.082 155241 DEBUG oslo_service.service [req-c8291f39-83fe-453e-97c5-7a1789b18a6e - - - - -] vif_plugging_is_fatal = True log_opt_values /usr/lib/python3/dist-packages/oslo_config/cfg.py:2602
2026-02-12 00:39:23.082 155241 DEBUG oslo_service.service [req-c8291f39-83fe-453e-97c5-7a1789b18a6e - - - - -] vif_plugging_timeout = 300 log_opt_values /usr/lib/python3/dist-packages/oslo_config/cfg.py:2602
2026-02-12 00:39:23.083 155241 DEBUG oslo_service.service [req-c8291f39-83fe-453e-97c5-7a1789b18a6e - - - - -] virt_mkfs = [] log_opt_values /usr/lib/python3/dist-packages/oslo_config/cfg.py:2602
2026-02-12 00:39:23.083 155241 DEBUG oslo_service.service [req-c8291f39-83fe-453e-97c5-7a1789b18a6e - - - - -] volume_usage_poll_interval = 0 log_opt_values /usr/lib/python3/dist-packages/oslo_config/cfg.py:2602
2026-02-12 00:39:23.083 155241 DEBUG oslo_service.service [req-c8291f39-83fe-453e-97c5-7a1789b18a6e - - - - -] watch_log_file = False log_opt_values /usr/lib/python3/dist-packages/oslo_config/cfg.py:2602
2026-02-12 00:39:23.083 155241 DEBUG oslo_service.service [req-c8291f39-83fe-453e-97c5-7a1789b18a6e - - - - -] web = /usr/share/spice-html5 log_opt_values /usr/lib/python3/dist-packages/oslo_config/cfg.py:2602
2026-02-12 00:39:23.084 155241 DEBUG oslo_service.service [req-c8291f39-83fe-453e-97c5-7a1789b18a6e - - - - -] oslo_concurrency.disable_process_locking = False log_opt_values /usr/lib/python3/dist-packages/oslo_config/cfg.py:2609
2026-02-12 00:39:23.084 155241 DEBUG oslo_service.service [req-c8291f39-83fe-453e-97c5-7a1789b18a6e - - - - -] oslo_concurrency.lock_path = /var/lock/nova log_opt_values /usr/lib/python3/dist-packages/oslo_config/cfg.py:2609
2026-02-12 00:39:23.084 155241 WARNING oslo_config.cfg [req-c8291f39-83fe-453e-97c5-7a1789b18a6e - - - - -] Deprecated: Option "auth_strategy" from group "api" is deprecated for removal ( The only non-default choice, ``noauth2``, is for internal development and testing purposes only and should not be used in deployments. This option and its middleware, NoAuthMiddleware[V2_18], will be removed in a future release. ). Its value may be silently ignored in the future.
2026-02-12 00:39:23.085 155241 DEBUG oslo_service.service [req-c8291f39-83fe-453e-97c5-7a1789b18a6e - - - - -] api.auth_strategy = keystone log_opt_values /usr/lib/python3/dist-packages/oslo_config/cfg.py:2609
2026-02-12 00:39:23.085 155241 DEBUG oslo_service.service [req-c8291f39-83fe-453e-97c5-7a1789b18a6e - - - - -] api.compute_link_prefix = None log_opt_values /usr/lib/python3/dist-packages/oslo_config/cfg.py:2609
2026-02-12 00:39:23.085 155241 DEBUG oslo_service.service [req-c8291f39-83fe-453e-97c5-7a1789b18a6e - - - - -] api.config_drive_skip_versions = 1.0 2007-01-19 2007-03-01 2007-08-29 2007-10-10 2007-12-15 2008-02-01 2008-09-01 log_opt_values /usr/lib/python3/dist-packages/oslo_config/cfg.py:2609
2026-02-12 00:39:23.086 155241 DEBUG oslo_service.service [req-c8291f39-83fe-453e-97c5-7a1789b18a6e - - - - -] api.dhcp_domain = novalocal log_opt_values /usr/lib/python3/dist-packages/oslo_config/cfg.py:2609
2026-02-12 00:39:23.086 155241 DEBUG oslo_service.service [req-c8291f39-83fe-453e-97c5-7a1789b18a6e - - - - -] api.enable_instance_password = True log_opt_values /usr/lib/python3/dist-packages/oslo_config/cfg.py:2609
2026-02-12 00:39:23.086 155241 DEBUG oslo_service.service [req-c8291f39-83fe-453e-97c5-7a1789b18a6e - - - - -] api.glance_link_prefix = None log_opt_values /usr/lib/python3/dist-packages/oslo_config/cfg.py:2609
2026-02-12 00:39:23.086 155241 DEBUG oslo_service.service [req-c8291f39-83fe-453e-97c5-7a1789b18a6e - - - - -] api.instance_list_cells_batch_fixed_size = 100 log_opt_values /usr/lib/python3/dist-packages/oslo_config/cfg.py:2609
2026-02-12 00:39:23.086 155241 DEBUG oslo_service.service [req-c8291f39-83fe-453e-97c5-7a1789b18a6e - - - - -] api.instance_list_cells_batch_strategy = distributed log_opt_values /usr/lib/python3/dist-packages/oslo_config/cfg.py:2609
2026-02-12 00:39:23.086 155241 DEBUG oslo_service.service [req-c8291f39-83fe-453e-97c5-7a1789b18a6e - - - - -] api.instance_list_per_project_cells = False log_opt_values /usr/lib/python3/dist-packages/oslo_config/cfg.py:2609
2026-02-12 00:39:23.087 155241 DEBUG oslo_service.service [req-c8291f39-83fe-453e-97c5-7a1789b18a6e - - - - -] api.list_records_by_skipping_down_cells = True log_opt_values /usr/lib/python3/dist-packages/oslo_config/cfg.py:2609
2026-02-12 00:39:23.087 155241 DEBUG oslo_service.service [req-c8291f39-83fe-453e-97c5-7a1789b18a6e - - - - -] api.local_metadata_per_cell = False log_opt_values /usr/lib/python3/dist-packages/oslo_config/cfg.py:2609
2026-02-12 00:39:23.087 155241 DEBUG oslo_service.service [req-c8291f39-83fe-453e-97c5-7a1789b18a6e - - - - -] api.max_limit = 1000 log_opt_values /usr/lib/python3/dist-packages/oslo_config/cfg.py:2609
2026-02-12 00:39:23.087 155241 DEBUG oslo_service.service [req-c8291f39-83fe-453e-97c5-7a1789b18a6e - - - - -] api.metadata_cache_expiration = 15 log_opt_values /usr/lib/python3/dist-packages/oslo_config/cfg.py:2609
2026-02-12 00:39:23.087 155241 DEBUG oslo_service.service [req-c8291f39-83fe-453e-97c5-7a1789b18a6e - - - - -] api.neutron_default_tenant_id = default log_opt_values /usr/lib/python3/dist-packages/oslo_config/cfg.py:2609
2026-02-12 00:39:23.087 155241 DEBUG oslo_service.service [req-c8291f39-83fe-453e-97c5-7a1789b18a6e - - - - -] api.use_forwarded_for = False log_opt_values /usr/lib/python3/dist-packages/oslo_config/cfg.py:2609
2026-02-12 00:39:23.088 155241 DEBUG oslo_service.service [req-c8291f39-83fe-453e-97c5-7a1789b18a6e - - - - -] api.use_neutron_default_nets = False log_opt_values /usr/lib/python3/dist-packages/oslo_config/cfg.py:2609
2026-02-12 00:39:23.088 155241 DEBUG oslo_service.service [req-c8291f39-83fe-453e-97c5-7a1789b18a6e - - - - -] api.vendordata_dynamic_connect_timeout = 5 log_opt_values /usr/lib/python3/dist-packages/oslo_config/cfg.py:2609
2026-02-12 00:39:23.089 155241 DEBUG oslo_service.service [req-c8291f39-83fe-453e-97c5-7a1789b18a6e - - - - -] api.vendordata_dynamic_failure_fatal = False log_opt_values /usr/lib/python3/dist-packages/oslo_config/cfg.py:2609
2026-02-12 00:39:23.086 155668 DEBUG nova.service [req-d5653d63-14dc-4b02-bc58-1861184fe077 - - - - -] Creating RPC server for service scheduler start /usr/lib/python3/dist-packages/nova/service.py:182
2026-02-12 00:39:23.091 155654 DEBUG oslo_messaging._drivers.amqpdriver [-] Listener is running poll /usr/lib/python3/dist-packages/oslo_messaging/_drivers/amqpdriver.py:343
2026-02-12 00:39:23.089 155241 DEBUG oslo_service.service [req-c8291f39-83fe-453e-97c5-7a1789b18a6e - - - - -] api.vendordata_dynamic_read_timeout = 5 log_opt_values /usr/lib/python3/dist-packages/oslo_config/cfg.py:2609
2026-02-12 00:39:23.092 155654 DEBUG oslo_messaging._drivers.amqpdriver [-] AMQPListener connection consume poll /usr/lib/python3/dist-packages/oslo_messaging/_drivers/amqpdriver.py:357
2026-02-12 00:39:23.092 155241 DEBUG oslo_service.service [req-c8291f39-83fe-453e-97c5-7a1789b18a6e - - - - -] api.vendordata_dynamic_ssl_certfile = log_opt_values /usr/lib/python3/dist-packages/oslo_config/cfg.py:2609
2026-02-12 00:39:23.093 155241 DEBUG oslo_service.service [req-c8291f39-83fe-453e-97c5-7a1789b18a6e - - - - -] api.vendordata_dynamic_targets = [] log_opt_values /usr/lib/python3/dist-packages/oslo_config/cfg.py:2609
2026-02-12 00:39:23.093 155241 DEBUG oslo_service.service [req-c8291f39-83fe-453e-97c5-7a1789b18a6e - - - - -] api.vendordata_jsonfile_path = None log_opt_values /usr/lib/python3/dist-packages/oslo_config/cfg.py:2609
2026-02-12 00:39:23.093 155654 DEBUG nova.service [req-71e2a933-03a7-425e-84b7-fb010bbfc01f - - - - -] Join ServiceGroup membership for this service scheduler start /usr/lib/python3/dist-packages/nova/service.py:199
2026-02-12 00:39:23.093 155654 DEBUG nova.servicegroup.drivers.db [req-71e2a933-03a7-425e-84b7-fb010bbfc01f - - - - -] DB_Driver: join new ServiceGroup member juju-baeef4-0-lxd-7 to the scheduler group, service = join /usr/lib/python3/dist-packages/nova/servicegroup/drivers/db.py:44
2026-02-12 00:39:23.093 155241 DEBUG oslo_service.service [req-c8291f39-83fe-453e-97c5-7a1789b18a6e - - - - -] api.vendordata_providers = ['StaticJSON'] log_opt_values /usr/lib/python3/dist-packages/oslo_config/cfg.py:2609
2026-02-12 00:39:23.094 155241 DEBUG oslo_service.service [req-c8291f39-83fe-453e-97c5-7a1789b18a6e - - - - -] cache.backend = dogpile.cache.null log_opt_values /usr/lib/python3/dist-packages/oslo_config/cfg.py:2609
2026-02-12 00:39:23.095 155241 DEBUG oslo_service.service [req-c8291f39-83fe-453e-97c5-7a1789b18a6e - - - - -] cache.backend_argument = **** log_opt_values /usr/lib/python3/dist-packages/oslo_config/cfg.py:2609
2026-02-12 00:39:23.095 155241 DEBUG oslo_service.service [req-c8291f39-83fe-453e-97c5-7a1789b18a6e - - - - -] cache.config_prefix = cache.oslo log_opt_values /usr/lib/python3/dist-packages/oslo_config/cfg.py:2609
2026-02-12 00:39:23.096 155241 DEBUG oslo_service.service [req-c8291f39-83fe-453e-97c5-7a1789b18a6e - - - - -] cache.debug_cache_backend = False log_opt_values /usr/lib/python3/dist-packages/oslo_config/cfg.py:2609
2026-02-12 00:39:23.096 155654 DEBUG oslo_messaging._drivers.amqpdriver [-] AMQPListener connection timeout poll /usr/lib/python3/dist-packages/oslo_messaging/_drivers/amqpdriver.py:360
2026-02-12 00:39:23.096 155241 DEBUG oslo_service.service [req-c8291f39-83fe-453e-97c5-7a1789b18a6e - - - - -] cache.enabled = False log_opt_values /usr/lib/python3/dist-packages/oslo_config/cfg.py:2609
2026-02-12 00:39:23.096 155241 DEBUG oslo_service.service [req-c8291f39-83fe-453e-97c5-7a1789b18a6e - - - - -] cache.expiration_time = 600 log_opt_values /usr/lib/python3/dist-packages/oslo_config/cfg.py:2609
2026-02-12 00:39:23.096 155654 DEBUG oslo_messaging._drivers.amqpdriver [-] Listener is running poll /usr/lib/python3/dist-packages/oslo_messaging/_drivers/amqpdriver.py:343
2026-02-12 00:39:23.097 155241 DEBUG oslo_service.service [req-c8291f39-83fe-453e-97c5-7a1789b18a6e - - - - -] cache.memcache_dead_retry = 300 log_opt_values /usr/lib/python3/dist-packages/oslo_config/cfg.py:2609
2026-02-12 00:39:23.097 155654 DEBUG oslo_messaging._drivers.amqpdriver [-] AMQPListener connection consume poll /usr/lib/python3/dist-packages/oslo_messaging/_drivers/amqpdriver.py:357
2026-02-12 00:39:23.097 155241 DEBUG oslo_service.service [req-c8291f39-83fe-453e-97c5-7a1789b18a6e - - - - -] cache.memcache_pool_connection_get_timeout = 10 log_opt_values /usr/lib/python3/dist-packages/oslo_config/cfg.py:2609
2026-02-12 00:39:23.097 155241 DEBUG oslo_service.service [req-c8291f39-83fe-453e-97c5-7a1789b18a6e - - - - -] cache.memcache_pool_flush_on_reconnect = False log_opt_values /usr/lib/python3/dist-packages/oslo_config/cfg.py:2609
2026-02-12 00:39:23.097 155241 DEBUG oslo_service.service [req-c8291f39-83fe-453e-97c5-7a1789b18a6e - - - - -] cache.memcache_pool_maxsize = 10 log_opt_values /usr/lib/python3/dist-packages/oslo_config/cfg.py:2609
2026-02-12 00:39:23.098 155241 DEBUG oslo_service.service [req-c8291f39-83fe-453e-97c5-7a1789b18a6e - - - - -] cache.memcache_pool_unused_timeout = 60 log_opt_values /usr/lib/python3/dist-packages/oslo_config/cfg.py:2609
2026-02-12 00:39:23.098 155241 DEBUG oslo_service.service [req-c8291f39-83fe-453e-97c5-7a1789b18a6e - - - - -] cache.memcache_servers = ['localhost:11211'] log_opt_values /usr/lib/python3/dist-packages/oslo_config/cfg.py:2609
2026-02-12 00:39:23.098 155241 DEBUG oslo_service.service [req-c8291f39-83fe-453e-97c5-7a1789b18a6e - - - - -] cache.memcache_socket_timeout = 1.0 log_opt_values /usr/lib/python3/dist-packages/oslo_config/cfg.py:2609
2026-02-12 00:39:23.098 155661 DEBUG nova.service [req-cc83de9e-c53f-43ca-a1e6-0295c5e4b57b - - - - -] Creating RPC server for service scheduler start /usr/lib/python3/dist-packages/nova/service.py:182
2026-02-12 00:39:23.098 155241 DEBUG oslo_service.service [req-c8291f39-83fe-453e-97c5-7a1789b18a6e - - - - -] cache.proxies = [] log_opt_values /usr/lib/python3/dist-packages/oslo_config/cfg.py:2609
2026-02-12 00:39:23.098 155241 DEBUG oslo_service.service [req-c8291f39-83fe-453e-97c5-7a1789b18a6e - - - - -] cache.tls_allowed_ciphers = None log_opt_values /usr/lib/python3/dist-packages/oslo_config/cfg.py:2609
2026-02-12 00:39:23.099 155241 DEBUG oslo_service.service [req-c8291f39-83fe-453e-97c5-7a1789b18a6e - - - - -] cache.tls_cafile = None log_opt_values /usr/lib/python3/dist-packages/oslo_config/cfg.py:2609
2026-02-12 00:39:23.099 155241 DEBUG oslo_service.service [req-c8291f39-83fe-453e-97c5-7a1789b18a6e - - - - -] cache.tls_certfile = None log_opt_values /usr/lib/python3/dist-packages/oslo_config/cfg.py:2609
2026-02-12 00:39:23.099 155241 DEBUG oslo_service.service [req-c8291f39-83fe-453e-97c5-7a1789b18a6e - - - - -] cache.tls_enabled = False log_opt_values /usr/lib/python3/dist-packages/oslo_config/cfg.py:2609
2026-02-12 00:39:23.099 155241 DEBUG oslo_service.service [req-c8291f39-83fe-453e-97c5-7a1789b18a6e - - - - -] cache.tls_keyfile = None log_opt_values /usr/lib/python3/dist-packages/oslo_config/cfg.py:2609
2026-02-12 00:39:23.099 155241 DEBUG oslo_service.service [req-c8291f39-83fe-453e-97c5-7a1789b18a6e - - - - -] cinder.auth_section = None log_opt_values /usr/lib/python3/dist-packages/oslo_config/cfg.py:2609
2026-02-12 00:39:23.100 155241 DEBUG oslo_service.service [req-c8291f39-83fe-453e-97c5-7a1789b18a6e - - - - -] cinder.auth_type = None log_opt_values /usr/lib/python3/dist-packages/oslo_config/cfg.py:2609
2026-02-12 00:39:23.100 155241 DEBUG oslo_service.service [req-c8291f39-83fe-453e-97c5-7a1789b18a6e - - - - -] cinder.cafile = None log_opt_values /usr/lib/python3/dist-packages/oslo_config/cfg.py:2609
2026-02-12 00:39:23.100 155241 DEBUG oslo_service.service [req-c8291f39-83fe-453e-97c5-7a1789b18a6e - - - - -] cinder.catalog_info = volumev3::publicURL log_opt_values /usr/lib/python3/dist-packages/oslo_config/cfg.py:2609
2026-02-12 00:39:23.101 155241 DEBUG oslo_service.service [req-c8291f39-83fe-453e-97c5-7a1789b18a6e - - - - -] cinder.certfile = None log_opt_values /usr/lib/python3/dist-packages/oslo_config/cfg.py:2609
2026-02-12 00:39:23.101 155241 DEBUG oslo_service.service [req-c8291f39-83fe-453e-97c5-7a1789b18a6e - - - - -] cinder.collect_timing = False log_opt_values /usr/lib/python3/dist-packages/oslo_config/cfg.py:2609
2026-02-12 00:39:23.101 155241 DEBUG oslo_service.service [req-c8291f39-83fe-453e-97c5-7a1789b18a6e - - - - -] cinder.cross_az_attach = True log_opt_values /usr/lib/python3/dist-packages/oslo_config/cfg.py:2609
2026-02-12 00:39:23.101 155241 DEBUG oslo_service.service [req-c8291f39-83fe-453e-97c5-7a1789b18a6e - - - - -] cinder.debug = False log_opt_values /usr/lib/python3/dist-packages/oslo_config/cfg.py:2609
2026-02-12 00:39:23.101 155241 DEBUG oslo_service.service [req-c8291f39-83fe-453e-97c5-7a1789b18a6e - - - - -] cinder.endpoint_template = None log_opt_values /usr/lib/python3/dist-packages/oslo_config/cfg.py:2609
2026-02-12 00:39:23.101 155241 DEBUG oslo_service.service [req-c8291f39-83fe-453e-97c5-7a1789b18a6e - - - - -] cinder.http_retries = 3 log_opt_values /usr/lib/python3/dist-packages/oslo_config/cfg.py:2609
2026-02-12 00:39:23.102 155241 DEBUG oslo_service.service [req-c8291f39-83fe-453e-97c5-7a1789b18a6e - - - - -] cinder.insecure = False log_opt_values /usr/lib/python3/dist-packages/oslo_config/cfg.py:2609
2026-02-12 00:39:23.102 155241 DEBUG oslo_service.service [req-c8291f39-83fe-453e-97c5-7a1789b18a6e - - - - -] cinder.keyfile = None log_opt_values /usr/lib/python3/dist-packages/oslo_config/cfg.py:2609
2026-02-12 00:39:23.102 155241 DEBUG oslo_service.service [req-c8291f39-83fe-453e-97c5-7a1789b18a6e - - - - -] cinder.os_region_name = None log_opt_values /usr/lib/python3/dist-packages/oslo_config/cfg.py:2609
2026-02-12 00:39:23.102 155241 DEBUG oslo_service.service [req-c8291f39-83fe-453e-97c5-7a1789b18a6e - - - - -] cinder.split_loggers = False log_opt_values /usr/lib/python3/dist-packages/oslo_config/cfg.py:2609
2026-02-12 00:39:23.102 155241 DEBUG oslo_service.service [req-c8291f39-83fe-453e-97c5-7a1789b18a6e - - - - -] cinder.timeout = None log_opt_values /usr/lib/python3/dist-packages/oslo_config/cfg.py:2609
2026-02-12 00:39:23.102 155241 DEBUG oslo_service.service [req-c8291f39-83fe-453e-97c5-7a1789b18a6e - - - - -] compute.consecutive_build_service_disable_threshold = 10 log_opt_values /usr/lib/python3/dist-packages/oslo_config/cfg.py:2609
2026-02-12 00:39:23.103 155241 DEBUG oslo_service.service [req-c8291f39-83fe-453e-97c5-7a1789b18a6e - - - - -] compute.cpu_dedicated_set = None log_opt_values /usr/lib/python3/dist-packages/oslo_config/cfg.py:2609
2026-02-12 00:39:23.103 155241 DEBUG oslo_service.service [req-c8291f39-83fe-453e-97c5-7a1789b18a6e - - - - -] compute.cpu_shared_set = None log_opt_values /usr/lib/python3/dist-packages/oslo_config/cfg.py:2609
2026-02-12 00:39:23.103 155241 DEBUG oslo_service.service [req-c8291f39-83fe-453e-97c5-7a1789b18a6e - - - - -] compute.image_type_exclude_list = [] log_opt_values /usr/lib/python3/dist-packages/oslo_config/cfg.py:2609
2026-02-12 00:39:23.103 155241 DEBUG oslo_service.service [req-c8291f39-83fe-453e-97c5-7a1789b18a6e - - - - -] compute.live_migration_wait_for_vif_plug = True log_opt_values /usr/lib/python3/dist-packages/oslo_config/cfg.py:2609
2026-02-12 00:39:23.103 155241 DEBUG oslo_service.service [req-c8291f39-83fe-453e-97c5-7a1789b18a6e - - - - -] compute.max_concurrent_disk_ops = 0 log_opt_values /usr/lib/python3/dist-packages/oslo_config/cfg.py:2609
2026-02-12 00:39:23.103 155241 DEBUG oslo_service.service [req-c8291f39-83fe-453e-97c5-7a1789b18a6e - - - - -] compute.max_disk_devices_to_attach = -1 log_opt_values /usr/lib/python3/dist-packages/oslo_config/cfg.py:2609
2026-02-12 00:39:23.104 155241 DEBUG oslo_service.service [req-c8291f39-83fe-453e-97c5-7a1789b18a6e - - - - -] compute.packing_host_numa_cells_allocation_strategy = True log_opt_values /usr/lib/python3/dist-packages/oslo_config/cfg.py:2609
2026-02-12 00:39:23.104 155241 DEBUG oslo_service.service [req-c8291f39-83fe-453e-97c5-7a1789b18a6e - - - - -] compute.provider_config_location = /etc/nova/provider_config/ log_opt_values /usr/lib/python3/dist-packages/oslo_config/cfg.py:2609
2026-02-12 00:39:23.104 155241 DEBUG oslo_service.service [req-c8291f39-83fe-453e-97c5-7a1789b18a6e - - - - -] compute.resource_provider_association_refresh = 300 log_opt_values /usr/lib/python3/dist-packages/oslo_config/cfg.py:2609
2026-02-12 00:39:23.105 155241 DEBUG oslo_service.service [req-c8291f39-83fe-453e-97c5-7a1789b18a6e - - - - -] compute.shutdown_retry_interval = 10 log_opt_values /usr/lib/python3/dist-packages/oslo_config/cfg.py:2609
2026-02-12 00:39:23.105 155241 DEBUG oslo_service.service [req-c8291f39-83fe-453e-97c5-7a1789b18a6e - - - - -] compute.vmdk_allowed_types = ['streamOptimized', 'monolithicSparse'] log_opt_values /usr/lib/python3/dist-packages/oslo_config/cfg.py:2609
2026-02-12 00:39:23.106 155241 DEBUG oslo_service.service [req-c8291f39-83fe-453e-97c5-7a1789b18a6e - - - - -] conductor.workers = 4 log_opt_values /usr/lib/python3/dist-packages/oslo_config/cfg.py:2609
2026-02-12 00:39:23.106 155648 DEBUG oslo_messaging._drivers.amqpdriver [-] Listener is running poll /usr/lib/python3/dist-packages/oslo_messaging/_drivers/amqpdriver.py:343
2026-02-12 00:39:23.106 155241 DEBUG oslo_service.service [req-c8291f39-83fe-453e-97c5-7a1789b18a6e - - - - -] console.allowed_origins = [] log_opt_values /usr/lib/python3/dist-packages/oslo_config/cfg.py:2609
2026-02-12 00:39:23.106 155648 DEBUG oslo_messaging._drivers.amqpdriver [-] AMQPListener connection consume poll /usr/lib/python3/dist-packages/oslo_messaging/_drivers/amqpdriver.py:357
2026-02-12 00:39:23.106 155241 DEBUG oslo_service.service [req-c8291f39-83fe-453e-97c5-7a1789b18a6e - - - - -] console.ssl_ciphers = None log_opt_values /usr/lib/python3/dist-packages/oslo_config/cfg.py:2609
2026-02-12 00:39:23.106 155241 DEBUG oslo_service.service [req-c8291f39-83fe-453e-97c5-7a1789b18a6e - - - - -] console.ssl_minimum_version = default log_opt_values /usr/lib/python3/dist-packages/oslo_config/cfg.py:2609
2026-02-12 00:39:23.106 155241 DEBUG oslo_service.service [req-c8291f39-83fe-453e-97c5-7a1789b18a6e - - - - -] consoleauth.token_ttl = 600 log_opt_values /usr/lib/python3/dist-packages/oslo_config/cfg.py:2609
2026-02-12 00:39:23.106 155648 DEBUG nova.service [req-f04ed6f3-63f4-4da5-bd66-2cd56713af9f - - - - -] Join ServiceGroup membership for this service scheduler start /usr/lib/python3/dist-packages/nova/service.py:199
2026-02-12 00:39:23.107 155241 DEBUG oslo_service.service [req-c8291f39-83fe-453e-97c5-7a1789b18a6e - - - - -] cyborg.cafile = None log_opt_values /usr/lib/python3/dist-packages/oslo_config/cfg.py:2609
2026-02-12 00:39:23.107 155241 DEBUG oslo_service.service [req-c8291f39-83fe-453e-97c5-7a1789b18a6e - - - - -] cyborg.certfile = None log_opt_values /usr/lib/python3/dist-packages/oslo_config/cfg.py:2609
2026-02-12 00:39:23.107 155648 DEBUG nova.servicegroup.drivers.db [req-f04ed6f3-63f4-4da5-bd66-2cd56713af9f - - - - -] DB_Driver: join new ServiceGroup member juju-baeef4-0-lxd-7 to the scheduler group, service = join /usr/lib/python3/dist-packages/nova/servicegroup/drivers/db.py:44
2026-02-12 00:39:23.107 155241 DEBUG oslo_service.service [req-c8291f39-83fe-453e-97c5-7a1789b18a6e - - - - -] cyborg.collect_timing = False log_opt_values /usr/lib/python3/dist-packages/oslo_config/cfg.py:2609
2026-02-12 00:39:23.107 155241 DEBUG oslo_service.service [req-c8291f39-83fe-453e-97c5-7a1789b18a6e - - - - -] cyborg.connect_retries = None log_opt_values /usr/lib/python3/dist-packages/oslo_config/cfg.py:2609
2026-02-12 00:39:23.107 155241 DEBUG oslo_service.service [req-c8291f39-83fe-453e-97c5-7a1789b18a6e - - - - -] cyborg.connect_retry_delay = None log_opt_values /usr/lib/python3/dist-packages/oslo_config/cfg.py:2609
2026-02-12 00:39:23.107 155241 DEBUG oslo_service.service [req-c8291f39-83fe-453e-97c5-7a1789b18a6e - - - - -] cyborg.endpoint_override = None log_opt_values /usr/lib/python3/dist-packages/oslo_config/cfg.py:2609
2026-02-12 00:39:23.108 155241 DEBUG oslo_service.service [req-c8291f39-83fe-453e-97c5-7a1789b18a6e - - - - -] cyborg.insecure = False log_opt_values /usr/lib/python3/dist-packages/oslo_config/cfg.py:2609
2026-02-12 00:39:23.108 155241 DEBUG oslo_service.service [req-c8291f39-83fe-453e-97c5-7a1789b18a6e - - - - -] cyborg.keyfile = None log_opt_values /usr/lib/python3/dist-packages/oslo_config/cfg.py:2609
2026-02-12 00:39:23.108 155241 DEBUG oslo_service.service [req-c8291f39-83fe-453e-97c5-7a1789b18a6e - - - - -] cyborg.max_version = None log_opt_values /usr/lib/python3/dist-packages/oslo_config/cfg.py:2609
2026-02-12 00:39:23.108 155241 DEBUG oslo_service.service [req-c8291f39-83fe-453e-97c5-7a1789b18a6e - - - - -] cyborg.min_version = None log_opt_values /usr/lib/python3/dist-packages/oslo_config/cfg.py:2609
2026-02-12 00:39:23.108 155241 DEBUG oslo_service.service [req-c8291f39-83fe-453e-97c5-7a1789b18a6e - - - - -] cyborg.region_name = None log_opt_values /usr/lib/python3/dist-packages/oslo_config/cfg.py:2609
2026-02-12 00:39:23.108 155241 DEBUG oslo_service.service [req-c8291f39-83fe-453e-97c5-7a1789b18a6e - - - - -] cyborg.service_name = None log_opt_values /usr/lib/python3/dist-packages/oslo_config/cfg.py:2609
2026-02-12 00:39:23.109 155241 DEBUG oslo_service.service [req-c8291f39-83fe-453e-97c5-7a1789b18a6e - - - - -] cyborg.service_type = accelerator log_opt_values /usr/lib/python3/dist-packages/oslo_config/cfg.py:2609
2026-02-12 00:39:23.109 155241 DEBUG oslo_service.service [req-c8291f39-83fe-453e-97c5-7a1789b18a6e - - - - -] cyborg.split_loggers = False log_opt_values /usr/lib/python3/dist-packages/oslo_config/cfg.py:2609
2026-02-12 00:39:23.109 155241 DEBUG oslo_service.service [req-c8291f39-83fe-453e-97c5-7a1789b18a6e - - - - -] cyborg.status_code_retries = None log_opt_values /usr/lib/python3/dist-packages/oslo_config/cfg.py:2609
2026-02-12 00:39:23.109 155241 DEBUG oslo_service.service [req-c8291f39-83fe-453e-97c5-7a1789b18a6e - - - - -] cyborg.status_code_retry_delay = None log_opt_values /usr/lib/python3/dist-packages/oslo_config/cfg.py:2609
2026-02-12 00:39:23.109 155241 DEBUG oslo_service.service [req-c8291f39-83fe-453e-97c5-7a1789b18a6e - - - - -] cyborg.timeout = None log_opt_values /usr/lib/python3/dist-packages/oslo_config/cfg.py:2609
2026-02-12 00:39:23.109 155241 DEBUG oslo_service.service [req-c8291f39-83fe-453e-97c5-7a1789b18a6e - - - - -] cyborg.valid_interfaces = ['internal', 'public'] log_opt_values /usr/lib/python3/dist-packages/oslo_config/cfg.py:2609
2026-02-12 00:39:23.109 155648 DEBUG oslo_messaging._drivers.amqpdriver [-] AMQPListener connection timeout poll /usr/lib/python3/dist-packages/oslo_messaging/_drivers/amqpdriver.py:360
2026-02-12 00:39:23.110 155648 DEBUG oslo_messaging._drivers.amqpdriver [-] Listener is running poll /usr/lib/python3/dist-packages/oslo_messaging/_drivers/amqpdriver.py:343
2026-02-12 00:39:23.110 155241 DEBUG oslo_service.service [req-c8291f39-83fe-453e-97c5-7a1789b18a6e - - - - -] cyborg.version = None log_opt_values /usr/lib/python3/dist-packages/oslo_config/cfg.py:2609
2026-02-12 00:39:23.110 155648 DEBUG oslo_messaging._drivers.amqpdriver [-] AMQPListener connection consume poll /usr/lib/python3/dist-packages/oslo_messaging/_drivers/amqpdriver.py:357
2026-02-12 00:39:23.110 155241 DEBUG oslo_service.service [req-c8291f39-83fe-453e-97c5-7a1789b18a6e - - - - -] database.backend = sqlalchemy log_opt_values /usr/lib/python3/dist-packages/oslo_config/cfg.py:2609
2026-02-12 00:39:23.110 155241 DEBUG oslo_service.service [req-c8291f39-83fe-453e-97c5-7a1789b18a6e - - - - -] database.connection = **** log_opt_values /usr/lib/python3/dist-packages/oslo_config/cfg.py:2609
2026-02-12 00:39:23.110 155241 DEBUG oslo_service.service [req-c8291f39-83fe-453e-97c5-7a1789b18a6e - - - - -] database.connection_debug = 0 log_opt_values /usr/lib/python3/dist-packages/oslo_config/cfg.py:2609
2026-02-12 00:39:23.111 155241 DEBUG oslo_service.service [req-c8291f39-83fe-453e-97c5-7a1789b18a6e - - - - -] database.connection_parameters = log_opt_values /usr/lib/python3/dist-packages/oslo_config/cfg.py:2609
2026-02-12 00:39:23.111 155241 DEBUG oslo_service.service [req-c8291f39-83fe-453e-97c5-7a1789b18a6e - - - - -] database.connection_recycle_time = 3600 log_opt_values /usr/lib/python3/dist-packages/oslo_config/cfg.py:2609
2026-02-12 00:39:23.111 155241 DEBUG oslo_service.service [req-c8291f39-83fe-453e-97c5-7a1789b18a6e - - - - -] database.connection_trace = False log_opt_values /usr/lib/python3/dist-packages/oslo_config/cfg.py:2609
2026-02-12 00:39:23.111 155241 DEBUG oslo_service.service [req-c8291f39-83fe-453e-97c5-7a1789b18a6e - - - - -] database.db_inc_retry_interval = True log_opt_values /usr/lib/python3/dist-packages/oslo_config/cfg.py:2609
2026-02-12 00:39:23.111 155241 DEBUG oslo_service.service [req-c8291f39-83fe-453e-97c5-7a1789b18a6e - - - - -] database.db_max_retries = 20 log_opt_values /usr/lib/python3/dist-packages/oslo_config/cfg.py:2609
2026-02-12 00:39:23.112 155241 DEBUG oslo_service.service [req-c8291f39-83fe-453e-97c5-7a1789b18a6e - - - - -] database.db_max_retry_interval = 10 log_opt_values /usr/lib/python3/dist-packages/oslo_config/cfg.py:2609
2026-02-12 00:39:23.112 155241 DEBUG oslo_service.service [req-c8291f39-83fe-453e-97c5-7a1789b18a6e - - - - -] database.db_retry_interval = 1 log_opt_values /usr/lib/python3/dist-packages/oslo_config/cfg.py:2609
2026-02-12 00:39:23.112 155241 DEBUG oslo_service.service [req-c8291f39-83fe-453e-97c5-7a1789b18a6e - - - - -] database.max_overflow = 50 log_opt_values /usr/lib/python3/dist-packages/oslo_config/cfg.py:2609
2026-02-12 00:39:23.113 155241 DEBUG oslo_service.service [req-c8291f39-83fe-453e-97c5-7a1789b18a6e - - - - -] database.max_pool_size = 4 log_opt_values /usr/lib/python3/dist-packages/oslo_config/cfg.py:2609
2026-02-12 00:39:23.113 155241 DEBUG oslo_service.service [req-c8291f39-83fe-453e-97c5-7a1789b18a6e - - - - -] database.max_retries = 10 log_opt_values /usr/lib/python3/dist-packages/oslo_config/cfg.py:2609
2026-02-12 00:39:23.114 155241 DEBUG oslo_service.service [req-c8291f39-83fe-453e-97c5-7a1789b18a6e - - - - -] database.mysql_enable_ndb = False log_opt_values /usr/lib/python3/dist-packages/oslo_config/cfg.py:2609
2026-02-12 00:39:23.114 155241 DEBUG oslo_service.service [req-c8291f39-83fe-453e-97c5-7a1789b18a6e - - - - -] database.mysql_sql_mode = TRADITIONAL log_opt_values /usr/lib/python3/dist-packages/oslo_config/cfg.py:2609
2026-02-12 00:39:23.114 155241 DEBUG oslo_service.service [req-c8291f39-83fe-453e-97c5-7a1789b18a6e - - - - -] database.pool_timeout = None log_opt_values /usr/lib/python3/dist-packages/oslo_config/cfg.py:2609
2026-02-12 00:39:23.115 155241 DEBUG oslo_service.service [req-c8291f39-83fe-453e-97c5-7a1789b18a6e - - - - -] database.retry_interval = 10 log_opt_values /usr/lib/python3/dist-packages/oslo_config/cfg.py:2609
2026-02-12 00:39:23.115 155241 DEBUG oslo_service.service [req-c8291f39-83fe-453e-97c5-7a1789b18a6e - - - - -] database.slave_connection = **** log_opt_values /usr/lib/python3/dist-packages/oslo_config/cfg.py:2609
2026-02-12 00:39:23.115 155241 DEBUG oslo_service.service [req-c8291f39-83fe-453e-97c5-7a1789b18a6e - - - - -] database.sqlite_synchronous = True log_opt_values /usr/lib/python3/dist-packages/oslo_config/cfg.py:2609
2026-02-12 00:39:23.115 155241 DEBUG oslo_service.service [req-c8291f39-83fe-453e-97c5-7a1789b18a6e - - - - -] database.use_db_reconnect = False log_opt_values /usr/lib/python3/dist-packages/oslo_config/cfg.py:2609
2026-02-12 00:39:23.116 155241 DEBUG oslo_service.service [req-c8291f39-83fe-453e-97c5-7a1789b18a6e - - - - -] api_database.backend = sqlalchemy log_opt_values /usr/lib/python3/dist-packages/oslo_config/cfg.py:2609
2026-02-12 00:39:23.117 155241 DEBUG oslo_service.service [req-c8291f39-83fe-453e-97c5-7a1789b18a6e - - - - -] api_database.connection = **** log_opt_values /usr/lib/python3/dist-packages/oslo_config/cfg.py:2609
2026-02-12 00:39:23.118 155241 DEBUG oslo_service.service [req-c8291f39-83fe-453e-97c5-7a1789b18a6e - - - - -] api_database.connection_debug = 0 log_opt_values /usr/lib/python3/dist-packages/oslo_config/cfg.py:2609
2026-02-12 00:39:23.118 155241 DEBUG oslo_service.service [req-c8291f39-83fe-453e-97c5-7a1789b18a6e - - - - -] api_database.connection_parameters = log_opt_values /usr/lib/python3/dist-packages/oslo_config/cfg.py:2609
2026-02-12 00:39:23.118 155241 DEBUG oslo_service.service [req-c8291f39-83fe-453e-97c5-7a1789b18a6e - - - - -] api_database.connection_recycle_time = 3600 log_opt_values /usr/lib/python3/dist-packages/oslo_config/cfg.py:2609
2026-02-12 00:39:23.118 155241 DEBUG oslo_service.service [req-c8291f39-83fe-453e-97c5-7a1789b18a6e - - - - -] api_database.connection_trace = False log_opt_values /usr/lib/python3/dist-packages/oslo_config/cfg.py:2609
2026-02-12 00:39:23.119 155241 DEBUG oslo_service.service [req-c8291f39-83fe-453e-97c5-7a1789b18a6e - - - - -] api_database.db_inc_retry_interval = True log_opt_values /usr/lib/python3/dist-packages/oslo_config/cfg.py:2609
2026-02-12 00:39:23.120 155241 DEBUG oslo_service.service [req-c8291f39-83fe-453e-97c5-7a1789b18a6e - - - - -] api_database.db_max_retries = 20 log_opt_values /usr/lib/python3/dist-packages/oslo_config/cfg.py:2609
2026-02-12 00:39:23.120 155241 DEBUG oslo_service.service [req-c8291f39-83fe-453e-97c5-7a1789b18a6e - - - - -] api_database.db_max_retry_interval = 10 log_opt_values /usr/lib/python3/dist-packages/oslo_config/cfg.py:2609
2026-02-12 00:39:23.121 155241 DEBUG oslo_service.service [req-c8291f39-83fe-453e-97c5-7a1789b18a6e - - - - -] api_database.db_retry_interval = 1 log_opt_values /usr/lib/python3/dist-packages/oslo_config/cfg.py:2609
2026-02-12 00:39:23.121 155241 DEBUG oslo_service.service [req-c8291f39-83fe-453e-97c5-7a1789b18a6e - - - - -] api_database.max_overflow = 50 log_opt_values /usr/lib/python3/dist-packages/oslo_config/cfg.py:2609
2026-02-12 00:39:23.121 155241 DEBUG oslo_service.service [req-c8291f39-83fe-453e-97c5-7a1789b18a6e - - - - -] api_database.max_pool_size = 4 log_opt_values /usr/lib/python3/dist-packages/oslo_config/cfg.py:2609
2026-02-12 00:39:23.120 155661 DEBUG oslo_messaging._drivers.amqpdriver [-] Listener is running poll /usr/lib/python3/dist-packages/oslo_messaging/_drivers/amqpdriver.py:343
2026-02-12 00:39:23.122 155661 DEBUG oslo_messaging._drivers.amqpdriver [-] AMQPListener connection consume poll /usr/lib/python3/dist-packages/oslo_messaging/_drivers/amqpdriver.py:357
2026-02-12 00:39:23.121 155241 DEBUG oslo_service.service [req-c8291f39-83fe-453e-97c5-7a1789b18a6e - - - - -] api_database.max_retries = 10 log_opt_values /usr/lib/python3/dist-packages/oslo_config/cfg.py:2609
2026-02-12 00:39:23.123 155241 DEBUG oslo_service.service [req-c8291f39-83fe-453e-97c5-7a1789b18a6e - - - - -] api_database.mysql_enable_ndb = False log_opt_values /usr/lib/python3/dist-packages/oslo_config/cfg.py:2609
2026-02-12 00:39:23.123 155241 DEBUG oslo_service.service [req-c8291f39-83fe-453e-97c5-7a1789b18a6e - - - - -] api_database.mysql_sql_mode = TRADITIONAL log_opt_values /usr/lib/python3/dist-packages/oslo_config/cfg.py:2609
2026-02-12 00:39:23.124 155241 DEBUG oslo_service.service [req-c8291f39-83fe-453e-97c5-7a1789b18a6e - - - - -] api_database.pool_timeout = None log_opt_values /usr/lib/python3/dist-packages/oslo_config/cfg.py:2609
2026-02-12 00:39:23.124 155241 DEBUG oslo_service.service [req-c8291f39-83fe-453e-97c5-7a1789b18a6e - - - - -] api_database.retry_interval = 10 log_opt_values /usr/lib/python3/dist-packages/oslo_config/cfg.py:2609
2026-02-12 00:39:23.124 155241 DEBUG oslo_service.service [req-c8291f39-83fe-453e-97c5-7a1789b18a6e - - - - -] api_database.slave_connection = **** log_opt_values /usr/lib/python3/dist-packages/oslo_config/cfg.py:2609
2026-02-12 00:39:23.125 155241 DEBUG oslo_service.service [req-c8291f39-83fe-453e-97c5-7a1789b18a6e - - - - -] api_database.sqlite_synchronous = True log_opt_values /usr/lib/python3/dist-packages/oslo_config/cfg.py:2609
2026-02-12 00:39:23.124 155661 DEBUG nova.service [req-cc83de9e-c53f-43ca-a1e6-0295c5e4b57b - - - - -] Join ServiceGroup membership for this service scheduler start /usr/lib/python3/dist-packages/nova/service.py:199
2026-02-12 00:39:23.125 155241 DEBUG oslo_service.service [req-c8291f39-83fe-453e-97c5-7a1789b18a6e - - - - -] devices.enabled_mdev_types = [] log_opt_values /usr/lib/python3/dist-packages/oslo_config/cfg.py:2609
2026-02-12 00:39:23.125 155661 DEBUG nova.servicegroup.drivers.db [req-cc83de9e-c53f-43ca-a1e6-0295c5e4b57b - - - - -] DB_Driver: join new ServiceGroup member juju-baeef4-0-lxd-7 to the scheduler group, service = join /usr/lib/python3/dist-packages/nova/servicegroup/drivers/db.py:44
2026-02-12 00:39:23.125 155241 DEBUG oslo_service.service [req-c8291f39-83fe-453e-97c5-7a1789b18a6e - - - - -] ephemeral_storage_encryption.cipher = aes-xts-plain64 log_opt_values /usr/lib/python3/dist-packages/oslo_config/cfg.py:2609
2026-02-12 00:39:23.125 155668 DEBUG oslo_messaging._drivers.amqpdriver [-] Listener is running poll /usr/lib/python3/dist-packages/oslo_messaging/_drivers/amqpdriver.py:343
2026-02-12 00:39:23.125 155668 DEBUG oslo_messaging._drivers.amqpdriver [-] AMQPListener connection consume poll /usr/lib/python3/dist-packages/oslo_messaging/_drivers/amqpdriver.py:357
2026-02-12 00:39:23.125 155241 DEBUG oslo_service.service [req-c8291f39-83fe-453e-97c5-7a1789b18a6e - - - - -] ephemeral_storage_encryption.enabled = False log_opt_values /usr/lib/python3/dist-packages/oslo_config/cfg.py:2609
2026-02-12 00:39:23.125 155241 DEBUG oslo_service.service [req-c8291f39-83fe-453e-97c5-7a1789b18a6e - - - - -] ephemeral_storage_encryption.key_size = 512 log_opt_values /usr/lib/python3/dist-packages/oslo_config/cfg.py:2609
2026-02-12 00:39:23.126 155241 WARNING oslo_config.cfg [req-c8291f39-83fe-453e-97c5-7a1789b18a6e - - - - -] Deprecated: Option "api_servers" from group "glance" is deprecated for removal ( Support for image service configuration via standard keystoneauth1 Adapter options was added in the 17.0.0 Queens release. The api_servers option was retained temporarily to allow consumers time to cut over to a real load balancing solution. ). Its value may be silently ignored in the future.
2026-02-12 00:39:23.126 155668 DEBUG nova.service [req-d5653d63-14dc-4b02-bc58-1861184fe077 - - - - -] Join ServiceGroup membership for this service scheduler start /usr/lib/python3/dist-packages/nova/service.py:199
2026-02-12 00:39:23.126 155241 DEBUG oslo_service.service [req-c8291f39-83fe-453e-97c5-7a1789b18a6e - - - - -] glance.api_servers = ['http://252.242.176.189:9292'] log_opt_values /usr/lib/python3/dist-packages/oslo_config/cfg.py:2609
2026-02-12 00:39:23.126 155668 DEBUG nova.servicegroup.drivers.db [req-d5653d63-14dc-4b02-bc58-1861184fe077 - - - - -] DB_Driver: join new ServiceGroup member juju-baeef4-0-lxd-7 to the scheduler group, service = join /usr/lib/python3/dist-packages/nova/servicegroup/drivers/db.py:44
2026-02-12 00:39:23.126 155241 DEBUG oslo_service.service [req-c8291f39-83fe-453e-97c5-7a1789b18a6e - - - - -] glance.cafile = None log_opt_values /usr/lib/python3/dist-packages/oslo_config/cfg.py:2609
2026-02-12 00:39:23.126 155661 DEBUG oslo_messaging._drivers.amqpdriver [-] AMQPListener connection timeout poll /usr/lib/python3/dist-packages/oslo_messaging/_drivers/amqpdriver.py:360
2026-02-12 00:39:23.127 155241 DEBUG oslo_service.service [req-c8291f39-83fe-453e-97c5-7a1789b18a6e - - - - -] glance.certfile = None log_opt_values /usr/lib/python3/dist-packages/oslo_config/cfg.py:2609
2026-02-12 00:39:23.127 155241 DEBUG oslo_service.service [req-c8291f39-83fe-453e-97c5-7a1789b18a6e - - - - -] glance.collect_timing = False log_opt_values /usr/lib/python3/dist-packages/oslo_config/cfg.py:2609
2026-02-12 00:39:23.127 155661 DEBUG oslo_messaging._drivers.amqpdriver [-] Listener is running poll /usr/lib/python3/dist-packages/oslo_messaging/_drivers/amqpdriver.py:343
2026-02-12 00:39:23.127 155241 DEBUG oslo_service.service [req-c8291f39-83fe-453e-97c5-7a1789b18a6e - - - - -] glance.connect_retries = None log_opt_values /usr/lib/python3/dist-packages/oslo_config/cfg.py:2609
2026-02-12 00:39:23.127 155661 DEBUG oslo_messaging._drivers.amqpdriver [-] AMQPListener connection consume poll /usr/lib/python3/dist-packages/oslo_messaging/_drivers/amqpdriver.py:357
2026-02-12 00:39:23.127 155241 DEBUG oslo_service.service [req-c8291f39-83fe-453e-97c5-7a1789b18a6e - - - - -] glance.connect_retry_delay = None log_opt_values /usr/lib/python3/dist-packages/oslo_config/cfg.py:2609
