2026-02-12 00:39:39.049 161090 DEBUG oslo_service.service [req-db0939a1-f214-4b82-a242-b3efcc54a5be - - - - -] compute.shutdown_retry_interval = 10 log_opt_values /usr/lib/python3/dist-packages/oslo_config/cfg.py:2609
2026-02-12 00:39:39.049 161090 DEBUG oslo_service.service [req-db0939a1-f214-4b82-a242-b3efcc54a5be - - - - -] compute.vmdk_allowed_types = ['streamOptimized', 'monolithicSparse'] log_opt_values /usr/lib/python3/dist-packages/oslo_config/cfg.py:2609
2026-02-12 00:39:39.050 161090 DEBUG oslo_service.service [req-db0939a1-f214-4b82-a242-b3efcc54a5be - - - - -] conductor.workers = 4 log_opt_values /usr/lib/python3/dist-packages/oslo_config/cfg.py:2609
2026-02-12 00:39:39.050 161090 DEBUG oslo_service.service [req-db0939a1-f214-4b82-a242-b3efcc54a5be - - - - -] console.allowed_origins = [] log_opt_values /usr/lib/python3/dist-packages/oslo_config/cfg.py:2609
2026-02-12 00:39:39.050 161090 DEBUG oslo_service.service [req-db0939a1-f214-4b82-a242-b3efcc54a5be - - - - -] console.ssl_ciphers = None log_opt_values /usr/lib/python3/dist-packages/oslo_config/cfg.py:2609
2026-02-12 00:39:39.050 161090 DEBUG oslo_service.service [req-db0939a1-f214-4b82-a242-b3efcc54a5be - - - - -] console.ssl_minimum_version = default log_opt_values /usr/lib/python3/dist-packages/oslo_config/cfg.py:2609
2026-02-12 00:39:39.050 161090 DEBUG oslo_service.service [req-db0939a1-f214-4b82-a242-b3efcc54a5be - - - - -] consoleauth.token_ttl = 600 log_opt_values /usr/lib/python3/dist-packages/oslo_config/cfg.py:2609
2026-02-12 00:39:39.051 161090 DEBUG oslo_service.service [req-db0939a1-f214-4b82-a242-b3efcc54a5be - - - - -] cyborg.cafile = None log_opt_values /usr/lib/python3/dist-packages/oslo_config/cfg.py:2609
2026-02-12 00:39:39.051 161090 DEBUG oslo_service.service [req-db0939a1-f214-4b82-a242-b3efcc54a5be - - - - -] cyborg.certfile = None log_opt_values /usr/lib/python3/dist-packages/oslo_config/cfg.py:2609
2026-02-12 00:39:39.051 161090 DEBUG oslo_service.service [req-db0939a1-f214-4b82-a242-b3efcc54a5be - - - - -] cyborg.collect_timing = False log_opt_values /usr/lib/python3/dist-packages/oslo_config/cfg.py:2609
2026-02-12 00:39:39.051 161090 DEBUG oslo_service.service [req-db0939a1-f214-4b82-a242-b3efcc54a5be - - - - -] cyborg.connect_retries = None log_opt_values /usr/lib/python3/dist-packages/oslo_config/cfg.py:2609
2026-02-12 00:39:39.051 161090 DEBUG oslo_service.service [req-db0939a1-f214-4b82-a242-b3efcc54a5be - - - - -] cyborg.connect_retry_delay = None log_opt_values /usr/lib/python3/dist-packages/oslo_config/cfg.py:2609
2026-02-12 00:39:39.051 161090 DEBUG oslo_service.service [req-db0939a1-f214-4b82-a242-b3efcc54a5be - - - - -] cyborg.endpoint_override = None log_opt_values /usr/lib/python3/dist-packages/oslo_config/cfg.py:2609
2026-02-12 00:39:39.052 161090 DEBUG oslo_service.service [req-db0939a1-f214-4b82-a242-b3efcc54a5be - - - - -] cyborg.insecure = False log_opt_values /usr/lib/python3/dist-packages/oslo_config/cfg.py:2609
2026-02-12 00:39:39.052 161090 DEBUG oslo_service.service [req-db0939a1-f214-4b82-a242-b3efcc54a5be - - - - -] cyborg.keyfile = None log_opt_values /usr/lib/python3/dist-packages/oslo_config/cfg.py:2609
2026-02-12 00:39:39.052 161090 DEBUG oslo_service.service [req-db0939a1-f214-4b82-a242-b3efcc54a5be - - - - -] cyborg.max_version = None log_opt_values /usr/lib/python3/dist-packages/oslo_config/cfg.py:2609
2026-02-12 00:39:39.052 161090 DEBUG oslo_service.service [req-db0939a1-f214-4b82-a242-b3efcc54a5be - - - - -] cyborg.min_version = None log_opt_values /usr/lib/python3/dist-packages/oslo_config/cfg.py:2609
2026-02-12 00:39:39.052 161090 DEBUG oslo_service.service [req-db0939a1-f214-4b82-a242-b3efcc54a5be - - - - -] cyborg.region_name = None log_opt_values /usr/lib/python3/dist-packages/oslo_config/cfg.py:2609
2026-02-12 00:39:39.052 161090 DEBUG oslo_service.service [req-db0939a1-f214-4b82-a242-b3efcc54a5be - - - - -] cyborg.service_name = None log_opt_values /usr/lib/python3/dist-packages/oslo_config/cfg.py:2609
2026-02-12 00:39:39.052 161090 DEBUG oslo_service.service [req-db0939a1-f214-4b82-a242-b3efcc54a5be - - - - -] cyborg.service_type = accelerator log_opt_values /usr/lib/python3/dist-packages/oslo_config/cfg.py:2609
2026-02-12 00:39:39.053 161396 DEBUG oslo_messaging._drivers.amqpdriver [-] Listener is running poll /usr/lib/python3/dist-packages/oslo_messaging/_drivers/amqpdriver.py:343
2026-02-12 00:39:39.053 161396 DEBUG oslo_messaging._drivers.amqpdriver [-] AMQPListener connection consume poll /usr/lib/python3/dist-packages/oslo_messaging/_drivers/amqpdriver.py:357
2026-02-12 00:39:39.053 161090 DEBUG oslo_service.service [req-db0939a1-f214-4b82-a242-b3efcc54a5be - - - - -] cyborg.split_loggers = False log_opt_values /usr/lib/python3/dist-packages/oslo_config/cfg.py:2609
2026-02-12 00:39:39.054 161090 DEBUG oslo_service.service [req-db0939a1-f214-4b82-a242-b3efcc54a5be - - - - -] cyborg.status_code_retries = None log_opt_values /usr/lib/python3/dist-packages/oslo_config/cfg.py:2609
2026-02-12 00:39:39.054 161090 DEBUG oslo_service.service [req-db0939a1-f214-4b82-a242-b3efcc54a5be - - - - -] cyborg.status_code_retry_delay = None log_opt_values /usr/lib/python3/dist-packages/oslo_config/cfg.py:2609
2026-02-12 00:39:39.054 161090 DEBUG oslo_service.service [req-db0939a1-f214-4b82-a242-b3efcc54a5be - - - - -] cyborg.timeout = None log_opt_values /usr/lib/python3/dist-packages/oslo_config/cfg.py:2609
2026-02-12 00:39:39.054 161396 DEBUG nova.service [req-164dba31-623f-44e9-95cb-28227c425acf - - - - -] Join ServiceGroup membership for this service conductor start /usr/lib/python3/dist-packages/nova/service.py:199
2026-02-12 00:39:39.054 161090 DEBUG oslo_service.service [req-db0939a1-f214-4b82-a242-b3efcc54a5be - - - - -] cyborg.valid_interfaces = ['internal', 'public'] log_opt_values /usr/lib/python3/dist-packages/oslo_config/cfg.py:2609
2026-02-12 00:39:39.054 161090 DEBUG oslo_service.service [req-db0939a1-f214-4b82-a242-b3efcc54a5be - - - - -] cyborg.version = None log_opt_values /usr/lib/python3/dist-packages/oslo_config/cfg.py:2609
2026-02-12 00:39:39.054 161396 DEBUG nova.servicegroup.drivers.db [req-164dba31-623f-44e9-95cb-28227c425acf - - - - -] DB_Driver: join new ServiceGroup member juju-baeef4-0-lxd-7 to the conductor group, service = join /usr/lib/python3/dist-packages/nova/servicegroup/drivers/db.py:44
2026-02-12 00:39:39.055 161090 DEBUG oslo_service.service [req-db0939a1-f214-4b82-a242-b3efcc54a5be - - - - -] database.backend = sqlalchemy log_opt_values /usr/lib/python3/dist-packages/oslo_config/cfg.py:2609
2026-02-12 00:39:39.055 161090 DEBUG oslo_service.service [req-db0939a1-f214-4b82-a242-b3efcc54a5be - - - - -] database.connection = **** log_opt_values /usr/lib/python3/dist-packages/oslo_config/cfg.py:2609
2026-02-12 00:39:39.055 161090 DEBUG oslo_service.service [req-db0939a1-f214-4b82-a242-b3efcc54a5be - - - - -] database.connection_debug = 0 log_opt_values /usr/lib/python3/dist-packages/oslo_config/cfg.py:2609
2026-02-12 00:39:39.055 161090 DEBUG oslo_service.service [req-db0939a1-f214-4b82-a242-b3efcc54a5be - - - - -] database.connection_parameters = log_opt_values /usr/lib/python3/dist-packages/oslo_config/cfg.py:2609
2026-02-12 00:39:39.055 161090 DEBUG oslo_service.service [req-db0939a1-f214-4b82-a242-b3efcc54a5be - - - - -] database.connection_recycle_time = 3600 log_opt_values /usr/lib/python3/dist-packages/oslo_config/cfg.py:2609
2026-02-12 00:39:39.055 161090 DEBUG oslo_service.service [req-db0939a1-f214-4b82-a242-b3efcc54a5be - - - - -] database.connection_trace = False log_opt_values /usr/lib/python3/dist-packages/oslo_config/cfg.py:2609
2026-02-12 00:39:39.056 161090 DEBUG oslo_service.service [req-db0939a1-f214-4b82-a242-b3efcc54a5be - - - - -] database.db_inc_retry_interval = True log_opt_values /usr/lib/python3/dist-packages/oslo_config/cfg.py:2609
2026-02-12 00:39:39.056 161090 DEBUG oslo_service.service [req-db0939a1-f214-4b82-a242-b3efcc54a5be - - - - -] database.db_max_retries = 20 log_opt_values /usr/lib/python3/dist-packages/oslo_config/cfg.py:2609
2026-02-12 00:39:39.056 161090 DEBUG oslo_service.service [req-db0939a1-f214-4b82-a242-b3efcc54a5be - - - - -] database.db_max_retry_interval = 10 log_opt_values /usr/lib/python3/dist-packages/oslo_config/cfg.py:2609
2026-02-12 00:39:39.056 161090 DEBUG oslo_service.service [req-db0939a1-f214-4b82-a242-b3efcc54a5be - - - - -] database.db_retry_interval = 1 log_opt_values /usr/lib/python3/dist-packages/oslo_config/cfg.py:2609
2026-02-12 00:39:39.056 161090 DEBUG oslo_service.service [req-db0939a1-f214-4b82-a242-b3efcc54a5be - - - - -] database.max_overflow = 50 log_opt_values /usr/lib/python3/dist-packages/oslo_config/cfg.py:2609
2026-02-12 00:39:39.056 161090 DEBUG oslo_service.service [req-db0939a1-f214-4b82-a242-b3efcc54a5be - - - - -] database.max_pool_size = 4 log_opt_values /usr/lib/python3/dist-packages/oslo_config/cfg.py:2609
2026-02-12 00:39:39.057 161090 DEBUG oslo_service.service [req-db0939a1-f214-4b82-a242-b3efcc54a5be - - - - -] database.max_retries = 10 log_opt_values /usr/lib/python3/dist-packages/oslo_config/cfg.py:2609
2026-02-12 00:39:39.056 161394 DEBUG oslo_messaging._drivers.amqpdriver [-] Listener is running poll /usr/lib/python3/dist-packages/oslo_messaging/_drivers/amqpdriver.py:343
2026-02-12 00:39:39.057 161090 DEBUG oslo_service.service [req-db0939a1-f214-4b82-a242-b3efcc54a5be - - - - -] database.mysql_enable_ndb = False log_opt_values /usr/lib/python3/dist-packages/oslo_config/cfg.py:2609
2026-02-12 00:39:39.057 161394 DEBUG oslo_messaging._drivers.amqpdriver [-] AMQPListener connection consume poll /usr/lib/python3/dist-packages/oslo_messaging/_drivers/amqpdriver.py:357
2026-02-12 00:39:39.057 161090 DEBUG oslo_service.service [req-db0939a1-f214-4b82-a242-b3efcc54a5be - - - - -] database.mysql_sql_mode = TRADITIONAL log_opt_values /usr/lib/python3/dist-packages/oslo_config/cfg.py:2609
2026-02-12 00:39:39.057 161090 DEBUG oslo_service.service [req-db0939a1-f214-4b82-a242-b3efcc54a5be - - - - -] database.pool_timeout = None log_opt_values /usr/lib/python3/dist-packages/oslo_config/cfg.py:2609
2026-02-12 00:39:39.057 161090 DEBUG oslo_service.service [req-db0939a1-f214-4b82-a242-b3efcc54a5be - - - - -] database.retry_interval = 10 log_opt_values /usr/lib/python3/dist-packages/oslo_config/cfg.py:2609
2026-02-12 00:39:39.057 161394 DEBUG nova.service [req-242aefd2-049b-4665-8c01-ad07efe53b85 - - - - -] Join ServiceGroup membership for this service conductor start /usr/lib/python3/dist-packages/nova/service.py:199
2026-02-12 00:39:39.057 161090 DEBUG oslo_service.service [req-db0939a1-f214-4b82-a242-b3efcc54a5be - - - - -] database.slave_connection = **** log_opt_values /usr/lib/python3/dist-packages/oslo_config/cfg.py:2609
2026-02-12 00:39:39.057 161396 DEBUG oslo_messaging._drivers.amqpdriver [-] AMQPListener connection timeout poll /usr/lib/python3/dist-packages/oslo_messaging/_drivers/amqpdriver.py:360
2026-02-12 00:39:39.058 161090 DEBUG oslo_service.service [req-db0939a1-f214-4b82-a242-b3efcc54a5be - - - - -] database.sqlite_synchronous = True log_opt_values /usr/lib/python3/dist-packages/oslo_config/cfg.py:2609
2026-02-12 00:39:39.058 161396 DEBUG oslo_messaging._drivers.amqpdriver [-] Listener is running poll /usr/lib/python3/dist-packages/oslo_messaging/_drivers/amqpdriver.py:343
2026-02-12 00:39:39.058 161394 DEBUG nova.servicegroup.drivers.db [req-242aefd2-049b-4665-8c01-ad07efe53b85 - - - - -] DB_Driver: join new ServiceGroup member juju-baeef4-0-lxd-7 to the conductor group, service = join /usr/lib/python3/dist-packages/nova/servicegroup/drivers/db.py:44
2026-02-12 00:39:39.058 161396 DEBUG oslo_messaging._drivers.amqpdriver [-] AMQPListener connection consume poll /usr/lib/python3/dist-packages/oslo_messaging/_drivers/amqpdriver.py:357
2026-02-12 00:39:39.058 161090 DEBUG oslo_service.service [req-db0939a1-f214-4b82-a242-b3efcc54a5be - - - - -] database.use_db_reconnect = False log_opt_values /usr/lib/python3/dist-packages/oslo_config/cfg.py:2609
2026-02-12 00:39:39.058 161090 DEBUG oslo_service.service [req-db0939a1-f214-4b82-a242-b3efcc54a5be - - - - -] api_database.backend = sqlalchemy log_opt_values /usr/lib/python3/dist-packages/oslo_config/cfg.py:2609
2026-02-12 00:39:39.058 161090 DEBUG oslo_service.service [req-db0939a1-f214-4b82-a242-b3efcc54a5be - - - - -] api_database.connection = **** log_opt_values /usr/lib/python3/dist-packages/oslo_config/cfg.py:2609
2026-02-12 00:39:39.058 161090 DEBUG oslo_service.service [req-db0939a1-f214-4b82-a242-b3efcc54a5be - - - - -] api_database.connection_debug = 0 log_opt_values /usr/lib/python3/dist-packages/oslo_config/cfg.py:2609
2026-02-12 00:39:39.058 161090 DEBUG oslo_service.service [req-db0939a1-f214-4b82-a242-b3efcc54a5be - - - - -] api_database.connection_parameters = log_opt_values /usr/lib/python3/dist-packages/oslo_config/cfg.py:2609
2026-02-12 00:39:39.059 161090 DEBUG oslo_service.service [req-db0939a1-f214-4b82-a242-b3efcc54a5be - - - - -] api_database.connection_recycle_time = 3600 log_opt_values /usr/lib/python3/dist-packages/oslo_config/cfg.py:2609
2026-02-12 00:39:39.059 161090 DEBUG oslo_service.service [req-db0939a1-f214-4b82-a242-b3efcc54a5be - - - - -] api_database.connection_trace = False log_opt_values /usr/lib/python3/dist-packages/oslo_config/cfg.py:2609
2026-02-12 00:39:39.059 161090 DEBUG oslo_service.service [req-db0939a1-f214-4b82-a242-b3efcc54a5be - - - - -] api_database.db_inc_retry_interval = True log_opt_values /usr/lib/python3/dist-packages/oslo_config/cfg.py:2609
2026-02-12 00:39:39.059 161090 DEBUG oslo_service.service [req-db0939a1-f214-4b82-a242-b3efcc54a5be - - - - -] api_database.db_max_retries = 20 log_opt_values /usr/lib/python3/dist-packages/oslo_config/cfg.py:2609
2026-02-12 00:39:39.059 161090 DEBUG oslo_service.service [req-db0939a1-f214-4b82-a242-b3efcc54a5be - - - - -] api_database.db_max_retry_interval = 10 log_opt_values /usr/lib/python3/dist-packages/oslo_config/cfg.py:2609
2026-02-12 00:39:39.059 161090 DEBUG oslo_service.service [req-db0939a1-f214-4b82-a242-b3efcc54a5be - - - - -] api_database.db_retry_interval = 1 log_opt_values /usr/lib/python3/dist-packages/oslo_config/cfg.py:2609
2026-02-12 00:39:39.060 161090 DEBUG oslo_service.service [req-db0939a1-f214-4b82-a242-b3efcc54a5be - - - - -] api_database.max_overflow = 50 log_opt_values /usr/lib/python3/dist-packages/oslo_config/cfg.py:2609
2026-02-12 00:39:39.060 161090 DEBUG oslo_service.service [req-db0939a1-f214-4b82-a242-b3efcc54a5be - - - - -] api_database.max_pool_size = 4 log_opt_values /usr/lib/python3/dist-packages/oslo_config/cfg.py:2609
2026-02-12 00:39:39.060 161394 DEBUG oslo_messaging._drivers.amqpdriver [-] AMQPListener connection timeout poll /usr/lib/python3/dist-packages/oslo_messaging/_drivers/amqpdriver.py:360
2026-02-12 00:39:39.060 161090 DEBUG oslo_service.service [req-db0939a1-f214-4b82-a242-b3efcc54a5be - - - - -] api_database.max_retries = 10 log_opt_values /usr/lib/python3/dist-packages/oslo_config/cfg.py:2609
2026-02-12 00:39:39.060 161394 DEBUG oslo_messaging._drivers.amqpdriver [-] Listener is running poll /usr/lib/python3/dist-packages/oslo_messaging/_drivers/amqpdriver.py:343
2026-02-12 00:39:39.060 161090 DEBUG oslo_service.service [req-db0939a1-f214-4b82-a242-b3efcc54a5be - - - - -] api_database.mysql_enable_ndb = False log_opt_values /usr/lib/python3/dist-packages/oslo_config/cfg.py:2609
2026-02-12 00:39:39.060 161394 DEBUG oslo_messaging._drivers.amqpdriver [-] AMQPListener connection consume poll /usr/lib/python3/dist-packages/oslo_messaging/_drivers/amqpdriver.py:357
2026-02-12 00:39:39.060 161090 DEBUG oslo_service.service [req-db0939a1-f214-4b82-a242-b3efcc54a5be - - - - -] api_database.mysql_sql_mode = TRADITIONAL log_opt_values /usr/lib/python3/dist-packages/oslo_config/cfg.py:2609
2026-02-12 00:39:39.060 161090 DEBUG oslo_service.service [req-db0939a1-f214-4b82-a242-b3efcc54a5be - - - - -] api_database.pool_timeout = None log_opt_values /usr/lib/python3/dist-packages/oslo_config/cfg.py:2609
2026-02-12 00:39:39.061 161090 DEBUG oslo_service.service [req-db0939a1-f214-4b82-a242-b3efcc54a5be - - - - -] api_database.retry_interval = 10 log_opt_values /usr/lib/python3/dist-packages/oslo_config/cfg.py:2609
2026-02-12 00:39:39.061 161090 DEBUG oslo_service.service [req-db0939a1-f214-4b82-a242-b3efcc54a5be - - - - -] api_database.slave_connection = **** log_opt_values /usr/lib/python3/dist-packages/oslo_config/cfg.py:2609
2026-02-12 00:39:39.061 161090 DEBUG oslo_service.service [req-db0939a1-f214-4b82-a242-b3efcc54a5be - - - - -] api_database.sqlite_synchronous = True log_opt_values /usr/lib/python3/dist-packages/oslo_config/cfg.py:2609
2026-02-12 00:39:39.061 161090 DEBUG oslo_service.service [req-db0939a1-f214-4b82-a242-b3efcc54a5be - - - - -] devices.enabled_mdev_types = [] log_opt_values /usr/lib/python3/dist-packages/oslo_config/cfg.py:2609
2026-02-12 00:39:39.061 161090 DEBUG oslo_service.service [req-db0939a1-f214-4b82-a242-b3efcc54a5be - - - - -] ephemeral_storage_encryption.cipher = aes-xts-plain64 log_opt_values /usr/lib/python3/dist-packages/oslo_config/cfg.py:2609
2026-02-12 00:39:39.061 161090 DEBUG oslo_service.service [req-db0939a1-f214-4b82-a242-b3efcc54a5be - - - - -] ephemeral_storage_encryption.enabled = False log_opt_values /usr/lib/python3/dist-packages/oslo_config/cfg.py:2609
2026-02-12 00:39:39.062 161090 DEBUG oslo_service.service [req-db0939a1-f214-4b82-a242-b3efcc54a5be - - - - -] ephemeral_storage_encryption.key_size = 512 log_opt_values /usr/lib/python3/dist-packages/oslo_config/cfg.py:2609
2026-02-12 00:39:39.062 161090 WARNING oslo_config.cfg [req-db0939a1-f214-4b82-a242-b3efcc54a5be - - - - -] Deprecated: Option "api_servers" from group "glance" is deprecated for removal ( Support for image service configuration via standard keystoneauth1 Adapter options was added in the 17.0.0 Queens release. The api_servers option was retained temporarily to allow consumers time to cut over to a real load balancing solution. ). Its value may be silently ignored in the future.
2026-02-12 00:39:39.062 161090 DEBUG oslo_service.service [req-db0939a1-f214-4b82-a242-b3efcc54a5be - - - - -] glance.api_servers = ['http://252.242.176.189:9292'] log_opt_values /usr/lib/python3/dist-packages/oslo_config/cfg.py:2609
2026-02-12 00:39:39.062 161090 DEBUG oslo_service.service [req-db0939a1-f214-4b82-a242-b3efcc54a5be - - - - -] glance.cafile = None log_opt_values /usr/lib/python3/dist-packages/oslo_config/cfg.py:2609
2026-02-12 00:39:39.062 161090 DEBUG oslo_service.service [req-db0939a1-f214-4b82-a242-b3efcc54a5be - - - - -] glance.certfile = None log_opt_values /usr/lib/python3/dist-packages/oslo_config/cfg.py:2609
2026-02-12 00:39:39.063 161090 DEBUG oslo_service.service [req-db0939a1-f214-4b82-a242-b3efcc54a5be - - - - -] glance.collect_timing = False log_opt_values /usr/lib/python3/dist-packages/oslo_config/cfg.py:2609
2026-02-12 00:39:39.063 161090 DEBUG oslo_service.service [req-db0939a1-f214-4b82-a242-b3efcc54a5be - - - - -] glance.connect_retries = None log_opt_values /usr/lib/python3/dist-packages/oslo_config/cfg.py:2609
2026-02-12 00:39:39.063 161090 DEBUG oslo_service.service [req-db0939a1-f214-4b82-a242-b3efcc54a5be - - - - -] glance.connect_retry_delay = None log_opt_values /usr/lib/python3/dist-packages/oslo_config/cfg.py:2609
2026-02-12 00:39:39.063 161090 DEBUG oslo_service.service [req-db0939a1-f214-4b82-a242-b3efcc54a5be - - - - -] glance.debug = False log_opt_values /usr/lib/python3/dist-packages/oslo_config/cfg.py:2609
2026-02-12 00:39:39.063 161090 DEBUG oslo_service.service [req-db0939a1-f214-4b82-a242-b3efcc54a5be - - - - -] glance.default_trusted_certificate_ids = [] log_opt_values /usr/lib/python3/dist-packages/oslo_config/cfg.py:2609
2026-02-12 00:39:39.063 161393 DEBUG oslo_messaging._drivers.amqpdriver [-] Listener is running poll /usr/lib/python3/dist-packages/oslo_messaging/_drivers/amqpdriver.py:343
2026-02-12 00:39:39.063 161090 DEBUG oslo_service.service [req-db0939a1-f214-4b82-a242-b3efcc54a5be - - - - -] glance.enable_certificate_validation = False log_opt_values /usr/lib/python3/dist-packages/oslo_config/cfg.py:2609
2026-02-12 00:39:39.063 161393 DEBUG oslo_messaging._drivers.amqpdriver [-] AMQPListener connection consume poll /usr/lib/python3/dist-packages/oslo_messaging/_drivers/amqpdriver.py:357
2026-02-12 00:39:39.064 161090 DEBUG oslo_service.service [req-db0939a1-f214-4b82-a242-b3efcc54a5be - - - - -] glance.enable_rbd_download = False log_opt_values /usr/lib/python3/dist-packages/oslo_config/cfg.py:2609
2026-02-12 00:39:39.064 161090 DEBUG oslo_service.service [req-db0939a1-f214-4b82-a242-b3efcc54a5be - - - - -] glance.endpoint_override = None log_opt_values /usr/lib/python3/dist-packages/oslo_config/cfg.py:2609
2026-02-12 00:39:39.064 161090 DEBUG oslo_service.service [req-db0939a1-f214-4b82-a242-b3efcc54a5be - - - - -] glance.insecure = False log_opt_values /usr/lib/python3/dist-packages/oslo_config/cfg.py:2609
2026-02-12 00:39:39.064 161393 DEBUG nova.service [req-0cb72a2a-236f-4efd-89b9-8487bbab3a78 - - - - -] Join ServiceGroup membership for this service conductor start /usr/lib/python3/dist-packages/nova/service.py:199
2026-02-12 00:39:39.064 161090 DEBUG oslo_service.service [req-db0939a1-f214-4b82-a242-b3efcc54a5be - - - - -] glance.keyfile = None log_opt_values /usr/lib/python3/dist-packages/oslo_config/cfg.py:2609
2026-02-12 00:39:39.064 161090 DEBUG oslo_service.service [req-db0939a1-f214-4b82-a242-b3efcc54a5be - - - - -] glance.max_version = None log_opt_values /usr/lib/python3/dist-packages/oslo_config/cfg.py:2609
2026-02-12 00:39:39.064 161393 DEBUG nova.servicegroup.drivers.db [req-0cb72a2a-236f-4efd-89b9-8487bbab3a78 - - - - -] DB_Driver: join new ServiceGroup member juju-baeef4-0-lxd-7 to the conductor group, service = join /usr/lib/python3/dist-packages/nova/servicegroup/drivers/db.py:44
2026-02-12 00:39:39.064 161090 DEBUG oslo_service.service [req-db0939a1-f214-4b82-a242-b3efcc54a5be - - - - -] glance.min_version = None log_opt_values /usr/lib/python3/dist-packages/oslo_config/cfg.py:2609
2026-02-12 00:39:39.064 161090 DEBUG oslo_service.service [req-db0939a1-f214-4b82-a242-b3efcc54a5be - - - - -] glance.num_retries = 3 log_opt_values /usr/lib/python3/dist-packages/oslo_config/cfg.py:2609
2026-02-12 00:39:39.065 161090 DEBUG oslo_service.service [req-db0939a1-f214-4b82-a242-b3efcc54a5be - - - - -] glance.rbd_ceph_conf = log_opt_values /usr/lib/python3/dist-packages/oslo_config/cfg.py:2609
2026-02-12 00:39:39.065 161090 DEBUG oslo_service.service [req-db0939a1-f214-4b82-a242-b3efcc54a5be - - - - -] glance.rbd_connect_timeout = 5 log_opt_values /usr/lib/python3/dist-packages/oslo_config/cfg.py:2609
2026-02-12 00:39:39.065 161090 DEBUG oslo_service.service [req-db0939a1-f214-4b82-a242-b3efcc54a5be - - - - -] glance.rbd_pool = log_opt_values /usr/lib/python3/dist-packages/oslo_config/cfg.py:2609
2026-02-12 00:39:39.065 161090 DEBUG oslo_service.service [req-db0939a1-f214-4b82-a242-b3efcc54a5be - - - - -] glance.rbd_user = log_opt_values /usr/lib/python3/dist-packages/oslo_config/cfg.py:2609
2026-02-12 00:39:39.065 161090 DEBUG oslo_service.service [req-db0939a1-f214-4b82-a242-b3efcc54a5be - - - - -] glance.region_name = None log_opt_values /usr/lib/python3/dist-packages/oslo_config/cfg.py:2609
2026-02-12 00:39:39.065 161090 DEBUG oslo_service.service [req-db0939a1-f214-4b82-a242-b3efcc54a5be - - - - -] glance.service_name = None log_opt_values /usr/lib/python3/dist-packages/oslo_config/cfg.py:2609
2026-02-12 00:39:39.065 161090 DEBUG oslo_service.service [req-db0939a1-f214-4b82-a242-b3efcc54a5be - - - - -] glance.service_type = image log_opt_values /usr/lib/python3/dist-packages/oslo_config/cfg.py:2609
2026-02-12 00:39:39.066 161090 DEBUG oslo_service.service [req-db0939a1-f214-4b82-a242-b3efcc54a5be - - - - -] glance.split_loggers = False log_opt_values /usr/lib/python3/dist-packages/oslo_config/cfg.py:2609
2026-02-12 00:39:39.066 161090 DEBUG oslo_service.service [req-db0939a1-f214-4b82-a242-b3efcc54a5be - - - - -] glance.status_code_retries = None log_opt_values /usr/lib/python3/dist-packages/oslo_config/cfg.py:2609
2026-02-12 00:39:39.066 161090 DEBUG oslo_service.service [req-db0939a1-f214-4b82-a242-b3efcc54a5be - - - - -] glance.status_code_retry_delay = None log_opt_values /usr/lib/python3/dist-packages/oslo_config/cfg.py:2609
2026-02-12 00:39:39.066 161090 DEBUG oslo_service.service [req-db0939a1-f214-4b82-a242-b3efcc54a5be - - - - -] glance.timeout = None log_opt_values /usr/lib/python3/dist-packages/oslo_config/cfg.py:2609
2026-02-12 00:39:39.066 161090 DEBUG oslo_service.service [req-db0939a1-f214-4b82-a242-b3efcc54a5be - - - - -] glance.valid_interfaces = ['internal', 'public'] log_opt_values /usr/lib/python3/dist-packages/oslo_config/cfg.py:2609
2026-02-12 00:39:39.066 161393 DEBUG oslo_messaging._drivers.amqpdriver [-] AMQPListener connection timeout poll /usr/lib/python3/dist-packages/oslo_messaging/_drivers/amqpdriver.py:360
2026-02-12 00:39:39.066 161090 DEBUG oslo_service.service [req-db0939a1-f214-4b82-a242-b3efcc54a5be - - - - -] glance.verify_glance_signatures = False log_opt_values /usr/lib/python3/dist-packages/oslo_config/cfg.py:2609
2026-02-12 00:39:39.067 161393 DEBUG oslo_messaging._drivers.amqpdriver [-] Listener is running poll /usr/lib/python3/dist-packages/oslo_messaging/_drivers/amqpdriver.py:343
2026-02-12 00:39:39.067 161090 DEBUG oslo_service.service [req-db0939a1-f214-4b82-a242-b3efcc54a5be - - - - -] glance.version = None log_opt_values /usr/lib/python3/dist-packages/oslo_config/cfg.py:2609
2026-02-12 00:39:39.067 161393 DEBUG oslo_messaging._drivers.amqpdriver [-] AMQPListener connection consume poll /usr/lib/python3/dist-packages/oslo_messaging/_drivers/amqpdriver.py:357
2026-02-12 00:39:39.067 161090 DEBUG oslo_service.service [req-db0939a1-f214-4b82-a242-b3efcc54a5be - - - - -] guestfs.debug = False log_opt_values /usr/lib/python3/dist-packages/oslo_config/cfg.py:2609
2026-02-12 00:39:39.067 161090 DEBUG oslo_service.service [req-db0939a1-f214-4b82-a242-b3efcc54a5be - - - - -] hyperv.config_drive_cdrom = False log_opt_values /usr/lib/python3/dist-packages/oslo_config/cfg.py:2609
2026-02-12 00:39:39.067 161090 DEBUG oslo_service.service [req-db0939a1-f214-4b82-a242-b3efcc54a5be - - - - -] hyperv.config_drive_inject_password = False log_opt_values /usr/lib/python3/dist-packages/oslo_config/cfg.py:2609
2026-02-12 00:39:39.067 161090 DEBUG oslo_service.service [req-db0939a1-f214-4b82-a242-b3efcc54a5be - - - - -] hyperv.dynamic_memory_ratio = 1.0 log_opt_values /usr/lib/python3/dist-packages/oslo_config/cfg.py:2609
2026-02-12 00:39:39.067 161090 DEBUG oslo_service.service [req-db0939a1-f214-4b82-a242-b3efcc54a5be - - - - -] hyperv.enable_instance_metrics_collection = False log_opt_values /usr/lib/python3/dist-packages/oslo_config/cfg.py:2609
2026-02-12 00:39:39.067 161090 DEBUG oslo_service.service [req-db0939a1-f214-4b82-a242-b3efcc54a5be - - - - -] hyperv.enable_remotefx = False log_opt_values /usr/lib/python3/dist-packages/oslo_config/cfg.py:2609
2026-02-12 00:39:39.068 161090 DEBUG oslo_service.service [req-db0939a1-f214-4b82-a242-b3efcc54a5be - - - - -] hyperv.instances_path_share = log_opt_values /usr/lib/python3/dist-packages/oslo_config/cfg.py:2609
2026-02-12 00:39:39.068 161090 DEBUG oslo_service.service [req-db0939a1-f214-4b82-a242-b3efcc54a5be - - - - -] hyperv.iscsi_initiator_list = [] log_opt_values /usr/lib/python3/dist-packages/oslo_config/cfg.py:2609
2026-02-12 00:39:39.068 161090 DEBUG oslo_service.service [req-db0939a1-f214-4b82-a242-b3efcc54a5be - - - - -] hyperv.limit_cpu_features = False log_opt_values /usr/lib/python3/dist-packages/oslo_config/cfg.py:2609
2026-02-12 00:39:39.068 161090 DEBUG oslo_service.service [req-db0939a1-f214-4b82-a242-b3efcc54a5be - - - - -] hyperv.mounted_disk_query_retry_count = 10 log_opt_values /usr/lib/python3/dist-packages/oslo_config/cfg.py:2609
2026-02-12 00:39:39.068 161090 DEBUG oslo_service.service [req-db0939a1-f214-4b82-a242-b3efcc54a5be - - - - -] hyperv.mounted_disk_query_retry_interval = 5 log_opt_values /usr/lib/python3/dist-packages/oslo_config/cfg.py:2609
2026-02-12 00:39:39.068 161090 DEBUG oslo_service.service [req-db0939a1-f214-4b82-a242-b3efcc54a5be - - - - -] hyperv.power_state_check_timeframe = 60 log_opt_values /usr/lib/python3/dist-packages/oslo_config/cfg.py:2609
2026-02-12 00:39:39.069 161090 DEBUG oslo_service.service [req-db0939a1-f214-4b82-a242-b3efcc54a5be - - - - -] hyperv.power_state_event_polling_interval = 2 log_opt_values /usr/lib/python3/dist-packages/oslo_config/cfg.py:2609
2026-02-12 00:39:39.069 161090 DEBUG oslo_service.service [req-db0939a1-f214-4b82-a242-b3efcc54a5be - - - - -] hyperv.qemu_img_cmd = qemu-img.exe log_opt_values /usr/lib/python3/dist-packages/oslo_config/cfg.py:2609
2026-02-12 00:39:39.069 161090 DEBUG oslo_service.service [req-db0939a1-f214-4b82-a242-b3efcc54a5be - - - - -] hyperv.use_multipath_io = False log_opt_values /usr/lib/python3/dist-packages/oslo_config/cfg.py:2609
2026-02-12 00:39:39.069 161090 DEBUG oslo_service.service [req-db0939a1-f214-4b82-a242-b3efcc54a5be - - - - -] hyperv.volume_attach_retry_count = 10 log_opt_values /usr/lib/python3/dist-packages/oslo_config/cfg.py:2609
2026-02-12 00:39:39.069 161090 DEBUG oslo_service.service [req-db0939a1-f214-4b82-a242-b3efcc54a5be - - - - -] hyperv.volume_attach_retry_interval = 5 log_opt_values /usr/lib/python3/dist-packages/oslo_config/cfg.py:2609
2026-02-12 00:39:39.069 161090 DEBUG oslo_service.service [req-db0939a1-f214-4b82-a242-b3efcc54a5be - - - - -] hyperv.vswitch_name = None log_opt_values /usr/lib/python3/dist-packages/oslo_config/cfg.py:2609
2026-02-12 00:39:39.070 161090 DEBUG oslo_service.service [req-db0939a1-f214-4b82-a242-b3efcc54a5be - - - - -] hyperv.wait_soft_reboot_seconds = 60 log_opt_values /usr/lib/python3/dist-packages/oslo_config/cfg.py:2609
2026-02-12 00:39:39.070 161090 DEBUG oslo_service.service [req-db0939a1-f214-4b82-a242-b3efcc54a5be - - - - -] mks.enabled = False log_opt_values /usr/lib/python3/dist-packages/oslo_config/cfg.py:2609
2026-02-12 00:39:39.070 161090 DEBUG oslo_service.service [req-db0939a1-f214-4b82-a242-b3efcc54a5be - - - - -] mks.mksproxy_base_url = http://127.0.0.1:6090/ log_opt_values /usr/lib/python3/dist-packages/oslo_config/cfg.py:2609
2026-02-12 00:39:39.071 161090 DEBUG oslo_service.service [req-db0939a1-f214-4b82-a242-b3efcc54a5be - - - - -] image_cache.manager_interval = 2400 log_opt_values /usr/lib/python3/dist-packages/oslo_config/cfg.py:2609
2026-02-12 00:39:39.071 161090 DEBUG oslo_service.service [req-db0939a1-f214-4b82-a242-b3efcc54a5be - - - - -] image_cache.precache_concurrency = 1 log_opt_values /usr/lib/python3/dist-packages/oslo_config/cfg.py:2609
2026-02-12 00:39:39.071 161090 DEBUG oslo_service.service [req-db0939a1-f214-4b82-a242-b3efcc54a5be - - - - -] image_cache.remove_unused_base_images = True log_opt_values /usr/lib/python3/dist-packages/oslo_config/cfg.py:2609
2026-02-12 00:39:39.071 161090 DEBUG oslo_service.service [req-db0939a1-f214-4b82-a242-b3efcc54a5be - - - - -] image_cache.remove_unused_original_minimum_age_seconds = 86400 log_opt_values /usr/lib/python3/dist-packages/oslo_config/cfg.py:2609
2026-02-12 00:39:39.071 161090 DEBUG oslo_service.service [req-db0939a1-f214-4b82-a242-b3efcc54a5be - - - - -] image_cache.remove_unused_resized_minimum_age_seconds = 3600 log_opt_values /usr/lib/python3/dist-packages/oslo_config/cfg.py:2609
2026-02-12 00:39:39.071 161090 DEBUG oslo_service.service [req-db0939a1-f214-4b82-a242-b3efcc54a5be - - - - -] image_cache.subdirectory_name = _base log_opt_values /usr/lib/python3/dist-packages/oslo_config/cfg.py:2609
2026-02-12 00:39:39.072 161090 DEBUG oslo_service.service [req-db0939a1-f214-4b82-a242-b3efcc54a5be - - - - -] ironic.api_max_retries = 60 log_opt_values /usr/lib/python3/dist-packages/oslo_config/cfg.py:2609
2026-02-12 00:39:39.072 161090 DEBUG oslo_service.service [req-db0939a1-f214-4b82-a242-b3efcc54a5be - - - - -] ironic.api_retry_interval = 2 log_opt_values /usr/lib/python3/dist-packages/oslo_config/cfg.py:2609
2026-02-12 00:39:39.072 161090 DEBUG oslo_service.service [req-db0939a1-f214-4b82-a242-b3efcc54a5be - - - - -] ironic.auth_section = None log_opt_values /usr/lib/python3/dist-packages/oslo_config/cfg.py:2609
2026-02-12 00:39:39.072 161090 DEBUG oslo_service.service [req-db0939a1-f214-4b82-a242-b3efcc54a5be - - - - -] ironic.auth_type = None log_opt_values /usr/lib/python3/dist-packages/oslo_config/cfg.py:2609
2026-02-12 00:39:39.072 161090 DEBUG oslo_service.service [req-db0939a1-f214-4b82-a242-b3efcc54a5be - - - - -] ironic.cafile = None log_opt_values /usr/lib/python3/dist-packages/oslo_config/cfg.py:2609
2026-02-12 00:39:39.072 161090 DEBUG oslo_service.service [req-db0939a1-f214-4b82-a242-b3efcc54a5be - - - - -] ironic.certfile = None log_opt_values /usr/lib/python3/dist-packages/oslo_config/cfg.py:2609
2026-02-12 00:39:39.073 161090 DEBUG oslo_service.service [req-db0939a1-f214-4b82-a242-b3efcc54a5be - - - - -] ironic.collect_timing = False log_opt_values /usr/lib/python3/dist-packages/oslo_config/cfg.py:2609
2026-02-12 00:39:39.073 161090 DEBUG oslo_service.service [req-db0939a1-f214-4b82-a242-b3efcc54a5be - - - - -] ironic.connect_retries = None log_opt_values /usr/lib/python3/dist-packages/oslo_config/cfg.py:2609
2026-02-12 00:39:39.073 161395 DEBUG nova.service [req-4530e530-f571-4458-a811-c44b57d20bf8 - - - - -] Creating RPC server for service conductor start /usr/lib/python3/dist-packages/nova/service.py:182
2026-02-12 00:39:39.073 161090 DEBUG oslo_service.service [req-db0939a1-f214-4b82-a242-b3efcc54a5be - - - - -] ironic.connect_retry_delay = None log_opt_values /usr/lib/python3/dist-packages/oslo_config/cfg.py:2609
2026-02-12 00:39:39.073 161090 DEBUG oslo_service.service [req-db0939a1-f214-4b82-a242-b3efcc54a5be - - - - -] ironic.endpoint_override = None log_opt_values /usr/lib/python3/dist-packages/oslo_config/cfg.py:2609
2026-02-12 00:39:39.073 161090 DEBUG oslo_service.service [req-db0939a1-f214-4b82-a242-b3efcc54a5be - - - - -] ironic.insecure = False log_opt_values /usr/lib/python3/dist-packages/oslo_config/cfg.py:2609
2026-02-12 00:39:39.073 161090 DEBUG oslo_service.service [req-db0939a1-f214-4b82-a242-b3efcc54a5be - - - - -] ironic.keyfile = None log_opt_values /usr/lib/python3/dist-packages/oslo_config/cfg.py:2609
2026-02-12 00:39:39.073 161090 DEBUG oslo_service.service [req-db0939a1-f214-4b82-a242-b3efcc54a5be - - - - -] ironic.max_version = None log_opt_values /usr/lib/python3/dist-packages/oslo_config/cfg.py:2609
2026-02-12 00:39:39.074 161090 DEBUG oslo_service.service [req-db0939a1-f214-4b82-a242-b3efcc54a5be - - - - -] ironic.min_version = None log_opt_values /usr/lib/python3/dist-packages/oslo_config/cfg.py:2609
2026-02-12 00:39:39.074 161090 DEBUG oslo_service.service [req-db0939a1-f214-4b82-a242-b3efcc54a5be - - - - -] ironic.partition_key = None log_opt_values /usr/lib/python3/dist-packages/oslo_config/cfg.py:2609
2026-02-12 00:39:39.074 161090 DEBUG oslo_service.service [req-db0939a1-f214-4b82-a242-b3efcc54a5be - - - - -] ironic.peer_list = [] log_opt_values /usr/lib/python3/dist-packages/oslo_config/cfg.py:2609
2026-02-12 00:39:39.074 161090 DEBUG oslo_service.service [req-db0939a1-f214-4b82-a242-b3efcc54a5be - - - - -] ironic.region_name = None log_opt_values /usr/lib/python3/dist-packages/oslo_config/cfg.py:2609
2026-02-12 00:39:39.074 161090 DEBUG oslo_service.service [req-db0939a1-f214-4b82-a242-b3efcc54a5be - - - - -] ironic.serial_console_state_timeout = 10 log_opt_values /usr/lib/python3/dist-packages/oslo_config/cfg.py:2609
2026-02-12 00:39:39.074 161090 DEBUG oslo_service.service [req-db0939a1-f214-4b82-a242-b3efcc54a5be - - - - -] ironic.service_name = None log_opt_values /usr/lib/python3/dist-packages/oslo_config/cfg.py:2609
2026-02-12 00:39:39.074 161090 DEBUG oslo_service.service [req-db0939a1-f214-4b82-a242-b3efcc54a5be - - - - -] ironic.service_type = baremetal log_opt_values /usr/lib/python3/dist-packages/oslo_config/cfg.py:2609
2026-02-12 00:39:39.075 161090 DEBUG oslo_service.service [req-db0939a1-f214-4b82-a242-b3efcc54a5be - - - - -] ironic.split_loggers = False log_opt_values /usr/lib/python3/dist-packages/oslo_config/cfg.py:2609
2026-02-12 00:39:39.075 161090 DEBUG oslo_service.service [req-db0939a1-f214-4b82-a242-b3efcc54a5be - - - - -] ironic.status_code_retries = None log_opt_values /usr/lib/python3/dist-packages/oslo_config/cfg.py:2609
2026-02-12 00:39:39.075 161090 DEBUG oslo_service.service [req-db0939a1-f214-4b82-a242-b3efcc54a5be - - - - -] ironic.status_code_retry_delay = None log_opt_values /usr/lib/python3/dist-packages/oslo_config/cfg.py:2609
2026-02-12 00:39:39.075 161090 DEBUG oslo_service.service [req-db0939a1-f214-4b82-a242-b3efcc54a5be - - - - -] ironic.timeout = None log_opt_values /usr/lib/python3/dist-packages/oslo_config/cfg.py:2609
2026-02-12 00:39:39.075 161090 DEBUG oslo_service.service [req-db0939a1-f214-4b82-a242-b3efcc54a5be - - - - -] ironic.valid_interfaces = ['internal', 'public'] log_opt_values /usr/lib/python3/dist-packages/oslo_config/cfg.py:2609
2026-02-12 00:39:39.075 161090 DEBUG oslo_service.service [req-db0939a1-f214-4b82-a242-b3efcc54a5be - - - - -] ironic.version = None log_opt_values /usr/lib/python3/dist-packages/oslo_config/cfg.py:2609
2026-02-12 00:39:39.076 161090 DEBUG oslo_service.service [req-db0939a1-f214-4b82-a242-b3efcc54a5be - - - - -] key_manager.backend = barbican log_opt_values /usr/lib/python3/dist-packages/oslo_config/cfg.py:2609
2026-02-12 00:39:39.076 161090 DEBUG oslo_service.service [req-db0939a1-f214-4b82-a242-b3efcc54a5be - - - - -] key_manager.fixed_key = **** log_opt_values /usr/lib/python3/dist-packages/oslo_config/cfg.py:2609
2026-02-12 00:39:39.076 161090 DEBUG oslo_service.service [req-db0939a1-f214-4b82-a242-b3efcc54a5be - - - - -] barbican.auth_endpoint = http://localhost/identity/v3 log_opt_values /usr/lib/python3/dist-packages/oslo_config/cfg.py:2609
2026-02-12 00:39:39.076 161090 DEBUG oslo_service.service [req-db0939a1-f214-4b82-a242-b3efcc54a5be - - - - -] barbican.barbican_api_version = None log_opt_values /usr/lib/python3/dist-packages/oslo_config/cfg.py:2609
2026-02-12 00:39:39.076 161090 DEBUG oslo_service.service [req-db0939a1-f214-4b82-a242-b3efcc54a5be - - - - -] barbican.barbican_endpoint = None log_opt_values /usr/lib/python3/dist-packages/oslo_config/cfg.py:2609
2026-02-12 00:39:39.076 161090 DEBUG oslo_service.service [req-db0939a1-f214-4b82-a242-b3efcc54a5be - - - - -] barbican.barbican_endpoint_type = public log_opt_values /usr/lib/python3/dist-packages/oslo_config/cfg.py:2609
2026-02-12 00:39:39.077 161090 DEBUG oslo_service.service [req-db0939a1-f214-4b82-a242-b3efcc54a5be - - - - -] barbican.barbican_region_name = None log_opt_values /usr/lib/python3/dist-packages/oslo_config/cfg.py:2609
2026-02-12 00:39:39.077 161090 DEBUG oslo_service.service [req-db0939a1-f214-4b82-a242-b3efcc54a5be - - - - -] barbican.cafile = None log_opt_values /usr/lib/python3/dist-packages/oslo_config/cfg.py:2609
2026-02-12 00:39:39.077 161090 DEBUG oslo_service.service [req-db0939a1-f214-4b82-a242-b3efcc54a5be - - - - -] barbican.certfile = None log_opt_values /usr/lib/python3/dist-packages/oslo_config/cfg.py:2609
2026-02-12 00:39:39.077 161090 DEBUG oslo_service.service [req-db0939a1-f214-4b82-a242-b3efcc54a5be - - - - -] barbican.collect_timing = False log_opt_values /usr/lib/python3/dist-packages/oslo_config/cfg.py:2609
2026-02-12 00:39:39.077 161090 DEBUG oslo_service.service [req-db0939a1-f214-4b82-a242-b3efcc54a5be - - - - -] barbican.insecure = False log_opt_values /usr/lib/python3/dist-packages/oslo_config/cfg.py:2609
2026-02-12 00:39:39.077 161090 DEBUG oslo_service.service [req-db0939a1-f214-4b82-a242-b3efcc54a5be - - - - -] barbican.keyfile = None log_opt_values /usr/lib/python3/dist-packages/oslo_config/cfg.py:2609
2026-02-12 00:39:39.078 161090 DEBUG oslo_service.service [req-db0939a1-f214-4b82-a242-b3efcc54a5be - - - - -] barbican.number_of_retries = 60 log_opt_values /usr/lib/python3/dist-packages/oslo_config/cfg.py:2609
2026-02-12 00:39:39.078 161090 DEBUG oslo_service.service [req-db0939a1-f214-4b82-a242-b3efcc54a5be - - - - -] barbican.retry_delay = 1 log_opt_values /usr/lib/python3/dist-packages/oslo_config/cfg.py:2609
2026-02-12 00:39:39.078 161090 DEBUG oslo_service.service [req-db0939a1-f214-4b82-a242-b3efcc54a5be - - - - -] barbican.send_service_user_token = False log_opt_values /usr/lib/python3/dist-packages/oslo_config/cfg.py:2609
2026-02-12 00:39:39.078 161090 DEBUG oslo_service.service [req-db0939a1-f214-4b82-a242-b3efcc54a5be - - - - -] barbican.split_loggers = False log_opt_values /usr/lib/python3/dist-packages/oslo_config/cfg.py:2609
2026-02-12 00:39:39.078 161090 DEBUG oslo_service.service [req-db0939a1-f214-4b82-a242-b3efcc54a5be - - - - -] barbican.timeout = None log_opt_values /usr/lib/python3/dist-packages/oslo_config/cfg.py:2609
2026-02-12 00:39:39.078 161090 DEBUG oslo_service.service [req-db0939a1-f214-4b82-a242-b3efcc54a5be - - - - -] barbican.verify_ssl = True log_opt_values /usr/lib/python3/dist-packages/oslo_config/cfg.py:2609
2026-02-12 00:39:39.078 161090 DEBUG oslo_service.service [req-db0939a1-f214-4b82-a242-b3efcc54a5be - - - - -] barbican.verify_ssl_path = None log_opt_values /usr/lib/python3/dist-packages/oslo_config/cfg.py:2609
2026-02-12 00:39:39.079 161090 DEBUG oslo_service.service [req-db0939a1-f214-4b82-a242-b3efcc54a5be - - - - -] barbican_service_user.auth_section = None log_opt_values /usr/lib/python3/dist-packages/oslo_config/cfg.py:2609
2026-02-12 00:39:39.079 161090 DEBUG oslo_service.service [req-db0939a1-f214-4b82-a242-b3efcc54a5be - - - - -] barbican_service_user.auth_type = None log_opt_values /usr/lib/python3/dist-packages/oslo_config/cfg.py:2609
2026-02-12 00:39:39.079 161090 DEBUG oslo_service.service [req-db0939a1-f214-4b82-a242-b3efcc54a5be - - - - -] barbican_service_user.cafile = None log_opt_values /usr/lib/python3/dist-packages/oslo_config/cfg.py:2609
2026-02-12 00:39:39.079 161090 DEBUG oslo_service.service [req-db0939a1-f214-4b82-a242-b3efcc54a5be - - - - -] barbican_service_user.certfile = None log_opt_values /usr/lib/python3/dist-packages/oslo_config/cfg.py:2609
2026-02-12 00:39:39.079 161090 DEBUG oslo_service.service [req-db0939a1-f214-4b82-a242-b3efcc54a5be - - - - -] barbican_service_user.collect_timing = False log_opt_values /usr/lib/python3/dist-packages/oslo_config/cfg.py:2609
2026-02-12 00:39:39.079 161090 DEBUG oslo_service.service [req-db0939a1-f214-4b82-a242-b3efcc54a5be - - - - -] barbican_service_user.insecure = False log_opt_values /usr/lib/python3/dist-packages/oslo_config/cfg.py:2609
2026-02-12 00:39:39.080 161090 DEBUG oslo_service.service [req-db0939a1-f214-4b82-a242-b3efcc54a5be - - - - -] barbican_service_user.keyfile = None log_opt_values /usr/lib/python3/dist-packages/oslo_config/cfg.py:2609
2026-02-12 00:39:39.080 161090 DEBUG oslo_service.service [req-db0939a1-f214-4b82-a242-b3efcc54a5be - - - - -] barbican_service_user.split_loggers = False log_opt_values /usr/lib/python3/dist-packages/oslo_config/cfg.py:2609
2026-02-12 00:39:39.080 161090 DEBUG oslo_service.service [req-db0939a1-f214-4b82-a242-b3efcc54a5be - - - - -] barbican_service_user.timeout = None log_opt_values /usr/lib/python3/dist-packages/oslo_config/cfg.py:2609
2026-02-12 00:39:39.080 161090 DEBUG oslo_service.service [req-db0939a1-f214-4b82-a242-b3efcc54a5be - - - - -] vault.approle_role_id = None log_opt_values /usr/lib/python3/dist-packages/oslo_config/cfg.py:2609
2026-02-12 00:39:39.080 161090 DEBUG oslo_service.service [req-db0939a1-f214-4b82-a242-b3efcc54a5be - - - - -] vault.approle_secret_id = None log_opt_values /usr/lib/python3/dist-packages/oslo_config/cfg.py:2609
2026-02-12 00:39:39.080 161090 DEBUG oslo_service.service [req-db0939a1-f214-4b82-a242-b3efcc54a5be - - - - -] vault.cafile = None log_opt_values /usr/lib/python3/dist-packages/oslo_config/cfg.py:2609
2026-02-12 00:39:39.081 161090 DEBUG oslo_service.service [req-db0939a1-f214-4b82-a242-b3efcc54a5be - - - - -] vault.certfile = None log_opt_values /usr/lib/python3/dist-packages/oslo_config/cfg.py:2609
2026-02-12 00:39:39.081 161090 DEBUG oslo_service.service [req-db0939a1-f214-4b82-a242-b3efcc54a5be - - - - -] vault.collect_timing = False log_opt_values /usr/lib/python3/dist-packages/oslo_config/cfg.py:2609
2026-02-12 00:39:39.081 161090 DEBUG oslo_service.service [req-db0939a1-f214-4b82-a242-b3efcc54a5be - - - - -] vault.insecure = False log_opt_values /usr/lib/python3/dist-packages/oslo_config/cfg.py:2609
2026-02-12 00:39:39.081 161090 DEBUG oslo_service.service [req-db0939a1-f214-4b82-a242-b3efcc54a5be - - - - -] vault.keyfile = None log_opt_values /usr/lib/python3/dist-packages/oslo_config/cfg.py:2609
2026-02-12 00:39:39.081 161090 DEBUG oslo_service.service [req-db0939a1-f214-4b82-a242-b3efcc54a5be - - - - -] vault.kv_mountpoint = secret log_opt_values /usr/lib/python3/dist-packages/oslo_config/cfg.py:2609
2026-02-12 00:39:39.081 161090 DEBUG oslo_service.service [req-db0939a1-f214-4b82-a242-b3efcc54a5be - - - - -] vault.kv_version = 2 log_opt_values /usr/lib/python3/dist-packages/oslo_config/cfg.py:2609
2026-02-12 00:39:39.081 161090 DEBUG oslo_service.service [req-db0939a1-f214-4b82-a242-b3efcc54a5be - - - - -] vault.namespace = None log_opt_values /usr/lib/python3/dist-packages/oslo_config/cfg.py:2609
2026-02-12 00:39:39.082 161090 DEBUG oslo_service.service [req-db0939a1-f214-4b82-a242-b3efcc54a5be - - - - -] vault.root_token_id = None log_opt_values /usr/lib/python3/dist-packages/oslo_config/cfg.py:2609
2026-02-12 00:39:39.082 161090 DEBUG oslo_service.service [req-db0939a1-f214-4b82-a242-b3efcc54a5be - - - - -] vault.split_loggers = False log_opt_values /usr/lib/python3/dist-packages/oslo_config/cfg.py:2609
2026-02-12 00:39:39.082 161090 DEBUG oslo_service.service [req-db0939a1-f214-4b82-a242-b3efcc54a5be - - - - -] vault.ssl_ca_crt_file = None log_opt_values /usr/lib/python3/dist-packages/oslo_config/cfg.py:2609
2026-02-12 00:39:39.082 161090 DEBUG oslo_service.service [req-db0939a1-f214-4b82-a242-b3efcc54a5be - - - - -] vault.timeout = None log_opt_values /usr/lib/python3/dist-packages/oslo_config/cfg.py:2609
2026-02-12 00:39:39.082 161090 DEBUG oslo_service.service [req-db0939a1-f214-4b82-a242-b3efcc54a5be - - - - -] vault.use_ssl = False log_opt_values /usr/lib/python3/dist-packages/oslo_config/cfg.py:2609
2026-02-12 00:39:39.082 161090 DEBUG oslo_service.service [req-db0939a1-f214-4b82-a242-b3efcc54a5be - - - - -] vault.vault_url = http://127.0.0.1:8200 log_opt_values /usr/lib/python3/dist-packages/oslo_config/cfg.py:2609
2026-02-12 00:39:39.083 161090 DEBUG oslo_service.service [req-db0939a1-f214-4b82-a242-b3efcc54a5be - - - - -] keystone.cafile = None log_opt_values /usr/lib/python3/dist-packages/oslo_config/cfg.py:2609
2026-02-12 00:39:39.083 161090 DEBUG oslo_service.service [req-db0939a1-f214-4b82-a242-b3efcc54a5be - - - - -] keystone.certfile = None log_opt_values /usr/lib/python3/dist-packages/oslo_config/cfg.py:2609
2026-02-12 00:39:39.083 161090 DEBUG oslo_service.service [req-db0939a1-f214-4b82-a242-b3efcc54a5be - - - - -] keystone.collect_timing = False log_opt_values /usr/lib/python3/dist-packages/oslo_config/cfg.py:2609
2026-02-12 00:39:39.083 161090 DEBUG oslo_service.service [req-db0939a1-f214-4b82-a242-b3efcc54a5be - - - - -] keystone.connect_retries = None log_opt_values /usr/lib/python3/dist-packages/oslo_config/cfg.py:2609
2026-02-12 00:39:39.083 161090 DEBUG oslo_service.service [req-db0939a1-f214-4b82-a242-b3efcc54a5be - - - - -] keystone.connect_retry_delay = None log_opt_values /usr/lib/python3/dist-packages/oslo_config/cfg.py:2609
2026-02-12 00:39:39.083 161090 DEBUG oslo_service.service [req-db0939a1-f214-4b82-a242-b3efcc54a5be - - - - -] keystone.endpoint_override = None log_opt_values /usr/lib/python3/dist-packages/oslo_config/cfg.py:2609
2026-02-12 00:39:39.083 161090 DEBUG oslo_service.service [req-db0939a1-f214-4b82-a242-b3efcc54a5be - - - - -] keystone.insecure = False log_opt_values /usr/lib/python3/dist-packages/oslo_config/cfg.py:2609
2026-02-12 00:39:39.084 161090 DEBUG oslo_service.service [req-db0939a1-f214-4b82-a242-b3efcc54a5be - - - - -] keystone.keyfile = None log_opt_values /usr/lib/python3/dist-packages/oslo_config/cfg.py:2609
2026-02-12 00:39:39.084 161090 DEBUG oslo_service.service [req-db0939a1-f214-4b82-a242-b3efcc54a5be - - - - -] keystone.max_version = None log_opt_values /usr/lib/python3/dist-packages/oslo_config/cfg.py:2609
2026-02-12 00:39:39.084 161090 DEBUG oslo_service.service [req-db0939a1-f214-4b82-a242-b3efcc54a5be - - - - -] keystone.min_version = None log_opt_values /usr/lib/python3/dist-packages/oslo_config/cfg.py:2609
2026-02-12 00:39:39.084 161090 DEBUG oslo_service.service [req-db0939a1-f214-4b82-a242-b3efcc54a5be - - - - -] keystone.region_name = None log_opt_values /usr/lib/python3/dist-packages/oslo_config/cfg.py:2609
2026-02-12 00:39:39.084 161090 DEBUG oslo_service.service [req-db0939a1-f214-4b82-a242-b3efcc54a5be - - - - -] keystone.service_name = None log_opt_values /usr/lib/python3/dist-packages/oslo_config/cfg.py:2609
2026-02-12 00:39:39.084 161090 DEBUG oslo_service.service [req-db0939a1-f214-4b82-a242-b3efcc54a5be - - - - -] keystone.service_type = identity log_opt_values /usr/lib/python3/dist-packages/oslo_config/cfg.py:2609
2026-02-12 00:39:39.085 161090 DEBUG oslo_service.service [req-db0939a1-f214-4b82-a242-b3efcc54a5be - - - - -] keystone.split_loggers = False log_opt_values /usr/lib/python3/dist-packages/oslo_config/cfg.py:2609
2026-02-12 00:39:39.085 161090 DEBUG oslo_service.service [req-db0939a1-f214-4b82-a242-b3efcc54a5be - - - - -] keystone.status_code_retries = None log_opt_values /usr/lib/python3/dist-packages/oslo_config/cfg.py:2609
