2026-02-12 01:43:36.931 66622 DEBUG oslo_service.service [-] clients_monasca.cert_file = None log_opt_values /usr/lib/python3/dist-packages/oslo_config/cfg.py:2609
2026-02-12 01:43:36.931 66622 DEBUG oslo_service.service [-] clients_monasca.endpoint_type = None log_opt_values /usr/lib/python3/dist-packages/oslo_config/cfg.py:2609
2026-02-12 01:43:36.931 66622 DEBUG oslo_service.service [-] clients_monasca.insecure = None log_opt_values /usr/lib/python3/dist-packages/oslo_config/cfg.py:2609
2026-02-12 01:43:36.931 66622 DEBUG oslo_service.service [-] clients_monasca.key_file = None log_opt_values /usr/lib/python3/dist-packages/oslo_config/cfg.py:2609
2026-02-12 01:43:36.931 66622 DEBUG oslo_service.service [-] clients_neutron.ca_file = None log_opt_values /usr/lib/python3/dist-packages/oslo_config/cfg.py:2609
2026-02-12 01:43:36.932 66622 DEBUG oslo_service.service [-] clients_neutron.cert_file = None log_opt_values /usr/lib/python3/dist-packages/oslo_config/cfg.py:2609
2026-02-12 01:43:36.932 66622 DEBUG oslo_service.service [-] clients_neutron.endpoint_type = None log_opt_values /usr/lib/python3/dist-packages/oslo_config/cfg.py:2609
2026-02-12 01:43:36.932 66622 DEBUG oslo_service.service [-] clients_neutron.insecure = None log_opt_values /usr/lib/python3/dist-packages/oslo_config/cfg.py:2609
2026-02-12 01:43:36.932 66622 DEBUG oslo_service.service [-] clients_neutron.key_file = None log_opt_values /usr/lib/python3/dist-packages/oslo_config/cfg.py:2609
2026-02-12 01:43:36.932 66622 DEBUG oslo_service.service [-] clients_nova.ca_file = None log_opt_values /usr/lib/python3/dist-packages/oslo_config/cfg.py:2609
2026-02-12 01:43:36.932 66622 DEBUG oslo_service.service [-] clients_nova.cert_file = None log_opt_values /usr/lib/python3/dist-packages/oslo_config/cfg.py:2609
2026-02-12 01:43:36.932 66622 DEBUG oslo_service.service [-] clients_nova.endpoint_type = None log_opt_values /usr/lib/python3/dist-packages/oslo_config/cfg.py:2609
2026-02-12 01:43:36.932 66622 DEBUG oslo_service.service [-] clients_nova.http_log_debug = False log_opt_values /usr/lib/python3/dist-packages/oslo_config/cfg.py:2609
2026-02-12 01:43:36.932 66622 DEBUG oslo_service.service [-] clients_nova.insecure = None log_opt_values /usr/lib/python3/dist-packages/oslo_config/cfg.py:2609
2026-02-12 01:43:36.932 66622 DEBUG oslo_service.service [-] clients_nova.key_file = None log_opt_values /usr/lib/python3/dist-packages/oslo_config/cfg.py:2609
2026-02-12 01:43:36.933 66622 DEBUG oslo_service.service [-] clients_octavia.ca_file = None log_opt_values /usr/lib/python3/dist-packages/oslo_config/cfg.py:2609
2026-02-12 01:43:36.933 66622 DEBUG oslo_service.service [-] clients_octavia.cert_file = None log_opt_values /usr/lib/python3/dist-packages/oslo_config/cfg.py:2609
2026-02-12 01:43:36.933 66622 DEBUG oslo_service.service [-] clients_octavia.endpoint_type = None log_opt_values /usr/lib/python3/dist-packages/oslo_config/cfg.py:2609
2026-02-12 01:43:36.933 66622 DEBUG oslo_service.service [-] clients_octavia.insecure = None log_opt_values /usr/lib/python3/dist-packages/oslo_config/cfg.py:2609
2026-02-12 01:43:36.933 66622 DEBUG oslo_service.service [-] clients_octavia.key_file = None log_opt_values /usr/lib/python3/dist-packages/oslo_config/cfg.py:2609
2026-02-12 01:43:36.933 66622 DEBUG oslo_service.service [-] clients_sahara.ca_file = None log_opt_values /usr/lib/python3/dist-packages/oslo_config/cfg.py:2609
2026-02-12 01:43:36.933 66622 DEBUG oslo_service.service [-] clients_sahara.cert_file = None log_opt_values /usr/lib/python3/dist-packages/oslo_config/cfg.py:2609
2026-02-12 01:43:36.933 66622 DEBUG oslo_service.service [-] clients_sahara.endpoint_type = None log_opt_values /usr/lib/python3/dist-packages/oslo_config/cfg.py:2609
2026-02-12 01:43:36.933 66622 DEBUG oslo_service.service [-] clients_sahara.insecure = None log_opt_values /usr/lib/python3/dist-packages/oslo_config/cfg.py:2609
2026-02-12 01:43:36.933 66622 DEBUG oslo_service.service [-] clients_sahara.key_file = None log_opt_values /usr/lib/python3/dist-packages/oslo_config/cfg.py:2609
2026-02-12 01:43:36.934 66622 DEBUG oslo_service.service [-] clients_senlin.ca_file = None log_opt_values /usr/lib/python3/dist-packages/oslo_config/cfg.py:2609
2026-02-12 01:43:36.934 66622 DEBUG oslo_service.service [-] clients_senlin.cert_file = None log_opt_values /usr/lib/python3/dist-packages/oslo_config/cfg.py:2609
2026-02-12 01:43:36.934 66622 DEBUG oslo_service.service [-] clients_senlin.endpoint_type = None log_opt_values /usr/lib/python3/dist-packages/oslo_config/cfg.py:2609
2026-02-12 01:43:36.934 66622 DEBUG oslo_service.service [-] clients_senlin.insecure = None log_opt_values /usr/lib/python3/dist-packages/oslo_config/cfg.py:2609
2026-02-12 01:43:36.934 66622 DEBUG oslo_service.service [-] clients_senlin.key_file = None log_opt_values /usr/lib/python3/dist-packages/oslo_config/cfg.py:2609
2026-02-12 01:43:36.934 66622 DEBUG oslo_service.service [-] clients_swift.ca_file = None log_opt_values /usr/lib/python3/dist-packages/oslo_config/cfg.py:2609
2026-02-12 01:43:36.935 66622 DEBUG oslo_service.service [-] clients_swift.cert_file = None log_opt_values /usr/lib/python3/dist-packages/oslo_config/cfg.py:2609
2026-02-12 01:43:36.935 66622 DEBUG oslo_service.service [-] clients_swift.endpoint_type = None log_opt_values /usr/lib/python3/dist-packages/oslo_config/cfg.py:2609
2026-02-12 01:43:36.935 66622 DEBUG oslo_service.service [-] clients_swift.insecure = None log_opt_values /usr/lib/python3/dist-packages/oslo_config/cfg.py:2609
2026-02-12 01:43:36.935 66622 DEBUG oslo_service.service [-] clients_swift.key_file = None log_opt_values /usr/lib/python3/dist-packages/oslo_config/cfg.py:2609
2026-02-12 01:43:36.935 66622 DEBUG oslo_service.service [-] clients_trove.ca_file = None log_opt_values /usr/lib/python3/dist-packages/oslo_config/cfg.py:2609
2026-02-12 01:43:36.935 66622 DEBUG oslo_service.service [-] clients_trove.cert_file = None log_opt_values /usr/lib/python3/dist-packages/oslo_config/cfg.py:2609
2026-02-12 01:43:36.936 66622 DEBUG oslo_service.service [-] clients_trove.endpoint_type = None log_opt_values /usr/lib/python3/dist-packages/oslo_config/cfg.py:2609
2026-02-12 01:43:36.936 66622 DEBUG oslo_service.service [-] clients_trove.insecure = None log_opt_values /usr/lib/python3/dist-packages/oslo_config/cfg.py:2609
2026-02-12 01:43:36.936 66622 DEBUG oslo_service.service [-] clients_trove.key_file = None log_opt_values /usr/lib/python3/dist-packages/oslo_config/cfg.py:2609
2026-02-12 01:43:36.936 66622 DEBUG oslo_service.service [-] clients_vitrage.ca_file = None log_opt_values /usr/lib/python3/dist-packages/oslo_config/cfg.py:2609
2026-02-12 01:43:36.936 66622 DEBUG oslo_service.service [-] clients_vitrage.cert_file = None log_opt_values /usr/lib/python3/dist-packages/oslo_config/cfg.py:2609
2026-02-12 01:43:36.937 66622 DEBUG oslo_service.service [-] clients_vitrage.endpoint_type = None log_opt_values /usr/lib/python3/dist-packages/oslo_config/cfg.py:2609
2026-02-12 01:43:36.937 66622 DEBUG oslo_service.service [-] clients_vitrage.insecure = None log_opt_values /usr/lib/python3/dist-packages/oslo_config/cfg.py:2609
2026-02-12 01:43:36.937 66622 DEBUG oslo_service.service [-] clients_vitrage.key_file = None log_opt_values /usr/lib/python3/dist-packages/oslo_config/cfg.py:2609
2026-02-12 01:43:36.937 66622 DEBUG oslo_service.service [-] clients_zaqar.ca_file = None log_opt_values /usr/lib/python3/dist-packages/oslo_config/cfg.py:2609
2026-02-12 01:43:36.937 66622 DEBUG oslo_service.service [-] clients_zaqar.cert_file = None log_opt_values /usr/lib/python3/dist-packages/oslo_config/cfg.py:2609
2026-02-12 01:43:36.937 66852 INFO heat.engine.worker [-] Starting engine_worker (1.4) in engine 2c394cf4-de12-4f72-aad4-1bb9680b2476.
2026-02-12 01:43:36.937 66622 DEBUG oslo_service.service [-] clients_zaqar.endpoint_type = None log_opt_values /usr/lib/python3/dist-packages/oslo_config/cfg.py:2609
2026-02-12 01:43:36.937 66622 DEBUG oslo_service.service [-] clients_zaqar.insecure = None log_opt_values /usr/lib/python3/dist-packages/oslo_config/cfg.py:2609
2026-02-12 01:43:36.937 66622 DEBUG oslo_service.service [-] clients_zaqar.key_file = None log_opt_values /usr/lib/python3/dist-packages/oslo_config/cfg.py:2609
2026-02-12 01:43:36.938 66622 DEBUG oslo_service.service [-] database.backend = sqlalchemy log_opt_values /usr/lib/python3/dist-packages/oslo_config/cfg.py:2609
2026-02-12 01:43:36.938 66622 DEBUG oslo_service.service [-] database.connection = **** log_opt_values /usr/lib/python3/dist-packages/oslo_config/cfg.py:2609
2026-02-12 01:43:36.938 66622 DEBUG oslo_service.service [-] database.connection_debug = 0 log_opt_values /usr/lib/python3/dist-packages/oslo_config/cfg.py:2609
2026-02-12 01:43:36.938 66622 DEBUG oslo_service.service [-] database.connection_parameters = log_opt_values /usr/lib/python3/dist-packages/oslo_config/cfg.py:2609
2026-02-12 01:43:36.938 66622 DEBUG oslo_service.service [-] database.connection_recycle_time = 3600 log_opt_values /usr/lib/python3/dist-packages/oslo_config/cfg.py:2609
2026-02-12 01:43:36.938 66622 DEBUG oslo_service.service [-] database.connection_trace = False log_opt_values /usr/lib/python3/dist-packages/oslo_config/cfg.py:2609
2026-02-12 01:43:36.938 66622 DEBUG oslo_service.service [-] database.db_inc_retry_interval = True log_opt_values /usr/lib/python3/dist-packages/oslo_config/cfg.py:2609
2026-02-12 01:43:36.938 66622 DEBUG oslo_service.service [-] database.db_max_retries = 20 log_opt_values /usr/lib/python3/dist-packages/oslo_config/cfg.py:2609
2026-02-12 01:43:36.938 66622 DEBUG oslo_service.service [-] database.db_max_retry_interval = 10 log_opt_values /usr/lib/python3/dist-packages/oslo_config/cfg.py:2609
2026-02-12 01:43:36.939 66622 DEBUG oslo_service.service [-] database.db_retry_interval = 1 log_opt_values /usr/lib/python3/dist-packages/oslo_config/cfg.py:2609
2026-02-12 01:43:36.939 66622 DEBUG oslo_service.service [-] database.max_overflow = 50 log_opt_values /usr/lib/python3/dist-packages/oslo_config/cfg.py:2609
2026-02-12 01:43:36.939 66622 DEBUG oslo_service.service [-] database.max_pool_size = 5 log_opt_values /usr/lib/python3/dist-packages/oslo_config/cfg.py:2609
2026-02-12 01:43:36.939 66622 DEBUG oslo_service.service [-] database.max_retries = 10 log_opt_values /usr/lib/python3/dist-packages/oslo_config/cfg.py:2609
2026-02-12 01:43:36.939 66622 DEBUG oslo_service.service [-] database.mysql_enable_ndb = False log_opt_values /usr/lib/python3/dist-packages/oslo_config/cfg.py:2609
2026-02-12 01:43:36.940 66622 DEBUG oslo_service.service [-] database.mysql_sql_mode = TRADITIONAL log_opt_values /usr/lib/python3/dist-packages/oslo_config/cfg.py:2609
2026-02-12 01:43:36.940 66622 DEBUG oslo_service.service [-] database.pool_timeout = None log_opt_values /usr/lib/python3/dist-packages/oslo_config/cfg.py:2609
2026-02-12 01:43:36.940 66622 DEBUG oslo_service.service [-] database.retry_interval = 10 log_opt_values /usr/lib/python3/dist-packages/oslo_config/cfg.py:2609
2026-02-12 01:43:36.940 66622 DEBUG oslo_service.service [-] database.slave_connection = **** log_opt_values /usr/lib/python3/dist-packages/oslo_config/cfg.py:2609
2026-02-12 01:43:36.940 66622 DEBUG oslo_service.service [-] database.sqlite_synchronous = True log_opt_values /usr/lib/python3/dist-packages/oslo_config/cfg.py:2609
2026-02-12 01:43:36.940 66622 DEBUG oslo_service.service [-] database.use_db_reconnect = False log_opt_values /usr/lib/python3/dist-packages/oslo_config/cfg.py:2609
2026-02-12 01:43:36.941 66622 DEBUG oslo_service.service [-] oslo_messaging_metrics.metrics_buffer_size = 1000 log_opt_values /usr/lib/python3/dist-packages/oslo_config/cfg.py:2609
2026-02-12 01:43:36.941 66622 DEBUG oslo_service.service [-] oslo_messaging_metrics.metrics_enabled = False log_opt_values /usr/lib/python3/dist-packages/oslo_config/cfg.py:2609
2026-02-12 01:43:36.941 66622 DEBUG oslo_service.service [-] oslo_messaging_metrics.metrics_process_name = log_opt_values /usr/lib/python3/dist-packages/oslo_config/cfg.py:2609
2026-02-12 01:43:36.941 66622 DEBUG oslo_service.service [-] oslo_messaging_metrics.metrics_socket_file = /var/tmp/metrics_collector.sock log_opt_values /usr/lib/python3/dist-packages/oslo_config/cfg.py:2609
2026-02-12 01:43:36.941 66622 DEBUG oslo_service.service [-] oslo_messaging_metrics.metrics_thread_stop_timeout = 10 log_opt_values /usr/lib/python3/dist-packages/oslo_config/cfg.py:2609
2026-02-12 01:43:36.941 66622 DEBUG oslo_service.service [-] oslo_policy.enforce_new_defaults = False log_opt_values /usr/lib/python3/dist-packages/oslo_config/cfg.py:2609
2026-02-12 01:43:36.941 66622 DEBUG oslo_service.service [-] oslo_policy.enforce_scope = False log_opt_values /usr/lib/python3/dist-packages/oslo_config/cfg.py:2609
2026-02-12 01:43:36.941 66622 DEBUG oslo_service.service [-] oslo_policy.policy_default_rule = default log_opt_values /usr/lib/python3/dist-packages/oslo_config/cfg.py:2609
2026-02-12 01:43:36.942 66622 DEBUG oslo_service.service [-] oslo_policy.policy_dirs = ['policy.d'] log_opt_values /usr/lib/python3/dist-packages/oslo_config/cfg.py:2609
2026-02-12 01:43:36.942 66622 DEBUG oslo_service.service [-] oslo_policy.policy_file = policy.yaml log_opt_values /usr/lib/python3/dist-packages/oslo_config/cfg.py:2609
2026-02-12 01:43:36.942 66622 DEBUG oslo_service.service [-] oslo_policy.remote_content_type = application/x-www-form-urlencoded log_opt_values /usr/lib/python3/dist-packages/oslo_config/cfg.py:2609
2026-02-12 01:43:36.942 66622 DEBUG oslo_service.service [-] oslo_policy.remote_ssl_ca_crt_file = None log_opt_values /usr/lib/python3/dist-packages/oslo_config/cfg.py:2609
2026-02-12 01:43:36.942 66622 DEBUG oslo_service.service [-] oslo_policy.remote_ssl_client_crt_file = None log_opt_values /usr/lib/python3/dist-packages/oslo_config/cfg.py:2609
2026-02-12 01:43:36.942 66622 DEBUG oslo_service.service [-] oslo_policy.remote_ssl_client_key_file = None log_opt_values /usr/lib/python3/dist-packages/oslo_config/cfg.py:2609
2026-02-12 01:43:36.942 66622 DEBUG oslo_service.service [-] oslo_policy.remote_ssl_verify_server_crt = False log_opt_values /usr/lib/python3/dist-packages/oslo_config/cfg.py:2609
2026-02-12 01:43:36.942 66622 DEBUG oslo_service.service [-] trustee.auth_section = None log_opt_values /usr/lib/python3/dist-packages/oslo_config/cfg.py:2609
2026-02-12 01:43:36.943 66622 WARNING oslo_config.cfg [-] Deprecated: Option "auth_plugin" from group "trustee" is deprecated. Use option "auth_type" from group "trustee".
2026-02-12 01:43:36.943 66622 DEBUG oslo_service.service [-] trustee.auth_type = password log_opt_values /usr/lib/python3/dist-packages/oslo_config/cfg.py:2609
2026-02-12 01:43:36.943 66622 DEBUG oslo_service.service [-] oslo_versionedobjects.fatal_exception_format_errors = False log_opt_values /usr/lib/python3/dist-packages/oslo_config/cfg.py:2609
2026-02-12 01:43:36.943 66622 DEBUG oslo_service.service [-] oslo_messaging_rabbit.amqp_auto_delete = False log_opt_values /usr/lib/python3/dist-packages/oslo_config/cfg.py:2609
2026-02-12 01:43:36.944 66622 DEBUG oslo_service.service [-] oslo_messaging_rabbit.amqp_durable_queues = False log_opt_values /usr/lib/python3/dist-packages/oslo_config/cfg.py:2609
2026-02-12 01:43:36.944 66622 DEBUG oslo_service.service [-] oslo_messaging_rabbit.conn_pool_min_size = 2 log_opt_values /usr/lib/python3/dist-packages/oslo_config/cfg.py:2609
2026-02-12 01:43:36.948 66622 DEBUG oslo_service.service [-] oslo_messaging_rabbit.conn_pool_ttl = 1200 log_opt_values /usr/lib/python3/dist-packages/oslo_config/cfg.py:2609
2026-02-12 01:43:36.948 66622 DEBUG oslo_service.service [-] oslo_messaging_rabbit.direct_mandatory_flag = True log_opt_values /usr/lib/python3/dist-packages/oslo_config/cfg.py:2609
2026-02-12 01:43:36.948 66622 DEBUG oslo_service.service [-] oslo_messaging_rabbit.enable_cancel_on_failover = False log_opt_values /usr/lib/python3/dist-packages/oslo_config/cfg.py:2609
2026-02-12 01:43:36.948 66622 DEBUG oslo_service.service [-] oslo_messaging_rabbit.heartbeat_in_pthread = False log_opt_values /usr/lib/python3/dist-packages/oslo_config/cfg.py:2609
2026-02-12 01:43:36.949 66622 DEBUG oslo_service.service [-] oslo_messaging_rabbit.heartbeat_rate = 2 log_opt_values /usr/lib/python3/dist-packages/oslo_config/cfg.py:2609
2026-02-12 01:43:36.949 66622 DEBUG oslo_service.service [-] oslo_messaging_rabbit.heartbeat_timeout_threshold = 60 log_opt_values /usr/lib/python3/dist-packages/oslo_config/cfg.py:2609
2026-02-12 01:43:36.949 66622 DEBUG oslo_service.service [-] oslo_messaging_rabbit.kombu_compression = None log_opt_values /usr/lib/python3/dist-packages/oslo_config/cfg.py:2609
2026-02-12 01:43:36.949 66622 DEBUG oslo_service.service [-] oslo_messaging_rabbit.kombu_failover_strategy = round-robin log_opt_values /usr/lib/python3/dist-packages/oslo_config/cfg.py:2609
2026-02-12 01:43:36.949 66622 DEBUG oslo_service.service [-] oslo_messaging_rabbit.kombu_missing_consumer_retry_timeout = 60 log_opt_values /usr/lib/python3/dist-packages/oslo_config/cfg.py:2609
2026-02-12 01:43:36.949 66622 DEBUG oslo_service.service [-] oslo_messaging_rabbit.kombu_reconnect_delay = 1.0 log_opt_values /usr/lib/python3/dist-packages/oslo_config/cfg.py:2609
2026-02-12 01:43:36.949 66622 DEBUG oslo_service.service [-] oslo_messaging_rabbit.rabbit_ha_queues = False log_opt_values /usr/lib/python3/dist-packages/oslo_config/cfg.py:2609
2026-02-12 01:43:36.949 66622 DEBUG oslo_service.service [-] oslo_messaging_rabbit.rabbit_interval_max = 30 log_opt_values /usr/lib/python3/dist-packages/oslo_config/cfg.py:2609
2026-02-12 01:43:36.949 66622 DEBUG oslo_service.service [-] oslo_messaging_rabbit.rabbit_login_method = AMQPLAIN log_opt_values /usr/lib/python3/dist-packages/oslo_config/cfg.py:2609
2026-02-12 01:43:36.950 66622 DEBUG oslo_service.service [-] oslo_messaging_rabbit.rabbit_qos_prefetch_count = 0 log_opt_values /usr/lib/python3/dist-packages/oslo_config/cfg.py:2609
2026-02-12 01:43:36.950 66622 DEBUG oslo_service.service [-] oslo_messaging_rabbit.rabbit_quorum_queue = False log_opt_values /usr/lib/python3/dist-packages/oslo_config/cfg.py:2609
2026-02-12 01:43:36.950 66622 DEBUG oslo_service.service [-] oslo_messaging_rabbit.rabbit_retry_backoff = 2 log_opt_values /usr/lib/python3/dist-packages/oslo_config/cfg.py:2609
2026-02-12 01:43:36.950 66853 INFO heat.engine.worker [-] Starting engine_worker (1.4) in engine 135dd7a2-1e40-4191-a54e-1d416536f7ec.
2026-02-12 01:43:36.950 66622 DEBUG oslo_service.service [-] oslo_messaging_rabbit.rabbit_retry_interval = 1 log_opt_values /usr/lib/python3/dist-packages/oslo_config/cfg.py:2609
2026-02-12 01:43:36.950 66622 DEBUG oslo_service.service [-] oslo_messaging_rabbit.rabbit_transient_queues_ttl = 1800 log_opt_values /usr/lib/python3/dist-packages/oslo_config/cfg.py:2609
2026-02-12 01:43:36.950 66622 DEBUG oslo_service.service [-] oslo_messaging_rabbit.rpc_conn_pool_size = 30 log_opt_values /usr/lib/python3/dist-packages/oslo_config/cfg.py:2609
2026-02-12 01:43:36.950 66622 DEBUG oslo_service.service [-] oslo_messaging_rabbit.ssl = False log_opt_values /usr/lib/python3/dist-packages/oslo_config/cfg.py:2609
2026-02-12 01:43:36.950 66622 DEBUG oslo_service.service [-] oslo_messaging_rabbit.ssl_ca_file = log_opt_values /usr/lib/python3/dist-packages/oslo_config/cfg.py:2609
2026-02-12 01:43:36.951 66622 DEBUG oslo_service.service [-] oslo_messaging_rabbit.ssl_cert_file = log_opt_values /usr/lib/python3/dist-packages/oslo_config/cfg.py:2609
2026-02-12 01:43:36.951 66622 DEBUG oslo_service.service [-] oslo_messaging_rabbit.ssl_key_file = log_opt_values /usr/lib/python3/dist-packages/oslo_config/cfg.py:2609
2026-02-12 01:43:36.951 66622 DEBUG oslo_service.service [-] oslo_messaging_rabbit.ssl_version = log_opt_values /usr/lib/python3/dist-packages/oslo_config/cfg.py:2609
2026-02-12 01:43:36.951 66622 DEBUG oslo_service.service [-] oslo_messaging_notifications.driver = [] log_opt_values /usr/lib/python3/dist-packages/oslo_config/cfg.py:2609
2026-02-12 01:43:36.951 66622 DEBUG oslo_service.service [-] oslo_messaging_notifications.retry = -1 log_opt_values /usr/lib/python3/dist-packages/oslo_config/cfg.py:2609
2026-02-12 01:43:36.951 66622 DEBUG oslo_service.service [-] oslo_messaging_notifications.topics = ['notifications'] log_opt_values /usr/lib/python3/dist-packages/oslo_config/cfg.py:2609
2026-02-12 01:43:36.951 66622 DEBUG oslo_service.service [-] oslo_messaging_notifications.transport_url = **** log_opt_values /usr/lib/python3/dist-packages/oslo_config/cfg.py:2609
2026-02-12 01:43:36.952 66622 DEBUG oslo_service.service [-] cache.backend = dogpile.cache.null log_opt_values /usr/lib/python3/dist-packages/oslo_config/cfg.py:2609
2026-02-12 01:43:36.953 66622 DEBUG oslo_service.service [-] cache.backend_argument = **** log_opt_values /usr/lib/python3/dist-packages/oslo_config/cfg.py:2609
2026-02-12 01:43:36.953 66622 DEBUG oslo_service.service [-] cache.config_prefix = cache.oslo log_opt_values /usr/lib/python3/dist-packages/oslo_config/cfg.py:2609
2026-02-12 01:43:36.953 66622 DEBUG oslo_service.service [-] cache.debug_cache_backend = False log_opt_values /usr/lib/python3/dist-packages/oslo_config/cfg.py:2609
2026-02-12 01:43:36.953 66622 DEBUG oslo_service.service [-] cache.enabled = False log_opt_values /usr/lib/python3/dist-packages/oslo_config/cfg.py:2609
2026-02-12 01:43:36.953 66622 DEBUG oslo_service.service [-] cache.expiration_time = 600 log_opt_values /usr/lib/python3/dist-packages/oslo_config/cfg.py:2609
2026-02-12 01:43:36.954 66622 DEBUG oslo_service.service [-] cache.memcache_dead_retry = 300 log_opt_values /usr/lib/python3/dist-packages/oslo_config/cfg.py:2609
2026-02-12 01:43:36.954 66622 DEBUG oslo_service.service [-] cache.memcache_pool_connection_get_timeout = 10 log_opt_values /usr/lib/python3/dist-packages/oslo_config/cfg.py:2609
2026-02-12 01:43:36.954 66622 DEBUG oslo_service.service [-] cache.memcache_pool_flush_on_reconnect = False log_opt_values /usr/lib/python3/dist-packages/oslo_config/cfg.py:2609
2026-02-12 01:43:36.954 66622 DEBUG oslo_service.service [-] cache.memcache_pool_maxsize = 10 log_opt_values /usr/lib/python3/dist-packages/oslo_config/cfg.py:2609
2026-02-12 01:43:36.954 66622 DEBUG oslo_service.service [-] cache.memcache_pool_unused_timeout = 60 log_opt_values /usr/lib/python3/dist-packages/oslo_config/cfg.py:2609
2026-02-12 01:43:36.954 66622 DEBUG oslo_service.service [-] cache.memcache_servers = ['localhost:11211'] log_opt_values /usr/lib/python3/dist-packages/oslo_config/cfg.py:2609
2026-02-12 01:43:36.955 66622 DEBUG oslo_service.service [-] cache.memcache_socket_timeout = 1.0 log_opt_values /usr/lib/python3/dist-packages/oslo_config/cfg.py:2609
2026-02-12 01:43:36.955 66622 DEBUG oslo_service.service [-] cache.proxies = [] log_opt_values /usr/lib/python3/dist-packages/oslo_config/cfg.py:2609
2026-02-12 01:43:36.955 66622 DEBUG oslo_service.service [-] cache.tls_allowed_ciphers = None log_opt_values /usr/lib/python3/dist-packages/oslo_config/cfg.py:2609
2026-02-12 01:43:36.955 66622 DEBUG oslo_service.service [-] cache.tls_cafile = None log_opt_values /usr/lib/python3/dist-packages/oslo_config/cfg.py:2609
2026-02-12 01:43:36.955 66622 DEBUG oslo_service.service [-] cache.tls_certfile = None log_opt_values /usr/lib/python3/dist-packages/oslo_config/cfg.py:2609
2026-02-12 01:43:36.955 66622 DEBUG oslo_service.service [-] cache.tls_enabled = False log_opt_values /usr/lib/python3/dist-packages/oslo_config/cfg.py:2609
2026-02-12 01:43:36.955 66622 DEBUG oslo_service.service [-] cache.tls_keyfile = None log_opt_values /usr/lib/python3/dist-packages/oslo_config/cfg.py:2609
2026-02-12 01:43:36.955 66622 DEBUG oslo_service.service [-] constraint_validation_cache.caching = True log_opt_values /usr/lib/python3/dist-packages/oslo_config/cfg.py:2609
2026-02-12 01:43:36.956 66622 DEBUG oslo_service.service [-] constraint_validation_cache.expiration_time = 60 log_opt_values /usr/lib/python3/dist-packages/oslo_config/cfg.py:2609
2026-02-12 01:43:36.956 66622 DEBUG oslo_service.service [-] service_extension_cache.caching = True log_opt_values /usr/lib/python3/dist-packages/oslo_config/cfg.py:2609
2026-02-12 01:43:36.956 66622 DEBUG oslo_service.service [-] service_extension_cache.expiration_time = 3600 log_opt_values /usr/lib/python3/dist-packages/oslo_config/cfg.py:2609
2026-02-12 01:43:36.956 66622 DEBUG oslo_service.service [-] resource_finder_cache.caching = True log_opt_values /usr/lib/python3/dist-packages/oslo_config/cfg.py:2609
2026-02-12 01:43:36.956 66622 DEBUG oslo_service.service [-] resource_finder_cache.expiration_time = 3600 log_opt_values /usr/lib/python3/dist-packages/oslo_config/cfg.py:2609
2026-02-12 01:43:36.956 66622 DEBUG oslo_service.service [-] yaql.limit_iterators = 200 log_opt_values /usr/lib/python3/dist-packages/oslo_config/cfg.py:2609
2026-02-12 01:43:36.956 66622 DEBUG oslo_service.service [-] yaql.memory_quota = 10000 log_opt_values /usr/lib/python3/dist-packages/oslo_config/cfg.py:2609
2026-02-12 01:43:36.956 66622 DEBUG oslo_service.service [-] ******************************************************************************** log_opt_values /usr/lib/python3/dist-packages/oslo_config/cfg.py:2613
2026-02-12 01:43:36.996 66850 DEBUG oslo_db.sqlalchemy.engines [req-5b0ea13e-3e79-4bb5-bf2a-eb8abb2491bb - - - - -] MySQL server mode set to STRICT_TRANS_TABLES,STRICT_ALL_TABLES,NO_ZERO_IN_DATE,NO_ZERO_DATE,ERROR_FOR_DIVISION_BY_ZERO,TRADITIONAL,NO_ENGINE_SUBSTITUTION _check_effective_sql_mode /usr/lib/python3/dist-packages/oslo_db/sqlalchemy/engines.py:314
2026-02-12 01:43:36.997 66852 DEBUG oslo_db.sqlalchemy.engines [req-7de88176-bdd7-440a-891a-a0c29f3fc9d7 - - - - -] MySQL server mode set to STRICT_TRANS_TABLES,STRICT_ALL_TABLES,NO_ZERO_IN_DATE,NO_ZERO_DATE,ERROR_FOR_DIVISION_BY_ZERO,TRADITIONAL,NO_ENGINE_SUBSTITUTION _check_effective_sql_mode /usr/lib/python3/dist-packages/oslo_db/sqlalchemy/engines.py:314
2026-02-12 01:43:36.999 66851 DEBUG oslo_db.sqlalchemy.engines [req-ba568dd1-2024-4a46-a5c5-7063e3d44b58 - - - - -] MySQL server mode set to STRICT_TRANS_TABLES,STRICT_ALL_TABLES,NO_ZERO_IN_DATE,NO_ZERO_DATE,ERROR_FOR_DIVISION_BY_ZERO,TRADITIONAL,NO_ENGINE_SUBSTITUTION _check_effective_sql_mode /usr/lib/python3/dist-packages/oslo_db/sqlalchemy/engines.py:314
2026-02-12 01:43:37.006 66853 DEBUG oslo_db.sqlalchemy.engines [req-d85ebfde-e97a-42ef-bb08-b368394f08ef - - - - -] MySQL server mode set to STRICT_TRANS_TABLES,STRICT_ALL_TABLES,NO_ZERO_IN_DATE,NO_ZERO_DATE,ERROR_FOR_DIVISION_BY_ZERO,TRADITIONAL,NO_ENGINE_SUBSTITUTION _check_effective_sql_mode /usr/lib/python3/dist-packages/oslo_db/sqlalchemy/engines.py:314
2026-02-12 01:43:37.045 66852 DEBUG heat.engine.service [req-7de88176-bdd7-440a-891a-a0c29f3fc9d7 - - - - -] Service 031cb7df-3016-4bdd-b7dc-6c03e6cbc420 was aborted service_manage_cleanup /usr/lib/python3/dist-packages/heat/engine/service.py:2391
2026-02-12 01:43:37.045 66850 DEBUG heat.engine.service [req-5b0ea13e-3e79-4bb5-bf2a-eb8abb2491bb - - - - -] Service 031cb7df-3016-4bdd-b7dc-6c03e6cbc420 was aborted service_manage_cleanup /usr/lib/python3/dist-packages/heat/engine/service.py:2391
2026-02-12 01:43:37.050 66851 DEBUG heat.engine.service [req-ba568dd1-2024-4a46-a5c5-7063e3d44b58 - - - - -] Service 031cb7df-3016-4bdd-b7dc-6c03e6cbc420 was aborted service_manage_cleanup /usr/lib/python3/dist-packages/heat/engine/service.py:2391
2026-02-12 01:43:37.053 66853 DEBUG heat.engine.service [req-d85ebfde-e97a-42ef-bb08-b368394f08ef - - - - -] Service 031cb7df-3016-4bdd-b7dc-6c03e6cbc420 was aborted service_manage_cleanup /usr/lib/python3/dist-packages/heat/engine/service.py:2391
2026-02-12 01:43:37.066 66852 DEBUG heat.engine.service [req-7de88176-bdd7-440a-891a-a0c29f3fc9d7 - - - - -] Service 14717c1c-254f-4be0-8c80-901a206bf5a7 was aborted service_manage_cleanup /usr/lib/python3/dist-packages/heat/engine/service.py:2391
2026-02-12 01:43:37.067 66850 DEBUG heat.engine.service [req-5b0ea13e-3e79-4bb5-bf2a-eb8abb2491bb - - - - -] Service 14717c1c-254f-4be0-8c80-901a206bf5a7 was aborted service_manage_cleanup /usr/lib/python3/dist-packages/heat/engine/service.py:2391
2026-02-12 01:43:37.068 66853 DEBUG heat.engine.service [req-d85ebfde-e97a-42ef-bb08-b368394f08ef - - - - -] Service 14717c1c-254f-4be0-8c80-901a206bf5a7 was aborted service_manage_cleanup /usr/lib/python3/dist-packages/heat/engine/service.py:2391
2026-02-12 01:43:37.069 66851 DEBUG heat.engine.service [req-ba568dd1-2024-4a46-a5c5-7063e3d44b58 - - - - -] Service 14717c1c-254f-4be0-8c80-901a206bf5a7 was aborted service_manage_cleanup /usr/lib/python3/dist-packages/heat/engine/service.py:2391
2026-02-12 01:43:37.080 66852 DEBUG heat.engine.service [req-7de88176-bdd7-440a-891a-a0c29f3fc9d7 - - - - -] Service 25aa5549-ec45-49d6-b1f9-fb654aa884c2 was aborted service_manage_cleanup /usr/lib/python3/dist-packages/heat/engine/service.py:2391
2026-02-12 01:43:37.080 66853 DEBUG heat.engine.service [req-d85ebfde-e97a-42ef-bb08-b368394f08ef - - - - -] Service 25aa5549-ec45-49d6-b1f9-fb654aa884c2 was aborted service_manage_cleanup /usr/lib/python3/dist-packages/heat/engine/service.py:2391
2026-02-12 01:43:37.081 66850 DEBUG heat.engine.service [req-5b0ea13e-3e79-4bb5-bf2a-eb8abb2491bb - - - - -] Service 25aa5549-ec45-49d6-b1f9-fb654aa884c2 was aborted service_manage_cleanup /usr/lib/python3/dist-packages/heat/engine/service.py:2391
2026-02-12 01:43:37.082 66851 DEBUG heat.engine.service [req-ba568dd1-2024-4a46-a5c5-7063e3d44b58 - - - - -] Service 25aa5549-ec45-49d6-b1f9-fb654aa884c2 was aborted service_manage_cleanup /usr/lib/python3/dist-packages/heat/engine/service.py:2391
2026-02-12 01:43:37.093 66852 DEBUG heat.engine.service [req-7de88176-bdd7-440a-891a-a0c29f3fc9d7 - - - - -] Service 4304ac83-6c4a-4fd2-97a9-3ffc0b9d7936 was aborted service_manage_cleanup /usr/lib/python3/dist-packages/heat/engine/service.py:2391
2026-02-12 01:43:37.093 66850 DEBUG heat.engine.service [req-5b0ea13e-3e79-4bb5-bf2a-eb8abb2491bb - - - - -] Service 4304ac83-6c4a-4fd2-97a9-3ffc0b9d7936 was aborted service_manage_cleanup /usr/lib/python3/dist-packages/heat/engine/service.py:2391
2026-02-12 01:43:37.096 66851 DEBUG heat.engine.service [req-ba568dd1-2024-4a46-a5c5-7063e3d44b58 - - - - -] Service 4304ac83-6c4a-4fd2-97a9-3ffc0b9d7936 was aborted service_manage_cleanup /usr/lib/python3/dist-packages/heat/engine/service.py:2391
2026-02-12 01:43:37.096 66853 DEBUG heat.engine.service [req-d85ebfde-e97a-42ef-bb08-b368394f08ef - - - - -] Service 4304ac83-6c4a-4fd2-97a9-3ffc0b9d7936 was aborted service_manage_cleanup /usr/lib/python3/dist-packages/heat/engine/service.py:2391
2026-02-12 01:43:37.104 66852 DEBUG heat.engine.service [req-7de88176-bdd7-440a-891a-a0c29f3fc9d7 - - - - -] Service 5aea1e5b-7e6e-4042-97b7-1eb28ddbc69f was aborted service_manage_cleanup /usr/lib/python3/dist-packages/heat/engine/service.py:2391
2026-02-12 01:43:37.108 66853 DEBUG heat.engine.service [req-d85ebfde-e97a-42ef-bb08-b368394f08ef - - - - -] Service 5aea1e5b-7e6e-4042-97b7-1eb28ddbc69f was aborted service_manage_cleanup /usr/lib/python3/dist-packages/heat/engine/service.py:2391
2026-02-12 01:43:37.108 66851 DEBUG heat.engine.service [req-ba568dd1-2024-4a46-a5c5-7063e3d44b58 - - - - -] Service 5aea1e5b-7e6e-4042-97b7-1eb28ddbc69f was aborted service_manage_cleanup /usr/lib/python3/dist-packages/heat/engine/service.py:2391
2026-02-12 01:43:37.109 66850 DEBUG heat.engine.service [req-5b0ea13e-3e79-4bb5-bf2a-eb8abb2491bb - - - - -] Service 5aea1e5b-7e6e-4042-97b7-1eb28ddbc69f was aborted service_manage_cleanup /usr/lib/python3/dist-packages/heat/engine/service.py:2391
2026-02-12 01:43:37.117 66852 DEBUG heat.engine.service [req-7de88176-bdd7-440a-891a-a0c29f3fc9d7 - - - - -] Service 61d947bf-af1c-425f-a1e8-e8df67dab0b5 was aborted service_manage_cleanup /usr/lib/python3/dist-packages/heat/engine/service.py:2391
2026-02-12 01:43:37.118 66853 DEBUG heat.engine.service [req-d85ebfde-e97a-42ef-bb08-b368394f08ef - - - - -] Service 61d947bf-af1c-425f-a1e8-e8df67dab0b5 was aborted service_manage_cleanup /usr/lib/python3/dist-packages/heat/engine/service.py:2391
2026-02-12 01:43:37.118 66851 DEBUG heat.engine.service [req-ba568dd1-2024-4a46-a5c5-7063e3d44b58 - - - - -] Service 61d947bf-af1c-425f-a1e8-e8df67dab0b5 was aborted service_manage_cleanup /usr/lib/python3/dist-packages/heat/engine/service.py:2391
2026-02-12 01:43:37.119 66850 DEBUG heat.engine.service [req-5b0ea13e-3e79-4bb5-bf2a-eb8abb2491bb - - - - -] Service 61d947bf-af1c-425f-a1e8-e8df67dab0b5 was aborted service_manage_cleanup /usr/lib/python3/dist-packages/heat/engine/service.py:2391
2026-02-12 01:43:37.133 66852 DEBUG heat.engine.service [req-7de88176-bdd7-440a-891a-a0c29f3fc9d7 - - - - -] Service 7a2499f9-2024-4def-ba27-17ff1852af8f was aborted service_manage_cleanup /usr/lib/python3/dist-packages/heat/engine/service.py:2391
2026-02-12 01:43:37.134 66853 DEBUG heat.engine.service [req-d85ebfde-e97a-42ef-bb08-b368394f08ef - - - - -] Service 7a2499f9-2024-4def-ba27-17ff1852af8f was aborted service_manage_cleanup /usr/lib/python3/dist-packages/heat/engine/service.py:2391
2026-02-12 01:43:37.134 66851 DEBUG heat.engine.service [req-ba568dd1-2024-4a46-a5c5-7063e3d44b58 - - - - -] Service 7a2499f9-2024-4def-ba27-17ff1852af8f was aborted service_manage_cleanup /usr/lib/python3/dist-packages/heat/engine/service.py:2391
2026-02-12 01:43:37.135 66850 DEBUG heat.engine.service [req-5b0ea13e-3e79-4bb5-bf2a-eb8abb2491bb - - - - -] Service 7a2499f9-2024-4def-ba27-17ff1852af8f was aborted service_manage_cleanup /usr/lib/python3/dist-packages/heat/engine/service.py:2391
2026-02-12 01:43:37.146 66851 DEBUG heat.engine.service [req-ba568dd1-2024-4a46-a5c5-7063e3d44b58 - - - - -] Service 8a9f150d-796d-4ba2-ada6-d69e47a67720 was aborted service_manage_cleanup /usr/lib/python3/dist-packages/heat/engine/service.py:2391
2026-02-12 01:43:37.147 66853 DEBUG heat.engine.service [req-d85ebfde-e97a-42ef-bb08-b368394f08ef - - - - -] Service 8a9f150d-796d-4ba2-ada6-d69e47a67720 was aborted service_manage_cleanup /usr/lib/python3/dist-packages/heat/engine/service.py:2391
2026-02-12 01:43:37.148 66850 DEBUG heat.engine.service [req-5b0ea13e-3e79-4bb5-bf2a-eb8abb2491bb - - - - -] Service 8a9f150d-796d-4ba2-ada6-d69e47a67720 was aborted service_manage_cleanup /usr/lib/python3/dist-packages/heat/engine/service.py:2391
2026-02-12 01:43:37.149 66852 DEBUG heat.engine.service [req-7de88176-bdd7-440a-891a-a0c29f3fc9d7 - - - - -] Service 8a9f150d-796d-4ba2-ada6-d69e47a67720 was aborted service_manage_cleanup /usr/lib/python3/dist-packages/heat/engine/service.py:2391
2026-02-12 01:43:37.160 66851 DEBUG heat.engine.service [req-ba568dd1-2024-4a46-a5c5-7063e3d44b58 - - - - -] Service aa178601-ea33-407a-b0b3-8b8d49c541fd was aborted service_manage_cleanup /usr/lib/python3/dist-packages/heat/engine/service.py:2391
2026-02-12 01:43:37.161 66850 DEBUG heat.engine.service [req-5b0ea13e-3e79-4bb5-bf2a-eb8abb2491bb - - - - -] Service aa178601-ea33-407a-b0b3-8b8d49c541fd was aborted service_manage_cleanup /usr/lib/python3/dist-packages/heat/engine/service.py:2391
2026-02-12 01:43:37.161 66852 DEBUG heat.engine.service [req-7de88176-bdd7-440a-891a-a0c29f3fc9d7 - - - - -] Service aa178601-ea33-407a-b0b3-8b8d49c541fd was aborted service_manage_cleanup /usr/lib/python3/dist-packages/heat/engine/service.py:2391
2026-02-12 01:43:37.162 66853 DEBUG heat.engine.service [req-d85ebfde-e97a-42ef-bb08-b368394f08ef - - - - -] Service aa178601-ea33-407a-b0b3-8b8d49c541fd was aborted service_manage_cleanup /usr/lib/python3/dist-packages/heat/engine/service.py:2391
2026-02-12 01:43:37.172 66850 DEBUG heat.engine.service [req-5b0ea13e-3e79-4bb5-bf2a-eb8abb2491bb - - - - -] Service abbfbba7-05a9-4281-ab3b-ff27ca335468 was aborted service_manage_cleanup /usr/lib/python3/dist-packages/heat/engine/service.py:2391
2026-02-12 01:43:37.173 66851 DEBUG heat.engine.service [req-ba568dd1-2024-4a46-a5c5-7063e3d44b58 - - - - -] Service abbfbba7-05a9-4281-ab3b-ff27ca335468 was aborted service_manage_cleanup /usr/lib/python3/dist-packages/heat/engine/service.py:2391
2026-02-12 01:43:37.174 66852 DEBUG heat.engine.service [req-7de88176-bdd7-440a-891a-a0c29f3fc9d7 - - - - -] Service abbfbba7-05a9-4281-ab3b-ff27ca335468 was aborted service_manage_cleanup /usr/lib/python3/dist-packages/heat/engine/service.py:2391
2026-02-12 01:43:37.175 66853 DEBUG heat.engine.service [req-d85ebfde-e97a-42ef-bb08-b368394f08ef - - - - -] Service abbfbba7-05a9-4281-ab3b-ff27ca335468 was aborted service_manage_cleanup /usr/lib/python3/dist-packages/heat/engine/service.py:2391
2026-02-12 01:43:37.183 66850 DEBUG heat.engine.service [req-5b0ea13e-3e79-4bb5-bf2a-eb8abb2491bb - - - - -] Service b3ee9d95-94b9-4ee3-ac67-e0a4719e6c4a was aborted service_manage_cleanup /usr/lib/python3/dist-packages/heat/engine/service.py:2391
2026-02-12 01:43:37.184 66852 DEBUG heat.engine.service [req-7de88176-bdd7-440a-891a-a0c29f3fc9d7 - - - - -] Service b3ee9d95-94b9-4ee3-ac67-e0a4719e6c4a was aborted service_manage_cleanup /usr/lib/python3/dist-packages/heat/engine/service.py:2391
2026-02-12 01:43:37.185 66851 DEBUG heat.engine.service [req-ba568dd1-2024-4a46-a5c5-7063e3d44b58 - - - - -] Service b3ee9d95-94b9-4ee3-ac67-e0a4719e6c4a was aborted service_manage_cleanup /usr/lib/python3/dist-packages/heat/engine/service.py:2391
2026-02-12 01:43:37.185 66853 DEBUG heat.engine.service [req-d85ebfde-e97a-42ef-bb08-b368394f08ef - - - - -] Service b3ee9d95-94b9-4ee3-ac67-e0a4719e6c4a was aborted service_manage_cleanup /usr/lib/python3/dist-packages/heat/engine/service.py:2391
2026-02-12 01:43:37.194 66850 DEBUG heat.engine.service [req-5b0ea13e-3e79-4bb5-bf2a-eb8abb2491bb - - - - -] Service e44eb7d0-17ea-4c32-a5d9-21e371a6866a was aborted service_manage_cleanup /usr/lib/python3/dist-packages/heat/engine/service.py:2391
2026-02-12 01:43:37.194 66853 DEBUG heat.engine.service [req-d85ebfde-e97a-42ef-bb08-b368394f08ef - - - - -] Service e44eb7d0-17ea-4c32-a5d9-21e371a6866a was aborted service_manage_cleanup /usr/lib/python3/dist-packages/heat/engine/service.py:2391
2026-02-12 01:43:37.195 66852 DEBUG heat.engine.service [req-7de88176-bdd7-440a-891a-a0c29f3fc9d7 - - - - -] Service e44eb7d0-17ea-4c32-a5d9-21e371a6866a was aborted service_manage_cleanup /usr/lib/python3/dist-packages/heat/engine/service.py:2391
2026-02-12 01:43:37.196 66851 DEBUG heat.engine.service [req-ba568dd1-2024-4a46-a5c5-7063e3d44b58 - - - - -] Service e44eb7d0-17ea-4c32-a5d9-21e371a6866a was aborted service_manage_cleanup /usr/lib/python3/dist-packages/heat/engine/service.py:2391
2026-02-12 01:43:37.230 66852 DEBUG heat.engine.service [req-b8c1175f-6bb1-4a40-8f4a-8807b7050f85 - - - - -] Service f0e5f65c-bd24-429c-a7ec-649eab0ee76b is started service_manage_report /usr/lib/python3/dist-packages/heat/engine/service.py:2363
2026-02-12 01:43:37.231 66850 DEBUG heat.engine.service [req-6005bb5a-4370-4121-a563-8d8d14be22ad - - - - -] Service 1f6fb899-1520-4819-97ec-b65c22af2668 is started service_manage_report /usr/lib/python3/dist-packages/heat/engine/service.py:2363
2026-02-12 01:43:37.232 66853 DEBUG heat.engine.service [req-d11b0a3b-641b-4693-8c1d-a434a642a7b0 - - - - -] Service e9b3438c-c71d-4be6-9e63-e09c2ddfc1e2 is started service_manage_report /usr/lib/python3/dist-packages/heat/engine/service.py:2363
2026-02-12 01:43:37.233 66851 DEBUG heat.engine.service [req-ed94b789-55b7-4b51-a1bf-a0c393e475be - - - - -] Service a4ef7195-6e6e-4bc6-be57-d67a87af6157 is started service_manage_report /usr/lib/python3/dist-packages/heat/engine/service.py:2363
2026-02-12 01:43:37.243 66852 DEBUG heat.engine.service [req-b8c1175f-6bb1-4a40-8f4a-8807b7050f85 - - - - -] Service f0e5f65c-bd24-429c-a7ec-649eab0ee76b is updated service_manage_report /usr/lib/python3/dist-packages/heat/engine/service.py:2370
2026-02-12 01:43:37.244 66853 DEBUG heat.engine.service [req-d11b0a3b-641b-4693-8c1d-a434a642a7b0 - - - - -] Service e9b3438c-c71d-4be6-9e63-e09c2ddfc1e2 is updated service_manage_report /usr/lib/python3/dist-packages/heat/engine/service.py:2370
2026-02-12 01:43:37.244 66851 DEBUG heat.engine.service [req-ed94b789-55b7-4b51-a1bf-a0c393e475be - - - - -] Service a4ef7195-6e6e-4bc6-be57-d67a87af6157 is updated service_manage_report /usr/lib/python3/dist-packages/heat/engine/service.py:2370
2026-02-12 01:43:37.244 66850 DEBUG heat.engine.service [req-6005bb5a-4370-4121-a563-8d8d14be22ad - - - - -] Service 1f6fb899-1520-4819-97ec-b65c22af2668 is updated service_manage_report /usr/lib/python3/dist-packages/heat/engine/service.py:2370
2026-02-12 01:44:37.223 66852 DEBUG heat.engine.service [req-9a1c8c63-2597-42cd-9f04-952ded9859df - - - - -] Service f0e5f65c-bd24-429c-a7ec-649eab0ee76b is updated service_manage_report /usr/lib/python3/dist-packages/heat/engine/service.py:2370
2026-02-12 01:44:37.224 66850 DEBUG heat.engine.service [req-e2838829-8c43-4457-8436-45e2e5c94e89 - - - - -] Service 1f6fb899-1520-4819-97ec-b65c22af2668 is updated service_manage_report /usr/lib/python3/dist-packages/heat/engine/service.py:2370
2026-02-12 01:44:37.224 66851 DEBUG heat.engine.service [req-39c13ec2-8fae-4b1b-a533-bd2a718b96c1 - - - - -] Service a4ef7195-6e6e-4bc6-be57-d67a87af6157 is updated service_manage_report /usr/lib/python3/dist-packages/heat/engine/service.py:2370
2026-02-12 01:44:37.224 66853 DEBUG heat.engine.service [req-cd2d289b-9cf1-4874-b7c3-ecc9d6eea2c6 - - - - -] Service e9b3438c-c71d-4be6-9e63-e09c2ddfc1e2 is updated service_manage_report /usr/lib/python3/dist-packages/heat/engine/service.py:2370
2026-02-12 01:44:57.481 66851 DEBUG heat.engine.service [-] Attempting to stop engine service... _stop_rpc_server /usr/lib/python3/dist-packages/heat/engine/service.py:437
2026-02-12 01:44:57.481 66853 DEBUG heat.engine.service [-] Attempting to stop engine service... _stop_rpc_server /usr/lib/python3/dist-packages/heat/engine/service.py:437
2026-02-12 01:44:57.481 66850 DEBUG heat.engine.service [-] Attempting to stop engine service... _stop_rpc_server /usr/lib/python3/dist-packages/heat/engine/service.py:437
2026-02-12 01:44:57.481 66852 DEBUG heat.engine.service [-] Attempting to stop engine service... _stop_rpc_server /usr/lib/python3/dist-packages/heat/engine/service.py:437
2026-02-12 01:44:57.486 66622 INFO oslo_service.service [-] Caught SIGTERM, stopping children
2026-02-12 01:44:57.486 66622 DEBUG oslo_concurrency.lockutils [-] Acquired lock "singleton_lock" lock /usr/lib/python3/dist-packages/oslo_concurrency/lockutils.py:294
2026-02-12 01:44:57.487 66622 DEBUG oslo_concurrency.lockutils [-] Releasing lock "singleton_lock" lock /usr/lib/python3/dist-packages/oslo_concurrency/lockutils.py:312
2026-02-12 01:44:57.487 66622 DEBUG oslo_service.service [-] Stop services. stop /usr/lib/python3/dist-packages/oslo_service/service.py:695
2026-02-12 01:44:57.488 66622 INFO heat.engine.service [-] All threads were gone, terminating engine
2026-02-12 01:44:57.488 66622 DEBUG oslo_service.service [-] Killing children. stop /usr/lib/python3/dist-packages/oslo_service/service.py:700
2026-02-12 01:44:57.508 66622 INFO oslo_service.service [-] Waiting on 4 children to exit
2026-02-12 01:44:57.508 66622 INFO oslo_service.service [-] Child 66850 killed by signal 15
2026-02-12 01:44:57.508 66622 INFO oslo_service.service [-] Child 66851 killed by signal 15
2026-02-12 01:44:57.519 66622 INFO oslo_service.service [-] Child 66852 killed by signal 15
2026-02-12 01:44:57.521 66622 INFO oslo_service.service [-] Child 66853 killed by signal 15
2026-02-12 01:44:59.159 69583 DEBUG oslo_concurrency.lockutils [-] Lock "context-manager" acquired by "neutron_lib.db.api._create_context_manager" :: waited 0.000s inner /usr/lib/python3/dist-packages/oslo_concurrency/lockutils.py:386
2026-02-12 01:44:59.159 69583 DEBUG oslo_concurrency.lockutils [-] Lock "context-manager" "released" by "neutron_lib.db.api._create_context_manager" :: held 0.000s inner /usr/lib/python3/dist-packages/oslo_concurrency/lockutils.py:400
2026-02-12 01:45:01.551 69583 WARNING heat.engine.environment [-] OS::Aodh::Alarm is DEPRECATED. Theshold alarm relies on ceilometer-api and has been deprecated in aodh since Ocata. Use OS::Aodh::GnocchiAggregationByResourcesAlarm instead.
2026-02-12 01:45:01.551 69583 WARNING heat.engine.environment [-] OS::Aodh::CombinationAlarm is HIDDEN. OS::Aodh::CombinationAlarm is deprecated and has been removed from Aodh, use OS::Aodh::CompositeAlarm instead.
2026-02-12 01:45:01.552 69583 WARNING heat.engine.environment [-] OS::Designate::Domain is HIDDEN. This resource has been removed, use OS::Designate::Zone instead.
2026-02-12 01:45:01.552 69583 WARNING heat.engine.environment [-] OS::Designate::Record is HIDDEN. This resource has been removed, use OS::Designate::RecordSet instead.
2026-02-12 01:45:01.552 69583 WARNING heat.engine.environment [-] OS::Glance::Image is DEPRECATED. Creating a Glance Image based on an existing URL location requires the Glance v1 API, which is deprecated.
2026-02-12 01:45:01.552 69583 WARNING heat.engine.environment [-] OS::Heat::HARestarter is HIDDEN. The HARestarter resource type has been removed. Existing stacks containing HARestarter resources can still be used, but the HARestarter resource will be a placeholder that does nothing.
2026-02-12 01:45:01.552 69583 WARNING heat.engine.environment [-] OS::Heat::SoftwareDeployments is HIDDEN. Please use OS::Heat::SoftwareDeploymentGroup instead.
2026-02-12 01:45:01.553 69583 WARNING heat.engine.environment [-] OS::Heat::StructuredDeployments is HIDDEN. Please use OS::Heat::StructuredDeploymentGroup instead.
2026-02-12 01:45:01.553 69583 WARNING heat.engine.environment [-] OS::Magnum::Bay is HIDDEN. Please use OS::Magnum::Cluster instead.
2026-02-12 01:45:01.553 69583 WARNING heat.engine.environment [-] OS::Magnum::BayModel is HIDDEN. Please use OS::Magnum::ClusterTemplate instead.
2026-02-12 01:45:01.553 69583 WARNING heat.engine.environment [-] OS::Neutron::ExtraRoute is UNSUPPORTED. Use this resource at your own risk.
2026-02-12 01:45:01.553 69583 WARNING heat.engine.environment [-] OS::Neutron::HealthMonitor is HIDDEN. Use LBaaS V2 instead.
2026-02-12 01:45:01.553 69583 WARNING heat.engine.environment [-] OS::Neutron::Pool is HIDDEN. Use LBaaS V2 instead.
2026-02-12 01:45:01.554 69583 WARNING heat.engine.environment [-] OS::Neutron::PoolMember is HIDDEN. Use LBaaS V2 instead.
2026-02-12 01:45:01.554 69583 WARNING heat.engine.environment [-] OS::Neutron::LoadBalancer is HIDDEN. Use LBaaS V2 instead.
2026-02-12 01:45:01.554 69583 WARNING heat.engine.environment [-] OS::Neutron::RouterGateway is HIDDEN. Use the `external_gateway_info` property in the router resource to set up the gateway.
2026-02-12 01:45:01.554 69583 WARNING heat.engine.environment [-] OS::Nova::FloatingIP is HIDDEN. Please use OS::Neutron::FloatingIP instead.
2026-02-12 01:45:01.554 69583 WARNING heat.engine.environment [-] OS::Nova::FloatingIPAssociation is HIDDEN. Please use OS::Neutron::FloatingIPAssociation instead.
2026-02-12 01:45:01.557 69583 INFO heat.engine.environment [-] Loading /etc/heat/environment.d/default.yaml
2026-02-12 01:45:01.557 69583 INFO heat.engine.environment [-] Registered: [Plugin](User:False) AWS::AutoScaling::AutoScalingGroup ->
2026-02-12 01:45:01.558 69583 INFO heat.engine.environment [-] Registered: [Plugin](User:False) AWS::AutoScaling::LaunchConfiguration ->
2026-02-12 01:45:01.558 69583 INFO heat.engine.environment [-] Registered: [Plugin](User:False) AWS::AutoScaling::ScalingPolicy ->
2026-02-12 01:45:01.558 69583 INFO heat.engine.environment [-] Registered: [Plugin](User:False) AWS::CloudFormation::Stack ->
2026-02-12 01:45:01.558 69583 INFO heat.engine.environment [-] Registered: [Plugin](User:False) AWS::CloudFormation::WaitCondition ->
2026-02-12 01:45:01.558 69583 INFO heat.engine.environment [-] Registered: [Plugin](User:False) AWS::CloudFormation::WaitConditionHandle ->
2026-02-12 01:45:01.558 69583 INFO heat.engine.environment [-] Registered: [Plugin](User:False) AWS::EC2::EIP ->
2026-02-12 01:45:01.558 69583 INFO heat.engine.environment [-] Registered: [Plugin](User:False) AWS::EC2::EIPAssociation ->
2026-02-12 01:45:01.558 69583 INFO heat.engine.environment [-] Registered: [Plugin](User:False) AWS::EC2::Instance ->
2026-02-12 01:45:01.558 69583 INFO heat.engine.environment [-] Registered: [Plugin](User:False) AWS::EC2::InternetGateway ->
2026-02-12 01:45:01.558 69583 INFO heat.engine.environment [-] Registered: [Plugin](User:False) AWS::EC2::VPCGatewayAttachment ->
2026-02-12 01:45:01.558 69583 INFO heat.engine.environment [-] Registered: [Plugin](User:False) AWS::EC2::NetworkInterface ->
2026-02-12 01:45:01.559 69583 INFO heat.engine.environment [-] Registered: [Plugin](User:False) AWS::EC2::RouteTable ->
2026-02-12 01:45:01.559 69583 INFO heat.engine.environment [-] Registered: [Plugin](User:False) AWS::EC2::SubnetRouteTableAssociation ->
2026-02-12 01:45:01.559 69583 INFO heat.engine.environment [-] Registered: [Plugin](User:False) AWS::EC2::SecurityGroup ->
2026-02-12 01:45:01.559 69583 INFO heat.engine.environment [-] Registered: [Plugin](User:False) AWS::EC2::Subnet ->
2026-02-12 01:45:01.559 69583 INFO heat.engine.environment [-] Registered: [Plugin](User:False) AWS::EC2::Volume ->
2026-02-12 01:45:01.559 69583 INFO heat.engine.environment [-] Registered: [Plugin](User:False) AWS::EC2::VolumeAttachment ->
2026-02-12 01:45:01.559 69583 INFO heat.engine.environment [-] Registered: [Plugin](User:False) AWS::EC2::VPC ->
2026-02-12 01:45:01.559 69583 INFO heat.engine.environment [-] Registered: [Plugin](User:False) AWS::IAM::User ->
2026-02-12 01:45:01.559 69583 INFO heat.engine.environment [-] Registered: [Plugin](User:False) AWS::IAM::AccessKey ->
2026-02-12 01:45:01.559 69583 INFO heat.engine.environment [-] Registered: [Plugin](User:False) AWS::ElasticLoadBalancing::LoadBalancer ->
2026-02-12 01:45:01.559 69583 INFO heat.engine.environment [-] Registered: [Plugin](User:False) AWS::S3::Bucket ->
