2026-02-12 00:36:21.054 39114 DEBUG oslo_service.service [-] heat_api_cloudwatch.tcp_keepidle = 600 log_opt_values /usr/lib/python3/dist-packages/oslo_config/cfg.py:2609
2026-02-12 00:36:21.055 39114 DEBUG oslo_service.service [-] heat_api_cloudwatch.workers = 1 log_opt_values /usr/lib/python3/dist-packages/oslo_config/cfg.py:2609
2026-02-12 00:36:21.055 39114 DEBUG oslo_service.service [-] eventlet_opts.client_socket_timeout = 900 log_opt_values /usr/lib/python3/dist-packages/oslo_config/cfg.py:2609
2026-02-12 00:36:21.055 39114 DEBUG oslo_service.service [-] eventlet_opts.wsgi_keep_alive = True log_opt_values /usr/lib/python3/dist-packages/oslo_config/cfg.py:2609
2026-02-12 00:36:21.055 39114 DEBUG oslo_service.service [-] paste_deploy.api_paste_config = /etc/heat/api-paste.ini log_opt_values /usr/lib/python3/dist-packages/oslo_config/cfg.py:2609
2026-02-12 00:36:21.055 39114 DEBUG oslo_service.service [-] paste_deploy.flavor = None log_opt_values /usr/lib/python3/dist-packages/oslo_config/cfg.py:2609
2026-02-12 00:36:21.055 39114 DEBUG oslo_service.service [-] auth_password.allowed_auth_uris = [] log_opt_values /usr/lib/python3/dist-packages/oslo_config/cfg.py:2609
2026-02-12 00:36:21.055 39114 DEBUG oslo_service.service [-] auth_password.multi_cloud = False log_opt_values /usr/lib/python3/dist-packages/oslo_config/cfg.py:2609
2026-02-12 00:36:21.057 39114 DEBUG oslo_service.service [-] revision.heat_revision = unknown log_opt_values /usr/lib/python3/dist-packages/oslo_config/cfg.py:2609
2026-02-12 00:36:21.057 39114 DEBUG oslo_service.service [-] volumes.backups_enabled = True log_opt_values /usr/lib/python3/dist-packages/oslo_config/cfg.py:2609
2026-02-12 00:36:21.057 39114 DEBUG oslo_service.service [-] noauth.token_response = log_opt_values /usr/lib/python3/dist-packages/oslo_config/cfg.py:2609
2026-02-12 00:36:21.057 39114 DEBUG oslo_service.service [-] clients.ca_file = None log_opt_values /usr/lib/python3/dist-packages/oslo_config/cfg.py:2609
2026-02-12 00:36:21.057 39114 DEBUG oslo_service.service [-] clients.cert_file = None log_opt_values /usr/lib/python3/dist-packages/oslo_config/cfg.py:2609
2026-02-12 00:36:21.057 39114 DEBUG oslo_service.service [-] clients.endpoint_type = publicURL log_opt_values /usr/lib/python3/dist-packages/oslo_config/cfg.py:2609
2026-02-12 00:36:21.057 39114 DEBUG oslo_service.service [-] clients.insecure = False log_opt_values /usr/lib/python3/dist-packages/oslo_config/cfg.py:2609
2026-02-12 00:36:21.059 39114 DEBUG oslo_service.service [-] clients.key_file = None log_opt_values /usr/lib/python3/dist-packages/oslo_config/cfg.py:2609
2026-02-12 00:36:21.059 39114 DEBUG oslo_service.service [-] clients_aodh.ca_file = None log_opt_values /usr/lib/python3/dist-packages/oslo_config/cfg.py:2609
2026-02-12 00:36:21.059 39114 DEBUG oslo_service.service [-] clients_aodh.cert_file = None log_opt_values /usr/lib/python3/dist-packages/oslo_config/cfg.py:2609
2026-02-12 00:36:21.059 39114 DEBUG oslo_service.service [-] clients_aodh.endpoint_type = None log_opt_values /usr/lib/python3/dist-packages/oslo_config/cfg.py:2609
2026-02-12 00:36:21.059 39114 DEBUG oslo_service.service [-] clients_aodh.insecure = None log_opt_values /usr/lib/python3/dist-packages/oslo_config/cfg.py:2609
2026-02-12 00:36:21.059 39114 DEBUG oslo_service.service [-] clients_aodh.key_file = None log_opt_values /usr/lib/python3/dist-packages/oslo_config/cfg.py:2609
2026-02-12 00:36:21.059 39114 DEBUG oslo_service.service [-] clients_barbican.ca_file = None log_opt_values /usr/lib/python3/dist-packages/oslo_config/cfg.py:2609
2026-02-12 00:36:21.059 39114 DEBUG oslo_service.service [-] clients_barbican.cert_file = None log_opt_values /usr/lib/python3/dist-packages/oslo_config/cfg.py:2609
2026-02-12 00:36:21.060 39114 DEBUG oslo_service.service [-] clients_barbican.endpoint_type = None log_opt_values /usr/lib/python3/dist-packages/oslo_config/cfg.py:2609
2026-02-12 00:36:21.060 39114 DEBUG oslo_service.service [-] clients_barbican.insecure = None log_opt_values /usr/lib/python3/dist-packages/oslo_config/cfg.py:2609
2026-02-12 00:36:21.060 39114 DEBUG oslo_service.service [-] clients_barbican.key_file = None log_opt_values /usr/lib/python3/dist-packages/oslo_config/cfg.py:2609
2026-02-12 00:36:21.060 39114 DEBUG oslo_service.service [-] clients_cinder.ca_file = None log_opt_values /usr/lib/python3/dist-packages/oslo_config/cfg.py:2609
2026-02-12 00:36:21.060 39114 DEBUG oslo_service.service [-] clients_cinder.cert_file = None log_opt_values /usr/lib/python3/dist-packages/oslo_config/cfg.py:2609
2026-02-12 00:36:21.060 39114 DEBUG oslo_service.service [-] clients_cinder.endpoint_type = None log_opt_values /usr/lib/python3/dist-packages/oslo_config/cfg.py:2609
2026-02-12 00:36:21.060 39114 DEBUG oslo_service.service [-] clients_cinder.http_log_debug = False log_opt_values /usr/lib/python3/dist-packages/oslo_config/cfg.py:2609
2026-02-12 00:36:21.060 39114 DEBUG oslo_service.service [-] clients_cinder.insecure = None log_opt_values /usr/lib/python3/dist-packages/oslo_config/cfg.py:2609
2026-02-12 00:36:21.060 39114 DEBUG oslo_service.service [-] clients_cinder.key_file = None log_opt_values /usr/lib/python3/dist-packages/oslo_config/cfg.py:2609
2026-02-12 00:36:21.061 39114 DEBUG oslo_service.service [-] clients_designate.ca_file = None log_opt_values /usr/lib/python3/dist-packages/oslo_config/cfg.py:2609
2026-02-12 00:36:21.061 39114 DEBUG oslo_service.service [-] clients_designate.cert_file = None log_opt_values /usr/lib/python3/dist-packages/oslo_config/cfg.py:2609
2026-02-12 00:36:21.061 39114 DEBUG oslo_service.service [-] clients_designate.endpoint_type = None log_opt_values /usr/lib/python3/dist-packages/oslo_config/cfg.py:2609
2026-02-12 00:36:21.061 39114 DEBUG oslo_service.service [-] clients_designate.insecure = None log_opt_values /usr/lib/python3/dist-packages/oslo_config/cfg.py:2609
2026-02-12 00:36:21.061 39114 DEBUG oslo_service.service [-] clients_designate.key_file = None log_opt_values /usr/lib/python3/dist-packages/oslo_config/cfg.py:2609
2026-02-12 00:36:21.061 39114 DEBUG oslo_service.service [-] clients_glance.ca_file = None log_opt_values /usr/lib/python3/dist-packages/oslo_config/cfg.py:2609
2026-02-12 00:36:21.061 39114 DEBUG oslo_service.service [-] clients_glance.cert_file = None log_opt_values /usr/lib/python3/dist-packages/oslo_config/cfg.py:2609
2026-02-12 00:36:21.061 39114 DEBUG oslo_service.service [-] clients_glance.endpoint_type = None log_opt_values /usr/lib/python3/dist-packages/oslo_config/cfg.py:2609
2026-02-12 00:36:21.061 39114 DEBUG oslo_service.service [-] clients_glance.insecure = None log_opt_values /usr/lib/python3/dist-packages/oslo_config/cfg.py:2609
2026-02-12 00:36:21.061 39114 DEBUG oslo_service.service [-] clients_glance.key_file = None log_opt_values /usr/lib/python3/dist-packages/oslo_config/cfg.py:2609
2026-02-12 00:36:21.062 39114 DEBUG oslo_service.service [-] clients_heat.ca_file = None log_opt_values /usr/lib/python3/dist-packages/oslo_config/cfg.py:2609
2026-02-12 00:36:21.065 39114 DEBUG oslo_service.service [-] clients_heat.cert_file = None log_opt_values /usr/lib/python3/dist-packages/oslo_config/cfg.py:2609
2026-02-12 00:36:21.066 39114 DEBUG oslo_service.service [-] clients_heat.endpoint_type = None log_opt_values /usr/lib/python3/dist-packages/oslo_config/cfg.py:2609
2026-02-12 00:36:21.066 39114 DEBUG oslo_service.service [-] clients_heat.insecure = None log_opt_values /usr/lib/python3/dist-packages/oslo_config/cfg.py:2609
2026-02-12 00:36:21.066 39114 DEBUG oslo_service.service [-] clients_heat.key_file = None log_opt_values /usr/lib/python3/dist-packages/oslo_config/cfg.py:2609
2026-02-12 00:36:21.066 39114 DEBUG oslo_service.service [-] clients_heat.url = log_opt_values /usr/lib/python3/dist-packages/oslo_config/cfg.py:2609
2026-02-12 00:36:21.066 39114 DEBUG oslo_service.service [-] clients_keystone.auth_uri = http://252.242.79.88:5050 log_opt_values /usr/lib/python3/dist-packages/oslo_config/cfg.py:2609
2026-02-12 00:36:21.066 39114 DEBUG oslo_service.service [-] clients_keystone.ca_file = None log_opt_values /usr/lib/python3/dist-packages/oslo_config/cfg.py:2609
2026-02-12 00:36:21.066 39114 DEBUG oslo_service.service [-] clients_keystone.cert_file = None log_opt_values /usr/lib/python3/dist-packages/oslo_config/cfg.py:2609
2026-02-12 00:36:21.067 39114 DEBUG oslo_service.service [-] clients_keystone.endpoint_type = None log_opt_values /usr/lib/python3/dist-packages/oslo_config/cfg.py:2609
2026-02-12 00:36:21.067 39114 DEBUG oslo_service.service [-] clients_keystone.insecure = None log_opt_values /usr/lib/python3/dist-packages/oslo_config/cfg.py:2609
2026-02-12 00:36:21.067 39114 DEBUG oslo_service.service [-] clients_keystone.key_file = None log_opt_values /usr/lib/python3/dist-packages/oslo_config/cfg.py:2609
2026-02-12 00:36:21.068 39114 DEBUG oslo_service.service [-] clients_magnum.ca_file = None log_opt_values /usr/lib/python3/dist-packages/oslo_config/cfg.py:2609
2026-02-12 00:36:21.068 39114 DEBUG oslo_service.service [-] clients_magnum.cert_file = None log_opt_values /usr/lib/python3/dist-packages/oslo_config/cfg.py:2609
2026-02-12 00:36:21.068 39114 DEBUG oslo_service.service [-] clients_magnum.endpoint_type = None log_opt_values /usr/lib/python3/dist-packages/oslo_config/cfg.py:2609
2026-02-12 00:36:21.068 39114 DEBUG oslo_service.service [-] clients_magnum.insecure = None log_opt_values /usr/lib/python3/dist-packages/oslo_config/cfg.py:2609
2026-02-12 00:36:21.068 39114 DEBUG oslo_service.service [-] clients_magnum.key_file = None log_opt_values /usr/lib/python3/dist-packages/oslo_config/cfg.py:2609
2026-02-12 00:36:21.069 39114 DEBUG oslo_service.service [-] clients_manila.ca_file = None log_opt_values /usr/lib/python3/dist-packages/oslo_config/cfg.py:2609
2026-02-12 00:36:21.069 39114 DEBUG oslo_service.service [-] clients_manila.cert_file = None log_opt_values /usr/lib/python3/dist-packages/oslo_config/cfg.py:2609
2026-02-12 00:36:21.069 39114 DEBUG oslo_service.service [-] clients_manila.endpoint_type = None log_opt_values /usr/lib/python3/dist-packages/oslo_config/cfg.py:2609
2026-02-12 00:36:21.071 39114 DEBUG oslo_service.service [-] clients_manila.insecure = None log_opt_values /usr/lib/python3/dist-packages/oslo_config/cfg.py:2609
2026-02-12 00:36:21.071 39114 DEBUG oslo_service.service [-] clients_manila.key_file = None log_opt_values /usr/lib/python3/dist-packages/oslo_config/cfg.py:2609
2026-02-12 00:36:21.071 39114 DEBUG oslo_service.service [-] clients_mistral.ca_file = None log_opt_values /usr/lib/python3/dist-packages/oslo_config/cfg.py:2609
2026-02-12 00:36:21.071 39114 DEBUG oslo_service.service [-] clients_mistral.cert_file = None log_opt_values /usr/lib/python3/dist-packages/oslo_config/cfg.py:2609
2026-02-12 00:36:21.071 39114 DEBUG oslo_service.service [-] clients_mistral.endpoint_type = None log_opt_values /usr/lib/python3/dist-packages/oslo_config/cfg.py:2609
2026-02-12 00:36:21.072 39114 DEBUG oslo_service.service [-] clients_mistral.insecure = None log_opt_values /usr/lib/python3/dist-packages/oslo_config/cfg.py:2609
2026-02-12 00:36:21.072 39114 DEBUG oslo_service.service [-] clients_mistral.key_file = None log_opt_values /usr/lib/python3/dist-packages/oslo_config/cfg.py:2609
2026-02-12 00:36:21.072 39114 DEBUG oslo_service.service [-] clients_monasca.ca_file = None log_opt_values /usr/lib/python3/dist-packages/oslo_config/cfg.py:2609
2026-02-12 00:36:21.072 39114 DEBUG oslo_service.service [-] clients_monasca.cert_file = None log_opt_values /usr/lib/python3/dist-packages/oslo_config/cfg.py:2609
2026-02-12 00:36:21.072 39114 DEBUG oslo_service.service [-] clients_monasca.endpoint_type = None log_opt_values /usr/lib/python3/dist-packages/oslo_config/cfg.py:2609
2026-02-12 00:36:21.072 39114 DEBUG oslo_service.service [-] clients_monasca.insecure = None log_opt_values /usr/lib/python3/dist-packages/oslo_config/cfg.py:2609
2026-02-12 00:36:21.073 39114 DEBUG oslo_service.service [-] clients_monasca.key_file = None log_opt_values /usr/lib/python3/dist-packages/oslo_config/cfg.py:2609
2026-02-12 00:36:21.073 39114 DEBUG oslo_service.service [-] clients_neutron.ca_file = None log_opt_values /usr/lib/python3/dist-packages/oslo_config/cfg.py:2609
2026-02-12 00:36:21.074 39114 DEBUG oslo_service.service [-] clients_neutron.cert_file = None log_opt_values /usr/lib/python3/dist-packages/oslo_config/cfg.py:2609
2026-02-12 00:36:21.074 39114 DEBUG oslo_service.service [-] clients_neutron.endpoint_type = None log_opt_values /usr/lib/python3/dist-packages/oslo_config/cfg.py:2609
2026-02-12 00:36:21.074 39114 DEBUG oslo_service.service [-] clients_neutron.insecure = None log_opt_values /usr/lib/python3/dist-packages/oslo_config/cfg.py:2609
2026-02-12 00:36:21.074 39114 DEBUG oslo_service.service [-] clients_neutron.key_file = None log_opt_values /usr/lib/python3/dist-packages/oslo_config/cfg.py:2609
2026-02-12 00:36:21.075 39114 DEBUG oslo_service.service [-] clients_nova.ca_file = None log_opt_values /usr/lib/python3/dist-packages/oslo_config/cfg.py:2609
2026-02-12 00:36:21.075 39114 DEBUG oslo_service.service [-] clients_nova.cert_file = None log_opt_values /usr/lib/python3/dist-packages/oslo_config/cfg.py:2609
2026-02-12 00:36:21.078 39114 DEBUG oslo_service.service [-] clients_nova.endpoint_type = None log_opt_values /usr/lib/python3/dist-packages/oslo_config/cfg.py:2609
2026-02-12 00:36:21.078 39114 DEBUG oslo_service.service [-] clients_nova.http_log_debug = False log_opt_values /usr/lib/python3/dist-packages/oslo_config/cfg.py:2609
2026-02-12 00:36:21.079 39114 DEBUG oslo_service.service [-] clients_nova.insecure = None log_opt_values /usr/lib/python3/dist-packages/oslo_config/cfg.py:2609
2026-02-12 00:36:21.079 39114 DEBUG oslo_service.service [-] clients_nova.key_file = None log_opt_values /usr/lib/python3/dist-packages/oslo_config/cfg.py:2609
2026-02-12 00:36:21.079 39114 DEBUG oslo_service.service [-] clients_octavia.ca_file = None log_opt_values /usr/lib/python3/dist-packages/oslo_config/cfg.py:2609
2026-02-12 00:36:21.079 39114 DEBUG oslo_service.service [-] clients_octavia.cert_file = None log_opt_values /usr/lib/python3/dist-packages/oslo_config/cfg.py:2609
2026-02-12 00:36:21.079 39114 DEBUG oslo_service.service [-] clients_octavia.endpoint_type = None log_opt_values /usr/lib/python3/dist-packages/oslo_config/cfg.py:2609
2026-02-12 00:36:21.079 39114 DEBUG oslo_service.service [-] clients_octavia.insecure = None log_opt_values /usr/lib/python3/dist-packages/oslo_config/cfg.py:2609
2026-02-12 00:36:21.081 39114 DEBUG oslo_service.service [-] clients_octavia.key_file = None log_opt_values /usr/lib/python3/dist-packages/oslo_config/cfg.py:2609
2026-02-12 00:36:21.082 39114 DEBUG oslo_service.service [-] clients_sahara.ca_file = None log_opt_values /usr/lib/python3/dist-packages/oslo_config/cfg.py:2609
2026-02-12 00:36:21.082 39114 DEBUG oslo_service.service [-] clients_sahara.cert_file = None log_opt_values /usr/lib/python3/dist-packages/oslo_config/cfg.py:2609
2026-02-12 00:36:21.082 39114 DEBUG oslo_service.service [-] clients_sahara.endpoint_type = None log_opt_values /usr/lib/python3/dist-packages/oslo_config/cfg.py:2609
2026-02-12 00:36:21.082 39114 DEBUG oslo_service.service [-] clients_sahara.insecure = None log_opt_values /usr/lib/python3/dist-packages/oslo_config/cfg.py:2609
2026-02-12 00:36:21.082 39114 DEBUG oslo_service.service [-] clients_sahara.key_file = None log_opt_values /usr/lib/python3/dist-packages/oslo_config/cfg.py:2609
2026-02-12 00:36:21.082 39114 DEBUG oslo_service.service [-] clients_senlin.ca_file = None log_opt_values /usr/lib/python3/dist-packages/oslo_config/cfg.py:2609
2026-02-12 00:36:21.082 39114 DEBUG oslo_service.service [-] clients_senlin.cert_file = None log_opt_values /usr/lib/python3/dist-packages/oslo_config/cfg.py:2609
2026-02-12 00:36:21.084 39114 DEBUG oslo_service.service [-] clients_senlin.endpoint_type = None log_opt_values /usr/lib/python3/dist-packages/oslo_config/cfg.py:2609
2026-02-12 00:36:21.084 39114 DEBUG oslo_service.service [-] clients_senlin.insecure = None log_opt_values /usr/lib/python3/dist-packages/oslo_config/cfg.py:2609
2026-02-12 00:36:21.084 39114 DEBUG oslo_service.service [-] clients_senlin.key_file = None log_opt_values /usr/lib/python3/dist-packages/oslo_config/cfg.py:2609
2026-02-12 00:36:21.084 39114 DEBUG oslo_service.service [-] clients_swift.ca_file = None log_opt_values /usr/lib/python3/dist-packages/oslo_config/cfg.py:2609
2026-02-12 00:36:21.084 39114 DEBUG oslo_service.service [-] clients_swift.cert_file = None log_opt_values /usr/lib/python3/dist-packages/oslo_config/cfg.py:2609
2026-02-12 00:36:21.084 39114 DEBUG oslo_service.service [-] clients_swift.endpoint_type = None log_opt_values /usr/lib/python3/dist-packages/oslo_config/cfg.py:2609
2026-02-12 00:36:21.088 39114 DEBUG oslo_service.service [-] clients_swift.insecure = None log_opt_values /usr/lib/python3/dist-packages/oslo_config/cfg.py:2609
2026-02-12 00:36:21.088 39114 DEBUG oslo_service.service [-] clients_swift.key_file = None log_opt_values /usr/lib/python3/dist-packages/oslo_config/cfg.py:2609
2026-02-12 00:36:21.088 39114 DEBUG oslo_service.service [-] clients_trove.ca_file = None log_opt_values /usr/lib/python3/dist-packages/oslo_config/cfg.py:2609
2026-02-12 00:36:21.088 39114 DEBUG oslo_service.service [-] clients_trove.cert_file = None log_opt_values /usr/lib/python3/dist-packages/oslo_config/cfg.py:2609
2026-02-12 00:36:21.088 39114 DEBUG oslo_service.service [-] clients_trove.endpoint_type = None log_opt_values /usr/lib/python3/dist-packages/oslo_config/cfg.py:2609
2026-02-12 00:36:21.089 39114 DEBUG oslo_service.service [-] clients_trove.insecure = None log_opt_values /usr/lib/python3/dist-packages/oslo_config/cfg.py:2609
2026-02-12 00:36:21.089 39114 DEBUG oslo_service.service [-] clients_trove.key_file = None log_opt_values /usr/lib/python3/dist-packages/oslo_config/cfg.py:2609
2026-02-12 00:36:21.089 39114 DEBUG oslo_service.service [-] clients_vitrage.ca_file = None log_opt_values /usr/lib/python3/dist-packages/oslo_config/cfg.py:2609
2026-02-12 00:36:21.089 39114 DEBUG oslo_service.service [-] clients_vitrage.cert_file = None log_opt_values /usr/lib/python3/dist-packages/oslo_config/cfg.py:2609
2026-02-12 00:36:21.089 39114 DEBUG oslo_service.service [-] clients_vitrage.endpoint_type = None log_opt_values /usr/lib/python3/dist-packages/oslo_config/cfg.py:2609
2026-02-12 00:36:21.089 39114 DEBUG oslo_service.service [-] clients_vitrage.insecure = None log_opt_values /usr/lib/python3/dist-packages/oslo_config/cfg.py:2609
2026-02-12 00:36:21.089 39114 DEBUG oslo_service.service [-] clients_vitrage.key_file = None log_opt_values /usr/lib/python3/dist-packages/oslo_config/cfg.py:2609
2026-02-12 00:36:21.089 39114 DEBUG oslo_service.service [-] clients_zaqar.ca_file = None log_opt_values /usr/lib/python3/dist-packages/oslo_config/cfg.py:2609
2026-02-12 00:36:21.089 39114 DEBUG oslo_service.service [-] clients_zaqar.cert_file = None log_opt_values /usr/lib/python3/dist-packages/oslo_config/cfg.py:2609
2026-02-12 00:36:21.090 39114 DEBUG oslo_service.service [-] clients_zaqar.endpoint_type = None log_opt_values /usr/lib/python3/dist-packages/oslo_config/cfg.py:2609
2026-02-12 00:36:21.090 39114 DEBUG oslo_service.service [-] clients_zaqar.insecure = None log_opt_values /usr/lib/python3/dist-packages/oslo_config/cfg.py:2609
2026-02-12 00:36:21.090 39114 DEBUG oslo_service.service [-] clients_zaqar.key_file = None log_opt_values /usr/lib/python3/dist-packages/oslo_config/cfg.py:2609
2026-02-12 00:36:21.090 39114 DEBUG oslo_service.service [-] database.backend = sqlalchemy log_opt_values /usr/lib/python3/dist-packages/oslo_config/cfg.py:2609
2026-02-12 00:36:21.090 39114 DEBUG oslo_service.service [-] database.connection = **** log_opt_values /usr/lib/python3/dist-packages/oslo_config/cfg.py:2609
2026-02-12 00:36:21.090 39114 DEBUG oslo_service.service [-] database.connection_debug = 0 log_opt_values /usr/lib/python3/dist-packages/oslo_config/cfg.py:2609
2026-02-12 00:36:21.090 39114 DEBUG oslo_service.service [-] database.connection_parameters = log_opt_values /usr/lib/python3/dist-packages/oslo_config/cfg.py:2609
2026-02-12 00:36:21.091 39114 DEBUG oslo_service.service [-] database.connection_recycle_time = 3600 log_opt_values /usr/lib/python3/dist-packages/oslo_config/cfg.py:2609
2026-02-12 00:36:21.091 39114 DEBUG oslo_service.service [-] database.connection_trace = False log_opt_values /usr/lib/python3/dist-packages/oslo_config/cfg.py:2609
2026-02-12 00:36:21.091 39114 DEBUG oslo_service.service [-] database.db_inc_retry_interval = True log_opt_values /usr/lib/python3/dist-packages/oslo_config/cfg.py:2609
2026-02-12 00:36:21.091 39114 DEBUG oslo_service.service [-] database.db_max_retries = 20 log_opt_values /usr/lib/python3/dist-packages/oslo_config/cfg.py:2609
2026-02-12 00:36:21.092 39114 DEBUG oslo_service.service [-] database.db_max_retry_interval = 10 log_opt_values /usr/lib/python3/dist-packages/oslo_config/cfg.py:2609
2026-02-12 00:36:21.092 39114 DEBUG oslo_service.service [-] database.db_retry_interval = 1 log_opt_values /usr/lib/python3/dist-packages/oslo_config/cfg.py:2609
2026-02-12 00:36:21.092 39114 DEBUG oslo_service.service [-] database.max_overflow = 50 log_opt_values /usr/lib/python3/dist-packages/oslo_config/cfg.py:2609
2026-02-12 00:36:21.093 39114 DEBUG oslo_service.service [-] database.max_pool_size = 5 log_opt_values /usr/lib/python3/dist-packages/oslo_config/cfg.py:2609
2026-02-12 00:36:21.093 39114 DEBUG oslo_service.service [-] database.max_retries = 10 log_opt_values /usr/lib/python3/dist-packages/oslo_config/cfg.py:2609
2026-02-12 00:36:21.093 39114 DEBUG oslo_service.service [-] database.mysql_enable_ndb = False log_opt_values /usr/lib/python3/dist-packages/oslo_config/cfg.py:2609
2026-02-12 00:36:21.093 39114 DEBUG oslo_service.service [-] database.mysql_sql_mode = TRADITIONAL log_opt_values /usr/lib/python3/dist-packages/oslo_config/cfg.py:2609
2026-02-12 00:36:21.093 39114 DEBUG oslo_service.service [-] database.pool_timeout = None log_opt_values /usr/lib/python3/dist-packages/oslo_config/cfg.py:2609
2026-02-12 00:36:21.093 39114 DEBUG oslo_service.service [-] database.retry_interval = 10 log_opt_values /usr/lib/python3/dist-packages/oslo_config/cfg.py:2609
2026-02-12 00:36:21.093 39114 DEBUG oslo_service.service [-] database.slave_connection = **** log_opt_values /usr/lib/python3/dist-packages/oslo_config/cfg.py:2609
2026-02-12 00:36:21.093 39114 DEBUG oslo_service.service [-] database.sqlite_synchronous = True log_opt_values /usr/lib/python3/dist-packages/oslo_config/cfg.py:2609
2026-02-12 00:36:21.094 39114 DEBUG oslo_service.service [-] database.use_db_reconnect = False log_opt_values /usr/lib/python3/dist-packages/oslo_config/cfg.py:2609
2026-02-12 00:36:21.094 39114 DEBUG oslo_service.service [-] oslo_messaging_metrics.metrics_buffer_size = 1000 log_opt_values /usr/lib/python3/dist-packages/oslo_config/cfg.py:2609
2026-02-12 00:36:21.095 39114 DEBUG oslo_service.service [-] oslo_messaging_metrics.metrics_enabled = False log_opt_values /usr/lib/python3/dist-packages/oslo_config/cfg.py:2609
2026-02-12 00:36:21.095 39114 DEBUG oslo_service.service [-] oslo_messaging_metrics.metrics_process_name = log_opt_values /usr/lib/python3/dist-packages/oslo_config/cfg.py:2609
2026-02-12 00:36:21.095 39114 DEBUG oslo_service.service [-] oslo_messaging_metrics.metrics_socket_file = /var/tmp/metrics_collector.sock log_opt_values /usr/lib/python3/dist-packages/oslo_config/cfg.py:2609
2026-02-12 00:36:21.095 39114 DEBUG oslo_service.service [-] oslo_messaging_metrics.metrics_thread_stop_timeout = 10 log_opt_values /usr/lib/python3/dist-packages/oslo_config/cfg.py:2609
2026-02-12 00:36:21.096 39114 DEBUG oslo_service.service [-] oslo_policy.enforce_new_defaults = False log_opt_values /usr/lib/python3/dist-packages/oslo_config/cfg.py:2609
2026-02-12 00:36:21.097 39328 INFO heat.engine.worker [-] Starting engine_worker (1.4) in engine 0fa681ee-e5ed-48e5-908e-1fcdc9e80dbb.
2026-02-12 00:36:21.096 39114 DEBUG oslo_service.service [-] oslo_policy.enforce_scope = False log_opt_values /usr/lib/python3/dist-packages/oslo_config/cfg.py:2609
2026-02-12 00:36:21.099 39114 DEBUG oslo_service.service [-] oslo_policy.policy_default_rule = default log_opt_values /usr/lib/python3/dist-packages/oslo_config/cfg.py:2609
2026-02-12 00:36:21.099 39114 DEBUG oslo_service.service [-] oslo_policy.policy_dirs = ['policy.d'] log_opt_values /usr/lib/python3/dist-packages/oslo_config/cfg.py:2609
2026-02-12 00:36:21.099 39114 DEBUG oslo_service.service [-] oslo_policy.policy_file = policy.yaml log_opt_values /usr/lib/python3/dist-packages/oslo_config/cfg.py:2609
2026-02-12 00:36:21.099 39114 DEBUG oslo_service.service [-] oslo_policy.remote_content_type = application/x-www-form-urlencoded log_opt_values /usr/lib/python3/dist-packages/oslo_config/cfg.py:2609
2026-02-12 00:36:21.100 39114 DEBUG oslo_service.service [-] oslo_policy.remote_ssl_ca_crt_file = None log_opt_values /usr/lib/python3/dist-packages/oslo_config/cfg.py:2609
2026-02-12 00:36:21.100 39114 DEBUG oslo_service.service [-] oslo_policy.remote_ssl_client_crt_file = None log_opt_values /usr/lib/python3/dist-packages/oslo_config/cfg.py:2609
2026-02-12 00:36:21.100 39114 DEBUG oslo_service.service [-] oslo_policy.remote_ssl_client_key_file = None log_opt_values /usr/lib/python3/dist-packages/oslo_config/cfg.py:2609
2026-02-12 00:36:21.100 39114 DEBUG oslo_service.service [-] oslo_policy.remote_ssl_verify_server_crt = False log_opt_values /usr/lib/python3/dist-packages/oslo_config/cfg.py:2609
2026-02-12 00:36:21.101 39114 DEBUG oslo_service.service [-] trustee.auth_section = None log_opt_values /usr/lib/python3/dist-packages/oslo_config/cfg.py:2609
2026-02-12 00:36:21.101 39114 WARNING oslo_config.cfg [-] Deprecated: Option "auth_plugin" from group "trustee" is deprecated. Use option "auth_type" from group "trustee".
2026-02-12 00:36:21.101 39114 DEBUG oslo_service.service [-] trustee.auth_type = password log_opt_values /usr/lib/python3/dist-packages/oslo_config/cfg.py:2609
2026-02-12 00:36:21.101 39114 DEBUG oslo_service.service [-] oslo_versionedobjects.fatal_exception_format_errors = False log_opt_values /usr/lib/python3/dist-packages/oslo_config/cfg.py:2609
2026-02-12 00:36:21.101 39114 DEBUG oslo_service.service [-] oslo_messaging_rabbit.amqp_auto_delete = False log_opt_values /usr/lib/python3/dist-packages/oslo_config/cfg.py:2609
2026-02-12 00:36:21.102 39114 DEBUG oslo_service.service [-] oslo_messaging_rabbit.amqp_durable_queues = False log_opt_values /usr/lib/python3/dist-packages/oslo_config/cfg.py:2609
2026-02-12 00:36:21.103 39114 DEBUG oslo_service.service [-] oslo_messaging_rabbit.conn_pool_min_size = 2 log_opt_values /usr/lib/python3/dist-packages/oslo_config/cfg.py:2609
2026-02-12 00:36:21.103 39114 DEBUG oslo_service.service [-] oslo_messaging_rabbit.conn_pool_ttl = 1200 log_opt_values /usr/lib/python3/dist-packages/oslo_config/cfg.py:2609
2026-02-12 00:36:21.103 39114 DEBUG oslo_service.service [-] oslo_messaging_rabbit.direct_mandatory_flag = True log_opt_values /usr/lib/python3/dist-packages/oslo_config/cfg.py:2609
2026-02-12 00:36:21.104 39114 DEBUG oslo_service.service [-] oslo_messaging_rabbit.enable_cancel_on_failover = False log_opt_values /usr/lib/python3/dist-packages/oslo_config/cfg.py:2609
2026-02-12 00:36:21.104 39114 DEBUG oslo_service.service [-] oslo_messaging_rabbit.heartbeat_in_pthread = False log_opt_values /usr/lib/python3/dist-packages/oslo_config/cfg.py:2609
2026-02-12 00:36:21.104 39114 DEBUG oslo_service.service [-] oslo_messaging_rabbit.heartbeat_rate = 2 log_opt_values /usr/lib/python3/dist-packages/oslo_config/cfg.py:2609
2026-02-12 00:36:21.104 39114 DEBUG oslo_service.service [-] oslo_messaging_rabbit.heartbeat_timeout_threshold = 60 log_opt_values /usr/lib/python3/dist-packages/oslo_config/cfg.py:2609
2026-02-12 00:36:21.105 39114 DEBUG oslo_service.service [-] oslo_messaging_rabbit.kombu_compression = None log_opt_values /usr/lib/python3/dist-packages/oslo_config/cfg.py:2609
2026-02-12 00:36:21.105 39114 DEBUG oslo_service.service [-] oslo_messaging_rabbit.kombu_failover_strategy = round-robin log_opt_values /usr/lib/python3/dist-packages/oslo_config/cfg.py:2609
2026-02-12 00:36:21.105 39114 DEBUG oslo_service.service [-] oslo_messaging_rabbit.kombu_missing_consumer_retry_timeout = 60 log_opt_values /usr/lib/python3/dist-packages/oslo_config/cfg.py:2609
2026-02-12 00:36:21.106 39114 DEBUG oslo_service.service [-] oslo_messaging_rabbit.kombu_reconnect_delay = 1.0 log_opt_values /usr/lib/python3/dist-packages/oslo_config/cfg.py:2609
2026-02-12 00:36:21.106 39114 DEBUG oslo_service.service [-] oslo_messaging_rabbit.rabbit_ha_queues = False log_opt_values /usr/lib/python3/dist-packages/oslo_config/cfg.py:2609
2026-02-12 00:36:21.106 39114 DEBUG oslo_service.service [-] oslo_messaging_rabbit.rabbit_interval_max = 30 log_opt_values /usr/lib/python3/dist-packages/oslo_config/cfg.py:2609
2026-02-12 00:36:21.106 39114 DEBUG oslo_service.service [-] oslo_messaging_rabbit.rabbit_login_method = AMQPLAIN log_opt_values /usr/lib/python3/dist-packages/oslo_config/cfg.py:2609
2026-02-12 00:36:21.106 39114 DEBUG oslo_service.service [-] oslo_messaging_rabbit.rabbit_qos_prefetch_count = 0 log_opt_values /usr/lib/python3/dist-packages/oslo_config/cfg.py:2609
2026-02-12 00:36:21.106 39114 DEBUG oslo_service.service [-] oslo_messaging_rabbit.rabbit_quorum_queue = False log_opt_values /usr/lib/python3/dist-packages/oslo_config/cfg.py:2609
2026-02-12 00:36:21.106 39114 DEBUG oslo_service.service [-] oslo_messaging_rabbit.rabbit_retry_backoff = 2 log_opt_values /usr/lib/python3/dist-packages/oslo_config/cfg.py:2609
2026-02-12 00:36:21.106 39114 DEBUG oslo_service.service [-] oslo_messaging_rabbit.rabbit_retry_interval = 1 log_opt_values /usr/lib/python3/dist-packages/oslo_config/cfg.py:2609
2026-02-12 00:36:21.107 39114 DEBUG oslo_service.service [-] oslo_messaging_rabbit.rabbit_transient_queues_ttl = 1800 log_opt_values /usr/lib/python3/dist-packages/oslo_config/cfg.py:2609
2026-02-12 00:36:21.107 39114 DEBUG oslo_service.service [-] oslo_messaging_rabbit.rpc_conn_pool_size = 30 log_opt_values /usr/lib/python3/dist-packages/oslo_config/cfg.py:2609
2026-02-12 00:36:21.107 39114 DEBUG oslo_service.service [-] oslo_messaging_rabbit.ssl = False log_opt_values /usr/lib/python3/dist-packages/oslo_config/cfg.py:2609
2026-02-12 00:36:21.107 39114 DEBUG oslo_service.service [-] oslo_messaging_rabbit.ssl_ca_file = log_opt_values /usr/lib/python3/dist-packages/oslo_config/cfg.py:2609
2026-02-12 00:36:21.107 39114 DEBUG oslo_service.service [-] oslo_messaging_rabbit.ssl_cert_file = log_opt_values /usr/lib/python3/dist-packages/oslo_config/cfg.py:2609
2026-02-12 00:36:21.107 39114 DEBUG oslo_service.service [-] oslo_messaging_rabbit.ssl_key_file = log_opt_values /usr/lib/python3/dist-packages/oslo_config/cfg.py:2609
2026-02-12 00:36:21.107 39114 DEBUG oslo_service.service [-] oslo_messaging_rabbit.ssl_version = log_opt_values /usr/lib/python3/dist-packages/oslo_config/cfg.py:2609
2026-02-12 00:36:21.107 39114 DEBUG oslo_service.service [-] oslo_messaging_notifications.driver = [] log_opt_values /usr/lib/python3/dist-packages/oslo_config/cfg.py:2609
2026-02-12 00:36:21.107 39114 DEBUG oslo_service.service [-] oslo_messaging_notifications.retry = -1 log_opt_values /usr/lib/python3/dist-packages/oslo_config/cfg.py:2609
2026-02-12 00:36:21.108 39114 DEBUG oslo_service.service [-] oslo_messaging_notifications.topics = ['notifications'] log_opt_values /usr/lib/python3/dist-packages/oslo_config/cfg.py:2609
2026-02-12 00:36:21.108 39114 DEBUG oslo_service.service [-] oslo_messaging_notifications.transport_url = **** log_opt_values /usr/lib/python3/dist-packages/oslo_config/cfg.py:2609
2026-02-12 00:36:21.108 39114 DEBUG oslo_service.service [-] cache.backend = dogpile.cache.null log_opt_values /usr/lib/python3/dist-packages/oslo_config/cfg.py:2609
2026-02-12 00:36:21.108 39114 DEBUG oslo_service.service [-] cache.backend_argument = **** log_opt_values /usr/lib/python3/dist-packages/oslo_config/cfg.py:2609
2026-02-12 00:36:21.109 39114 DEBUG oslo_service.service [-] cache.config_prefix = cache.oslo log_opt_values /usr/lib/python3/dist-packages/oslo_config/cfg.py:2609
2026-02-12 00:36:21.109 39114 DEBUG oslo_service.service [-] cache.debug_cache_backend = False log_opt_values /usr/lib/python3/dist-packages/oslo_config/cfg.py:2609
2026-02-12 00:36:21.109 39114 DEBUG oslo_service.service [-] cache.enabled = False log_opt_values /usr/lib/python3/dist-packages/oslo_config/cfg.py:2609
2026-02-12 00:36:21.110 39114 DEBUG oslo_service.service [-] cache.expiration_time = 600 log_opt_values /usr/lib/python3/dist-packages/oslo_config/cfg.py:2609
2026-02-12 00:36:21.110 39114 DEBUG oslo_service.service [-] cache.memcache_dead_retry = 300 log_opt_values /usr/lib/python3/dist-packages/oslo_config/cfg.py:2609
2026-02-12 00:36:21.110 39114 DEBUG oslo_service.service [-] cache.memcache_pool_connection_get_timeout = 10 log_opt_values /usr/lib/python3/dist-packages/oslo_config/cfg.py:2609
2026-02-12 00:36:21.110 39114 DEBUG oslo_service.service [-] cache.memcache_pool_flush_on_reconnect = False log_opt_values /usr/lib/python3/dist-packages/oslo_config/cfg.py:2609
2026-02-12 00:36:21.110 39114 DEBUG oslo_service.service [-] cache.memcache_pool_maxsize = 10 log_opt_values /usr/lib/python3/dist-packages/oslo_config/cfg.py:2609
2026-02-12 00:36:21.110 39114 DEBUG oslo_service.service [-] cache.memcache_pool_unused_timeout = 60 log_opt_values /usr/lib/python3/dist-packages/oslo_config/cfg.py:2609
2026-02-12 00:36:21.110 39114 DEBUG oslo_service.service [-] cache.memcache_servers = ['localhost:11211'] log_opt_values /usr/lib/python3/dist-packages/oslo_config/cfg.py:2609
2026-02-12 00:36:21.110 39114 DEBUG oslo_service.service [-] cache.memcache_socket_timeout = 1.0 log_opt_values /usr/lib/python3/dist-packages/oslo_config/cfg.py:2609
2026-02-12 00:36:21.111 39114 DEBUG oslo_service.service [-] cache.proxies = [] log_opt_values /usr/lib/python3/dist-packages/oslo_config/cfg.py:2609
2026-02-12 00:36:21.111 39114 DEBUG oslo_service.service [-] cache.tls_allowed_ciphers = None log_opt_values /usr/lib/python3/dist-packages/oslo_config/cfg.py:2609
2026-02-12 00:36:21.111 39114 DEBUG oslo_service.service [-] cache.tls_cafile = None log_opt_values /usr/lib/python3/dist-packages/oslo_config/cfg.py:2609
2026-02-12 00:36:21.111 39114 DEBUG oslo_service.service [-] cache.tls_certfile = None log_opt_values /usr/lib/python3/dist-packages/oslo_config/cfg.py:2609
2026-02-12 00:36:21.111 39114 DEBUG oslo_service.service [-] cache.tls_enabled = False log_opt_values /usr/lib/python3/dist-packages/oslo_config/cfg.py:2609
2026-02-12 00:36:21.111 39114 DEBUG oslo_service.service [-] cache.tls_keyfile = None log_opt_values /usr/lib/python3/dist-packages/oslo_config/cfg.py:2609
2026-02-12 00:36:21.111 39114 DEBUG oslo_service.service [-] constraint_validation_cache.caching = True log_opt_values /usr/lib/python3/dist-packages/oslo_config/cfg.py:2609
2026-02-12 00:36:21.112 39114 DEBUG oslo_service.service [-] constraint_validation_cache.expiration_time = 60 log_opt_values /usr/lib/python3/dist-packages/oslo_config/cfg.py:2609
2026-02-12 00:36:21.112 39114 DEBUG oslo_service.service [-] service_extension_cache.caching = True log_opt_values /usr/lib/python3/dist-packages/oslo_config/cfg.py:2609
2026-02-12 00:36:21.115 39114 DEBUG oslo_service.service [-] service_extension_cache.expiration_time = 3600 log_opt_values /usr/lib/python3/dist-packages/oslo_config/cfg.py:2609
2026-02-12 00:36:21.115 39114 DEBUG oslo_service.service [-] resource_finder_cache.caching = True log_opt_values /usr/lib/python3/dist-packages/oslo_config/cfg.py:2609
2026-02-12 00:36:21.116 39114 DEBUG oslo_service.service [-] resource_finder_cache.expiration_time = 3600 log_opt_values /usr/lib/python3/dist-packages/oslo_config/cfg.py:2609
2026-02-12 00:36:21.116 39114 DEBUG oslo_service.service [-] yaql.limit_iterators = 200 log_opt_values /usr/lib/python3/dist-packages/oslo_config/cfg.py:2609
2026-02-12 00:36:21.117 39114 DEBUG oslo_service.service [-] yaql.memory_quota = 10000 log_opt_values /usr/lib/python3/dist-packages/oslo_config/cfg.py:2609
2026-02-12 00:36:21.117 39114 DEBUG oslo_service.service [-] ******************************************************************************** log_opt_values /usr/lib/python3/dist-packages/oslo_config/cfg.py:2613
2026-02-12 00:36:21.139 39327 INFO heat.engine.worker [-] Starting engine_worker (1.4) in engine 6a72600e-21fb-431f-b186-9a58c54e82be.
2026-02-12 00:36:21.188 39326 DEBUG oslo_db.sqlalchemy.engines [req-c0d7fe94-72db-4d98-9989-88426eca96b0 - - - - -] MySQL server mode set to STRICT_TRANS_TABLES,STRICT_ALL_TABLES,NO_ZERO_IN_DATE,NO_ZERO_DATE,ERROR_FOR_DIVISION_BY_ZERO,TRADITIONAL,NO_ENGINE_SUBSTITUTION _check_effective_sql_mode /usr/lib/python3/dist-packages/oslo_db/sqlalchemy/engines.py:314
2026-02-12 00:36:21.199 39328 DEBUG oslo_db.sqlalchemy.engines [req-e9ace7ab-94bd-416d-8282-520caf8a6704 - - - - -] MySQL server mode set to STRICT_TRANS_TABLES,STRICT_ALL_TABLES,NO_ZERO_IN_DATE,NO_ZERO_DATE,ERROR_FOR_DIVISION_BY_ZERO,TRADITIONAL,NO_ENGINE_SUBSTITUTION _check_effective_sql_mode /usr/lib/python3/dist-packages/oslo_db/sqlalchemy/engines.py:314
2026-02-12 00:36:21.198 39325 DEBUG oslo_db.sqlalchemy.engines [req-02c7e557-6218-4f94-aba4-9b1eff75f560 - - - - -] MySQL server mode set to STRICT_TRANS_TABLES,STRICT_ALL_TABLES,NO_ZERO_IN_DATE,NO_ZERO_DATE,ERROR_FOR_DIVISION_BY_ZERO,TRADITIONAL,NO_ENGINE_SUBSTITUTION _check_effective_sql_mode /usr/lib/python3/dist-packages/oslo_db/sqlalchemy/engines.py:314
2026-02-12 00:36:21.280 39327 DEBUG oslo_db.sqlalchemy.engines [req-94c289dd-d9ef-4dd4-8408-b5979fc82686 - - - - -] MySQL server mode set to STRICT_TRANS_TABLES,STRICT_ALL_TABLES,NO_ZERO_IN_DATE,NO_ZERO_DATE,ERROR_FOR_DIVISION_BY_ZERO,TRADITIONAL,NO_ENGINE_SUBSTITUTION _check_effective_sql_mode /usr/lib/python3/dist-packages/oslo_db/sqlalchemy/engines.py:314
2026-02-12 00:36:21.330 39328 DEBUG heat.engine.service [req-81f6575a-08e4-4bd7-a3ba-77ec3038bfd2 - - - - -] Service 7a2499f9-2024-4def-ba27-17ff1852af8f is started service_manage_report /usr/lib/python3/dist-packages/heat/engine/service.py:2363
2026-02-12 00:36:21.346 39328 DEBUG heat.engine.service [req-81f6575a-08e4-4bd7-a3ba-77ec3038bfd2 - - - - -] Service 7a2499f9-2024-4def-ba27-17ff1852af8f is updated service_manage_report /usr/lib/python3/dist-packages/heat/engine/service.py:2370
2026-02-12 00:36:21.367 39326 DEBUG heat.engine.service [req-bbc815c1-4020-490d-ad1b-94e5c491d7d9 - - - - -] Service 25aa5549-ec45-49d6-b1f9-fb654aa884c2 is started service_manage_report /usr/lib/python3/dist-packages/heat/engine/service.py:2363
2026-02-12 00:36:21.389 39326 DEBUG heat.engine.service [req-bbc815c1-4020-490d-ad1b-94e5c491d7d9 - - - - -] Service 25aa5549-ec45-49d6-b1f9-fb654aa884c2 is updated service_manage_report /usr/lib/python3/dist-packages/heat/engine/service.py:2370
2026-02-12 00:36:21.407 39325 DEBUG heat.engine.service [req-04933034-1b5c-410a-a76a-d0c5ace86a0b - - - - -] Service 5aea1e5b-7e6e-4042-97b7-1eb28ddbc69f is started service_manage_report /usr/lib/python3/dist-packages/heat/engine/service.py:2363
2026-02-12 00:36:21.421 39327 DEBUG heat.engine.service [req-9b113c8f-f802-48fe-b122-39d3648d973b - - - - -] Service abbfbba7-05a9-4281-ab3b-ff27ca335468 is started service_manage_report /usr/lib/python3/dist-packages/heat/engine/service.py:2363
2026-02-12 00:36:21.426 39325 DEBUG heat.engine.service [req-04933034-1b5c-410a-a76a-d0c5ace86a0b - - - - -] Service 5aea1e5b-7e6e-4042-97b7-1eb28ddbc69f is updated service_manage_report /usr/lib/python3/dist-packages/heat/engine/service.py:2370
2026-02-12 00:36:21.434 39327 DEBUG heat.engine.service [req-9b113c8f-f802-48fe-b122-39d3648d973b - - - - -] Service abbfbba7-05a9-4281-ab3b-ff27ca335468 is updated service_manage_report /usr/lib/python3/dist-packages/heat/engine/service.py:2370
2026-02-12 00:37:21.316 39328 DEBUG heat.engine.service [req-4ba29b5c-6f4e-4943-8f89-488f3f721ffa - - - - -] Service 7a2499f9-2024-4def-ba27-17ff1852af8f is updated service_manage_report /usr/lib/python3/dist-packages/heat/engine/service.py:2370
2026-02-12 00:37:21.355 39326 DEBUG heat.engine.service [req-ae9e8fbe-04bd-4f96-b089-9427ada74138 - - - - -] Service 25aa5549-ec45-49d6-b1f9-fb654aa884c2 is updated service_manage_report /usr/lib/python3/dist-packages/heat/engine/service.py:2370
2026-02-12 00:37:21.401 39325 DEBUG heat.engine.service [req-7a1eca78-caca-40f5-ad23-d56b7b87bd8c - - - - -] Service 5aea1e5b-7e6e-4042-97b7-1eb28ddbc69f is updated service_manage_report /usr/lib/python3/dist-packages/heat/engine/service.py:2370
2026-02-12 00:37:21.408 39327 DEBUG heat.engine.service [req-804e321f-7291-43be-a603-c8c356a23f95 - - - - -] Service abbfbba7-05a9-4281-ab3b-ff27ca335468 is updated service_manage_report /usr/lib/python3/dist-packages/heat/engine/service.py:2370
2026-02-12 00:38:21.312 39328 DEBUG heat.engine.service [req-c52a48a9-c3a4-41f4-aad7-d98d411e51f9 - - - - -] Service 7a2499f9-2024-4def-ba27-17ff1852af8f is updated service_manage_report /usr/lib/python3/dist-packages/heat/engine/service.py:2370
2026-02-12 00:38:21.359 39326 DEBUG heat.engine.service [req-aa1b861d-9fc4-400d-85f5-e91f7e95b75b - - - - -] Service 25aa5549-ec45-49d6-b1f9-fb654aa884c2 is updated service_manage_report /usr/lib/python3/dist-packages/heat/engine/service.py:2370
2026-02-12 00:38:21.406 39325 DEBUG heat.engine.service [req-135a834a-f55b-4959-9cd4-8ec268349abc - - - - -] Service 5aea1e5b-7e6e-4042-97b7-1eb28ddbc69f is updated service_manage_report /usr/lib/python3/dist-packages/heat/engine/service.py:2370
2026-02-12 00:38:21.410 39327 DEBUG heat.engine.service [req-dd51d0b9-5714-4104-9fd0-ea4737aa3761 - - - - -] Service abbfbba7-05a9-4281-ab3b-ff27ca335468 is updated service_manage_report /usr/lib/python3/dist-packages/heat/engine/service.py:2370
2026-02-12 00:39:21.308 39328 DEBUG heat.engine.service [req-07d956d0-1229-471f-8b35-ec925339e4a2 - - - - -] Service 7a2499f9-2024-4def-ba27-17ff1852af8f is updated service_manage_report /usr/lib/python3/dist-packages/heat/engine/service.py:2370
2026-02-12 00:39:21.364 39326 DEBUG heat.engine.service [req-8d875b8e-1b0e-40d0-9615-bfe2d1150551 - - - - -] Service 25aa5549-ec45-49d6-b1f9-fb654aa884c2 is updated service_manage_report /usr/lib/python3/dist-packages/heat/engine/service.py:2370
2026-02-12 00:39:21.412 39325 DEBUG heat.engine.service [req-17dd64ae-bfdf-4729-8037-65833081e7ab - - - - -] Service 5aea1e5b-7e6e-4042-97b7-1eb28ddbc69f is updated service_manage_report /usr/lib/python3/dist-packages/heat/engine/service.py:2370
2026-02-12 00:39:21.416 39327 DEBUG heat.engine.service [req-4618735b-b9ba-4703-bbd0-2ae8104f2cb5 - - - - -] Service abbfbba7-05a9-4281-ab3b-ff27ca335468 is updated service_manage_report /usr/lib/python3/dist-packages/heat/engine/service.py:2370
2026-02-12 00:40:21.305 39328 DEBUG heat.engine.service [req-970b57f7-eaa6-4aae-933e-7adec6aa8400 - - - - -] Service 7a2499f9-2024-4def-ba27-17ff1852af8f is updated service_manage_report /usr/lib/python3/dist-packages/heat/engine/service.py:2370
2026-02-12 00:40:21.368 39326 DEBUG heat.engine.service [req-2719818f-6066-40df-9610-9344f34e4f6e - - - - -] Service 25aa5549-ec45-49d6-b1f9-fb654aa884c2 is updated service_manage_report /usr/lib/python3/dist-packages/heat/engine/service.py:2370
2026-02-12 00:40:21.404 39325 DEBUG heat.engine.service [req-8bec2b9d-30dd-440b-a852-0394e163f696 - - - - -] Service 5aea1e5b-7e6e-4042-97b7-1eb28ddbc69f is updated service_manage_report /usr/lib/python3/dist-packages/heat/engine/service.py:2370
2026-02-12 00:40:21.408 39327 DEBUG heat.engine.service [req-d589c0a4-6a3a-421f-b50e-b5e05ceddec3 - - - - -] Service abbfbba7-05a9-4281-ab3b-ff27ca335468 is updated service_manage_report /usr/lib/python3/dist-packages/heat/engine/service.py:2370
2026-02-12 00:41:21.300 39328 DEBUG heat.engine.service [req-ff233e7b-8e02-419b-8dc6-5d0acd22fcbd - - - - -] Service 7a2499f9-2024-4def-ba27-17ff1852af8f is updated service_manage_report /usr/lib/python3/dist-packages/heat/engine/service.py:2370
2026-02-12 00:41:21.371 39326 DEBUG heat.engine.service [req-ae72ef71-fd3f-4d75-a54a-91e634744bd4 - - - - -] Service 25aa5549-ec45-49d6-b1f9-fb654aa884c2 is updated service_manage_report /usr/lib/python3/dist-packages/heat/engine/service.py:2370
2026-02-12 00:41:21.413 39325 DEBUG heat.engine.service [req-3f82b7eb-9b9b-47c4-9366-a311e0201abc - - - - -] Service 5aea1e5b-7e6e-4042-97b7-1eb28ddbc69f is updated service_manage_report /usr/lib/python3/dist-packages/heat/engine/service.py:2370
2026-02-12 00:41:21.415 39327 DEBUG heat.engine.service [req-66922ab8-15a9-42e6-a235-8783659a5d64 - - - - -] Service abbfbba7-05a9-4281-ab3b-ff27ca335468 is updated service_manage_report /usr/lib/python3/dist-packages/heat/engine/service.py:2370
2026-02-12 00:42:21.305 39328 DEBUG heat.engine.service [req-d3bf5402-5e51-442d-8b5e-3f4993efe747 - - - - -] Service 7a2499f9-2024-4def-ba27-17ff1852af8f is updated service_manage_report /usr/lib/python3/dist-packages/heat/engine/service.py:2370
2026-02-12 00:42:21.375 39326 DEBUG heat.engine.service [req-ad61d939-ed89-4768-aaf6-a0a66755aa11 - - - - -] Service 25aa5549-ec45-49d6-b1f9-fb654aa884c2 is updated service_manage_report /usr/lib/python3/dist-packages/heat/engine/service.py:2370
2026-02-12 00:42:21.407 39325 DEBUG heat.engine.service [req-1d4c0b39-d93f-49ef-b4f2-79f957f66b00 - - - - -] Service 5aea1e5b-7e6e-4042-97b7-1eb28ddbc69f is updated service_manage_report /usr/lib/python3/dist-packages/heat/engine/service.py:2370
2026-02-12 00:42:21.409 39327 DEBUG heat.engine.service [req-1f72c6ea-d0f6-49fa-86cb-7862cee091d3 - - - - -] Service abbfbba7-05a9-4281-ab3b-ff27ca335468 is updated service_manage_report /usr/lib/python3/dist-packages/heat/engine/service.py:2370
2026-02-12 00:43:21.311 39328 DEBUG heat.engine.service [req-158feb96-e10d-41d0-b666-1cb8d5abb62a - - - - -] Service 7a2499f9-2024-4def-ba27-17ff1852af8f is updated service_manage_report /usr/lib/python3/dist-packages/heat/engine/service.py:2370
2026-02-12 00:43:21.381 39326 DEBUG heat.engine.service [req-05e7aef4-e33e-4bd4-a8f3-c3c22bcd25dd - - - - -] Service 25aa5549-ec45-49d6-b1f9-fb654aa884c2 is updated service_manage_report /usr/lib/python3/dist-packages/heat/engine/service.py:2370
2026-02-12 00:43:21.411 39325 DEBUG heat.engine.service [req-b8086189-7169-4073-9dfd-7e30c0f2f72b - - - - -] Service 5aea1e5b-7e6e-4042-97b7-1eb28ddbc69f is updated service_manage_report /usr/lib/python3/dist-packages/heat/engine/service.py:2370
2026-02-12 00:43:21.414 39327 DEBUG heat.engine.service [req-27e83ca4-3112-41ba-9a7d-1733c39724eb - - - - -] Service abbfbba7-05a9-4281-ab3b-ff27ca335468 is updated service_manage_report /usr/lib/python3/dist-packages/heat/engine/service.py:2370
2026-02-12 00:44:21.315 39328 DEBUG heat.engine.service [req-1bdfa053-c51e-4226-b1c9-e87125fc0fef - - - - -] Service 7a2499f9-2024-4def-ba27-17ff1852af8f is updated service_manage_report /usr/lib/python3/dist-packages/heat/engine/service.py:2370
2026-02-12 00:44:21.386 39326 DEBUG heat.engine.service [req-30fd29fa-4a63-4128-a31e-3058bda5ddfd - - - - -] Service 25aa5549-ec45-49d6-b1f9-fb654aa884c2 is updated service_manage_report /usr/lib/python3/dist-packages/heat/engine/service.py:2370
2026-02-12 00:44:21.417 39325 DEBUG heat.engine.service [req-abfe42cf-1daa-4058-b15b-9e1432471de1 - - - - -] Service 5aea1e5b-7e6e-4042-97b7-1eb28ddbc69f is updated service_manage_report /usr/lib/python3/dist-packages/heat/engine/service.py:2370
2026-02-12 00:44:21.419 39327 DEBUG heat.engine.service [req-ef189b61-9cbf-45c9-8b21-85be6ec8365c - - - - -] Service abbfbba7-05a9-4281-ab3b-ff27ca335468 is updated service_manage_report /usr/lib/python3/dist-packages/heat/engine/service.py:2370
2026-02-12 00:45:21.318 39328 DEBUG heat.engine.service [req-cc2eb156-e239-4128-905d-7d45b505c119 - - - - -] Service 7a2499f9-2024-4def-ba27-17ff1852af8f is updated service_manage_report /usr/lib/python3/dist-packages/heat/engine/service.py:2370
2026-02-12 00:45:21.390 39326 DEBUG heat.engine.service [req-dfb8c95d-605b-4951-af78-4f66b0442d80 - - - - -] Service 25aa5549-ec45-49d6-b1f9-fb654aa884c2 is updated service_manage_report /usr/lib/python3/dist-packages/heat/engine/service.py:2370
2026-02-12 00:45:21.420 39325 DEBUG heat.engine.service [req-f63f7daa-9519-462c-a10d-d70938bba2d4 - - - - -] Service 5aea1e5b-7e6e-4042-97b7-1eb28ddbc69f is updated service_manage_report /usr/lib/python3/dist-packages/heat/engine/service.py:2370
2026-02-12 00:45:21.423 39327 DEBUG heat.engine.service [req-c1b2835d-1c52-44aa-beea-11f18b45d7de - - - - -] Service abbfbba7-05a9-4281-ab3b-ff27ca335468 is updated service_manage_report /usr/lib/python3/dist-packages/heat/engine/service.py:2370
2026-02-12 00:46:21.322 39328 DEBUG heat.engine.service [req-d06edd1d-595b-472e-a3d3-2ac5d81f601a - - - - -] Service 7a2499f9-2024-4def-ba27-17ff1852af8f is updated service_manage_report /usr/lib/python3/dist-packages/heat/engine/service.py:2370
2026-02-12 00:46:21.394 39326 DEBUG heat.engine.service [req-33a7fba7-3aaf-4470-a98b-92a3d2372b0d - - - - -] Service 25aa5549-ec45-49d6-b1f9-fb654aa884c2 is updated service_manage_report /usr/lib/python3/dist-packages/heat/engine/service.py:2370
2026-02-12 00:46:21.425 39325 DEBUG heat.engine.service [req-39b6030b-d374-4498-ba50-ea65111db49e - - - - -] Service 5aea1e5b-7e6e-4042-97b7-1eb28ddbc69f is updated service_manage_report /usr/lib/python3/dist-packages/heat/engine/service.py:2370
2026-02-12 00:46:21.427 39327 DEBUG heat.engine.service [req-d0abe9be-f277-4110-852b-8cb1267bcfe7 - - - - -] Service abbfbba7-05a9-4281-ab3b-ff27ca335468 is updated service_manage_report /usr/lib/python3/dist-packages/heat/engine/service.py:2370
