2026-02-12 00:29:15.245 33406 DEBUG oslo_service.service [-] clients_barbican.endpoint_type = None log_opt_values /usr/lib/python3/dist-packages/oslo_config/cfg.py:2609
2026-02-12 00:29:15.245 33406 DEBUG oslo_service.service [-] clients_barbican.insecure = None log_opt_values /usr/lib/python3/dist-packages/oslo_config/cfg.py:2609
2026-02-12 00:29:15.245 33406 DEBUG oslo_service.service [-] clients_barbican.key_file = None log_opt_values /usr/lib/python3/dist-packages/oslo_config/cfg.py:2609
2026-02-12 00:29:15.245 33406 DEBUG oslo_service.service [-] clients_cinder.ca_file = None log_opt_values /usr/lib/python3/dist-packages/oslo_config/cfg.py:2609
2026-02-12 00:29:15.245 33406 DEBUG oslo_service.service [-] clients_cinder.cert_file = None log_opt_values /usr/lib/python3/dist-packages/oslo_config/cfg.py:2609
2026-02-12 00:29:15.246 33406 DEBUG oslo_service.service [-] clients_cinder.endpoint_type = None log_opt_values /usr/lib/python3/dist-packages/oslo_config/cfg.py:2609
2026-02-12 00:29:15.246 33406 DEBUG oslo_service.service [-] clients_cinder.http_log_debug = False log_opt_values /usr/lib/python3/dist-packages/oslo_config/cfg.py:2609
2026-02-12 00:29:15.246 33406 DEBUG oslo_service.service [-] clients_cinder.insecure = None log_opt_values /usr/lib/python3/dist-packages/oslo_config/cfg.py:2609
2026-02-12 00:29:15.246 33406 DEBUG oslo_service.service [-] clients_cinder.key_file = None log_opt_values /usr/lib/python3/dist-packages/oslo_config/cfg.py:2609
2026-02-12 00:29:15.246 33406 DEBUG oslo_service.service [-] clients_designate.ca_file = None log_opt_values /usr/lib/python3/dist-packages/oslo_config/cfg.py:2609
2026-02-12 00:29:15.246 33406 DEBUG oslo_service.service [-] clients_designate.cert_file = None log_opt_values /usr/lib/python3/dist-packages/oslo_config/cfg.py:2609
2026-02-12 00:29:15.246 33406 DEBUG oslo_service.service [-] clients_designate.endpoint_type = None log_opt_values /usr/lib/python3/dist-packages/oslo_config/cfg.py:2609
2026-02-12 00:29:15.246 33406 DEBUG oslo_service.service [-] clients_designate.insecure = None log_opt_values /usr/lib/python3/dist-packages/oslo_config/cfg.py:2609
2026-02-12 00:29:15.246 33406 DEBUG oslo_service.service [-] clients_designate.key_file = None log_opt_values /usr/lib/python3/dist-packages/oslo_config/cfg.py:2609
2026-02-12 00:29:15.247 33406 DEBUG oslo_service.service [-] clients_glance.ca_file = None log_opt_values /usr/lib/python3/dist-packages/oslo_config/cfg.py:2609
2026-02-12 00:29:15.247 33406 DEBUG oslo_service.service [-] clients_glance.cert_file = None log_opt_values /usr/lib/python3/dist-packages/oslo_config/cfg.py:2609
2026-02-12 00:29:15.247 33406 DEBUG oslo_service.service [-] clients_glance.endpoint_type = None log_opt_values /usr/lib/python3/dist-packages/oslo_config/cfg.py:2609
2026-02-12 00:29:15.247 33406 DEBUG oslo_service.service [-] clients_glance.insecure = None log_opt_values /usr/lib/python3/dist-packages/oslo_config/cfg.py:2609
2026-02-12 00:29:15.247 33406 DEBUG oslo_service.service [-] clients_glance.key_file = None log_opt_values /usr/lib/python3/dist-packages/oslo_config/cfg.py:2609
2026-02-12 00:29:15.247 33406 DEBUG oslo_service.service [-] clients_heat.ca_file = None log_opt_values /usr/lib/python3/dist-packages/oslo_config/cfg.py:2609
2026-02-12 00:29:15.247 33406 DEBUG oslo_service.service [-] clients_heat.cert_file = None log_opt_values /usr/lib/python3/dist-packages/oslo_config/cfg.py:2609
2026-02-12 00:29:15.247 33406 DEBUG oslo_service.service [-] clients_heat.endpoint_type = None log_opt_values /usr/lib/python3/dist-packages/oslo_config/cfg.py:2609
2026-02-12 00:29:15.247 33406 DEBUG oslo_service.service [-] clients_heat.insecure = None log_opt_values /usr/lib/python3/dist-packages/oslo_config/cfg.py:2609
2026-02-12 00:29:15.248 33406 DEBUG oslo_service.service [-] clients_heat.key_file = None log_opt_values /usr/lib/python3/dist-packages/oslo_config/cfg.py:2609
2026-02-12 00:29:15.248 33406 DEBUG oslo_service.service [-] clients_heat.url = log_opt_values /usr/lib/python3/dist-packages/oslo_config/cfg.py:2609
2026-02-12 00:29:15.248 33406 DEBUG oslo_service.service [-] clients_keystone.auth_uri = log_opt_values /usr/lib/python3/dist-packages/oslo_config/cfg.py:2609
2026-02-12 00:29:15.248 33406 DEBUG oslo_service.service [-] clients_keystone.ca_file = None log_opt_values /usr/lib/python3/dist-packages/oslo_config/cfg.py:2609
2026-02-12 00:29:15.249 33406 DEBUG oslo_service.service [-] clients_keystone.cert_file = None log_opt_values /usr/lib/python3/dist-packages/oslo_config/cfg.py:2609
2026-02-12 00:29:15.249 33406 DEBUG oslo_service.service [-] clients_keystone.endpoint_type = None log_opt_values /usr/lib/python3/dist-packages/oslo_config/cfg.py:2609
2026-02-12 00:29:15.250 33406 DEBUG oslo_service.service [-] clients_keystone.insecure = None log_opt_values /usr/lib/python3/dist-packages/oslo_config/cfg.py:2609
2026-02-12 00:29:15.250 33406 DEBUG oslo_service.service [-] clients_keystone.key_file = None log_opt_values /usr/lib/python3/dist-packages/oslo_config/cfg.py:2609
2026-02-12 00:29:15.250 33406 DEBUG oslo_service.service [-] clients_magnum.ca_file = None log_opt_values /usr/lib/python3/dist-packages/oslo_config/cfg.py:2609
2026-02-12 00:29:15.250 33406 DEBUG oslo_service.service [-] clients_magnum.cert_file = None log_opt_values /usr/lib/python3/dist-packages/oslo_config/cfg.py:2609
2026-02-12 00:29:15.250 33406 DEBUG oslo_service.service [-] clients_magnum.endpoint_type = None log_opt_values /usr/lib/python3/dist-packages/oslo_config/cfg.py:2609
2026-02-12 00:29:15.250 33406 DEBUG oslo_service.service [-] clients_magnum.insecure = None log_opt_values /usr/lib/python3/dist-packages/oslo_config/cfg.py:2609
2026-02-12 00:29:15.250 33406 DEBUG oslo_service.service [-] clients_magnum.key_file = None log_opt_values /usr/lib/python3/dist-packages/oslo_config/cfg.py:2609
2026-02-12 00:29:15.250 33406 DEBUG oslo_service.service [-] clients_manila.ca_file = None log_opt_values /usr/lib/python3/dist-packages/oslo_config/cfg.py:2609
2026-02-12 00:29:15.250 33406 DEBUG oslo_service.service [-] clients_manila.cert_file = None log_opt_values /usr/lib/python3/dist-packages/oslo_config/cfg.py:2609
2026-02-12 00:29:15.251 33406 DEBUG oslo_service.service [-] clients_manila.endpoint_type = None log_opt_values /usr/lib/python3/dist-packages/oslo_config/cfg.py:2609
2026-02-12 00:29:15.251 33406 DEBUG oslo_service.service [-] clients_manila.insecure = None log_opt_values /usr/lib/python3/dist-packages/oslo_config/cfg.py:2609
2026-02-12 00:29:15.251 33406 DEBUG oslo_service.service [-] clients_manila.key_file = None log_opt_values /usr/lib/python3/dist-packages/oslo_config/cfg.py:2609
2026-02-12 00:29:15.251 33406 DEBUG oslo_service.service [-] clients_mistral.ca_file = None log_opt_values /usr/lib/python3/dist-packages/oslo_config/cfg.py:2609
2026-02-12 00:29:15.251 33406 DEBUG oslo_service.service [-] clients_mistral.cert_file = None log_opt_values /usr/lib/python3/dist-packages/oslo_config/cfg.py:2609
2026-02-12 00:29:15.251 33406 DEBUG oslo_service.service [-] clients_mistral.endpoint_type = None log_opt_values /usr/lib/python3/dist-packages/oslo_config/cfg.py:2609
2026-02-12 00:29:15.251 33406 DEBUG oslo_service.service [-] clients_mistral.insecure = None log_opt_values /usr/lib/python3/dist-packages/oslo_config/cfg.py:2609
2026-02-12 00:29:15.252 33406 DEBUG oslo_service.service [-] clients_mistral.key_file = None log_opt_values /usr/lib/python3/dist-packages/oslo_config/cfg.py:2609
2026-02-12 00:29:15.252 33406 DEBUG oslo_service.service [-] clients_monasca.ca_file = None log_opt_values /usr/lib/python3/dist-packages/oslo_config/cfg.py:2609
2026-02-12 00:29:15.252 33406 DEBUG oslo_service.service [-] clients_monasca.cert_file = None log_opt_values /usr/lib/python3/dist-packages/oslo_config/cfg.py:2609
2026-02-12 00:29:15.252 33406 DEBUG oslo_service.service [-] clients_monasca.endpoint_type = None log_opt_values /usr/lib/python3/dist-packages/oslo_config/cfg.py:2609
2026-02-12 00:29:15.252 33406 DEBUG oslo_service.service [-] clients_monasca.insecure = None log_opt_values /usr/lib/python3/dist-packages/oslo_config/cfg.py:2609
2026-02-12 00:29:15.253 33406 DEBUG oslo_service.service [-] clients_monasca.key_file = None log_opt_values /usr/lib/python3/dist-packages/oslo_config/cfg.py:2609
2026-02-12 00:29:15.253 33406 DEBUG oslo_service.service [-] clients_neutron.ca_file = None log_opt_values /usr/lib/python3/dist-packages/oslo_config/cfg.py:2609
2026-02-12 00:29:15.253 33406 DEBUG oslo_service.service [-] clients_neutron.cert_file = None log_opt_values /usr/lib/python3/dist-packages/oslo_config/cfg.py:2609
2026-02-12 00:29:15.253 33406 DEBUG oslo_service.service [-] clients_neutron.endpoint_type = None log_opt_values /usr/lib/python3/dist-packages/oslo_config/cfg.py:2609
2026-02-12 00:29:15.253 33406 DEBUG oslo_service.service [-] clients_neutron.insecure = None log_opt_values /usr/lib/python3/dist-packages/oslo_config/cfg.py:2609
2026-02-12 00:29:15.253 33406 DEBUG oslo_service.service [-] clients_neutron.key_file = None log_opt_values /usr/lib/python3/dist-packages/oslo_config/cfg.py:2609
2026-02-12 00:29:15.254 33406 DEBUG oslo_service.service [-] clients_nova.ca_file = None log_opt_values /usr/lib/python3/dist-packages/oslo_config/cfg.py:2609
2026-02-12 00:29:15.254 33406 DEBUG oslo_service.service [-] clients_nova.cert_file = None log_opt_values /usr/lib/python3/dist-packages/oslo_config/cfg.py:2609
2026-02-12 00:29:15.254 33406 DEBUG oslo_service.service [-] clients_nova.endpoint_type = None log_opt_values /usr/lib/python3/dist-packages/oslo_config/cfg.py:2609
2026-02-12 00:29:15.254 33406 DEBUG oslo_service.service [-] clients_nova.http_log_debug = False log_opt_values /usr/lib/python3/dist-packages/oslo_config/cfg.py:2609
2026-02-12 00:29:15.254 33406 DEBUG oslo_service.service [-] clients_nova.insecure = None log_opt_values /usr/lib/python3/dist-packages/oslo_config/cfg.py:2609
2026-02-12 00:29:15.254 33406 DEBUG oslo_service.service [-] clients_nova.key_file = None log_opt_values /usr/lib/python3/dist-packages/oslo_config/cfg.py:2609
2026-02-12 00:29:15.254 33406 DEBUG oslo_service.service [-] clients_octavia.ca_file = None log_opt_values /usr/lib/python3/dist-packages/oslo_config/cfg.py:2609
2026-02-12 00:29:15.254 33406 DEBUG oslo_service.service [-] clients_octavia.cert_file = None log_opt_values /usr/lib/python3/dist-packages/oslo_config/cfg.py:2609
2026-02-12 00:29:15.254 33406 DEBUG oslo_service.service [-] clients_octavia.endpoint_type = None log_opt_values /usr/lib/python3/dist-packages/oslo_config/cfg.py:2609
2026-02-12 00:29:15.254 33406 DEBUG oslo_service.service [-] clients_octavia.insecure = None log_opt_values /usr/lib/python3/dist-packages/oslo_config/cfg.py:2609
2026-02-12 00:29:15.255 33406 DEBUG oslo_service.service [-] clients_octavia.key_file = None log_opt_values /usr/lib/python3/dist-packages/oslo_config/cfg.py:2609
2026-02-12 00:29:15.255 33406 DEBUG oslo_service.service [-] clients_sahara.ca_file = None log_opt_values /usr/lib/python3/dist-packages/oslo_config/cfg.py:2609
2026-02-12 00:29:15.256 33406 DEBUG oslo_service.service [-] clients_sahara.cert_file = None log_opt_values /usr/lib/python3/dist-packages/oslo_config/cfg.py:2609
2026-02-12 00:29:15.256 33406 DEBUG oslo_service.service [-] clients_sahara.endpoint_type = None log_opt_values /usr/lib/python3/dist-packages/oslo_config/cfg.py:2609
2026-02-12 00:29:15.257 33642 INFO heat.engine.worker [-] Starting engine_worker (1.4) in engine 01a19b0b-f2ae-4f18-9760-c9a6c435a103.
2026-02-12 00:29:15.256 33406 DEBUG oslo_service.service [-] clients_sahara.insecure = None log_opt_values /usr/lib/python3/dist-packages/oslo_config/cfg.py:2609
2026-02-12 00:29:15.262 33406 DEBUG oslo_service.service [-] clients_sahara.key_file = None log_opt_values /usr/lib/python3/dist-packages/oslo_config/cfg.py:2609
2026-02-12 00:29:15.263 33644 INFO heat.engine.worker [-] Starting engine_worker (1.4) in engine bcfd7042-7d29-4152-bf21-467e2573917f.
2026-02-12 00:29:15.263 33406 DEBUG oslo_service.service [-] clients_senlin.ca_file = None log_opt_values /usr/lib/python3/dist-packages/oslo_config/cfg.py:2609
2026-02-12 00:29:15.264 33406 DEBUG oslo_service.service [-] clients_senlin.cert_file = None log_opt_values /usr/lib/python3/dist-packages/oslo_config/cfg.py:2609
2026-02-12 00:29:15.264 33406 DEBUG oslo_service.service [-] clients_senlin.endpoint_type = None log_opt_values /usr/lib/python3/dist-packages/oslo_config/cfg.py:2609
2026-02-12 00:29:15.264 33406 DEBUG oslo_service.service [-] clients_senlin.insecure = None log_opt_values /usr/lib/python3/dist-packages/oslo_config/cfg.py:2609
2026-02-12 00:29:15.265 33406 DEBUG oslo_service.service [-] clients_senlin.key_file = None log_opt_values /usr/lib/python3/dist-packages/oslo_config/cfg.py:2609
2026-02-12 00:29:15.265 33406 DEBUG oslo_service.service [-] clients_swift.ca_file = None log_opt_values /usr/lib/python3/dist-packages/oslo_config/cfg.py:2609
2026-02-12 00:29:15.265 33406 DEBUG oslo_service.service [-] clients_swift.cert_file = None log_opt_values /usr/lib/python3/dist-packages/oslo_config/cfg.py:2609
2026-02-12 00:29:15.265 33406 DEBUG oslo_service.service [-] clients_swift.endpoint_type = None log_opt_values /usr/lib/python3/dist-packages/oslo_config/cfg.py:2609
2026-02-12 00:29:15.265 33406 DEBUG oslo_service.service [-] clients_swift.insecure = None log_opt_values /usr/lib/python3/dist-packages/oslo_config/cfg.py:2609
2026-02-12 00:29:15.265 33406 DEBUG oslo_service.service [-] clients_swift.key_file = None log_opt_values /usr/lib/python3/dist-packages/oslo_config/cfg.py:2609
2026-02-12 00:29:15.265 33406 DEBUG oslo_service.service [-] clients_trove.ca_file = None log_opt_values /usr/lib/python3/dist-packages/oslo_config/cfg.py:2609
2026-02-12 00:29:15.266 33406 DEBUG oslo_service.service [-] clients_trove.cert_file = None log_opt_values /usr/lib/python3/dist-packages/oslo_config/cfg.py:2609
2026-02-12 00:29:15.266 33406 DEBUG oslo_service.service [-] clients_trove.endpoint_type = None log_opt_values /usr/lib/python3/dist-packages/oslo_config/cfg.py:2609
2026-02-12 00:29:15.266 33406 DEBUG oslo_service.service [-] clients_trove.insecure = None log_opt_values /usr/lib/python3/dist-packages/oslo_config/cfg.py:2609
2026-02-12 00:29:15.266 33406 DEBUG oslo_service.service [-] clients_trove.key_file = None log_opt_values /usr/lib/python3/dist-packages/oslo_config/cfg.py:2609
2026-02-12 00:29:15.266 33406 DEBUG oslo_service.service [-] clients_vitrage.ca_file = None log_opt_values /usr/lib/python3/dist-packages/oslo_config/cfg.py:2609
2026-02-12 00:29:15.266 33406 DEBUG oslo_service.service [-] clients_vitrage.cert_file = None log_opt_values /usr/lib/python3/dist-packages/oslo_config/cfg.py:2609
2026-02-12 00:29:15.266 33406 DEBUG oslo_service.service [-] clients_vitrage.endpoint_type = None log_opt_values /usr/lib/python3/dist-packages/oslo_config/cfg.py:2609
2026-02-12 00:29:15.266 33406 DEBUG oslo_service.service [-] clients_vitrage.insecure = None log_opt_values /usr/lib/python3/dist-packages/oslo_config/cfg.py:2609
2026-02-12 00:29:15.266 33406 DEBUG oslo_service.service [-] clients_vitrage.key_file = None log_opt_values /usr/lib/python3/dist-packages/oslo_config/cfg.py:2609
2026-02-12 00:29:15.266 33406 DEBUG oslo_service.service [-] clients_zaqar.ca_file = None log_opt_values /usr/lib/python3/dist-packages/oslo_config/cfg.py:2609
2026-02-12 00:29:15.267 33406 DEBUG oslo_service.service [-] clients_zaqar.cert_file = None log_opt_values /usr/lib/python3/dist-packages/oslo_config/cfg.py:2609
2026-02-12 00:29:15.267 33406 DEBUG oslo_service.service [-] clients_zaqar.endpoint_type = None log_opt_values /usr/lib/python3/dist-packages/oslo_config/cfg.py:2609
2026-02-12 00:29:15.267 33406 DEBUG oslo_service.service [-] clients_zaqar.insecure = None log_opt_values /usr/lib/python3/dist-packages/oslo_config/cfg.py:2609
2026-02-12 00:29:15.267 33406 DEBUG oslo_service.service [-] clients_zaqar.key_file = None log_opt_values /usr/lib/python3/dist-packages/oslo_config/cfg.py:2609
2026-02-12 00:29:15.267 33406 DEBUG oslo_service.service [-] database.backend = sqlalchemy log_opt_values /usr/lib/python3/dist-packages/oslo_config/cfg.py:2609
2026-02-12 00:29:15.267 33406 DEBUG oslo_service.service [-] database.connection = **** log_opt_values /usr/lib/python3/dist-packages/oslo_config/cfg.py:2609
2026-02-12 00:29:15.267 33406 DEBUG oslo_service.service [-] database.connection_debug = 0 log_opt_values /usr/lib/python3/dist-packages/oslo_config/cfg.py:2609
2026-02-12 00:29:15.267 33406 DEBUG oslo_service.service [-] database.connection_parameters = log_opt_values /usr/lib/python3/dist-packages/oslo_config/cfg.py:2609
2026-02-12 00:29:15.268 33406 DEBUG oslo_service.service [-] database.connection_recycle_time = 3600 log_opt_values /usr/lib/python3/dist-packages/oslo_config/cfg.py:2609
2026-02-12 00:29:15.268 33406 DEBUG oslo_service.service [-] database.connection_trace = False log_opt_values /usr/lib/python3/dist-packages/oslo_config/cfg.py:2609
2026-02-12 00:29:15.268 33406 DEBUG oslo_service.service [-] database.db_inc_retry_interval = True log_opt_values /usr/lib/python3/dist-packages/oslo_config/cfg.py:2609
2026-02-12 00:29:15.268 33406 DEBUG oslo_service.service [-] database.db_max_retries = 20 log_opt_values /usr/lib/python3/dist-packages/oslo_config/cfg.py:2609
2026-02-12 00:29:15.268 33406 DEBUG oslo_service.service [-] database.db_max_retry_interval = 10 log_opt_values /usr/lib/python3/dist-packages/oslo_config/cfg.py:2609
2026-02-12 00:29:15.268 33406 DEBUG oslo_service.service [-] database.db_retry_interval = 1 log_opt_values /usr/lib/python3/dist-packages/oslo_config/cfg.py:2609
2026-02-12 00:29:15.268 33406 DEBUG oslo_service.service [-] database.max_overflow = 50 log_opt_values /usr/lib/python3/dist-packages/oslo_config/cfg.py:2609
2026-02-12 00:29:15.269 33406 DEBUG oslo_service.service [-] database.max_pool_size = 5 log_opt_values /usr/lib/python3/dist-packages/oslo_config/cfg.py:2609
2026-02-12 00:29:15.269 33406 DEBUG oslo_service.service [-] database.max_retries = 10 log_opt_values /usr/lib/python3/dist-packages/oslo_config/cfg.py:2609
2026-02-12 00:29:15.269 33406 DEBUG oslo_service.service [-] database.mysql_enable_ndb = False log_opt_values /usr/lib/python3/dist-packages/oslo_config/cfg.py:2609
2026-02-12 00:29:15.270 33406 DEBUG oslo_service.service [-] database.mysql_sql_mode = TRADITIONAL log_opt_values /usr/lib/python3/dist-packages/oslo_config/cfg.py:2609
2026-02-12 00:29:15.270 33406 DEBUG oslo_service.service [-] database.pool_timeout = None log_opt_values /usr/lib/python3/dist-packages/oslo_config/cfg.py:2609
2026-02-12 00:29:15.270 33406 DEBUG oslo_service.service [-] database.retry_interval = 10 log_opt_values /usr/lib/python3/dist-packages/oslo_config/cfg.py:2609
2026-02-12 00:29:15.270 33406 DEBUG oslo_service.service [-] database.slave_connection = **** log_opt_values /usr/lib/python3/dist-packages/oslo_config/cfg.py:2609
2026-02-12 00:29:15.270 33406 DEBUG oslo_service.service [-] database.sqlite_synchronous = True log_opt_values /usr/lib/python3/dist-packages/oslo_config/cfg.py:2609
2026-02-12 00:29:15.270 33406 DEBUG oslo_service.service [-] database.use_db_reconnect = False log_opt_values /usr/lib/python3/dist-packages/oslo_config/cfg.py:2609
2026-02-12 00:29:15.270 33406 DEBUG oslo_service.service [-] oslo_messaging_metrics.metrics_buffer_size = 1000 log_opt_values /usr/lib/python3/dist-packages/oslo_config/cfg.py:2609
2026-02-12 00:29:15.270 33406 DEBUG oslo_service.service [-] oslo_messaging_metrics.metrics_enabled = False log_opt_values /usr/lib/python3/dist-packages/oslo_config/cfg.py:2609
2026-02-12 00:29:15.271 33406 DEBUG oslo_service.service [-] oslo_messaging_metrics.metrics_process_name = log_opt_values /usr/lib/python3/dist-packages/oslo_config/cfg.py:2609
2026-02-12 00:29:15.271 33406 DEBUG oslo_service.service [-] oslo_messaging_metrics.metrics_socket_file = /var/tmp/metrics_collector.sock log_opt_values /usr/lib/python3/dist-packages/oslo_config/cfg.py:2609
2026-02-12 00:29:15.271 33406 DEBUG oslo_service.service [-] oslo_messaging_metrics.metrics_thread_stop_timeout = 10 log_opt_values /usr/lib/python3/dist-packages/oslo_config/cfg.py:2609
2026-02-12 00:29:15.271 33406 DEBUG oslo_service.service [-] oslo_policy.enforce_new_defaults = False log_opt_values /usr/lib/python3/dist-packages/oslo_config/cfg.py:2609
2026-02-12 00:29:15.271 33406 DEBUG oslo_service.service [-] oslo_policy.enforce_scope = False log_opt_values /usr/lib/python3/dist-packages/oslo_config/cfg.py:2609
2026-02-12 00:29:15.271 33406 DEBUG oslo_service.service [-] oslo_policy.policy_default_rule = default log_opt_values /usr/lib/python3/dist-packages/oslo_config/cfg.py:2609
2026-02-12 00:29:15.271 33406 DEBUG oslo_service.service [-] oslo_policy.policy_dirs = ['policy.d'] log_opt_values /usr/lib/python3/dist-packages/oslo_config/cfg.py:2609
2026-02-12 00:29:15.271 33406 DEBUG oslo_service.service [-] oslo_policy.policy_file = policy.yaml log_opt_values /usr/lib/python3/dist-packages/oslo_config/cfg.py:2609
2026-02-12 00:29:15.272 33406 DEBUG oslo_service.service [-] oslo_policy.remote_content_type = application/x-www-form-urlencoded log_opt_values /usr/lib/python3/dist-packages/oslo_config/cfg.py:2609
2026-02-12 00:29:15.272 33406 DEBUG oslo_service.service [-] oslo_policy.remote_ssl_ca_crt_file = None log_opt_values /usr/lib/python3/dist-packages/oslo_config/cfg.py:2609
2026-02-12 00:29:15.272 33406 DEBUG oslo_service.service [-] oslo_policy.remote_ssl_client_crt_file = None log_opt_values /usr/lib/python3/dist-packages/oslo_config/cfg.py:2609
2026-02-12 00:29:15.272 33406 DEBUG oslo_service.service [-] oslo_policy.remote_ssl_client_key_file = None log_opt_values /usr/lib/python3/dist-packages/oslo_config/cfg.py:2609
2026-02-12 00:29:15.272 33406 DEBUG oslo_service.service [-] oslo_policy.remote_ssl_verify_server_crt = False log_opt_values /usr/lib/python3/dist-packages/oslo_config/cfg.py:2609
2026-02-12 00:29:15.272 33406 DEBUG oslo_service.service [-] trustee.auth_section = None log_opt_values /usr/lib/python3/dist-packages/oslo_config/cfg.py:2609
2026-02-12 00:29:15.272 33406 DEBUG oslo_service.service [-] trustee.auth_type = None log_opt_values /usr/lib/python3/dist-packages/oslo_config/cfg.py:2609
2026-02-12 00:29:15.272 33406 DEBUG oslo_service.service [-] oslo_versionedobjects.fatal_exception_format_errors = False log_opt_values /usr/lib/python3/dist-packages/oslo_config/cfg.py:2609
2026-02-12 00:29:15.273 33406 DEBUG oslo_service.service [-] oslo_messaging_rabbit.amqp_auto_delete = False log_opt_values /usr/lib/python3/dist-packages/oslo_config/cfg.py:2609
2026-02-12 00:29:15.273 33406 DEBUG oslo_service.service [-] oslo_messaging_rabbit.amqp_durable_queues = False log_opt_values /usr/lib/python3/dist-packages/oslo_config/cfg.py:2609
2026-02-12 00:29:15.273 33406 DEBUG oslo_service.service [-] oslo_messaging_rabbit.conn_pool_min_size = 2 log_opt_values /usr/lib/python3/dist-packages/oslo_config/cfg.py:2609
2026-02-12 00:29:15.273 33406 DEBUG oslo_service.service [-] oslo_messaging_rabbit.conn_pool_ttl = 1200 log_opt_values /usr/lib/python3/dist-packages/oslo_config/cfg.py:2609
2026-02-12 00:29:15.273 33406 DEBUG oslo_service.service [-] oslo_messaging_rabbit.direct_mandatory_flag = True log_opt_values /usr/lib/python3/dist-packages/oslo_config/cfg.py:2609
2026-02-12 00:29:15.273 33406 DEBUG oslo_service.service [-] oslo_messaging_rabbit.enable_cancel_on_failover = False log_opt_values /usr/lib/python3/dist-packages/oslo_config/cfg.py:2609
2026-02-12 00:29:15.273 33406 DEBUG oslo_service.service [-] oslo_messaging_rabbit.heartbeat_in_pthread = False log_opt_values /usr/lib/python3/dist-packages/oslo_config/cfg.py:2609
2026-02-12 00:29:15.274 33406 DEBUG oslo_service.service [-] oslo_messaging_rabbit.heartbeat_rate = 2 log_opt_values /usr/lib/python3/dist-packages/oslo_config/cfg.py:2609
2026-02-12 00:29:15.274 33406 DEBUG oslo_service.service [-] oslo_messaging_rabbit.heartbeat_timeout_threshold = 60 log_opt_values /usr/lib/python3/dist-packages/oslo_config/cfg.py:2609
2026-02-12 00:29:15.274 33406 DEBUG oslo_service.service [-] oslo_messaging_rabbit.kombu_compression = None log_opt_values /usr/lib/python3/dist-packages/oslo_config/cfg.py:2609
2026-02-12 00:29:15.277 33406 DEBUG oslo_service.service [-] oslo_messaging_rabbit.kombu_failover_strategy = round-robin log_opt_values /usr/lib/python3/dist-packages/oslo_config/cfg.py:2609
2026-02-12 00:29:15.277 33406 DEBUG oslo_service.service [-] oslo_messaging_rabbit.kombu_missing_consumer_retry_timeout = 60 log_opt_values /usr/lib/python3/dist-packages/oslo_config/cfg.py:2609
2026-02-12 00:29:15.278 33406 DEBUG oslo_service.service [-] oslo_messaging_rabbit.kombu_reconnect_delay = 1.0 log_opt_values /usr/lib/python3/dist-packages/oslo_config/cfg.py:2609
2026-02-12 00:29:15.278 33406 DEBUG oslo_service.service [-] oslo_messaging_rabbit.rabbit_ha_queues = False log_opt_values /usr/lib/python3/dist-packages/oslo_config/cfg.py:2609
2026-02-12 00:29:15.279 33406 DEBUG oslo_service.service [-] oslo_messaging_rabbit.rabbit_interval_max = 30 log_opt_values /usr/lib/python3/dist-packages/oslo_config/cfg.py:2609
2026-02-12 00:29:15.280 33406 DEBUG oslo_service.service [-] oslo_messaging_rabbit.rabbit_login_method = AMQPLAIN log_opt_values /usr/lib/python3/dist-packages/oslo_config/cfg.py:2609
2026-02-12 00:29:15.280 33406 DEBUG oslo_service.service [-] oslo_messaging_rabbit.rabbit_qos_prefetch_count = 0 log_opt_values /usr/lib/python3/dist-packages/oslo_config/cfg.py:2609
2026-02-12 00:29:15.281 33406 DEBUG oslo_service.service [-] oslo_messaging_rabbit.rabbit_quorum_queue = False log_opt_values /usr/lib/python3/dist-packages/oslo_config/cfg.py:2609
2026-02-12 00:29:15.281 33406 DEBUG oslo_service.service [-] oslo_messaging_rabbit.rabbit_retry_backoff = 2 log_opt_values /usr/lib/python3/dist-packages/oslo_config/cfg.py:2609
2026-02-12 00:29:15.282 33406 DEBUG oslo_service.service [-] oslo_messaging_rabbit.rabbit_retry_interval = 1 log_opt_values /usr/lib/python3/dist-packages/oslo_config/cfg.py:2609
2026-02-12 00:29:15.282 33406 DEBUG oslo_service.service [-] oslo_messaging_rabbit.rabbit_transient_queues_ttl = 1800 log_opt_values /usr/lib/python3/dist-packages/oslo_config/cfg.py:2609
2026-02-12 00:29:15.282 33406 DEBUG oslo_service.service [-] oslo_messaging_rabbit.rpc_conn_pool_size = 30 log_opt_values /usr/lib/python3/dist-packages/oslo_config/cfg.py:2609
2026-02-12 00:29:15.282 33406 DEBUG oslo_service.service [-] oslo_messaging_rabbit.ssl = False log_opt_values /usr/lib/python3/dist-packages/oslo_config/cfg.py:2609
2026-02-12 00:29:15.282 33406 DEBUG oslo_service.service [-] oslo_messaging_rabbit.ssl_ca_file = log_opt_values /usr/lib/python3/dist-packages/oslo_config/cfg.py:2609
2026-02-12 00:29:15.282 33406 DEBUG oslo_service.service [-] oslo_messaging_rabbit.ssl_cert_file = log_opt_values /usr/lib/python3/dist-packages/oslo_config/cfg.py:2609
2026-02-12 00:29:15.283 33406 DEBUG oslo_service.service [-] oslo_messaging_rabbit.ssl_key_file = log_opt_values /usr/lib/python3/dist-packages/oslo_config/cfg.py:2609
2026-02-12 00:29:15.283 33406 DEBUG oslo_service.service [-] oslo_messaging_rabbit.ssl_version = log_opt_values /usr/lib/python3/dist-packages/oslo_config/cfg.py:2609
2026-02-12 00:29:15.283 33406 DEBUG oslo_service.service [-] oslo_messaging_notifications.driver = [] log_opt_values /usr/lib/python3/dist-packages/oslo_config/cfg.py:2609
2026-02-12 00:29:15.283 33406 DEBUG oslo_service.service [-] oslo_messaging_notifications.retry = -1 log_opt_values /usr/lib/python3/dist-packages/oslo_config/cfg.py:2609
2026-02-12 00:29:15.283 33406 DEBUG oslo_service.service [-] oslo_messaging_notifications.topics = ['notifications'] log_opt_values /usr/lib/python3/dist-packages/oslo_config/cfg.py:2609
2026-02-12 00:29:15.283 33406 DEBUG oslo_service.service [-] oslo_messaging_notifications.transport_url = **** log_opt_values /usr/lib/python3/dist-packages/oslo_config/cfg.py:2609
2026-02-12 00:29:15.284 33406 DEBUG oslo_service.service [-] cache.backend = dogpile.cache.null log_opt_values /usr/lib/python3/dist-packages/oslo_config/cfg.py:2609
2026-02-12 00:29:15.284 33406 DEBUG oslo_service.service [-] cache.backend_argument = **** log_opt_values /usr/lib/python3/dist-packages/oslo_config/cfg.py:2609
2026-02-12 00:29:15.284 33406 DEBUG oslo_service.service [-] cache.config_prefix = cache.oslo log_opt_values /usr/lib/python3/dist-packages/oslo_config/cfg.py:2609
2026-02-12 00:29:15.284 33406 DEBUG oslo_service.service [-] cache.debug_cache_backend = False log_opt_values /usr/lib/python3/dist-packages/oslo_config/cfg.py:2609
2026-02-12 00:29:15.284 33406 DEBUG oslo_service.service [-] cache.enabled = False log_opt_values /usr/lib/python3/dist-packages/oslo_config/cfg.py:2609
2026-02-12 00:29:15.284 33406 DEBUG oslo_service.service [-] cache.expiration_time = 600 log_opt_values /usr/lib/python3/dist-packages/oslo_config/cfg.py:2609
2026-02-12 00:29:15.284 33406 DEBUG oslo_service.service [-] cache.memcache_dead_retry = 300 log_opt_values /usr/lib/python3/dist-packages/oslo_config/cfg.py:2609
2026-02-12 00:29:15.285 33406 DEBUG oslo_service.service [-] cache.memcache_pool_connection_get_timeout = 10 log_opt_values /usr/lib/python3/dist-packages/oslo_config/cfg.py:2609
2026-02-12 00:29:15.285 33406 DEBUG oslo_service.service [-] cache.memcache_pool_flush_on_reconnect = False log_opt_values /usr/lib/python3/dist-packages/oslo_config/cfg.py:2609
2026-02-12 00:29:15.285 33406 DEBUG oslo_service.service [-] cache.memcache_pool_maxsize = 10 log_opt_values /usr/lib/python3/dist-packages/oslo_config/cfg.py:2609
2026-02-12 00:29:15.285 33406 DEBUG oslo_service.service [-] cache.memcache_pool_unused_timeout = 60 log_opt_values /usr/lib/python3/dist-packages/oslo_config/cfg.py:2609
2026-02-12 00:29:15.285 33406 DEBUG oslo_service.service [-] cache.memcache_servers = ['localhost:11211'] log_opt_values /usr/lib/python3/dist-packages/oslo_config/cfg.py:2609
2026-02-12 00:29:15.285 33406 DEBUG oslo_service.service [-] cache.memcache_socket_timeout = 1.0 log_opt_values /usr/lib/python3/dist-packages/oslo_config/cfg.py:2609
2026-02-12 00:29:15.286 33406 DEBUG oslo_service.service [-] cache.proxies = [] log_opt_values /usr/lib/python3/dist-packages/oslo_config/cfg.py:2609
2026-02-12 00:29:15.286 33406 DEBUG oslo_service.service [-] cache.tls_allowed_ciphers = None log_opt_values /usr/lib/python3/dist-packages/oslo_config/cfg.py:2609
2026-02-12 00:29:15.286 33406 DEBUG oslo_service.service [-] cache.tls_cafile = None log_opt_values /usr/lib/python3/dist-packages/oslo_config/cfg.py:2609
2026-02-12 00:29:15.299 33406 DEBUG oslo_service.service [-] cache.tls_certfile = None log_opt_values /usr/lib/python3/dist-packages/oslo_config/cfg.py:2609
2026-02-12 00:29:15.299 33406 DEBUG oslo_service.service [-] cache.tls_enabled = False log_opt_values /usr/lib/python3/dist-packages/oslo_config/cfg.py:2609
2026-02-12 00:29:15.303 33406 DEBUG oslo_service.service [-] cache.tls_keyfile = None log_opt_values /usr/lib/python3/dist-packages/oslo_config/cfg.py:2609
2026-02-12 00:29:15.303 33406 DEBUG oslo_service.service [-] constraint_validation_cache.caching = True log_opt_values /usr/lib/python3/dist-packages/oslo_config/cfg.py:2609
2026-02-12 00:29:15.303 33406 DEBUG oslo_service.service [-] constraint_validation_cache.expiration_time = 60 log_opt_values /usr/lib/python3/dist-packages/oslo_config/cfg.py:2609
2026-02-12 00:29:15.304 33406 DEBUG oslo_service.service [-] service_extension_cache.caching = True log_opt_values /usr/lib/python3/dist-packages/oslo_config/cfg.py:2609
2026-02-12 00:29:15.304 33406 DEBUG oslo_service.service [-] service_extension_cache.expiration_time = 3600 log_opt_values /usr/lib/python3/dist-packages/oslo_config/cfg.py:2609
2026-02-12 00:29:15.304 33406 DEBUG oslo_service.service [-] resource_finder_cache.caching = True log_opt_values /usr/lib/python3/dist-packages/oslo_config/cfg.py:2609
2026-02-12 00:29:15.304 33406 DEBUG oslo_service.service [-] resource_finder_cache.expiration_time = 3600 log_opt_values /usr/lib/python3/dist-packages/oslo_config/cfg.py:2609
2026-02-12 00:29:15.304 33406 DEBUG oslo_service.service [-] yaql.limit_iterators = 200 log_opt_values /usr/lib/python3/dist-packages/oslo_config/cfg.py:2609
2026-02-12 00:29:15.304 33406 DEBUG oslo_service.service [-] yaql.memory_quota = 10000 log_opt_values /usr/lib/python3/dist-packages/oslo_config/cfg.py:2609
2026-02-12 00:29:15.304 33406 DEBUG oslo_service.service [-] ******************************************************************************** log_opt_values /usr/lib/python3/dist-packages/oslo_config/cfg.py:2613
2026-02-12 00:29:15.308 33643 INFO heat.engine.worker [-] Starting engine_worker (1.4) in engine 43eb8174-1c04-494c-bf7e-88c68b0ebaff.
2026-02-12 00:29:15.335 33641 INFO heat.engine.worker [-] Starting engine_worker (1.4) in engine 91e78273-2b55-49eb-9c2a-69edcdee62ed.
2026-02-12 00:29:15.346 33642 DEBUG oslo_db.sqlalchemy.engines [req-1818781a-513d-43c1-ad82-4f1f166333ed - - - - -] MySQL server mode set to STRICT_TRANS_TABLES,STRICT_ALL_TABLES,NO_ZERO_IN_DATE,NO_ZERO_DATE,ERROR_FOR_DIVISION_BY_ZERO,TRADITIONAL,NO_ENGINE_SUBSTITUTION _check_effective_sql_mode /usr/lib/python3/dist-packages/oslo_db/sqlalchemy/engines.py:314
2026-02-12 00:29:15.412 33643 DEBUG oslo_db.sqlalchemy.engines [req-433cabfc-dd86-47f9-8104-e56d52f6bf49 - - - - -] MySQL server mode set to STRICT_TRANS_TABLES,STRICT_ALL_TABLES,NO_ZERO_IN_DATE,NO_ZERO_DATE,ERROR_FOR_DIVISION_BY_ZERO,TRADITIONAL,NO_ENGINE_SUBSTITUTION _check_effective_sql_mode /usr/lib/python3/dist-packages/oslo_db/sqlalchemy/engines.py:314
2026-02-12 00:29:15.415 33644 DEBUG oslo_db.sqlalchemy.engines [req-da32c4a3-be0a-4f96-a796-8e0ca79ade3e - - - - -] MySQL server mode set to STRICT_TRANS_TABLES,STRICT_ALL_TABLES,NO_ZERO_IN_DATE,NO_ZERO_DATE,ERROR_FOR_DIVISION_BY_ZERO,TRADITIONAL,NO_ENGINE_SUBSTITUTION _check_effective_sql_mode /usr/lib/python3/dist-packages/oslo_db/sqlalchemy/engines.py:314
2026-02-12 00:29:15.429 33641 DEBUG oslo_db.sqlalchemy.engines [req-b8b03b5f-c885-4098-a100-12000427b009 - - - - -] MySQL server mode set to STRICT_TRANS_TABLES,STRICT_ALL_TABLES,NO_ZERO_IN_DATE,NO_ZERO_DATE,ERROR_FOR_DIVISION_BY_ZERO,TRADITIONAL,NO_ENGINE_SUBSTITUTION _check_effective_sql_mode /usr/lib/python3/dist-packages/oslo_db/sqlalchemy/engines.py:314
2026-02-12 00:29:15.461 33642 DEBUG heat.engine.service [req-b055e76f-6055-4bf6-88c5-dee464520793 - - - - -] Service 5ee2ae88-a566-4cee-b364-47c934ec9cdb is started service_manage_report /usr/lib/python3/dist-packages/heat/engine/service.py:2363
2026-02-12 00:29:15.537 33642 DEBUG heat.engine.service [req-b055e76f-6055-4bf6-88c5-dee464520793 - - - - -] Service 5ee2ae88-a566-4cee-b364-47c934ec9cdb is updated service_manage_report /usr/lib/python3/dist-packages/heat/engine/service.py:2370
2026-02-12 00:29:15.558 33641 DEBUG heat.engine.service [req-4f8e785f-7216-4112-af23-d7697d882eee - - - - -] Service 557760e3-7304-45b1-bc56-2bb7a9e702d4 is started service_manage_report /usr/lib/python3/dist-packages/heat/engine/service.py:2363
2026-02-12 00:29:15.569 33644 DEBUG heat.engine.service [req-79abd064-939b-4969-b5a4-ec32984cef2a - - - - -] Service b53d1728-7fb7-4bfc-92de-80500213ca4b is started service_manage_report /usr/lib/python3/dist-packages/heat/engine/service.py:2363
2026-02-12 00:29:15.576 33643 DEBUG heat.engine.service [req-6ac47a60-be1a-411e-b8c2-fd371703946b - - - - -] Service ca3c7788-ec47-4944-8a26-92af64964af8 is started service_manage_report /usr/lib/python3/dist-packages/heat/engine/service.py:2363
2026-02-12 00:29:15.602 33641 DEBUG heat.engine.service [req-4f8e785f-7216-4112-af23-d7697d882eee - - - - -] Service 557760e3-7304-45b1-bc56-2bb7a9e702d4 is updated service_manage_report /usr/lib/python3/dist-packages/heat/engine/service.py:2370
2026-02-12 00:29:15.633 33644 DEBUG heat.engine.service [req-79abd064-939b-4969-b5a4-ec32984cef2a - - - - -] Service b53d1728-7fb7-4bfc-92de-80500213ca4b is updated service_manage_report /usr/lib/python3/dist-packages/heat/engine/service.py:2370
2026-02-12 00:29:15.650 33643 DEBUG heat.engine.service [req-6ac47a60-be1a-411e-b8c2-fd371703946b - - - - -] Service ca3c7788-ec47-4944-8a26-92af64964af8 is updated service_manage_report /usr/lib/python3/dist-packages/heat/engine/service.py:2370
2026-02-12 00:30:15.448 33642 DEBUG heat.engine.service [req-bb309fba-c7ef-4fdb-9e93-410f38f912da - - - - -] Service 5ee2ae88-a566-4cee-b364-47c934ec9cdb is updated service_manage_report /usr/lib/python3/dist-packages/heat/engine/service.py:2370
2026-02-12 00:30:15.524 33641 DEBUG heat.engine.service [req-8d6de0e2-1621-49c4-9809-f15dd28aa4b3 - - - - -] Service 557760e3-7304-45b1-bc56-2bb7a9e702d4 is updated service_manage_report /usr/lib/python3/dist-packages/heat/engine/service.py:2370
2026-02-12 00:30:15.528 33643 DEBUG heat.engine.service [req-75a1f636-232e-4ca9-8514-fb17d29aca6d - - - - -] Service ca3c7788-ec47-4944-8a26-92af64964af8 is updated service_manage_report /usr/lib/python3/dist-packages/heat/engine/service.py:2370
2026-02-12 00:30:15.529 33644 DEBUG heat.engine.service [req-4d42edf3-bb46-45ae-990e-a2165616def3 - - - - -] Service b53d1728-7fb7-4bfc-92de-80500213ca4b is updated service_manage_report /usr/lib/python3/dist-packages/heat/engine/service.py:2370
2026-02-12 00:31:15.444 33642 DEBUG heat.engine.service [req-8f0aa20f-6777-47a9-bd73-ae53a9f0196a - - - - -] Service 5ee2ae88-a566-4cee-b364-47c934ec9cdb is updated service_manage_report /usr/lib/python3/dist-packages/heat/engine/service.py:2370
2026-02-12 00:31:15.520 33641 DEBUG heat.engine.service [req-a12a8a4d-4a1d-482c-b623-1752063d8254 - - - - -] Service 557760e3-7304-45b1-bc56-2bb7a9e702d4 is updated service_manage_report /usr/lib/python3/dist-packages/heat/engine/service.py:2370
2026-02-12 00:31:15.528 33644 DEBUG heat.engine.service [req-d66eedcc-c5be-4cfc-bf37-3620b43c29cc - - - - -] Service b53d1728-7fb7-4bfc-92de-80500213ca4b is updated service_manage_report /usr/lib/python3/dist-packages/heat/engine/service.py:2370
2026-02-12 00:31:15.531 33643 DEBUG heat.engine.service [req-444cd962-613d-492a-bc7d-08e8901cb297 - - - - -] Service ca3c7788-ec47-4944-8a26-92af64964af8 is updated service_manage_report /usr/lib/python3/dist-packages/heat/engine/service.py:2370
2026-02-12 00:32:15.463 33642 DEBUG heat.engine.service [req-70d764d5-52e7-434d-84f1-494309ec03ad - - - - -] Service 5ee2ae88-a566-4cee-b364-47c934ec9cdb is updated service_manage_report /usr/lib/python3/dist-packages/heat/engine/service.py:2370
2026-02-12 00:32:15.537 33643 DEBUG heat.engine.service [req-54fc848d-70c3-4294-b049-af782f9af362 - - - - -] Service ca3c7788-ec47-4944-8a26-92af64964af8 is updated service_manage_report /usr/lib/python3/dist-packages/heat/engine/service.py:2370
2026-02-12 00:32:15.543 33641 DEBUG heat.engine.service [req-93544a78-5288-43ff-81b1-1f09889643ed - - - - -] Service 557760e3-7304-45b1-bc56-2bb7a9e702d4 is updated service_manage_report /usr/lib/python3/dist-packages/heat/engine/service.py:2370
2026-02-12 00:32:15.545 33644 DEBUG heat.engine.service [req-a177b0ce-6c99-4dc2-8bee-816f2e7cc763 - - - - -] Service b53d1728-7fb7-4bfc-92de-80500213ca4b is updated service_manage_report /usr/lib/python3/dist-packages/heat/engine/service.py:2370
2026-02-12 00:33:15.436 33642 DEBUG heat.engine.service [req-547e88b7-eeee-423e-8bb8-205ef1df260d - - - - -] Service 5ee2ae88-a566-4cee-b364-47c934ec9cdb is updated service_manage_report /usr/lib/python3/dist-packages/heat/engine/service.py:2370
2026-02-12 00:33:15.521 33644 DEBUG heat.engine.service [req-d9ca70e8-c5ec-4f4b-945b-40483e26ef64 - - - - -] Service b53d1728-7fb7-4bfc-92de-80500213ca4b is updated service_manage_report /usr/lib/python3/dist-packages/heat/engine/service.py:2370
2026-02-12 00:33:15.529 33641 DEBUG heat.engine.service [req-9ecc2e37-9cff-49a0-bccb-0c54f3f33311 - - - - -] Service 557760e3-7304-45b1-bc56-2bb7a9e702d4 is updated service_manage_report /usr/lib/python3/dist-packages/heat/engine/service.py:2370
2026-02-12 00:33:15.538 33643 DEBUG heat.engine.service [req-07b75762-dc5a-4cc6-97de-02380d850884 - - - - -] Service ca3c7788-ec47-4944-8a26-92af64964af8 is updated service_manage_report /usr/lib/python3/dist-packages/heat/engine/service.py:2370
2026-02-12 00:34:15.456 33642 DEBUG heat.engine.service [req-6a237b5c-5097-4ad0-9927-a22596d87353 - - - - -] Service 5ee2ae88-a566-4cee-b364-47c934ec9cdb is updated service_manage_report /usr/lib/python3/dist-packages/heat/engine/service.py:2370
2026-02-12 00:34:15.540 33644 DEBUG heat.engine.service [req-c0bf9492-779a-4401-9a7a-190f4fa981ec - - - - -] Service b53d1728-7fb7-4bfc-92de-80500213ca4b is updated service_manage_report /usr/lib/python3/dist-packages/heat/engine/service.py:2370
2026-02-12 00:34:15.553 33643 DEBUG heat.engine.service [req-e7a87629-c5a4-4144-8d26-e80afda261f9 - - - - -] Service ca3c7788-ec47-4944-8a26-92af64964af8 is updated service_manage_report /usr/lib/python3/dist-packages/heat/engine/service.py:2370
2026-02-12 00:34:15.554 33641 DEBUG heat.engine.service [req-aea71f3a-c083-431a-9a40-4771f30f7395 - - - - -] Service 557760e3-7304-45b1-bc56-2bb7a9e702d4 is updated service_manage_report /usr/lib/python3/dist-packages/heat/engine/service.py:2370
2026-02-12 00:35:15.440 33642 DEBUG heat.engine.service [req-855f6269-1b7a-4b6a-89ff-e28c8106ad79 - - - - -] Service 5ee2ae88-a566-4cee-b364-47c934ec9cdb is updated service_manage_report /usr/lib/python3/dist-packages/heat/engine/service.py:2370
2026-02-12 00:35:15.517 33644 DEBUG heat.engine.service [req-65afec05-3192-4aff-aa58-2606b923deac - - - - -] Service b53d1728-7fb7-4bfc-92de-80500213ca4b is updated service_manage_report /usr/lib/python3/dist-packages/heat/engine/service.py:2370
2026-02-12 00:35:15.527 33641 DEBUG heat.engine.service [req-79aa1817-3505-45cf-8d39-3329aa29783b - - - - -] Service 557760e3-7304-45b1-bc56-2bb7a9e702d4 is updated service_manage_report /usr/lib/python3/dist-packages/heat/engine/service.py:2370
2026-02-12 00:35:15.539 33643 DEBUG heat.engine.service [req-05ef9355-1e23-4d66-b711-ef5f3b3a07d1 - - - - -] Service ca3c7788-ec47-4944-8a26-92af64964af8 is updated service_manage_report /usr/lib/python3/dist-packages/heat/engine/service.py:2370
2026-02-12 00:36:15.444 33642 DEBUG heat.engine.service [req-7294ab6b-13ac-4f48-8176-8c7e6e43c78f - - - - -] Service 5ee2ae88-a566-4cee-b364-47c934ec9cdb is updated service_manage_report /usr/lib/python3/dist-packages/heat/engine/service.py:2370
2026-02-12 00:36:15.531 33644 DEBUG heat.engine.service [req-d884bd02-32d8-4f7d-a338-16b66824dbab - - - - -] Service b53d1728-7fb7-4bfc-92de-80500213ca4b is updated service_manage_report /usr/lib/python3/dist-packages/heat/engine/service.py:2370
2026-02-12 00:36:15.537 33641 DEBUG heat.engine.service [req-6313a3ab-3c92-4b5a-9927-7603b2d83023 - - - - -] Service 557760e3-7304-45b1-bc56-2bb7a9e702d4 is updated service_manage_report /usr/lib/python3/dist-packages/heat/engine/service.py:2370
2026-02-12 00:36:15.546 33643 DEBUG heat.engine.service [req-5e58212f-06b9-490a-bc73-fb4899d30afb - - - - -] Service ca3c7788-ec47-4944-8a26-92af64964af8 is updated service_manage_report /usr/lib/python3/dist-packages/heat/engine/service.py:2370
2026-02-12 00:36:18.325 33643 DEBUG heat.engine.service [-] Attempting to stop engine service... _stop_rpc_server /usr/lib/python3/dist-packages/heat/engine/service.py:437
2026-02-12 00:36:18.326 33644 DEBUG heat.engine.service [-] Attempting to stop engine service... _stop_rpc_server /usr/lib/python3/dist-packages/heat/engine/service.py:437
2026-02-12 00:36:18.327 33641 DEBUG heat.engine.service [-] Attempting to stop engine service... _stop_rpc_server /usr/lib/python3/dist-packages/heat/engine/service.py:437
2026-02-12 00:36:18.326 33642 DEBUG heat.engine.service [-] Attempting to stop engine service... _stop_rpc_server /usr/lib/python3/dist-packages/heat/engine/service.py:437
2026-02-12 00:36:18.337 33406 INFO oslo_service.service [-] Caught SIGTERM, stopping children
2026-02-12 00:36:18.337 33406 DEBUG oslo_concurrency.lockutils [-] Acquired lock "singleton_lock" lock /usr/lib/python3/dist-packages/oslo_concurrency/lockutils.py:294
2026-02-12 00:36:18.338 33406 DEBUG oslo_concurrency.lockutils [-] Releasing lock "singleton_lock" lock /usr/lib/python3/dist-packages/oslo_concurrency/lockutils.py:312
2026-02-12 00:36:18.338 33406 DEBUG oslo_service.service [-] Stop services. stop /usr/lib/python3/dist-packages/oslo_service/service.py:695
2026-02-12 00:36:18.338 33406 INFO heat.engine.service [-] All threads were gone, terminating engine
2026-02-12 00:36:18.338 33406 DEBUG oslo_service.service [-] Killing children. stop /usr/lib/python3/dist-packages/oslo_service/service.py:700
2026-02-12 00:36:18.348 33406 INFO oslo_service.service [-] Waiting on 4 children to exit
2026-02-12 00:36:18.348 33406 INFO oslo_service.service [-] Child 33641 killed by signal 15
2026-02-12 00:36:18.349 33406 INFO oslo_service.service [-] Child 33642 killed by signal 15
2026-02-12 00:36:18.368 33406 INFO oslo_service.service [-] Child 33643 killed by signal 15
2026-02-12 00:36:18.370 33406 INFO oslo_service.service [-] Child 33644 killed by signal 15
2026-02-12 00:36:20.722 39114 DEBUG oslo_concurrency.lockutils [-] Lock "context-manager" acquired by "neutron_lib.db.api._create_context_manager" :: waited 0.000s inner /usr/lib/python3/dist-packages/oslo_concurrency/lockutils.py:386
2026-02-12 00:36:20.722 39114 DEBUG oslo_concurrency.lockutils [-] Lock "context-manager" "released" by "neutron_lib.db.api._create_context_manager" :: held 0.001s inner /usr/lib/python3/dist-packages/oslo_concurrency/lockutils.py:400
2026-02-12 00:36:20.959 39114 WARNING heat.engine.environment [-] OS::Aodh::Alarm is DEPRECATED. Theshold alarm relies on ceilometer-api and has been deprecated in aodh since Ocata. Use OS::Aodh::GnocchiAggregationByResourcesAlarm instead.
2026-02-12 00:36:20.959 39114 WARNING heat.engine.environment [-] OS::Aodh::CombinationAlarm is HIDDEN. OS::Aodh::CombinationAlarm is deprecated and has been removed from Aodh, use OS::Aodh::CompositeAlarm instead.
2026-02-12 00:36:20.960 39114 WARNING heat.engine.environment [-] OS::Designate::Domain is HIDDEN. This resource has been removed, use OS::Designate::Zone instead.
2026-02-12 00:36:20.960 39114 WARNING heat.engine.environment [-] OS::Designate::Record is HIDDEN. This resource has been removed, use OS::Designate::RecordSet instead.
2026-02-12 00:36:20.960 39114 WARNING heat.engine.environment [-] OS::Glance::Image is DEPRECATED. Creating a Glance Image based on an existing URL location requires the Glance v1 API, which is deprecated.
2026-02-12 00:36:20.960 39114 WARNING heat.engine.environment [-] OS::Heat::HARestarter is HIDDEN. The HARestarter resource type has been removed. Existing stacks containing HARestarter resources can still be used, but the HARestarter resource will be a placeholder that does nothing.
2026-02-12 00:36:20.960 39114 WARNING heat.engine.environment [-] OS::Heat::SoftwareDeployments is HIDDEN. Please use OS::Heat::SoftwareDeploymentGroup instead.
2026-02-12 00:36:20.961 39114 WARNING heat.engine.environment [-] OS::Heat::StructuredDeployments is HIDDEN. Please use OS::Heat::StructuredDeploymentGroup instead.
2026-02-12 00:36:20.961 39114 WARNING heat.engine.environment [-] OS::Magnum::Bay is HIDDEN. Please use OS::Magnum::Cluster instead.
2026-02-12 00:36:20.961 39114 WARNING heat.engine.environment [-] OS::Magnum::BayModel is HIDDEN. Please use OS::Magnum::ClusterTemplate instead.
2026-02-12 00:36:20.961 39114 WARNING heat.engine.environment [-] OS::Neutron::ExtraRoute is UNSUPPORTED. Use this resource at your own risk.
2026-02-12 00:36:20.961 39114 WARNING heat.engine.environment [-] OS::Neutron::HealthMonitor is HIDDEN. Use LBaaS V2 instead.
2026-02-12 00:36:20.961 39114 WARNING heat.engine.environment [-] OS::Neutron::Pool is HIDDEN. Use LBaaS V2 instead.
2026-02-12 00:36:20.962 39114 WARNING heat.engine.environment [-] OS::Neutron::PoolMember is HIDDEN. Use LBaaS V2 instead.
2026-02-12 00:36:20.962 39114 WARNING heat.engine.environment [-] OS::Neutron::LoadBalancer is HIDDEN. Use LBaaS V2 instead.
2026-02-12 00:36:20.962 39114 WARNING heat.engine.environment [-] OS::Neutron::RouterGateway is HIDDEN. Use the `external_gateway_info` property in the router resource to set up the gateway.
2026-02-12 00:36:20.962 39114 WARNING heat.engine.environment [-] OS::Nova::FloatingIP is HIDDEN. Please use OS::Neutron::FloatingIP instead.
2026-02-12 00:36:20.962 39114 WARNING heat.engine.environment [-] OS::Nova::FloatingIPAssociation is HIDDEN. Please use OS::Neutron::FloatingIPAssociation instead.
2026-02-12 00:36:20.963 39114 INFO heat.engine.environment [-] Loading /etc/heat/environment.d/default.yaml
2026-02-12 00:36:20.964 39114 INFO heat.engine.environment [-] Registered: [Plugin](User:False) AWS::AutoScaling::AutoScalingGroup ->
2026-02-12 00:36:20.964 39114 INFO heat.engine.environment [-] Registered: [Plugin](User:False) AWS::AutoScaling::LaunchConfiguration ->
2026-02-12 00:36:20.964 39114 INFO heat.engine.environment [-] Registered: [Plugin](User:False) AWS::AutoScaling::ScalingPolicy ->
2026-02-12 00:36:20.965 39114 INFO heat.engine.environment [-] Registered: [Plugin](User:False) AWS::CloudFormation::Stack ->
2026-02-12 00:36:20.965 39114 INFO heat.engine.environment [-] Registered: [Plugin](User:False) AWS::CloudFormation::WaitCondition ->
2026-02-12 00:36:20.965 39114 INFO heat.engine.environment [-] Registered: [Plugin](User:False) AWS::CloudFormation::WaitConditionHandle ->
2026-02-12 00:36:20.965 39114 INFO heat.engine.environment [-] Registered: [Plugin](User:False) AWS::EC2::EIP ->
2026-02-12 00:36:20.965 39114 INFO heat.engine.environment [-] Registered: [Plugin](User:False) AWS::EC2::EIPAssociation ->
