2026-02-12 01:47:15.317 71303 DEBUG oslo_service.service [-] database.connection = **** log_opt_values /usr/lib/python3/dist-packages/oslo_config/cfg.py:2609
2026-02-12 01:47:15.317 71303 DEBUG oslo_service.service [-] database.connection_debug = 0 log_opt_values /usr/lib/python3/dist-packages/oslo_config/cfg.py:2609
2026-02-12 01:47:15.317 71303 DEBUG oslo_service.service [-] database.connection_parameters = log_opt_values /usr/lib/python3/dist-packages/oslo_config/cfg.py:2609
2026-02-12 01:47:15.317 71303 DEBUG oslo_service.service [-] database.connection_recycle_time = 3600 log_opt_values /usr/lib/python3/dist-packages/oslo_config/cfg.py:2609
2026-02-12 01:47:15.318 71303 DEBUG oslo_service.service [-] database.connection_trace = False log_opt_values /usr/lib/python3/dist-packages/oslo_config/cfg.py:2609
2026-02-12 01:47:15.318 71303 DEBUG oslo_service.service [-] database.db_inc_retry_interval = True log_opt_values /usr/lib/python3/dist-packages/oslo_config/cfg.py:2609
2026-02-12 01:47:15.318 71303 DEBUG oslo_service.service [-] database.db_max_retries = 20 log_opt_values /usr/lib/python3/dist-packages/oslo_config/cfg.py:2609
2026-02-12 01:47:15.318 71303 DEBUG oslo_service.service [-] database.db_max_retry_interval = 10 log_opt_values /usr/lib/python3/dist-packages/oslo_config/cfg.py:2609
2026-02-12 01:47:15.318 71303 DEBUG oslo_service.service [-] database.db_retry_interval = 1 log_opt_values /usr/lib/python3/dist-packages/oslo_config/cfg.py:2609
2026-02-12 01:47:15.318 71303 DEBUG oslo_service.service [-] database.max_overflow = 50 log_opt_values /usr/lib/python3/dist-packages/oslo_config/cfg.py:2609
2026-02-12 01:47:15.318 71303 DEBUG oslo_service.service [-] database.max_pool_size = 5 log_opt_values /usr/lib/python3/dist-packages/oslo_config/cfg.py:2609
2026-02-12 01:47:15.318 71303 DEBUG oslo_service.service [-] database.max_retries = 10 log_opt_values /usr/lib/python3/dist-packages/oslo_config/cfg.py:2609
2026-02-12 01:47:15.318 71303 DEBUG oslo_service.service [-] database.mysql_enable_ndb = False log_opt_values /usr/lib/python3/dist-packages/oslo_config/cfg.py:2609
2026-02-12 01:47:15.319 71303 DEBUG oslo_service.service [-] database.mysql_sql_mode = TRADITIONAL log_opt_values /usr/lib/python3/dist-packages/oslo_config/cfg.py:2609
2026-02-12 01:47:15.319 71303 DEBUG oslo_service.service [-] database.pool_timeout = None log_opt_values /usr/lib/python3/dist-packages/oslo_config/cfg.py:2609
2026-02-12 01:47:15.319 71303 DEBUG oslo_service.service [-] database.retry_interval = 10 log_opt_values /usr/lib/python3/dist-packages/oslo_config/cfg.py:2609
2026-02-12 01:47:15.319 71303 DEBUG oslo_service.service [-] database.slave_connection = **** log_opt_values /usr/lib/python3/dist-packages/oslo_config/cfg.py:2609
2026-02-12 01:47:15.319 71303 DEBUG oslo_service.service [-] database.sqlite_synchronous = True log_opt_values /usr/lib/python3/dist-packages/oslo_config/cfg.py:2609
2026-02-12 01:47:15.319 71303 DEBUG oslo_service.service [-] database.use_db_reconnect = False log_opt_values /usr/lib/python3/dist-packages/oslo_config/cfg.py:2609
2026-02-12 01:47:15.319 71303 DEBUG oslo_service.service [-] oslo_messaging_metrics.metrics_buffer_size = 1000 log_opt_values /usr/lib/python3/dist-packages/oslo_config/cfg.py:2609
2026-02-12 01:47:15.319 71303 DEBUG oslo_service.service [-] oslo_messaging_metrics.metrics_enabled = False log_opt_values /usr/lib/python3/dist-packages/oslo_config/cfg.py:2609
2026-02-12 01:47:15.319 71303 DEBUG oslo_service.service [-] oslo_messaging_metrics.metrics_process_name = log_opt_values /usr/lib/python3/dist-packages/oslo_config/cfg.py:2609
2026-02-12 01:47:15.321 71303 DEBUG oslo_service.service [-] oslo_messaging_metrics.metrics_socket_file = /var/tmp/metrics_collector.sock log_opt_values /usr/lib/python3/dist-packages/oslo_config/cfg.py:2609
2026-02-12 01:47:15.323 71303 DEBUG oslo_service.service [-] oslo_messaging_metrics.metrics_thread_stop_timeout = 10 log_opt_values /usr/lib/python3/dist-packages/oslo_config/cfg.py:2609
2026-02-12 01:47:15.323 71303 DEBUG oslo_service.service [-] oslo_policy.enforce_new_defaults = False log_opt_values /usr/lib/python3/dist-packages/oslo_config/cfg.py:2609
2026-02-12 01:47:15.323 71303 DEBUG oslo_service.service [-] oslo_policy.enforce_scope = False log_opt_values /usr/lib/python3/dist-packages/oslo_config/cfg.py:2609
2026-02-12 01:47:15.323 71303 DEBUG oslo_service.service [-] oslo_policy.policy_default_rule = default log_opt_values /usr/lib/python3/dist-packages/oslo_config/cfg.py:2609
2026-02-12 01:47:15.323 71303 DEBUG oslo_service.service [-] oslo_policy.policy_dirs = ['policy.d'] log_opt_values /usr/lib/python3/dist-packages/oslo_config/cfg.py:2609
2026-02-12 01:47:15.324 71303 DEBUG oslo_service.service [-] oslo_policy.policy_file = policy.yaml log_opt_values /usr/lib/python3/dist-packages/oslo_config/cfg.py:2609
2026-02-12 01:47:15.325 71303 DEBUG oslo_service.service [-] oslo_policy.remote_content_type = application/x-www-form-urlencoded log_opt_values /usr/lib/python3/dist-packages/oslo_config/cfg.py:2609
2026-02-12 01:47:15.325 71303 DEBUG oslo_service.service [-] oslo_policy.remote_ssl_ca_crt_file = None log_opt_values /usr/lib/python3/dist-packages/oslo_config/cfg.py:2609
2026-02-12 01:47:15.326 71303 DEBUG oslo_service.service [-] oslo_policy.remote_ssl_client_crt_file = None log_opt_values /usr/lib/python3/dist-packages/oslo_config/cfg.py:2609
2026-02-12 01:47:15.327 71303 DEBUG oslo_service.service [-] oslo_policy.remote_ssl_client_key_file = None log_opt_values /usr/lib/python3/dist-packages/oslo_config/cfg.py:2609
2026-02-12 01:47:15.327 71303 DEBUG oslo_service.service [-] oslo_policy.remote_ssl_verify_server_crt = False log_opt_values /usr/lib/python3/dist-packages/oslo_config/cfg.py:2609
2026-02-12 01:47:15.328 71303 DEBUG oslo_service.service [-] trustee.auth_section = None log_opt_values /usr/lib/python3/dist-packages/oslo_config/cfg.py:2609
2026-02-12 01:47:15.328 71303 WARNING oslo_config.cfg [-] Deprecated: Option "auth_plugin" from group "trustee" is deprecated. Use option "auth_type" from group "trustee".
2026-02-12 01:47:15.330 71303 DEBUG oslo_service.service [-] trustee.auth_type = password log_opt_values /usr/lib/python3/dist-packages/oslo_config/cfg.py:2609
2026-02-12 01:47:15.330 71303 DEBUG oslo_service.service [-] oslo_versionedobjects.fatal_exception_format_errors = False log_opt_values /usr/lib/python3/dist-packages/oslo_config/cfg.py:2609
2026-02-12 01:47:15.330 71303 DEBUG oslo_service.service [-] oslo_messaging_rabbit.amqp_auto_delete = False log_opt_values /usr/lib/python3/dist-packages/oslo_config/cfg.py:2609
2026-02-12 01:47:15.330 71303 DEBUG oslo_service.service [-] oslo_messaging_rabbit.amqp_durable_queues = False log_opt_values /usr/lib/python3/dist-packages/oslo_config/cfg.py:2609
2026-02-12 01:47:15.330 71303 DEBUG oslo_service.service [-] oslo_messaging_rabbit.conn_pool_min_size = 2 log_opt_values /usr/lib/python3/dist-packages/oslo_config/cfg.py:2609
2026-02-12 01:47:15.330 71303 DEBUG oslo_service.service [-] oslo_messaging_rabbit.conn_pool_ttl = 1200 log_opt_values /usr/lib/python3/dist-packages/oslo_config/cfg.py:2609
2026-02-12 01:47:15.331 71303 DEBUG oslo_service.service [-] oslo_messaging_rabbit.direct_mandatory_flag = True log_opt_values /usr/lib/python3/dist-packages/oslo_config/cfg.py:2609
2026-02-12 01:47:15.331 71303 DEBUG oslo_service.service [-] oslo_messaging_rabbit.enable_cancel_on_failover = False log_opt_values /usr/lib/python3/dist-packages/oslo_config/cfg.py:2609
2026-02-12 01:47:15.331 71303 DEBUG oslo_service.service [-] oslo_messaging_rabbit.heartbeat_in_pthread = False log_opt_values /usr/lib/python3/dist-packages/oslo_config/cfg.py:2609
2026-02-12 01:47:15.331 71303 DEBUG oslo_service.service [-] oslo_messaging_rabbit.heartbeat_rate = 2 log_opt_values /usr/lib/python3/dist-packages/oslo_config/cfg.py:2609
2026-02-12 01:47:15.332 71303 DEBUG oslo_service.service [-] oslo_messaging_rabbit.heartbeat_timeout_threshold = 60 log_opt_values /usr/lib/python3/dist-packages/oslo_config/cfg.py:2609
2026-02-12 01:47:15.335 71303 DEBUG oslo_service.service [-] oslo_messaging_rabbit.kombu_compression = None log_opt_values /usr/lib/python3/dist-packages/oslo_config/cfg.py:2609
2026-02-12 01:47:15.335 71303 DEBUG oslo_service.service [-] oslo_messaging_rabbit.kombu_failover_strategy = round-robin log_opt_values /usr/lib/python3/dist-packages/oslo_config/cfg.py:2609
2026-02-12 01:47:15.335 71303 DEBUG oslo_service.service [-] oslo_messaging_rabbit.kombu_missing_consumer_retry_timeout = 60 log_opt_values /usr/lib/python3/dist-packages/oslo_config/cfg.py:2609
2026-02-12 01:47:15.336 71303 DEBUG oslo_service.service [-] oslo_messaging_rabbit.kombu_reconnect_delay = 1.0 log_opt_values /usr/lib/python3/dist-packages/oslo_config/cfg.py:2609
2026-02-12 01:47:15.336 71303 DEBUG oslo_service.service [-] oslo_messaging_rabbit.rabbit_ha_queues = False log_opt_values /usr/lib/python3/dist-packages/oslo_config/cfg.py:2609
2026-02-12 01:47:15.337 71303 DEBUG oslo_service.service [-] oslo_messaging_rabbit.rabbit_interval_max = 30 log_opt_values /usr/lib/python3/dist-packages/oslo_config/cfg.py:2609
2026-02-12 01:47:15.337 71303 DEBUG oslo_service.service [-] oslo_messaging_rabbit.rabbit_login_method = AMQPLAIN log_opt_values /usr/lib/python3/dist-packages/oslo_config/cfg.py:2609
2026-02-12 01:47:15.337 71303 DEBUG oslo_service.service [-] oslo_messaging_rabbit.rabbit_qos_prefetch_count = 0 log_opt_values /usr/lib/python3/dist-packages/oslo_config/cfg.py:2609
2026-02-12 01:47:15.337 71303 DEBUG oslo_service.service [-] oslo_messaging_rabbit.rabbit_quorum_queue = False log_opt_values /usr/lib/python3/dist-packages/oslo_config/cfg.py:2609
2026-02-12 01:47:15.337 71303 DEBUG oslo_service.service [-] oslo_messaging_rabbit.rabbit_retry_backoff = 2 log_opt_values /usr/lib/python3/dist-packages/oslo_config/cfg.py:2609
2026-02-12 01:47:15.339 71303 DEBUG oslo_service.service [-] oslo_messaging_rabbit.rabbit_retry_interval = 1 log_opt_values /usr/lib/python3/dist-packages/oslo_config/cfg.py:2609
2026-02-12 01:47:15.343 71303 DEBUG oslo_service.service [-] oslo_messaging_rabbit.rabbit_transient_queues_ttl = 1800 log_opt_values /usr/lib/python3/dist-packages/oslo_config/cfg.py:2609
2026-02-12 01:47:15.343 71303 DEBUG oslo_service.service [-] oslo_messaging_rabbit.rpc_conn_pool_size = 30 log_opt_values /usr/lib/python3/dist-packages/oslo_config/cfg.py:2609
2026-02-12 01:47:15.344 71303 DEBUG oslo_service.service [-] oslo_messaging_rabbit.ssl = False log_opt_values /usr/lib/python3/dist-packages/oslo_config/cfg.py:2609
2026-02-12 01:47:15.345 71303 DEBUG oslo_service.service [-] oslo_messaging_rabbit.ssl_ca_file = log_opt_values /usr/lib/python3/dist-packages/oslo_config/cfg.py:2609
2026-02-12 01:47:15.345 71303 DEBUG oslo_service.service [-] oslo_messaging_rabbit.ssl_cert_file = log_opt_values /usr/lib/python3/dist-packages/oslo_config/cfg.py:2609
2026-02-12 01:47:15.345 71303 DEBUG oslo_service.service [-] oslo_messaging_rabbit.ssl_key_file = log_opt_values /usr/lib/python3/dist-packages/oslo_config/cfg.py:2609
2026-02-12 01:47:15.345 71303 DEBUG oslo_service.service [-] oslo_messaging_rabbit.ssl_version = log_opt_values /usr/lib/python3/dist-packages/oslo_config/cfg.py:2609
2026-02-12 01:47:15.345 71303 DEBUG oslo_service.service [-] oslo_messaging_notifications.driver = [] log_opt_values /usr/lib/python3/dist-packages/oslo_config/cfg.py:2609
2026-02-12 01:47:15.346 71303 DEBUG oslo_service.service [-] oslo_messaging_notifications.retry = -1 log_opt_values /usr/lib/python3/dist-packages/oslo_config/cfg.py:2609
2026-02-12 01:47:15.348 71303 DEBUG oslo_service.service [-] oslo_messaging_notifications.topics = ['notifications'] log_opt_values /usr/lib/python3/dist-packages/oslo_config/cfg.py:2609
2026-02-12 01:47:15.348 71303 DEBUG oslo_service.service [-] oslo_messaging_notifications.transport_url = **** log_opt_values /usr/lib/python3/dist-packages/oslo_config/cfg.py:2609
2026-02-12 01:47:15.349 71303 DEBUG oslo_service.service [-] cache.backend = dogpile.cache.null log_opt_values /usr/lib/python3/dist-packages/oslo_config/cfg.py:2609
2026-02-12 01:47:15.349 71303 DEBUG oslo_service.service [-] cache.backend_argument = **** log_opt_values /usr/lib/python3/dist-packages/oslo_config/cfg.py:2609
2026-02-12 01:47:15.349 71303 DEBUG oslo_service.service [-] cache.config_prefix = cache.oslo log_opt_values /usr/lib/python3/dist-packages/oslo_config/cfg.py:2609
2026-02-12 01:47:15.357 71303 DEBUG oslo_service.service [-] cache.debug_cache_backend = False log_opt_values /usr/lib/python3/dist-packages/oslo_config/cfg.py:2609
2026-02-12 01:47:15.357 71303 DEBUG oslo_service.service [-] cache.enabled = False log_opt_values /usr/lib/python3/dist-packages/oslo_config/cfg.py:2609
2026-02-12 01:47:15.357 71303 DEBUG oslo_service.service [-] cache.expiration_time = 600 log_opt_values /usr/lib/python3/dist-packages/oslo_config/cfg.py:2609
2026-02-12 01:47:15.357 71303 DEBUG oslo_service.service [-] cache.memcache_dead_retry = 300 log_opt_values /usr/lib/python3/dist-packages/oslo_config/cfg.py:2609
2026-02-12 01:47:15.357 71303 DEBUG oslo_service.service [-] cache.memcache_pool_connection_get_timeout = 10 log_opt_values /usr/lib/python3/dist-packages/oslo_config/cfg.py:2609
2026-02-12 01:47:15.357 71303 DEBUG oslo_service.service [-] cache.memcache_pool_flush_on_reconnect = False log_opt_values /usr/lib/python3/dist-packages/oslo_config/cfg.py:2609
2026-02-12 01:47:15.358 71303 DEBUG oslo_service.service [-] cache.memcache_pool_maxsize = 10 log_opt_values /usr/lib/python3/dist-packages/oslo_config/cfg.py:2609
2026-02-12 01:47:15.358 71303 DEBUG oslo_service.service [-] cache.memcache_pool_unused_timeout = 60 log_opt_values /usr/lib/python3/dist-packages/oslo_config/cfg.py:2609
2026-02-12 01:47:15.358 71303 DEBUG oslo_service.service [-] cache.memcache_servers = ['localhost:11211'] log_opt_values /usr/lib/python3/dist-packages/oslo_config/cfg.py:2609
2026-02-12 01:47:15.358 71303 DEBUG oslo_service.service [-] cache.memcache_socket_timeout = 1.0 log_opt_values /usr/lib/python3/dist-packages/oslo_config/cfg.py:2609
2026-02-12 01:47:15.358 71303 DEBUG oslo_service.service [-] cache.proxies = [] log_opt_values /usr/lib/python3/dist-packages/oslo_config/cfg.py:2609
2026-02-12 01:47:15.358 71303 DEBUG oslo_service.service [-] cache.tls_allowed_ciphers = None log_opt_values /usr/lib/python3/dist-packages/oslo_config/cfg.py:2609
2026-02-12 01:47:15.358 71303 DEBUG oslo_service.service [-] cache.tls_cafile = None log_opt_values /usr/lib/python3/dist-packages/oslo_config/cfg.py:2609
2026-02-12 01:47:15.359 71303 DEBUG oslo_service.service [-] cache.tls_certfile = None log_opt_values /usr/lib/python3/dist-packages/oslo_config/cfg.py:2609
2026-02-12 01:47:15.359 71303 DEBUG oslo_service.service [-] cache.tls_enabled = False log_opt_values /usr/lib/python3/dist-packages/oslo_config/cfg.py:2609
2026-02-12 01:47:15.360 71303 DEBUG oslo_service.service [-] cache.tls_keyfile = None log_opt_values /usr/lib/python3/dist-packages/oslo_config/cfg.py:2609
2026-02-12 01:47:15.360 71303 DEBUG oslo_service.service [-] constraint_validation_cache.caching = True log_opt_values /usr/lib/python3/dist-packages/oslo_config/cfg.py:2609
2026-02-12 01:47:15.361 71303 DEBUG oslo_service.service [-] constraint_validation_cache.expiration_time = 60 log_opt_values /usr/lib/python3/dist-packages/oslo_config/cfg.py:2609
2026-02-12 01:47:15.361 71303 DEBUG oslo_service.service [-] service_extension_cache.caching = True log_opt_values /usr/lib/python3/dist-packages/oslo_config/cfg.py:2609
2026-02-12 01:47:15.361 71303 DEBUG oslo_service.service [-] service_extension_cache.expiration_time = 3600 log_opt_values /usr/lib/python3/dist-packages/oslo_config/cfg.py:2609
2026-02-12 01:47:15.361 71303 DEBUG oslo_service.service [-] resource_finder_cache.caching = True log_opt_values /usr/lib/python3/dist-packages/oslo_config/cfg.py:2609
2026-02-12 01:47:15.361 71303 DEBUG oslo_service.service [-] resource_finder_cache.expiration_time = 3600 log_opt_values /usr/lib/python3/dist-packages/oslo_config/cfg.py:2609
2026-02-12 01:47:15.361 71303 DEBUG oslo_service.service [-] yaql.limit_iterators = 200 log_opt_values /usr/lib/python3/dist-packages/oslo_config/cfg.py:2609
2026-02-12 01:47:15.362 71303 DEBUG oslo_service.service [-] yaql.memory_quota = 10000 log_opt_values /usr/lib/python3/dist-packages/oslo_config/cfg.py:2609
2026-02-12 01:47:15.364 71303 DEBUG oslo_service.service [-] ******************************************************************************** log_opt_values /usr/lib/python3/dist-packages/oslo_config/cfg.py:2613
2026-02-12 01:47:15.394 71530 DEBUG oslo_db.sqlalchemy.engines [req-c729ebff-a72b-419e-9f1d-d16e75e6761e - - - - -] MySQL server mode set to STRICT_TRANS_TABLES,STRICT_ALL_TABLES,NO_ZERO_IN_DATE,NO_ZERO_DATE,ERROR_FOR_DIVISION_BY_ZERO,TRADITIONAL,NO_ENGINE_SUBSTITUTION _check_effective_sql_mode /usr/lib/python3/dist-packages/oslo_db/sqlalchemy/engines.py:314
2026-02-12 01:47:15.395 71531 DEBUG oslo_db.sqlalchemy.engines [req-b2a28b04-bc77-494e-971c-fb25f9583243 - - - - -] MySQL server mode set to STRICT_TRANS_TABLES,STRICT_ALL_TABLES,NO_ZERO_IN_DATE,NO_ZERO_DATE,ERROR_FOR_DIVISION_BY_ZERO,TRADITIONAL,NO_ENGINE_SUBSTITUTION _check_effective_sql_mode /usr/lib/python3/dist-packages/oslo_db/sqlalchemy/engines.py:314
2026-02-12 01:47:15.398 71532 DEBUG oslo_db.sqlalchemy.engines [req-ffa77e69-98db-4059-a52b-c1c35d341d48 - - - - -] MySQL server mode set to STRICT_TRANS_TABLES,STRICT_ALL_TABLES,NO_ZERO_IN_DATE,NO_ZERO_DATE,ERROR_FOR_DIVISION_BY_ZERO,TRADITIONAL,NO_ENGINE_SUBSTITUTION _check_effective_sql_mode /usr/lib/python3/dist-packages/oslo_db/sqlalchemy/engines.py:314
2026-02-12 01:47:15.400 71529 DEBUG oslo_db.sqlalchemy.engines [req-dcbb9a65-0837-4842-aa19-e49540442e99 - - - - -] MySQL server mode set to STRICT_TRANS_TABLES,STRICT_ALL_TABLES,NO_ZERO_IN_DATE,NO_ZERO_DATE,ERROR_FOR_DIVISION_BY_ZERO,TRADITIONAL,NO_ENGINE_SUBSTITUTION _check_effective_sql_mode /usr/lib/python3/dist-packages/oslo_db/sqlalchemy/engines.py:314
2026-02-12 01:47:15.440 71530 DEBUG heat.engine.service [req-c729ebff-a72b-419e-9f1d-d16e75e6761e - - - - -] Service 114582f2-e9b6-4e95-a592-556476c5b221 was aborted service_manage_cleanup /usr/lib/python3/dist-packages/heat/engine/service.py:2391
2026-02-12 01:47:15.454 71530 DEBUG heat.engine.service [req-c729ebff-a72b-419e-9f1d-d16e75e6761e - - - - -] Service 17f0a9be-431e-43ac-b8d9-3f2c16366229 was aborted service_manage_cleanup /usr/lib/python3/dist-packages/heat/engine/service.py:2391
2026-02-12 01:47:15.455 71531 DEBUG heat.engine.service [req-b2a28b04-bc77-494e-971c-fb25f9583243 - - - - -] Service 114582f2-e9b6-4e95-a592-556476c5b221 was aborted service_manage_cleanup /usr/lib/python3/dist-packages/heat/engine/service.py:2391
2026-02-12 01:47:15.466 71531 DEBUG heat.engine.service [req-b2a28b04-bc77-494e-971c-fb25f9583243 - - - - -] Service 17f0a9be-431e-43ac-b8d9-3f2c16366229 was aborted service_manage_cleanup /usr/lib/python3/dist-packages/heat/engine/service.py:2391
2026-02-12 01:47:15.466 71530 DEBUG heat.engine.service [req-c729ebff-a72b-419e-9f1d-d16e75e6761e - - - - -] Service 9722f0aa-7917-4021-8c2c-ae15f270b5f3 was aborted service_manage_cleanup /usr/lib/python3/dist-packages/heat/engine/service.py:2391
2026-02-12 01:47:15.467 71529 DEBUG heat.engine.service [req-dcbb9a65-0837-4842-aa19-e49540442e99 - - - - -] Service 17f0a9be-431e-43ac-b8d9-3f2c16366229 was aborted service_manage_cleanup /usr/lib/python3/dist-packages/heat/engine/service.py:2391
2026-02-12 01:47:15.470 71532 DEBUG heat.engine.service [req-ffa77e69-98db-4059-a52b-c1c35d341d48 - - - - -] Service 17f0a9be-431e-43ac-b8d9-3f2c16366229 was aborted service_manage_cleanup /usr/lib/python3/dist-packages/heat/engine/service.py:2391
2026-02-12 01:47:15.478 71530 DEBUG heat.engine.service [req-c729ebff-a72b-419e-9f1d-d16e75e6761e - - - - -] Service e386d11a-db74-4985-ac1e-7067fa6debfb was aborted service_manage_cleanup /usr/lib/python3/dist-packages/heat/engine/service.py:2391
2026-02-12 01:47:15.481 71531 DEBUG heat.engine.service [req-b2a28b04-bc77-494e-971c-fb25f9583243 - - - - -] Service 9722f0aa-7917-4021-8c2c-ae15f270b5f3 was aborted service_manage_cleanup /usr/lib/python3/dist-packages/heat/engine/service.py:2391
2026-02-12 01:47:15.482 71529 DEBUG heat.engine.service [req-dcbb9a65-0837-4842-aa19-e49540442e99 - - - - -] Service 9722f0aa-7917-4021-8c2c-ae15f270b5f3 was aborted service_manage_cleanup /usr/lib/python3/dist-packages/heat/engine/service.py:2391
2026-02-12 01:47:15.489 71532 DEBUG heat.engine.service [req-ffa77e69-98db-4059-a52b-c1c35d341d48 - - - - -] Service 9722f0aa-7917-4021-8c2c-ae15f270b5f3 was aborted service_manage_cleanup /usr/lib/python3/dist-packages/heat/engine/service.py:2391
2026-02-12 01:47:15.490 71529 DEBUG heat.engine.service [req-dcbb9a65-0837-4842-aa19-e49540442e99 - - - - -] Service e386d11a-db74-4985-ac1e-7067fa6debfb was aborted service_manage_cleanup /usr/lib/python3/dist-packages/heat/engine/service.py:2391
2026-02-12 01:47:15.494 71531 DEBUG heat.engine.service [req-b2a28b04-bc77-494e-971c-fb25f9583243 - - - - -] Service e386d11a-db74-4985-ac1e-7067fa6debfb was aborted service_manage_cleanup /usr/lib/python3/dist-packages/heat/engine/service.py:2391
2026-02-12 01:47:15.526 71532 DEBUG heat.engine.service [req-ffa77e69-98db-4059-a52b-c1c35d341d48 - - - - -] Service e386d11a-db74-4985-ac1e-7067fa6debfb was aborted service_manage_cleanup /usr/lib/python3/dist-packages/heat/engine/service.py:2391
2026-02-12 01:47:15.528 71529 DEBUG heat.engine.service [req-0466c952-8b97-4968-b5ef-ef4e32373c38 - - - - -] Service 069cbe99-604e-484e-93c0-28d1852222bb is started service_manage_report /usr/lib/python3/dist-packages/heat/engine/service.py:2363
2026-02-12 01:47:15.534 71530 DEBUG heat.engine.service [req-3aac0cdd-7dc1-4b71-a7eb-fbe0ab627b09 - - - - -] Service bf1a93ab-1fa4-4243-a035-c5061db71c95 is started service_manage_report /usr/lib/python3/dist-packages/heat/engine/service.py:2363
2026-02-12 01:47:15.548 71531 DEBUG heat.engine.service [req-e81c100b-eb50-4bdf-9810-30e28c26fc44 - - - - -] Service 18fce654-ba94-4707-af59-22a4a582c639 is started service_manage_report /usr/lib/python3/dist-packages/heat/engine/service.py:2363
2026-02-12 01:47:15.552 71530 DEBUG heat.engine.service [req-3aac0cdd-7dc1-4b71-a7eb-fbe0ab627b09 - - - - -] Service bf1a93ab-1fa4-4243-a035-c5061db71c95 is updated service_manage_report /usr/lib/python3/dist-packages/heat/engine/service.py:2370
2026-02-12 01:47:15.561 71529 DEBUG heat.engine.service [req-0466c952-8b97-4968-b5ef-ef4e32373c38 - - - - -] Service 069cbe99-604e-484e-93c0-28d1852222bb is updated service_manage_report /usr/lib/python3/dist-packages/heat/engine/service.py:2370
2026-02-12 01:47:15.565 71532 DEBUG heat.engine.service [req-771015e4-71bf-4ce2-a2af-2c5e70eea11e - - - - -] Service 4edd4f3d-abfd-441c-94eb-a476eab7b493 is started service_manage_report /usr/lib/python3/dist-packages/heat/engine/service.py:2363
2026-02-12 01:47:15.569 71531 DEBUG heat.engine.service [req-e81c100b-eb50-4bdf-9810-30e28c26fc44 - - - - -] Service 18fce654-ba94-4707-af59-22a4a582c639 is updated service_manage_report /usr/lib/python3/dist-packages/heat/engine/service.py:2370
2026-02-12 01:47:15.577 71532 DEBUG heat.engine.service [req-771015e4-71bf-4ce2-a2af-2c5e70eea11e - - - - -] Service 4edd4f3d-abfd-441c-94eb-a476eab7b493 is updated service_manage_report /usr/lib/python3/dist-packages/heat/engine/service.py:2370
2026-02-12 01:48:15.506 71530 DEBUG heat.engine.service [req-aca04a33-c329-4ab3-a533-b2f3268450f5 - - - - -] Service bf1a93ab-1fa4-4243-a035-c5061db71c95 is updated service_manage_report /usr/lib/python3/dist-packages/heat/engine/service.py:2370
2026-02-12 01:48:15.515 71529 DEBUG heat.engine.service [req-14eb5670-66c0-4f31-b683-0ad3a453f042 - - - - -] Service 069cbe99-604e-484e-93c0-28d1852222bb is updated service_manage_report /usr/lib/python3/dist-packages/heat/engine/service.py:2370
2026-02-12 01:48:15.546 71531 DEBUG heat.engine.service [req-e7d7c135-1739-42c9-b6b9-dd36d516b884 - - - - -] Service 18fce654-ba94-4707-af59-22a4a582c639 is updated service_manage_report /usr/lib/python3/dist-packages/heat/engine/service.py:2370
2026-02-12 01:48:15.552 71532 DEBUG heat.engine.service [req-d6e1a898-426a-4f52-abe2-d166cd6a51ac - - - - -] Service 4edd4f3d-abfd-441c-94eb-a476eab7b493 is updated service_manage_report /usr/lib/python3/dist-packages/heat/engine/service.py:2370
2026-02-12 01:49:15.511 71530 DEBUG heat.engine.service [req-8c62b75e-c226-43e0-a522-87145154b1bd - - - - -] Service bf1a93ab-1fa4-4243-a035-c5061db71c95 is updated service_manage_report /usr/lib/python3/dist-packages/heat/engine/service.py:2370
2026-02-12 01:49:15.519 71529 DEBUG heat.engine.service [req-fa228d8d-7e13-4fa3-be6a-2654c77873e9 - - - - -] Service 069cbe99-604e-484e-93c0-28d1852222bb is updated service_manage_report /usr/lib/python3/dist-packages/heat/engine/service.py:2370
2026-02-12 01:49:15.540 71531 DEBUG heat.engine.service [req-d07f71e3-3c25-40d1-b012-8b877eed06cb - - - - -] Service 18fce654-ba94-4707-af59-22a4a582c639 is updated service_manage_report /usr/lib/python3/dist-packages/heat/engine/service.py:2370
2026-02-12 01:49:15.558 71532 DEBUG heat.engine.service [req-e6b6aec5-4d58-4890-9384-ff50fbc990a4 - - - - -] Service 4edd4f3d-abfd-441c-94eb-a476eab7b493 is updated service_manage_report /usr/lib/python3/dist-packages/heat/engine/service.py:2370
2026-02-12 01:50:15.506 71530 DEBUG heat.engine.service [req-d7ef7b96-f879-43a2-90ed-827a075850c6 - - - - -] Service bf1a93ab-1fa4-4243-a035-c5061db71c95 is updated service_manage_report /usr/lib/python3/dist-packages/heat/engine/service.py:2370
2026-02-12 01:50:15.523 71529 DEBUG heat.engine.service [req-0e111266-c473-4a97-b632-6c1eb889c78e - - - - -] Service 069cbe99-604e-484e-93c0-28d1852222bb is updated service_manage_report /usr/lib/python3/dist-packages/heat/engine/service.py:2370
2026-02-12 01:50:15.543 71531 DEBUG heat.engine.service [req-9f0646f7-9610-4100-ac06-d9b7f220e7f2 - - - - -] Service 18fce654-ba94-4707-af59-22a4a582c639 is updated service_manage_report /usr/lib/python3/dist-packages/heat/engine/service.py:2370
2026-02-12 01:50:15.561 71532 DEBUG heat.engine.service [req-4b008bb2-7371-4e79-9b85-f8f2b889454b - - - - -] Service 4edd4f3d-abfd-441c-94eb-a476eab7b493 is updated service_manage_report /usr/lib/python3/dist-packages/heat/engine/service.py:2370
2026-02-12 01:51:15.511 71530 DEBUG heat.engine.service [req-be9611ce-a059-4677-a955-f4cf89830f3d - - - - -] Service bf1a93ab-1fa4-4243-a035-c5061db71c95 is updated service_manage_report /usr/lib/python3/dist-packages/heat/engine/service.py:2370
2026-02-12 01:51:15.529 71529 DEBUG heat.engine.service [req-faf160a8-091d-41ce-8df8-c05438bf9813 - - - - -] Service 069cbe99-604e-484e-93c0-28d1852222bb is updated service_manage_report /usr/lib/python3/dist-packages/heat/engine/service.py:2370
2026-02-12 01:51:15.548 71531 DEBUG heat.engine.service [req-34f69711-40e3-443e-aaa9-7411da6bcf35 - - - - -] Service 18fce654-ba94-4707-af59-22a4a582c639 is updated service_manage_report /usr/lib/python3/dist-packages/heat/engine/service.py:2370
2026-02-12 01:51:15.564 71532 DEBUG heat.engine.service [req-e21b3641-d853-4f98-8d03-78124478609c - - - - -] Service 4edd4f3d-abfd-441c-94eb-a476eab7b493 is updated service_manage_report /usr/lib/python3/dist-packages/heat/engine/service.py:2370
2026-02-12 01:52:15.515 71530 DEBUG heat.engine.service [req-781ccdfb-5711-4291-863a-0de45315b5e0 - - - - -] Service bf1a93ab-1fa4-4243-a035-c5061db71c95 is updated service_manage_report /usr/lib/python3/dist-packages/heat/engine/service.py:2370
2026-02-12 01:52:15.525 71529 DEBUG heat.engine.service [req-e594bfd8-5b3f-48de-9645-c676d6f677f2 - - - - -] Service 069cbe99-604e-484e-93c0-28d1852222bb is updated service_manage_report /usr/lib/python3/dist-packages/heat/engine/service.py:2370
2026-02-12 01:52:15.552 71531 DEBUG heat.engine.service [req-547d08b2-8615-460c-93e8-128b73cb8051 - - - - -] Service 18fce654-ba94-4707-af59-22a4a582c639 is updated service_manage_report /usr/lib/python3/dist-packages/heat/engine/service.py:2370
2026-02-12 01:52:15.568 71532 DEBUG heat.engine.service [req-07b0f759-5f8a-4f13-b8df-38cf6902fefe - - - - -] Service 4edd4f3d-abfd-441c-94eb-a476eab7b493 is updated service_manage_report /usr/lib/python3/dist-packages/heat/engine/service.py:2370
2026-02-12 01:53:15.520 71529 DEBUG heat.engine.service [req-89c79056-f846-47c7-92a2-a6f6d5963272 - - - - -] Service 069cbe99-604e-484e-93c0-28d1852222bb is updated service_manage_report /usr/lib/python3/dist-packages/heat/engine/service.py:2370
2026-02-12 01:53:15.524 71530 DEBUG heat.engine.service [req-c1cf6854-a495-409d-96bc-59e8c1902d21 - - - - -] Service bf1a93ab-1fa4-4243-a035-c5061db71c95 is updated service_manage_report /usr/lib/python3/dist-packages/heat/engine/service.py:2370
2026-02-12 01:53:15.554 71531 DEBUG heat.engine.service [req-a7711faa-f8a2-4d40-b26c-83bfb68fd3ec - - - - -] Service 18fce654-ba94-4707-af59-22a4a582c639 is updated service_manage_report /usr/lib/python3/dist-packages/heat/engine/service.py:2370
2026-02-12 01:53:15.571 71532 DEBUG heat.engine.service [req-c896baf4-4e53-4b08-8ff2-793bf6ba5cb9 - - - - -] Service 4edd4f3d-abfd-441c-94eb-a476eab7b493 is updated service_manage_report /usr/lib/python3/dist-packages/heat/engine/service.py:2370
2026-02-12 01:54:15.523 71530 DEBUG heat.engine.service [req-122f2375-ea87-47a6-8374-49dfccebc526 - - - - -] Service bf1a93ab-1fa4-4243-a035-c5061db71c95 is updated service_manage_report /usr/lib/python3/dist-packages/heat/engine/service.py:2370
2026-02-12 01:54:15.533 71529 DEBUG heat.engine.service [req-8949e957-cfb1-42fb-8cdc-c232e053399b - - - - -] Service 069cbe99-604e-484e-93c0-28d1852222bb is updated service_manage_report /usr/lib/python3/dist-packages/heat/engine/service.py:2370
2026-02-12 01:54:15.559 71531 DEBUG heat.engine.service [req-d8880bb5-9801-478b-bd43-edd87281a566 - - - - -] Service 18fce654-ba94-4707-af59-22a4a582c639 is updated service_manage_report /usr/lib/python3/dist-packages/heat/engine/service.py:2370
2026-02-12 01:54:15.581 71532 DEBUG heat.engine.service [req-8b977549-d461-4625-a692-1be3b2f8be7a - - - - -] Service 4edd4f3d-abfd-441c-94eb-a476eab7b493 is updated service_manage_report /usr/lib/python3/dist-packages/heat/engine/service.py:2370
2026-02-12 01:55:15.518 71530 DEBUG heat.engine.service [req-ee99b196-59e1-4501-95ec-beda5cc9892c - - - - -] Service bf1a93ab-1fa4-4243-a035-c5061db71c95 is updated service_manage_report /usr/lib/python3/dist-packages/heat/engine/service.py:2370
2026-02-12 01:55:15.527 71529 DEBUG heat.engine.service [req-648574ab-4998-4f8a-94da-bc0844d49f66 - - - - -] Service 069cbe99-604e-484e-93c0-28d1852222bb is updated service_manage_report /usr/lib/python3/dist-packages/heat/engine/service.py:2370
2026-02-12 01:55:15.564 71531 DEBUG heat.engine.service [req-686a16cf-2551-40bf-ac62-25399fea89a2 - - - - -] Service 18fce654-ba94-4707-af59-22a4a582c639 is updated service_manage_report /usr/lib/python3/dist-packages/heat/engine/service.py:2370
2026-02-12 01:55:15.585 71532 DEBUG heat.engine.service [req-1a4ac03d-c149-4d5c-8c17-9fe29b23fba7 - - - - -] Service 4edd4f3d-abfd-441c-94eb-a476eab7b493 is updated service_manage_report /usr/lib/python3/dist-packages/heat/engine/service.py:2370
2026-02-12 01:56:15.524 71530 DEBUG heat.engine.service [req-d3ee2ca7-e731-4e44-ac0b-f91d6fd6e77a - - - - -] Service bf1a93ab-1fa4-4243-a035-c5061db71c95 is updated service_manage_report /usr/lib/python3/dist-packages/heat/engine/service.py:2370
2026-02-12 01:56:15.531 71529 DEBUG heat.engine.service [req-0866a938-d544-475b-b9f7-7d4c9cee3af4 - - - - -] Service 069cbe99-604e-484e-93c0-28d1852222bb is updated service_manage_report /usr/lib/python3/dist-packages/heat/engine/service.py:2370
2026-02-12 01:56:15.567 71531 DEBUG heat.engine.service [req-9ea8e2e3-05af-439f-9c5c-e750c5217894 - - - - -] Service 18fce654-ba94-4707-af59-22a4a582c639 is updated service_manage_report /usr/lib/python3/dist-packages/heat/engine/service.py:2370
2026-02-12 01:56:15.589 71532 DEBUG heat.engine.service [req-6a1246c1-8a62-4d6b-a2c3-2afd86cb9a25 - - - - -] Service 4edd4f3d-abfd-441c-94eb-a476eab7b493 is updated service_manage_report /usr/lib/python3/dist-packages/heat/engine/service.py:2370
2026-02-12 01:57:15.540 71530 DEBUG heat.engine.service [req-48b94de8-09e1-4b53-8734-449539c252be - - - - -] Service bf1a93ab-1fa4-4243-a035-c5061db71c95 is updated service_manage_report /usr/lib/python3/dist-packages/heat/engine/service.py:2370
2026-02-12 01:57:15.543 71529 DEBUG heat.engine.service [req-5e1766c0-327c-4421-829d-5ae718d5b636 - - - - -] Service 069cbe99-604e-484e-93c0-28d1852222bb is updated service_manage_report /usr/lib/python3/dist-packages/heat/engine/service.py:2370
2026-02-12 01:57:15.572 71531 DEBUG heat.engine.service [req-334cb0a3-17d3-4620-95a9-f3aa9f417428 - - - - -] Service 18fce654-ba94-4707-af59-22a4a582c639 is updated service_manage_report /usr/lib/python3/dist-packages/heat/engine/service.py:2370
2026-02-12 01:57:15.594 71532 DEBUG heat.engine.service [req-372132a7-80a4-4794-9a4a-44a2b517bd16 - - - - -] Service 4edd4f3d-abfd-441c-94eb-a476eab7b493 is updated service_manage_report /usr/lib/python3/dist-packages/heat/engine/service.py:2370
2026-02-12 01:58:15.524 71530 DEBUG heat.engine.service [req-2a07fff7-5f04-41f5-8725-6857b19f9b51 - - - - -] Service bf1a93ab-1fa4-4243-a035-c5061db71c95 is updated service_manage_report /usr/lib/python3/dist-packages/heat/engine/service.py:2370
2026-02-12 01:58:15.536 71529 DEBUG heat.engine.service [req-ba02043c-285e-48b2-92c5-1da860a8db4b - - - - -] Service 069cbe99-604e-484e-93c0-28d1852222bb is updated service_manage_report /usr/lib/python3/dist-packages/heat/engine/service.py:2370
2026-02-12 01:58:15.577 71531 DEBUG heat.engine.service [req-d90741d5-7499-4e7d-98b8-11b48d760698 - - - - -] Service 18fce654-ba94-4707-af59-22a4a582c639 is updated service_manage_report /usr/lib/python3/dist-packages/heat/engine/service.py:2370
2026-02-12 01:58:15.602 71532 DEBUG heat.engine.service [req-60cf0c26-8503-439d-bff9-af22ddf3dadb - - - - -] Service 4edd4f3d-abfd-441c-94eb-a476eab7b493 is updated service_manage_report /usr/lib/python3/dist-packages/heat/engine/service.py:2370
2026-02-12 01:59:15.536 71530 DEBUG heat.engine.service [req-a04888dd-aa7a-4cfa-a08a-8228af3525f7 - - - - -] Service bf1a93ab-1fa4-4243-a035-c5061db71c95 is updated service_manage_report /usr/lib/python3/dist-packages/heat/engine/service.py:2370
2026-02-12 01:59:15.558 71529 DEBUG heat.engine.service [req-9f28528c-4f12-44ad-a340-d5e7a5068512 - - - - -] Service 069cbe99-604e-484e-93c0-28d1852222bb is updated service_manage_report /usr/lib/python3/dist-packages/heat/engine/service.py:2370
2026-02-12 01:59:15.585 71531 DEBUG heat.engine.service [req-6338e1df-d238-4ab6-b2cc-4b0c689cc8ad - - - - -] Service 18fce654-ba94-4707-af59-22a4a582c639 is updated service_manage_report /usr/lib/python3/dist-packages/heat/engine/service.py:2370
2026-02-12 01:59:15.600 71532 DEBUG heat.engine.service [req-03edde74-187d-484d-a3b9-3dba7758d62e - - - - -] Service 4edd4f3d-abfd-441c-94eb-a476eab7b493 is updated service_manage_report /usr/lib/python3/dist-packages/heat/engine/service.py:2370
2026-02-12 02:00:15.530 71530 DEBUG heat.engine.service [req-b233f4e4-350a-46fe-8778-3e891495d313 - - - - -] Service bf1a93ab-1fa4-4243-a035-c5061db71c95 is updated service_manage_report /usr/lib/python3/dist-packages/heat/engine/service.py:2370
2026-02-12 02:00:15.542 71529 DEBUG heat.engine.service [req-920b91ff-3d3e-4080-a351-981fd707cb29 - - - - -] Service 069cbe99-604e-484e-93c0-28d1852222bb is updated service_manage_report /usr/lib/python3/dist-packages/heat/engine/service.py:2370
2026-02-12 02:00:15.581 71531 DEBUG heat.engine.service [req-58e1aa01-3c00-4d47-81f8-c53d2e4846b9 - - - - -] Service 18fce654-ba94-4707-af59-22a4a582c639 is updated service_manage_report /usr/lib/python3/dist-packages/heat/engine/service.py:2370
2026-02-12 02:00:15.593 71532 DEBUG heat.engine.service [req-e424d298-8dc8-4d24-9923-db6bd7517590 - - - - -] Service 4edd4f3d-abfd-441c-94eb-a476eab7b493 is updated service_manage_report /usr/lib/python3/dist-packages/heat/engine/service.py:2370
2026-02-12 02:01:15.534 71530 DEBUG heat.engine.service [req-329af15f-9160-4dd1-b438-6f06d6854538 - - - - -] Service bf1a93ab-1fa4-4243-a035-c5061db71c95 is updated service_manage_report /usr/lib/python3/dist-packages/heat/engine/service.py:2370
2026-02-12 02:01:15.547 71529 DEBUG heat.engine.service [req-2ce1f684-63de-45e0-9fde-ae6f24ee2b73 - - - - -] Service 069cbe99-604e-484e-93c0-28d1852222bb is updated service_manage_report /usr/lib/python3/dist-packages/heat/engine/service.py:2370
2026-02-12 02:01:15.584 71531 DEBUG heat.engine.service [req-2adb2d5c-6fd3-40df-a72c-4a51e70bc288 - - - - -] Service 18fce654-ba94-4707-af59-22a4a582c639 is updated service_manage_report /usr/lib/python3/dist-packages/heat/engine/service.py:2370
2026-02-12 02:01:15.599 71532 DEBUG heat.engine.service [req-6d541d32-15bc-47c9-a015-a54775b02b12 - - - - -] Service 4edd4f3d-abfd-441c-94eb-a476eab7b493 is updated service_manage_report /usr/lib/python3/dist-packages/heat/engine/service.py:2370
2026-02-12 02:02:15.543 71530 DEBUG heat.engine.service [req-376d91b5-2354-4c3b-bc44-0f66eb27b968 - - - - -] Service bf1a93ab-1fa4-4243-a035-c5061db71c95 is updated service_manage_report /usr/lib/python3/dist-packages/heat/engine/service.py:2370
2026-02-12 02:02:15.550 71529 DEBUG heat.engine.service [req-e3b2d95c-660e-4a12-80cd-7ee8bb4a17a6 - - - - -] Service 069cbe99-604e-484e-93c0-28d1852222bb is updated service_manage_report /usr/lib/python3/dist-packages/heat/engine/service.py:2370
2026-02-12 02:02:15.593 71531 DEBUG heat.engine.service [req-8ea8adfe-ac6a-4006-b255-116fbd2fb99f - - - - -] Service 18fce654-ba94-4707-af59-22a4a582c639 is updated service_manage_report /usr/lib/python3/dist-packages/heat/engine/service.py:2370
2026-02-12 02:02:15.603 71532 DEBUG heat.engine.service [req-b41a7105-d1b7-41b2-bea1-4e8d8f4d66a0 - - - - -] Service 4edd4f3d-abfd-441c-94eb-a476eab7b493 is updated service_manage_report /usr/lib/python3/dist-packages/heat/engine/service.py:2370
2026-02-12 02:03:15.545 71530 DEBUG heat.engine.service [req-0b1f17e0-3ec7-458c-a4e5-9c073525e60d - - - - -] Service bf1a93ab-1fa4-4243-a035-c5061db71c95 is updated service_manage_report /usr/lib/python3/dist-packages/heat/engine/service.py:2370
2026-02-12 02:03:15.555 71529 DEBUG heat.engine.service [req-382d30fe-1e44-4d18-8a97-4e9772358c48 - - - - -] Service 069cbe99-604e-484e-93c0-28d1852222bb is updated service_manage_report /usr/lib/python3/dist-packages/heat/engine/service.py:2370
2026-02-12 02:03:15.586 71531 DEBUG heat.engine.service [req-2b3f6824-8e0a-4bea-8bed-64304147414d - - - - -] Service 18fce654-ba94-4707-af59-22a4a582c639 is updated service_manage_report /usr/lib/python3/dist-packages/heat/engine/service.py:2370
2026-02-12 02:03:15.607 71532 DEBUG heat.engine.service [req-15b1843d-0a20-446c-bc46-31a0be3f44ce - - - - -] Service 4edd4f3d-abfd-441c-94eb-a476eab7b493 is updated service_manage_report /usr/lib/python3/dist-packages/heat/engine/service.py:2370
2026-02-12 02:04:15.541 71530 DEBUG heat.engine.service [req-d67c07a2-de0a-4394-82d4-3c8efc367ec3 - - - - -] Service bf1a93ab-1fa4-4243-a035-c5061db71c95 is updated service_manage_report /usr/lib/python3/dist-packages/heat/engine/service.py:2370
2026-02-12 02:04:15.558 71529 DEBUG heat.engine.service [req-91555256-7a75-4500-a3c4-e3ec43442289 - - - - -] Service 069cbe99-604e-484e-93c0-28d1852222bb is updated service_manage_report /usr/lib/python3/dist-packages/heat/engine/service.py:2370
2026-02-12 02:04:15.593 71531 DEBUG heat.engine.service [req-2cd626c7-522f-4358-862c-db1bbed658a1 - - - - -] Service 18fce654-ba94-4707-af59-22a4a582c639 is updated service_manage_report /usr/lib/python3/dist-packages/heat/engine/service.py:2370
2026-02-12 02:04:15.612 71532 DEBUG heat.engine.service [req-7956ae85-6ad8-4bdc-8e84-95904c9db61e - - - - -] Service 4edd4f3d-abfd-441c-94eb-a476eab7b493 is updated service_manage_report /usr/lib/python3/dist-packages/heat/engine/service.py:2370
2026-02-12 02:05:15.536 71530 DEBUG heat.engine.service [req-e6edc0db-cdca-4e4d-b056-3cb8c560b9ed - - - - -] Service bf1a93ab-1fa4-4243-a035-c5061db71c95 is updated service_manage_report /usr/lib/python3/dist-packages/heat/engine/service.py:2370
2026-02-12 02:05:15.565 71529 DEBUG heat.engine.service [req-c0c4de0e-c8a0-4518-82d2-e720e22851d6 - - - - -] Service 069cbe99-604e-484e-93c0-28d1852222bb is updated service_manage_report /usr/lib/python3/dist-packages/heat/engine/service.py:2370
2026-02-12 02:05:15.586 71531 DEBUG heat.engine.service [req-79f92bab-94b7-483d-818a-8af5582b4c19 - - - - -] Service 18fce654-ba94-4707-af59-22a4a582c639 is updated service_manage_report /usr/lib/python3/dist-packages/heat/engine/service.py:2370
2026-02-12 02:05:15.634 71532 DEBUG heat.engine.service [req-7b2dea3c-d9b4-45e9-8e0b-1a9bf9066080 - - - - -] Service 4edd4f3d-abfd-441c-94eb-a476eab7b493 is updated service_manage_report /usr/lib/python3/dist-packages/heat/engine/service.py:2370
2026-02-12 02:06:15.540 71530 DEBUG heat.engine.service [req-d6dce978-08f2-4911-a6b3-9762a3e6b50a - - - - -] Service bf1a93ab-1fa4-4243-a035-c5061db71c95 is updated service_manage_report /usr/lib/python3/dist-packages/heat/engine/service.py:2370
2026-02-12 02:06:15.559 71529 DEBUG heat.engine.service [req-4a417426-ed67-40d7-962b-cef05d9493fd - - - - -] Service 069cbe99-604e-484e-93c0-28d1852222bb is updated service_manage_report /usr/lib/python3/dist-packages/heat/engine/service.py:2370
2026-02-12 02:06:15.599 71531 DEBUG heat.engine.service [req-b13ad94b-54e3-4459-8aef-d8c31839088e - - - - -] Service 18fce654-ba94-4707-af59-22a4a582c639 is updated service_manage_report /usr/lib/python3/dist-packages/heat/engine/service.py:2370
2026-02-12 02:06:15.618 71532 DEBUG heat.engine.service [req-e77b991f-c2b4-4ee3-b9e5-54756b86c733 - - - - -] Service 4edd4f3d-abfd-441c-94eb-a476eab7b493 is updated service_manage_report /usr/lib/python3/dist-packages/heat/engine/service.py:2370
2026-02-12 02:07:15.545 71530 DEBUG heat.engine.service [req-56274152-f383-40d1-b091-ea65fe67711b - - - - -] Service bf1a93ab-1fa4-4243-a035-c5061db71c95 is updated service_manage_report /usr/lib/python3/dist-packages/heat/engine/service.py:2370
2026-02-12 02:07:15.564 71529 DEBUG heat.engine.service [req-ddeeed9b-3fbf-4a07-b6d1-8acbe6bce0e7 - - - - -] Service 069cbe99-604e-484e-93c0-28d1852222bb is updated service_manage_report /usr/lib/python3/dist-packages/heat/engine/service.py:2370
2026-02-12 02:07:15.596 71531 DEBUG heat.engine.service [req-15b597c5-531f-42a3-8df1-ebf295faadbc - - - - -] Service 18fce654-ba94-4707-af59-22a4a582c639 is updated service_manage_report /usr/lib/python3/dist-packages/heat/engine/service.py:2370
2026-02-12 02:07:15.627 71532 DEBUG heat.engine.service [req-f582982a-9a2e-4b31-9488-709ea80b07aa - - - - -] Service 4edd4f3d-abfd-441c-94eb-a476eab7b493 is updated service_manage_report /usr/lib/python3/dist-packages/heat/engine/service.py:2370
2026-02-12 02:08:15.550 71530 DEBUG heat.engine.service [req-9372bb79-e2ee-4fba-abd2-ced14655c769 - - - - -] Service bf1a93ab-1fa4-4243-a035-c5061db71c95 is updated service_manage_report /usr/lib/python3/dist-packages/heat/engine/service.py:2370
2026-02-12 02:08:15.570 71529 DEBUG heat.engine.service [req-82f1ae7c-8036-4891-81b3-ed752cb9bdbf - - - - -] Service 069cbe99-604e-484e-93c0-28d1852222bb is updated service_manage_report /usr/lib/python3/dist-packages/heat/engine/service.py:2370
2026-02-12 02:08:15.588 71531 DEBUG heat.engine.service [req-7e53f795-aad1-408c-b232-1dab70d04c7f - - - - -] Service 18fce654-ba94-4707-af59-22a4a582c639 is updated service_manage_report /usr/lib/python3/dist-packages/heat/engine/service.py:2370
2026-02-12 02:08:15.622 71532 DEBUG heat.engine.service [req-ebe22c08-c3d7-48d0-9afa-67c4d0321acf - - - - -] Service 4edd4f3d-abfd-441c-94eb-a476eab7b493 is updated service_manage_report /usr/lib/python3/dist-packages/heat/engine/service.py:2370
2026-02-12 02:09:15.554 71530 DEBUG heat.engine.service [req-861a5447-f2bd-4236-8c91-43bd131d4650 - - - - -] Service bf1a93ab-1fa4-4243-a035-c5061db71c95 is updated service_manage_report /usr/lib/python3/dist-packages/heat/engine/service.py:2370
2026-02-12 02:09:15.576 71529 DEBUG heat.engine.service [req-cf99dcc2-b1c4-48ef-bf29-0201ac8ac45b - - - - -] Service 069cbe99-604e-484e-93c0-28d1852222bb is updated service_manage_report /usr/lib/python3/dist-packages/heat/engine/service.py:2370
2026-02-12 02:09:15.592 71531 DEBUG heat.engine.service [req-de7694f2-bf72-44f1-a005-205e676173b8 - - - - -] Service 18fce654-ba94-4707-af59-22a4a582c639 is updated service_manage_report /usr/lib/python3/dist-packages/heat/engine/service.py:2370
2026-02-12 02:09:15.626 71532 DEBUG heat.engine.service [req-fb39827f-49c4-4c3c-a7d7-16441ce69354 - - - - -] Service 4edd4f3d-abfd-441c-94eb-a476eab7b493 is updated service_manage_report /usr/lib/python3/dist-packages/heat/engine/service.py:2370
2026-02-12 02:10:15.565 71530 DEBUG heat.engine.service [req-81d8bfaf-c928-4c62-8266-16fdde779f53 - - - - -] Service bf1a93ab-1fa4-4243-a035-c5061db71c95 is updated service_manage_report /usr/lib/python3/dist-packages/heat/engine/service.py:2370
2026-02-12 02:10:15.570 71529 DEBUG heat.engine.service [req-ff8204cf-0f54-4693-aedf-840911b07315 - - - - -] Service 069cbe99-604e-484e-93c0-28d1852222bb is updated service_manage_report /usr/lib/python3/dist-packages/heat/engine/service.py:2370
2026-02-12 02:10:15.595 71531 DEBUG heat.engine.service [req-596922c8-b7a3-4a3a-bbd5-b96924841ab8 - - - - -] Service 18fce654-ba94-4707-af59-22a4a582c639 is updated service_manage_report /usr/lib/python3/dist-packages/heat/engine/service.py:2370
2026-02-12 02:10:15.641 71532 DEBUG heat.engine.service [req-09e332d0-8870-4aaa-b37c-4d69ba6223b3 - - - - -] Service 4edd4f3d-abfd-441c-94eb-a476eab7b493 is updated service_manage_report /usr/lib/python3/dist-packages/heat/engine/service.py:2370
2026-02-12 02:11:15.561 71530 DEBUG heat.engine.service [req-e2ddb506-4bee-4043-941e-6114b91f4791 - - - - -] Service bf1a93ab-1fa4-4243-a035-c5061db71c95 is updated service_manage_report /usr/lib/python3/dist-packages/heat/engine/service.py:2370
2026-02-12 02:11:15.575 71529 DEBUG heat.engine.service [req-47928733-33cc-4e2d-b407-8036632c8af1 - - - - -] Service 069cbe99-604e-484e-93c0-28d1852222bb is updated service_manage_report /usr/lib/python3/dist-packages/heat/engine/service.py:2370
2026-02-12 02:11:15.599 71531 DEBUG heat.engine.service [req-99321c8a-f1d5-4a1a-ac5f-5b31de458d09 - - - - -] Service 18fce654-ba94-4707-af59-22a4a582c639 is updated service_manage_report /usr/lib/python3/dist-packages/heat/engine/service.py:2370
2026-02-12 02:11:15.640 71532 DEBUG heat.engine.service [req-39a0c13d-a587-4ee6-a353-3a8996d4a6cc - - - - -] Service 4edd4f3d-abfd-441c-94eb-a476eab7b493 is updated service_manage_report /usr/lib/python3/dist-packages/heat/engine/service.py:2370
2026-02-12 02:12:15.567 71530 DEBUG heat.engine.service [req-a89731d8-dd1e-45d0-90f5-af61e4fd7626 - - - - -] Service bf1a93ab-1fa4-4243-a035-c5061db71c95 is updated service_manage_report /usr/lib/python3/dist-packages/heat/engine/service.py:2370
2026-02-12 02:12:15.580 71529 DEBUG heat.engine.service [req-2492c953-8ac3-4b91-9b84-bc7400da772e - - - - -] Service 069cbe99-604e-484e-93c0-28d1852222bb is updated service_manage_report /usr/lib/python3/dist-packages/heat/engine/service.py:2370
2026-02-12 02:12:15.605 71531 DEBUG heat.engine.service [req-e778e45c-790b-4927-b110-743616fca6fe - - - - -] Service 18fce654-ba94-4707-af59-22a4a582c639 is updated service_manage_report /usr/lib/python3/dist-packages/heat/engine/service.py:2370
2026-02-12 02:12:15.636 71532 DEBUG heat.engine.service [req-10d06e3b-76f6-4c38-b5d7-b51083fe2419 - - - - -] Service 4edd4f3d-abfd-441c-94eb-a476eab7b493 is updated service_manage_report /usr/lib/python3/dist-packages/heat/engine/service.py:2370
2026-02-12 02:13:15.561 71530 DEBUG heat.engine.service [req-bbc9b3d6-0025-48b6-8ebf-8e27aba38281 - - - - -] Service bf1a93ab-1fa4-4243-a035-c5061db71c95 is updated service_manage_report /usr/lib/python3/dist-packages/heat/engine/service.py:2370
2026-02-12 02:13:15.584 71529 DEBUG heat.engine.service [req-9b28256b-3457-4af8-afef-c4e5c1db3ed4 - - - - -] Service 069cbe99-604e-484e-93c0-28d1852222bb is updated service_manage_report /usr/lib/python3/dist-packages/heat/engine/service.py:2370
2026-02-12 02:13:15.599 71531 DEBUG heat.engine.service [req-14e5b155-492a-43d9-a664-f191e0b4c283 - - - - -] Service 18fce654-ba94-4707-af59-22a4a582c639 is updated service_manage_report /usr/lib/python3/dist-packages/heat/engine/service.py:2370
2026-02-12 02:13:15.631 71532 DEBUG heat.engine.service [req-0d6f09f9-335d-483c-8be1-2e7f30954501 - - - - -] Service 4edd4f3d-abfd-441c-94eb-a476eab7b493 is updated service_manage_report /usr/lib/python3/dist-packages/heat/engine/service.py:2370
2026-02-12 02:14:15.565 71530 DEBUG heat.engine.service [req-c6644026-f05b-482f-853f-0fcb252781aa - - - - -] Service bf1a93ab-1fa4-4243-a035-c5061db71c95 is updated service_manage_report /usr/lib/python3/dist-packages/heat/engine/service.py:2370
2026-02-12 02:14:15.587 71529 DEBUG heat.engine.service [req-e83d561e-eea0-4330-96b5-27e8a7edf218 - - - - -] Service 069cbe99-604e-484e-93c0-28d1852222bb is updated service_manage_report /usr/lib/python3/dist-packages/heat/engine/service.py:2370
2026-02-12 02:14:15.601 71531 DEBUG heat.engine.service [req-414f5753-09a1-42e5-b51a-bbf7fcef35c4 - - - - -] Service 18fce654-ba94-4707-af59-22a4a582c639 is updated service_manage_report /usr/lib/python3/dist-packages/heat/engine/service.py:2370
