2026-02-09 00:41:13.514 132100 DEBUG oslo_service.service [req-bad3a15e-14d3-4244-9fd1-bf81a389d6ef - - - - -] reserved_host_cpus = 0 log_opt_values /usr/lib/python3/dist-packages/oslo_config/cfg.py:2602
2026-02-09 00:41:13.515 132100 DEBUG oslo_service.service [req-bad3a15e-14d3-4244-9fd1-bf81a389d6ef - - - - -] reserved_host_disk_mb = 0 log_opt_values /usr/lib/python3/dist-packages/oslo_config/cfg.py:2602
2026-02-09 00:41:13.516 132100 DEBUG oslo_service.service [req-bad3a15e-14d3-4244-9fd1-bf81a389d6ef - - - - -] reserved_host_memory_mb = 512 log_opt_values /usr/lib/python3/dist-packages/oslo_config/cfg.py:2602
2026-02-09 00:41:13.517 132100 DEBUG oslo_service.service [req-bad3a15e-14d3-4244-9fd1-bf81a389d6ef - - - - -] reserved_huge_pages = None log_opt_values /usr/lib/python3/dist-packages/oslo_config/cfg.py:2602
2026-02-09 00:41:13.517 132100 DEBUG oslo_service.service [req-bad3a15e-14d3-4244-9fd1-bf81a389d6ef - - - - -] resize_confirm_window = 0 log_opt_values /usr/lib/python3/dist-packages/oslo_config/cfg.py:2602
2026-02-09 00:41:13.517 132100 DEBUG oslo_service.service [req-bad3a15e-14d3-4244-9fd1-bf81a389d6ef - - - - -] resize_fs_using_block_device = False log_opt_values /usr/lib/python3/dist-packages/oslo_config/cfg.py:2602
2026-02-09 00:41:13.517 132100 DEBUG oslo_service.service [req-bad3a15e-14d3-4244-9fd1-bf81a389d6ef - - - - -] resume_guests_state_on_host_boot = False log_opt_values /usr/lib/python3/dist-packages/oslo_config/cfg.py:2602
2026-02-09 00:41:13.518 132100 DEBUG oslo_service.service [req-bad3a15e-14d3-4244-9fd1-bf81a389d6ef - - - - -] rootwrap_config = /etc/nova/rootwrap.conf log_opt_values /usr/lib/python3/dist-packages/oslo_config/cfg.py:2602
2026-02-09 00:41:13.518 132100 DEBUG oslo_service.service [req-bad3a15e-14d3-4244-9fd1-bf81a389d6ef - - - - -] run_external_periodic_tasks = True log_opt_values /usr/lib/python3/dist-packages/oslo_config/cfg.py:2602
2026-02-09 00:41:13.520 132100 DEBUG oslo_service.service [req-bad3a15e-14d3-4244-9fd1-bf81a389d6ef - - - - -] running_deleted_instance_action = reap log_opt_values /usr/lib/python3/dist-packages/oslo_config/cfg.py:2602
2026-02-09 00:41:13.520 132100 DEBUG oslo_service.service [req-bad3a15e-14d3-4244-9fd1-bf81a389d6ef - - - - -] running_deleted_instance_poll_interval = 1800 log_opt_values /usr/lib/python3/dist-packages/oslo_config/cfg.py:2602
2026-02-09 00:41:13.520 132100 DEBUG oslo_service.service [req-bad3a15e-14d3-4244-9fd1-bf81a389d6ef - - - - -] running_deleted_instance_timeout = 0 log_opt_values /usr/lib/python3/dist-packages/oslo_config/cfg.py:2602
2026-02-09 00:41:13.522 132869 DEBUG oslo_messaging._drivers.amqpdriver [-] Listener is running poll /usr/lib/python3/dist-packages/oslo_messaging/_drivers/amqpdriver.py:343
2026-02-09 00:41:13.522 132869 DEBUG oslo_messaging._drivers.amqpdriver [-] AMQPListener connection consume poll /usr/lib/python3/dist-packages/oslo_messaging/_drivers/amqpdriver.py:357
2026-02-09 00:41:13.522 132869 DEBUG nova.service [req-9109eb03-f2d5-4df3-be75-10399e1fed00 - - - - -] Join ServiceGroup membership for this service scheduler start /usr/lib/python3/dist-packages/nova/service.py:199
2026-02-09 00:41:13.523 132869 DEBUG nova.servicegroup.drivers.db [req-9109eb03-f2d5-4df3-be75-10399e1fed00 - - - - -] DB_Driver: join new ServiceGroup member juju-8acb4c-0-lxd-7 to the scheduler group, service = join /usr/lib/python3/dist-packages/nova/servicegroup/drivers/db.py:44
2026-02-09 00:41:13.520 132100 DEBUG oslo_service.service [req-bad3a15e-14d3-4244-9fd1-bf81a389d6ef - - - - -] scheduler_instance_sync_interval = 120 log_opt_values /usr/lib/python3/dist-packages/oslo_config/cfg.py:2602
2026-02-09 00:41:13.524 132100 DEBUG oslo_service.service [req-bad3a15e-14d3-4244-9fd1-bf81a389d6ef - - - - -] service_down_time = 60 log_opt_values /usr/lib/python3/dist-packages/oslo_config/cfg.py:2602
2026-02-09 00:41:13.524 132100 DEBUG oslo_service.service [req-bad3a15e-14d3-4244-9fd1-bf81a389d6ef - - - - -] servicegroup_driver = db log_opt_values /usr/lib/python3/dist-packages/oslo_config/cfg.py:2602
2026-02-09 00:41:13.524 132100 DEBUG oslo_service.service [req-bad3a15e-14d3-4244-9fd1-bf81a389d6ef - - - - -] shelved_offload_time = 0 log_opt_values /usr/lib/python3/dist-packages/oslo_config/cfg.py:2602
2026-02-09 00:41:13.525 132100 DEBUG oslo_service.service [req-bad3a15e-14d3-4244-9fd1-bf81a389d6ef - - - - -] shelved_poll_interval = 3600 log_opt_values /usr/lib/python3/dist-packages/oslo_config/cfg.py:2602
2026-02-09 00:41:13.525 132100 DEBUG oslo_service.service [req-bad3a15e-14d3-4244-9fd1-bf81a389d6ef - - - - -] shutdown_timeout = 60 log_opt_values /usr/lib/python3/dist-packages/oslo_config/cfg.py:2602
2026-02-09 00:41:13.525 132100 DEBUG oslo_service.service [req-bad3a15e-14d3-4244-9fd1-bf81a389d6ef - - - - -] source_is_ipv6 = False log_opt_values /usr/lib/python3/dist-packages/oslo_config/cfg.py:2602
2026-02-09 00:41:13.525 132100 DEBUG oslo_service.service [req-bad3a15e-14d3-4244-9fd1-bf81a389d6ef - - - - -] ssl_only = False log_opt_values /usr/lib/python3/dist-packages/oslo_config/cfg.py:2602
2026-02-09 00:41:13.526 132874 DEBUG oslo_db.sqlalchemy.engines [req-8ffd5271-fb71-47bb-8482-29d0d1b85990 - - - - -] MySQL server mode set to STRICT_TRANS_TABLES,STRICT_ALL_TABLES,NO_ZERO_IN_DATE,NO_ZERO_DATE,ERROR_FOR_DIVISION_BY_ZERO,TRADITIONAL,NO_ENGINE_SUBSTITUTION _check_effective_sql_mode /usr/lib/python3/dist-packages/oslo_db/sqlalchemy/engines.py:314
2026-02-09 00:41:13.526 132880 DEBUG nova.service [req-db652cdc-06f1-4671-8f9b-3e419fa409cb - - - - -] Creating RPC server for service scheduler start /usr/lib/python3/dist-packages/nova/service.py:182
2026-02-09 00:41:13.525 132100 DEBUG oslo_service.service [req-bad3a15e-14d3-4244-9fd1-bf81a389d6ef - - - - -] state_path = /var/lib/nova log_opt_values /usr/lib/python3/dist-packages/oslo_config/cfg.py:2602
2026-02-09 00:41:13.527 132100 DEBUG oslo_service.service [req-bad3a15e-14d3-4244-9fd1-bf81a389d6ef - - - - -] sync_power_state_interval = 600 log_opt_values /usr/lib/python3/dist-packages/oslo_config/cfg.py:2602
2026-02-09 00:41:13.527 132869 DEBUG oslo_messaging._drivers.amqpdriver [-] AMQPListener connection timeout poll /usr/lib/python3/dist-packages/oslo_messaging/_drivers/amqpdriver.py:360
2026-02-09 00:41:13.527 132869 DEBUG oslo_messaging._drivers.amqpdriver [-] Listener is running poll /usr/lib/python3/dist-packages/oslo_messaging/_drivers/amqpdriver.py:343
2026-02-09 00:41:13.527 132100 DEBUG oslo_service.service [req-bad3a15e-14d3-4244-9fd1-bf81a389d6ef - - - - -] sync_power_state_pool_size = 1000 log_opt_values /usr/lib/python3/dist-packages/oslo_config/cfg.py:2602
2026-02-09 00:41:13.527 132869 DEBUG oslo_messaging._drivers.amqpdriver [-] AMQPListener connection consume poll /usr/lib/python3/dist-packages/oslo_messaging/_drivers/amqpdriver.py:357
2026-02-09 00:41:13.527 132100 DEBUG oslo_service.service [req-bad3a15e-14d3-4244-9fd1-bf81a389d6ef - - - - -] syslog_log_facility = LOG_USER log_opt_values /usr/lib/python3/dist-packages/oslo_config/cfg.py:2602
2026-02-09 00:41:13.527 132100 DEBUG oslo_service.service [req-bad3a15e-14d3-4244-9fd1-bf81a389d6ef - - - - -] tempdir = None log_opt_values /usr/lib/python3/dist-packages/oslo_config/cfg.py:2602
2026-02-09 00:41:13.528 132100 DEBUG oslo_service.service [req-bad3a15e-14d3-4244-9fd1-bf81a389d6ef - - - - -] timeout_nbd = 10 log_opt_values /usr/lib/python3/dist-packages/oslo_config/cfg.py:2602
2026-02-09 00:41:13.528 132100 DEBUG oslo_service.service [req-bad3a15e-14d3-4244-9fd1-bf81a389d6ef - - - - -] transport_url = **** log_opt_values /usr/lib/python3/dist-packages/oslo_config/cfg.py:2602
2026-02-09 00:41:13.528 132100 DEBUG oslo_service.service [req-bad3a15e-14d3-4244-9fd1-bf81a389d6ef - - - - -] update_resources_interval = 0 log_opt_values /usr/lib/python3/dist-packages/oslo_config/cfg.py:2602
2026-02-09 00:41:13.528 132100 DEBUG oslo_service.service [req-bad3a15e-14d3-4244-9fd1-bf81a389d6ef - - - - -] use_cow_images = True log_opt_values /usr/lib/python3/dist-packages/oslo_config/cfg.py:2602
2026-02-09 00:41:13.528 132100 DEBUG oslo_service.service [req-bad3a15e-14d3-4244-9fd1-bf81a389d6ef - - - - -] use_eventlog = False log_opt_values /usr/lib/python3/dist-packages/oslo_config/cfg.py:2602
2026-02-09 00:41:13.533 132100 DEBUG oslo_service.service [req-bad3a15e-14d3-4244-9fd1-bf81a389d6ef - - - - -] use_journal = False log_opt_values /usr/lib/python3/dist-packages/oslo_config/cfg.py:2602
2026-02-09 00:41:13.533 132100 DEBUG oslo_service.service [req-bad3a15e-14d3-4244-9fd1-bf81a389d6ef - - - - -] use_json = False log_opt_values /usr/lib/python3/dist-packages/oslo_config/cfg.py:2602
2026-02-09 00:41:13.534 132100 DEBUG oslo_service.service [req-bad3a15e-14d3-4244-9fd1-bf81a389d6ef - - - - -] use_rootwrap_daemon = False log_opt_values /usr/lib/python3/dist-packages/oslo_config/cfg.py:2602
2026-02-09 00:41:13.534 132100 DEBUG oslo_service.service [req-bad3a15e-14d3-4244-9fd1-bf81a389d6ef - - - - -] use_stderr = False log_opt_values /usr/lib/python3/dist-packages/oslo_config/cfg.py:2602
2026-02-09 00:41:13.535 132100 DEBUG oslo_service.service [req-bad3a15e-14d3-4244-9fd1-bf81a389d6ef - - - - -] use_syslog = False log_opt_values /usr/lib/python3/dist-packages/oslo_config/cfg.py:2602
2026-02-09 00:41:13.535 132100 DEBUG oslo_service.service [req-bad3a15e-14d3-4244-9fd1-bf81a389d6ef - - - - -] vcpu_pin_set = None log_opt_values /usr/lib/python3/dist-packages/oslo_config/cfg.py:2602
2026-02-09 00:41:13.535 132100 DEBUG oslo_service.service [req-bad3a15e-14d3-4244-9fd1-bf81a389d6ef - - - - -] vif_plugging_is_fatal = True log_opt_values /usr/lib/python3/dist-packages/oslo_config/cfg.py:2602
2026-02-09 00:41:13.535 132100 DEBUG oslo_service.service [req-bad3a15e-14d3-4244-9fd1-bf81a389d6ef - - - - -] vif_plugging_timeout = 300 log_opt_values /usr/lib/python3/dist-packages/oslo_config/cfg.py:2602
2026-02-09 00:41:13.537 132100 DEBUG oslo_service.service [req-bad3a15e-14d3-4244-9fd1-bf81a389d6ef - - - - -] virt_mkfs = [] log_opt_values /usr/lib/python3/dist-packages/oslo_config/cfg.py:2602
2026-02-09 00:41:13.537 132100 DEBUG oslo_service.service [req-bad3a15e-14d3-4244-9fd1-bf81a389d6ef - - - - -] volume_usage_poll_interval = 0 log_opt_values /usr/lib/python3/dist-packages/oslo_config/cfg.py:2602
2026-02-09 00:41:13.537 132100 DEBUG oslo_service.service [req-bad3a15e-14d3-4244-9fd1-bf81a389d6ef - - - - -] watch_log_file = False log_opt_values /usr/lib/python3/dist-packages/oslo_config/cfg.py:2602
2026-02-09 00:41:13.537 132100 DEBUG oslo_service.service [req-bad3a15e-14d3-4244-9fd1-bf81a389d6ef - - - - -] web = /usr/share/spice-html5 log_opt_values /usr/lib/python3/dist-packages/oslo_config/cfg.py:2602
2026-02-09 00:41:13.538 132100 DEBUG oslo_service.service [req-bad3a15e-14d3-4244-9fd1-bf81a389d6ef - - - - -] oslo_concurrency.disable_process_locking = False log_opt_values /usr/lib/python3/dist-packages/oslo_config/cfg.py:2609
2026-02-09 00:41:13.538 132100 DEBUG oslo_service.service [req-bad3a15e-14d3-4244-9fd1-bf81a389d6ef - - - - -] oslo_concurrency.lock_path = /var/lock/nova log_opt_values /usr/lib/python3/dist-packages/oslo_config/cfg.py:2609
2026-02-09 00:41:13.538 132100 WARNING oslo_config.cfg [req-bad3a15e-14d3-4244-9fd1-bf81a389d6ef - - - - -] Deprecated: Option "auth_strategy" from group "api" is deprecated for removal ( The only non-default choice, ``noauth2``, is for internal development and testing purposes only and should not be used in deployments. This option and its middleware, NoAuthMiddleware[V2_18], will be removed in a future release. ). Its value may be silently ignored in the future.
2026-02-09 00:41:13.540 132100 DEBUG oslo_service.service [req-bad3a15e-14d3-4244-9fd1-bf81a389d6ef - - - - -] api.auth_strategy = keystone log_opt_values /usr/lib/python3/dist-packages/oslo_config/cfg.py:2609
2026-02-09 00:41:13.540 132100 DEBUG oslo_service.service [req-bad3a15e-14d3-4244-9fd1-bf81a389d6ef - - - - -] api.compute_link_prefix = None log_opt_values /usr/lib/python3/dist-packages/oslo_config/cfg.py:2609
2026-02-09 00:41:13.550 132100 DEBUG oslo_service.service [req-bad3a15e-14d3-4244-9fd1-bf81a389d6ef - - - - -] api.config_drive_skip_versions = 1.0 2007-01-19 2007-03-01 2007-08-29 2007-10-10 2007-12-15 2008-02-01 2008-09-01 log_opt_values /usr/lib/python3/dist-packages/oslo_config/cfg.py:2609
2026-02-09 00:41:13.552 132100 DEBUG oslo_service.service [req-bad3a15e-14d3-4244-9fd1-bf81a389d6ef - - - - -] api.dhcp_domain = novalocal log_opt_values /usr/lib/python3/dist-packages/oslo_config/cfg.py:2609
2026-02-09 00:41:13.552 132100 DEBUG oslo_service.service [req-bad3a15e-14d3-4244-9fd1-bf81a389d6ef - - - - -] api.enable_instance_password = True log_opt_values /usr/lib/python3/dist-packages/oslo_config/cfg.py:2609
2026-02-09 00:41:13.552 132100 DEBUG oslo_service.service [req-bad3a15e-14d3-4244-9fd1-bf81a389d6ef - - - - -] api.glance_link_prefix = None log_opt_values /usr/lib/python3/dist-packages/oslo_config/cfg.py:2609
2026-02-09 00:41:13.552 132100 DEBUG oslo_service.service [req-bad3a15e-14d3-4244-9fd1-bf81a389d6ef - - - - -] api.instance_list_cells_batch_fixed_size = 100 log_opt_values /usr/lib/python3/dist-packages/oslo_config/cfg.py:2609
2026-02-09 00:41:13.553 132100 DEBUG oslo_service.service [req-bad3a15e-14d3-4244-9fd1-bf81a389d6ef - - - - -] api.instance_list_cells_batch_strategy = distributed log_opt_values /usr/lib/python3/dist-packages/oslo_config/cfg.py:2609
2026-02-09 00:41:13.553 132100 DEBUG oslo_service.service [req-bad3a15e-14d3-4244-9fd1-bf81a389d6ef - - - - -] api.instance_list_per_project_cells = False log_opt_values /usr/lib/python3/dist-packages/oslo_config/cfg.py:2609
2026-02-09 00:41:13.553 132100 DEBUG oslo_service.service [req-bad3a15e-14d3-4244-9fd1-bf81a389d6ef - - - - -] api.list_records_by_skipping_down_cells = True log_opt_values /usr/lib/python3/dist-packages/oslo_config/cfg.py:2609
2026-02-09 00:41:13.553 132100 DEBUG oslo_service.service [req-bad3a15e-14d3-4244-9fd1-bf81a389d6ef - - - - -] api.local_metadata_per_cell = False log_opt_values /usr/lib/python3/dist-packages/oslo_config/cfg.py:2609
2026-02-09 00:41:13.553 132100 DEBUG oslo_service.service [req-bad3a15e-14d3-4244-9fd1-bf81a389d6ef - - - - -] api.max_limit = 1000 log_opt_values /usr/lib/python3/dist-packages/oslo_config/cfg.py:2609
2026-02-09 00:41:13.554 132100 DEBUG oslo_service.service [req-bad3a15e-14d3-4244-9fd1-bf81a389d6ef - - - - -] api.metadata_cache_expiration = 15 log_opt_values /usr/lib/python3/dist-packages/oslo_config/cfg.py:2609
2026-02-09 00:41:13.554 132100 DEBUG oslo_service.service [req-bad3a15e-14d3-4244-9fd1-bf81a389d6ef - - - - -] api.neutron_default_tenant_id = default log_opt_values /usr/lib/python3/dist-packages/oslo_config/cfg.py:2609
2026-02-09 00:41:13.554 132100 DEBUG oslo_service.service [req-bad3a15e-14d3-4244-9fd1-bf81a389d6ef - - - - -] api.use_forwarded_for = False log_opt_values /usr/lib/python3/dist-packages/oslo_config/cfg.py:2609
2026-02-09 00:41:13.554 132100 DEBUG oslo_service.service [req-bad3a15e-14d3-4244-9fd1-bf81a389d6ef - - - - -] api.use_neutron_default_nets = False log_opt_values /usr/lib/python3/dist-packages/oslo_config/cfg.py:2609
2026-02-09 00:41:13.554 132100 DEBUG oslo_service.service [req-bad3a15e-14d3-4244-9fd1-bf81a389d6ef - - - - -] api.vendordata_dynamic_connect_timeout = 5 log_opt_values /usr/lib/python3/dist-packages/oslo_config/cfg.py:2609
2026-02-09 00:41:13.555 132100 DEBUG oslo_service.service [req-bad3a15e-14d3-4244-9fd1-bf81a389d6ef - - - - -] api.vendordata_dynamic_failure_fatal = False log_opt_values /usr/lib/python3/dist-packages/oslo_config/cfg.py:2609
2026-02-09 00:41:13.556 132868 DEBUG oslo_messaging._drivers.amqpdriver [-] Listener is running poll /usr/lib/python3/dist-packages/oslo_messaging/_drivers/amqpdriver.py:343
2026-02-09 00:41:13.557 132868 DEBUG oslo_messaging._drivers.amqpdriver [-] AMQPListener connection consume poll /usr/lib/python3/dist-packages/oslo_messaging/_drivers/amqpdriver.py:357
2026-02-09 00:41:13.555 132100 DEBUG oslo_service.service [req-bad3a15e-14d3-4244-9fd1-bf81a389d6ef - - - - -] api.vendordata_dynamic_read_timeout = 5 log_opt_values /usr/lib/python3/dist-packages/oslo_config/cfg.py:2609
2026-02-09 00:41:13.557 132100 DEBUG oslo_service.service [req-bad3a15e-14d3-4244-9fd1-bf81a389d6ef - - - - -] api.vendordata_dynamic_ssl_certfile = log_opt_values /usr/lib/python3/dist-packages/oslo_config/cfg.py:2609
2026-02-09 00:41:13.557 132868 DEBUG nova.service [req-50d06cc8-170f-4566-8aa8-6442838e4e36 - - - - -] Join ServiceGroup membership for this service scheduler start /usr/lib/python3/dist-packages/nova/service.py:199
2026-02-09 00:41:13.558 132100 DEBUG oslo_service.service [req-bad3a15e-14d3-4244-9fd1-bf81a389d6ef - - - - -] api.vendordata_dynamic_targets = [] log_opt_values /usr/lib/python3/dist-packages/oslo_config/cfg.py:2609
2026-02-09 00:41:13.558 132868 DEBUG nova.servicegroup.drivers.db [req-50d06cc8-170f-4566-8aa8-6442838e4e36 - - - - -] DB_Driver: join new ServiceGroup member juju-8acb4c-0-lxd-7 to the scheduler group, service = join /usr/lib/python3/dist-packages/nova/servicegroup/drivers/db.py:44
2026-02-09 00:41:13.558 132100 DEBUG oslo_service.service [req-bad3a15e-14d3-4244-9fd1-bf81a389d6ef - - - - -] api.vendordata_jsonfile_path = None log_opt_values /usr/lib/python3/dist-packages/oslo_config/cfg.py:2609
2026-02-09 00:41:13.558 132100 DEBUG oslo_service.service [req-bad3a15e-14d3-4244-9fd1-bf81a389d6ef - - - - -] api.vendordata_providers = ['StaticJSON'] log_opt_values /usr/lib/python3/dist-packages/oslo_config/cfg.py:2609
2026-02-09 00:41:13.558 132100 DEBUG oslo_service.service [req-bad3a15e-14d3-4244-9fd1-bf81a389d6ef - - - - -] cache.backend = dogpile.cache.null log_opt_values /usr/lib/python3/dist-packages/oslo_config/cfg.py:2609
2026-02-09 00:41:13.558 132100 DEBUG oslo_service.service [req-bad3a15e-14d3-4244-9fd1-bf81a389d6ef - - - - -] cache.backend_argument = **** log_opt_values /usr/lib/python3/dist-packages/oslo_config/cfg.py:2609
2026-02-09 00:41:13.559 132100 DEBUG oslo_service.service [req-bad3a15e-14d3-4244-9fd1-bf81a389d6ef - - - - -] cache.config_prefix = cache.oslo log_opt_values /usr/lib/python3/dist-packages/oslo_config/cfg.py:2609
2026-02-09 00:41:13.559 132100 DEBUG oslo_service.service [req-bad3a15e-14d3-4244-9fd1-bf81a389d6ef - - - - -] cache.debug_cache_backend = False log_opt_values /usr/lib/python3/dist-packages/oslo_config/cfg.py:2609
2026-02-09 00:41:13.559 132100 DEBUG oslo_service.service [req-bad3a15e-14d3-4244-9fd1-bf81a389d6ef - - - - -] cache.enabled = False log_opt_values /usr/lib/python3/dist-packages/oslo_config/cfg.py:2609
2026-02-09 00:41:13.559 132100 DEBUG oslo_service.service [req-bad3a15e-14d3-4244-9fd1-bf81a389d6ef - - - - -] cache.expiration_time = 600 log_opt_values /usr/lib/python3/dist-packages/oslo_config/cfg.py:2609
2026-02-09 00:41:13.559 132100 DEBUG oslo_service.service [req-bad3a15e-14d3-4244-9fd1-bf81a389d6ef - - - - -] cache.memcache_dead_retry = 300 log_opt_values /usr/lib/python3/dist-packages/oslo_config/cfg.py:2609
2026-02-09 00:41:13.559 132100 DEBUG oslo_service.service [req-bad3a15e-14d3-4244-9fd1-bf81a389d6ef - - - - -] cache.memcache_pool_connection_get_timeout = 10 log_opt_values /usr/lib/python3/dist-packages/oslo_config/cfg.py:2609
2026-02-09 00:41:13.560 132100 DEBUG oslo_service.service [req-bad3a15e-14d3-4244-9fd1-bf81a389d6ef - - - - -] cache.memcache_pool_flush_on_reconnect = False log_opt_values /usr/lib/python3/dist-packages/oslo_config/cfg.py:2609
2026-02-09 00:41:13.560 132100 DEBUG oslo_service.service [req-bad3a15e-14d3-4244-9fd1-bf81a389d6ef - - - - -] cache.memcache_pool_maxsize = 10 log_opt_values /usr/lib/python3/dist-packages/oslo_config/cfg.py:2609
2026-02-09 00:41:13.560 132100 DEBUG oslo_service.service [req-bad3a15e-14d3-4244-9fd1-bf81a389d6ef - - - - -] cache.memcache_pool_unused_timeout = 60 log_opt_values /usr/lib/python3/dist-packages/oslo_config/cfg.py:2609
2026-02-09 00:41:13.560 132100 DEBUG oslo_service.service [req-bad3a15e-14d3-4244-9fd1-bf81a389d6ef - - - - -] cache.memcache_servers = ['localhost:11211'] log_opt_values /usr/lib/python3/dist-packages/oslo_config/cfg.py:2609
2026-02-09 00:41:13.560 132100 DEBUG oslo_service.service [req-bad3a15e-14d3-4244-9fd1-bf81a389d6ef - - - - -] cache.memcache_socket_timeout = 1.0 log_opt_values /usr/lib/python3/dist-packages/oslo_config/cfg.py:2609
2026-02-09 00:41:13.560 132100 DEBUG oslo_service.service [req-bad3a15e-14d3-4244-9fd1-bf81a389d6ef - - - - -] cache.proxies = [] log_opt_values /usr/lib/python3/dist-packages/oslo_config/cfg.py:2609
2026-02-09 00:41:13.561 132100 DEBUG oslo_service.service [req-bad3a15e-14d3-4244-9fd1-bf81a389d6ef - - - - -] cache.tls_allowed_ciphers = None log_opt_values /usr/lib/python3/dist-packages/oslo_config/cfg.py:2609
2026-02-09 00:41:13.561 132868 DEBUG oslo_messaging._drivers.amqpdriver [-] AMQPListener connection timeout poll /usr/lib/python3/dist-packages/oslo_messaging/_drivers/amqpdriver.py:360
2026-02-09 00:41:13.561 132100 DEBUG oslo_service.service [req-bad3a15e-14d3-4244-9fd1-bf81a389d6ef - - - - -] cache.tls_cafile = None log_opt_values /usr/lib/python3/dist-packages/oslo_config/cfg.py:2609
2026-02-09 00:41:13.561 132100 DEBUG oslo_service.service [req-bad3a15e-14d3-4244-9fd1-bf81a389d6ef - - - - -] cache.tls_certfile = None log_opt_values /usr/lib/python3/dist-packages/oslo_config/cfg.py:2609
2026-02-09 00:41:13.561 132100 DEBUG oslo_service.service [req-bad3a15e-14d3-4244-9fd1-bf81a389d6ef - - - - -] cache.tls_enabled = False log_opt_values /usr/lib/python3/dist-packages/oslo_config/cfg.py:2609
2026-02-09 00:41:13.561 132868 DEBUG oslo_messaging._drivers.amqpdriver [-] Listener is running poll /usr/lib/python3/dist-packages/oslo_messaging/_drivers/amqpdriver.py:343
2026-02-09 00:41:13.561 132100 DEBUG oslo_service.service [req-bad3a15e-14d3-4244-9fd1-bf81a389d6ef - - - - -] cache.tls_keyfile = None log_opt_values /usr/lib/python3/dist-packages/oslo_config/cfg.py:2609
2026-02-09 00:41:13.561 132868 DEBUG oslo_messaging._drivers.amqpdriver [-] AMQPListener connection consume poll /usr/lib/python3/dist-packages/oslo_messaging/_drivers/amqpdriver.py:357
2026-02-09 00:41:13.561 132100 DEBUG oslo_service.service [req-bad3a15e-14d3-4244-9fd1-bf81a389d6ef - - - - -] cinder.auth_section = None log_opt_values /usr/lib/python3/dist-packages/oslo_config/cfg.py:2609
2026-02-09 00:41:13.563 132874 DEBUG nova.service [req-8ffd5271-fb71-47bb-8482-29d0d1b85990 - - - - -] Creating RPC server for service scheduler start /usr/lib/python3/dist-packages/nova/service.py:182
2026-02-09 00:41:13.562 132100 DEBUG oslo_service.service [req-bad3a15e-14d3-4244-9fd1-bf81a389d6ef - - - - -] cinder.auth_type = None log_opt_values /usr/lib/python3/dist-packages/oslo_config/cfg.py:2609
2026-02-09 00:41:13.565 132100 DEBUG oslo_service.service [req-bad3a15e-14d3-4244-9fd1-bf81a389d6ef - - - - -] cinder.cafile = None log_opt_values /usr/lib/python3/dist-packages/oslo_config/cfg.py:2609
2026-02-09 00:41:13.566 132100 DEBUG oslo_service.service [req-bad3a15e-14d3-4244-9fd1-bf81a389d6ef - - - - -] cinder.catalog_info = volumev3::publicURL log_opt_values /usr/lib/python3/dist-packages/oslo_config/cfg.py:2609
2026-02-09 00:41:13.566 132100 DEBUG oslo_service.service [req-bad3a15e-14d3-4244-9fd1-bf81a389d6ef - - - - -] cinder.certfile = None log_opt_values /usr/lib/python3/dist-packages/oslo_config/cfg.py:2609
2026-02-09 00:41:13.567 132100 DEBUG oslo_service.service [req-bad3a15e-14d3-4244-9fd1-bf81a389d6ef - - - - -] cinder.collect_timing = False log_opt_values /usr/lib/python3/dist-packages/oslo_config/cfg.py:2609
2026-02-09 00:41:13.568 132100 DEBUG oslo_service.service [req-bad3a15e-14d3-4244-9fd1-bf81a389d6ef - - - - -] cinder.cross_az_attach = True log_opt_values /usr/lib/python3/dist-packages/oslo_config/cfg.py:2609
2026-02-09 00:41:13.569 132100 DEBUG oslo_service.service [req-bad3a15e-14d3-4244-9fd1-bf81a389d6ef - - - - -] cinder.debug = False log_opt_values /usr/lib/python3/dist-packages/oslo_config/cfg.py:2609
2026-02-09 00:41:13.569 132100 DEBUG oslo_service.service [req-bad3a15e-14d3-4244-9fd1-bf81a389d6ef - - - - -] cinder.endpoint_template = None log_opt_values /usr/lib/python3/dist-packages/oslo_config/cfg.py:2609
2026-02-09 00:41:13.569 132100 DEBUG oslo_service.service [req-bad3a15e-14d3-4244-9fd1-bf81a389d6ef - - - - -] cinder.http_retries = 3 log_opt_values /usr/lib/python3/dist-packages/oslo_config/cfg.py:2609
2026-02-09 00:41:13.570 132100 DEBUG oslo_service.service [req-bad3a15e-14d3-4244-9fd1-bf81a389d6ef - - - - -] cinder.insecure = False log_opt_values /usr/lib/python3/dist-packages/oslo_config/cfg.py:2609
2026-02-09 00:41:13.570 132100 DEBUG oslo_service.service [req-bad3a15e-14d3-4244-9fd1-bf81a389d6ef - - - - -] cinder.keyfile = None log_opt_values /usr/lib/python3/dist-packages/oslo_config/cfg.py:2609
2026-02-09 00:41:13.571 132100 DEBUG oslo_service.service [req-bad3a15e-14d3-4244-9fd1-bf81a389d6ef - - - - -] cinder.os_region_name = None log_opt_values /usr/lib/python3/dist-packages/oslo_config/cfg.py:2609
2026-02-09 00:41:13.571 132100 DEBUG oslo_service.service [req-bad3a15e-14d3-4244-9fd1-bf81a389d6ef - - - - -] cinder.split_loggers = False log_opt_values /usr/lib/python3/dist-packages/oslo_config/cfg.py:2609
2026-02-09 00:41:13.572 132100 DEBUG oslo_service.service [req-bad3a15e-14d3-4244-9fd1-bf81a389d6ef - - - - -] cinder.timeout = None log_opt_values /usr/lib/python3/dist-packages/oslo_config/cfg.py:2609
2026-02-09 00:41:13.572 132100 DEBUG oslo_service.service [req-bad3a15e-14d3-4244-9fd1-bf81a389d6ef - - - - -] compute.consecutive_build_service_disable_threshold = 10 log_opt_values /usr/lib/python3/dist-packages/oslo_config/cfg.py:2609
2026-02-09 00:41:13.572 132100 DEBUG oslo_service.service [req-bad3a15e-14d3-4244-9fd1-bf81a389d6ef - - - - -] compute.cpu_dedicated_set = None log_opt_values /usr/lib/python3/dist-packages/oslo_config/cfg.py:2609
2026-02-09 00:41:13.573 132100 DEBUG oslo_service.service [req-bad3a15e-14d3-4244-9fd1-bf81a389d6ef - - - - -] compute.cpu_shared_set = None log_opt_values /usr/lib/python3/dist-packages/oslo_config/cfg.py:2609
2026-02-09 00:41:13.573 132100 DEBUG oslo_service.service [req-bad3a15e-14d3-4244-9fd1-bf81a389d6ef - - - - -] compute.image_type_exclude_list = [] log_opt_values /usr/lib/python3/dist-packages/oslo_config/cfg.py:2609
2026-02-09 00:41:13.573 132100 DEBUG oslo_service.service [req-bad3a15e-14d3-4244-9fd1-bf81a389d6ef - - - - -] compute.live_migration_wait_for_vif_plug = True log_opt_values /usr/lib/python3/dist-packages/oslo_config/cfg.py:2609
2026-02-09 00:41:13.573 132100 DEBUG oslo_service.service [req-bad3a15e-14d3-4244-9fd1-bf81a389d6ef - - - - -] compute.max_concurrent_disk_ops = 0 log_opt_values /usr/lib/python3/dist-packages/oslo_config/cfg.py:2609
2026-02-09 00:41:13.574 132100 DEBUG oslo_service.service [req-bad3a15e-14d3-4244-9fd1-bf81a389d6ef - - - - -] compute.max_disk_devices_to_attach = -1 log_opt_values /usr/lib/python3/dist-packages/oslo_config/cfg.py:2609
2026-02-09 00:41:13.574 132100 DEBUG oslo_service.service [req-bad3a15e-14d3-4244-9fd1-bf81a389d6ef - - - - -] compute.packing_host_numa_cells_allocation_strategy = True log_opt_values /usr/lib/python3/dist-packages/oslo_config/cfg.py:2609
2026-02-09 00:41:13.574 132100 DEBUG oslo_service.service [req-bad3a15e-14d3-4244-9fd1-bf81a389d6ef - - - - -] compute.provider_config_location = /etc/nova/provider_config/ log_opt_values /usr/lib/python3/dist-packages/oslo_config/cfg.py:2609
2026-02-09 00:41:13.574 132100 DEBUG oslo_service.service [req-bad3a15e-14d3-4244-9fd1-bf81a389d6ef - - - - -] compute.resource_provider_association_refresh = 300 log_opt_values /usr/lib/python3/dist-packages/oslo_config/cfg.py:2609
2026-02-09 00:41:13.575 132100 DEBUG oslo_service.service [req-bad3a15e-14d3-4244-9fd1-bf81a389d6ef - - - - -] compute.shutdown_retry_interval = 10 log_opt_values /usr/lib/python3/dist-packages/oslo_config/cfg.py:2609
2026-02-09 00:41:13.575 132100 DEBUG oslo_service.service [req-bad3a15e-14d3-4244-9fd1-bf81a389d6ef - - - - -] compute.vmdk_allowed_types = ['streamOptimized', 'monolithicSparse'] log_opt_values /usr/lib/python3/dist-packages/oslo_config/cfg.py:2609
2026-02-09 00:41:13.575 132100 DEBUG oslo_service.service [req-bad3a15e-14d3-4244-9fd1-bf81a389d6ef - - - - -] conductor.workers = 4 log_opt_values /usr/lib/python3/dist-packages/oslo_config/cfg.py:2609
2026-02-09 00:41:13.575 132100 DEBUG oslo_service.service [req-bad3a15e-14d3-4244-9fd1-bf81a389d6ef - - - - -] console.allowed_origins = [] log_opt_values /usr/lib/python3/dist-packages/oslo_config/cfg.py:2609
2026-02-09 00:41:13.576 132100 DEBUG oslo_service.service [req-bad3a15e-14d3-4244-9fd1-bf81a389d6ef - - - - -] console.ssl_ciphers = None log_opt_values /usr/lib/python3/dist-packages/oslo_config/cfg.py:2609
2026-02-09 00:41:13.576 132880 DEBUG oslo_messaging._drivers.amqpdriver [-] Listener is running poll /usr/lib/python3/dist-packages/oslo_messaging/_drivers/amqpdriver.py:343
2026-02-09 00:41:13.576 132880 DEBUG oslo_messaging._drivers.amqpdriver [-] AMQPListener connection consume poll /usr/lib/python3/dist-packages/oslo_messaging/_drivers/amqpdriver.py:357
2026-02-09 00:41:13.576 132100 DEBUG oslo_service.service [req-bad3a15e-14d3-4244-9fd1-bf81a389d6ef - - - - -] console.ssl_minimum_version = default log_opt_values /usr/lib/python3/dist-packages/oslo_config/cfg.py:2609
2026-02-09 00:41:13.577 132100 DEBUG oslo_service.service [req-bad3a15e-14d3-4244-9fd1-bf81a389d6ef - - - - -] consoleauth.token_ttl = 600 log_opt_values /usr/lib/python3/dist-packages/oslo_config/cfg.py:2609
2026-02-09 00:41:13.577 132100 DEBUG oslo_service.service [req-bad3a15e-14d3-4244-9fd1-bf81a389d6ef - - - - -] cyborg.cafile = None log_opt_values /usr/lib/python3/dist-packages/oslo_config/cfg.py:2609
2026-02-09 00:41:13.578 132100 DEBUG oslo_service.service [req-bad3a15e-14d3-4244-9fd1-bf81a389d6ef - - - - -] cyborg.certfile = None log_opt_values /usr/lib/python3/dist-packages/oslo_config/cfg.py:2609
2026-02-09 00:41:13.578 132100 DEBUG oslo_service.service [req-bad3a15e-14d3-4244-9fd1-bf81a389d6ef - - - - -] cyborg.collect_timing = False log_opt_values /usr/lib/python3/dist-packages/oslo_config/cfg.py:2609
2026-02-09 00:41:13.578 132100 DEBUG oslo_service.service [req-bad3a15e-14d3-4244-9fd1-bf81a389d6ef - - - - -] cyborg.connect_retries = None log_opt_values /usr/lib/python3/dist-packages/oslo_config/cfg.py:2609
2026-02-09 00:41:13.578 132100 DEBUG oslo_service.service [req-bad3a15e-14d3-4244-9fd1-bf81a389d6ef - - - - -] cyborg.connect_retry_delay = None log_opt_values /usr/lib/python3/dist-packages/oslo_config/cfg.py:2609
2026-02-09 00:41:13.578 132100 DEBUG oslo_service.service [req-bad3a15e-14d3-4244-9fd1-bf81a389d6ef - - - - -] cyborg.endpoint_override = None log_opt_values /usr/lib/python3/dist-packages/oslo_config/cfg.py:2609
2026-02-09 00:41:13.578 132100 DEBUG oslo_service.service [req-bad3a15e-14d3-4244-9fd1-bf81a389d6ef - - - - -] cyborg.insecure = False log_opt_values /usr/lib/python3/dist-packages/oslo_config/cfg.py:2609
2026-02-09 00:41:13.579 132100 DEBUG oslo_service.service [req-bad3a15e-14d3-4244-9fd1-bf81a389d6ef - - - - -] cyborg.keyfile = None log_opt_values /usr/lib/python3/dist-packages/oslo_config/cfg.py:2609
2026-02-09 00:41:13.579 132100 DEBUG oslo_service.service [req-bad3a15e-14d3-4244-9fd1-bf81a389d6ef - - - - -] cyborg.max_version = None log_opt_values /usr/lib/python3/dist-packages/oslo_config/cfg.py:2609
2026-02-09 00:41:13.579 132100 DEBUG oslo_service.service [req-bad3a15e-14d3-4244-9fd1-bf81a389d6ef - - - - -] cyborg.min_version = None log_opt_values /usr/lib/python3/dist-packages/oslo_config/cfg.py:2609
2026-02-09 00:41:13.578 132880 DEBUG nova.service [req-db652cdc-06f1-4671-8f9b-3e419fa409cb - - - - -] Join ServiceGroup membership for this service scheduler start /usr/lib/python3/dist-packages/nova/service.py:199
2026-02-09 00:41:13.579 132100 DEBUG oslo_service.service [req-bad3a15e-14d3-4244-9fd1-bf81a389d6ef - - - - -] cyborg.region_name = None log_opt_values /usr/lib/python3/dist-packages/oslo_config/cfg.py:2609
2026-02-09 00:41:13.579 132100 DEBUG oslo_service.service [req-bad3a15e-14d3-4244-9fd1-bf81a389d6ef - - - - -] cyborg.service_name = None log_opt_values /usr/lib/python3/dist-packages/oslo_config/cfg.py:2609
2026-02-09 00:41:13.579 132880 DEBUG nova.servicegroup.drivers.db [req-db652cdc-06f1-4671-8f9b-3e419fa409cb - - - - -] DB_Driver: join new ServiceGroup member juju-8acb4c-0-lxd-7 to the scheduler group, service = join /usr/lib/python3/dist-packages/nova/servicegroup/drivers/db.py:44
2026-02-09 00:41:13.579 132100 DEBUG oslo_service.service [req-bad3a15e-14d3-4244-9fd1-bf81a389d6ef - - - - -] cyborg.service_type = accelerator log_opt_values /usr/lib/python3/dist-packages/oslo_config/cfg.py:2609
2026-02-09 00:41:13.580 132100 DEBUG oslo_service.service [req-bad3a15e-14d3-4244-9fd1-bf81a389d6ef - - - - -] cyborg.split_loggers = False log_opt_values /usr/lib/python3/dist-packages/oslo_config/cfg.py:2609
2026-02-09 00:41:13.580 132100 DEBUG oslo_service.service [req-bad3a15e-14d3-4244-9fd1-bf81a389d6ef - - - - -] cyborg.status_code_retries = None log_opt_values /usr/lib/python3/dist-packages/oslo_config/cfg.py:2609
2026-02-09 00:41:13.580 132100 DEBUG oslo_service.service [req-bad3a15e-14d3-4244-9fd1-bf81a389d6ef - - - - -] cyborg.status_code_retry_delay = None log_opt_values /usr/lib/python3/dist-packages/oslo_config/cfg.py:2609
2026-02-09 00:41:13.580 132880 DEBUG oslo_messaging._drivers.amqpdriver [-] AMQPListener connection timeout poll /usr/lib/python3/dist-packages/oslo_messaging/_drivers/amqpdriver.py:360
2026-02-09 00:41:13.580 132100 DEBUG oslo_service.service [req-bad3a15e-14d3-4244-9fd1-bf81a389d6ef - - - - -] cyborg.timeout = None log_opt_values /usr/lib/python3/dist-packages/oslo_config/cfg.py:2609
2026-02-09 00:41:13.580 132880 DEBUG oslo_messaging._drivers.amqpdriver [-] Listener is running poll /usr/lib/python3/dist-packages/oslo_messaging/_drivers/amqpdriver.py:343
2026-02-09 00:41:13.580 132880 DEBUG oslo_messaging._drivers.amqpdriver [-] AMQPListener connection consume poll /usr/lib/python3/dist-packages/oslo_messaging/_drivers/amqpdriver.py:357
2026-02-09 00:41:13.580 132100 DEBUG oslo_service.service [req-bad3a15e-14d3-4244-9fd1-bf81a389d6ef - - - - -] cyborg.valid_interfaces = ['internal', 'public'] log_opt_values /usr/lib/python3/dist-packages/oslo_config/cfg.py:2609
2026-02-09 00:41:13.581 132100 DEBUG oslo_service.service [req-bad3a15e-14d3-4244-9fd1-bf81a389d6ef - - - - -] cyborg.version = None log_opt_values /usr/lib/python3/dist-packages/oslo_config/cfg.py:2609
2026-02-09 00:41:13.581 132100 DEBUG oslo_service.service [req-bad3a15e-14d3-4244-9fd1-bf81a389d6ef - - - - -] database.backend = sqlalchemy log_opt_values /usr/lib/python3/dist-packages/oslo_config/cfg.py:2609
2026-02-09 00:41:13.581 132100 DEBUG oslo_service.service [req-bad3a15e-14d3-4244-9fd1-bf81a389d6ef - - - - -] database.connection = **** log_opt_values /usr/lib/python3/dist-packages/oslo_config/cfg.py:2609
2026-02-09 00:41:13.581 132100 DEBUG oslo_service.service [req-bad3a15e-14d3-4244-9fd1-bf81a389d6ef - - - - -] database.connection_debug = 0 log_opt_values /usr/lib/python3/dist-packages/oslo_config/cfg.py:2609
2026-02-09 00:41:13.581 132100 DEBUG oslo_service.service [req-bad3a15e-14d3-4244-9fd1-bf81a389d6ef - - - - -] database.connection_parameters = log_opt_values /usr/lib/python3/dist-packages/oslo_config/cfg.py:2609
2026-02-09 00:41:13.582 132100 DEBUG oslo_service.service [req-bad3a15e-14d3-4244-9fd1-bf81a389d6ef - - - - -] database.connection_recycle_time = 3600 log_opt_values /usr/lib/python3/dist-packages/oslo_config/cfg.py:2609
2026-02-09 00:41:13.582 132100 DEBUG oslo_service.service [req-bad3a15e-14d3-4244-9fd1-bf81a389d6ef - - - - -] database.connection_trace = False log_opt_values /usr/lib/python3/dist-packages/oslo_config/cfg.py:2609
2026-02-09 00:41:13.582 132100 DEBUG oslo_service.service [req-bad3a15e-14d3-4244-9fd1-bf81a389d6ef - - - - -] database.db_inc_retry_interval = True log_opt_values /usr/lib/python3/dist-packages/oslo_config/cfg.py:2609
2026-02-09 00:41:13.582 132100 DEBUG oslo_service.service [req-bad3a15e-14d3-4244-9fd1-bf81a389d6ef - - - - -] database.db_max_retries = 20 log_opt_values /usr/lib/python3/dist-packages/oslo_config/cfg.py:2609
2026-02-09 00:41:13.582 132100 DEBUG oslo_service.service [req-bad3a15e-14d3-4244-9fd1-bf81a389d6ef - - - - -] database.db_max_retry_interval = 10 log_opt_values /usr/lib/python3/dist-packages/oslo_config/cfg.py:2609
2026-02-09 00:41:13.582 132100 DEBUG oslo_service.service [req-bad3a15e-14d3-4244-9fd1-bf81a389d6ef - - - - -] database.db_retry_interval = 1 log_opt_values /usr/lib/python3/dist-packages/oslo_config/cfg.py:2609
2026-02-09 00:41:13.583 132100 DEBUG oslo_service.service [req-bad3a15e-14d3-4244-9fd1-bf81a389d6ef - - - - -] database.max_overflow = 50 log_opt_values /usr/lib/python3/dist-packages/oslo_config/cfg.py:2609
2026-02-09 00:41:13.583 132100 DEBUG oslo_service.service [req-bad3a15e-14d3-4244-9fd1-bf81a389d6ef - - - - -] database.max_pool_size = 4 log_opt_values /usr/lib/python3/dist-packages/oslo_config/cfg.py:2609
2026-02-09 00:41:13.583 132100 DEBUG oslo_service.service [req-bad3a15e-14d3-4244-9fd1-bf81a389d6ef - - - - -] database.max_retries = 10 log_opt_values /usr/lib/python3/dist-packages/oslo_config/cfg.py:2609
2026-02-09 00:41:13.583 132100 DEBUG oslo_service.service [req-bad3a15e-14d3-4244-9fd1-bf81a389d6ef - - - - -] database.mysql_enable_ndb = False log_opt_values /usr/lib/python3/dist-packages/oslo_config/cfg.py:2609
2026-02-09 00:41:13.583 132100 DEBUG oslo_service.service [req-bad3a15e-14d3-4244-9fd1-bf81a389d6ef - - - - -] database.mysql_sql_mode = TRADITIONAL log_opt_values /usr/lib/python3/dist-packages/oslo_config/cfg.py:2609
2026-02-09 00:41:13.584 132100 DEBUG oslo_service.service [req-bad3a15e-14d3-4244-9fd1-bf81a389d6ef - - - - -] database.pool_timeout = None log_opt_values /usr/lib/python3/dist-packages/oslo_config/cfg.py:2609
2026-02-09 00:41:13.584 132100 DEBUG oslo_service.service [req-bad3a15e-14d3-4244-9fd1-bf81a389d6ef - - - - -] database.retry_interval = 10 log_opt_values /usr/lib/python3/dist-packages/oslo_config/cfg.py:2609
2026-02-09 00:41:13.584 132100 DEBUG oslo_service.service [req-bad3a15e-14d3-4244-9fd1-bf81a389d6ef - - - - -] database.slave_connection = **** log_opt_values /usr/lib/python3/dist-packages/oslo_config/cfg.py:2609
2026-02-09 00:41:13.584 132100 DEBUG oslo_service.service [req-bad3a15e-14d3-4244-9fd1-bf81a389d6ef - - - - -] database.sqlite_synchronous = True log_opt_values /usr/lib/python3/dist-packages/oslo_config/cfg.py:2609
2026-02-09 00:41:13.584 132100 DEBUG oslo_service.service [req-bad3a15e-14d3-4244-9fd1-bf81a389d6ef - - - - -] database.use_db_reconnect = False log_opt_values /usr/lib/python3/dist-packages/oslo_config/cfg.py:2609
2026-02-09 00:41:13.584 132100 DEBUG oslo_service.service [req-bad3a15e-14d3-4244-9fd1-bf81a389d6ef - - - - -] api_database.backend = sqlalchemy log_opt_values /usr/lib/python3/dist-packages/oslo_config/cfg.py:2609
2026-02-09 00:41:13.585 132100 DEBUG oslo_service.service [req-bad3a15e-14d3-4244-9fd1-bf81a389d6ef - - - - -] api_database.connection = **** log_opt_values /usr/lib/python3/dist-packages/oslo_config/cfg.py:2609
2026-02-09 00:41:13.585 132100 DEBUG oslo_service.service [req-bad3a15e-14d3-4244-9fd1-bf81a389d6ef - - - - -] api_database.connection_debug = 0 log_opt_values /usr/lib/python3/dist-packages/oslo_config/cfg.py:2609
2026-02-09 00:41:13.585 132100 DEBUG oslo_service.service [req-bad3a15e-14d3-4244-9fd1-bf81a389d6ef - - - - -] api_database.connection_parameters = log_opt_values /usr/lib/python3/dist-packages/oslo_config/cfg.py:2609
2026-02-09 00:41:13.585 132100 DEBUG oslo_service.service [req-bad3a15e-14d3-4244-9fd1-bf81a389d6ef - - - - -] api_database.connection_recycle_time = 3600 log_opt_values /usr/lib/python3/dist-packages/oslo_config/cfg.py:2609
2026-02-09 00:41:13.585 132100 DEBUG oslo_service.service [req-bad3a15e-14d3-4244-9fd1-bf81a389d6ef - - - - -] api_database.connection_trace = False log_opt_values /usr/lib/python3/dist-packages/oslo_config/cfg.py:2609
2026-02-09 00:41:13.586 132100 DEBUG oslo_service.service [req-bad3a15e-14d3-4244-9fd1-bf81a389d6ef - - - - -] api_database.db_inc_retry_interval = True log_opt_values /usr/lib/python3/dist-packages/oslo_config/cfg.py:2609
2026-02-09 00:41:13.586 132100 DEBUG oslo_service.service [req-bad3a15e-14d3-4244-9fd1-bf81a389d6ef - - - - -] api_database.db_max_retries = 20 log_opt_values /usr/lib/python3/dist-packages/oslo_config/cfg.py:2609
2026-02-09 00:41:13.586 132100 DEBUG oslo_service.service [req-bad3a15e-14d3-4244-9fd1-bf81a389d6ef - - - - -] api_database.db_max_retry_interval = 10 log_opt_values /usr/lib/python3/dist-packages/oslo_config/cfg.py:2609
2026-02-09 00:41:13.586 132100 DEBUG oslo_service.service [req-bad3a15e-14d3-4244-9fd1-bf81a389d6ef - - - - -] api_database.db_retry_interval = 1 log_opt_values /usr/lib/python3/dist-packages/oslo_config/cfg.py:2609
2026-02-09 00:41:13.587 132100 DEBUG oslo_service.service [req-bad3a15e-14d3-4244-9fd1-bf81a389d6ef - - - - -] api_database.max_overflow = 50 log_opt_values /usr/lib/python3/dist-packages/oslo_config/cfg.py:2609
2026-02-09 00:41:13.587 132100 DEBUG oslo_service.service [req-bad3a15e-14d3-4244-9fd1-bf81a389d6ef - - - - -] api_database.max_pool_size = 4 log_opt_values /usr/lib/python3/dist-packages/oslo_config/cfg.py:2609
2026-02-09 00:41:13.587 132100 DEBUG oslo_service.service [req-bad3a15e-14d3-4244-9fd1-bf81a389d6ef - - - - -] api_database.max_retries = 10 log_opt_values /usr/lib/python3/dist-packages/oslo_config/cfg.py:2609
2026-02-09 00:41:13.587 132100 DEBUG oslo_service.service [req-bad3a15e-14d3-4244-9fd1-bf81a389d6ef - - - - -] api_database.mysql_enable_ndb = False log_opt_values /usr/lib/python3/dist-packages/oslo_config/cfg.py:2609
2026-02-09 00:41:13.587 132100 DEBUG oslo_service.service [req-bad3a15e-14d3-4244-9fd1-bf81a389d6ef - - - - -] api_database.mysql_sql_mode = TRADITIONAL log_opt_values /usr/lib/python3/dist-packages/oslo_config/cfg.py:2609
2026-02-09 00:41:13.588 132100 DEBUG oslo_service.service [req-bad3a15e-14d3-4244-9fd1-bf81a389d6ef - - - - -] api_database.pool_timeout = None log_opt_values /usr/lib/python3/dist-packages/oslo_config/cfg.py:2609
2026-02-09 00:41:13.588 132100 DEBUG oslo_service.service [req-bad3a15e-14d3-4244-9fd1-bf81a389d6ef - - - - -] api_database.retry_interval = 10 log_opt_values /usr/lib/python3/dist-packages/oslo_config/cfg.py:2609
2026-02-09 00:41:13.588 132100 DEBUG oslo_service.service [req-bad3a15e-14d3-4244-9fd1-bf81a389d6ef - - - - -] api_database.slave_connection = **** log_opt_values /usr/lib/python3/dist-packages/oslo_config/cfg.py:2609
2026-02-09 00:41:13.588 132100 DEBUG oslo_service.service [req-bad3a15e-14d3-4244-9fd1-bf81a389d6ef - - - - -] api_database.sqlite_synchronous = True log_opt_values /usr/lib/python3/dist-packages/oslo_config/cfg.py:2609
2026-02-09 00:41:13.588 132874 DEBUG oslo_messaging._drivers.amqpdriver [-] Listener is running poll /usr/lib/python3/dist-packages/oslo_messaging/_drivers/amqpdriver.py:343
2026-02-09 00:41:13.588 132100 DEBUG oslo_service.service [req-bad3a15e-14d3-4244-9fd1-bf81a389d6ef - - - - -] devices.enabled_mdev_types = [] log_opt_values /usr/lib/python3/dist-packages/oslo_config/cfg.py:2609
2026-02-09 00:41:13.589 132874 DEBUG oslo_messaging._drivers.amqpdriver [-] AMQPListener connection consume poll /usr/lib/python3/dist-packages/oslo_messaging/_drivers/amqpdriver.py:357
2026-02-09 00:41:13.589 132100 DEBUG oslo_service.service [req-bad3a15e-14d3-4244-9fd1-bf81a389d6ef - - - - -] ephemeral_storage_encryption.cipher = aes-xts-plain64 log_opt_values /usr/lib/python3/dist-packages/oslo_config/cfg.py:2609
2026-02-09 00:41:13.589 132100 DEBUG oslo_service.service [req-bad3a15e-14d3-4244-9fd1-bf81a389d6ef - - - - -] ephemeral_storage_encryption.enabled = False log_opt_values /usr/lib/python3/dist-packages/oslo_config/cfg.py:2609
2026-02-09 00:41:13.589 132100 DEBUG oslo_service.service [req-bad3a15e-14d3-4244-9fd1-bf81a389d6ef - - - - -] ephemeral_storage_encryption.key_size = 512 log_opt_values /usr/lib/python3/dist-packages/oslo_config/cfg.py:2609
2026-02-09 00:41:13.589 132874 DEBUG nova.service [req-8ffd5271-fb71-47bb-8482-29d0d1b85990 - - - - -] Join ServiceGroup membership for this service scheduler start /usr/lib/python3/dist-packages/nova/service.py:199
2026-02-09 00:41:13.589 132100 WARNING oslo_config.cfg [req-bad3a15e-14d3-4244-9fd1-bf81a389d6ef - - - - -] Deprecated: Option "api_servers" from group "glance" is deprecated for removal ( Support for image service configuration via standard keystoneauth1 Adapter options was added in the 17.0.0 Queens release. The api_servers option was retained temporarily to allow consumers time to cut over to a real load balancing solution. ). Its value may be silently ignored in the future.
2026-02-09 00:41:13.589 132874 DEBUG nova.servicegroup.drivers.db [req-8ffd5271-fb71-47bb-8482-29d0d1b85990 - - - - -] DB_Driver: join new ServiceGroup member juju-8acb4c-0-lxd-7 to the scheduler group, service = join /usr/lib/python3/dist-packages/nova/servicegroup/drivers/db.py:44
2026-02-09 00:41:13.589 132100 DEBUG oslo_service.service [req-bad3a15e-14d3-4244-9fd1-bf81a389d6ef - - - - -] glance.api_servers = ['http://252.241.223.103:9292'] log_opt_values /usr/lib/python3/dist-packages/oslo_config/cfg.py:2609
2026-02-09 00:41:13.590 132100 DEBUG oslo_service.service [req-bad3a15e-14d3-4244-9fd1-bf81a389d6ef - - - - -] glance.cafile = None log_opt_values /usr/lib/python3/dist-packages/oslo_config/cfg.py:2609
2026-02-09 00:41:13.590 132100 DEBUG oslo_service.service [req-bad3a15e-14d3-4244-9fd1-bf81a389d6ef - - - - -] glance.certfile = None log_opt_values /usr/lib/python3/dist-packages/oslo_config/cfg.py:2609
2026-02-09 00:41:13.590 132100 DEBUG oslo_service.service [req-bad3a15e-14d3-4244-9fd1-bf81a389d6ef - - - - -] glance.collect_timing = False log_opt_values /usr/lib/python3/dist-packages/oslo_config/cfg.py:2609
2026-02-09 00:41:13.590 132100 DEBUG oslo_service.service [req-bad3a15e-14d3-4244-9fd1-bf81a389d6ef - - - - -] glance.connect_retries = None log_opt_values /usr/lib/python3/dist-packages/oslo_config/cfg.py:2609
2026-02-09 00:41:13.590 132100 DEBUG oslo_service.service [req-bad3a15e-14d3-4244-9fd1-bf81a389d6ef - - - - -] glance.connect_retry_delay = None log_opt_values /usr/lib/python3/dist-packages/oslo_config/cfg.py:2609
2026-02-09 00:41:13.590 132100 DEBUG oslo_service.service [req-bad3a15e-14d3-4244-9fd1-bf81a389d6ef - - - - -] glance.debug = False log_opt_values /usr/lib/python3/dist-packages/oslo_config/cfg.py:2609
2026-02-09 00:41:13.591 132100 DEBUG oslo_service.service [req-bad3a15e-14d3-4244-9fd1-bf81a389d6ef - - - - -] glance.default_trusted_certificate_ids = [] log_opt_values /usr/lib/python3/dist-packages/oslo_config/cfg.py:2609
2026-02-09 00:41:13.591 132100 DEBUG oslo_service.service [req-bad3a15e-14d3-4244-9fd1-bf81a389d6ef - - - - -] glance.enable_certificate_validation = False log_opt_values /usr/lib/python3/dist-packages/oslo_config/cfg.py:2609
2026-02-09 00:41:13.591 132100 DEBUG oslo_service.service [req-bad3a15e-14d3-4244-9fd1-bf81a389d6ef - - - - -] glance.enable_rbd_download = False log_opt_values /usr/lib/python3/dist-packages/oslo_config/cfg.py:2609
2026-02-09 00:41:13.591 132100 DEBUG oslo_service.service [req-bad3a15e-14d3-4244-9fd1-bf81a389d6ef - - - - -] glance.endpoint_override = None log_opt_values /usr/lib/python3/dist-packages/oslo_config/cfg.py:2609
2026-02-09 00:41:13.591 132100 DEBUG oslo_service.service [req-bad3a15e-14d3-4244-9fd1-bf81a389d6ef - - - - -] glance.insecure = False log_opt_values /usr/lib/python3/dist-packages/oslo_config/cfg.py:2609
2026-02-09 00:41:13.591 132100 DEBUG oslo_service.service [req-bad3a15e-14d3-4244-9fd1-bf81a389d6ef - - - - -] glance.keyfile = None log_opt_values /usr/lib/python3/dist-packages/oslo_config/cfg.py:2609
2026-02-09 00:41:13.592 132874 DEBUG oslo_messaging._drivers.amqpdriver [-] AMQPListener connection timeout poll /usr/lib/python3/dist-packages/oslo_messaging/_drivers/amqpdriver.py:360
2026-02-09 00:41:13.592 132100 DEBUG oslo_service.service [req-bad3a15e-14d3-4244-9fd1-bf81a389d6ef - - - - -] glance.max_version = None log_opt_values /usr/lib/python3/dist-packages/oslo_config/cfg.py:2609
2026-02-09 00:41:13.592 132874 DEBUG oslo_messaging._drivers.amqpdriver [-] Listener is running poll /usr/lib/python3/dist-packages/oslo_messaging/_drivers/amqpdriver.py:343
2026-02-09 00:41:13.592 132874 DEBUG oslo_messaging._drivers.amqpdriver [-] AMQPListener connection consume poll /usr/lib/python3/dist-packages/oslo_messaging/_drivers/amqpdriver.py:357
2026-02-09 00:41:13.592 132100 DEBUG oslo_service.service [req-bad3a15e-14d3-4244-9fd1-bf81a389d6ef - - - - -] glance.min_version = None log_opt_values /usr/lib/python3/dist-packages/oslo_config/cfg.py:2609
2026-02-09 00:41:13.592 132100 DEBUG oslo_service.service [req-bad3a15e-14d3-4244-9fd1-bf81a389d6ef - - - - -] glance.num_retries = 3 log_opt_values /usr/lib/python3/dist-packages/oslo_config/cfg.py:2609
2026-02-09 00:41:13.592 132100 DEBUG oslo_service.service [req-bad3a15e-14d3-4244-9fd1-bf81a389d6ef - - - - -] glance.rbd_ceph_conf = log_opt_values /usr/lib/python3/dist-packages/oslo_config/cfg.py:2609
2026-02-09 00:41:13.592 132100 DEBUG oslo_service.service [req-bad3a15e-14d3-4244-9fd1-bf81a389d6ef - - - - -] glance.rbd_connect_timeout = 5 log_opt_values /usr/lib/python3/dist-packages/oslo_config/cfg.py:2609
2026-02-09 00:41:13.593 132100 DEBUG oslo_service.service [req-bad3a15e-14d3-4244-9fd1-bf81a389d6ef - - - - -] glance.rbd_pool = log_opt_values /usr/lib/python3/dist-packages/oslo_config/cfg.py:2609
