2026-02-09 00:41:54.416 147131 DEBUG oslo_service.service [req-9e5e1682-1108-45eb-8ee7-8297701ef38a - - - - -] instances_path = /var/lib/nova/instances log_opt_values /usr/lib/python3/dist-packages/oslo_config/cfg.py:2602
2026-02-09 00:41:54.416 147131 DEBUG oslo_service.service [req-9e5e1682-1108-45eb-8ee7-8297701ef38a - - - - -] internal_service_availability_zone = internal log_opt_values /usr/lib/python3/dist-packages/oslo_config/cfg.py:2602
2026-02-09 00:41:54.417 147131 DEBUG oslo_service.service [req-9e5e1682-1108-45eb-8ee7-8297701ef38a - - - - -] key = None log_opt_values /usr/lib/python3/dist-packages/oslo_config/cfg.py:2602
2026-02-09 00:41:54.417 147131 DEBUG oslo_service.service [req-9e5e1682-1108-45eb-8ee7-8297701ef38a - - - - -] live_migration_retry_count = 30 log_opt_values /usr/lib/python3/dist-packages/oslo_config/cfg.py:2602
2026-02-09 00:41:54.417 147131 DEBUG oslo_service.service [req-9e5e1682-1108-45eb-8ee7-8297701ef38a - - - - -] log_config_append = None log_opt_values /usr/lib/python3/dist-packages/oslo_config/cfg.py:2602
2026-02-09 00:41:54.417 147131 DEBUG oslo_service.service [req-9e5e1682-1108-45eb-8ee7-8297701ef38a - - - - -] log_date_format = %Y-%m-%d %H:%M:%S log_opt_values /usr/lib/python3/dist-packages/oslo_config/cfg.py:2602
2026-02-09 00:41:54.417 147131 DEBUG oslo_service.service [req-9e5e1682-1108-45eb-8ee7-8297701ef38a - - - - -] log_dir = /var/log/nova log_opt_values /usr/lib/python3/dist-packages/oslo_config/cfg.py:2602
2026-02-09 00:41:54.417 147131 DEBUG oslo_service.service [req-9e5e1682-1108-45eb-8ee7-8297701ef38a - - - - -] log_file = /var/log/nova/nova-scheduler.log log_opt_values /usr/lib/python3/dist-packages/oslo_config/cfg.py:2602
2026-02-09 00:41:54.418 147131 DEBUG oslo_service.service [req-9e5e1682-1108-45eb-8ee7-8297701ef38a - - - - -] log_options = True log_opt_values /usr/lib/python3/dist-packages/oslo_config/cfg.py:2602
2026-02-09 00:41:54.418 147131 DEBUG oslo_service.service [req-9e5e1682-1108-45eb-8ee7-8297701ef38a - - - - -] log_rotate_interval = 1 log_opt_values /usr/lib/python3/dist-packages/oslo_config/cfg.py:2602
2026-02-09 00:41:54.418 147131 DEBUG oslo_service.service [req-9e5e1682-1108-45eb-8ee7-8297701ef38a - - - - -] log_rotate_interval_type = days log_opt_values /usr/lib/python3/dist-packages/oslo_config/cfg.py:2602
2026-02-09 00:41:54.418 147131 DEBUG oslo_service.service [req-9e5e1682-1108-45eb-8ee7-8297701ef38a - - - - -] log_rotation_type = none log_opt_values /usr/lib/python3/dist-packages/oslo_config/cfg.py:2602
2026-02-09 00:41:54.418 147131 DEBUG oslo_service.service [req-9e5e1682-1108-45eb-8ee7-8297701ef38a - - - - -] logging_context_format_string = %(asctime)s.%(msecs)03d %(process)d %(levelname)s %(name)s [%(request_id)s %(user_identity)s] %(instance)s%(message)s log_opt_values /usr/lib/python3/dist-packages/oslo_config/cfg.py:2602
2026-02-09 00:41:54.418 147131 DEBUG oslo_service.service [req-9e5e1682-1108-45eb-8ee7-8297701ef38a - - - - -] logging_debug_format_suffix = %(funcName)s %(pathname)s:%(lineno)d log_opt_values /usr/lib/python3/dist-packages/oslo_config/cfg.py:2602
2026-02-09 00:41:54.419 147131 DEBUG oslo_service.service [req-9e5e1682-1108-45eb-8ee7-8297701ef38a - - - - -] logging_default_format_string = %(asctime)s.%(msecs)03d %(process)d %(levelname)s %(name)s [-] %(instance)s%(message)s log_opt_values /usr/lib/python3/dist-packages/oslo_config/cfg.py:2602
2026-02-09 00:41:54.419 147131 DEBUG oslo_service.service [req-9e5e1682-1108-45eb-8ee7-8297701ef38a - - - - -] logging_exception_prefix = %(asctime)s.%(msecs)03d %(process)d ERROR %(name)s %(instance)s log_opt_values /usr/lib/python3/dist-packages/oslo_config/cfg.py:2602
2026-02-09 00:41:54.419 147131 DEBUG oslo_service.service [req-9e5e1682-1108-45eb-8ee7-8297701ef38a - - - - -] logging_user_identity_format = %(user)s %(project)s %(domain)s %(user_domain)s %(project_domain)s log_opt_values /usr/lib/python3/dist-packages/oslo_config/cfg.py:2602
2026-02-09 00:41:54.419 147131 DEBUG oslo_service.service [req-9e5e1682-1108-45eb-8ee7-8297701ef38a - - - - -] long_rpc_timeout = 1800 log_opt_values /usr/lib/python3/dist-packages/oslo_config/cfg.py:2602
2026-02-09 00:41:54.419 147131 DEBUG oslo_service.service [req-9e5e1682-1108-45eb-8ee7-8297701ef38a - - - - -] max_concurrent_builds = 10 log_opt_values /usr/lib/python3/dist-packages/oslo_config/cfg.py:2602
2026-02-09 00:41:54.419 147131 DEBUG oslo_service.service [req-9e5e1682-1108-45eb-8ee7-8297701ef38a - - - - -] max_concurrent_live_migrations = 1 log_opt_values /usr/lib/python3/dist-packages/oslo_config/cfg.py:2602
2026-02-09 00:41:54.420 147131 DEBUG oslo_service.service [req-9e5e1682-1108-45eb-8ee7-8297701ef38a - - - - -] max_concurrent_snapshots = 5 log_opt_values /usr/lib/python3/dist-packages/oslo_config/cfg.py:2602
2026-02-09 00:41:54.420 147131 DEBUG oslo_service.service [req-9e5e1682-1108-45eb-8ee7-8297701ef38a - - - - -] max_local_block_devices = 3 log_opt_values /usr/lib/python3/dist-packages/oslo_config/cfg.py:2602
2026-02-09 00:41:54.420 147131 DEBUG oslo_service.service [req-9e5e1682-1108-45eb-8ee7-8297701ef38a - - - - -] max_logfile_count = 30 log_opt_values /usr/lib/python3/dist-packages/oslo_config/cfg.py:2602
2026-02-09 00:41:54.420 147131 DEBUG oslo_service.service [req-9e5e1682-1108-45eb-8ee7-8297701ef38a - - - - -] max_logfile_size_mb = 200 log_opt_values /usr/lib/python3/dist-packages/oslo_config/cfg.py:2602
2026-02-09 00:41:54.420 147131 DEBUG oslo_service.service [req-9e5e1682-1108-45eb-8ee7-8297701ef38a - - - - -] maximum_instance_delete_attempts = 5 log_opt_values /usr/lib/python3/dist-packages/oslo_config/cfg.py:2602
2026-02-09 00:41:54.420 147548 DEBUG nova.service [req-c927daad-1d02-4e21-bace-5f5ad21fcd8e - - - - -] Creating RPC server for service scheduler start /usr/lib/python3/dist-packages/nova/service.py:182
2026-02-09 00:41:54.420 147551 DEBUG oslo_db.sqlalchemy.engines [req-1aed9b57-d2e6-4ed3-ba02-1a1d15b83361 - - - - -] MySQL server mode set to STRICT_TRANS_TABLES,STRICT_ALL_TABLES,NO_ZERO_IN_DATE,NO_ZERO_DATE,ERROR_FOR_DIVISION_BY_ZERO,TRADITIONAL,NO_ENGINE_SUBSTITUTION _check_effective_sql_mode /usr/lib/python3/dist-packages/oslo_db/sqlalchemy/engines.py:314
2026-02-09 00:41:54.421 147131 DEBUG oslo_service.service [req-9e5e1682-1108-45eb-8ee7-8297701ef38a - - - - -] metadata_listen = 0.0.0.0 log_opt_values /usr/lib/python3/dist-packages/oslo_config/cfg.py:2602
2026-02-09 00:41:54.421 147131 DEBUG oslo_service.service [req-9e5e1682-1108-45eb-8ee7-8297701ef38a - - - - -] metadata_listen_port = 8765 log_opt_values /usr/lib/python3/dist-packages/oslo_config/cfg.py:2602
2026-02-09 00:41:54.421 147131 DEBUG oslo_service.service [req-9e5e1682-1108-45eb-8ee7-8297701ef38a - - - - -] metadata_workers = None log_opt_values /usr/lib/python3/dist-packages/oslo_config/cfg.py:2602
2026-02-09 00:41:54.421 147131 DEBUG oslo_service.service [req-9e5e1682-1108-45eb-8ee7-8297701ef38a - - - - -] migrate_max_retries = -1 log_opt_values /usr/lib/python3/dist-packages/oslo_config/cfg.py:2602
2026-02-09 00:41:54.422 147131 DEBUG oslo_service.service [req-9e5e1682-1108-45eb-8ee7-8297701ef38a - - - - -] mkisofs_cmd = genisoimage log_opt_values /usr/lib/python3/dist-packages/oslo_config/cfg.py:2602
2026-02-09 00:41:54.422 147131 DEBUG oslo_service.service [req-9e5e1682-1108-45eb-8ee7-8297701ef38a - - - - -] my_block_storage_ip = 252.241.230.220 log_opt_values /usr/lib/python3/dist-packages/oslo_config/cfg.py:2602
2026-02-09 00:41:54.422 147131 DEBUG oslo_service.service [req-9e5e1682-1108-45eb-8ee7-8297701ef38a - - - - -] my_ip = 252.241.230.220 log_opt_values /usr/lib/python3/dist-packages/oslo_config/cfg.py:2602
2026-02-09 00:41:54.422 147131 DEBUG oslo_service.service [req-9e5e1682-1108-45eb-8ee7-8297701ef38a - - - - -] network_allocate_retries = 0 log_opt_values /usr/lib/python3/dist-packages/oslo_config/cfg.py:2602
2026-02-09 00:41:54.422 147131 DEBUG oslo_service.service [req-9e5e1682-1108-45eb-8ee7-8297701ef38a - - - - -] non_inheritable_image_properties = ['cache_in_nova', 'bittorrent'] log_opt_values /usr/lib/python3/dist-packages/oslo_config/cfg.py:2602
2026-02-09 00:41:54.422 147131 DEBUG oslo_service.service [req-9e5e1682-1108-45eb-8ee7-8297701ef38a - - - - -] osapi_compute_listen = 0.0.0.0 log_opt_values /usr/lib/python3/dist-packages/oslo_config/cfg.py:2602
2026-02-09 00:41:54.423 147131 DEBUG oslo_service.service [req-9e5e1682-1108-45eb-8ee7-8297701ef38a - - - - -] osapi_compute_listen_port = 8764 log_opt_values /usr/lib/python3/dist-packages/oslo_config/cfg.py:2602
2026-02-09 00:41:54.423 147131 DEBUG oslo_service.service [req-9e5e1682-1108-45eb-8ee7-8297701ef38a - - - - -] osapi_compute_unique_server_name_scope = log_opt_values /usr/lib/python3/dist-packages/oslo_config/cfg.py:2602
2026-02-09 00:41:54.423 147131 DEBUG oslo_service.service [req-9e5e1682-1108-45eb-8ee7-8297701ef38a - - - - -] osapi_compute_workers = 4 log_opt_values /usr/lib/python3/dist-packages/oslo_config/cfg.py:2602
2026-02-09 00:41:54.423 147131 DEBUG oslo_service.service [req-9e5e1682-1108-45eb-8ee7-8297701ef38a - - - - -] password_length = 12 log_opt_values /usr/lib/python3/dist-packages/oslo_config/cfg.py:2602
2026-02-09 00:41:54.423 147131 DEBUG oslo_service.service [req-9e5e1682-1108-45eb-8ee7-8297701ef38a - - - - -] periodic_enable = True log_opt_values /usr/lib/python3/dist-packages/oslo_config/cfg.py:2602
2026-02-09 00:41:54.423 147131 DEBUG oslo_service.service [req-9e5e1682-1108-45eb-8ee7-8297701ef38a - - - - -] periodic_fuzzy_delay = 60 log_opt_values /usr/lib/python3/dist-packages/oslo_config/cfg.py:2602
2026-02-09 00:41:54.424 147131 DEBUG oslo_service.service [req-9e5e1682-1108-45eb-8ee7-8297701ef38a - - - - -] pointer_model = usbtablet log_opt_values /usr/lib/python3/dist-packages/oslo_config/cfg.py:2602
2026-02-09 00:41:54.424 147131 DEBUG oslo_service.service [req-9e5e1682-1108-45eb-8ee7-8297701ef38a - - - - -] preallocate_images = none log_opt_values /usr/lib/python3/dist-packages/oslo_config/cfg.py:2602
2026-02-09 00:41:54.424 147131 DEBUG oslo_service.service [req-9e5e1682-1108-45eb-8ee7-8297701ef38a - - - - -] publish_errors = False log_opt_values /usr/lib/python3/dist-packages/oslo_config/cfg.py:2602
2026-02-09 00:41:54.424 147131 DEBUG oslo_service.service [req-9e5e1682-1108-45eb-8ee7-8297701ef38a - - - - -] pybasedir = /usr/lib/python3/dist-packages log_opt_values /usr/lib/python3/dist-packages/oslo_config/cfg.py:2602
2026-02-09 00:41:54.424 147550 DEBUG oslo_db.sqlalchemy.engines [req-19e71cfc-3ee2-422a-ae94-8f1900838ccb - - - - -] MySQL server mode set to STRICT_TRANS_TABLES,STRICT_ALL_TABLES,NO_ZERO_IN_DATE,NO_ZERO_DATE,ERROR_FOR_DIVISION_BY_ZERO,TRADITIONAL,NO_ENGINE_SUBSTITUTION _check_effective_sql_mode /usr/lib/python3/dist-packages/oslo_db/sqlalchemy/engines.py:314
2026-02-09 00:41:54.424 147131 DEBUG oslo_service.service [req-9e5e1682-1108-45eb-8ee7-8297701ef38a - - - - -] ram_allocation_ratio = 0.98 log_opt_values /usr/lib/python3/dist-packages/oslo_config/cfg.py:2602
2026-02-09 00:41:54.424 147131 DEBUG oslo_service.service [req-9e5e1682-1108-45eb-8ee7-8297701ef38a - - - - -] rate_limit_burst = 0 log_opt_values /usr/lib/python3/dist-packages/oslo_config/cfg.py:2602
2026-02-09 00:41:54.425 147131 DEBUG oslo_service.service [req-9e5e1682-1108-45eb-8ee7-8297701ef38a - - - - -] rate_limit_except_level = CRITICAL log_opt_values /usr/lib/python3/dist-packages/oslo_config/cfg.py:2602
2026-02-09 00:41:54.425 147131 DEBUG oslo_service.service [req-9e5e1682-1108-45eb-8ee7-8297701ef38a - - - - -] rate_limit_interval = 0 log_opt_values /usr/lib/python3/dist-packages/oslo_config/cfg.py:2602
2026-02-09 00:41:54.425 147131 DEBUG oslo_service.service [req-9e5e1682-1108-45eb-8ee7-8297701ef38a - - - - -] reboot_timeout = 0 log_opt_values /usr/lib/python3/dist-packages/oslo_config/cfg.py:2602
2026-02-09 00:41:54.425 147131 DEBUG oslo_service.service [req-9e5e1682-1108-45eb-8ee7-8297701ef38a - - - - -] reclaim_instance_interval = 0 log_opt_values /usr/lib/python3/dist-packages/oslo_config/cfg.py:2602
2026-02-09 00:41:54.425 147131 DEBUG oslo_service.service [req-9e5e1682-1108-45eb-8ee7-8297701ef38a - - - - -] record = None log_opt_values /usr/lib/python3/dist-packages/oslo_config/cfg.py:2602
2026-02-09 00:41:54.425 147131 DEBUG oslo_service.service [req-9e5e1682-1108-45eb-8ee7-8297701ef38a - - - - -] report_interval = 10 log_opt_values /usr/lib/python3/dist-packages/oslo_config/cfg.py:2602
2026-02-09 00:41:54.426 147131 DEBUG oslo_service.service [req-9e5e1682-1108-45eb-8ee7-8297701ef38a - - - - -] rescue_timeout = 0 log_opt_values /usr/lib/python3/dist-packages/oslo_config/cfg.py:2602
2026-02-09 00:41:54.426 147131 DEBUG oslo_service.service [req-9e5e1682-1108-45eb-8ee7-8297701ef38a - - - - -] reserved_host_cpus = 0 log_opt_values /usr/lib/python3/dist-packages/oslo_config/cfg.py:2602
2026-02-09 00:41:54.426 147131 DEBUG oslo_service.service [req-9e5e1682-1108-45eb-8ee7-8297701ef38a - - - - -] reserved_host_disk_mb = 0 log_opt_values /usr/lib/python3/dist-packages/oslo_config/cfg.py:2602
2026-02-09 00:41:54.426 147131 DEBUG oslo_service.service [req-9e5e1682-1108-45eb-8ee7-8297701ef38a - - - - -] reserved_host_memory_mb = 512 log_opt_values /usr/lib/python3/dist-packages/oslo_config/cfg.py:2602
2026-02-09 00:41:54.426 147549 DEBUG nova.service [req-10e51e7a-5290-4d40-bb69-383abeda97c2 - - - - -] Creating RPC server for service scheduler start /usr/lib/python3/dist-packages/nova/service.py:182
2026-02-09 00:41:54.426 147131 DEBUG oslo_service.service [req-9e5e1682-1108-45eb-8ee7-8297701ef38a - - - - -] reserved_huge_pages = None log_opt_values /usr/lib/python3/dist-packages/oslo_config/cfg.py:2602
2026-02-09 00:41:54.426 147131 DEBUG oslo_service.service [req-9e5e1682-1108-45eb-8ee7-8297701ef38a - - - - -] resize_confirm_window = 0 log_opt_values /usr/lib/python3/dist-packages/oslo_config/cfg.py:2602
2026-02-09 00:41:54.426 147131 DEBUG oslo_service.service [req-9e5e1682-1108-45eb-8ee7-8297701ef38a - - - - -] resize_fs_using_block_device = False log_opt_values /usr/lib/python3/dist-packages/oslo_config/cfg.py:2602
2026-02-09 00:41:54.427 147131 DEBUG oslo_service.service [req-9e5e1682-1108-45eb-8ee7-8297701ef38a - - - - -] resume_guests_state_on_host_boot = False log_opt_values /usr/lib/python3/dist-packages/oslo_config/cfg.py:2602
2026-02-09 00:41:54.427 147131 DEBUG oslo_service.service [req-9e5e1682-1108-45eb-8ee7-8297701ef38a - - - - -] rootwrap_config = /etc/nova/rootwrap.conf log_opt_values /usr/lib/python3/dist-packages/oslo_config/cfg.py:2602
2026-02-09 00:41:54.427 147131 DEBUG oslo_service.service [req-9e5e1682-1108-45eb-8ee7-8297701ef38a - - - - -] run_external_periodic_tasks = True log_opt_values /usr/lib/python3/dist-packages/oslo_config/cfg.py:2602
2026-02-09 00:41:54.427 147131 DEBUG oslo_service.service [req-9e5e1682-1108-45eb-8ee7-8297701ef38a - - - - -] running_deleted_instance_action = reap log_opt_values /usr/lib/python3/dist-packages/oslo_config/cfg.py:2602
2026-02-09 00:41:54.427 147131 DEBUG oslo_service.service [req-9e5e1682-1108-45eb-8ee7-8297701ef38a - - - - -] running_deleted_instance_poll_interval = 1800 log_opt_values /usr/lib/python3/dist-packages/oslo_config/cfg.py:2602
2026-02-09 00:41:54.427 147131 DEBUG oslo_service.service [req-9e5e1682-1108-45eb-8ee7-8297701ef38a - - - - -] running_deleted_instance_timeout = 0 log_opt_values /usr/lib/python3/dist-packages/oslo_config/cfg.py:2602
2026-02-09 00:41:54.428 147131 DEBUG oslo_service.service [req-9e5e1682-1108-45eb-8ee7-8297701ef38a - - - - -] scheduler_instance_sync_interval = 120 log_opt_values /usr/lib/python3/dist-packages/oslo_config/cfg.py:2602
2026-02-09 00:41:54.428 147131 DEBUG oslo_service.service [req-9e5e1682-1108-45eb-8ee7-8297701ef38a - - - - -] service_down_time = 60 log_opt_values /usr/lib/python3/dist-packages/oslo_config/cfg.py:2602
2026-02-09 00:41:54.428 147131 DEBUG oslo_service.service [req-9e5e1682-1108-45eb-8ee7-8297701ef38a - - - - -] servicegroup_driver = db log_opt_values /usr/lib/python3/dist-packages/oslo_config/cfg.py:2602
2026-02-09 00:41:54.428 147131 DEBUG oslo_service.service [req-9e5e1682-1108-45eb-8ee7-8297701ef38a - - - - -] shelved_offload_time = 0 log_opt_values /usr/lib/python3/dist-packages/oslo_config/cfg.py:2602
2026-02-09 00:41:54.428 147131 DEBUG oslo_service.service [req-9e5e1682-1108-45eb-8ee7-8297701ef38a - - - - -] shelved_poll_interval = 3600 log_opt_values /usr/lib/python3/dist-packages/oslo_config/cfg.py:2602
2026-02-09 00:41:54.429 147131 DEBUG oslo_service.service [req-9e5e1682-1108-45eb-8ee7-8297701ef38a - - - - -] shutdown_timeout = 60 log_opt_values /usr/lib/python3/dist-packages/oslo_config/cfg.py:2602
2026-02-09 00:41:54.429 147131 DEBUG oslo_service.service [req-9e5e1682-1108-45eb-8ee7-8297701ef38a - - - - -] source_is_ipv6 = False log_opt_values /usr/lib/python3/dist-packages/oslo_config/cfg.py:2602
2026-02-09 00:41:54.429 147131 DEBUG oslo_service.service [req-9e5e1682-1108-45eb-8ee7-8297701ef38a - - - - -] ssl_only = False log_opt_values /usr/lib/python3/dist-packages/oslo_config/cfg.py:2602
2026-02-09 00:41:54.429 147131 DEBUG oslo_service.service [req-9e5e1682-1108-45eb-8ee7-8297701ef38a - - - - -] state_path = /var/lib/nova log_opt_values /usr/lib/python3/dist-packages/oslo_config/cfg.py:2602
2026-02-09 00:41:54.429 147131 DEBUG oslo_service.service [req-9e5e1682-1108-45eb-8ee7-8297701ef38a - - - - -] sync_power_state_interval = 600 log_opt_values /usr/lib/python3/dist-packages/oslo_config/cfg.py:2602
2026-02-09 00:41:54.429 147131 DEBUG oslo_service.service [req-9e5e1682-1108-45eb-8ee7-8297701ef38a - - - - -] sync_power_state_pool_size = 1000 log_opt_values /usr/lib/python3/dist-packages/oslo_config/cfg.py:2602
2026-02-09 00:41:54.429 147131 DEBUG oslo_service.service [req-9e5e1682-1108-45eb-8ee7-8297701ef38a - - - - -] syslog_log_facility = LOG_USER log_opt_values /usr/lib/python3/dist-packages/oslo_config/cfg.py:2602
2026-02-09 00:41:54.430 147131 DEBUG oslo_service.service [req-9e5e1682-1108-45eb-8ee7-8297701ef38a - - - - -] tempdir = None log_opt_values /usr/lib/python3/dist-packages/oslo_config/cfg.py:2602
2026-02-09 00:41:54.430 147131 DEBUG oslo_service.service [req-9e5e1682-1108-45eb-8ee7-8297701ef38a - - - - -] timeout_nbd = 10 log_opt_values /usr/lib/python3/dist-packages/oslo_config/cfg.py:2602
2026-02-09 00:41:54.430 147131 DEBUG oslo_service.service [req-9e5e1682-1108-45eb-8ee7-8297701ef38a - - - - -] transport_url = **** log_opt_values /usr/lib/python3/dist-packages/oslo_config/cfg.py:2602
2026-02-09 00:41:54.430 147131 DEBUG oslo_service.service [req-9e5e1682-1108-45eb-8ee7-8297701ef38a - - - - -] update_resources_interval = 0 log_opt_values /usr/lib/python3/dist-packages/oslo_config/cfg.py:2602
2026-02-09 00:41:54.430 147131 DEBUG oslo_service.service [req-9e5e1682-1108-45eb-8ee7-8297701ef38a - - - - -] use_cow_images = True log_opt_values /usr/lib/python3/dist-packages/oslo_config/cfg.py:2602
2026-02-09 00:41:54.430 147131 DEBUG oslo_service.service [req-9e5e1682-1108-45eb-8ee7-8297701ef38a - - - - -] use_eventlog = False log_opt_values /usr/lib/python3/dist-packages/oslo_config/cfg.py:2602
2026-02-09 00:41:54.431 147131 DEBUG oslo_service.service [req-9e5e1682-1108-45eb-8ee7-8297701ef38a - - - - -] use_journal = False log_opt_values /usr/lib/python3/dist-packages/oslo_config/cfg.py:2602
2026-02-09 00:41:54.431 147131 DEBUG oslo_service.service [req-9e5e1682-1108-45eb-8ee7-8297701ef38a - - - - -] use_json = False log_opt_values /usr/lib/python3/dist-packages/oslo_config/cfg.py:2602
2026-02-09 00:41:54.431 147131 DEBUG oslo_service.service [req-9e5e1682-1108-45eb-8ee7-8297701ef38a - - - - -] use_rootwrap_daemon = False log_opt_values /usr/lib/python3/dist-packages/oslo_config/cfg.py:2602
2026-02-09 00:41:54.431 147131 DEBUG oslo_service.service [req-9e5e1682-1108-45eb-8ee7-8297701ef38a - - - - -] use_stderr = False log_opt_values /usr/lib/python3/dist-packages/oslo_config/cfg.py:2602
2026-02-09 00:41:54.431 147131 DEBUG oslo_service.service [req-9e5e1682-1108-45eb-8ee7-8297701ef38a - - - - -] use_syslog = False log_opt_values /usr/lib/python3/dist-packages/oslo_config/cfg.py:2602
2026-02-09 00:41:54.431 147131 DEBUG oslo_service.service [req-9e5e1682-1108-45eb-8ee7-8297701ef38a - - - - -] vcpu_pin_set = None log_opt_values /usr/lib/python3/dist-packages/oslo_config/cfg.py:2602
2026-02-09 00:41:54.432 147131 DEBUG oslo_service.service [req-9e5e1682-1108-45eb-8ee7-8297701ef38a - - - - -] vif_plugging_is_fatal = True log_opt_values /usr/lib/python3/dist-packages/oslo_config/cfg.py:2602
2026-02-09 00:41:54.432 147131 DEBUG oslo_service.service [req-9e5e1682-1108-45eb-8ee7-8297701ef38a - - - - -] vif_plugging_timeout = 300 log_opt_values /usr/lib/python3/dist-packages/oslo_config/cfg.py:2602
2026-02-09 00:41:54.432 147131 DEBUG oslo_service.service [req-9e5e1682-1108-45eb-8ee7-8297701ef38a - - - - -] virt_mkfs = [] log_opt_values /usr/lib/python3/dist-packages/oslo_config/cfg.py:2602
2026-02-09 00:41:54.432 147131 DEBUG oslo_service.service [req-9e5e1682-1108-45eb-8ee7-8297701ef38a - - - - -] volume_usage_poll_interval = 0 log_opt_values /usr/lib/python3/dist-packages/oslo_config/cfg.py:2602
2026-02-09 00:41:54.432 147131 DEBUG oslo_service.service [req-9e5e1682-1108-45eb-8ee7-8297701ef38a - - - - -] watch_log_file = False log_opt_values /usr/lib/python3/dist-packages/oslo_config/cfg.py:2602
2026-02-09 00:41:54.432 147131 DEBUG oslo_service.service [req-9e5e1682-1108-45eb-8ee7-8297701ef38a - - - - -] web = /usr/share/spice-html5 log_opt_values /usr/lib/python3/dist-packages/oslo_config/cfg.py:2602
2026-02-09 00:41:54.433 147131 DEBUG oslo_service.service [req-9e5e1682-1108-45eb-8ee7-8297701ef38a - - - - -] oslo_concurrency.disable_process_locking = False log_opt_values /usr/lib/python3/dist-packages/oslo_config/cfg.py:2609
2026-02-09 00:41:54.433 147131 DEBUG oslo_service.service [req-9e5e1682-1108-45eb-8ee7-8297701ef38a - - - - -] oslo_concurrency.lock_path = /var/lock/nova log_opt_values /usr/lib/python3/dist-packages/oslo_config/cfg.py:2609
2026-02-09 00:41:54.433 147131 WARNING oslo_config.cfg [req-9e5e1682-1108-45eb-8ee7-8297701ef38a - - - - -] Deprecated: Option "auth_strategy" from group "api" is deprecated for removal ( The only non-default choice, ``noauth2``, is for internal development and testing purposes only and should not be used in deployments. This option and its middleware, NoAuthMiddleware[V2_18], will be removed in a future release. ). Its value may be silently ignored in the future.
2026-02-09 00:41:54.434 147131 DEBUG oslo_service.service [req-9e5e1682-1108-45eb-8ee7-8297701ef38a - - - - -] api.auth_strategy = keystone log_opt_values /usr/lib/python3/dist-packages/oslo_config/cfg.py:2609
2026-02-09 00:41:54.434 147131 DEBUG oslo_service.service [req-9e5e1682-1108-45eb-8ee7-8297701ef38a - - - - -] api.compute_link_prefix = None log_opt_values /usr/lib/python3/dist-packages/oslo_config/cfg.py:2609
2026-02-09 00:41:54.434 147131 DEBUG oslo_service.service [req-9e5e1682-1108-45eb-8ee7-8297701ef38a - - - - -] api.config_drive_skip_versions = 1.0 2007-01-19 2007-03-01 2007-08-29 2007-10-10 2007-12-15 2008-02-01 2008-09-01 log_opt_values /usr/lib/python3/dist-packages/oslo_config/cfg.py:2609
2026-02-09 00:41:54.434 147131 DEBUG oslo_service.service [req-9e5e1682-1108-45eb-8ee7-8297701ef38a - - - - -] api.dhcp_domain = novalocal log_opt_values /usr/lib/python3/dist-packages/oslo_config/cfg.py:2609
2026-02-09 00:41:54.435 147131 DEBUG oslo_service.service [req-9e5e1682-1108-45eb-8ee7-8297701ef38a - - - - -] api.enable_instance_password = True log_opt_values /usr/lib/python3/dist-packages/oslo_config/cfg.py:2609
2026-02-09 00:41:54.435 147131 DEBUG oslo_service.service [req-9e5e1682-1108-45eb-8ee7-8297701ef38a - - - - -] api.glance_link_prefix = None log_opt_values /usr/lib/python3/dist-packages/oslo_config/cfg.py:2609
2026-02-09 00:41:54.435 147131 DEBUG oslo_service.service [req-9e5e1682-1108-45eb-8ee7-8297701ef38a - - - - -] api.instance_list_cells_batch_fixed_size = 100 log_opt_values /usr/lib/python3/dist-packages/oslo_config/cfg.py:2609
2026-02-09 00:41:54.435 147131 DEBUG oslo_service.service [req-9e5e1682-1108-45eb-8ee7-8297701ef38a - - - - -] api.instance_list_cells_batch_strategy = distributed log_opt_values /usr/lib/python3/dist-packages/oslo_config/cfg.py:2609
2026-02-09 00:41:54.436 147131 DEBUG oslo_service.service [req-9e5e1682-1108-45eb-8ee7-8297701ef38a - - - - -] api.instance_list_per_project_cells = False log_opt_values /usr/lib/python3/dist-packages/oslo_config/cfg.py:2609
2026-02-09 00:41:54.436 147131 DEBUG oslo_service.service [req-9e5e1682-1108-45eb-8ee7-8297701ef38a - - - - -] api.list_records_by_skipping_down_cells = True log_opt_values /usr/lib/python3/dist-packages/oslo_config/cfg.py:2609
2026-02-09 00:41:54.436 147131 DEBUG oslo_service.service [req-9e5e1682-1108-45eb-8ee7-8297701ef38a - - - - -] api.local_metadata_per_cell = False log_opt_values /usr/lib/python3/dist-packages/oslo_config/cfg.py:2609
2026-02-09 00:41:54.436 147131 DEBUG oslo_service.service [req-9e5e1682-1108-45eb-8ee7-8297701ef38a - - - - -] api.max_limit = 1000 log_opt_values /usr/lib/python3/dist-packages/oslo_config/cfg.py:2609
2026-02-09 00:41:54.437 147131 DEBUG oslo_service.service [req-9e5e1682-1108-45eb-8ee7-8297701ef38a - - - - -] api.metadata_cache_expiration = 15 log_opt_values /usr/lib/python3/dist-packages/oslo_config/cfg.py:2609
2026-02-09 00:41:54.437 147131 DEBUG oslo_service.service [req-9e5e1682-1108-45eb-8ee7-8297701ef38a - - - - -] api.neutron_default_tenant_id = default log_opt_values /usr/lib/python3/dist-packages/oslo_config/cfg.py:2609
2026-02-09 00:41:54.437 147551 DEBUG nova.service [req-1aed9b57-d2e6-4ed3-ba02-1a1d15b83361 - - - - -] Creating RPC server for service scheduler start /usr/lib/python3/dist-packages/nova/service.py:182
2026-02-09 00:41:54.437 147131 DEBUG oslo_service.service [req-9e5e1682-1108-45eb-8ee7-8297701ef38a - - - - -] api.use_forwarded_for = False log_opt_values /usr/lib/python3/dist-packages/oslo_config/cfg.py:2609
2026-02-09 00:41:54.437 147131 DEBUG oslo_service.service [req-9e5e1682-1108-45eb-8ee7-8297701ef38a - - - - -] api.use_neutron_default_nets = False log_opt_values /usr/lib/python3/dist-packages/oslo_config/cfg.py:2609
2026-02-09 00:41:54.437 147131 DEBUG oslo_service.service [req-9e5e1682-1108-45eb-8ee7-8297701ef38a - - - - -] api.vendordata_dynamic_connect_timeout = 5 log_opt_values /usr/lib/python3/dist-packages/oslo_config/cfg.py:2609
2026-02-09 00:41:54.438 147131 DEBUG oslo_service.service [req-9e5e1682-1108-45eb-8ee7-8297701ef38a - - - - -] api.vendordata_dynamic_failure_fatal = False log_opt_values /usr/lib/python3/dist-packages/oslo_config/cfg.py:2609
2026-02-09 00:41:54.438 147131 DEBUG oslo_service.service [req-9e5e1682-1108-45eb-8ee7-8297701ef38a - - - - -] api.vendordata_dynamic_read_timeout = 5 log_opt_values /usr/lib/python3/dist-packages/oslo_config/cfg.py:2609
2026-02-09 00:41:54.438 147131 DEBUG oslo_service.service [req-9e5e1682-1108-45eb-8ee7-8297701ef38a - - - - -] api.vendordata_dynamic_ssl_certfile = log_opt_values /usr/lib/python3/dist-packages/oslo_config/cfg.py:2609
2026-02-09 00:41:54.438 147131 DEBUG oslo_service.service [req-9e5e1682-1108-45eb-8ee7-8297701ef38a - - - - -] api.vendordata_dynamic_targets = [] log_opt_values /usr/lib/python3/dist-packages/oslo_config/cfg.py:2609
2026-02-09 00:41:54.438 147131 DEBUG oslo_service.service [req-9e5e1682-1108-45eb-8ee7-8297701ef38a - - - - -] api.vendordata_jsonfile_path = None log_opt_values /usr/lib/python3/dist-packages/oslo_config/cfg.py:2609
2026-02-09 00:41:54.438 147131 DEBUG oslo_service.service [req-9e5e1682-1108-45eb-8ee7-8297701ef38a - - - - -] api.vendordata_providers = ['StaticJSON'] log_opt_values /usr/lib/python3/dist-packages/oslo_config/cfg.py:2609
2026-02-09 00:41:54.439 147131 DEBUG oslo_service.service [req-9e5e1682-1108-45eb-8ee7-8297701ef38a - - - - -] cache.backend = dogpile.cache.null log_opt_values /usr/lib/python3/dist-packages/oslo_config/cfg.py:2609
2026-02-09 00:41:54.439 147131 DEBUG oslo_service.service [req-9e5e1682-1108-45eb-8ee7-8297701ef38a - - - - -] cache.backend_argument = **** log_opt_values /usr/lib/python3/dist-packages/oslo_config/cfg.py:2609
2026-02-09 00:41:54.439 147131 DEBUG oslo_service.service [req-9e5e1682-1108-45eb-8ee7-8297701ef38a - - - - -] cache.config_prefix = cache.oslo log_opt_values /usr/lib/python3/dist-packages/oslo_config/cfg.py:2609
2026-02-09 00:41:54.439 147550 DEBUG nova.service [req-19e71cfc-3ee2-422a-ae94-8f1900838ccb - - - - -] Creating RPC server for service scheduler start /usr/lib/python3/dist-packages/nova/service.py:182
2026-02-09 00:41:54.439 147131 DEBUG oslo_service.service [req-9e5e1682-1108-45eb-8ee7-8297701ef38a - - - - -] cache.debug_cache_backend = False log_opt_values /usr/lib/python3/dist-packages/oslo_config/cfg.py:2609
2026-02-09 00:41:54.440 147131 DEBUG oslo_service.service [req-9e5e1682-1108-45eb-8ee7-8297701ef38a - - - - -] cache.enabled = False log_opt_values /usr/lib/python3/dist-packages/oslo_config/cfg.py:2609
2026-02-09 00:41:54.440 147131 DEBUG oslo_service.service [req-9e5e1682-1108-45eb-8ee7-8297701ef38a - - - - -] cache.expiration_time = 600 log_opt_values /usr/lib/python3/dist-packages/oslo_config/cfg.py:2609
2026-02-09 00:41:54.440 147131 DEBUG oslo_service.service [req-9e5e1682-1108-45eb-8ee7-8297701ef38a - - - - -] cache.memcache_dead_retry = 300 log_opt_values /usr/lib/python3/dist-packages/oslo_config/cfg.py:2609
2026-02-09 00:41:54.440 147131 DEBUG oslo_service.service [req-9e5e1682-1108-45eb-8ee7-8297701ef38a - - - - -] cache.memcache_pool_connection_get_timeout = 10 log_opt_values /usr/lib/python3/dist-packages/oslo_config/cfg.py:2609
2026-02-09 00:41:54.440 147131 DEBUG oslo_service.service [req-9e5e1682-1108-45eb-8ee7-8297701ef38a - - - - -] cache.memcache_pool_flush_on_reconnect = False log_opt_values /usr/lib/python3/dist-packages/oslo_config/cfg.py:2609
2026-02-09 00:41:54.441 147131 DEBUG oslo_service.service [req-9e5e1682-1108-45eb-8ee7-8297701ef38a - - - - -] cache.memcache_pool_maxsize = 10 log_opt_values /usr/lib/python3/dist-packages/oslo_config/cfg.py:2609
2026-02-09 00:41:54.441 147131 DEBUG oslo_service.service [req-9e5e1682-1108-45eb-8ee7-8297701ef38a - - - - -] cache.memcache_pool_unused_timeout = 60 log_opt_values /usr/lib/python3/dist-packages/oslo_config/cfg.py:2609
2026-02-09 00:41:54.441 147131 DEBUG oslo_service.service [req-9e5e1682-1108-45eb-8ee7-8297701ef38a - - - - -] cache.memcache_servers = ['localhost:11211'] log_opt_values /usr/lib/python3/dist-packages/oslo_config/cfg.py:2609
2026-02-09 00:41:54.441 147131 DEBUG oslo_service.service [req-9e5e1682-1108-45eb-8ee7-8297701ef38a - - - - -] cache.memcache_socket_timeout = 1.0 log_opt_values /usr/lib/python3/dist-packages/oslo_config/cfg.py:2609
2026-02-09 00:41:54.441 147131 DEBUG oslo_service.service [req-9e5e1682-1108-45eb-8ee7-8297701ef38a - - - - -] cache.proxies = [] log_opt_values /usr/lib/python3/dist-packages/oslo_config/cfg.py:2609
2026-02-09 00:41:54.441 147131 DEBUG oslo_service.service [req-9e5e1682-1108-45eb-8ee7-8297701ef38a - - - - -] cache.tls_allowed_ciphers = None log_opt_values /usr/lib/python3/dist-packages/oslo_config/cfg.py:2609
2026-02-09 00:41:54.442 147131 DEBUG oslo_service.service [req-9e5e1682-1108-45eb-8ee7-8297701ef38a - - - - -] cache.tls_cafile = None log_opt_values /usr/lib/python3/dist-packages/oslo_config/cfg.py:2609
2026-02-09 00:41:54.444 147131 DEBUG oslo_service.service [req-9e5e1682-1108-45eb-8ee7-8297701ef38a - - - - -] cache.tls_certfile = None log_opt_values /usr/lib/python3/dist-packages/oslo_config/cfg.py:2609
2026-02-09 00:41:54.444 147131 DEBUG oslo_service.service [req-9e5e1682-1108-45eb-8ee7-8297701ef38a - - - - -] cache.tls_enabled = False log_opt_values /usr/lib/python3/dist-packages/oslo_config/cfg.py:2609
2026-02-09 00:41:54.445 147131 DEBUG oslo_service.service [req-9e5e1682-1108-45eb-8ee7-8297701ef38a - - - - -] cache.tls_keyfile = None log_opt_values /usr/lib/python3/dist-packages/oslo_config/cfg.py:2609
2026-02-09 00:41:54.445 147131 DEBUG oslo_service.service [req-9e5e1682-1108-45eb-8ee7-8297701ef38a - - - - -] cinder.auth_section = None log_opt_values /usr/lib/python3/dist-packages/oslo_config/cfg.py:2609
2026-02-09 00:41:54.445 147131 DEBUG oslo_service.service [req-9e5e1682-1108-45eb-8ee7-8297701ef38a - - - - -] cinder.auth_type = None log_opt_values /usr/lib/python3/dist-packages/oslo_config/cfg.py:2609
2026-02-09 00:41:54.445 147548 DEBUG oslo_messaging._drivers.amqpdriver [-] Listener is running poll /usr/lib/python3/dist-packages/oslo_messaging/_drivers/amqpdriver.py:343
2026-02-09 00:41:54.445 147548 DEBUG oslo_messaging._drivers.amqpdriver [-] AMQPListener connection consume poll /usr/lib/python3/dist-packages/oslo_messaging/_drivers/amqpdriver.py:357
2026-02-09 00:41:54.445 147131 DEBUG oslo_service.service [req-9e5e1682-1108-45eb-8ee7-8297701ef38a - - - - -] cinder.cafile = None log_opt_values /usr/lib/python3/dist-packages/oslo_config/cfg.py:2609
2026-02-09 00:41:54.446 147131 DEBUG oslo_service.service [req-9e5e1682-1108-45eb-8ee7-8297701ef38a - - - - -] cinder.catalog_info = volumev3::publicURL log_opt_values /usr/lib/python3/dist-packages/oslo_config/cfg.py:2609
2026-02-09 00:41:54.446 147131 DEBUG oslo_service.service [req-9e5e1682-1108-45eb-8ee7-8297701ef38a - - - - -] cinder.certfile = None log_opt_values /usr/lib/python3/dist-packages/oslo_config/cfg.py:2609
2026-02-09 00:41:54.446 147131 DEBUG oslo_service.service [req-9e5e1682-1108-45eb-8ee7-8297701ef38a - - - - -] cinder.collect_timing = False log_opt_values /usr/lib/python3/dist-packages/oslo_config/cfg.py:2609
2026-02-09 00:41:54.446 147131 DEBUG oslo_service.service [req-9e5e1682-1108-45eb-8ee7-8297701ef38a - - - - -] cinder.cross_az_attach = True log_opt_values /usr/lib/python3/dist-packages/oslo_config/cfg.py:2609
2026-02-09 00:41:54.447 147131 DEBUG oslo_service.service [req-9e5e1682-1108-45eb-8ee7-8297701ef38a - - - - -] cinder.debug = False log_opt_values /usr/lib/python3/dist-packages/oslo_config/cfg.py:2609
2026-02-09 00:41:54.447 147131 DEBUG oslo_service.service [req-9e5e1682-1108-45eb-8ee7-8297701ef38a - - - - -] cinder.endpoint_template = None log_opt_values /usr/lib/python3/dist-packages/oslo_config/cfg.py:2609
2026-02-09 00:41:54.448 147131 DEBUG oslo_service.service [req-9e5e1682-1108-45eb-8ee7-8297701ef38a - - - - -] cinder.http_retries = 3 log_opt_values /usr/lib/python3/dist-packages/oslo_config/cfg.py:2609
2026-02-09 00:41:54.448 147131 DEBUG oslo_service.service [req-9e5e1682-1108-45eb-8ee7-8297701ef38a - - - - -] cinder.insecure = False log_opt_values /usr/lib/python3/dist-packages/oslo_config/cfg.py:2609
2026-02-09 00:41:54.448 147131 DEBUG oslo_service.service [req-9e5e1682-1108-45eb-8ee7-8297701ef38a - - - - -] cinder.keyfile = None log_opt_values /usr/lib/python3/dist-packages/oslo_config/cfg.py:2609
2026-02-09 00:41:54.448 147548 DEBUG nova.service [req-c927daad-1d02-4e21-bace-5f5ad21fcd8e - - - - -] Join ServiceGroup membership for this service scheduler start /usr/lib/python3/dist-packages/nova/service.py:199
2026-02-09 00:41:54.448 147131 DEBUG oslo_service.service [req-9e5e1682-1108-45eb-8ee7-8297701ef38a - - - - -] cinder.os_region_name = None log_opt_values /usr/lib/python3/dist-packages/oslo_config/cfg.py:2609
2026-02-09 00:41:54.449 147131 DEBUG oslo_service.service [req-9e5e1682-1108-45eb-8ee7-8297701ef38a - - - - -] cinder.split_loggers = False log_opt_values /usr/lib/python3/dist-packages/oslo_config/cfg.py:2609
2026-02-09 00:41:54.449 147548 DEBUG nova.servicegroup.drivers.db [req-c927daad-1d02-4e21-bace-5f5ad21fcd8e - - - - -] DB_Driver: join new ServiceGroup member juju-8acb4c-0-lxd-7 to the scheduler group, service = join /usr/lib/python3/dist-packages/nova/servicegroup/drivers/db.py:44
2026-02-09 00:41:54.449 147131 DEBUG oslo_service.service [req-9e5e1682-1108-45eb-8ee7-8297701ef38a - - - - -] cinder.timeout = None log_opt_values /usr/lib/python3/dist-packages/oslo_config/cfg.py:2609
2026-02-09 00:41:54.449 147549 DEBUG oslo_messaging._drivers.amqpdriver [-] Listener is running poll /usr/lib/python3/dist-packages/oslo_messaging/_drivers/amqpdriver.py:343
2026-02-09 00:41:54.449 147131 DEBUG oslo_service.service [req-9e5e1682-1108-45eb-8ee7-8297701ef38a - - - - -] compute.consecutive_build_service_disable_threshold = 10 log_opt_values /usr/lib/python3/dist-packages/oslo_config/cfg.py:2609
2026-02-09 00:41:54.449 147549 DEBUG oslo_messaging._drivers.amqpdriver [-] AMQPListener connection consume poll /usr/lib/python3/dist-packages/oslo_messaging/_drivers/amqpdriver.py:357
2026-02-09 00:41:54.449 147548 DEBUG oslo_messaging._drivers.amqpdriver [-] AMQPListener connection timeout poll /usr/lib/python3/dist-packages/oslo_messaging/_drivers/amqpdriver.py:360
2026-02-09 00:41:54.449 147131 DEBUG oslo_service.service [req-9e5e1682-1108-45eb-8ee7-8297701ef38a - - - - -] compute.cpu_dedicated_set = None log_opt_values /usr/lib/python3/dist-packages/oslo_config/cfg.py:2609
2026-02-09 00:41:54.449 147548 DEBUG oslo_messaging._drivers.amqpdriver [-] Listener is running poll /usr/lib/python3/dist-packages/oslo_messaging/_drivers/amqpdriver.py:343
2026-02-09 00:41:54.450 147548 DEBUG oslo_messaging._drivers.amqpdriver [-] AMQPListener connection consume poll /usr/lib/python3/dist-packages/oslo_messaging/_drivers/amqpdriver.py:357
2026-02-09 00:41:54.450 147131 DEBUG oslo_service.service [req-9e5e1682-1108-45eb-8ee7-8297701ef38a - - - - -] compute.cpu_shared_set = None log_opt_values /usr/lib/python3/dist-packages/oslo_config/cfg.py:2609
2026-02-09 00:41:54.450 147131 DEBUG oslo_service.service [req-9e5e1682-1108-45eb-8ee7-8297701ef38a - - - - -] compute.image_type_exclude_list = [] log_opt_values /usr/lib/python3/dist-packages/oslo_config/cfg.py:2609
2026-02-09 00:41:54.450 147549 DEBUG nova.service [req-10e51e7a-5290-4d40-bb69-383abeda97c2 - - - - -] Join ServiceGroup membership for this service scheduler start /usr/lib/python3/dist-packages/nova/service.py:199
2026-02-09 00:41:54.450 147549 DEBUG nova.servicegroup.drivers.db [req-10e51e7a-5290-4d40-bb69-383abeda97c2 - - - - -] DB_Driver: join new ServiceGroup member juju-8acb4c-0-lxd-7 to the scheduler group, service = join /usr/lib/python3/dist-packages/nova/servicegroup/drivers/db.py:44
2026-02-09 00:41:54.450 147131 DEBUG oslo_service.service [req-9e5e1682-1108-45eb-8ee7-8297701ef38a - - - - -] compute.live_migration_wait_for_vif_plug = True log_opt_values /usr/lib/python3/dist-packages/oslo_config/cfg.py:2609
2026-02-09 00:41:54.451 147131 DEBUG oslo_service.service [req-9e5e1682-1108-45eb-8ee7-8297701ef38a - - - - -] compute.max_concurrent_disk_ops = 0 log_opt_values /usr/lib/python3/dist-packages/oslo_config/cfg.py:2609
2026-02-09 00:41:54.451 147131 DEBUG oslo_service.service [req-9e5e1682-1108-45eb-8ee7-8297701ef38a - - - - -] compute.max_disk_devices_to_attach = -1 log_opt_values /usr/lib/python3/dist-packages/oslo_config/cfg.py:2609
2026-02-09 00:41:54.453 147549 DEBUG oslo_messaging._drivers.amqpdriver [-] AMQPListener connection timeout poll /usr/lib/python3/dist-packages/oslo_messaging/_drivers/amqpdriver.py:360
2026-02-09 00:41:54.452 147131 DEBUG oslo_service.service [req-9e5e1682-1108-45eb-8ee7-8297701ef38a - - - - -] compute.packing_host_numa_cells_allocation_strategy = True log_opt_values /usr/lib/python3/dist-packages/oslo_config/cfg.py:2609
2026-02-09 00:41:54.453 147549 DEBUG oslo_messaging._drivers.amqpdriver [-] Listener is running poll /usr/lib/python3/dist-packages/oslo_messaging/_drivers/amqpdriver.py:343
2026-02-09 00:41:54.453 147549 DEBUG oslo_messaging._drivers.amqpdriver [-] AMQPListener connection consume poll /usr/lib/python3/dist-packages/oslo_messaging/_drivers/amqpdriver.py:357
2026-02-09 00:41:54.453 147131 DEBUG oslo_service.service [req-9e5e1682-1108-45eb-8ee7-8297701ef38a - - - - -] compute.provider_config_location = /etc/nova/provider_config/ log_opt_values /usr/lib/python3/dist-packages/oslo_config/cfg.py:2609
2026-02-09 00:41:54.453 147131 DEBUG oslo_service.service [req-9e5e1682-1108-45eb-8ee7-8297701ef38a - - - - -] compute.resource_provider_association_refresh = 300 log_opt_values /usr/lib/python3/dist-packages/oslo_config/cfg.py:2609
2026-02-09 00:41:54.453 147131 DEBUG oslo_service.service [req-9e5e1682-1108-45eb-8ee7-8297701ef38a - - - - -] compute.shutdown_retry_interval = 10 log_opt_values /usr/lib/python3/dist-packages/oslo_config/cfg.py:2609
2026-02-09 00:41:54.454 147131 DEBUG oslo_service.service [req-9e5e1682-1108-45eb-8ee7-8297701ef38a - - - - -] compute.vmdk_allowed_types = ['streamOptimized', 'monolithicSparse'] log_opt_values /usr/lib/python3/dist-packages/oslo_config/cfg.py:2609
2026-02-09 00:41:54.454 147131 DEBUG oslo_service.service [req-9e5e1682-1108-45eb-8ee7-8297701ef38a - - - - -] conductor.workers = 4 log_opt_values /usr/lib/python3/dist-packages/oslo_config/cfg.py:2609
2026-02-09 00:41:54.454 147131 DEBUG oslo_service.service [req-9e5e1682-1108-45eb-8ee7-8297701ef38a - - - - -] console.allowed_origins = [] log_opt_values /usr/lib/python3/dist-packages/oslo_config/cfg.py:2609
2026-02-09 00:41:54.455 147131 DEBUG oslo_service.service [req-9e5e1682-1108-45eb-8ee7-8297701ef38a - - - - -] console.ssl_ciphers = None log_opt_values /usr/lib/python3/dist-packages/oslo_config/cfg.py:2609
2026-02-09 00:41:54.455 147131 DEBUG oslo_service.service [req-9e5e1682-1108-45eb-8ee7-8297701ef38a - - - - -] console.ssl_minimum_version = default log_opt_values /usr/lib/python3/dist-packages/oslo_config/cfg.py:2609
2026-02-09 00:41:54.455 147131 DEBUG oslo_service.service [req-9e5e1682-1108-45eb-8ee7-8297701ef38a - - - - -] consoleauth.token_ttl = 600 log_opt_values /usr/lib/python3/dist-packages/oslo_config/cfg.py:2609
2026-02-09 00:41:54.456 147131 DEBUG oslo_service.service [req-9e5e1682-1108-45eb-8ee7-8297701ef38a - - - - -] cyborg.cafile = None log_opt_values /usr/lib/python3/dist-packages/oslo_config/cfg.py:2609
2026-02-09 00:41:54.456 147131 DEBUG oslo_service.service [req-9e5e1682-1108-45eb-8ee7-8297701ef38a - - - - -] cyborg.certfile = None log_opt_values /usr/lib/python3/dist-packages/oslo_config/cfg.py:2609
2026-02-09 00:41:54.456 147131 DEBUG oslo_service.service [req-9e5e1682-1108-45eb-8ee7-8297701ef38a - - - - -] cyborg.collect_timing = False log_opt_values /usr/lib/python3/dist-packages/oslo_config/cfg.py:2609
2026-02-09 00:41:54.457 147131 DEBUG oslo_service.service [req-9e5e1682-1108-45eb-8ee7-8297701ef38a - - - - -] cyborg.connect_retries = None log_opt_values /usr/lib/python3/dist-packages/oslo_config/cfg.py:2609
2026-02-09 00:41:54.457 147131 DEBUG oslo_service.service [req-9e5e1682-1108-45eb-8ee7-8297701ef38a - - - - -] cyborg.connect_retry_delay = None log_opt_values /usr/lib/python3/dist-packages/oslo_config/cfg.py:2609
2026-02-09 00:41:54.458 147131 DEBUG oslo_service.service [req-9e5e1682-1108-45eb-8ee7-8297701ef38a - - - - -] cyborg.endpoint_override = None log_opt_values /usr/lib/python3/dist-packages/oslo_config/cfg.py:2609
2026-02-09 00:41:54.460 147131 DEBUG oslo_service.service [req-9e5e1682-1108-45eb-8ee7-8297701ef38a - - - - -] cyborg.insecure = False log_opt_values /usr/lib/python3/dist-packages/oslo_config/cfg.py:2609
2026-02-09 00:41:54.460 147131 DEBUG oslo_service.service [req-9e5e1682-1108-45eb-8ee7-8297701ef38a - - - - -] cyborg.keyfile = None log_opt_values /usr/lib/python3/dist-packages/oslo_config/cfg.py:2609
2026-02-09 00:41:54.461 147551 DEBUG oslo_messaging._drivers.amqpdriver [-] Listener is running poll /usr/lib/python3/dist-packages/oslo_messaging/_drivers/amqpdriver.py:343
2026-02-09 00:41:54.461 147551 DEBUG oslo_messaging._drivers.amqpdriver [-] AMQPListener connection consume poll /usr/lib/python3/dist-packages/oslo_messaging/_drivers/amqpdriver.py:357
2026-02-09 00:41:54.461 147131 DEBUG oslo_service.service [req-9e5e1682-1108-45eb-8ee7-8297701ef38a - - - - -] cyborg.max_version = None log_opt_values /usr/lib/python3/dist-packages/oslo_config/cfg.py:2609
2026-02-09 00:41:54.461 147551 DEBUG nova.service [req-1aed9b57-d2e6-4ed3-ba02-1a1d15b83361 - - - - -] Join ServiceGroup membership for this service scheduler start /usr/lib/python3/dist-packages/nova/service.py:199
2026-02-09 00:41:54.461 147131 DEBUG oslo_service.service [req-9e5e1682-1108-45eb-8ee7-8297701ef38a - - - - -] cyborg.min_version = None log_opt_values /usr/lib/python3/dist-packages/oslo_config/cfg.py:2609
2026-02-09 00:41:54.462 147131 DEBUG oslo_service.service [req-9e5e1682-1108-45eb-8ee7-8297701ef38a - - - - -] cyborg.region_name = None log_opt_values /usr/lib/python3/dist-packages/oslo_config/cfg.py:2609
2026-02-09 00:41:54.462 147551 DEBUG nova.servicegroup.drivers.db [req-1aed9b57-d2e6-4ed3-ba02-1a1d15b83361 - - - - -] DB_Driver: join new ServiceGroup member juju-8acb4c-0-lxd-7 to the scheduler group, service = join /usr/lib/python3/dist-packages/nova/servicegroup/drivers/db.py:44
2026-02-09 00:41:54.462 147131 DEBUG oslo_service.service [req-9e5e1682-1108-45eb-8ee7-8297701ef38a - - - - -] cyborg.service_name = None log_opt_values /usr/lib/python3/dist-packages/oslo_config/cfg.py:2609
2026-02-09 00:41:54.462 147550 DEBUG oslo_messaging._drivers.amqpdriver [-] Listener is running poll /usr/lib/python3/dist-packages/oslo_messaging/_drivers/amqpdriver.py:343
2026-02-09 00:41:54.462 147550 DEBUG oslo_messaging._drivers.amqpdriver [-] AMQPListener connection consume poll /usr/lib/python3/dist-packages/oslo_messaging/_drivers/amqpdriver.py:357
2026-02-09 00:41:54.462 147131 DEBUG oslo_service.service [req-9e5e1682-1108-45eb-8ee7-8297701ef38a - - - - -] cyborg.service_type = accelerator log_opt_values /usr/lib/python3/dist-packages/oslo_config/cfg.py:2609
2026-02-09 00:41:54.462 147131 DEBUG oslo_service.service [req-9e5e1682-1108-45eb-8ee7-8297701ef38a - - - - -] cyborg.split_loggers = False log_opt_values /usr/lib/python3/dist-packages/oslo_config/cfg.py:2609
2026-02-09 00:41:54.463 147550 DEBUG nova.service [req-19e71cfc-3ee2-422a-ae94-8f1900838ccb - - - - -] Join ServiceGroup membership for this service scheduler start /usr/lib/python3/dist-packages/nova/service.py:199
2026-02-09 00:41:54.463 147131 DEBUG oslo_service.service [req-9e5e1682-1108-45eb-8ee7-8297701ef38a - - - - -] cyborg.status_code_retries = None log_opt_values /usr/lib/python3/dist-packages/oslo_config/cfg.py:2609
2026-02-09 00:41:54.463 147550 DEBUG nova.servicegroup.drivers.db [req-19e71cfc-3ee2-422a-ae94-8f1900838ccb - - - - -] DB_Driver: join new ServiceGroup member juju-8acb4c-0-lxd-7 to the scheduler group, service = join /usr/lib/python3/dist-packages/nova/servicegroup/drivers/db.py:44
2026-02-09 00:41:54.463 147131 DEBUG oslo_service.service [req-9e5e1682-1108-45eb-8ee7-8297701ef38a - - - - -] cyborg.status_code_retry_delay = None log_opt_values /usr/lib/python3/dist-packages/oslo_config/cfg.py:2609
2026-02-09 00:41:54.463 147131 DEBUG oslo_service.service [req-9e5e1682-1108-45eb-8ee7-8297701ef38a - - - - -] cyborg.timeout = None log_opt_values /usr/lib/python3/dist-packages/oslo_config/cfg.py:2609
2026-02-09 00:41:54.464 147131 DEBUG oslo_service.service [req-9e5e1682-1108-45eb-8ee7-8297701ef38a - - - - -] cyborg.valid_interfaces = ['internal', 'public'] log_opt_values /usr/lib/python3/dist-packages/oslo_config/cfg.py:2609
2026-02-09 00:41:54.464 147131 DEBUG oslo_service.service [req-9e5e1682-1108-45eb-8ee7-8297701ef38a - - - - -] cyborg.version = None log_opt_values /usr/lib/python3/dist-packages/oslo_config/cfg.py:2609
2026-02-09 00:41:54.464 147551 DEBUG oslo_messaging._drivers.amqpdriver [-] AMQPListener connection timeout poll /usr/lib/python3/dist-packages/oslo_messaging/_drivers/amqpdriver.py:360
2026-02-09 00:41:54.464 147131 DEBUG oslo_service.service [req-9e5e1682-1108-45eb-8ee7-8297701ef38a - - - - -] database.backend = sqlalchemy log_opt_values /usr/lib/python3/dist-packages/oslo_config/cfg.py:2609
2026-02-09 00:41:54.464 147551 DEBUG oslo_messaging._drivers.amqpdriver [-] Listener is running poll /usr/lib/python3/dist-packages/oslo_messaging/_drivers/amqpdriver.py:343
2026-02-09 00:41:54.465 147551 DEBUG oslo_messaging._drivers.amqpdriver [-] AMQPListener connection consume poll /usr/lib/python3/dist-packages/oslo_messaging/_drivers/amqpdriver.py:357
2026-02-09 00:41:54.465 147131 DEBUG oslo_service.service [req-9e5e1682-1108-45eb-8ee7-8297701ef38a - - - - -] database.connection = **** log_opt_values /usr/lib/python3/dist-packages/oslo_config/cfg.py:2609
2026-02-09 00:41:54.465 147131 DEBUG oslo_service.service [req-9e5e1682-1108-45eb-8ee7-8297701ef38a - - - - -] database.connection_debug = 0 log_opt_values /usr/lib/python3/dist-packages/oslo_config/cfg.py:2609
2026-02-09 00:41:54.465 147131 DEBUG oslo_service.service [req-9e5e1682-1108-45eb-8ee7-8297701ef38a - - - - -] database.connection_parameters = log_opt_values /usr/lib/python3/dist-packages/oslo_config/cfg.py:2609
2026-02-09 00:41:54.465 147131 DEBUG oslo_service.service [req-9e5e1682-1108-45eb-8ee7-8297701ef38a - - - - -] database.connection_recycle_time = 3600 log_opt_values /usr/lib/python3/dist-packages/oslo_config/cfg.py:2609
2026-02-09 00:41:54.465 147550 DEBUG oslo_messaging._drivers.amqpdriver [-] AMQPListener connection timeout poll /usr/lib/python3/dist-packages/oslo_messaging/_drivers/amqpdriver.py:360
2026-02-09 00:41:54.465 147550 DEBUG oslo_messaging._drivers.amqpdriver [-] Listener is running poll /usr/lib/python3/dist-packages/oslo_messaging/_drivers/amqpdriver.py:343
2026-02-09 00:41:54.465 147550 DEBUG oslo_messaging._drivers.amqpdriver [-] AMQPListener connection consume poll /usr/lib/python3/dist-packages/oslo_messaging/_drivers/amqpdriver.py:357
2026-02-09 00:41:54.465 147131 DEBUG oslo_service.service [req-9e5e1682-1108-45eb-8ee7-8297701ef38a - - - - -] database.connection_trace = False log_opt_values /usr/lib/python3/dist-packages/oslo_config/cfg.py:2609
