2026-02-09 00:40:02.309 128006 DEBUG oslo_messaging._drivers.amqpdriver [-] AMQPListener connection consume poll /usr/lib/python3/dist-packages/oslo_messaging/_drivers/amqpdriver.py:357
2026-02-09 00:40:02.309 128003 DEBUG oslo_messaging._drivers.amqpdriver [-] AMQPListener connection consume poll /usr/lib/python3/dist-packages/oslo_messaging/_drivers/amqpdriver.py:357
2026-02-09 00:40:06.309 128008 DEBUG oslo_messaging._drivers.amqpdriver [-] AMQPListener connection timeout poll /usr/lib/python3/dist-packages/oslo_messaging/_drivers/amqpdriver.py:360
2026-02-09 00:40:06.309 128004 DEBUG oslo_messaging._drivers.amqpdriver [-] AMQPListener connection timeout poll /usr/lib/python3/dist-packages/oslo_messaging/_drivers/amqpdriver.py:360
2026-02-09 00:40:06.310 128008 DEBUG oslo_messaging._drivers.amqpdriver [-] Listener is running poll /usr/lib/python3/dist-packages/oslo_messaging/_drivers/amqpdriver.py:343
2026-02-09 00:40:06.310 128004 DEBUG oslo_messaging._drivers.amqpdriver [-] Listener is running poll /usr/lib/python3/dist-packages/oslo_messaging/_drivers/amqpdriver.py:343
2026-02-09 00:40:06.310 128008 DEBUG oslo_messaging._drivers.amqpdriver [-] AMQPListener connection consume poll /usr/lib/python3/dist-packages/oslo_messaging/_drivers/amqpdriver.py:357
2026-02-09 00:40:06.310 128004 DEBUG oslo_messaging._drivers.amqpdriver [-] AMQPListener connection consume poll /usr/lib/python3/dist-packages/oslo_messaging/_drivers/amqpdriver.py:357
2026-02-09 00:40:06.310 128003 DEBUG oslo_messaging._drivers.amqpdriver [-] AMQPListener connection timeout poll /usr/lib/python3/dist-packages/oslo_messaging/_drivers/amqpdriver.py:360
2026-02-09 00:40:06.311 128003 DEBUG oslo_messaging._drivers.amqpdriver [-] Listener is running poll /usr/lib/python3/dist-packages/oslo_messaging/_drivers/amqpdriver.py:343
2026-02-09 00:40:06.311 128003 DEBUG oslo_messaging._drivers.amqpdriver [-] AMQPListener connection consume poll /usr/lib/python3/dist-packages/oslo_messaging/_drivers/amqpdriver.py:357
2026-02-09 00:40:06.311 128006 DEBUG oslo_messaging._drivers.amqpdriver [-] AMQPListener connection timeout poll /usr/lib/python3/dist-packages/oslo_messaging/_drivers/amqpdriver.py:360
2026-02-09 00:40:06.311 128006 DEBUG oslo_messaging._drivers.amqpdriver [-] Listener is running poll /usr/lib/python3/dist-packages/oslo_messaging/_drivers/amqpdriver.py:343
2026-02-09 00:40:06.311 128006 DEBUG oslo_messaging._drivers.amqpdriver [-] AMQPListener connection consume poll /usr/lib/python3/dist-packages/oslo_messaging/_drivers/amqpdriver.py:357
2026-02-09 00:40:11.303 128004 DEBUG oslo_service.periodic_task [req-887d12c0-1dcc-459f-9ca3-9d2d0d581b08 - - - - -] Running periodic task SchedulerManager._discover_hosts_in_cells run_periodic_tasks /usr/lib/python3/dist-packages/oslo_service/periodic_task.py:210
2026-02-09 00:40:11.305 128004 DEBUG oslo_db.sqlalchemy.engines [req-887d12c0-1dcc-459f-9ca3-9d2d0d581b08 - - - - -] Parent process 126589 forked (128004) with an open database connection, which is being discarded and recreated. checkout /usr/lib/python3/dist-packages/oslo_db/sqlalchemy/engines.py:413
2026-02-09 00:40:11.313 128004 DEBUG oslo_concurrency.lockutils [req-887d12c0-1dcc-459f-9ca3-9d2d0d581b08 - - - - -] Lock "ca33e3f5-bacd-41c9-bd5b-53703c3d802a" acquired by "nova.context.set_target_cell..get_or_set_cached_cell_and_set_connections" :: waited 0.000s inner /usr/lib/python3/dist-packages/oslo_concurrency/lockutils.py:386
2026-02-09 00:40:11.315 128004 DEBUG oslo_concurrency.lockutils [req-887d12c0-1dcc-459f-9ca3-9d2d0d581b08 - - - - -] Lock "ca33e3f5-bacd-41c9-bd5b-53703c3d802a" "released" by "nova.context.set_target_cell..get_or_set_cached_cell_and_set_connections" :: held 0.002s inner /usr/lib/python3/dist-packages/oslo_concurrency/lockutils.py:400
2026-02-09 00:40:11.321 128004 DEBUG oslo_db.sqlalchemy.engines [req-887d12c0-1dcc-459f-9ca3-9d2d0d581b08 - - - - -] MySQL server mode set to STRICT_TRANS_TABLES,STRICT_ALL_TABLES,NO_ZERO_IN_DATE,NO_ZERO_DATE,ERROR_FOR_DIVISION_BY_ZERO,TRADITIONAL,NO_ENGINE_SUBSTITUTION _check_effective_sql_mode /usr/lib/python3/dist-packages/oslo_db/sqlalchemy/engines.py:314
2026-02-09 00:40:14.311 128004 DEBUG oslo_messaging._drivers.amqpdriver [-] AMQPListener connection timeout poll /usr/lib/python3/dist-packages/oslo_messaging/_drivers/amqpdriver.py:360
2026-02-09 00:40:14.311 128008 DEBUG oslo_messaging._drivers.amqpdriver [-] AMQPListener connection timeout poll /usr/lib/python3/dist-packages/oslo_messaging/_drivers/amqpdriver.py:360
2026-02-09 00:40:14.311 128004 DEBUG oslo_messaging._drivers.amqpdriver [-] Listener is running poll /usr/lib/python3/dist-packages/oslo_messaging/_drivers/amqpdriver.py:343
2026-02-09 00:40:14.311 128008 DEBUG oslo_messaging._drivers.amqpdriver [-] Listener is running poll /usr/lib/python3/dist-packages/oslo_messaging/_drivers/amqpdriver.py:343
2026-02-09 00:40:14.311 128004 DEBUG oslo_messaging._drivers.amqpdriver [-] AMQPListener connection consume poll /usr/lib/python3/dist-packages/oslo_messaging/_drivers/amqpdriver.py:357
2026-02-09 00:40:14.311 128008 DEBUG oslo_messaging._drivers.amqpdriver [-] AMQPListener connection consume poll /usr/lib/python3/dist-packages/oslo_messaging/_drivers/amqpdriver.py:357
2026-02-09 00:40:14.312 128006 DEBUG oslo_messaging._drivers.amqpdriver [-] AMQPListener connection timeout poll /usr/lib/python3/dist-packages/oslo_messaging/_drivers/amqpdriver.py:360
2026-02-09 00:40:14.312 128006 DEBUG oslo_messaging._drivers.amqpdriver [-] Listener is running poll /usr/lib/python3/dist-packages/oslo_messaging/_drivers/amqpdriver.py:343
2026-02-09 00:40:14.312 128003 DEBUG oslo_messaging._drivers.amqpdriver [-] AMQPListener connection timeout poll /usr/lib/python3/dist-packages/oslo_messaging/_drivers/amqpdriver.py:360
2026-02-09 00:40:14.312 128003 DEBUG oslo_messaging._drivers.amqpdriver [-] Listener is running poll /usr/lib/python3/dist-packages/oslo_messaging/_drivers/amqpdriver.py:343
2026-02-09 00:40:14.312 128006 DEBUG oslo_messaging._drivers.amqpdriver [-] AMQPListener connection consume poll /usr/lib/python3/dist-packages/oslo_messaging/_drivers/amqpdriver.py:357
2026-02-09 00:40:14.313 128003 DEBUG oslo_messaging._drivers.amqpdriver [-] AMQPListener connection consume poll /usr/lib/python3/dist-packages/oslo_messaging/_drivers/amqpdriver.py:357
2026-02-09 00:40:22.309 128003 DEBUG oslo_service.periodic_task [req-c47a00b6-3c04-4e54-9aa5-64b29750d37e - - - - -] Running periodic task SchedulerManager._discover_hosts_in_cells run_periodic_tasks /usr/lib/python3/dist-packages/oslo_service/periodic_task.py:210
2026-02-09 00:40:22.310 128003 DEBUG oslo_db.sqlalchemy.engines [req-c47a00b6-3c04-4e54-9aa5-64b29750d37e - - - - -] Parent process 126589 forked (128003) with an open database connection, which is being discarded and recreated. checkout /usr/lib/python3/dist-packages/oslo_db/sqlalchemy/engines.py:413
2026-02-09 00:40:22.317 128003 DEBUG oslo_concurrency.lockutils [req-c47a00b6-3c04-4e54-9aa5-64b29750d37e - - - - -] Lock "ca33e3f5-bacd-41c9-bd5b-53703c3d802a" acquired by "nova.context.set_target_cell..get_or_set_cached_cell_and_set_connections" :: waited 0.000s inner /usr/lib/python3/dist-packages/oslo_concurrency/lockutils.py:386
2026-02-09 00:40:22.319 128003 DEBUG oslo_concurrency.lockutils [req-c47a00b6-3c04-4e54-9aa5-64b29750d37e - - - - -] Lock "ca33e3f5-bacd-41c9-bd5b-53703c3d802a" "released" by "nova.context.set_target_cell..get_or_set_cached_cell_and_set_connections" :: held 0.002s inner /usr/lib/python3/dist-packages/oslo_concurrency/lockutils.py:400
2026-02-09 00:40:22.325 128003 DEBUG oslo_db.sqlalchemy.engines [req-c47a00b6-3c04-4e54-9aa5-64b29750d37e - - - - -] MySQL server mode set to STRICT_TRANS_TABLES,STRICT_ALL_TABLES,NO_ZERO_IN_DATE,NO_ZERO_DATE,ERROR_FOR_DIVISION_BY_ZERO,TRADITIONAL,NO_ENGINE_SUBSTITUTION _check_effective_sql_mode /usr/lib/python3/dist-packages/oslo_db/sqlalchemy/engines.py:314
2026-02-09 00:40:26.304 128006 DEBUG oslo_service.periodic_task [req-293ad979-81ba-46cf-a0a3-9654d1811a6b - - - - -] Running periodic task SchedulerManager._discover_hosts_in_cells run_periodic_tasks /usr/lib/python3/dist-packages/oslo_service/periodic_task.py:210
2026-02-09 00:40:26.305 128006 DEBUG oslo_db.sqlalchemy.engines [req-293ad979-81ba-46cf-a0a3-9654d1811a6b - - - - -] Parent process 126589 forked (128006) with an open database connection, which is being discarded and recreated. checkout /usr/lib/python3/dist-packages/oslo_db/sqlalchemy/engines.py:413
2026-02-09 00:40:26.312 128006 DEBUG oslo_concurrency.lockutils [req-293ad979-81ba-46cf-a0a3-9654d1811a6b - - - - -] Lock "ca33e3f5-bacd-41c9-bd5b-53703c3d802a" acquired by "nova.context.set_target_cell..get_or_set_cached_cell_and_set_connections" :: waited 0.000s inner /usr/lib/python3/dist-packages/oslo_concurrency/lockutils.py:386
2026-02-09 00:40:26.315 128006 DEBUG oslo_concurrency.lockutils [req-293ad979-81ba-46cf-a0a3-9654d1811a6b - - - - -] Lock "ca33e3f5-bacd-41c9-bd5b-53703c3d802a" "released" by "nova.context.set_target_cell..get_or_set_cached_cell_and_set_connections" :: held 0.002s inner /usr/lib/python3/dist-packages/oslo_concurrency/lockutils.py:400
2026-02-09 00:40:26.325 128006 DEBUG oslo_db.sqlalchemy.engines [req-293ad979-81ba-46cf-a0a3-9654d1811a6b - - - - -] MySQL server mode set to STRICT_TRANS_TABLES,STRICT_ALL_TABLES,NO_ZERO_IN_DATE,NO_ZERO_DATE,ERROR_FOR_DIVISION_BY_ZERO,TRADITIONAL,NO_ENGINE_SUBSTITUTION _check_effective_sql_mode /usr/lib/python3/dist-packages/oslo_db/sqlalchemy/engines.py:314
2026-02-09 00:40:41.341 128004 DEBUG oslo_service.periodic_task [req-887d12c0-1dcc-459f-9ca3-9d2d0d581b08 - - - - -] Running periodic task SchedulerManager._discover_hosts_in_cells run_periodic_tasks /usr/lib/python3/dist-packages/oslo_service/periodic_task.py:210
2026-02-09 00:40:41.345 128004 DEBUG oslo_concurrency.lockutils [req-95bc3655-b400-4a90-8c4b-aa660368f267 - - - - -] Lock "ca33e3f5-bacd-41c9-bd5b-53703c3d802a" acquired by "nova.context.set_target_cell..get_or_set_cached_cell_and_set_connections" :: waited 0.000s inner /usr/lib/python3/dist-packages/oslo_concurrency/lockutils.py:386
2026-02-09 00:40:41.346 128004 DEBUG oslo_concurrency.lockutils [req-95bc3655-b400-4a90-8c4b-aa660368f267 - - - - -] Lock "ca33e3f5-bacd-41c9-bd5b-53703c3d802a" "released" by "nova.context.set_target_cell..get_or_set_cached_cell_and_set_connections" :: held 0.000s inner /usr/lib/python3/dist-packages/oslo_concurrency/lockutils.py:400
2026-02-09 00:40:44.282 128003 DEBUG oslo_messaging._drivers.amqpdriver [-] AMQPListener connection timeout poll /usr/lib/python3/dist-packages/oslo_messaging/_drivers/amqpdriver.py:360
2026-02-09 00:40:44.283 128003 DEBUG oslo_messaging._drivers.amqpdriver [-] Listener is running poll /usr/lib/python3/dist-packages/oslo_messaging/_drivers/amqpdriver.py:343
2026-02-09 00:40:44.283 128003 DEBUG oslo_messaging._drivers.amqpdriver [-] AMQPListener connection consume poll /usr/lib/python3/dist-packages/oslo_messaging/_drivers/amqpdriver.py:357
2026-02-09 00:40:44.286 128008 DEBUG oslo_messaging._drivers.amqpdriver [-] AMQPListener connection timeout poll /usr/lib/python3/dist-packages/oslo_messaging/_drivers/amqpdriver.py:360
2026-02-09 00:40:44.286 128008 DEBUG oslo_messaging._drivers.amqpdriver [-] Listener is running poll /usr/lib/python3/dist-packages/oslo_messaging/_drivers/amqpdriver.py:343
2026-02-09 00:40:44.287 128008 DEBUG oslo_messaging._drivers.amqpdriver [-] AMQPListener connection consume poll /usr/lib/python3/dist-packages/oslo_messaging/_drivers/amqpdriver.py:357
2026-02-09 00:40:44.294 128006 DEBUG oslo_messaging._drivers.amqpdriver [-] AMQPListener connection timeout poll /usr/lib/python3/dist-packages/oslo_messaging/_drivers/amqpdriver.py:360
2026-02-09 00:40:44.294 128006 DEBUG oslo_messaging._drivers.amqpdriver [-] Listener is running poll /usr/lib/python3/dist-packages/oslo_messaging/_drivers/amqpdriver.py:343
2026-02-09 00:40:44.294 128006 DEBUG oslo_messaging._drivers.amqpdriver [-] AMQPListener connection consume poll /usr/lib/python3/dist-packages/oslo_messaging/_drivers/amqpdriver.py:357
2026-02-09 00:40:44.295 128004 DEBUG oslo_messaging._drivers.amqpdriver [-] AMQPListener connection timeout poll /usr/lib/python3/dist-packages/oslo_messaging/_drivers/amqpdriver.py:360
2026-02-09 00:40:44.295 128004 DEBUG oslo_messaging._drivers.amqpdriver [-] Listener is running poll /usr/lib/python3/dist-packages/oslo_messaging/_drivers/amqpdriver.py:343
2026-02-09 00:40:44.295 128004 DEBUG oslo_messaging._drivers.amqpdriver [-] AMQPListener connection consume poll /usr/lib/python3/dist-packages/oslo_messaging/_drivers/amqpdriver.py:357
2026-02-09 00:40:47.302 128008 DEBUG oslo_service.periodic_task [req-8ad8aad0-cd95-4e14-92f4-3b9731161f8a - - - - -] Running periodic task SchedulerManager._discover_hosts_in_cells run_periodic_tasks /usr/lib/python3/dist-packages/oslo_service/periodic_task.py:210
2026-02-09 00:40:47.303 128008 DEBUG oslo_db.sqlalchemy.engines [req-8ad8aad0-cd95-4e14-92f4-3b9731161f8a - - - - -] Parent process 126589 forked (128008) with an open database connection, which is being discarded and recreated. checkout /usr/lib/python3/dist-packages/oslo_db/sqlalchemy/engines.py:413
2026-02-09 00:40:47.310 128008 DEBUG oslo_concurrency.lockutils [req-8ad8aad0-cd95-4e14-92f4-3b9731161f8a - - - - -] Lock "ca33e3f5-bacd-41c9-bd5b-53703c3d802a" acquired by "nova.context.set_target_cell..get_or_set_cached_cell_and_set_connections" :: waited 0.000s inner /usr/lib/python3/dist-packages/oslo_concurrency/lockutils.py:386
2026-02-09 00:40:47.312 128008 DEBUG oslo_concurrency.lockutils [req-8ad8aad0-cd95-4e14-92f4-3b9731161f8a - - - - -] Lock "ca33e3f5-bacd-41c9-bd5b-53703c3d802a" "released" by "nova.context.set_target_cell..get_or_set_cached_cell_and_set_connections" :: held 0.002s inner /usr/lib/python3/dist-packages/oslo_concurrency/lockutils.py:400
2026-02-09 00:40:47.317 128008 DEBUG oslo_db.sqlalchemy.engines [req-8ad8aad0-cd95-4e14-92f4-3b9731161f8a - - - - -] MySQL server mode set to STRICT_TRANS_TABLES,STRICT_ALL_TABLES,NO_ZERO_IN_DATE,NO_ZERO_DATE,ERROR_FOR_DIVISION_BY_ZERO,TRADITIONAL,NO_ENGINE_SUBSTITUTION _check_effective_sql_mode /usr/lib/python3/dist-packages/oslo_db/sqlalchemy/engines.py:314
2026-02-09 00:40:52.345 128003 DEBUG oslo_service.periodic_task [req-c47a00b6-3c04-4e54-9aa5-64b29750d37e - - - - -] Running periodic task SchedulerManager._discover_hosts_in_cells run_periodic_tasks /usr/lib/python3/dist-packages/oslo_service/periodic_task.py:210
2026-02-09 00:40:52.349 128003 DEBUG oslo_concurrency.lockutils [req-9caae670-9c7b-4ee1-b3ca-6ae4966e1f11 - - - - -] Lock "ca33e3f5-bacd-41c9-bd5b-53703c3d802a" acquired by "nova.context.set_target_cell..get_or_set_cached_cell_and_set_connections" :: waited 0.000s inner /usr/lib/python3/dist-packages/oslo_concurrency/lockutils.py:386
2026-02-09 00:40:52.350 128003 DEBUG oslo_concurrency.lockutils [req-9caae670-9c7b-4ee1-b3ca-6ae4966e1f11 - - - - -] Lock "ca33e3f5-bacd-41c9-bd5b-53703c3d802a" "released" by "nova.context.set_target_cell..get_or_set_cached_cell_and_set_connections" :: held 0.000s inner /usr/lib/python3/dist-packages/oslo_concurrency/lockutils.py:400
2026-02-09 00:40:56.338 128006 DEBUG oslo_service.periodic_task [req-293ad979-81ba-46cf-a0a3-9654d1811a6b - - - - -] Running periodic task SchedulerManager._discover_hosts_in_cells run_periodic_tasks /usr/lib/python3/dist-packages/oslo_service/periodic_task.py:210
2026-02-09 00:40:56.342 128006 DEBUG oslo_concurrency.lockutils [req-af380416-2c30-40b9-83fe-ce9793042d65 - - - - -] Lock "ca33e3f5-bacd-41c9-bd5b-53703c3d802a" acquired by "nova.context.set_target_cell..get_or_set_cached_cell_and_set_connections" :: waited 0.000s inner /usr/lib/python3/dist-packages/oslo_concurrency/lockutils.py:386
2026-02-09 00:40:56.343 128006 DEBUG oslo_concurrency.lockutils [req-af380416-2c30-40b9-83fe-ce9793042d65 - - - - -] Lock "ca33e3f5-bacd-41c9-bd5b-53703c3d802a" "released" by "nova.context.set_target_cell..get_or_set_cached_cell_and_set_connections" :: held 0.000s inner /usr/lib/python3/dist-packages/oslo_concurrency/lockutils.py:400
2026-02-09 00:41:09.084 126589 INFO oslo_service.service [req-f6b5fa4a-0d15-434d-b530-2d0945a46943 - - - - -] Caught SIGTERM, stopping children
2026-02-09 00:41:09.084 126589 DEBUG oslo_concurrency.lockutils [req-f6b5fa4a-0d15-434d-b530-2d0945a46943 - - - - -] Acquired lock "singleton_lock" lock /usr/lib/python3/dist-packages/oslo_concurrency/lockutils.py:294
2026-02-09 00:41:09.084 126589 DEBUG oslo_concurrency.lockutils [req-f6b5fa4a-0d15-434d-b530-2d0945a46943 - - - - -] Releasing lock "singleton_lock" lock /usr/lib/python3/dist-packages/oslo_concurrency/lockutils.py:312
2026-02-09 00:41:09.085 126589 DEBUG oslo_service.service [req-f6b5fa4a-0d15-434d-b530-2d0945a46943 - - - - -] Stop services. stop /usr/lib/python3/dist-packages/oslo_service/service.py:695
2026-02-09 00:41:09.085 126589 DEBUG oslo_service.service [req-f6b5fa4a-0d15-434d-b530-2d0945a46943 - - - - -] Killing children. stop /usr/lib/python3/dist-packages/oslo_service/service.py:700
2026-02-09 00:41:09.087 126589 INFO oslo_service.service [req-f6b5fa4a-0d15-434d-b530-2d0945a46943 - - - - -] Waiting on 4 children to exit
2026-02-09 00:41:09.092 126589 INFO oslo_service.service [req-f6b5fa4a-0d15-434d-b530-2d0945a46943 - - - - -] Child 128008 killed by signal 15
2026-02-09 00:41:09.093 126589 INFO oslo_service.service [req-f6b5fa4a-0d15-434d-b530-2d0945a46943 - - - - -] Child 128003 killed by signal 15
2026-02-09 00:41:09.093 126589 INFO oslo_service.service [req-f6b5fa4a-0d15-434d-b530-2d0945a46943 - - - - -] Child 128004 killed by signal 15
2026-02-09 00:41:09.094 126589 INFO oslo_service.service [req-f6b5fa4a-0d15-434d-b530-2d0945a46943 - - - - -] Child 128006 killed by signal 15
2026-02-09 00:41:11.368 132100 DEBUG oslo_db.sqlalchemy.engines [req-9eef545a-9e25-4e9a-8fe8-f5932a29c92a - - - - -] MySQL server mode set to STRICT_TRANS_TABLES,STRICT_ALL_TABLES,NO_ZERO_IN_DATE,NO_ZERO_DATE,ERROR_FOR_DIVISION_BY_ZERO,TRADITIONAL,NO_ENGINE_SUBSTITUTION _check_effective_sql_mode /usr/lib/python3/dist-packages/oslo_db/sqlalchemy/engines.py:314
2026-02-09 00:41:11.408 132100 DEBUG nova.scheduler.host_manager [req-9eef545a-9e25-4e9a-8fe8-f5932a29c92a - - - - -] Found 1 cells: ca33e3f5-bacd-41c9-bd5b-53703c3d802a refresh_cells_caches /usr/lib/python3/dist-packages/nova/scheduler/host_manager.py:730
2026-02-09 00:41:11.408 132100 DEBUG nova.scheduler.host_manager [req-9eef545a-9e25-4e9a-8fe8-f5932a29c92a - - - - -] Found 0 disabled cells: refresh_cells_caches /usr/lib/python3/dist-packages/nova/scheduler/host_manager.py:742
2026-02-09 00:41:11.413 132100 WARNING nova.scheduler.filters.availability_zone_filter [req-9eef545a-9e25-4e9a-8fe8-f5932a29c92a - - - - -] The 'AvailabilityZoneFilter' is deprecated since the 24.0.0 (Xena) release. Since the 18.0.0 (Rocky) release, nova has supported mapping AZs to placement aggregates. The feature is enabled by the 'query_placement_for_availability_zone' config option and is now enabled by default. As such, the 'AvailabilityZoneFilter' is no longer required. Nova is currently configured to use both placement and the AvailabilityZoneFilter for AZ enforcement.
2026-02-09 00:41:11.499 132100 DEBUG nova.scheduler.host_manager [req-9eef545a-9e25-4e9a-8fe8-f5932a29c92a - - - - -] START:_async_init_instance_info _async_init_instance_info /usr/lib/python3/dist-packages/nova/scheduler/host_manager.py:411
2026-02-09 00:41:11.501 132100 DEBUG oslo_concurrency.lockutils [req-2d2855bc-2d82-4502-b577-0371f7534990 - - - - -] Lock "ca33e3f5-bacd-41c9-bd5b-53703c3d802a" acquired by "nova.context.set_target_cell..get_or_set_cached_cell_and_set_connections" :: waited 0.000s inner /usr/lib/python3/dist-packages/oslo_concurrency/lockutils.py:386
2026-02-09 00:41:11.502 132100 DEBUG oslo_concurrency.lockutils [req-2d2855bc-2d82-4502-b577-0371f7534990 - - - - -] Lock "ca33e3f5-bacd-41c9-bd5b-53703c3d802a" "released" by "nova.context.set_target_cell..get_or_set_cached_cell_and_set_connections" :: held 0.001s inner /usr/lib/python3/dist-packages/oslo_concurrency/lockutils.py:400
2026-02-09 00:41:11.507 132100 DEBUG oslo_db.sqlalchemy.engines [req-2d2855bc-2d82-4502-b577-0371f7534990 - - - - -] MySQL server mode set to STRICT_TRANS_TABLES,STRICT_ALL_TABLES,NO_ZERO_IN_DATE,NO_ZERO_DATE,ERROR_FOR_DIVISION_BY_ZERO,TRADITIONAL,NO_ENGINE_SUBSTITUTION _check_effective_sql_mode /usr/lib/python3/dist-packages/oslo_db/sqlalchemy/engines.py:314
2026-02-09 00:41:11.518 132100 DEBUG nova.scheduler.host_manager [req-2d2855bc-2d82-4502-b577-0371f7534990 - - - - -] Total number of compute nodes: 0 _async_init_instance_info /usr/lib/python3/dist-packages/nova/scheduler/host_manager.py:424
2026-02-09 00:41:11.519 132100 DEBUG oslo_concurrency.lockutils [req-2d2855bc-2d82-4502-b577-0371f7534990 - - - - -] Lock "ca33e3f5-bacd-41c9-bd5b-53703c3d802a" acquired by "nova.context.set_target_cell..get_or_set_cached_cell_and_set_connections" :: waited 0.000s inner /usr/lib/python3/dist-packages/oslo_concurrency/lockutils.py:386
2026-02-09 00:41:11.520 132100 DEBUG oslo_concurrency.lockutils [req-2d2855bc-2d82-4502-b577-0371f7534990 - - - - -] Lock "ca33e3f5-bacd-41c9-bd5b-53703c3d802a" "released" by "nova.context.set_target_cell..get_or_set_cached_cell_and_set_connections" :: held 0.000s inner /usr/lib/python3/dist-packages/oslo_concurrency/lockutils.py:400
2026-02-09 00:41:11.589 132100 DEBUG nova.scheduler.host_manager [req-2d2855bc-2d82-4502-b577-0371f7534990 - - - - -] Adding 0 instances for hosts 10-20 _async_init_instance_info /usr/lib/python3/dist-packages/nova/scheduler/host_manager.py:443
2026-02-09 00:41:11.589 132100 DEBUG nova.scheduler.host_manager [req-2d2855bc-2d82-4502-b577-0371f7534990 - - - - -] END:_async_init_instance_info _async_init_instance_info /usr/lib/python3/dist-packages/nova/scheduler/host_manager.py:454
2026-02-09 00:41:13.398 132100 DEBUG nova.context [req-9eef545a-9e25-4e9a-8fe8-f5932a29c92a - - - - -] Found 2 cells: 00000000-0000-0000-0000-000000000000(cell0),ca33e3f5-bacd-41c9-bd5b-53703c3d802a(cell1) load_cells /usr/lib/python3/dist-packages/nova/context.py:464
2026-02-09 00:41:13.399 132100 DEBUG oslo_concurrency.lockutils [req-bad3a15e-14d3-4244-9fd1-bf81a389d6ef - - - - -] Lock "00000000-0000-0000-0000-000000000000" acquired by "nova.context.set_target_cell..get_or_set_cached_cell_and_set_connections" :: waited 0.000s inner /usr/lib/python3/dist-packages/oslo_concurrency/lockutils.py:386
2026-02-09 00:41:13.400 132100 DEBUG oslo_concurrency.lockutils [req-bad3a15e-14d3-4244-9fd1-bf81a389d6ef - - - - -] Lock "00000000-0000-0000-0000-000000000000" "released" by "nova.context.set_target_cell..get_or_set_cached_cell_and_set_connections" :: held 0.001s inner /usr/lib/python3/dist-packages/oslo_concurrency/lockutils.py:400
2026-02-09 00:41:13.400 132100 DEBUG oslo_concurrency.lockutils [req-bad3a15e-14d3-4244-9fd1-bf81a389d6ef - - - - -] Lock "ca33e3f5-bacd-41c9-bd5b-53703c3d802a" acquired by "nova.context.set_target_cell..get_or_set_cached_cell_and_set_connections" :: waited 0.000s inner /usr/lib/python3/dist-packages/oslo_concurrency/lockutils.py:386
2026-02-09 00:41:13.400 132100 DEBUG oslo_concurrency.lockutils [req-bad3a15e-14d3-4244-9fd1-bf81a389d6ef - - - - -] Lock "ca33e3f5-bacd-41c9-bd5b-53703c3d802a" "released" by "nova.context.set_target_cell..get_or_set_cached_cell_and_set_connections" :: held 0.000s inner /usr/lib/python3/dist-packages/oslo_concurrency/lockutils.py:400
2026-02-09 00:41:13.410 132100 DEBUG oslo_db.sqlalchemy.engines [req-bad3a15e-14d3-4244-9fd1-bf81a389d6ef - - - - -] MySQL server mode set to STRICT_TRANS_TABLES,STRICT_ALL_TABLES,NO_ZERO_IN_DATE,NO_ZERO_DATE,ERROR_FOR_DIVISION_BY_ZERO,TRADITIONAL,NO_ENGINE_SUBSTITUTION _check_effective_sql_mode /usr/lib/python3/dist-packages/oslo_db/sqlalchemy/engines.py:314
2026-02-09 00:41:13.428 132100 DEBUG oslo_concurrency.lockutils [req-bad3a15e-14d3-4244-9fd1-bf81a389d6ef - - - - -] Acquired lock "singleton_lock" lock /usr/lib/python3/dist-packages/oslo_concurrency/lockutils.py:294
2026-02-09 00:41:13.429 132100 DEBUG oslo_concurrency.lockutils [req-bad3a15e-14d3-4244-9fd1-bf81a389d6ef - - - - -] Releasing lock "singleton_lock" lock /usr/lib/python3/dist-packages/oslo_concurrency/lockutils.py:312
2026-02-09 00:41:13.429 132100 INFO oslo_service.service [req-bad3a15e-14d3-4244-9fd1-bf81a389d6ef - - - - -] Starting 4 workers
2026-02-09 00:41:13.436 132100 DEBUG oslo_service.service [req-bad3a15e-14d3-4244-9fd1-bf81a389d6ef - - - - -] Started child 132868 _start_child /usr/lib/python3/dist-packages/oslo_service/service.py:575
2026-02-09 00:41:13.439 132868 INFO nova.service [-] Starting scheduler node (version 25.2.1)
2026-02-09 00:41:13.442 132100 DEBUG oslo_service.service [req-bad3a15e-14d3-4244-9fd1-bf81a389d6ef - - - - -] Started child 132869 _start_child /usr/lib/python3/dist-packages/oslo_service/service.py:575
2026-02-09 00:41:13.446 132869 INFO nova.service [-] Starting scheduler node (version 25.2.1)
2026-02-09 00:41:13.450 132100 DEBUG oslo_service.service [req-bad3a15e-14d3-4244-9fd1-bf81a389d6ef - - - - -] Started child 132874 _start_child /usr/lib/python3/dist-packages/oslo_service/service.py:575
2026-02-09 00:41:13.457 132868 DEBUG oslo_db.sqlalchemy.engines [req-50d06cc8-170f-4566-8aa8-6442838e4e36 - - - - -] MySQL server mode set to STRICT_TRANS_TABLES,STRICT_ALL_TABLES,NO_ZERO_IN_DATE,NO_ZERO_DATE,ERROR_FOR_DIVISION_BY_ZERO,TRADITIONAL,NO_ENGINE_SUBSTITUTION _check_effective_sql_mode /usr/lib/python3/dist-packages/oslo_db/sqlalchemy/engines.py:314
2026-02-09 00:41:13.460 132100 DEBUG oslo_service.service [req-bad3a15e-14d3-4244-9fd1-bf81a389d6ef - - - - -] Started child 132880 _start_child /usr/lib/python3/dist-packages/oslo_service/service.py:575
2026-02-09 00:41:13.464 132100 DEBUG oslo_service.service [req-bad3a15e-14d3-4244-9fd1-bf81a389d6ef - - - - -] Full set of CONF: wait /usr/lib/python3/dist-packages/oslo_service/service.py:649
2026-02-09 00:41:13.465 132100 DEBUG oslo_service.service [req-bad3a15e-14d3-4244-9fd1-bf81a389d6ef - - - - -] ******************************************************************************** log_opt_values /usr/lib/python3/dist-packages/oslo_config/cfg.py:2589
2026-02-09 00:41:13.465 132100 DEBUG oslo_service.service [req-bad3a15e-14d3-4244-9fd1-bf81a389d6ef - - - - -] Configuration options gathered from: log_opt_values /usr/lib/python3/dist-packages/oslo_config/cfg.py:2590
2026-02-09 00:41:13.465 132100 DEBUG oslo_service.service [req-bad3a15e-14d3-4244-9fd1-bf81a389d6ef - - - - -] command line args: ['--config-file=/etc/nova/nova.conf', '--log-file=/var/log/nova/nova-scheduler.log'] log_opt_values /usr/lib/python3/dist-packages/oslo_config/cfg.py:2591
2026-02-09 00:41:13.466 132100 DEBUG oslo_service.service [req-bad3a15e-14d3-4244-9fd1-bf81a389d6ef - - - - -] config files: ['/etc/nova/nova.conf'] log_opt_values /usr/lib/python3/dist-packages/oslo_config/cfg.py:2592
2026-02-09 00:41:13.466 132100 DEBUG oslo_service.service [req-bad3a15e-14d3-4244-9fd1-bf81a389d6ef - - - - -] ================================================================================ log_opt_values /usr/lib/python3/dist-packages/oslo_config/cfg.py:2594
2026-02-09 00:41:13.466 132100 DEBUG oslo_service.service [req-bad3a15e-14d3-4244-9fd1-bf81a389d6ef - - - - -] allow_resize_to_same_host = False log_opt_values /usr/lib/python3/dist-packages/oslo_config/cfg.py:2602
2026-02-09 00:41:13.467 132100 DEBUG oslo_service.service [req-bad3a15e-14d3-4244-9fd1-bf81a389d6ef - - - - -] arq_binding_timeout = 300 log_opt_values /usr/lib/python3/dist-packages/oslo_config/cfg.py:2602
2026-02-09 00:41:13.467 132100 DEBUG oslo_service.service [req-bad3a15e-14d3-4244-9fd1-bf81a389d6ef - - - - -] block_device_allocate_retries = 60 log_opt_values /usr/lib/python3/dist-packages/oslo_config/cfg.py:2602
2026-02-09 00:41:13.467 132100 DEBUG oslo_service.service [req-bad3a15e-14d3-4244-9fd1-bf81a389d6ef - - - - -] block_device_allocate_retries_interval = 3 log_opt_values /usr/lib/python3/dist-packages/oslo_config/cfg.py:2602
2026-02-09 00:41:13.468 132100 DEBUG oslo_service.service [req-bad3a15e-14d3-4244-9fd1-bf81a389d6ef - - - - -] cert = self.pem log_opt_values /usr/lib/python3/dist-packages/oslo_config/cfg.py:2602
2026-02-09 00:41:13.468 132100 DEBUG oslo_service.service [req-bad3a15e-14d3-4244-9fd1-bf81a389d6ef - - - - -] compute_driver = libvirt.LibvirtDriver log_opt_values /usr/lib/python3/dist-packages/oslo_config/cfg.py:2602
2026-02-09 00:41:13.469 132100 DEBUG oslo_service.service [req-bad3a15e-14d3-4244-9fd1-bf81a389d6ef - - - - -] compute_monitors = [] log_opt_values /usr/lib/python3/dist-packages/oslo_config/cfg.py:2602
2026-02-09 00:41:13.469 132100 DEBUG oslo_service.service [req-bad3a15e-14d3-4244-9fd1-bf81a389d6ef - - - - -] config_dir = [] log_opt_values /usr/lib/python3/dist-packages/oslo_config/cfg.py:2602
2026-02-09 00:41:13.469 132100 DEBUG oslo_service.service [req-bad3a15e-14d3-4244-9fd1-bf81a389d6ef - - - - -] config_drive_format = iso9660 log_opt_values /usr/lib/python3/dist-packages/oslo_config/cfg.py:2602
2026-02-09 00:41:13.470 132100 DEBUG oslo_service.service [req-bad3a15e-14d3-4244-9fd1-bf81a389d6ef - - - - -] config_file = ['/etc/nova/nova.conf'] log_opt_values /usr/lib/python3/dist-packages/oslo_config/cfg.py:2602
2026-02-09 00:41:13.471 132100 DEBUG oslo_service.service [req-bad3a15e-14d3-4244-9fd1-bf81a389d6ef - - - - -] config_source = [] log_opt_values /usr/lib/python3/dist-packages/oslo_config/cfg.py:2602
2026-02-09 00:41:13.471 132100 DEBUG oslo_service.service [req-bad3a15e-14d3-4244-9fd1-bf81a389d6ef - - - - -] console_host = juju-8acb4c-0-lxd-7 log_opt_values /usr/lib/python3/dist-packages/oslo_config/cfg.py:2602
2026-02-09 00:41:13.471 132100 DEBUG oslo_service.service [req-bad3a15e-14d3-4244-9fd1-bf81a389d6ef - - - - -] control_exchange = nova log_opt_values /usr/lib/python3/dist-packages/oslo_config/cfg.py:2602
2026-02-09 00:41:13.472 132100 DEBUG oslo_service.service [req-bad3a15e-14d3-4244-9fd1-bf81a389d6ef - - - - -] cpu_allocation_ratio = 2.0 log_opt_values /usr/lib/python3/dist-packages/oslo_config/cfg.py:2602
2026-02-09 00:41:13.472 132880 INFO nova.service [-] Starting scheduler node (version 25.2.1)
2026-02-09 00:41:13.473 132100 DEBUG oslo_service.service [req-bad3a15e-14d3-4244-9fd1-bf81a389d6ef - - - - -] daemon = False log_opt_values /usr/lib/python3/dist-packages/oslo_config/cfg.py:2602
2026-02-09 00:41:13.473 132869 DEBUG oslo_db.sqlalchemy.engines [req-9109eb03-f2d5-4df3-be75-10399e1fed00 - - - - -] MySQL server mode set to STRICT_TRANS_TABLES,STRICT_ALL_TABLES,NO_ZERO_IN_DATE,NO_ZERO_DATE,ERROR_FOR_DIVISION_BY_ZERO,TRADITIONAL,NO_ENGINE_SUBSTITUTION _check_effective_sql_mode /usr/lib/python3/dist-packages/oslo_db/sqlalchemy/engines.py:314
2026-02-09 00:41:13.474 132100 DEBUG oslo_service.service [req-bad3a15e-14d3-4244-9fd1-bf81a389d6ef - - - - -] debug = True log_opt_values /usr/lib/python3/dist-packages/oslo_config/cfg.py:2602
2026-02-09 00:41:13.474 132100 DEBUG oslo_service.service [req-bad3a15e-14d3-4244-9fd1-bf81a389d6ef - - - - -] default_access_ip_network_name = None log_opt_values /usr/lib/python3/dist-packages/oslo_config/cfg.py:2602
2026-02-09 00:41:13.474 132100 DEBUG oslo_service.service [req-bad3a15e-14d3-4244-9fd1-bf81a389d6ef - - - - -] default_availability_zone = nova log_opt_values /usr/lib/python3/dist-packages/oslo_config/cfg.py:2602
2026-02-09 00:41:13.475 132100 DEBUG oslo_service.service [req-bad3a15e-14d3-4244-9fd1-bf81a389d6ef - - - - -] default_ephemeral_format = None log_opt_values /usr/lib/python3/dist-packages/oslo_config/cfg.py:2602
2026-02-09 00:41:13.475 132100 DEBUG oslo_service.service [req-bad3a15e-14d3-4244-9fd1-bf81a389d6ef - - - - -] default_log_levels = ['amqp=WARN', 'amqplib=WARN', 'boto=WARN', 'qpid=WARN', 'sqlalchemy=WARN', 'suds=INFO', 'oslo.messaging=INFO', 'oslo_messaging=DEBUG', 'iso8601=WARN', 'requests.packages.urllib3.connectionpool=WARN', 'urllib3.connectionpool=WARN', 'websocket=WARN', 'requests.packages.urllib3.util.retry=WARN', 'urllib3.util.retry=WARN', 'keystonemiddleware=WARN', 'routes.middleware=WARN', 'stevedore=WARN', 'taskflow=WARN', 'keystoneauth=WARN', 'oslo.cache=INFO', 'dogpile.core.dogpile=INFO', 'glanceclient=WARN', 'oslo.privsep.daemon=INFO'] log_opt_values /usr/lib/python3/dist-packages/oslo_config/cfg.py:2602
2026-02-09 00:41:13.476 132100 DEBUG oslo_service.service [req-bad3a15e-14d3-4244-9fd1-bf81a389d6ef - - - - -] default_schedule_zone = None log_opt_values /usr/lib/python3/dist-packages/oslo_config/cfg.py:2602
2026-02-09 00:41:13.476 132100 DEBUG oslo_service.service [req-bad3a15e-14d3-4244-9fd1-bf81a389d6ef - - - - -] disk_allocation_ratio = 1.0 log_opt_values /usr/lib/python3/dist-packages/oslo_config/cfg.py:2602
2026-02-09 00:41:13.476 132100 DEBUG oslo_service.service [req-bad3a15e-14d3-4244-9fd1-bf81a389d6ef - - - - -] enable_new_services = True log_opt_values /usr/lib/python3/dist-packages/oslo_config/cfg.py:2602
2026-02-09 00:41:13.476 132100 DEBUG oslo_service.service [req-bad3a15e-14d3-4244-9fd1-bf81a389d6ef - - - - -] enabled_apis = ['osapi_compute', 'metadata'] log_opt_values /usr/lib/python3/dist-packages/oslo_config/cfg.py:2602
2026-02-09 00:41:13.476 132100 DEBUG oslo_service.service [req-bad3a15e-14d3-4244-9fd1-bf81a389d6ef - - - - -] enabled_ssl_apis = [] log_opt_values /usr/lib/python3/dist-packages/oslo_config/cfg.py:2602
2026-02-09 00:41:13.477 132100 DEBUG oslo_service.service [req-bad3a15e-14d3-4244-9fd1-bf81a389d6ef - - - - -] fatal_deprecations = False log_opt_values /usr/lib/python3/dist-packages/oslo_config/cfg.py:2602
2026-02-09 00:41:13.477 132100 DEBUG oslo_service.service [req-bad3a15e-14d3-4244-9fd1-bf81a389d6ef - - - - -] flat_injected = False log_opt_values /usr/lib/python3/dist-packages/oslo_config/cfg.py:2602
2026-02-09 00:41:13.477 132100 DEBUG oslo_service.service [req-bad3a15e-14d3-4244-9fd1-bf81a389d6ef - - - - -] force_config_drive = False log_opt_values /usr/lib/python3/dist-packages/oslo_config/cfg.py:2602
2026-02-09 00:41:13.477 132100 DEBUG oslo_service.service [req-bad3a15e-14d3-4244-9fd1-bf81a389d6ef - - - - -] force_raw_images = True log_opt_values /usr/lib/python3/dist-packages/oslo_config/cfg.py:2602
2026-02-09 00:41:13.477 132100 DEBUG oslo_service.service [req-bad3a15e-14d3-4244-9fd1-bf81a389d6ef - - - - -] graceful_shutdown_timeout = 60 log_opt_values /usr/lib/python3/dist-packages/oslo_config/cfg.py:2602
2026-02-09 00:41:13.478 132100 DEBUG oslo_service.service [req-bad3a15e-14d3-4244-9fd1-bf81a389d6ef - - - - -] heal_instance_info_cache_interval = 60 log_opt_values /usr/lib/python3/dist-packages/oslo_config/cfg.py:2602
2026-02-09 00:41:13.478 132100 DEBUG oslo_service.service [req-bad3a15e-14d3-4244-9fd1-bf81a389d6ef - - - - -] host = juju-8acb4c-0-lxd-7 log_opt_values /usr/lib/python3/dist-packages/oslo_config/cfg.py:2602
2026-02-09 00:41:13.478 132100 DEBUG oslo_service.service [req-bad3a15e-14d3-4244-9fd1-bf81a389d6ef - - - - -] initial_cpu_allocation_ratio = 16.0 log_opt_values /usr/lib/python3/dist-packages/oslo_config/cfg.py:2602
2026-02-09 00:41:13.479 132100 DEBUG oslo_service.service [req-bad3a15e-14d3-4244-9fd1-bf81a389d6ef - - - - -] initial_disk_allocation_ratio = 1.0 log_opt_values /usr/lib/python3/dist-packages/oslo_config/cfg.py:2602
2026-02-09 00:41:13.479 132100 DEBUG oslo_service.service [req-bad3a15e-14d3-4244-9fd1-bf81a389d6ef - - - - -] initial_ram_allocation_ratio = 1.5 log_opt_values /usr/lib/python3/dist-packages/oslo_config/cfg.py:2602
2026-02-09 00:41:13.479 132100 DEBUG oslo_service.service [req-bad3a15e-14d3-4244-9fd1-bf81a389d6ef - - - - -] injected_network_template = /usr/lib/python3/dist-packages/nova/virt/interfaces.template log_opt_values /usr/lib/python3/dist-packages/oslo_config/cfg.py:2602
2026-02-09 00:41:13.479 132100 DEBUG oslo_service.service [req-bad3a15e-14d3-4244-9fd1-bf81a389d6ef - - - - -] instance_build_timeout = 0 log_opt_values /usr/lib/python3/dist-packages/oslo_config/cfg.py:2602
2026-02-09 00:41:13.480 132100 DEBUG oslo_service.service [req-bad3a15e-14d3-4244-9fd1-bf81a389d6ef - - - - -] instance_delete_interval = 300 log_opt_values /usr/lib/python3/dist-packages/oslo_config/cfg.py:2602
2026-02-09 00:41:13.480 132100 DEBUG oslo_service.service [req-bad3a15e-14d3-4244-9fd1-bf81a389d6ef - - - - -] instance_format = [instance: %(uuid)s] log_opt_values /usr/lib/python3/dist-packages/oslo_config/cfg.py:2602
2026-02-09 00:41:13.480 132100 DEBUG oslo_service.service [req-bad3a15e-14d3-4244-9fd1-bf81a389d6ef - - - - -] instance_name_template = instance-%08x log_opt_values /usr/lib/python3/dist-packages/oslo_config/cfg.py:2602
2026-02-09 00:41:13.480 132100 DEBUG oslo_service.service [req-bad3a15e-14d3-4244-9fd1-bf81a389d6ef - - - - -] instance_usage_audit = False log_opt_values /usr/lib/python3/dist-packages/oslo_config/cfg.py:2602
2026-02-09 00:41:13.480 132100 DEBUG oslo_service.service [req-bad3a15e-14d3-4244-9fd1-bf81a389d6ef - - - - -] instance_usage_audit_period = month log_opt_values /usr/lib/python3/dist-packages/oslo_config/cfg.py:2602
2026-02-09 00:41:13.480 132100 DEBUG oslo_service.service [req-bad3a15e-14d3-4244-9fd1-bf81a389d6ef - - - - -] instance_uuid_format = [instance: %(uuid)s] log_opt_values /usr/lib/python3/dist-packages/oslo_config/cfg.py:2602
2026-02-09 00:41:13.481 132100 DEBUG oslo_service.service [req-bad3a15e-14d3-4244-9fd1-bf81a389d6ef - - - - -] instances_path = /var/lib/nova/instances log_opt_values /usr/lib/python3/dist-packages/oslo_config/cfg.py:2602
2026-02-09 00:41:13.481 132100 DEBUG oslo_service.service [req-bad3a15e-14d3-4244-9fd1-bf81a389d6ef - - - - -] internal_service_availability_zone = internal log_opt_values /usr/lib/python3/dist-packages/oslo_config/cfg.py:2602
2026-02-09 00:41:13.481 132100 DEBUG oslo_service.service [req-bad3a15e-14d3-4244-9fd1-bf81a389d6ef - - - - -] key = None log_opt_values /usr/lib/python3/dist-packages/oslo_config/cfg.py:2602
2026-02-09 00:41:13.481 132100 DEBUG oslo_service.service [req-bad3a15e-14d3-4244-9fd1-bf81a389d6ef - - - - -] live_migration_retry_count = 30 log_opt_values /usr/lib/python3/dist-packages/oslo_config/cfg.py:2602
2026-02-09 00:41:13.481 132100 DEBUG oslo_service.service [req-bad3a15e-14d3-4244-9fd1-bf81a389d6ef - - - - -] log_config_append = None log_opt_values /usr/lib/python3/dist-packages/oslo_config/cfg.py:2602
2026-02-09 00:41:13.482 132100 DEBUG oslo_service.service [req-bad3a15e-14d3-4244-9fd1-bf81a389d6ef - - - - -] log_date_format = %Y-%m-%d %H:%M:%S log_opt_values /usr/lib/python3/dist-packages/oslo_config/cfg.py:2602
2026-02-09 00:41:13.482 132100 DEBUG oslo_service.service [req-bad3a15e-14d3-4244-9fd1-bf81a389d6ef - - - - -] log_dir = /var/log/nova log_opt_values /usr/lib/python3/dist-packages/oslo_config/cfg.py:2602
2026-02-09 00:41:13.482 132100 DEBUG oslo_service.service [req-bad3a15e-14d3-4244-9fd1-bf81a389d6ef - - - - -] log_file = /var/log/nova/nova-scheduler.log log_opt_values /usr/lib/python3/dist-packages/oslo_config/cfg.py:2602
2026-02-09 00:41:13.482 132100 DEBUG oslo_service.service [req-bad3a15e-14d3-4244-9fd1-bf81a389d6ef - - - - -] log_options = True log_opt_values /usr/lib/python3/dist-packages/oslo_config/cfg.py:2602
2026-02-09 00:41:13.482 132100 DEBUG oslo_service.service [req-bad3a15e-14d3-4244-9fd1-bf81a389d6ef - - - - -] log_rotate_interval = 1 log_opt_values /usr/lib/python3/dist-packages/oslo_config/cfg.py:2602
2026-02-09 00:41:13.484 132100 DEBUG oslo_service.service [req-bad3a15e-14d3-4244-9fd1-bf81a389d6ef - - - - -] log_rotate_interval_type = days log_opt_values /usr/lib/python3/dist-packages/oslo_config/cfg.py:2602
2026-02-09 00:41:13.484 132100 DEBUG oslo_service.service [req-bad3a15e-14d3-4244-9fd1-bf81a389d6ef - - - - -] log_rotation_type = none log_opt_values /usr/lib/python3/dist-packages/oslo_config/cfg.py:2602
2026-02-09 00:41:13.484 132100 DEBUG oslo_service.service [req-bad3a15e-14d3-4244-9fd1-bf81a389d6ef - - - - -] logging_context_format_string = %(asctime)s.%(msecs)03d %(process)d %(levelname)s %(name)s [%(request_id)s %(user_identity)s] %(instance)s%(message)s log_opt_values /usr/lib/python3/dist-packages/oslo_config/cfg.py:2602
2026-02-09 00:41:13.484 132100 DEBUG oslo_service.service [req-bad3a15e-14d3-4244-9fd1-bf81a389d6ef - - - - -] logging_debug_format_suffix = %(funcName)s %(pathname)s:%(lineno)d log_opt_values /usr/lib/python3/dist-packages/oslo_config/cfg.py:2602
2026-02-09 00:41:13.485 132100 DEBUG oslo_service.service [req-bad3a15e-14d3-4244-9fd1-bf81a389d6ef - - - - -] logging_default_format_string = %(asctime)s.%(msecs)03d %(process)d %(levelname)s %(name)s [-] %(instance)s%(message)s log_opt_values /usr/lib/python3/dist-packages/oslo_config/cfg.py:2602
2026-02-09 00:41:13.485 132880 DEBUG oslo_db.sqlalchemy.engines [req-db652cdc-06f1-4671-8f9b-3e419fa409cb - - - - -] MySQL server mode set to STRICT_TRANS_TABLES,STRICT_ALL_TABLES,NO_ZERO_IN_DATE,NO_ZERO_DATE,ERROR_FOR_DIVISION_BY_ZERO,TRADITIONAL,NO_ENGINE_SUBSTITUTION _check_effective_sql_mode /usr/lib/python3/dist-packages/oslo_db/sqlalchemy/engines.py:314
2026-02-09 00:41:13.487 132100 DEBUG oslo_service.service [req-bad3a15e-14d3-4244-9fd1-bf81a389d6ef - - - - -] logging_exception_prefix = %(asctime)s.%(msecs)03d %(process)d ERROR %(name)s %(instance)s log_opt_values /usr/lib/python3/dist-packages/oslo_config/cfg.py:2602
2026-02-09 00:41:13.487 132100 DEBUG oslo_service.service [req-bad3a15e-14d3-4244-9fd1-bf81a389d6ef - - - - -] logging_user_identity_format = %(user)s %(project)s %(domain)s %(user_domain)s %(project_domain)s log_opt_values /usr/lib/python3/dist-packages/oslo_config/cfg.py:2602
2026-02-09 00:41:13.488 132100 DEBUG oslo_service.service [req-bad3a15e-14d3-4244-9fd1-bf81a389d6ef - - - - -] long_rpc_timeout = 1800 log_opt_values /usr/lib/python3/dist-packages/oslo_config/cfg.py:2602
2026-02-09 00:41:13.488 132100 DEBUG oslo_service.service [req-bad3a15e-14d3-4244-9fd1-bf81a389d6ef - - - - -] max_concurrent_builds = 10 log_opt_values /usr/lib/python3/dist-packages/oslo_config/cfg.py:2602
2026-02-09 00:41:13.490 132100 DEBUG oslo_service.service [req-bad3a15e-14d3-4244-9fd1-bf81a389d6ef - - - - -] max_concurrent_live_migrations = 1 log_opt_values /usr/lib/python3/dist-packages/oslo_config/cfg.py:2602
2026-02-09 00:41:13.491 132100 DEBUG oslo_service.service [req-bad3a15e-14d3-4244-9fd1-bf81a389d6ef - - - - -] max_concurrent_snapshots = 5 log_opt_values /usr/lib/python3/dist-packages/oslo_config/cfg.py:2602
2026-02-09 00:41:13.491 132100 DEBUG oslo_service.service [req-bad3a15e-14d3-4244-9fd1-bf81a389d6ef - - - - -] max_local_block_devices = 3 log_opt_values /usr/lib/python3/dist-packages/oslo_config/cfg.py:2602
2026-02-09 00:41:13.493 132100 DEBUG oslo_service.service [req-bad3a15e-14d3-4244-9fd1-bf81a389d6ef - - - - -] max_logfile_count = 30 log_opt_values /usr/lib/python3/dist-packages/oslo_config/cfg.py:2602
2026-02-09 00:41:13.493 132100 DEBUG oslo_service.service [req-bad3a15e-14d3-4244-9fd1-bf81a389d6ef - - - - -] max_logfile_size_mb = 200 log_opt_values /usr/lib/python3/dist-packages/oslo_config/cfg.py:2602
2026-02-09 00:41:13.494 132100 DEBUG oslo_service.service [req-bad3a15e-14d3-4244-9fd1-bf81a389d6ef - - - - -] maximum_instance_delete_attempts = 5 log_opt_values /usr/lib/python3/dist-packages/oslo_config/cfg.py:2602
2026-02-09 00:41:13.494 132100 DEBUG oslo_service.service [req-bad3a15e-14d3-4244-9fd1-bf81a389d6ef - - - - -] metadata_listen = 0.0.0.0 log_opt_values /usr/lib/python3/dist-packages/oslo_config/cfg.py:2602
2026-02-09 00:41:13.492 132874 INFO nova.service [-] Starting scheduler node (version 25.2.1)
2026-02-09 00:41:13.497 132869 DEBUG nova.service [req-9109eb03-f2d5-4df3-be75-10399e1fed00 - - - - -] Creating RPC server for service scheduler start /usr/lib/python3/dist-packages/nova/service.py:182
2026-02-09 00:41:13.495 132100 DEBUG oslo_service.service [req-bad3a15e-14d3-4244-9fd1-bf81a389d6ef - - - - -] metadata_listen_port = 8765 log_opt_values /usr/lib/python3/dist-packages/oslo_config/cfg.py:2602
2026-02-09 00:41:13.497 132100 DEBUG oslo_service.service [req-bad3a15e-14d3-4244-9fd1-bf81a389d6ef - - - - -] metadata_workers = None log_opt_values /usr/lib/python3/dist-packages/oslo_config/cfg.py:2602
2026-02-09 00:41:13.498 132100 DEBUG oslo_service.service [req-bad3a15e-14d3-4244-9fd1-bf81a389d6ef - - - - -] migrate_max_retries = -1 log_opt_values /usr/lib/python3/dist-packages/oslo_config/cfg.py:2602
2026-02-09 00:41:13.498 132100 DEBUG oslo_service.service [req-bad3a15e-14d3-4244-9fd1-bf81a389d6ef - - - - -] mkisofs_cmd = genisoimage log_opt_values /usr/lib/python3/dist-packages/oslo_config/cfg.py:2602
2026-02-09 00:41:13.498 132100 DEBUG oslo_service.service [req-bad3a15e-14d3-4244-9fd1-bf81a389d6ef - - - - -] my_block_storage_ip = 252.241.230.220 log_opt_values /usr/lib/python3/dist-packages/oslo_config/cfg.py:2602
2026-02-09 00:41:13.498 132100 DEBUG oslo_service.service [req-bad3a15e-14d3-4244-9fd1-bf81a389d6ef - - - - -] my_ip = 252.241.230.220 log_opt_values /usr/lib/python3/dist-packages/oslo_config/cfg.py:2602
2026-02-09 00:41:13.498 132100 DEBUG oslo_service.service [req-bad3a15e-14d3-4244-9fd1-bf81a389d6ef - - - - -] network_allocate_retries = 0 log_opt_values /usr/lib/python3/dist-packages/oslo_config/cfg.py:2602
2026-02-09 00:41:13.499 132100 DEBUG oslo_service.service [req-bad3a15e-14d3-4244-9fd1-bf81a389d6ef - - - - -] non_inheritable_image_properties = ['cache_in_nova', 'bittorrent'] log_opt_values /usr/lib/python3/dist-packages/oslo_config/cfg.py:2602
2026-02-09 00:41:13.502 132868 DEBUG nova.service [req-50d06cc8-170f-4566-8aa8-6442838e4e36 - - - - -] Creating RPC server for service scheduler start /usr/lib/python3/dist-packages/nova/service.py:182
2026-02-09 00:41:13.499 132100 DEBUG oslo_service.service [req-bad3a15e-14d3-4244-9fd1-bf81a389d6ef - - - - -] osapi_compute_listen = 0.0.0.0 log_opt_values /usr/lib/python3/dist-packages/oslo_config/cfg.py:2602
2026-02-09 00:41:13.503 132100 DEBUG oslo_service.service [req-bad3a15e-14d3-4244-9fd1-bf81a389d6ef - - - - -] osapi_compute_listen_port = 8764 log_opt_values /usr/lib/python3/dist-packages/oslo_config/cfg.py:2602
2026-02-09 00:41:13.504 132100 DEBUG oslo_service.service [req-bad3a15e-14d3-4244-9fd1-bf81a389d6ef - - - - -] osapi_compute_unique_server_name_scope = log_opt_values /usr/lib/python3/dist-packages/oslo_config/cfg.py:2602
2026-02-09 00:41:13.504 132100 DEBUG oslo_service.service [req-bad3a15e-14d3-4244-9fd1-bf81a389d6ef - - - - -] osapi_compute_workers = 4 log_opt_values /usr/lib/python3/dist-packages/oslo_config/cfg.py:2602
2026-02-09 00:41:13.505 132100 DEBUG oslo_service.service [req-bad3a15e-14d3-4244-9fd1-bf81a389d6ef - - - - -] password_length = 12 log_opt_values /usr/lib/python3/dist-packages/oslo_config/cfg.py:2602
2026-02-09 00:41:13.505 132100 DEBUG oslo_service.service [req-bad3a15e-14d3-4244-9fd1-bf81a389d6ef - - - - -] periodic_enable = True log_opt_values /usr/lib/python3/dist-packages/oslo_config/cfg.py:2602
2026-02-09 00:41:13.505 132100 DEBUG oslo_service.service [req-bad3a15e-14d3-4244-9fd1-bf81a389d6ef - - - - -] periodic_fuzzy_delay = 60 log_opt_values /usr/lib/python3/dist-packages/oslo_config/cfg.py:2602
2026-02-09 00:41:13.508 132100 DEBUG oslo_service.service [req-bad3a15e-14d3-4244-9fd1-bf81a389d6ef - - - - -] pointer_model = usbtablet log_opt_values /usr/lib/python3/dist-packages/oslo_config/cfg.py:2602
2026-02-09 00:41:13.508 132100 DEBUG oslo_service.service [req-bad3a15e-14d3-4244-9fd1-bf81a389d6ef - - - - -] preallocate_images = none log_opt_values /usr/lib/python3/dist-packages/oslo_config/cfg.py:2602
2026-02-09 00:41:13.509 132100 DEBUG oslo_service.service [req-bad3a15e-14d3-4244-9fd1-bf81a389d6ef - - - - -] publish_errors = False log_opt_values /usr/lib/python3/dist-packages/oslo_config/cfg.py:2602
2026-02-09 00:41:13.509 132100 DEBUG oslo_service.service [req-bad3a15e-14d3-4244-9fd1-bf81a389d6ef - - - - -] pybasedir = /usr/lib/python3/dist-packages log_opt_values /usr/lib/python3/dist-packages/oslo_config/cfg.py:2602
2026-02-09 00:41:13.509 132100 DEBUG oslo_service.service [req-bad3a15e-14d3-4244-9fd1-bf81a389d6ef - - - - -] ram_allocation_ratio = 0.98 log_opt_values /usr/lib/python3/dist-packages/oslo_config/cfg.py:2602
2026-02-09 00:41:13.510 132100 DEBUG oslo_service.service [req-bad3a15e-14d3-4244-9fd1-bf81a389d6ef - - - - -] rate_limit_burst = 0 log_opt_values /usr/lib/python3/dist-packages/oslo_config/cfg.py:2602
2026-02-09 00:41:13.510 132100 DEBUG oslo_service.service [req-bad3a15e-14d3-4244-9fd1-bf81a389d6ef - - - - -] rate_limit_except_level = CRITICAL log_opt_values /usr/lib/python3/dist-packages/oslo_config/cfg.py:2602
2026-02-09 00:41:13.511 132100 DEBUG oslo_service.service [req-bad3a15e-14d3-4244-9fd1-bf81a389d6ef - - - - -] rate_limit_interval = 0 log_opt_values /usr/lib/python3/dist-packages/oslo_config/cfg.py:2602
2026-02-09 00:41:13.511 132100 DEBUG oslo_service.service [req-bad3a15e-14d3-4244-9fd1-bf81a389d6ef - - - - -] reboot_timeout = 0 log_opt_values /usr/lib/python3/dist-packages/oslo_config/cfg.py:2602
2026-02-09 00:41:13.511 132100 DEBUG oslo_service.service [req-bad3a15e-14d3-4244-9fd1-bf81a389d6ef - - - - -] reclaim_instance_interval = 0 log_opt_values /usr/lib/python3/dist-packages/oslo_config/cfg.py:2602
2026-02-09 00:41:13.511 132100 DEBUG oslo_service.service [req-bad3a15e-14d3-4244-9fd1-bf81a389d6ef - - - - -] record = None log_opt_values /usr/lib/python3/dist-packages/oslo_config/cfg.py:2602
2026-02-09 00:41:13.511 132100 DEBUG oslo_service.service [req-bad3a15e-14d3-4244-9fd1-bf81a389d6ef - - - - -] report_interval = 10 log_opt_values /usr/lib/python3/dist-packages/oslo_config/cfg.py:2602
2026-02-09 00:41:13.511 132100 DEBUG oslo_service.service [req-bad3a15e-14d3-4244-9fd1-bf81a389d6ef - - - - -] rescue_timeout = 0 log_opt_values /usr/lib/python3/dist-packages/oslo_config/cfg.py:2602
