2026-02-09 00:39:59.289 126589 DEBUG oslo_service.service [req-f6b5fa4a-0d15-434d-b530-2d0945a46943 - - - - -] cinder.collect_timing = False log_opt_values /usr/lib/python3/dist-packages/oslo_config/cfg.py:2609
2026-02-09 00:39:59.289 126589 DEBUG oslo_service.service [req-f6b5fa4a-0d15-434d-b530-2d0945a46943 - - - - -] cinder.cross_az_attach = True log_opt_values /usr/lib/python3/dist-packages/oslo_config/cfg.py:2609
2026-02-09 00:39:59.289 126589 DEBUG oslo_service.service [req-f6b5fa4a-0d15-434d-b530-2d0945a46943 - - - - -] cinder.debug = False log_opt_values /usr/lib/python3/dist-packages/oslo_config/cfg.py:2609
2026-02-09 00:39:59.289 126589 DEBUG oslo_service.service [req-f6b5fa4a-0d15-434d-b530-2d0945a46943 - - - - -] cinder.endpoint_template = None log_opt_values /usr/lib/python3/dist-packages/oslo_config/cfg.py:2609
2026-02-09 00:39:59.289 126589 DEBUG oslo_service.service [req-f6b5fa4a-0d15-434d-b530-2d0945a46943 - - - - -] cinder.http_retries = 3 log_opt_values /usr/lib/python3/dist-packages/oslo_config/cfg.py:2609
2026-02-09 00:39:59.290 126589 DEBUG oslo_service.service [req-f6b5fa4a-0d15-434d-b530-2d0945a46943 - - - - -] cinder.insecure = False log_opt_values /usr/lib/python3/dist-packages/oslo_config/cfg.py:2609
2026-02-09 00:39:59.290 126589 DEBUG oslo_service.service [req-f6b5fa4a-0d15-434d-b530-2d0945a46943 - - - - -] cinder.keyfile = None log_opt_values /usr/lib/python3/dist-packages/oslo_config/cfg.py:2609
2026-02-09 00:39:59.290 126589 DEBUG oslo_service.service [req-f6b5fa4a-0d15-434d-b530-2d0945a46943 - - - - -] cinder.os_region_name = None log_opt_values /usr/lib/python3/dist-packages/oslo_config/cfg.py:2609
2026-02-09 00:39:59.290 126589 DEBUG oslo_service.service [req-f6b5fa4a-0d15-434d-b530-2d0945a46943 - - - - -] cinder.split_loggers = False log_opt_values /usr/lib/python3/dist-packages/oslo_config/cfg.py:2609
2026-02-09 00:39:59.290 126589 DEBUG oslo_service.service [req-f6b5fa4a-0d15-434d-b530-2d0945a46943 - - - - -] cinder.timeout = None log_opt_values /usr/lib/python3/dist-packages/oslo_config/cfg.py:2609
2026-02-09 00:39:59.290 126589 DEBUG oslo_service.service [req-f6b5fa4a-0d15-434d-b530-2d0945a46943 - - - - -] compute.consecutive_build_service_disable_threshold = 10 log_opt_values /usr/lib/python3/dist-packages/oslo_config/cfg.py:2609
2026-02-09 00:39:59.290 126589 DEBUG oslo_service.service [req-f6b5fa4a-0d15-434d-b530-2d0945a46943 - - - - -] compute.cpu_dedicated_set = None log_opt_values /usr/lib/python3/dist-packages/oslo_config/cfg.py:2609
2026-02-09 00:39:59.291 126589 DEBUG oslo_service.service [req-f6b5fa4a-0d15-434d-b530-2d0945a46943 - - - - -] compute.cpu_shared_set = None log_opt_values /usr/lib/python3/dist-packages/oslo_config/cfg.py:2609
2026-02-09 00:39:59.291 126589 DEBUG oslo_service.service [req-f6b5fa4a-0d15-434d-b530-2d0945a46943 - - - - -] compute.image_type_exclude_list = [] log_opt_values /usr/lib/python3/dist-packages/oslo_config/cfg.py:2609
2026-02-09 00:39:59.291 126589 DEBUG oslo_service.service [req-f6b5fa4a-0d15-434d-b530-2d0945a46943 - - - - -] compute.live_migration_wait_for_vif_plug = True log_opt_values /usr/lib/python3/dist-packages/oslo_config/cfg.py:2609
2026-02-09 00:39:59.291 126589 DEBUG oslo_service.service [req-f6b5fa4a-0d15-434d-b530-2d0945a46943 - - - - -] compute.max_concurrent_disk_ops = 0 log_opt_values /usr/lib/python3/dist-packages/oslo_config/cfg.py:2609
2026-02-09 00:39:59.291 126589 DEBUG oslo_service.service [req-f6b5fa4a-0d15-434d-b530-2d0945a46943 - - - - -] compute.max_disk_devices_to_attach = -1 log_opt_values /usr/lib/python3/dist-packages/oslo_config/cfg.py:2609
2026-02-09 00:39:59.291 126589 DEBUG oslo_service.service [req-f6b5fa4a-0d15-434d-b530-2d0945a46943 - - - - -] compute.packing_host_numa_cells_allocation_strategy = True log_opt_values /usr/lib/python3/dist-packages/oslo_config/cfg.py:2609
2026-02-09 00:39:59.292 126589 DEBUG oslo_service.service [req-f6b5fa4a-0d15-434d-b530-2d0945a46943 - - - - -] compute.provider_config_location = /etc/nova/provider_config/ log_opt_values /usr/lib/python3/dist-packages/oslo_config/cfg.py:2609
2026-02-09 00:39:59.292 126589 DEBUG oslo_service.service [req-f6b5fa4a-0d15-434d-b530-2d0945a46943 - - - - -] compute.resource_provider_association_refresh = 300 log_opt_values /usr/lib/python3/dist-packages/oslo_config/cfg.py:2609
2026-02-09 00:39:59.292 126589 DEBUG oslo_service.service [req-f6b5fa4a-0d15-434d-b530-2d0945a46943 - - - - -] compute.shutdown_retry_interval = 10 log_opt_values /usr/lib/python3/dist-packages/oslo_config/cfg.py:2609
2026-02-09 00:39:59.292 126589 DEBUG oslo_service.service [req-f6b5fa4a-0d15-434d-b530-2d0945a46943 - - - - -] compute.vmdk_allowed_types = ['streamOptimized', 'monolithicSparse'] log_opt_values /usr/lib/python3/dist-packages/oslo_config/cfg.py:2609
2026-02-09 00:39:59.292 126589 DEBUG oslo_service.service [req-f6b5fa4a-0d15-434d-b530-2d0945a46943 - - - - -] conductor.workers = 4 log_opt_values /usr/lib/python3/dist-packages/oslo_config/cfg.py:2609
2026-02-09 00:39:59.292 126589 DEBUG oslo_service.service [req-f6b5fa4a-0d15-434d-b530-2d0945a46943 - - - - -] console.allowed_origins = [] log_opt_values /usr/lib/python3/dist-packages/oslo_config/cfg.py:2609
2026-02-09 00:39:59.290 128003 DEBUG oslo_messaging._drivers.amqpdriver [-] Listener is running poll /usr/lib/python3/dist-packages/oslo_messaging/_drivers/amqpdriver.py:343
2026-02-09 00:39:59.293 126589 DEBUG oslo_service.service [req-f6b5fa4a-0d15-434d-b530-2d0945a46943 - - - - -] console.ssl_ciphers = None log_opt_values /usr/lib/python3/dist-packages/oslo_config/cfg.py:2609
2026-02-09 00:39:59.295 128008 DEBUG oslo_messaging._drivers.amqpdriver [-] Listener is running poll /usr/lib/python3/dist-packages/oslo_messaging/_drivers/amqpdriver.py:343
2026-02-09 00:39:59.295 128008 DEBUG oslo_messaging._drivers.amqpdriver [-] AMQPListener connection consume poll /usr/lib/python3/dist-packages/oslo_messaging/_drivers/amqpdriver.py:357
2026-02-09 00:39:59.295 126589 DEBUG oslo_service.service [req-f6b5fa4a-0d15-434d-b530-2d0945a46943 - - - - -] console.ssl_minimum_version = default log_opt_values /usr/lib/python3/dist-packages/oslo_config/cfg.py:2609
2026-02-09 00:39:59.296 126589 DEBUG oslo_service.service [req-f6b5fa4a-0d15-434d-b530-2d0945a46943 - - - - -] consoleauth.token_ttl = 600 log_opt_values /usr/lib/python3/dist-packages/oslo_config/cfg.py:2609
2026-02-09 00:39:59.296 126589 DEBUG oslo_service.service [req-f6b5fa4a-0d15-434d-b530-2d0945a46943 - - - - -] cyborg.cafile = None log_opt_values /usr/lib/python3/dist-packages/oslo_config/cfg.py:2609
2026-02-09 00:39:59.296 126589 DEBUG oslo_service.service [req-f6b5fa4a-0d15-434d-b530-2d0945a46943 - - - - -] cyborg.certfile = None log_opt_values /usr/lib/python3/dist-packages/oslo_config/cfg.py:2609
2026-02-09 00:39:59.296 126589 DEBUG oslo_service.service [req-f6b5fa4a-0d15-434d-b530-2d0945a46943 - - - - -] cyborg.collect_timing = False log_opt_values /usr/lib/python3/dist-packages/oslo_config/cfg.py:2609
2026-02-09 00:39:59.296 128008 DEBUG nova.service [req-edc633f3-8e99-4d8e-be7e-a4eae5d82ac2 - - - - -] Join ServiceGroup membership for this service scheduler start /usr/lib/python3/dist-packages/nova/service.py:199
2026-02-09 00:39:59.296 126589 DEBUG oslo_service.service [req-f6b5fa4a-0d15-434d-b530-2d0945a46943 - - - - -] cyborg.connect_retries = None log_opt_values /usr/lib/python3/dist-packages/oslo_config/cfg.py:2609
2026-02-09 00:39:59.297 126589 DEBUG oslo_service.service [req-f6b5fa4a-0d15-434d-b530-2d0945a46943 - - - - -] cyborg.connect_retry_delay = None log_opt_values /usr/lib/python3/dist-packages/oslo_config/cfg.py:2609
2026-02-09 00:39:59.296 128003 DEBUG oslo_messaging._drivers.amqpdriver [-] AMQPListener connection consume poll /usr/lib/python3/dist-packages/oslo_messaging/_drivers/amqpdriver.py:357
2026-02-09 00:39:59.297 126589 DEBUG oslo_service.service [req-f6b5fa4a-0d15-434d-b530-2d0945a46943 - - - - -] cyborg.endpoint_override = None log_opt_values /usr/lib/python3/dist-packages/oslo_config/cfg.py:2609
2026-02-09 00:39:59.297 126589 DEBUG oslo_service.service [req-f6b5fa4a-0d15-434d-b530-2d0945a46943 - - - - -] cyborg.insecure = False log_opt_values /usr/lib/python3/dist-packages/oslo_config/cfg.py:2609
2026-02-09 00:39:59.297 126589 DEBUG oslo_service.service [req-f6b5fa4a-0d15-434d-b530-2d0945a46943 - - - - -] cyborg.keyfile = None log_opt_values /usr/lib/python3/dist-packages/oslo_config/cfg.py:2609
2026-02-09 00:39:59.297 126589 DEBUG oslo_service.service [req-f6b5fa4a-0d15-434d-b530-2d0945a46943 - - - - -] cyborg.max_version = None log_opt_values /usr/lib/python3/dist-packages/oslo_config/cfg.py:2609
2026-02-09 00:39:59.297 126589 DEBUG oslo_service.service [req-f6b5fa4a-0d15-434d-b530-2d0945a46943 - - - - -] cyborg.min_version = None log_opt_values /usr/lib/python3/dist-packages/oslo_config/cfg.py:2609
2026-02-09 00:39:59.298 126589 DEBUG oslo_service.service [req-f6b5fa4a-0d15-434d-b530-2d0945a46943 - - - - -] cyborg.region_name = None log_opt_values /usr/lib/python3/dist-packages/oslo_config/cfg.py:2609
2026-02-09 00:39:59.298 126589 DEBUG oslo_service.service [req-f6b5fa4a-0d15-434d-b530-2d0945a46943 - - - - -] cyborg.service_name = None log_opt_values /usr/lib/python3/dist-packages/oslo_config/cfg.py:2609
2026-02-09 00:39:59.298 126589 DEBUG oslo_service.service [req-f6b5fa4a-0d15-434d-b530-2d0945a46943 - - - - -] cyborg.service_type = accelerator log_opt_values /usr/lib/python3/dist-packages/oslo_config/cfg.py:2609
2026-02-09 00:39:59.298 126589 DEBUG oslo_service.service [req-f6b5fa4a-0d15-434d-b530-2d0945a46943 - - - - -] cyborg.split_loggers = False log_opt_values /usr/lib/python3/dist-packages/oslo_config/cfg.py:2609
2026-02-09 00:39:59.297 128008 DEBUG nova.servicegroup.drivers.db [req-edc633f3-8e99-4d8e-be7e-a4eae5d82ac2 - - - - -] DB_Driver: join new ServiceGroup member juju-8acb4c-0-lxd-7 to the scheduler group, service = join /usr/lib/python3/dist-packages/nova/servicegroup/drivers/db.py:44
2026-02-09 00:39:59.298 126589 DEBUG oslo_service.service [req-f6b5fa4a-0d15-434d-b530-2d0945a46943 - - - - -] cyborg.status_code_retries = None log_opt_values /usr/lib/python3/dist-packages/oslo_config/cfg.py:2609
2026-02-09 00:39:59.298 126589 DEBUG oslo_service.service [req-f6b5fa4a-0d15-434d-b530-2d0945a46943 - - - - -] cyborg.status_code_retry_delay = None log_opt_values /usr/lib/python3/dist-packages/oslo_config/cfg.py:2609
2026-02-09 00:39:59.298 128006 DEBUG oslo_messaging._drivers.amqpdriver [-] Listener is running poll /usr/lib/python3/dist-packages/oslo_messaging/_drivers/amqpdriver.py:343
2026-02-09 00:39:59.299 126589 DEBUG oslo_service.service [req-f6b5fa4a-0d15-434d-b530-2d0945a46943 - - - - -] cyborg.timeout = None log_opt_values /usr/lib/python3/dist-packages/oslo_config/cfg.py:2609
2026-02-09 00:39:59.299 126589 DEBUG oslo_service.service [req-f6b5fa4a-0d15-434d-b530-2d0945a46943 - - - - -] cyborg.valid_interfaces = ['internal', 'public'] log_opt_values /usr/lib/python3/dist-packages/oslo_config/cfg.py:2609
2026-02-09 00:39:59.299 126589 DEBUG oslo_service.service [req-f6b5fa4a-0d15-434d-b530-2d0945a46943 - - - - -] cyborg.version = None log_opt_values /usr/lib/python3/dist-packages/oslo_config/cfg.py:2609
2026-02-09 00:39:59.298 128004 DEBUG oslo_messaging._drivers.amqpdriver [-] Listener is running poll /usr/lib/python3/dist-packages/oslo_messaging/_drivers/amqpdriver.py:343
2026-02-09 00:39:59.299 126589 DEBUG oslo_service.service [req-f6b5fa4a-0d15-434d-b530-2d0945a46943 - - - - -] database.backend = sqlalchemy log_opt_values /usr/lib/python3/dist-packages/oslo_config/cfg.py:2609
2026-02-09 00:39:59.299 126589 DEBUG oslo_service.service [req-f6b5fa4a-0d15-434d-b530-2d0945a46943 - - - - -] database.connection = **** log_opt_values /usr/lib/python3/dist-packages/oslo_config/cfg.py:2609
2026-02-09 00:39:59.299 128004 DEBUG oslo_messaging._drivers.amqpdriver [-] AMQPListener connection consume poll /usr/lib/python3/dist-packages/oslo_messaging/_drivers/amqpdriver.py:357
2026-02-09 00:39:59.299 128003 DEBUG nova.service [req-ab6e0d51-bec6-43e9-9325-1e1c1fd974cf - - - - -] Join ServiceGroup membership for this service scheduler start /usr/lib/python3/dist-packages/nova/service.py:199
2026-02-09 00:39:59.299 126589 DEBUG oslo_service.service [req-f6b5fa4a-0d15-434d-b530-2d0945a46943 - - - - -] database.connection_debug = 0 log_opt_values /usr/lib/python3/dist-packages/oslo_config/cfg.py:2609
2026-02-09 00:39:59.300 126589 DEBUG oslo_service.service [req-f6b5fa4a-0d15-434d-b530-2d0945a46943 - - - - -] database.connection_parameters = log_opt_values /usr/lib/python3/dist-packages/oslo_config/cfg.py:2609
2026-02-09 00:39:59.299 128006 DEBUG oslo_messaging._drivers.amqpdriver [-] AMQPListener connection consume poll /usr/lib/python3/dist-packages/oslo_messaging/_drivers/amqpdriver.py:357
2026-02-09 00:39:59.300 126589 DEBUG oslo_service.service [req-f6b5fa4a-0d15-434d-b530-2d0945a46943 - - - - -] database.connection_recycle_time = 3600 log_opt_values /usr/lib/python3/dist-packages/oslo_config/cfg.py:2609
2026-02-09 00:39:59.300 126589 DEBUG oslo_service.service [req-f6b5fa4a-0d15-434d-b530-2d0945a46943 - - - - -] database.connection_trace = False log_opt_values /usr/lib/python3/dist-packages/oslo_config/cfg.py:2609
2026-02-09 00:39:59.300 128003 DEBUG nova.servicegroup.drivers.db [req-ab6e0d51-bec6-43e9-9325-1e1c1fd974cf - - - - -] DB_Driver: join new ServiceGroup member juju-8acb4c-0-lxd-7 to the scheduler group, service = join /usr/lib/python3/dist-packages/nova/servicegroup/drivers/db.py:44
2026-02-09 00:39:59.300 126589 DEBUG oslo_service.service [req-f6b5fa4a-0d15-434d-b530-2d0945a46943 - - - - -] database.db_inc_retry_interval = True log_opt_values /usr/lib/python3/dist-packages/oslo_config/cfg.py:2609
2026-02-09 00:39:59.300 126589 DEBUG oslo_service.service [req-f6b5fa4a-0d15-434d-b530-2d0945a46943 - - - - -] database.db_max_retries = 20 log_opt_values /usr/lib/python3/dist-packages/oslo_config/cfg.py:2609
2026-02-09 00:39:59.300 126589 DEBUG oslo_service.service [req-f6b5fa4a-0d15-434d-b530-2d0945a46943 - - - - -] database.db_max_retry_interval = 10 log_opt_values /usr/lib/python3/dist-packages/oslo_config/cfg.py:2609
2026-02-09 00:39:59.300 128006 DEBUG nova.service [req-1afc6c4b-5f11-4aae-945c-0c86b8e587a1 - - - - -] Join ServiceGroup membership for this service scheduler start /usr/lib/python3/dist-packages/nova/service.py:199
2026-02-09 00:39:59.300 128004 DEBUG nova.service [req-b4f2b20a-6b71-4bde-bdfc-19cabb2fc87c - - - - -] Join ServiceGroup membership for this service scheduler start /usr/lib/python3/dist-packages/nova/service.py:199
2026-02-09 00:39:59.301 126589 DEBUG oslo_service.service [req-f6b5fa4a-0d15-434d-b530-2d0945a46943 - - - - -] database.db_retry_interval = 1 log_opt_values /usr/lib/python3/dist-packages/oslo_config/cfg.py:2609
2026-02-09 00:39:59.301 128006 DEBUG nova.servicegroup.drivers.db [req-1afc6c4b-5f11-4aae-945c-0c86b8e587a1 - - - - -] DB_Driver: join new ServiceGroup member juju-8acb4c-0-lxd-7 to the scheduler group, service = join /usr/lib/python3/dist-packages/nova/servicegroup/drivers/db.py:44
2026-02-09 00:39:59.301 126589 DEBUG oslo_service.service [req-f6b5fa4a-0d15-434d-b530-2d0945a46943 - - - - -] database.max_overflow = 50 log_opt_values /usr/lib/python3/dist-packages/oslo_config/cfg.py:2609
2026-02-09 00:39:59.301 128004 DEBUG nova.servicegroup.drivers.db [req-b4f2b20a-6b71-4bde-bdfc-19cabb2fc87c - - - - -] DB_Driver: join new ServiceGroup member juju-8acb4c-0-lxd-7 to the scheduler group, service = join /usr/lib/python3/dist-packages/nova/servicegroup/drivers/db.py:44
2026-02-09 00:39:59.301 126589 DEBUG oslo_service.service [req-f6b5fa4a-0d15-434d-b530-2d0945a46943 - - - - -] database.max_pool_size = 4 log_opt_values /usr/lib/python3/dist-packages/oslo_config/cfg.py:2609
2026-02-09 00:39:59.301 126589 DEBUG oslo_service.service [req-f6b5fa4a-0d15-434d-b530-2d0945a46943 - - - - -] database.max_retries = 10 log_opt_values /usr/lib/python3/dist-packages/oslo_config/cfg.py:2609
2026-02-09 00:39:59.301 126589 DEBUG oslo_service.service [req-f6b5fa4a-0d15-434d-b530-2d0945a46943 - - - - -] database.mysql_enable_ndb = False log_opt_values /usr/lib/python3/dist-packages/oslo_config/cfg.py:2609
2026-02-09 00:39:59.301 126589 DEBUG oslo_service.service [req-f6b5fa4a-0d15-434d-b530-2d0945a46943 - - - - -] database.mysql_sql_mode = TRADITIONAL log_opt_values /usr/lib/python3/dist-packages/oslo_config/cfg.py:2609
2026-02-09 00:39:59.302 126589 DEBUG oslo_service.service [req-f6b5fa4a-0d15-434d-b530-2d0945a46943 - - - - -] database.pool_timeout = None log_opt_values /usr/lib/python3/dist-packages/oslo_config/cfg.py:2609
2026-02-09 00:39:59.302 126589 DEBUG oslo_service.service [req-f6b5fa4a-0d15-434d-b530-2d0945a46943 - - - - -] database.retry_interval = 10 log_opt_values /usr/lib/python3/dist-packages/oslo_config/cfg.py:2609
2026-02-09 00:39:59.302 126589 DEBUG oslo_service.service [req-f6b5fa4a-0d15-434d-b530-2d0945a46943 - - - - -] database.slave_connection = **** log_opt_values /usr/lib/python3/dist-packages/oslo_config/cfg.py:2609
2026-02-09 00:39:59.302 126589 DEBUG oslo_service.service [req-f6b5fa4a-0d15-434d-b530-2d0945a46943 - - - - -] database.sqlite_synchronous = True log_opt_values /usr/lib/python3/dist-packages/oslo_config/cfg.py:2609
2026-02-09 00:39:59.302 126589 DEBUG oslo_service.service [req-f6b5fa4a-0d15-434d-b530-2d0945a46943 - - - - -] database.use_db_reconnect = False log_opt_values /usr/lib/python3/dist-packages/oslo_config/cfg.py:2609
2026-02-09 00:39:59.302 126589 DEBUG oslo_service.service [req-f6b5fa4a-0d15-434d-b530-2d0945a46943 - - - - -] api_database.backend = sqlalchemy log_opt_values /usr/lib/python3/dist-packages/oslo_config/cfg.py:2609
2026-02-09 00:39:59.302 126589 DEBUG oslo_service.service [req-f6b5fa4a-0d15-434d-b530-2d0945a46943 - - - - -] api_database.connection = **** log_opt_values /usr/lib/python3/dist-packages/oslo_config/cfg.py:2609
2026-02-09 00:39:59.303 126589 DEBUG oslo_service.service [req-f6b5fa4a-0d15-434d-b530-2d0945a46943 - - - - -] api_database.connection_debug = 0 log_opt_values /usr/lib/python3/dist-packages/oslo_config/cfg.py:2609
2026-02-09 00:39:59.303 126589 DEBUG oslo_service.service [req-f6b5fa4a-0d15-434d-b530-2d0945a46943 - - - - -] api_database.connection_parameters = log_opt_values /usr/lib/python3/dist-packages/oslo_config/cfg.py:2609
2026-02-09 00:39:59.303 128008 DEBUG oslo_messaging._drivers.amqpdriver [-] AMQPListener connection timeout poll /usr/lib/python3/dist-packages/oslo_messaging/_drivers/amqpdriver.py:360
2026-02-09 00:39:59.303 128008 DEBUG oslo_messaging._drivers.amqpdriver [-] Listener is running poll /usr/lib/python3/dist-packages/oslo_messaging/_drivers/amqpdriver.py:343
2026-02-09 00:39:59.303 126589 DEBUG oslo_service.service [req-f6b5fa4a-0d15-434d-b530-2d0945a46943 - - - - -] api_database.connection_recycle_time = 3600 log_opt_values /usr/lib/python3/dist-packages/oslo_config/cfg.py:2609
2026-02-09 00:39:59.303 128008 DEBUG oslo_messaging._drivers.amqpdriver [-] AMQPListener connection consume poll /usr/lib/python3/dist-packages/oslo_messaging/_drivers/amqpdriver.py:357
2026-02-09 00:39:59.303 126589 DEBUG oslo_service.service [req-f6b5fa4a-0d15-434d-b530-2d0945a46943 - - - - -] api_database.connection_trace = False log_opt_values /usr/lib/python3/dist-packages/oslo_config/cfg.py:2609
2026-02-09 00:39:59.303 126589 DEBUG oslo_service.service [req-f6b5fa4a-0d15-434d-b530-2d0945a46943 - - - - -] api_database.db_inc_retry_interval = True log_opt_values /usr/lib/python3/dist-packages/oslo_config/cfg.py:2609
2026-02-09 00:39:59.303 126589 DEBUG oslo_service.service [req-f6b5fa4a-0d15-434d-b530-2d0945a46943 - - - - -] api_database.db_max_retries = 20 log_opt_values /usr/lib/python3/dist-packages/oslo_config/cfg.py:2609
2026-02-09 00:39:59.304 126589 DEBUG oslo_service.service [req-f6b5fa4a-0d15-434d-b530-2d0945a46943 - - - - -] api_database.db_max_retry_interval = 10 log_opt_values /usr/lib/python3/dist-packages/oslo_config/cfg.py:2609
2026-02-09 00:39:59.303 128003 DEBUG oslo_messaging._drivers.amqpdriver [-] AMQPListener connection timeout poll /usr/lib/python3/dist-packages/oslo_messaging/_drivers/amqpdriver.py:360
2026-02-09 00:39:59.303 128004 DEBUG oslo_messaging._drivers.amqpdriver [-] AMQPListener connection timeout poll /usr/lib/python3/dist-packages/oslo_messaging/_drivers/amqpdriver.py:360
2026-02-09 00:39:59.304 128006 DEBUG oslo_messaging._drivers.amqpdriver [-] AMQPListener connection timeout poll /usr/lib/python3/dist-packages/oslo_messaging/_drivers/amqpdriver.py:360
2026-02-09 00:39:59.304 128004 DEBUG oslo_messaging._drivers.amqpdriver [-] Listener is running poll /usr/lib/python3/dist-packages/oslo_messaging/_drivers/amqpdriver.py:343
2026-02-09 00:39:59.304 126589 DEBUG oslo_service.service [req-f6b5fa4a-0d15-434d-b530-2d0945a46943 - - - - -] api_database.db_retry_interval = 1 log_opt_values /usr/lib/python3/dist-packages/oslo_config/cfg.py:2609
2026-02-09 00:39:59.304 128004 DEBUG oslo_messaging._drivers.amqpdriver [-] AMQPListener connection consume poll /usr/lib/python3/dist-packages/oslo_messaging/_drivers/amqpdriver.py:357
2026-02-09 00:39:59.304 128003 DEBUG oslo_messaging._drivers.amqpdriver [-] Listener is running poll /usr/lib/python3/dist-packages/oslo_messaging/_drivers/amqpdriver.py:343
2026-02-09 00:39:59.304 128006 DEBUG oslo_messaging._drivers.amqpdriver [-] Listener is running poll /usr/lib/python3/dist-packages/oslo_messaging/_drivers/amqpdriver.py:343
2026-02-09 00:39:59.304 126589 DEBUG oslo_service.service [req-f6b5fa4a-0d15-434d-b530-2d0945a46943 - - - - -] api_database.max_overflow = 50 log_opt_values /usr/lib/python3/dist-packages/oslo_config/cfg.py:2609
2026-02-09 00:39:59.304 128006 DEBUG oslo_messaging._drivers.amqpdriver [-] AMQPListener connection consume poll /usr/lib/python3/dist-packages/oslo_messaging/_drivers/amqpdriver.py:357
2026-02-09 00:39:59.304 128003 DEBUG oslo_messaging._drivers.amqpdriver [-] AMQPListener connection consume poll /usr/lib/python3/dist-packages/oslo_messaging/_drivers/amqpdriver.py:357
2026-02-09 00:39:59.304 126589 DEBUG oslo_service.service [req-f6b5fa4a-0d15-434d-b530-2d0945a46943 - - - - -] api_database.max_pool_size = 4 log_opt_values /usr/lib/python3/dist-packages/oslo_config/cfg.py:2609
2026-02-09 00:39:59.304 126589 DEBUG oslo_service.service [req-f6b5fa4a-0d15-434d-b530-2d0945a46943 - - - - -] api_database.max_retries = 10 log_opt_values /usr/lib/python3/dist-packages/oslo_config/cfg.py:2609
2026-02-09 00:39:59.304 126589 DEBUG oslo_service.service [req-f6b5fa4a-0d15-434d-b530-2d0945a46943 - - - - -] api_database.mysql_enable_ndb = False log_opt_values /usr/lib/python3/dist-packages/oslo_config/cfg.py:2609
2026-02-09 00:39:59.304 126589 DEBUG oslo_service.service [req-f6b5fa4a-0d15-434d-b530-2d0945a46943 - - - - -] api_database.mysql_sql_mode = TRADITIONAL log_opt_values /usr/lib/python3/dist-packages/oslo_config/cfg.py:2609
2026-02-09 00:39:59.305 126589 DEBUG oslo_service.service [req-f6b5fa4a-0d15-434d-b530-2d0945a46943 - - - - -] api_database.pool_timeout = None log_opt_values /usr/lib/python3/dist-packages/oslo_config/cfg.py:2609
2026-02-09 00:39:59.305 126589 DEBUG oslo_service.service [req-f6b5fa4a-0d15-434d-b530-2d0945a46943 - - - - -] api_database.retry_interval = 10 log_opt_values /usr/lib/python3/dist-packages/oslo_config/cfg.py:2609
2026-02-09 00:39:59.305 126589 DEBUG oslo_service.service [req-f6b5fa4a-0d15-434d-b530-2d0945a46943 - - - - -] api_database.slave_connection = **** log_opt_values /usr/lib/python3/dist-packages/oslo_config/cfg.py:2609
2026-02-09 00:39:59.305 126589 DEBUG oslo_service.service [req-f6b5fa4a-0d15-434d-b530-2d0945a46943 - - - - -] api_database.sqlite_synchronous = True log_opt_values /usr/lib/python3/dist-packages/oslo_config/cfg.py:2609
2026-02-09 00:39:59.305 126589 DEBUG oslo_service.service [req-f6b5fa4a-0d15-434d-b530-2d0945a46943 - - - - -] devices.enabled_mdev_types = [] log_opt_values /usr/lib/python3/dist-packages/oslo_config/cfg.py:2609
2026-02-09 00:39:59.305 126589 DEBUG oslo_service.service [req-f6b5fa4a-0d15-434d-b530-2d0945a46943 - - - - -] ephemeral_storage_encryption.cipher = aes-xts-plain64 log_opt_values /usr/lib/python3/dist-packages/oslo_config/cfg.py:2609
2026-02-09 00:39:59.306 126589 DEBUG oslo_service.service [req-f6b5fa4a-0d15-434d-b530-2d0945a46943 - - - - -] ephemeral_storage_encryption.enabled = False log_opt_values /usr/lib/python3/dist-packages/oslo_config/cfg.py:2609
2026-02-09 00:39:59.306 126589 DEBUG oslo_service.service [req-f6b5fa4a-0d15-434d-b530-2d0945a46943 - - - - -] ephemeral_storage_encryption.key_size = 512 log_opt_values /usr/lib/python3/dist-packages/oslo_config/cfg.py:2609
2026-02-09 00:39:59.306 126589 WARNING oslo_config.cfg [req-f6b5fa4a-0d15-434d-b530-2d0945a46943 - - - - -] Deprecated: Option "api_servers" from group "glance" is deprecated for removal ( Support for image service configuration via standard keystoneauth1 Adapter options was added in the 17.0.0 Queens release. The api_servers option was retained temporarily to allow consumers time to cut over to a real load balancing solution. ). Its value may be silently ignored in the future.
2026-02-09 00:39:59.306 126589 DEBUG oslo_service.service [req-f6b5fa4a-0d15-434d-b530-2d0945a46943 - - - - -] glance.api_servers = ['http://252.241.223.103:9292'] log_opt_values /usr/lib/python3/dist-packages/oslo_config/cfg.py:2609
2026-02-09 00:39:59.307 126589 DEBUG oslo_service.service [req-f6b5fa4a-0d15-434d-b530-2d0945a46943 - - - - -] glance.cafile = None log_opt_values /usr/lib/python3/dist-packages/oslo_config/cfg.py:2609
2026-02-09 00:39:59.307 126589 DEBUG oslo_service.service [req-f6b5fa4a-0d15-434d-b530-2d0945a46943 - - - - -] glance.certfile = None log_opt_values /usr/lib/python3/dist-packages/oslo_config/cfg.py:2609
2026-02-09 00:39:59.307 126589 DEBUG oslo_service.service [req-f6b5fa4a-0d15-434d-b530-2d0945a46943 - - - - -] glance.collect_timing = False log_opt_values /usr/lib/python3/dist-packages/oslo_config/cfg.py:2609
2026-02-09 00:39:59.307 126589 DEBUG oslo_service.service [req-f6b5fa4a-0d15-434d-b530-2d0945a46943 - - - - -] glance.connect_retries = None log_opt_values /usr/lib/python3/dist-packages/oslo_config/cfg.py:2609
2026-02-09 00:39:59.307 126589 DEBUG oslo_service.service [req-f6b5fa4a-0d15-434d-b530-2d0945a46943 - - - - -] glance.connect_retry_delay = None log_opt_values /usr/lib/python3/dist-packages/oslo_config/cfg.py:2609
2026-02-09 00:39:59.307 126589 DEBUG oslo_service.service [req-f6b5fa4a-0d15-434d-b530-2d0945a46943 - - - - -] glance.debug = False log_opt_values /usr/lib/python3/dist-packages/oslo_config/cfg.py:2609
2026-02-09 00:39:59.308 126589 DEBUG oslo_service.service [req-f6b5fa4a-0d15-434d-b530-2d0945a46943 - - - - -] glance.default_trusted_certificate_ids = [] log_opt_values /usr/lib/python3/dist-packages/oslo_config/cfg.py:2609
2026-02-09 00:39:59.308 126589 DEBUG oslo_service.service [req-f6b5fa4a-0d15-434d-b530-2d0945a46943 - - - - -] glance.enable_certificate_validation = False log_opt_values /usr/lib/python3/dist-packages/oslo_config/cfg.py:2609
2026-02-09 00:39:59.308 126589 DEBUG oslo_service.service [req-f6b5fa4a-0d15-434d-b530-2d0945a46943 - - - - -] glance.enable_rbd_download = False log_opt_values /usr/lib/python3/dist-packages/oslo_config/cfg.py:2609
2026-02-09 00:39:59.308 126589 DEBUG oslo_service.service [req-f6b5fa4a-0d15-434d-b530-2d0945a46943 - - - - -] glance.endpoint_override = None log_opt_values /usr/lib/python3/dist-packages/oslo_config/cfg.py:2609
2026-02-09 00:39:59.308 126589 DEBUG oslo_service.service [req-f6b5fa4a-0d15-434d-b530-2d0945a46943 - - - - -] glance.insecure = False log_opt_values /usr/lib/python3/dist-packages/oslo_config/cfg.py:2609
2026-02-09 00:39:59.308 126589 DEBUG oslo_service.service [req-f6b5fa4a-0d15-434d-b530-2d0945a46943 - - - - -] glance.keyfile = None log_opt_values /usr/lib/python3/dist-packages/oslo_config/cfg.py:2609
2026-02-09 00:39:59.308 126589 DEBUG oslo_service.service [req-f6b5fa4a-0d15-434d-b530-2d0945a46943 - - - - -] glance.max_version = None log_opt_values /usr/lib/python3/dist-packages/oslo_config/cfg.py:2609
2026-02-09 00:39:59.309 126589 DEBUG oslo_service.service [req-f6b5fa4a-0d15-434d-b530-2d0945a46943 - - - - -] glance.min_version = None log_opt_values /usr/lib/python3/dist-packages/oslo_config/cfg.py:2609
2026-02-09 00:39:59.309 126589 DEBUG oslo_service.service [req-f6b5fa4a-0d15-434d-b530-2d0945a46943 - - - - -] glance.num_retries = 3 log_opt_values /usr/lib/python3/dist-packages/oslo_config/cfg.py:2609
2026-02-09 00:39:59.309 126589 DEBUG oslo_service.service [req-f6b5fa4a-0d15-434d-b530-2d0945a46943 - - - - -] glance.rbd_ceph_conf = log_opt_values /usr/lib/python3/dist-packages/oslo_config/cfg.py:2609
2026-02-09 00:39:59.309 126589 DEBUG oslo_service.service [req-f6b5fa4a-0d15-434d-b530-2d0945a46943 - - - - -] glance.rbd_connect_timeout = 5 log_opt_values /usr/lib/python3/dist-packages/oslo_config/cfg.py:2609
2026-02-09 00:39:59.309 126589 DEBUG oslo_service.service [req-f6b5fa4a-0d15-434d-b530-2d0945a46943 - - - - -] glance.rbd_pool = log_opt_values /usr/lib/python3/dist-packages/oslo_config/cfg.py:2609
2026-02-09 00:39:59.309 126589 DEBUG oslo_service.service [req-f6b5fa4a-0d15-434d-b530-2d0945a46943 - - - - -] glance.rbd_user = log_opt_values /usr/lib/python3/dist-packages/oslo_config/cfg.py:2609
2026-02-09 00:39:59.310 126589 DEBUG oslo_service.service [req-f6b5fa4a-0d15-434d-b530-2d0945a46943 - - - - -] glance.region_name = None log_opt_values /usr/lib/python3/dist-packages/oslo_config/cfg.py:2609
2026-02-09 00:39:59.310 126589 DEBUG oslo_service.service [req-f6b5fa4a-0d15-434d-b530-2d0945a46943 - - - - -] glance.service_name = None log_opt_values /usr/lib/python3/dist-packages/oslo_config/cfg.py:2609
2026-02-09 00:39:59.310 126589 DEBUG oslo_service.service [req-f6b5fa4a-0d15-434d-b530-2d0945a46943 - - - - -] glance.service_type = image log_opt_values /usr/lib/python3/dist-packages/oslo_config/cfg.py:2609
2026-02-09 00:39:59.310 126589 DEBUG oslo_service.service [req-f6b5fa4a-0d15-434d-b530-2d0945a46943 - - - - -] glance.split_loggers = False log_opt_values /usr/lib/python3/dist-packages/oslo_config/cfg.py:2609
2026-02-09 00:39:59.310 126589 DEBUG oslo_service.service [req-f6b5fa4a-0d15-434d-b530-2d0945a46943 - - - - -] glance.status_code_retries = None log_opt_values /usr/lib/python3/dist-packages/oslo_config/cfg.py:2609
2026-02-09 00:39:59.310 126589 DEBUG oslo_service.service [req-f6b5fa4a-0d15-434d-b530-2d0945a46943 - - - - -] glance.status_code_retry_delay = None log_opt_values /usr/lib/python3/dist-packages/oslo_config/cfg.py:2609
2026-02-09 00:39:59.311 126589 DEBUG oslo_service.service [req-f6b5fa4a-0d15-434d-b530-2d0945a46943 - - - - -] glance.timeout = None log_opt_values /usr/lib/python3/dist-packages/oslo_config/cfg.py:2609
2026-02-09 00:39:59.311 126589 DEBUG oslo_service.service [req-f6b5fa4a-0d15-434d-b530-2d0945a46943 - - - - -] glance.valid_interfaces = ['internal', 'public'] log_opt_values /usr/lib/python3/dist-packages/oslo_config/cfg.py:2609
2026-02-09 00:39:59.311 126589 DEBUG oslo_service.service [req-f6b5fa4a-0d15-434d-b530-2d0945a46943 - - - - -] glance.verify_glance_signatures = False log_opt_values /usr/lib/python3/dist-packages/oslo_config/cfg.py:2609
2026-02-09 00:39:59.311 126589 DEBUG oslo_service.service [req-f6b5fa4a-0d15-434d-b530-2d0945a46943 - - - - -] glance.version = None log_opt_values /usr/lib/python3/dist-packages/oslo_config/cfg.py:2609
2026-02-09 00:39:59.311 126589 DEBUG oslo_service.service [req-f6b5fa4a-0d15-434d-b530-2d0945a46943 - - - - -] guestfs.debug = False log_opt_values /usr/lib/python3/dist-packages/oslo_config/cfg.py:2609
2026-02-09 00:39:59.311 126589 DEBUG oslo_service.service [req-f6b5fa4a-0d15-434d-b530-2d0945a46943 - - - - -] hyperv.config_drive_cdrom = False log_opt_values /usr/lib/python3/dist-packages/oslo_config/cfg.py:2609
2026-02-09 00:39:59.312 126589 DEBUG oslo_service.service [req-f6b5fa4a-0d15-434d-b530-2d0945a46943 - - - - -] hyperv.config_drive_inject_password = False log_opt_values /usr/lib/python3/dist-packages/oslo_config/cfg.py:2609
2026-02-09 00:39:59.312 126589 DEBUG oslo_service.service [req-f6b5fa4a-0d15-434d-b530-2d0945a46943 - - - - -] hyperv.dynamic_memory_ratio = 1.0 log_opt_values /usr/lib/python3/dist-packages/oslo_config/cfg.py:2609
2026-02-09 00:39:59.312 126589 DEBUG oslo_service.service [req-f6b5fa4a-0d15-434d-b530-2d0945a46943 - - - - -] hyperv.enable_instance_metrics_collection = False log_opt_values /usr/lib/python3/dist-packages/oslo_config/cfg.py:2609
2026-02-09 00:39:59.312 126589 DEBUG oslo_service.service [req-f6b5fa4a-0d15-434d-b530-2d0945a46943 - - - - -] hyperv.enable_remotefx = False log_opt_values /usr/lib/python3/dist-packages/oslo_config/cfg.py:2609
2026-02-09 00:39:59.312 126589 DEBUG oslo_service.service [req-f6b5fa4a-0d15-434d-b530-2d0945a46943 - - - - -] hyperv.instances_path_share = log_opt_values /usr/lib/python3/dist-packages/oslo_config/cfg.py:2609
2026-02-09 00:39:59.314 126589 DEBUG oslo_service.service [req-f6b5fa4a-0d15-434d-b530-2d0945a46943 - - - - -] hyperv.iscsi_initiator_list = [] log_opt_values /usr/lib/python3/dist-packages/oslo_config/cfg.py:2609
2026-02-09 00:39:59.314 126589 DEBUG oslo_service.service [req-f6b5fa4a-0d15-434d-b530-2d0945a46943 - - - - -] hyperv.limit_cpu_features = False log_opt_values /usr/lib/python3/dist-packages/oslo_config/cfg.py:2609
2026-02-09 00:39:59.314 126589 DEBUG oslo_service.service [req-f6b5fa4a-0d15-434d-b530-2d0945a46943 - - - - -] hyperv.mounted_disk_query_retry_count = 10 log_opt_values /usr/lib/python3/dist-packages/oslo_config/cfg.py:2609
2026-02-09 00:39:59.314 126589 DEBUG oslo_service.service [req-f6b5fa4a-0d15-434d-b530-2d0945a46943 - - - - -] hyperv.mounted_disk_query_retry_interval = 5 log_opt_values /usr/lib/python3/dist-packages/oslo_config/cfg.py:2609
2026-02-09 00:39:59.315 126589 DEBUG oslo_service.service [req-f6b5fa4a-0d15-434d-b530-2d0945a46943 - - - - -] hyperv.power_state_check_timeframe = 60 log_opt_values /usr/lib/python3/dist-packages/oslo_config/cfg.py:2609
2026-02-09 00:39:59.315 126589 DEBUG oslo_service.service [req-f6b5fa4a-0d15-434d-b530-2d0945a46943 - - - - -] hyperv.power_state_event_polling_interval = 2 log_opt_values /usr/lib/python3/dist-packages/oslo_config/cfg.py:2609
2026-02-09 00:39:59.315 126589 DEBUG oslo_service.service [req-f6b5fa4a-0d15-434d-b530-2d0945a46943 - - - - -] hyperv.qemu_img_cmd = qemu-img.exe log_opt_values /usr/lib/python3/dist-packages/oslo_config/cfg.py:2609
2026-02-09 00:39:59.315 126589 DEBUG oslo_service.service [req-f6b5fa4a-0d15-434d-b530-2d0945a46943 - - - - -] hyperv.use_multipath_io = False log_opt_values /usr/lib/python3/dist-packages/oslo_config/cfg.py:2609
2026-02-09 00:39:59.315 126589 DEBUG oslo_service.service [req-f6b5fa4a-0d15-434d-b530-2d0945a46943 - - - - -] hyperv.volume_attach_retry_count = 10 log_opt_values /usr/lib/python3/dist-packages/oslo_config/cfg.py:2609
2026-02-09 00:39:59.315 126589 DEBUG oslo_service.service [req-f6b5fa4a-0d15-434d-b530-2d0945a46943 - - - - -] hyperv.volume_attach_retry_interval = 5 log_opt_values /usr/lib/python3/dist-packages/oslo_config/cfg.py:2609
2026-02-09 00:39:59.315 126589 DEBUG oslo_service.service [req-f6b5fa4a-0d15-434d-b530-2d0945a46943 - - - - -] hyperv.vswitch_name = None log_opt_values /usr/lib/python3/dist-packages/oslo_config/cfg.py:2609
2026-02-09 00:39:59.316 126589 DEBUG oslo_service.service [req-f6b5fa4a-0d15-434d-b530-2d0945a46943 - - - - -] hyperv.wait_soft_reboot_seconds = 60 log_opt_values /usr/lib/python3/dist-packages/oslo_config/cfg.py:2609
2026-02-09 00:39:59.316 126589 DEBUG oslo_service.service [req-f6b5fa4a-0d15-434d-b530-2d0945a46943 - - - - -] mks.enabled = False log_opt_values /usr/lib/python3/dist-packages/oslo_config/cfg.py:2609
2026-02-09 00:39:59.316 126589 DEBUG oslo_service.service [req-f6b5fa4a-0d15-434d-b530-2d0945a46943 - - - - -] mks.mksproxy_base_url = http://127.0.0.1:6090/ log_opt_values /usr/lib/python3/dist-packages/oslo_config/cfg.py:2609
2026-02-09 00:39:59.317 126589 DEBUG oslo_service.service [req-f6b5fa4a-0d15-434d-b530-2d0945a46943 - - - - -] image_cache.manager_interval = 2400 log_opt_values /usr/lib/python3/dist-packages/oslo_config/cfg.py:2609
2026-02-09 00:39:59.317 126589 DEBUG oslo_service.service [req-f6b5fa4a-0d15-434d-b530-2d0945a46943 - - - - -] image_cache.precache_concurrency = 1 log_opt_values /usr/lib/python3/dist-packages/oslo_config/cfg.py:2609
2026-02-09 00:39:59.317 126589 DEBUG oslo_service.service [req-f6b5fa4a-0d15-434d-b530-2d0945a46943 - - - - -] image_cache.remove_unused_base_images = True log_opt_values /usr/lib/python3/dist-packages/oslo_config/cfg.py:2609
2026-02-09 00:39:59.317 126589 DEBUG oslo_service.service [req-f6b5fa4a-0d15-434d-b530-2d0945a46943 - - - - -] image_cache.remove_unused_original_minimum_age_seconds = 86400 log_opt_values /usr/lib/python3/dist-packages/oslo_config/cfg.py:2609
2026-02-09 00:39:59.317 126589 DEBUG oslo_service.service [req-f6b5fa4a-0d15-434d-b530-2d0945a46943 - - - - -] image_cache.remove_unused_resized_minimum_age_seconds = 3600 log_opt_values /usr/lib/python3/dist-packages/oslo_config/cfg.py:2609
2026-02-09 00:39:59.318 126589 DEBUG oslo_service.service [req-f6b5fa4a-0d15-434d-b530-2d0945a46943 - - - - -] image_cache.subdirectory_name = _base log_opt_values /usr/lib/python3/dist-packages/oslo_config/cfg.py:2609
2026-02-09 00:39:59.319 126589 DEBUG oslo_service.service [req-f6b5fa4a-0d15-434d-b530-2d0945a46943 - - - - -] ironic.api_max_retries = 60 log_opt_values /usr/lib/python3/dist-packages/oslo_config/cfg.py:2609
2026-02-09 00:39:59.319 126589 DEBUG oslo_service.service [req-f6b5fa4a-0d15-434d-b530-2d0945a46943 - - - - -] ironic.api_retry_interval = 2 log_opt_values /usr/lib/python3/dist-packages/oslo_config/cfg.py:2609
2026-02-09 00:39:59.319 126589 DEBUG oslo_service.service [req-f6b5fa4a-0d15-434d-b530-2d0945a46943 - - - - -] ironic.auth_section = None log_opt_values /usr/lib/python3/dist-packages/oslo_config/cfg.py:2609
2026-02-09 00:39:59.319 126589 DEBUG oslo_service.service [req-f6b5fa4a-0d15-434d-b530-2d0945a46943 - - - - -] ironic.auth_type = None log_opt_values /usr/lib/python3/dist-packages/oslo_config/cfg.py:2609
2026-02-09 00:39:59.319 126589 DEBUG oslo_service.service [req-f6b5fa4a-0d15-434d-b530-2d0945a46943 - - - - -] ironic.cafile = None log_opt_values /usr/lib/python3/dist-packages/oslo_config/cfg.py:2609
2026-02-09 00:39:59.319 126589 DEBUG oslo_service.service [req-f6b5fa4a-0d15-434d-b530-2d0945a46943 - - - - -] ironic.certfile = None log_opt_values /usr/lib/python3/dist-packages/oslo_config/cfg.py:2609
2026-02-09 00:39:59.319 126589 DEBUG oslo_service.service [req-f6b5fa4a-0d15-434d-b530-2d0945a46943 - - - - -] ironic.collect_timing = False log_opt_values /usr/lib/python3/dist-packages/oslo_config/cfg.py:2609
2026-02-09 00:39:59.320 126589 DEBUG oslo_service.service [req-f6b5fa4a-0d15-434d-b530-2d0945a46943 - - - - -] ironic.connect_retries = None log_opt_values /usr/lib/python3/dist-packages/oslo_config/cfg.py:2609
2026-02-09 00:39:59.320 126589 DEBUG oslo_service.service [req-f6b5fa4a-0d15-434d-b530-2d0945a46943 - - - - -] ironic.connect_retry_delay = None log_opt_values /usr/lib/python3/dist-packages/oslo_config/cfg.py:2609
2026-02-09 00:39:59.320 126589 DEBUG oslo_service.service [req-f6b5fa4a-0d15-434d-b530-2d0945a46943 - - - - -] ironic.endpoint_override = None log_opt_values /usr/lib/python3/dist-packages/oslo_config/cfg.py:2609
2026-02-09 00:39:59.320 126589 DEBUG oslo_service.service [req-f6b5fa4a-0d15-434d-b530-2d0945a46943 - - - - -] ironic.insecure = False log_opt_values /usr/lib/python3/dist-packages/oslo_config/cfg.py:2609
2026-02-09 00:39:59.320 126589 DEBUG oslo_service.service [req-f6b5fa4a-0d15-434d-b530-2d0945a46943 - - - - -] ironic.keyfile = None log_opt_values /usr/lib/python3/dist-packages/oslo_config/cfg.py:2609
2026-02-09 00:39:59.320 126589 DEBUG oslo_service.service [req-f6b5fa4a-0d15-434d-b530-2d0945a46943 - - - - -] ironic.max_version = None log_opt_values /usr/lib/python3/dist-packages/oslo_config/cfg.py:2609
2026-02-09 00:39:59.321 126589 DEBUG oslo_service.service [req-f6b5fa4a-0d15-434d-b530-2d0945a46943 - - - - -] ironic.min_version = None log_opt_values /usr/lib/python3/dist-packages/oslo_config/cfg.py:2609
2026-02-09 00:39:59.321 126589 DEBUG oslo_service.service [req-f6b5fa4a-0d15-434d-b530-2d0945a46943 - - - - -] ironic.partition_key = None log_opt_values /usr/lib/python3/dist-packages/oslo_config/cfg.py:2609
2026-02-09 00:39:59.321 126589 DEBUG oslo_service.service [req-f6b5fa4a-0d15-434d-b530-2d0945a46943 - - - - -] ironic.peer_list = [] log_opt_values /usr/lib/python3/dist-packages/oslo_config/cfg.py:2609
2026-02-09 00:39:59.321 126589 DEBUG oslo_service.service [req-f6b5fa4a-0d15-434d-b530-2d0945a46943 - - - - -] ironic.region_name = None log_opt_values /usr/lib/python3/dist-packages/oslo_config/cfg.py:2609
2026-02-09 00:39:59.321 126589 DEBUG oslo_service.service [req-f6b5fa4a-0d15-434d-b530-2d0945a46943 - - - - -] ironic.serial_console_state_timeout = 10 log_opt_values /usr/lib/python3/dist-packages/oslo_config/cfg.py:2609
2026-02-09 00:39:59.321 126589 DEBUG oslo_service.service [req-f6b5fa4a-0d15-434d-b530-2d0945a46943 - - - - -] ironic.service_name = None log_opt_values /usr/lib/python3/dist-packages/oslo_config/cfg.py:2609
2026-02-09 00:39:59.322 126589 DEBUG oslo_service.service [req-f6b5fa4a-0d15-434d-b530-2d0945a46943 - - - - -] ironic.service_type = baremetal log_opt_values /usr/lib/python3/dist-packages/oslo_config/cfg.py:2609
2026-02-09 00:39:59.322 126589 DEBUG oslo_service.service [req-f6b5fa4a-0d15-434d-b530-2d0945a46943 - - - - -] ironic.split_loggers = False log_opt_values /usr/lib/python3/dist-packages/oslo_config/cfg.py:2609
2026-02-09 00:39:59.322 126589 DEBUG oslo_service.service [req-f6b5fa4a-0d15-434d-b530-2d0945a46943 - - - - -] ironic.status_code_retries = None log_opt_values /usr/lib/python3/dist-packages/oslo_config/cfg.py:2609
2026-02-09 00:39:59.322 126589 DEBUG oslo_service.service [req-f6b5fa4a-0d15-434d-b530-2d0945a46943 - - - - -] ironic.status_code_retry_delay = None log_opt_values /usr/lib/python3/dist-packages/oslo_config/cfg.py:2609
2026-02-09 00:39:59.322 126589 DEBUG oslo_service.service [req-f6b5fa4a-0d15-434d-b530-2d0945a46943 - - - - -] ironic.timeout = None log_opt_values /usr/lib/python3/dist-packages/oslo_config/cfg.py:2609
2026-02-09 00:39:59.322 126589 DEBUG oslo_service.service [req-f6b5fa4a-0d15-434d-b530-2d0945a46943 - - - - -] ironic.valid_interfaces = ['internal', 'public'] log_opt_values /usr/lib/python3/dist-packages/oslo_config/cfg.py:2609
2026-02-09 00:39:59.322 126589 DEBUG oslo_service.service [req-f6b5fa4a-0d15-434d-b530-2d0945a46943 - - - - -] ironic.version = None log_opt_values /usr/lib/python3/dist-packages/oslo_config/cfg.py:2609
2026-02-09 00:39:59.323 126589 DEBUG oslo_service.service [req-f6b5fa4a-0d15-434d-b530-2d0945a46943 - - - - -] key_manager.backend = barbican log_opt_values /usr/lib/python3/dist-packages/oslo_config/cfg.py:2609
2026-02-09 00:39:59.323 126589 DEBUG oslo_service.service [req-f6b5fa4a-0d15-434d-b530-2d0945a46943 - - - - -] key_manager.fixed_key = **** log_opt_values /usr/lib/python3/dist-packages/oslo_config/cfg.py:2609
2026-02-09 00:39:59.323 126589 DEBUG oslo_service.service [req-f6b5fa4a-0d15-434d-b530-2d0945a46943 - - - - -] barbican.auth_endpoint = http://localhost/identity/v3 log_opt_values /usr/lib/python3/dist-packages/oslo_config/cfg.py:2609
2026-02-09 00:39:59.323 126589 DEBUG oslo_service.service [req-f6b5fa4a-0d15-434d-b530-2d0945a46943 - - - - -] barbican.barbican_api_version = None log_opt_values /usr/lib/python3/dist-packages/oslo_config/cfg.py:2609
2026-02-09 00:39:59.323 126589 DEBUG oslo_service.service [req-f6b5fa4a-0d15-434d-b530-2d0945a46943 - - - - -] barbican.barbican_endpoint = None log_opt_values /usr/lib/python3/dist-packages/oslo_config/cfg.py:2609
2026-02-09 00:39:59.324 126589 DEBUG oslo_service.service [req-f6b5fa4a-0d15-434d-b530-2d0945a46943 - - - - -] barbican.barbican_endpoint_type = public log_opt_values /usr/lib/python3/dist-packages/oslo_config/cfg.py:2609
2026-02-09 00:39:59.324 126589 DEBUG oslo_service.service [req-f6b5fa4a-0d15-434d-b530-2d0945a46943 - - - - -] barbican.barbican_region_name = None log_opt_values /usr/lib/python3/dist-packages/oslo_config/cfg.py:2609
2026-02-09 00:39:59.324 126589 DEBUG oslo_service.service [req-f6b5fa4a-0d15-434d-b530-2d0945a46943 - - - - -] barbican.cafile = None log_opt_values /usr/lib/python3/dist-packages/oslo_config/cfg.py:2609
2026-02-09 00:39:59.324 126589 DEBUG oslo_service.service [req-f6b5fa4a-0d15-434d-b530-2d0945a46943 - - - - -] barbican.certfile = None log_opt_values /usr/lib/python3/dist-packages/oslo_config/cfg.py:2609
2026-02-09 00:39:59.324 126589 DEBUG oslo_service.service [req-f6b5fa4a-0d15-434d-b530-2d0945a46943 - - - - -] barbican.collect_timing = False log_opt_values /usr/lib/python3/dist-packages/oslo_config/cfg.py:2609
2026-02-09 00:39:59.324 126589 DEBUG oslo_service.service [req-f6b5fa4a-0d15-434d-b530-2d0945a46943 - - - - -] barbican.insecure = False log_opt_values /usr/lib/python3/dist-packages/oslo_config/cfg.py:2609
2026-02-09 00:39:59.324 126589 DEBUG oslo_service.service [req-f6b5fa4a-0d15-434d-b530-2d0945a46943 - - - - -] barbican.keyfile = None log_opt_values /usr/lib/python3/dist-packages/oslo_config/cfg.py:2609
2026-02-09 00:39:59.325 126589 DEBUG oslo_service.service [req-f6b5fa4a-0d15-434d-b530-2d0945a46943 - - - - -] barbican.number_of_retries = 60 log_opt_values /usr/lib/python3/dist-packages/oslo_config/cfg.py:2609
2026-02-09 00:39:59.325 126589 DEBUG oslo_service.service [req-f6b5fa4a-0d15-434d-b530-2d0945a46943 - - - - -] barbican.retry_delay = 1 log_opt_values /usr/lib/python3/dist-packages/oslo_config/cfg.py:2609
2026-02-09 00:39:59.325 126589 DEBUG oslo_service.service [req-f6b5fa4a-0d15-434d-b530-2d0945a46943 - - - - -] barbican.send_service_user_token = False log_opt_values /usr/lib/python3/dist-packages/oslo_config/cfg.py:2609
2026-02-09 00:39:59.325 126589 DEBUG oslo_service.service [req-f6b5fa4a-0d15-434d-b530-2d0945a46943 - - - - -] barbican.split_loggers = False log_opt_values /usr/lib/python3/dist-packages/oslo_config/cfg.py:2609
2026-02-09 00:39:59.325 126589 DEBUG oslo_service.service [req-f6b5fa4a-0d15-434d-b530-2d0945a46943 - - - - -] barbican.timeout = None log_opt_values /usr/lib/python3/dist-packages/oslo_config/cfg.py:2609
2026-02-09 00:39:59.326 126589 DEBUG oslo_service.service [req-f6b5fa4a-0d15-434d-b530-2d0945a46943 - - - - -] barbican.verify_ssl = True log_opt_values /usr/lib/python3/dist-packages/oslo_config/cfg.py:2609
2026-02-09 00:39:59.326 126589 DEBUG oslo_service.service [req-f6b5fa4a-0d15-434d-b530-2d0945a46943 - - - - -] barbican.verify_ssl_path = None log_opt_values /usr/lib/python3/dist-packages/oslo_config/cfg.py:2609
2026-02-09 00:39:59.326 126589 DEBUG oslo_service.service [req-f6b5fa4a-0d15-434d-b530-2d0945a46943 - - - - -] barbican_service_user.auth_section = None log_opt_values /usr/lib/python3/dist-packages/oslo_config/cfg.py:2609
2026-02-09 00:39:59.326 126589 DEBUG oslo_service.service [req-f6b5fa4a-0d15-434d-b530-2d0945a46943 - - - - -] barbican_service_user.auth_type = None log_opt_values /usr/lib/python3/dist-packages/oslo_config/cfg.py:2609
2026-02-09 00:39:59.326 126589 DEBUG oslo_service.service [req-f6b5fa4a-0d15-434d-b530-2d0945a46943 - - - - -] barbican_service_user.cafile = None log_opt_values /usr/lib/python3/dist-packages/oslo_config/cfg.py:2609
2026-02-09 00:39:59.326 126589 DEBUG oslo_service.service [req-f6b5fa4a-0d15-434d-b530-2d0945a46943 - - - - -] barbican_service_user.certfile = None log_opt_values /usr/lib/python3/dist-packages/oslo_config/cfg.py:2609
2026-02-09 00:39:59.326 126589 DEBUG oslo_service.service [req-f6b5fa4a-0d15-434d-b530-2d0945a46943 - - - - -] barbican_service_user.collect_timing = False log_opt_values /usr/lib/python3/dist-packages/oslo_config/cfg.py:2609
2026-02-09 00:39:59.327 126589 DEBUG oslo_service.service [req-f6b5fa4a-0d15-434d-b530-2d0945a46943 - - - - -] barbican_service_user.insecure = False log_opt_values /usr/lib/python3/dist-packages/oslo_config/cfg.py:2609
2026-02-09 00:39:59.327 126589 DEBUG oslo_service.service [req-f6b5fa4a-0d15-434d-b530-2d0945a46943 - - - - -] barbican_service_user.keyfile = None log_opt_values /usr/lib/python3/dist-packages/oslo_config/cfg.py:2609
2026-02-09 00:39:59.327 126589 DEBUG oslo_service.service [req-f6b5fa4a-0d15-434d-b530-2d0945a46943 - - - - -] barbican_service_user.split_loggers = False log_opt_values /usr/lib/python3/dist-packages/oslo_config/cfg.py:2609
2026-02-09 00:39:59.327 126589 DEBUG oslo_service.service [req-f6b5fa4a-0d15-434d-b530-2d0945a46943 - - - - -] barbican_service_user.timeout = None log_opt_values /usr/lib/python3/dist-packages/oslo_config/cfg.py:2609
2026-02-09 00:39:59.328 126589 DEBUG oslo_service.service [req-f6b5fa4a-0d15-434d-b530-2d0945a46943 - - - - -] vault.approle_role_id = None log_opt_values /usr/lib/python3/dist-packages/oslo_config/cfg.py:2609
2026-02-09 00:39:59.328 126589 DEBUG oslo_service.service [req-f6b5fa4a-0d15-434d-b530-2d0945a46943 - - - - -] vault.approle_secret_id = None log_opt_values /usr/lib/python3/dist-packages/oslo_config/cfg.py:2609
2026-02-09 00:39:59.328 126589 DEBUG oslo_service.service [req-f6b5fa4a-0d15-434d-b530-2d0945a46943 - - - - -] vault.cafile = None log_opt_values /usr/lib/python3/dist-packages/oslo_config/cfg.py:2609
2026-02-09 00:39:59.328 126589 DEBUG oslo_service.service [req-f6b5fa4a-0d15-434d-b530-2d0945a46943 - - - - -] vault.certfile = None log_opt_values /usr/lib/python3/dist-packages/oslo_config/cfg.py:2609
