2026-02-05 00:42:58.815 128846 DEBUG oslo_service.service [req-e47eea0a-7006-4383-ad0b-7607a6e65f79 - - - - -] log_rotation_type = none log_opt_values /usr/lib/python3/dist-packages/oslo_config/cfg.py:2602
2026-02-05 00:42:58.816 128846 DEBUG oslo_service.service [req-e47eea0a-7006-4383-ad0b-7607a6e65f79 - - - - -] logging_context_format_string = %(asctime)s.%(msecs)03d %(process)d %(levelname)s %(name)s [%(request_id)s %(user_identity)s] %(instance)s%(message)s log_opt_values /usr/lib/python3/dist-packages/oslo_config/cfg.py:2602
2026-02-05 00:42:58.816 128846 DEBUG oslo_service.service [req-e47eea0a-7006-4383-ad0b-7607a6e65f79 - - - - -] logging_debug_format_suffix = %(funcName)s %(pathname)s:%(lineno)d log_opt_values /usr/lib/python3/dist-packages/oslo_config/cfg.py:2602
2026-02-05 00:42:58.816 128846 DEBUG oslo_service.service [req-e47eea0a-7006-4383-ad0b-7607a6e65f79 - - - - -] logging_default_format_string = %(asctime)s.%(msecs)03d %(process)d %(levelname)s %(name)s [-] %(instance)s%(message)s log_opt_values /usr/lib/python3/dist-packages/oslo_config/cfg.py:2602
2026-02-05 00:42:58.816 128846 DEBUG oslo_service.service [req-e47eea0a-7006-4383-ad0b-7607a6e65f79 - - - - -] logging_exception_prefix = %(asctime)s.%(msecs)03d %(process)d ERROR %(name)s %(instance)s log_opt_values /usr/lib/python3/dist-packages/oslo_config/cfg.py:2602
2026-02-05 00:42:58.816 128846 DEBUG oslo_service.service [req-e47eea0a-7006-4383-ad0b-7607a6e65f79 - - - - -] logging_user_identity_format = %(user)s %(project)s %(domain)s %(user_domain)s %(project_domain)s log_opt_values /usr/lib/python3/dist-packages/oslo_config/cfg.py:2602
2026-02-05 00:42:58.816 128846 DEBUG oslo_service.service [req-e47eea0a-7006-4383-ad0b-7607a6e65f79 - - - - -] long_rpc_timeout = 1800 log_opt_values /usr/lib/python3/dist-packages/oslo_config/cfg.py:2602
2026-02-05 00:42:58.817 128846 DEBUG oslo_service.service [req-e47eea0a-7006-4383-ad0b-7607a6e65f79 - - - - -] max_concurrent_builds = 10 log_opt_values /usr/lib/python3/dist-packages/oslo_config/cfg.py:2602
2026-02-05 00:42:58.817 128846 DEBUG oslo_service.service [req-e47eea0a-7006-4383-ad0b-7607a6e65f79 - - - - -] max_concurrent_live_migrations = 1 log_opt_values /usr/lib/python3/dist-packages/oslo_config/cfg.py:2602
2026-02-05 00:42:58.817 128846 DEBUG oslo_service.service [req-e47eea0a-7006-4383-ad0b-7607a6e65f79 - - - - -] max_concurrent_snapshots = 5 log_opt_values /usr/lib/python3/dist-packages/oslo_config/cfg.py:2602
2026-02-05 00:42:58.817 128846 DEBUG oslo_service.service [req-e47eea0a-7006-4383-ad0b-7607a6e65f79 - - - - -] max_local_block_devices = 3 log_opt_values /usr/lib/python3/dist-packages/oslo_config/cfg.py:2602
2026-02-05 00:42:58.817 128846 DEBUG oslo_service.service [req-e47eea0a-7006-4383-ad0b-7607a6e65f79 - - - - -] max_logfile_count = 30 log_opt_values /usr/lib/python3/dist-packages/oslo_config/cfg.py:2602
2026-02-05 00:42:58.817 128846 DEBUG oslo_service.service [req-e47eea0a-7006-4383-ad0b-7607a6e65f79 - - - - -] max_logfile_size_mb = 200 log_opt_values /usr/lib/python3/dist-packages/oslo_config/cfg.py:2602
2026-02-05 00:42:58.818 128846 DEBUG oslo_service.service [req-e47eea0a-7006-4383-ad0b-7607a6e65f79 - - - - -] maximum_instance_delete_attempts = 5 log_opt_values /usr/lib/python3/dist-packages/oslo_config/cfg.py:2602
2026-02-05 00:42:58.818 128846 DEBUG oslo_service.service [req-e47eea0a-7006-4383-ad0b-7607a6e65f79 - - - - -] metadata_listen = 0.0.0.0 log_opt_values /usr/lib/python3/dist-packages/oslo_config/cfg.py:2602
2026-02-05 00:42:58.817 129165 DEBUG oslo_db.sqlalchemy.engines [req-21608158-9869-4001-b98a-c49248721c98 - - - - -] MySQL server mode set to STRICT_TRANS_TABLES,STRICT_ALL_TABLES,NO_ZERO_IN_DATE,NO_ZERO_DATE,ERROR_FOR_DIVISION_BY_ZERO,TRADITIONAL,NO_ENGINE_SUBSTITUTION _check_effective_sql_mode /usr/lib/python3/dist-packages/oslo_db/sqlalchemy/engines.py:314
2026-02-05 00:42:58.818 128846 DEBUG oslo_service.service [req-e47eea0a-7006-4383-ad0b-7607a6e65f79 - - - - -] metadata_listen_port = 8765 log_opt_values /usr/lib/python3/dist-packages/oslo_config/cfg.py:2602
2026-02-05 00:42:58.818 128846 DEBUG oslo_service.service [req-e47eea0a-7006-4383-ad0b-7607a6e65f79 - - - - -] metadata_workers = None log_opt_values /usr/lib/python3/dist-packages/oslo_config/cfg.py:2602
2026-02-05 00:42:58.818 128846 DEBUG oslo_service.service [req-e47eea0a-7006-4383-ad0b-7607a6e65f79 - - - - -] migrate_max_retries = -1 log_opt_values /usr/lib/python3/dist-packages/oslo_config/cfg.py:2602
2026-02-05 00:42:58.818 128846 DEBUG oslo_service.service [req-e47eea0a-7006-4383-ad0b-7607a6e65f79 - - - - -] mkisofs_cmd = genisoimage log_opt_values /usr/lib/python3/dist-packages/oslo_config/cfg.py:2602
2026-02-05 00:42:58.819 128846 DEBUG oslo_service.service [req-e47eea0a-7006-4383-ad0b-7607a6e65f79 - - - - -] my_block_storage_ip = 252.241.41.92 log_opt_values /usr/lib/python3/dist-packages/oslo_config/cfg.py:2602
2026-02-05 00:42:58.819 128846 DEBUG oslo_service.service [req-e47eea0a-7006-4383-ad0b-7607a6e65f79 - - - - -] my_ip = 252.241.41.92 log_opt_values /usr/lib/python3/dist-packages/oslo_config/cfg.py:2602
2026-02-05 00:42:58.819 128846 DEBUG oslo_service.service [req-e47eea0a-7006-4383-ad0b-7607a6e65f79 - - - - -] network_allocate_retries = 0 log_opt_values /usr/lib/python3/dist-packages/oslo_config/cfg.py:2602
2026-02-05 00:42:58.819 128846 DEBUG oslo_service.service [req-e47eea0a-7006-4383-ad0b-7607a6e65f79 - - - - -] non_inheritable_image_properties = ['cache_in_nova', 'bittorrent'] log_opt_values /usr/lib/python3/dist-packages/oslo_config/cfg.py:2602
2026-02-05 00:42:58.820 128846 DEBUG oslo_service.service [req-e47eea0a-7006-4383-ad0b-7607a6e65f79 - - - - -] osapi_compute_listen = 0.0.0.0 log_opt_values /usr/lib/python3/dist-packages/oslo_config/cfg.py:2602
2026-02-05 00:42:58.820 128846 DEBUG oslo_service.service [req-e47eea0a-7006-4383-ad0b-7607a6e65f79 - - - - -] osapi_compute_listen_port = 8764 log_opt_values /usr/lib/python3/dist-packages/oslo_config/cfg.py:2602
2026-02-05 00:42:58.820 129162 DEBUG nova.service [req-c667b761-0f4d-4142-b05f-7c921609be81 - - - - -] Creating RPC server for service scheduler start /usr/lib/python3/dist-packages/nova/service.py:182
2026-02-05 00:42:58.820 128846 DEBUG oslo_service.service [req-e47eea0a-7006-4383-ad0b-7607a6e65f79 - - - - -] osapi_compute_unique_server_name_scope = log_opt_values /usr/lib/python3/dist-packages/oslo_config/cfg.py:2602
2026-02-05 00:42:58.820 128846 DEBUG oslo_service.service [req-e47eea0a-7006-4383-ad0b-7607a6e65f79 - - - - -] osapi_compute_workers = 4 log_opt_values /usr/lib/python3/dist-packages/oslo_config/cfg.py:2602
2026-02-05 00:42:58.821 128846 DEBUG oslo_service.service [req-e47eea0a-7006-4383-ad0b-7607a6e65f79 - - - - -] password_length = 12 log_opt_values /usr/lib/python3/dist-packages/oslo_config/cfg.py:2602
2026-02-05 00:42:58.821 128846 DEBUG oslo_service.service [req-e47eea0a-7006-4383-ad0b-7607a6e65f79 - - - - -] periodic_enable = True log_opt_values /usr/lib/python3/dist-packages/oslo_config/cfg.py:2602
2026-02-05 00:42:58.821 128846 DEBUG oslo_service.service [req-e47eea0a-7006-4383-ad0b-7607a6e65f79 - - - - -] periodic_fuzzy_delay = 60 log_opt_values /usr/lib/python3/dist-packages/oslo_config/cfg.py:2602
2026-02-05 00:42:58.821 128846 DEBUG oslo_service.service [req-e47eea0a-7006-4383-ad0b-7607a6e65f79 - - - - -] pointer_model = usbtablet log_opt_values /usr/lib/python3/dist-packages/oslo_config/cfg.py:2602
2026-02-05 00:42:58.821 128846 DEBUG oslo_service.service [req-e47eea0a-7006-4383-ad0b-7607a6e65f79 - - - - -] preallocate_images = none log_opt_values /usr/lib/python3/dist-packages/oslo_config/cfg.py:2602
2026-02-05 00:42:58.822 128846 DEBUG oslo_service.service [req-e47eea0a-7006-4383-ad0b-7607a6e65f79 - - - - -] publish_errors = False log_opt_values /usr/lib/python3/dist-packages/oslo_config/cfg.py:2602
2026-02-05 00:42:58.822 128846 DEBUG oslo_service.service [req-e47eea0a-7006-4383-ad0b-7607a6e65f79 - - - - -] pybasedir = /usr/lib/python3/dist-packages log_opt_values /usr/lib/python3/dist-packages/oslo_config/cfg.py:2602
2026-02-05 00:42:58.822 128846 DEBUG oslo_service.service [req-e47eea0a-7006-4383-ad0b-7607a6e65f79 - - - - -] ram_allocation_ratio = 0.98 log_opt_values /usr/lib/python3/dist-packages/oslo_config/cfg.py:2602
2026-02-05 00:42:58.822 128846 DEBUG oslo_service.service [req-e47eea0a-7006-4383-ad0b-7607a6e65f79 - - - - -] rate_limit_burst = 0 log_opt_values /usr/lib/python3/dist-packages/oslo_config/cfg.py:2602
2026-02-05 00:42:58.822 128846 DEBUG oslo_service.service [req-e47eea0a-7006-4383-ad0b-7607a6e65f79 - - - - -] rate_limit_except_level = CRITICAL log_opt_values /usr/lib/python3/dist-packages/oslo_config/cfg.py:2602
2026-02-05 00:42:58.822 128846 DEBUG oslo_service.service [req-e47eea0a-7006-4383-ad0b-7607a6e65f79 - - - - -] rate_limit_interval = 0 log_opt_values /usr/lib/python3/dist-packages/oslo_config/cfg.py:2602
2026-02-05 00:42:58.823 128846 DEBUG oslo_service.service [req-e47eea0a-7006-4383-ad0b-7607a6e65f79 - - - - -] reboot_timeout = 0 log_opt_values /usr/lib/python3/dist-packages/oslo_config/cfg.py:2602
2026-02-05 00:42:58.823 128846 DEBUG oslo_service.service [req-e47eea0a-7006-4383-ad0b-7607a6e65f79 - - - - -] reclaim_instance_interval = 0 log_opt_values /usr/lib/python3/dist-packages/oslo_config/cfg.py:2602
2026-02-05 00:42:58.823 128846 DEBUG oslo_service.service [req-e47eea0a-7006-4383-ad0b-7607a6e65f79 - - - - -] record = None log_opt_values /usr/lib/python3/dist-packages/oslo_config/cfg.py:2602
2026-02-05 00:42:58.823 128846 DEBUG oslo_service.service [req-e47eea0a-7006-4383-ad0b-7607a6e65f79 - - - - -] report_interval = 10 log_opt_values /usr/lib/python3/dist-packages/oslo_config/cfg.py:2602
2026-02-05 00:42:58.823 128846 DEBUG oslo_service.service [req-e47eea0a-7006-4383-ad0b-7607a6e65f79 - - - - -] rescue_timeout = 0 log_opt_values /usr/lib/python3/dist-packages/oslo_config/cfg.py:2602
2026-02-05 00:42:58.823 128846 DEBUG oslo_service.service [req-e47eea0a-7006-4383-ad0b-7607a6e65f79 - - - - -] reserved_host_cpus = 0 log_opt_values /usr/lib/python3/dist-packages/oslo_config/cfg.py:2602
2026-02-05 00:42:58.824 128846 DEBUG oslo_service.service [req-e47eea0a-7006-4383-ad0b-7607a6e65f79 - - - - -] reserved_host_disk_mb = 0 log_opt_values /usr/lib/python3/dist-packages/oslo_config/cfg.py:2602
2026-02-05 00:42:58.824 128846 DEBUG oslo_service.service [req-e47eea0a-7006-4383-ad0b-7607a6e65f79 - - - - -] reserved_host_memory_mb = 512 log_opt_values /usr/lib/python3/dist-packages/oslo_config/cfg.py:2602
2026-02-05 00:42:58.824 128846 DEBUG oslo_service.service [req-e47eea0a-7006-4383-ad0b-7607a6e65f79 - - - - -] reserved_huge_pages = None log_opt_values /usr/lib/python3/dist-packages/oslo_config/cfg.py:2602
2026-02-05 00:42:58.824 128846 DEBUG oslo_service.service [req-e47eea0a-7006-4383-ad0b-7607a6e65f79 - - - - -] resize_confirm_window = 0 log_opt_values /usr/lib/python3/dist-packages/oslo_config/cfg.py:2602
2026-02-05 00:42:58.824 128846 DEBUG oslo_service.service [req-e47eea0a-7006-4383-ad0b-7607a6e65f79 - - - - -] resize_fs_using_block_device = False log_opt_values /usr/lib/python3/dist-packages/oslo_config/cfg.py:2602
2026-02-05 00:42:58.824 128846 DEBUG oslo_service.service [req-e47eea0a-7006-4383-ad0b-7607a6e65f79 - - - - -] resume_guests_state_on_host_boot = False log_opt_values /usr/lib/python3/dist-packages/oslo_config/cfg.py:2602
2026-02-05 00:42:58.825 128846 DEBUG oslo_service.service [req-e47eea0a-7006-4383-ad0b-7607a6e65f79 - - - - -] rootwrap_config = /etc/nova/rootwrap.conf log_opt_values /usr/lib/python3/dist-packages/oslo_config/cfg.py:2602
2026-02-05 00:42:58.825 128846 DEBUG oslo_service.service [req-e47eea0a-7006-4383-ad0b-7607a6e65f79 - - - - -] run_external_periodic_tasks = True log_opt_values /usr/lib/python3/dist-packages/oslo_config/cfg.py:2602
2026-02-05 00:42:58.825 128846 DEBUG oslo_service.service [req-e47eea0a-7006-4383-ad0b-7607a6e65f79 - - - - -] running_deleted_instance_action = reap log_opt_values /usr/lib/python3/dist-packages/oslo_config/cfg.py:2602
2026-02-05 00:42:58.826 128846 DEBUG oslo_service.service [req-e47eea0a-7006-4383-ad0b-7607a6e65f79 - - - - -] running_deleted_instance_poll_interval = 1800 log_opt_values /usr/lib/python3/dist-packages/oslo_config/cfg.py:2602
2026-02-05 00:42:58.826 128846 DEBUG oslo_service.service [req-e47eea0a-7006-4383-ad0b-7607a6e65f79 - - - - -] running_deleted_instance_timeout = 0 log_opt_values /usr/lib/python3/dist-packages/oslo_config/cfg.py:2602
2026-02-05 00:42:58.826 128846 DEBUG oslo_service.service [req-e47eea0a-7006-4383-ad0b-7607a6e65f79 - - - - -] scheduler_instance_sync_interval = 120 log_opt_values /usr/lib/python3/dist-packages/oslo_config/cfg.py:2602
2026-02-05 00:42:58.826 128846 DEBUG oslo_service.service [req-e47eea0a-7006-4383-ad0b-7607a6e65f79 - - - - -] service_down_time = 60 log_opt_values /usr/lib/python3/dist-packages/oslo_config/cfg.py:2602
2026-02-05 00:42:58.828 129163 DEBUG nova.service [req-0afd311d-0466-4024-84d6-0046c6696ed2 - - - - -] Creating RPC server for service scheduler start /usr/lib/python3/dist-packages/nova/service.py:182
2026-02-05 00:42:58.826 128846 DEBUG oslo_service.service [req-e47eea0a-7006-4383-ad0b-7607a6e65f79 - - - - -] servicegroup_driver = db log_opt_values /usr/lib/python3/dist-packages/oslo_config/cfg.py:2602
2026-02-05 00:42:58.830 128846 DEBUG oslo_service.service [req-e47eea0a-7006-4383-ad0b-7607a6e65f79 - - - - -] shelved_offload_time = 0 log_opt_values /usr/lib/python3/dist-packages/oslo_config/cfg.py:2602
2026-02-05 00:42:58.830 128846 DEBUG oslo_service.service [req-e47eea0a-7006-4383-ad0b-7607a6e65f79 - - - - -] shelved_poll_interval = 3600 log_opt_values /usr/lib/python3/dist-packages/oslo_config/cfg.py:2602
2026-02-05 00:42:58.831 128846 DEBUG oslo_service.service [req-e47eea0a-7006-4383-ad0b-7607a6e65f79 - - - - -] shutdown_timeout = 60 log_opt_values /usr/lib/python3/dist-packages/oslo_config/cfg.py:2602
2026-02-05 00:42:58.831 128846 DEBUG oslo_service.service [req-e47eea0a-7006-4383-ad0b-7607a6e65f79 - - - - -] source_is_ipv6 = False log_opt_values /usr/lib/python3/dist-packages/oslo_config/cfg.py:2602
2026-02-05 00:42:58.831 128846 DEBUG oslo_service.service [req-e47eea0a-7006-4383-ad0b-7607a6e65f79 - - - - -] ssl_only = False log_opt_values /usr/lib/python3/dist-packages/oslo_config/cfg.py:2602
2026-02-05 00:42:58.831 128846 DEBUG oslo_service.service [req-e47eea0a-7006-4383-ad0b-7607a6e65f79 - - - - -] state_path = /var/lib/nova log_opt_values /usr/lib/python3/dist-packages/oslo_config/cfg.py:2602
2026-02-05 00:42:58.831 128846 DEBUG oslo_service.service [req-e47eea0a-7006-4383-ad0b-7607a6e65f79 - - - - -] sync_power_state_interval = 600 log_opt_values /usr/lib/python3/dist-packages/oslo_config/cfg.py:2602
2026-02-05 00:42:58.831 128846 DEBUG oslo_service.service [req-e47eea0a-7006-4383-ad0b-7607a6e65f79 - - - - -] sync_power_state_pool_size = 1000 log_opt_values /usr/lib/python3/dist-packages/oslo_config/cfg.py:2602
2026-02-05 00:42:58.832 128846 DEBUG oslo_service.service [req-e47eea0a-7006-4383-ad0b-7607a6e65f79 - - - - -] syslog_log_facility = LOG_USER log_opt_values /usr/lib/python3/dist-packages/oslo_config/cfg.py:2602
2026-02-05 00:42:58.832 128846 DEBUG oslo_service.service [req-e47eea0a-7006-4383-ad0b-7607a6e65f79 - - - - -] tempdir = None log_opt_values /usr/lib/python3/dist-packages/oslo_config/cfg.py:2602
2026-02-05 00:42:58.832 128846 DEBUG oslo_service.service [req-e47eea0a-7006-4383-ad0b-7607a6e65f79 - - - - -] timeout_nbd = 10 log_opt_values /usr/lib/python3/dist-packages/oslo_config/cfg.py:2602
2026-02-05 00:42:58.833 128846 DEBUG oslo_service.service [req-e47eea0a-7006-4383-ad0b-7607a6e65f79 - - - - -] transport_url = **** log_opt_values /usr/lib/python3/dist-packages/oslo_config/cfg.py:2602
2026-02-05 00:42:58.833 128846 DEBUG oslo_service.service [req-e47eea0a-7006-4383-ad0b-7607a6e65f79 - - - - -] update_resources_interval = 0 log_opt_values /usr/lib/python3/dist-packages/oslo_config/cfg.py:2602
2026-02-05 00:42:58.833 128846 DEBUG oslo_service.service [req-e47eea0a-7006-4383-ad0b-7607a6e65f79 - - - - -] use_cow_images = True log_opt_values /usr/lib/python3/dist-packages/oslo_config/cfg.py:2602
2026-02-05 00:42:58.834 128846 DEBUG oslo_service.service [req-e47eea0a-7006-4383-ad0b-7607a6e65f79 - - - - -] use_eventlog = False log_opt_values /usr/lib/python3/dist-packages/oslo_config/cfg.py:2602
2026-02-05 00:42:58.834 128846 DEBUG oslo_service.service [req-e47eea0a-7006-4383-ad0b-7607a6e65f79 - - - - -] use_journal = False log_opt_values /usr/lib/python3/dist-packages/oslo_config/cfg.py:2602
2026-02-05 00:42:58.835 128846 DEBUG oslo_service.service [req-e47eea0a-7006-4383-ad0b-7607a6e65f79 - - - - -] use_json = False log_opt_values /usr/lib/python3/dist-packages/oslo_config/cfg.py:2602
2026-02-05 00:42:58.835 128846 DEBUG oslo_service.service [req-e47eea0a-7006-4383-ad0b-7607a6e65f79 - - - - -] use_rootwrap_daemon = False log_opt_values /usr/lib/python3/dist-packages/oslo_config/cfg.py:2602
2026-02-05 00:42:58.835 128846 DEBUG oslo_service.service [req-e47eea0a-7006-4383-ad0b-7607a6e65f79 - - - - -] use_stderr = False log_opt_values /usr/lib/python3/dist-packages/oslo_config/cfg.py:2602
2026-02-05 00:42:58.836 128846 DEBUG oslo_service.service [req-e47eea0a-7006-4383-ad0b-7607a6e65f79 - - - - -] use_syslog = False log_opt_values /usr/lib/python3/dist-packages/oslo_config/cfg.py:2602
2026-02-05 00:42:58.836 128846 DEBUG oslo_service.service [req-e47eea0a-7006-4383-ad0b-7607a6e65f79 - - - - -] vcpu_pin_set = None log_opt_values /usr/lib/python3/dist-packages/oslo_config/cfg.py:2602
2026-02-05 00:42:58.837 128846 DEBUG oslo_service.service [req-e47eea0a-7006-4383-ad0b-7607a6e65f79 - - - - -] vif_plugging_is_fatal = True log_opt_values /usr/lib/python3/dist-packages/oslo_config/cfg.py:2602
2026-02-05 00:42:58.837 129165 DEBUG nova.service [req-21608158-9869-4001-b98a-c49248721c98 - - - - -] Creating RPC server for service scheduler start /usr/lib/python3/dist-packages/nova/service.py:182
2026-02-05 00:42:58.838 128846 DEBUG oslo_service.service [req-e47eea0a-7006-4383-ad0b-7607a6e65f79 - - - - -] vif_plugging_timeout = 300 log_opt_values /usr/lib/python3/dist-packages/oslo_config/cfg.py:2602
2026-02-05 00:42:58.838 128846 DEBUG oslo_service.service [req-e47eea0a-7006-4383-ad0b-7607a6e65f79 - - - - -] virt_mkfs = [] log_opt_values /usr/lib/python3/dist-packages/oslo_config/cfg.py:2602
2026-02-05 00:42:58.839 128846 DEBUG oslo_service.service [req-e47eea0a-7006-4383-ad0b-7607a6e65f79 - - - - -] volume_usage_poll_interval = 0 log_opt_values /usr/lib/python3/dist-packages/oslo_config/cfg.py:2602
2026-02-05 00:42:58.839 128846 DEBUG oslo_service.service [req-e47eea0a-7006-4383-ad0b-7607a6e65f79 - - - - -] watch_log_file = False log_opt_values /usr/lib/python3/dist-packages/oslo_config/cfg.py:2602
2026-02-05 00:42:58.839 129160 DEBUG oslo_messaging._drivers.amqpdriver [-] Listener is running poll /usr/lib/python3/dist-packages/oslo_messaging/_drivers/amqpdriver.py:343
2026-02-05 00:42:58.840 129160 DEBUG oslo_messaging._drivers.amqpdriver [-] AMQPListener connection consume poll /usr/lib/python3/dist-packages/oslo_messaging/_drivers/amqpdriver.py:357
2026-02-05 00:42:58.839 128846 DEBUG oslo_service.service [req-e47eea0a-7006-4383-ad0b-7607a6e65f79 - - - - -] web = /usr/share/spice-html5 log_opt_values /usr/lib/python3/dist-packages/oslo_config/cfg.py:2602
2026-02-05 00:42:58.841 128846 DEBUG oslo_service.service [req-e47eea0a-7006-4383-ad0b-7607a6e65f79 - - - - -] oslo_concurrency.disable_process_locking = False log_opt_values /usr/lib/python3/dist-packages/oslo_config/cfg.py:2609
2026-02-05 00:42:58.841 128846 DEBUG oslo_service.service [req-e47eea0a-7006-4383-ad0b-7607a6e65f79 - - - - -] oslo_concurrency.lock_path = /var/lock/nova log_opt_values /usr/lib/python3/dist-packages/oslo_config/cfg.py:2609
2026-02-05 00:42:58.842 128846 WARNING oslo_config.cfg [req-e47eea0a-7006-4383-ad0b-7607a6e65f79 - - - - -] Deprecated: Option "auth_strategy" from group "api" is deprecated for removal ( The only non-default choice, ``noauth2``, is for internal development and testing purposes only and should not be used in deployments. This option and its middleware, NoAuthMiddleware[V2_18], will be removed in a future release. ). Its value may be silently ignored in the future.
2026-02-05 00:42:58.842 128846 DEBUG oslo_service.service [req-e47eea0a-7006-4383-ad0b-7607a6e65f79 - - - - -] api.auth_strategy = keystone log_opt_values /usr/lib/python3/dist-packages/oslo_config/cfg.py:2609
2026-02-05 00:42:58.842 128846 DEBUG oslo_service.service [req-e47eea0a-7006-4383-ad0b-7607a6e65f79 - - - - -] api.compute_link_prefix = None log_opt_values /usr/lib/python3/dist-packages/oslo_config/cfg.py:2609
2026-02-05 00:42:58.842 128846 DEBUG oslo_service.service [req-e47eea0a-7006-4383-ad0b-7607a6e65f79 - - - - -] api.config_drive_skip_versions = 1.0 2007-01-19 2007-03-01 2007-08-29 2007-10-10 2007-12-15 2008-02-01 2008-09-01 log_opt_values /usr/lib/python3/dist-packages/oslo_config/cfg.py:2609
2026-02-05 00:42:58.843 128846 DEBUG oslo_service.service [req-e47eea0a-7006-4383-ad0b-7607a6e65f79 - - - - -] api.dhcp_domain = novalocal log_opt_values /usr/lib/python3/dist-packages/oslo_config/cfg.py:2609
2026-02-05 00:42:58.843 128846 DEBUG oslo_service.service [req-e47eea0a-7006-4383-ad0b-7607a6e65f79 - - - - -] api.enable_instance_password = True log_opt_values /usr/lib/python3/dist-packages/oslo_config/cfg.py:2609
2026-02-05 00:42:58.843 128846 DEBUG oslo_service.service [req-e47eea0a-7006-4383-ad0b-7607a6e65f79 - - - - -] api.glance_link_prefix = None log_opt_values /usr/lib/python3/dist-packages/oslo_config/cfg.py:2609
2026-02-05 00:42:58.843 128846 DEBUG oslo_service.service [req-e47eea0a-7006-4383-ad0b-7607a6e65f79 - - - - -] api.instance_list_cells_batch_fixed_size = 100 log_opt_values /usr/lib/python3/dist-packages/oslo_config/cfg.py:2609
2026-02-05 00:42:58.843 128846 DEBUG oslo_service.service [req-e47eea0a-7006-4383-ad0b-7607a6e65f79 - - - - -] api.instance_list_cells_batch_strategy = distributed log_opt_values /usr/lib/python3/dist-packages/oslo_config/cfg.py:2609
2026-02-05 00:42:58.844 128846 DEBUG oslo_service.service [req-e47eea0a-7006-4383-ad0b-7607a6e65f79 - - - - -] api.instance_list_per_project_cells = False log_opt_values /usr/lib/python3/dist-packages/oslo_config/cfg.py:2609
2026-02-05 00:42:58.844 128846 DEBUG oslo_service.service [req-e47eea0a-7006-4383-ad0b-7607a6e65f79 - - - - -] api.list_records_by_skipping_down_cells = True log_opt_values /usr/lib/python3/dist-packages/oslo_config/cfg.py:2609
2026-02-05 00:42:58.844 128846 DEBUG oslo_service.service [req-e47eea0a-7006-4383-ad0b-7607a6e65f79 - - - - -] api.local_metadata_per_cell = False log_opt_values /usr/lib/python3/dist-packages/oslo_config/cfg.py:2609
2026-02-05 00:42:58.843 129160 DEBUG nova.service [req-20d818da-3a40-4fa9-abde-b692ddd19777 - - - - -] Join ServiceGroup membership for this service scheduler start /usr/lib/python3/dist-packages/nova/service.py:199
2026-02-05 00:42:58.844 128846 DEBUG oslo_service.service [req-e47eea0a-7006-4383-ad0b-7607a6e65f79 - - - - -] api.max_limit = 1000 log_opt_values /usr/lib/python3/dist-packages/oslo_config/cfg.py:2609
2026-02-05 00:42:58.844 128846 DEBUG oslo_service.service [req-e47eea0a-7006-4383-ad0b-7607a6e65f79 - - - - -] api.metadata_cache_expiration = 15 log_opt_values /usr/lib/python3/dist-packages/oslo_config/cfg.py:2609
2026-02-05 00:42:58.844 129160 DEBUG nova.servicegroup.drivers.db [req-20d818da-3a40-4fa9-abde-b692ddd19777 - - - - -] DB_Driver: join new ServiceGroup member juju-311893-0-lxd-7 to the scheduler group, service = join /usr/lib/python3/dist-packages/nova/servicegroup/drivers/db.py:44
2026-02-05 00:42:58.844 129162 DEBUG oslo_messaging._drivers.amqpdriver [-] Listener is running poll /usr/lib/python3/dist-packages/oslo_messaging/_drivers/amqpdriver.py:343
2026-02-05 00:42:58.844 128846 DEBUG oslo_service.service [req-e47eea0a-7006-4383-ad0b-7607a6e65f79 - - - - -] api.neutron_default_tenant_id = default log_opt_values /usr/lib/python3/dist-packages/oslo_config/cfg.py:2609
2026-02-05 00:42:58.845 129162 DEBUG oslo_messaging._drivers.amqpdriver [-] AMQPListener connection consume poll /usr/lib/python3/dist-packages/oslo_messaging/_drivers/amqpdriver.py:357
2026-02-05 00:42:58.845 128846 DEBUG oslo_service.service [req-e47eea0a-7006-4383-ad0b-7607a6e65f79 - - - - -] api.use_forwarded_for = False log_opt_values /usr/lib/python3/dist-packages/oslo_config/cfg.py:2609
2026-02-05 00:42:58.845 129160 DEBUG oslo_messaging._drivers.amqpdriver [-] AMQPListener connection timeout poll /usr/lib/python3/dist-packages/oslo_messaging/_drivers/amqpdriver.py:360
2026-02-05 00:42:58.845 128846 DEBUG oslo_service.service [req-e47eea0a-7006-4383-ad0b-7607a6e65f79 - - - - -] api.use_neutron_default_nets = False log_opt_values /usr/lib/python3/dist-packages/oslo_config/cfg.py:2609
2026-02-05 00:42:58.845 128846 DEBUG oslo_service.service [req-e47eea0a-7006-4383-ad0b-7607a6e65f79 - - - - -] api.vendordata_dynamic_connect_timeout = 5 log_opt_values /usr/lib/python3/dist-packages/oslo_config/cfg.py:2609
2026-02-05 00:42:58.845 129160 DEBUG oslo_messaging._drivers.amqpdriver [-] Listener is running poll /usr/lib/python3/dist-packages/oslo_messaging/_drivers/amqpdriver.py:343
2026-02-05 00:42:58.845 129160 DEBUG oslo_messaging._drivers.amqpdriver [-] AMQPListener connection consume poll /usr/lib/python3/dist-packages/oslo_messaging/_drivers/amqpdriver.py:357
2026-02-05 00:42:58.845 128846 DEBUG oslo_service.service [req-e47eea0a-7006-4383-ad0b-7607a6e65f79 - - - - -] api.vendordata_dynamic_failure_fatal = False log_opt_values /usr/lib/python3/dist-packages/oslo_config/cfg.py:2609
2026-02-05 00:42:58.845 129162 DEBUG nova.service [req-c667b761-0f4d-4142-b05f-7c921609be81 - - - - -] Join ServiceGroup membership for this service scheduler start /usr/lib/python3/dist-packages/nova/service.py:199
2026-02-05 00:42:58.845 128846 DEBUG oslo_service.service [req-e47eea0a-7006-4383-ad0b-7607a6e65f79 - - - - -] api.vendordata_dynamic_read_timeout = 5 log_opt_values /usr/lib/python3/dist-packages/oslo_config/cfg.py:2609
2026-02-05 00:42:58.846 128846 DEBUG oslo_service.service [req-e47eea0a-7006-4383-ad0b-7607a6e65f79 - - - - -] api.vendordata_dynamic_ssl_certfile = log_opt_values /usr/lib/python3/dist-packages/oslo_config/cfg.py:2609
2026-02-05 00:42:58.846 129162 DEBUG nova.servicegroup.drivers.db [req-c667b761-0f4d-4142-b05f-7c921609be81 - - - - -] DB_Driver: join new ServiceGroup member juju-311893-0-lxd-7 to the scheduler group, service = join /usr/lib/python3/dist-packages/nova/servicegroup/drivers/db.py:44
2026-02-05 00:42:58.846 128846 DEBUG oslo_service.service [req-e47eea0a-7006-4383-ad0b-7607a6e65f79 - - - - -] api.vendordata_dynamic_targets = [] log_opt_values /usr/lib/python3/dist-packages/oslo_config/cfg.py:2609
2026-02-05 00:42:58.846 128846 DEBUG oslo_service.service [req-e47eea0a-7006-4383-ad0b-7607a6e65f79 - - - - -] api.vendordata_jsonfile_path = None log_opt_values /usr/lib/python3/dist-packages/oslo_config/cfg.py:2609
2026-02-05 00:42:58.846 128846 DEBUG oslo_service.service [req-e47eea0a-7006-4383-ad0b-7607a6e65f79 - - - - -] api.vendordata_providers = ['StaticJSON'] log_opt_values /usr/lib/python3/dist-packages/oslo_config/cfg.py:2609
2026-02-05 00:42:58.847 128846 DEBUG oslo_service.service [req-e47eea0a-7006-4383-ad0b-7607a6e65f79 - - - - -] cache.backend = dogpile.cache.null log_opt_values /usr/lib/python3/dist-packages/oslo_config/cfg.py:2609
2026-02-05 00:42:58.847 128846 DEBUG oslo_service.service [req-e47eea0a-7006-4383-ad0b-7607a6e65f79 - - - - -] cache.backend_argument = **** log_opt_values /usr/lib/python3/dist-packages/oslo_config/cfg.py:2609
2026-02-05 00:42:58.847 128846 DEBUG oslo_service.service [req-e47eea0a-7006-4383-ad0b-7607a6e65f79 - - - - -] cache.config_prefix = cache.oslo log_opt_values /usr/lib/python3/dist-packages/oslo_config/cfg.py:2609
2026-02-05 00:42:58.847 128846 DEBUG oslo_service.service [req-e47eea0a-7006-4383-ad0b-7607a6e65f79 - - - - -] cache.debug_cache_backend = False log_opt_values /usr/lib/python3/dist-packages/oslo_config/cfg.py:2609
2026-02-05 00:42:58.847 128846 DEBUG oslo_service.service [req-e47eea0a-7006-4383-ad0b-7607a6e65f79 - - - - -] cache.enabled = False log_opt_values /usr/lib/python3/dist-packages/oslo_config/cfg.py:2609
2026-02-05 00:42:58.848 128846 DEBUG oslo_service.service [req-e47eea0a-7006-4383-ad0b-7607a6e65f79 - - - - -] cache.expiration_time = 600 log_opt_values /usr/lib/python3/dist-packages/oslo_config/cfg.py:2609
2026-02-05 00:42:58.848 128846 DEBUG oslo_service.service [req-e47eea0a-7006-4383-ad0b-7607a6e65f79 - - - - -] cache.memcache_dead_retry = 300 log_opt_values /usr/lib/python3/dist-packages/oslo_config/cfg.py:2609
2026-02-05 00:42:58.848 128846 DEBUG oslo_service.service [req-e47eea0a-7006-4383-ad0b-7607a6e65f79 - - - - -] cache.memcache_pool_connection_get_timeout = 10 log_opt_values /usr/lib/python3/dist-packages/oslo_config/cfg.py:2609
2026-02-05 00:42:58.848 128846 DEBUG oslo_service.service [req-e47eea0a-7006-4383-ad0b-7607a6e65f79 - - - - -] cache.memcache_pool_flush_on_reconnect = False log_opt_values /usr/lib/python3/dist-packages/oslo_config/cfg.py:2609
2026-02-05 00:42:58.848 129162 DEBUG oslo_messaging._drivers.amqpdriver [-] AMQPListener connection timeout poll /usr/lib/python3/dist-packages/oslo_messaging/_drivers/amqpdriver.py:360
2026-02-05 00:42:58.848 128846 DEBUG oslo_service.service [req-e47eea0a-7006-4383-ad0b-7607a6e65f79 - - - - -] cache.memcache_pool_maxsize = 10 log_opt_values /usr/lib/python3/dist-packages/oslo_config/cfg.py:2609
2026-02-05 00:42:58.848 129162 DEBUG oslo_messaging._drivers.amqpdriver [-] Listener is running poll /usr/lib/python3/dist-packages/oslo_messaging/_drivers/amqpdriver.py:343
2026-02-05 00:42:58.848 128846 DEBUG oslo_service.service [req-e47eea0a-7006-4383-ad0b-7607a6e65f79 - - - - -] cache.memcache_pool_unused_timeout = 60 log_opt_values /usr/lib/python3/dist-packages/oslo_config/cfg.py:2609
2026-02-05 00:42:58.849 129162 DEBUG oslo_messaging._drivers.amqpdriver [-] AMQPListener connection consume poll /usr/lib/python3/dist-packages/oslo_messaging/_drivers/amqpdriver.py:357
2026-02-05 00:42:58.849 128846 DEBUG oslo_service.service [req-e47eea0a-7006-4383-ad0b-7607a6e65f79 - - - - -] cache.memcache_servers = ['localhost:11211'] log_opt_values /usr/lib/python3/dist-packages/oslo_config/cfg.py:2609
2026-02-05 00:42:58.849 128846 DEBUG oslo_service.service [req-e47eea0a-7006-4383-ad0b-7607a6e65f79 - - - - -] cache.memcache_socket_timeout = 1.0 log_opt_values /usr/lib/python3/dist-packages/oslo_config/cfg.py:2609
2026-02-05 00:42:58.849 128846 DEBUG oslo_service.service [req-e47eea0a-7006-4383-ad0b-7607a6e65f79 - - - - -] cache.proxies = [] log_opt_values /usr/lib/python3/dist-packages/oslo_config/cfg.py:2609
2026-02-05 00:42:58.849 128846 DEBUG oslo_service.service [req-e47eea0a-7006-4383-ad0b-7607a6e65f79 - - - - -] cache.tls_allowed_ciphers = None log_opt_values /usr/lib/python3/dist-packages/oslo_config/cfg.py:2609
2026-02-05 00:42:58.849 128846 DEBUG oslo_service.service [req-e47eea0a-7006-4383-ad0b-7607a6e65f79 - - - - -] cache.tls_cafile = None log_opt_values /usr/lib/python3/dist-packages/oslo_config/cfg.py:2609
2026-02-05 00:42:58.849 128846 DEBUG oslo_service.service [req-e47eea0a-7006-4383-ad0b-7607a6e65f79 - - - - -] cache.tls_certfile = None log_opt_values /usr/lib/python3/dist-packages/oslo_config/cfg.py:2609
2026-02-05 00:42:58.850 128846 DEBUG oslo_service.service [req-e47eea0a-7006-4383-ad0b-7607a6e65f79 - - - - -] cache.tls_enabled = False log_opt_values /usr/lib/python3/dist-packages/oslo_config/cfg.py:2609
2026-02-05 00:42:58.850 128846 DEBUG oslo_service.service [req-e47eea0a-7006-4383-ad0b-7607a6e65f79 - - - - -] cache.tls_keyfile = None log_opt_values /usr/lib/python3/dist-packages/oslo_config/cfg.py:2609
2026-02-05 00:42:58.850 128846 DEBUG oslo_service.service [req-e47eea0a-7006-4383-ad0b-7607a6e65f79 - - - - -] cinder.auth_section = None log_opt_values /usr/lib/python3/dist-packages/oslo_config/cfg.py:2609
2026-02-05 00:42:58.850 128846 DEBUG oslo_service.service [req-e47eea0a-7006-4383-ad0b-7607a6e65f79 - - - - -] cinder.auth_type = None log_opt_values /usr/lib/python3/dist-packages/oslo_config/cfg.py:2609
2026-02-05 00:42:58.850 128846 DEBUG oslo_service.service [req-e47eea0a-7006-4383-ad0b-7607a6e65f79 - - - - -] cinder.cafile = None log_opt_values /usr/lib/python3/dist-packages/oslo_config/cfg.py:2609
2026-02-05 00:42:58.851 128846 DEBUG oslo_service.service [req-e47eea0a-7006-4383-ad0b-7607a6e65f79 - - - - -] cinder.catalog_info = volumev3::publicURL log_opt_values /usr/lib/python3/dist-packages/oslo_config/cfg.py:2609
2026-02-05 00:42:58.851 128846 DEBUG oslo_service.service [req-e47eea0a-7006-4383-ad0b-7607a6e65f79 - - - - -] cinder.certfile = None log_opt_values /usr/lib/python3/dist-packages/oslo_config/cfg.py:2609
2026-02-05 00:42:58.851 128846 DEBUG oslo_service.service [req-e47eea0a-7006-4383-ad0b-7607a6e65f79 - - - - -] cinder.collect_timing = False log_opt_values /usr/lib/python3/dist-packages/oslo_config/cfg.py:2609
2026-02-05 00:42:58.851 128846 DEBUG oslo_service.service [req-e47eea0a-7006-4383-ad0b-7607a6e65f79 - - - - -] cinder.cross_az_attach = True log_opt_values /usr/lib/python3/dist-packages/oslo_config/cfg.py:2609
2026-02-05 00:42:58.851 128846 DEBUG oslo_service.service [req-e47eea0a-7006-4383-ad0b-7607a6e65f79 - - - - -] cinder.debug = False log_opt_values /usr/lib/python3/dist-packages/oslo_config/cfg.py:2609
2026-02-05 00:42:58.852 128846 DEBUG oslo_service.service [req-e47eea0a-7006-4383-ad0b-7607a6e65f79 - - - - -] cinder.endpoint_template = None log_opt_values /usr/lib/python3/dist-packages/oslo_config/cfg.py:2609
2026-02-05 00:42:58.852 128846 DEBUG oslo_service.service [req-e47eea0a-7006-4383-ad0b-7607a6e65f79 - - - - -] cinder.http_retries = 3 log_opt_values /usr/lib/python3/dist-packages/oslo_config/cfg.py:2609
2026-02-05 00:42:58.852 128846 DEBUG oslo_service.service [req-e47eea0a-7006-4383-ad0b-7607a6e65f79 - - - - -] cinder.insecure = False log_opt_values /usr/lib/python3/dist-packages/oslo_config/cfg.py:2609
2026-02-05 00:42:58.852 128846 DEBUG oslo_service.service [req-e47eea0a-7006-4383-ad0b-7607a6e65f79 - - - - -] cinder.keyfile = None log_opt_values /usr/lib/python3/dist-packages/oslo_config/cfg.py:2609
2026-02-05 00:42:58.852 128846 DEBUG oslo_service.service [req-e47eea0a-7006-4383-ad0b-7607a6e65f79 - - - - -] cinder.os_region_name = None log_opt_values /usr/lib/python3/dist-packages/oslo_config/cfg.py:2609
2026-02-05 00:42:58.852 129163 DEBUG oslo_messaging._drivers.amqpdriver [-] Listener is running poll /usr/lib/python3/dist-packages/oslo_messaging/_drivers/amqpdriver.py:343
2026-02-05 00:42:58.853 128846 DEBUG oslo_service.service [req-e47eea0a-7006-4383-ad0b-7607a6e65f79 - - - - -] cinder.split_loggers = False log_opt_values /usr/lib/python3/dist-packages/oslo_config/cfg.py:2609
2026-02-05 00:42:58.853 129163 DEBUG oslo_messaging._drivers.amqpdriver [-] AMQPListener connection consume poll /usr/lib/python3/dist-packages/oslo_messaging/_drivers/amqpdriver.py:357
2026-02-05 00:42:58.853 128846 DEBUG oslo_service.service [req-e47eea0a-7006-4383-ad0b-7607a6e65f79 - - - - -] cinder.timeout = None log_opt_values /usr/lib/python3/dist-packages/oslo_config/cfg.py:2609
2026-02-05 00:42:58.853 128846 DEBUG oslo_service.service [req-e47eea0a-7006-4383-ad0b-7607a6e65f79 - - - - -] compute.consecutive_build_service_disable_threshold = 10 log_opt_values /usr/lib/python3/dist-packages/oslo_config/cfg.py:2609
2026-02-05 00:42:58.854 128846 DEBUG oslo_service.service [req-e47eea0a-7006-4383-ad0b-7607a6e65f79 - - - - -] compute.cpu_dedicated_set = None log_opt_values /usr/lib/python3/dist-packages/oslo_config/cfg.py:2609
2026-02-05 00:42:58.854 128846 DEBUG oslo_service.service [req-e47eea0a-7006-4383-ad0b-7607a6e65f79 - - - - -] compute.cpu_shared_set = None log_opt_values /usr/lib/python3/dist-packages/oslo_config/cfg.py:2609
2026-02-05 00:42:58.854 128846 DEBUG oslo_service.service [req-e47eea0a-7006-4383-ad0b-7607a6e65f79 - - - - -] compute.image_type_exclude_list = [] log_opt_values /usr/lib/python3/dist-packages/oslo_config/cfg.py:2609
2026-02-05 00:42:58.854 128846 DEBUG oslo_service.service [req-e47eea0a-7006-4383-ad0b-7607a6e65f79 - - - - -] compute.live_migration_wait_for_vif_plug = True log_opt_values /usr/lib/python3/dist-packages/oslo_config/cfg.py:2609
2026-02-05 00:42:58.854 128846 DEBUG oslo_service.service [req-e47eea0a-7006-4383-ad0b-7607a6e65f79 - - - - -] compute.max_concurrent_disk_ops = 0 log_opt_values /usr/lib/python3/dist-packages/oslo_config/cfg.py:2609
2026-02-05 00:42:58.855 128846 DEBUG oslo_service.service [req-e47eea0a-7006-4383-ad0b-7607a6e65f79 - - - - -] compute.max_disk_devices_to_attach = -1 log_opt_values /usr/lib/python3/dist-packages/oslo_config/cfg.py:2609
2026-02-05 00:42:58.855 128846 DEBUG oslo_service.service [req-e47eea0a-7006-4383-ad0b-7607a6e65f79 - - - - -] compute.packing_host_numa_cells_allocation_strategy = True log_opt_values /usr/lib/python3/dist-packages/oslo_config/cfg.py:2609
2026-02-05 00:42:58.855 128846 DEBUG oslo_service.service [req-e47eea0a-7006-4383-ad0b-7607a6e65f79 - - - - -] compute.provider_config_location = /etc/nova/provider_config/ log_opt_values /usr/lib/python3/dist-packages/oslo_config/cfg.py:2609
2026-02-05 00:42:58.855 128846 DEBUG oslo_service.service [req-e47eea0a-7006-4383-ad0b-7607a6e65f79 - - - - -] compute.resource_provider_association_refresh = 300 log_opt_values /usr/lib/python3/dist-packages/oslo_config/cfg.py:2609
2026-02-05 00:42:58.855 128846 DEBUG oslo_service.service [req-e47eea0a-7006-4383-ad0b-7607a6e65f79 - - - - -] compute.shutdown_retry_interval = 10 log_opt_values /usr/lib/python3/dist-packages/oslo_config/cfg.py:2609
2026-02-05 00:42:58.855 128846 DEBUG oslo_service.service [req-e47eea0a-7006-4383-ad0b-7607a6e65f79 - - - - -] compute.vmdk_allowed_types = ['streamOptimized', 'monolithicSparse'] log_opt_values /usr/lib/python3/dist-packages/oslo_config/cfg.py:2609
2026-02-05 00:42:58.856 128846 DEBUG oslo_service.service [req-e47eea0a-7006-4383-ad0b-7607a6e65f79 - - - - -] conductor.workers = 4 log_opt_values /usr/lib/python3/dist-packages/oslo_config/cfg.py:2609
2026-02-05 00:42:58.855 129163 DEBUG nova.service [req-0afd311d-0466-4024-84d6-0046c6696ed2 - - - - -] Join ServiceGroup membership for this service scheduler start /usr/lib/python3/dist-packages/nova/service.py:199
2026-02-05 00:42:58.856 128846 DEBUG oslo_service.service [req-e47eea0a-7006-4383-ad0b-7607a6e65f79 - - - - -] console.allowed_origins = [] log_opt_values /usr/lib/python3/dist-packages/oslo_config/cfg.py:2609
2026-02-05 00:42:58.856 128846 DEBUG oslo_service.service [req-e47eea0a-7006-4383-ad0b-7607a6e65f79 - - - - -] console.ssl_ciphers = None log_opt_values /usr/lib/python3/dist-packages/oslo_config/cfg.py:2609
2026-02-05 00:42:58.856 129163 DEBUG nova.servicegroup.drivers.db [req-0afd311d-0466-4024-84d6-0046c6696ed2 - - - - -] DB_Driver: join new ServiceGroup member juju-311893-0-lxd-7 to the scheduler group, service = join /usr/lib/python3/dist-packages/nova/servicegroup/drivers/db.py:44
2026-02-05 00:42:58.856 128846 DEBUG oslo_service.service [req-e47eea0a-7006-4383-ad0b-7607a6e65f79 - - - - -] console.ssl_minimum_version = default log_opt_values /usr/lib/python3/dist-packages/oslo_config/cfg.py:2609
2026-02-05 00:42:58.856 128846 DEBUG oslo_service.service [req-e47eea0a-7006-4383-ad0b-7607a6e65f79 - - - - -] consoleauth.token_ttl = 600 log_opt_values /usr/lib/python3/dist-packages/oslo_config/cfg.py:2609
2026-02-05 00:42:58.857 128846 DEBUG oslo_service.service [req-e47eea0a-7006-4383-ad0b-7607a6e65f79 - - - - -] cyborg.cafile = None log_opt_values /usr/lib/python3/dist-packages/oslo_config/cfg.py:2609
2026-02-05 00:42:58.857 128846 DEBUG oslo_service.service [req-e47eea0a-7006-4383-ad0b-7607a6e65f79 - - - - -] cyborg.certfile = None log_opt_values /usr/lib/python3/dist-packages/oslo_config/cfg.py:2609
2026-02-05 00:42:58.857 128846 DEBUG oslo_service.service [req-e47eea0a-7006-4383-ad0b-7607a6e65f79 - - - - -] cyborg.collect_timing = False log_opt_values /usr/lib/python3/dist-packages/oslo_config/cfg.py:2609
2026-02-05 00:42:58.857 128846 DEBUG oslo_service.service [req-e47eea0a-7006-4383-ad0b-7607a6e65f79 - - - - -] cyborg.connect_retries = None log_opt_values /usr/lib/python3/dist-packages/oslo_config/cfg.py:2609
2026-02-05 00:42:58.857 128846 DEBUG oslo_service.service [req-e47eea0a-7006-4383-ad0b-7607a6e65f79 - - - - -] cyborg.connect_retry_delay = None log_opt_values /usr/lib/python3/dist-packages/oslo_config/cfg.py:2609
2026-02-05 00:42:58.857 129163 DEBUG oslo_messaging._drivers.amqpdriver [-] AMQPListener connection timeout poll /usr/lib/python3/dist-packages/oslo_messaging/_drivers/amqpdriver.py:360
2026-02-05 00:42:58.858 128846 DEBUG oslo_service.service [req-e47eea0a-7006-4383-ad0b-7607a6e65f79 - - - - -] cyborg.endpoint_override = None log_opt_values /usr/lib/python3/dist-packages/oslo_config/cfg.py:2609
2026-02-05 00:42:58.858 129163 DEBUG oslo_messaging._drivers.amqpdriver [-] Listener is running poll /usr/lib/python3/dist-packages/oslo_messaging/_drivers/amqpdriver.py:343
2026-02-05 00:42:58.858 129163 DEBUG oslo_messaging._drivers.amqpdriver [-] AMQPListener connection consume poll /usr/lib/python3/dist-packages/oslo_messaging/_drivers/amqpdriver.py:357
2026-02-05 00:42:58.858 128846 DEBUG oslo_service.service [req-e47eea0a-7006-4383-ad0b-7607a6e65f79 - - - - -] cyborg.insecure = False log_opt_values /usr/lib/python3/dist-packages/oslo_config/cfg.py:2609
2026-02-05 00:42:58.858 128846 DEBUG oslo_service.service [req-e47eea0a-7006-4383-ad0b-7607a6e65f79 - - - - -] cyborg.keyfile = None log_opt_values /usr/lib/python3/dist-packages/oslo_config/cfg.py:2609
2026-02-05 00:42:58.858 128846 DEBUG oslo_service.service [req-e47eea0a-7006-4383-ad0b-7607a6e65f79 - - - - -] cyborg.max_version = None log_opt_values /usr/lib/python3/dist-packages/oslo_config/cfg.py:2609
2026-02-05 00:42:58.858 128846 DEBUG oslo_service.service [req-e47eea0a-7006-4383-ad0b-7607a6e65f79 - - - - -] cyborg.min_version = None log_opt_values /usr/lib/python3/dist-packages/oslo_config/cfg.py:2609
2026-02-05 00:42:58.858 128846 DEBUG oslo_service.service [req-e47eea0a-7006-4383-ad0b-7607a6e65f79 - - - - -] cyborg.region_name = None log_opt_values /usr/lib/python3/dist-packages/oslo_config/cfg.py:2609
2026-02-05 00:42:58.859 128846 DEBUG oslo_service.service [req-e47eea0a-7006-4383-ad0b-7607a6e65f79 - - - - -] cyborg.service_name = None log_opt_values /usr/lib/python3/dist-packages/oslo_config/cfg.py:2609
2026-02-05 00:42:58.859 128846 DEBUG oslo_service.service [req-e47eea0a-7006-4383-ad0b-7607a6e65f79 - - - - -] cyborg.service_type = accelerator log_opt_values /usr/lib/python3/dist-packages/oslo_config/cfg.py:2609
2026-02-05 00:42:58.859 128846 DEBUG oslo_service.service [req-e47eea0a-7006-4383-ad0b-7607a6e65f79 - - - - -] cyborg.split_loggers = False log_opt_values /usr/lib/python3/dist-packages/oslo_config/cfg.py:2609
2026-02-05 00:42:58.859 128846 DEBUG oslo_service.service [req-e47eea0a-7006-4383-ad0b-7607a6e65f79 - - - - -] cyborg.status_code_retries = None log_opt_values /usr/lib/python3/dist-packages/oslo_config/cfg.py:2609
2026-02-05 00:42:58.859 128846 DEBUG oslo_service.service [req-e47eea0a-7006-4383-ad0b-7607a6e65f79 - - - - -] cyborg.status_code_retry_delay = None log_opt_values /usr/lib/python3/dist-packages/oslo_config/cfg.py:2609
2026-02-05 00:42:58.859 128846 DEBUG oslo_service.service [req-e47eea0a-7006-4383-ad0b-7607a6e65f79 - - - - -] cyborg.timeout = None log_opt_values /usr/lib/python3/dist-packages/oslo_config/cfg.py:2609
2026-02-05 00:42:58.860 128846 DEBUG oslo_service.service [req-e47eea0a-7006-4383-ad0b-7607a6e65f79 - - - - -] cyborg.valid_interfaces = ['internal', 'public'] log_opt_values /usr/lib/python3/dist-packages/oslo_config/cfg.py:2609
2026-02-05 00:42:58.860 128846 DEBUG oslo_service.service [req-e47eea0a-7006-4383-ad0b-7607a6e65f79 - - - - -] cyborg.version = None log_opt_values /usr/lib/python3/dist-packages/oslo_config/cfg.py:2609
2026-02-05 00:42:58.860 128846 DEBUG oslo_service.service [req-e47eea0a-7006-4383-ad0b-7607a6e65f79 - - - - -] database.backend = sqlalchemy log_opt_values /usr/lib/python3/dist-packages/oslo_config/cfg.py:2609
2026-02-05 00:42:58.860 128846 DEBUG oslo_service.service [req-e47eea0a-7006-4383-ad0b-7607a6e65f79 - - - - -] database.connection = **** log_opt_values /usr/lib/python3/dist-packages/oslo_config/cfg.py:2609
2026-02-05 00:42:58.860 128846 DEBUG oslo_service.service [req-e47eea0a-7006-4383-ad0b-7607a6e65f79 - - - - -] database.connection_debug = 0 log_opt_values /usr/lib/python3/dist-packages/oslo_config/cfg.py:2609
2026-02-05 00:42:58.860 129165 DEBUG oslo_messaging._drivers.amqpdriver [-] Listener is running poll /usr/lib/python3/dist-packages/oslo_messaging/_drivers/amqpdriver.py:343
2026-02-05 00:42:58.861 129165 DEBUG oslo_messaging._drivers.amqpdriver [-] AMQPListener connection consume poll /usr/lib/python3/dist-packages/oslo_messaging/_drivers/amqpdriver.py:357
2026-02-05 00:42:58.861 128846 DEBUG oslo_service.service [req-e47eea0a-7006-4383-ad0b-7607a6e65f79 - - - - -] database.connection_parameters = log_opt_values /usr/lib/python3/dist-packages/oslo_config/cfg.py:2609
2026-02-05 00:42:58.861 128846 DEBUG oslo_service.service [req-e47eea0a-7006-4383-ad0b-7607a6e65f79 - - - - -] database.connection_recycle_time = 3600 log_opt_values /usr/lib/python3/dist-packages/oslo_config/cfg.py:2609
2026-02-05 00:42:58.861 128846 DEBUG oslo_service.service [req-e47eea0a-7006-4383-ad0b-7607a6e65f79 - - - - -] database.connection_trace = False log_opt_values /usr/lib/python3/dist-packages/oslo_config/cfg.py:2609
2026-02-05 00:42:58.861 128846 DEBUG oslo_service.service [req-e47eea0a-7006-4383-ad0b-7607a6e65f79 - - - - -] database.db_inc_retry_interval = True log_opt_values /usr/lib/python3/dist-packages/oslo_config/cfg.py:2609
2026-02-05 00:42:58.861 129165 DEBUG nova.service [req-21608158-9869-4001-b98a-c49248721c98 - - - - -] Join ServiceGroup membership for this service scheduler start /usr/lib/python3/dist-packages/nova/service.py:199
2026-02-05 00:42:58.861 128846 DEBUG oslo_service.service [req-e47eea0a-7006-4383-ad0b-7607a6e65f79 - - - - -] database.db_max_retries = 20 log_opt_values /usr/lib/python3/dist-packages/oslo_config/cfg.py:2609
2026-02-05 00:42:58.862 128846 DEBUG oslo_service.service [req-e47eea0a-7006-4383-ad0b-7607a6e65f79 - - - - -] database.db_max_retry_interval = 10 log_opt_values /usr/lib/python3/dist-packages/oslo_config/cfg.py:2609
2026-02-05 00:42:58.862 129165 DEBUG nova.servicegroup.drivers.db [req-21608158-9869-4001-b98a-c49248721c98 - - - - -] DB_Driver: join new ServiceGroup member juju-311893-0-lxd-7 to the scheduler group, service = join /usr/lib/python3/dist-packages/nova/servicegroup/drivers/db.py:44
2026-02-05 00:42:58.862 128846 DEBUG oslo_service.service [req-e47eea0a-7006-4383-ad0b-7607a6e65f79 - - - - -] database.db_retry_interval = 1 log_opt_values /usr/lib/python3/dist-packages/oslo_config/cfg.py:2609
2026-02-05 00:42:58.862 128846 DEBUG oslo_service.service [req-e47eea0a-7006-4383-ad0b-7607a6e65f79 - - - - -] database.max_overflow = 50 log_opt_values /usr/lib/python3/dist-packages/oslo_config/cfg.py:2609
2026-02-05 00:42:58.862 128846 DEBUG oslo_service.service [req-e47eea0a-7006-4383-ad0b-7607a6e65f79 - - - - -] database.max_pool_size = 4 log_opt_values /usr/lib/python3/dist-packages/oslo_config/cfg.py:2609
2026-02-05 00:42:58.862 128846 DEBUG oslo_service.service [req-e47eea0a-7006-4383-ad0b-7607a6e65f79 - - - - -] database.max_retries = 10 log_opt_values /usr/lib/python3/dist-packages/oslo_config/cfg.py:2609
2026-02-05 00:42:58.862 128846 DEBUG oslo_service.service [req-e47eea0a-7006-4383-ad0b-7607a6e65f79 - - - - -] database.mysql_enable_ndb = False log_opt_values /usr/lib/python3/dist-packages/oslo_config/cfg.py:2609
2026-02-05 00:42:58.863 128846 DEBUG oslo_service.service [req-e47eea0a-7006-4383-ad0b-7607a6e65f79 - - - - -] database.mysql_sql_mode = TRADITIONAL log_opt_values /usr/lib/python3/dist-packages/oslo_config/cfg.py:2609
2026-02-05 00:42:58.863 128846 DEBUG oslo_service.service [req-e47eea0a-7006-4383-ad0b-7607a6e65f79 - - - - -] database.pool_timeout = None log_opt_values /usr/lib/python3/dist-packages/oslo_config/cfg.py:2609
2026-02-05 00:42:58.863 128846 DEBUG oslo_service.service [req-e47eea0a-7006-4383-ad0b-7607a6e65f79 - - - - -] database.retry_interval = 10 log_opt_values /usr/lib/python3/dist-packages/oslo_config/cfg.py:2609
2026-02-05 00:42:58.863 128846 DEBUG oslo_service.service [req-e47eea0a-7006-4383-ad0b-7607a6e65f79 - - - - -] database.slave_connection = **** log_opt_values /usr/lib/python3/dist-packages/oslo_config/cfg.py:2609
2026-02-05 00:42:58.863 128846 DEBUG oslo_service.service [req-e47eea0a-7006-4383-ad0b-7607a6e65f79 - - - - -] database.sqlite_synchronous = True log_opt_values /usr/lib/python3/dist-packages/oslo_config/cfg.py:2609
2026-02-05 00:42:58.864 128846 DEBUG oslo_service.service [req-e47eea0a-7006-4383-ad0b-7607a6e65f79 - - - - -] database.use_db_reconnect = False log_opt_values /usr/lib/python3/dist-packages/oslo_config/cfg.py:2609
2026-02-05 00:42:58.864 128846 DEBUG oslo_service.service [req-e47eea0a-7006-4383-ad0b-7607a6e65f79 - - - - -] api_database.backend = sqlalchemy log_opt_values /usr/lib/python3/dist-packages/oslo_config/cfg.py:2609
2026-02-05 00:42:58.864 129165 DEBUG oslo_messaging._drivers.amqpdriver [-] AMQPListener connection timeout poll /usr/lib/python3/dist-packages/oslo_messaging/_drivers/amqpdriver.py:360
2026-02-05 00:42:58.864 128846 DEBUG oslo_service.service [req-e47eea0a-7006-4383-ad0b-7607a6e65f79 - - - - -] api_database.connection = **** log_opt_values /usr/lib/python3/dist-packages/oslo_config/cfg.py:2609
