2026-02-02 00:42:07.143 133029 DEBUG oslo_service.service [req-a84f76e2-d611-403c-864b-2ba87d0a99da - - - - -] api_database.db_inc_retry_interval = True log_opt_values /usr/lib/python3/dist-packages/oslo_config/cfg.py:2609
2026-02-02 00:42:07.144 133029 DEBUG oslo_service.service [req-a84f76e2-d611-403c-864b-2ba87d0a99da - - - - -] api_database.db_max_retries = 20 log_opt_values /usr/lib/python3/dist-packages/oslo_config/cfg.py:2609
2026-02-02 00:42:07.144 133029 DEBUG oslo_service.service [req-a84f76e2-d611-403c-864b-2ba87d0a99da - - - - -] api_database.db_max_retry_interval = 10 log_opt_values /usr/lib/python3/dist-packages/oslo_config/cfg.py:2609
2026-02-02 00:42:07.144 133029 DEBUG oslo_service.service [req-a84f76e2-d611-403c-864b-2ba87d0a99da - - - - -] api_database.db_retry_interval = 1 log_opt_values /usr/lib/python3/dist-packages/oslo_config/cfg.py:2609
2026-02-02 00:42:07.144 133029 DEBUG oslo_service.service [req-a84f76e2-d611-403c-864b-2ba87d0a99da - - - - -] api_database.max_overflow = 50 log_opt_values /usr/lib/python3/dist-packages/oslo_config/cfg.py:2609
2026-02-02 00:42:07.144 133029 DEBUG oslo_service.service [req-a84f76e2-d611-403c-864b-2ba87d0a99da - - - - -] api_database.max_pool_size = 4 log_opt_values /usr/lib/python3/dist-packages/oslo_config/cfg.py:2609
2026-02-02 00:42:07.144 133029 DEBUG oslo_service.service [req-a84f76e2-d611-403c-864b-2ba87d0a99da - - - - -] api_database.max_retries = 10 log_opt_values /usr/lib/python3/dist-packages/oslo_config/cfg.py:2609
2026-02-02 00:42:07.145 133029 DEBUG oslo_service.service [req-a84f76e2-d611-403c-864b-2ba87d0a99da - - - - -] api_database.mysql_enable_ndb = False log_opt_values /usr/lib/python3/dist-packages/oslo_config/cfg.py:2609
2026-02-02 00:42:07.145 133029 DEBUG oslo_service.service [req-a84f76e2-d611-403c-864b-2ba87d0a99da - - - - -] api_database.mysql_sql_mode = TRADITIONAL log_opt_values /usr/lib/python3/dist-packages/oslo_config/cfg.py:2609
2026-02-02 00:42:07.145 133029 DEBUG oslo_service.service [req-a84f76e2-d611-403c-864b-2ba87d0a99da - - - - -] api_database.pool_timeout = None log_opt_values /usr/lib/python3/dist-packages/oslo_config/cfg.py:2609
2026-02-02 00:42:07.145 133029 DEBUG oslo_service.service [req-a84f76e2-d611-403c-864b-2ba87d0a99da - - - - -] api_database.retry_interval = 10 log_opt_values /usr/lib/python3/dist-packages/oslo_config/cfg.py:2609
2026-02-02 00:42:07.145 133029 DEBUG oslo_service.service [req-a84f76e2-d611-403c-864b-2ba87d0a99da - - - - -] api_database.slave_connection = **** log_opt_values /usr/lib/python3/dist-packages/oslo_config/cfg.py:2609
2026-02-02 00:42:07.145 133029 DEBUG oslo_service.service [req-a84f76e2-d611-403c-864b-2ba87d0a99da - - - - -] api_database.sqlite_synchronous = True log_opt_values /usr/lib/python3/dist-packages/oslo_config/cfg.py:2609
2026-02-02 00:42:07.146 133029 DEBUG oslo_service.service [req-a84f76e2-d611-403c-864b-2ba87d0a99da - - - - -] devices.enabled_mdev_types = [] log_opt_values /usr/lib/python3/dist-packages/oslo_config/cfg.py:2609
2026-02-02 00:42:07.145 134450 DEBUG oslo_messaging._drivers.amqpdriver [-] Listener is running poll /usr/lib/python3/dist-packages/oslo_messaging/_drivers/amqpdriver.py:343
2026-02-02 00:42:07.146 133029 DEBUG oslo_service.service [req-a84f76e2-d611-403c-864b-2ba87d0a99da - - - - -] ephemeral_storage_encryption.cipher = aes-xts-plain64 log_opt_values /usr/lib/python3/dist-packages/oslo_config/cfg.py:2609
2026-02-02 00:42:07.146 134450 DEBUG oslo_messaging._drivers.amqpdriver [-] AMQPListener connection consume poll /usr/lib/python3/dist-packages/oslo_messaging/_drivers/amqpdriver.py:357
2026-02-02 00:42:07.146 133029 DEBUG oslo_service.service [req-a84f76e2-d611-403c-864b-2ba87d0a99da - - - - -] ephemeral_storage_encryption.enabled = False log_opt_values /usr/lib/python3/dist-packages/oslo_config/cfg.py:2609
2026-02-02 00:42:07.146 133029 DEBUG oslo_service.service [req-a84f76e2-d611-403c-864b-2ba87d0a99da - - - - -] ephemeral_storage_encryption.key_size = 512 log_opt_values /usr/lib/python3/dist-packages/oslo_config/cfg.py:2609
2026-02-02 00:42:07.146 133029 WARNING oslo_config.cfg [req-a84f76e2-d611-403c-864b-2ba87d0a99da - - - - -] Deprecated: Option "api_servers" from group "glance" is deprecated for removal ( Support for image service configuration via standard keystoneauth1 Adapter options was added in the 17.0.0 Queens release. The api_servers option was retained temporarily to allow consumers time to cut over to a real load balancing solution. ). Its value may be silently ignored in the future.
2026-02-02 00:42:07.146 134450 DEBUG nova.service [req-15edec78-f6e8-4494-bbc9-86a0ac6a06b6 - - - - -] Join ServiceGroup membership for this service scheduler start /usr/lib/python3/dist-packages/nova/service.py:199
2026-02-02 00:42:07.147 133029 DEBUG oslo_service.service [req-a84f76e2-d611-403c-864b-2ba87d0a99da - - - - -] glance.api_servers = ['http://252.241.79.11:9292'] log_opt_values /usr/lib/python3/dist-packages/oslo_config/cfg.py:2609
2026-02-02 00:42:07.147 134450 DEBUG nova.servicegroup.drivers.db [req-15edec78-f6e8-4494-bbc9-86a0ac6a06b6 - - - - -] DB_Driver: join new ServiceGroup member juju-86eeeb-0-lxd-7 to the scheduler group, service = join /usr/lib/python3/dist-packages/nova/servicegroup/drivers/db.py:44
2026-02-02 00:42:07.147 133029 DEBUG oslo_service.service [req-a84f76e2-d611-403c-864b-2ba87d0a99da - - - - -] glance.cafile = None log_opt_values /usr/lib/python3/dist-packages/oslo_config/cfg.py:2609
2026-02-02 00:42:07.147 133029 DEBUG oslo_service.service [req-a84f76e2-d611-403c-864b-2ba87d0a99da - - - - -] glance.certfile = None log_opt_values /usr/lib/python3/dist-packages/oslo_config/cfg.py:2609
2026-02-02 00:42:07.147 133029 DEBUG oslo_service.service [req-a84f76e2-d611-403c-864b-2ba87d0a99da - - - - -] glance.collect_timing = False log_opt_values /usr/lib/python3/dist-packages/oslo_config/cfg.py:2609
2026-02-02 00:42:07.148 133029 DEBUG oslo_service.service [req-a84f76e2-d611-403c-864b-2ba87d0a99da - - - - -] glance.connect_retries = None log_opt_values /usr/lib/python3/dist-packages/oslo_config/cfg.py:2609
2026-02-02 00:42:07.148 133029 DEBUG oslo_service.service [req-a84f76e2-d611-403c-864b-2ba87d0a99da - - - - -] glance.connect_retry_delay = None log_opt_values /usr/lib/python3/dist-packages/oslo_config/cfg.py:2609
2026-02-02 00:42:07.148 133029 DEBUG oslo_service.service [req-a84f76e2-d611-403c-864b-2ba87d0a99da - - - - -] glance.debug = False log_opt_values /usr/lib/python3/dist-packages/oslo_config/cfg.py:2609
2026-02-02 00:42:07.148 133029 DEBUG oslo_service.service [req-a84f76e2-d611-403c-864b-2ba87d0a99da - - - - -] glance.default_trusted_certificate_ids = [] log_opt_values /usr/lib/python3/dist-packages/oslo_config/cfg.py:2609
2026-02-02 00:42:07.148 133029 DEBUG oslo_service.service [req-a84f76e2-d611-403c-864b-2ba87d0a99da - - - - -] glance.enable_certificate_validation = False log_opt_values /usr/lib/python3/dist-packages/oslo_config/cfg.py:2609
2026-02-02 00:42:07.148 133029 DEBUG oslo_service.service [req-a84f76e2-d611-403c-864b-2ba87d0a99da - - - - -] glance.enable_rbd_download = False log_opt_values /usr/lib/python3/dist-packages/oslo_config/cfg.py:2609
2026-02-02 00:42:07.148 133029 DEBUG oslo_service.service [req-a84f76e2-d611-403c-864b-2ba87d0a99da - - - - -] glance.endpoint_override = None log_opt_values /usr/lib/python3/dist-packages/oslo_config/cfg.py:2609
2026-02-02 00:42:07.149 133029 DEBUG oslo_service.service [req-a84f76e2-d611-403c-864b-2ba87d0a99da - - - - -] glance.insecure = False log_opt_values /usr/lib/python3/dist-packages/oslo_config/cfg.py:2609
2026-02-02 00:42:07.149 133029 DEBUG oslo_service.service [req-a84f76e2-d611-403c-864b-2ba87d0a99da - - - - -] glance.keyfile = None log_opt_values /usr/lib/python3/dist-packages/oslo_config/cfg.py:2609
2026-02-02 00:42:07.149 133029 DEBUG oslo_service.service [req-a84f76e2-d611-403c-864b-2ba87d0a99da - - - - -] glance.max_version = None log_opt_values /usr/lib/python3/dist-packages/oslo_config/cfg.py:2609
2026-02-02 00:42:07.149 133029 DEBUG oslo_service.service [req-a84f76e2-d611-403c-864b-2ba87d0a99da - - - - -] glance.min_version = None log_opt_values /usr/lib/python3/dist-packages/oslo_config/cfg.py:2609
2026-02-02 00:42:07.149 133029 DEBUG oslo_service.service [req-a84f76e2-d611-403c-864b-2ba87d0a99da - - - - -] glance.num_retries = 3 log_opt_values /usr/lib/python3/dist-packages/oslo_config/cfg.py:2609
2026-02-02 00:42:07.149 133029 DEBUG oslo_service.service [req-a84f76e2-d611-403c-864b-2ba87d0a99da - - - - -] glance.rbd_ceph_conf = log_opt_values /usr/lib/python3/dist-packages/oslo_config/cfg.py:2609
2026-02-02 00:42:07.150 133029 DEBUG oslo_service.service [req-a84f76e2-d611-403c-864b-2ba87d0a99da - - - - -] glance.rbd_connect_timeout = 5 log_opt_values /usr/lib/python3/dist-packages/oslo_config/cfg.py:2609
2026-02-02 00:42:07.150 133029 DEBUG oslo_service.service [req-a84f76e2-d611-403c-864b-2ba87d0a99da - - - - -] glance.rbd_pool = log_opt_values /usr/lib/python3/dist-packages/oslo_config/cfg.py:2609
2026-02-02 00:42:07.150 134450 DEBUG oslo_messaging._drivers.amqpdriver [-] AMQPListener connection timeout poll /usr/lib/python3/dist-packages/oslo_messaging/_drivers/amqpdriver.py:360
2026-02-02 00:42:07.150 133029 DEBUG oslo_service.service [req-a84f76e2-d611-403c-864b-2ba87d0a99da - - - - -] glance.rbd_user = log_opt_values /usr/lib/python3/dist-packages/oslo_config/cfg.py:2609
2026-02-02 00:42:07.150 134450 DEBUG oslo_messaging._drivers.amqpdriver [-] Listener is running poll /usr/lib/python3/dist-packages/oslo_messaging/_drivers/amqpdriver.py:343
2026-02-02 00:42:07.150 133029 DEBUG oslo_service.service [req-a84f76e2-d611-403c-864b-2ba87d0a99da - - - - -] glance.region_name = None log_opt_values /usr/lib/python3/dist-packages/oslo_config/cfg.py:2609
2026-02-02 00:42:07.150 134450 DEBUG oslo_messaging._drivers.amqpdriver [-] AMQPListener connection consume poll /usr/lib/python3/dist-packages/oslo_messaging/_drivers/amqpdriver.py:357
2026-02-02 00:42:07.150 133029 DEBUG oslo_service.service [req-a84f76e2-d611-403c-864b-2ba87d0a99da - - - - -] glance.service_name = None log_opt_values /usr/lib/python3/dist-packages/oslo_config/cfg.py:2609
2026-02-02 00:42:07.150 134458 DEBUG oslo_messaging._drivers.amqpdriver [-] Listener is running poll /usr/lib/python3/dist-packages/oslo_messaging/_drivers/amqpdriver.py:343
2026-02-02 00:42:07.151 133029 DEBUG oslo_service.service [req-a84f76e2-d611-403c-864b-2ba87d0a99da - - - - -] glance.service_type = image log_opt_values /usr/lib/python3/dist-packages/oslo_config/cfg.py:2609
2026-02-02 00:42:07.151 134458 DEBUG oslo_messaging._drivers.amqpdriver [-] AMQPListener connection consume poll /usr/lib/python3/dist-packages/oslo_messaging/_drivers/amqpdriver.py:357
2026-02-02 00:42:07.151 133029 DEBUG oslo_service.service [req-a84f76e2-d611-403c-864b-2ba87d0a99da - - - - -] glance.split_loggers = False log_opt_values /usr/lib/python3/dist-packages/oslo_config/cfg.py:2609
2026-02-02 00:42:07.151 133029 DEBUG oslo_service.service [req-a84f76e2-d611-403c-864b-2ba87d0a99da - - - - -] glance.status_code_retries = None log_opt_values /usr/lib/python3/dist-packages/oslo_config/cfg.py:2609
2026-02-02 00:42:07.151 133029 DEBUG oslo_service.service [req-a84f76e2-d611-403c-864b-2ba87d0a99da - - - - -] glance.status_code_retry_delay = None log_opt_values /usr/lib/python3/dist-packages/oslo_config/cfg.py:2609
2026-02-02 00:42:07.151 134458 DEBUG nova.service [req-b43d7b19-fff1-411a-8f1d-f42ee6c45362 - - - - -] Join ServiceGroup membership for this service scheduler start /usr/lib/python3/dist-packages/nova/service.py:199
2026-02-02 00:42:07.151 133029 DEBUG oslo_service.service [req-a84f76e2-d611-403c-864b-2ba87d0a99da - - - - -] glance.timeout = None log_opt_values /usr/lib/python3/dist-packages/oslo_config/cfg.py:2609
2026-02-02 00:42:07.151 134458 DEBUG nova.servicegroup.drivers.db [req-b43d7b19-fff1-411a-8f1d-f42ee6c45362 - - - - -] DB_Driver: join new ServiceGroup member juju-86eeeb-0-lxd-7 to the scheduler group, service = join /usr/lib/python3/dist-packages/nova/servicegroup/drivers/db.py:44
2026-02-02 00:42:07.152 133029 DEBUG oslo_service.service [req-a84f76e2-d611-403c-864b-2ba87d0a99da - - - - -] glance.valid_interfaces = ['internal', 'public'] log_opt_values /usr/lib/python3/dist-packages/oslo_config/cfg.py:2609
2026-02-02 00:42:07.152 133029 DEBUG oslo_service.service [req-a84f76e2-d611-403c-864b-2ba87d0a99da - - - - -] glance.verify_glance_signatures = False log_opt_values /usr/lib/python3/dist-packages/oslo_config/cfg.py:2609
2026-02-02 00:42:07.152 133029 DEBUG oslo_service.service [req-a84f76e2-d611-403c-864b-2ba87d0a99da - - - - -] glance.version = None log_opt_values /usr/lib/python3/dist-packages/oslo_config/cfg.py:2609
2026-02-02 00:42:07.152 133029 DEBUG oslo_service.service [req-a84f76e2-d611-403c-864b-2ba87d0a99da - - - - -] guestfs.debug = False log_opt_values /usr/lib/python3/dist-packages/oslo_config/cfg.py:2609
2026-02-02 00:42:07.152 133029 DEBUG oslo_service.service [req-a84f76e2-d611-403c-864b-2ba87d0a99da - - - - -] hyperv.config_drive_cdrom = False log_opt_values /usr/lib/python3/dist-packages/oslo_config/cfg.py:2609
2026-02-02 00:42:07.152 133029 DEBUG oslo_service.service [req-a84f76e2-d611-403c-864b-2ba87d0a99da - - - - -] hyperv.config_drive_inject_password = False log_opt_values /usr/lib/python3/dist-packages/oslo_config/cfg.py:2609
2026-02-02 00:42:07.153 133029 DEBUG oslo_service.service [req-a84f76e2-d611-403c-864b-2ba87d0a99da - - - - -] hyperv.dynamic_memory_ratio = 1.0 log_opt_values /usr/lib/python3/dist-packages/oslo_config/cfg.py:2609
2026-02-02 00:42:07.153 133029 DEBUG oslo_service.service [req-a84f76e2-d611-403c-864b-2ba87d0a99da - - - - -] hyperv.enable_instance_metrics_collection = False log_opt_values /usr/lib/python3/dist-packages/oslo_config/cfg.py:2609
2026-02-02 00:42:07.153 133029 DEBUG oslo_service.service [req-a84f76e2-d611-403c-864b-2ba87d0a99da - - - - -] hyperv.enable_remotefx = False log_opt_values /usr/lib/python3/dist-packages/oslo_config/cfg.py:2609
2026-02-02 00:42:07.153 133029 DEBUG oslo_service.service [req-a84f76e2-d611-403c-864b-2ba87d0a99da - - - - -] hyperv.instances_path_share = log_opt_values /usr/lib/python3/dist-packages/oslo_config/cfg.py:2609
2026-02-02 00:42:07.153 133029 DEBUG oslo_service.service [req-a84f76e2-d611-403c-864b-2ba87d0a99da - - - - -] hyperv.iscsi_initiator_list = [] log_opt_values /usr/lib/python3/dist-packages/oslo_config/cfg.py:2609
2026-02-02 00:42:07.154 133029 DEBUG oslo_service.service [req-a84f76e2-d611-403c-864b-2ba87d0a99da - - - - -] hyperv.limit_cpu_features = False log_opt_values /usr/lib/python3/dist-packages/oslo_config/cfg.py:2609
2026-02-02 00:42:07.154 134458 DEBUG oslo_messaging._drivers.amqpdriver [-] AMQPListener connection timeout poll /usr/lib/python3/dist-packages/oslo_messaging/_drivers/amqpdriver.py:360
2026-02-02 00:42:07.154 134458 DEBUG oslo_messaging._drivers.amqpdriver [-] Listener is running poll /usr/lib/python3/dist-packages/oslo_messaging/_drivers/amqpdriver.py:343
2026-02-02 00:42:07.154 133029 DEBUG oslo_service.service [req-a84f76e2-d611-403c-864b-2ba87d0a99da - - - - -] hyperv.mounted_disk_query_retry_count = 10 log_opt_values /usr/lib/python3/dist-packages/oslo_config/cfg.py:2609
2026-02-02 00:42:07.154 134458 DEBUG oslo_messaging._drivers.amqpdriver [-] AMQPListener connection consume poll /usr/lib/python3/dist-packages/oslo_messaging/_drivers/amqpdriver.py:357
2026-02-02 00:42:07.154 133029 DEBUG oslo_service.service [req-a84f76e2-d611-403c-864b-2ba87d0a99da - - - - -] hyperv.mounted_disk_query_retry_interval = 5 log_opt_values /usr/lib/python3/dist-packages/oslo_config/cfg.py:2609
2026-02-02 00:42:07.154 133029 DEBUG oslo_service.service [req-a84f76e2-d611-403c-864b-2ba87d0a99da - - - - -] hyperv.power_state_check_timeframe = 60 log_opt_values /usr/lib/python3/dist-packages/oslo_config/cfg.py:2609
2026-02-02 00:42:07.154 133029 DEBUG oslo_service.service [req-a84f76e2-d611-403c-864b-2ba87d0a99da - - - - -] hyperv.power_state_event_polling_interval = 2 log_opt_values /usr/lib/python3/dist-packages/oslo_config/cfg.py:2609
2026-02-02 00:42:07.154 133029 DEBUG oslo_service.service [req-a84f76e2-d611-403c-864b-2ba87d0a99da - - - - -] hyperv.qemu_img_cmd = qemu-img.exe log_opt_values /usr/lib/python3/dist-packages/oslo_config/cfg.py:2609
2026-02-02 00:42:07.155 133029 DEBUG oslo_service.service [req-a84f76e2-d611-403c-864b-2ba87d0a99da - - - - -] hyperv.use_multipath_io = False log_opt_values /usr/lib/python3/dist-packages/oslo_config/cfg.py:2609
2026-02-02 00:42:07.155 133029 DEBUG oslo_service.service [req-a84f76e2-d611-403c-864b-2ba87d0a99da - - - - -] hyperv.volume_attach_retry_count = 10 log_opt_values /usr/lib/python3/dist-packages/oslo_config/cfg.py:2609
2026-02-02 00:42:07.155 133029 DEBUG oslo_service.service [req-a84f76e2-d611-403c-864b-2ba87d0a99da - - - - -] hyperv.volume_attach_retry_interval = 5 log_opt_values /usr/lib/python3/dist-packages/oslo_config/cfg.py:2609
2026-02-02 00:42:07.155 133029 DEBUG oslo_service.service [req-a84f76e2-d611-403c-864b-2ba87d0a99da - - - - -] hyperv.vswitch_name = None log_opt_values /usr/lib/python3/dist-packages/oslo_config/cfg.py:2609
2026-02-02 00:42:07.155 133029 DEBUG oslo_service.service [req-a84f76e2-d611-403c-864b-2ba87d0a99da - - - - -] hyperv.wait_soft_reboot_seconds = 60 log_opt_values /usr/lib/python3/dist-packages/oslo_config/cfg.py:2609
2026-02-02 00:42:07.155 133029 DEBUG oslo_service.service [req-a84f76e2-d611-403c-864b-2ba87d0a99da - - - - -] mks.enabled = False log_opt_values /usr/lib/python3/dist-packages/oslo_config/cfg.py:2609
2026-02-02 00:42:07.156 133029 DEBUG oslo_service.service [req-a84f76e2-d611-403c-864b-2ba87d0a99da - - - - -] mks.mksproxy_base_url = http://127.0.0.1:6090/ log_opt_values /usr/lib/python3/dist-packages/oslo_config/cfg.py:2609
2026-02-02 00:42:07.156 133029 DEBUG oslo_service.service [req-a84f76e2-d611-403c-864b-2ba87d0a99da - - - - -] image_cache.manager_interval = 2400 log_opt_values /usr/lib/python3/dist-packages/oslo_config/cfg.py:2609
2026-02-02 00:42:07.156 133029 DEBUG oslo_service.service [req-a84f76e2-d611-403c-864b-2ba87d0a99da - - - - -] image_cache.precache_concurrency = 1 log_opt_values /usr/lib/python3/dist-packages/oslo_config/cfg.py:2609
2026-02-02 00:42:07.157 133029 DEBUG oslo_service.service [req-a84f76e2-d611-403c-864b-2ba87d0a99da - - - - -] image_cache.remove_unused_base_images = True log_opt_values /usr/lib/python3/dist-packages/oslo_config/cfg.py:2609
2026-02-02 00:42:07.157 133029 DEBUG oslo_service.service [req-a84f76e2-d611-403c-864b-2ba87d0a99da - - - - -] image_cache.remove_unused_original_minimum_age_seconds = 86400 log_opt_values /usr/lib/python3/dist-packages/oslo_config/cfg.py:2609
2026-02-02 00:42:07.157 133029 DEBUG oslo_service.service [req-a84f76e2-d611-403c-864b-2ba87d0a99da - - - - -] image_cache.remove_unused_resized_minimum_age_seconds = 3600 log_opt_values /usr/lib/python3/dist-packages/oslo_config/cfg.py:2609
2026-02-02 00:42:07.157 133029 DEBUG oslo_service.service [req-a84f76e2-d611-403c-864b-2ba87d0a99da - - - - -] image_cache.subdirectory_name = _base log_opt_values /usr/lib/python3/dist-packages/oslo_config/cfg.py:2609
2026-02-02 00:42:07.158 133029 DEBUG oslo_service.service [req-a84f76e2-d611-403c-864b-2ba87d0a99da - - - - -] ironic.api_max_retries = 60 log_opt_values /usr/lib/python3/dist-packages/oslo_config/cfg.py:2609
2026-02-02 00:42:07.158 133029 DEBUG oslo_service.service [req-a84f76e2-d611-403c-864b-2ba87d0a99da - - - - -] ironic.api_retry_interval = 2 log_opt_values /usr/lib/python3/dist-packages/oslo_config/cfg.py:2609
2026-02-02 00:42:07.158 133029 DEBUG oslo_service.service [req-a84f76e2-d611-403c-864b-2ba87d0a99da - - - - -] ironic.auth_section = None log_opt_values /usr/lib/python3/dist-packages/oslo_config/cfg.py:2609
2026-02-02 00:42:07.158 133029 DEBUG oslo_service.service [req-a84f76e2-d611-403c-864b-2ba87d0a99da - - - - -] ironic.auth_type = None log_opt_values /usr/lib/python3/dist-packages/oslo_config/cfg.py:2609
2026-02-02 00:42:07.158 133029 DEBUG oslo_service.service [req-a84f76e2-d611-403c-864b-2ba87d0a99da - - - - -] ironic.cafile = None log_opt_values /usr/lib/python3/dist-packages/oslo_config/cfg.py:2609
2026-02-02 00:42:07.158 133029 DEBUG oslo_service.service [req-a84f76e2-d611-403c-864b-2ba87d0a99da - - - - -] ironic.certfile = None log_opt_values /usr/lib/python3/dist-packages/oslo_config/cfg.py:2609
2026-02-02 00:42:07.159 133029 DEBUG oslo_service.service [req-a84f76e2-d611-403c-864b-2ba87d0a99da - - - - -] ironic.collect_timing = False log_opt_values /usr/lib/python3/dist-packages/oslo_config/cfg.py:2609
2026-02-02 00:42:07.159 133029 DEBUG oslo_service.service [req-a84f76e2-d611-403c-864b-2ba87d0a99da - - - - -] ironic.connect_retries = None log_opt_values /usr/lib/python3/dist-packages/oslo_config/cfg.py:2609
2026-02-02 00:42:07.159 133029 DEBUG oslo_service.service [req-a84f76e2-d611-403c-864b-2ba87d0a99da - - - - -] ironic.connect_retry_delay = None log_opt_values /usr/lib/python3/dist-packages/oslo_config/cfg.py:2609
2026-02-02 00:42:07.159 133029 DEBUG oslo_service.service [req-a84f76e2-d611-403c-864b-2ba87d0a99da - - - - -] ironic.endpoint_override = None log_opt_values /usr/lib/python3/dist-packages/oslo_config/cfg.py:2609
2026-02-02 00:42:07.159 133029 DEBUG oslo_service.service [req-a84f76e2-d611-403c-864b-2ba87d0a99da - - - - -] ironic.insecure = False log_opt_values /usr/lib/python3/dist-packages/oslo_config/cfg.py:2609
2026-02-02 00:42:07.159 133029 DEBUG oslo_service.service [req-a84f76e2-d611-403c-864b-2ba87d0a99da - - - - -] ironic.keyfile = None log_opt_values /usr/lib/python3/dist-packages/oslo_config/cfg.py:2609
2026-02-02 00:42:07.160 133029 DEBUG oslo_service.service [req-a84f76e2-d611-403c-864b-2ba87d0a99da - - - - -] ironic.max_version = None log_opt_values /usr/lib/python3/dist-packages/oslo_config/cfg.py:2609
2026-02-02 00:42:07.160 133029 DEBUG oslo_service.service [req-a84f76e2-d611-403c-864b-2ba87d0a99da - - - - -] ironic.min_version = None log_opt_values /usr/lib/python3/dist-packages/oslo_config/cfg.py:2609
2026-02-02 00:42:07.160 133029 DEBUG oslo_service.service [req-a84f76e2-d611-403c-864b-2ba87d0a99da - - - - -] ironic.partition_key = None log_opt_values /usr/lib/python3/dist-packages/oslo_config/cfg.py:2609
2026-02-02 00:42:07.160 133029 DEBUG oslo_service.service [req-a84f76e2-d611-403c-864b-2ba87d0a99da - - - - -] ironic.peer_list = [] log_opt_values /usr/lib/python3/dist-packages/oslo_config/cfg.py:2609
2026-02-02 00:42:07.160 133029 DEBUG oslo_service.service [req-a84f76e2-d611-403c-864b-2ba87d0a99da - - - - -] ironic.region_name = None log_opt_values /usr/lib/python3/dist-packages/oslo_config/cfg.py:2609
2026-02-02 00:42:07.161 133029 DEBUG oslo_service.service [req-a84f76e2-d611-403c-864b-2ba87d0a99da - - - - -] ironic.serial_console_state_timeout = 10 log_opt_values /usr/lib/python3/dist-packages/oslo_config/cfg.py:2609
2026-02-02 00:42:07.160 134451 DEBUG oslo_messaging._drivers.amqpdriver [-] Listener is running poll /usr/lib/python3/dist-packages/oslo_messaging/_drivers/amqpdriver.py:343
2026-02-02 00:42:07.161 133029 DEBUG oslo_service.service [req-a84f76e2-d611-403c-864b-2ba87d0a99da - - - - -] ironic.service_name = None log_opt_values /usr/lib/python3/dist-packages/oslo_config/cfg.py:2609
2026-02-02 00:42:07.161 134451 DEBUG oslo_messaging._drivers.amqpdriver [-] AMQPListener connection consume poll /usr/lib/python3/dist-packages/oslo_messaging/_drivers/amqpdriver.py:357
2026-02-02 00:42:07.161 133029 DEBUG oslo_service.service [req-a84f76e2-d611-403c-864b-2ba87d0a99da - - - - -] ironic.service_type = baremetal log_opt_values /usr/lib/python3/dist-packages/oslo_config/cfg.py:2609
2026-02-02 00:42:07.161 133029 DEBUG oslo_service.service [req-a84f76e2-d611-403c-864b-2ba87d0a99da - - - - -] ironic.split_loggers = False log_opt_values /usr/lib/python3/dist-packages/oslo_config/cfg.py:2609
2026-02-02 00:42:07.161 133029 DEBUG oslo_service.service [req-a84f76e2-d611-403c-864b-2ba87d0a99da - - - - -] ironic.status_code_retries = None log_opt_values /usr/lib/python3/dist-packages/oslo_config/cfg.py:2609
2026-02-02 00:42:07.160 134457 DEBUG oslo_messaging._drivers.amqpdriver [-] Listener is running poll /usr/lib/python3/dist-packages/oslo_messaging/_drivers/amqpdriver.py:343
2026-02-02 00:42:07.161 133029 DEBUG oslo_service.service [req-a84f76e2-d611-403c-864b-2ba87d0a99da - - - - -] ironic.status_code_retry_delay = None log_opt_values /usr/lib/python3/dist-packages/oslo_config/cfg.py:2609
2026-02-02 00:42:07.162 133029 DEBUG oslo_service.service [req-a84f76e2-d611-403c-864b-2ba87d0a99da - - - - -] ironic.timeout = None log_opt_values /usr/lib/python3/dist-packages/oslo_config/cfg.py:2609
2026-02-02 00:42:07.162 134457 DEBUG oslo_messaging._drivers.amqpdriver [-] AMQPListener connection consume poll /usr/lib/python3/dist-packages/oslo_messaging/_drivers/amqpdriver.py:357
2026-02-02 00:42:07.162 133029 DEBUG oslo_service.service [req-a84f76e2-d611-403c-864b-2ba87d0a99da - - - - -] ironic.valid_interfaces = ['internal', 'public'] log_opt_values /usr/lib/python3/dist-packages/oslo_config/cfg.py:2609
2026-02-02 00:42:07.162 134451 DEBUG nova.service [req-b24b5501-8ecb-461d-b503-e5b592bd6c6c - - - - -] Join ServiceGroup membership for this service scheduler start /usr/lib/python3/dist-packages/nova/service.py:199
2026-02-02 00:42:07.162 133029 DEBUG oslo_service.service [req-a84f76e2-d611-403c-864b-2ba87d0a99da - - - - -] ironic.version = None log_opt_values /usr/lib/python3/dist-packages/oslo_config/cfg.py:2609
2026-02-02 00:42:07.162 134451 DEBUG nova.servicegroup.drivers.db [req-b24b5501-8ecb-461d-b503-e5b592bd6c6c - - - - -] DB_Driver: join new ServiceGroup member juju-86eeeb-0-lxd-7 to the scheduler group, service = join /usr/lib/python3/dist-packages/nova/servicegroup/drivers/db.py:44
2026-02-02 00:42:07.162 133029 DEBUG oslo_service.service [req-a84f76e2-d611-403c-864b-2ba87d0a99da - - - - -] key_manager.backend = barbican log_opt_values /usr/lib/python3/dist-packages/oslo_config/cfg.py:2609
2026-02-02 00:42:07.163 133029 DEBUG oslo_service.service [req-a84f76e2-d611-403c-864b-2ba87d0a99da - - - - -] key_manager.fixed_key = **** log_opt_values /usr/lib/python3/dist-packages/oslo_config/cfg.py:2609
2026-02-02 00:42:07.163 133029 DEBUG oslo_service.service [req-a84f76e2-d611-403c-864b-2ba87d0a99da - - - - -] barbican.auth_endpoint = http://localhost/identity/v3 log_opt_values /usr/lib/python3/dist-packages/oslo_config/cfg.py:2609
2026-02-02 00:42:07.163 133029 DEBUG oslo_service.service [req-a84f76e2-d611-403c-864b-2ba87d0a99da - - - - -] barbican.barbican_api_version = None log_opt_values /usr/lib/python3/dist-packages/oslo_config/cfg.py:2609
2026-02-02 00:42:07.163 133029 DEBUG oslo_service.service [req-a84f76e2-d611-403c-864b-2ba87d0a99da - - - - -] barbican.barbican_endpoint = None log_opt_values /usr/lib/python3/dist-packages/oslo_config/cfg.py:2609
2026-02-02 00:42:07.163 133029 DEBUG oslo_service.service [req-a84f76e2-d611-403c-864b-2ba87d0a99da - - - - -] barbican.barbican_endpoint_type = public log_opt_values /usr/lib/python3/dist-packages/oslo_config/cfg.py:2609
2026-02-02 00:42:07.163 133029 DEBUG oslo_service.service [req-a84f76e2-d611-403c-864b-2ba87d0a99da - - - - -] barbican.barbican_region_name = None log_opt_values /usr/lib/python3/dist-packages/oslo_config/cfg.py:2609
2026-02-02 00:42:07.163 134457 DEBUG nova.service [req-029542b5-0b18-4967-8e1c-a5ba6f113f53 - - - - -] Join ServiceGroup membership for this service scheduler start /usr/lib/python3/dist-packages/nova/service.py:199
2026-02-02 00:42:07.164 133029 DEBUG oslo_service.service [req-a84f76e2-d611-403c-864b-2ba87d0a99da - - - - -] barbican.cafile = None log_opt_values /usr/lib/python3/dist-packages/oslo_config/cfg.py:2609
2026-02-02 00:42:07.164 134457 DEBUG nova.servicegroup.drivers.db [req-029542b5-0b18-4967-8e1c-a5ba6f113f53 - - - - -] DB_Driver: join new ServiceGroup member juju-86eeeb-0-lxd-7 to the scheduler group, service = join /usr/lib/python3/dist-packages/nova/servicegroup/drivers/db.py:44
2026-02-02 00:42:07.164 133029 DEBUG oslo_service.service [req-a84f76e2-d611-403c-864b-2ba87d0a99da - - - - -] barbican.certfile = None log_opt_values /usr/lib/python3/dist-packages/oslo_config/cfg.py:2609
2026-02-02 00:42:07.164 133029 DEBUG oslo_service.service [req-a84f76e2-d611-403c-864b-2ba87d0a99da - - - - -] barbican.collect_timing = False log_opt_values /usr/lib/python3/dist-packages/oslo_config/cfg.py:2609
2026-02-02 00:42:07.164 133029 DEBUG oslo_service.service [req-a84f76e2-d611-403c-864b-2ba87d0a99da - - - - -] barbican.insecure = False log_opt_values /usr/lib/python3/dist-packages/oslo_config/cfg.py:2609
2026-02-02 00:42:07.164 133029 DEBUG oslo_service.service [req-a84f76e2-d611-403c-864b-2ba87d0a99da - - - - -] barbican.keyfile = None log_opt_values /usr/lib/python3/dist-packages/oslo_config/cfg.py:2609
2026-02-02 00:42:07.165 134451 DEBUG oslo_messaging._drivers.amqpdriver [-] AMQPListener connection timeout poll /usr/lib/python3/dist-packages/oslo_messaging/_drivers/amqpdriver.py:360
2026-02-02 00:42:07.165 133029 DEBUG oslo_service.service [req-a84f76e2-d611-403c-864b-2ba87d0a99da - - - - -] barbican.number_of_retries = 60 log_opt_values /usr/lib/python3/dist-packages/oslo_config/cfg.py:2609
2026-02-02 00:42:07.165 134451 DEBUG oslo_messaging._drivers.amqpdriver [-] Listener is running poll /usr/lib/python3/dist-packages/oslo_messaging/_drivers/amqpdriver.py:343
2026-02-02 00:42:07.165 133029 DEBUG oslo_service.service [req-a84f76e2-d611-403c-864b-2ba87d0a99da - - - - -] barbican.retry_delay = 1 log_opt_values /usr/lib/python3/dist-packages/oslo_config/cfg.py:2609
2026-02-02 00:42:07.165 134451 DEBUG oslo_messaging._drivers.amqpdriver [-] AMQPListener connection consume poll /usr/lib/python3/dist-packages/oslo_messaging/_drivers/amqpdriver.py:357
2026-02-02 00:42:07.165 133029 DEBUG oslo_service.service [req-a84f76e2-d611-403c-864b-2ba87d0a99da - - - - -] barbican.send_service_user_token = False log_opt_values /usr/lib/python3/dist-packages/oslo_config/cfg.py:2609
2026-02-02 00:42:07.165 133029 DEBUG oslo_service.service [req-a84f76e2-d611-403c-864b-2ba87d0a99da - - - - -] barbican.split_loggers = False log_opt_values /usr/lib/python3/dist-packages/oslo_config/cfg.py:2609
2026-02-02 00:42:07.165 133029 DEBUG oslo_service.service [req-a84f76e2-d611-403c-864b-2ba87d0a99da - - - - -] barbican.timeout = None log_opt_values /usr/lib/python3/dist-packages/oslo_config/cfg.py:2609
2026-02-02 00:42:07.166 133029 DEBUG oslo_service.service [req-a84f76e2-d611-403c-864b-2ba87d0a99da - - - - -] barbican.verify_ssl = True log_opt_values /usr/lib/python3/dist-packages/oslo_config/cfg.py:2609
2026-02-02 00:42:07.166 134457 DEBUG oslo_messaging._drivers.amqpdriver [-] AMQPListener connection timeout poll /usr/lib/python3/dist-packages/oslo_messaging/_drivers/amqpdriver.py:360
2026-02-02 00:42:07.166 133029 DEBUG oslo_service.service [req-a84f76e2-d611-403c-864b-2ba87d0a99da - - - - -] barbican.verify_ssl_path = None log_opt_values /usr/lib/python3/dist-packages/oslo_config/cfg.py:2609
2026-02-02 00:42:07.166 134457 DEBUG oslo_messaging._drivers.amqpdriver [-] Listener is running poll /usr/lib/python3/dist-packages/oslo_messaging/_drivers/amqpdriver.py:343
2026-02-02 00:42:07.166 133029 DEBUG oslo_service.service [req-a84f76e2-d611-403c-864b-2ba87d0a99da - - - - -] barbican_service_user.auth_section = None log_opt_values /usr/lib/python3/dist-packages/oslo_config/cfg.py:2609
2026-02-02 00:42:07.166 134457 DEBUG oslo_messaging._drivers.amqpdriver [-] AMQPListener connection consume poll /usr/lib/python3/dist-packages/oslo_messaging/_drivers/amqpdriver.py:357
2026-02-02 00:42:07.166 133029 DEBUG oslo_service.service [req-a84f76e2-d611-403c-864b-2ba87d0a99da - - - - -] barbican_service_user.auth_type = None log_opt_values /usr/lib/python3/dist-packages/oslo_config/cfg.py:2609
2026-02-02 00:42:07.166 133029 DEBUG oslo_service.service [req-a84f76e2-d611-403c-864b-2ba87d0a99da - - - - -] barbican_service_user.cafile = None log_opt_values /usr/lib/python3/dist-packages/oslo_config/cfg.py:2609
2026-02-02 00:42:07.166 133029 DEBUG oslo_service.service [req-a84f76e2-d611-403c-864b-2ba87d0a99da - - - - -] barbican_service_user.certfile = None log_opt_values /usr/lib/python3/dist-packages/oslo_config/cfg.py:2609
2026-02-02 00:42:07.166 133029 DEBUG oslo_service.service [req-a84f76e2-d611-403c-864b-2ba87d0a99da - - - - -] barbican_service_user.collect_timing = False log_opt_values /usr/lib/python3/dist-packages/oslo_config/cfg.py:2609
2026-02-02 00:42:07.167 133029 DEBUG oslo_service.service [req-a84f76e2-d611-403c-864b-2ba87d0a99da - - - - -] barbican_service_user.insecure = False log_opt_values /usr/lib/python3/dist-packages/oslo_config/cfg.py:2609
2026-02-02 00:42:07.167 133029 DEBUG oslo_service.service [req-a84f76e2-d611-403c-864b-2ba87d0a99da - - - - -] barbican_service_user.keyfile = None log_opt_values /usr/lib/python3/dist-packages/oslo_config/cfg.py:2609
2026-02-02 00:42:07.167 133029 DEBUG oslo_service.service [req-a84f76e2-d611-403c-864b-2ba87d0a99da - - - - -] barbican_service_user.split_loggers = False log_opt_values /usr/lib/python3/dist-packages/oslo_config/cfg.py:2609
2026-02-02 00:42:07.167 133029 DEBUG oslo_service.service [req-a84f76e2-d611-403c-864b-2ba87d0a99da - - - - -] barbican_service_user.timeout = None log_opt_values /usr/lib/python3/dist-packages/oslo_config/cfg.py:2609
2026-02-02 00:42:07.167 133029 DEBUG oslo_service.service [req-a84f76e2-d611-403c-864b-2ba87d0a99da - - - - -] vault.approle_role_id = None log_opt_values /usr/lib/python3/dist-packages/oslo_config/cfg.py:2609
2026-02-02 00:42:07.168 133029 DEBUG oslo_service.service [req-a84f76e2-d611-403c-864b-2ba87d0a99da - - - - -] vault.approle_secret_id = None log_opt_values /usr/lib/python3/dist-packages/oslo_config/cfg.py:2609
2026-02-02 00:42:07.168 133029 DEBUG oslo_service.service [req-a84f76e2-d611-403c-864b-2ba87d0a99da - - - - -] vault.cafile = None log_opt_values /usr/lib/python3/dist-packages/oslo_config/cfg.py:2609
2026-02-02 00:42:07.168 133029 DEBUG oslo_service.service [req-a84f76e2-d611-403c-864b-2ba87d0a99da - - - - -] vault.certfile = None log_opt_values /usr/lib/python3/dist-packages/oslo_config/cfg.py:2609
2026-02-02 00:42:07.169 133029 DEBUG oslo_service.service [req-a84f76e2-d611-403c-864b-2ba87d0a99da - - - - -] vault.collect_timing = False log_opt_values /usr/lib/python3/dist-packages/oslo_config/cfg.py:2609
2026-02-02 00:42:07.170 133029 DEBUG oslo_service.service [req-a84f76e2-d611-403c-864b-2ba87d0a99da - - - - -] vault.insecure = False log_opt_values /usr/lib/python3/dist-packages/oslo_config/cfg.py:2609
2026-02-02 00:42:07.170 133029 DEBUG oslo_service.service [req-a84f76e2-d611-403c-864b-2ba87d0a99da - - - - -] vault.keyfile = None log_opt_values /usr/lib/python3/dist-packages/oslo_config/cfg.py:2609
2026-02-02 00:42:07.170 133029 DEBUG oslo_service.service [req-a84f76e2-d611-403c-864b-2ba87d0a99da - - - - -] vault.kv_mountpoint = secret log_opt_values /usr/lib/python3/dist-packages/oslo_config/cfg.py:2609
2026-02-02 00:42:07.170 133029 DEBUG oslo_service.service [req-a84f76e2-d611-403c-864b-2ba87d0a99da - - - - -] vault.kv_version = 2 log_opt_values /usr/lib/python3/dist-packages/oslo_config/cfg.py:2609
2026-02-02 00:42:07.171 133029 DEBUG oslo_service.service [req-a84f76e2-d611-403c-864b-2ba87d0a99da - - - - -] vault.namespace = None log_opt_values /usr/lib/python3/dist-packages/oslo_config/cfg.py:2609
2026-02-02 00:42:07.171 133029 DEBUG oslo_service.service [req-a84f76e2-d611-403c-864b-2ba87d0a99da - - - - -] vault.root_token_id = None log_opt_values /usr/lib/python3/dist-packages/oslo_config/cfg.py:2609
2026-02-02 00:42:07.172 133029 DEBUG oslo_service.service [req-a84f76e2-d611-403c-864b-2ba87d0a99da - - - - -] vault.split_loggers = False log_opt_values /usr/lib/python3/dist-packages/oslo_config/cfg.py:2609
2026-02-02 00:42:07.173 133029 DEBUG oslo_service.service [req-a84f76e2-d611-403c-864b-2ba87d0a99da - - - - -] vault.ssl_ca_crt_file = None log_opt_values /usr/lib/python3/dist-packages/oslo_config/cfg.py:2609
2026-02-02 00:42:07.174 133029 DEBUG oslo_service.service [req-a84f76e2-d611-403c-864b-2ba87d0a99da - - - - -] vault.timeout = None log_opt_values /usr/lib/python3/dist-packages/oslo_config/cfg.py:2609
2026-02-02 00:42:07.174 133029 DEBUG oslo_service.service [req-a84f76e2-d611-403c-864b-2ba87d0a99da - - - - -] vault.use_ssl = False log_opt_values /usr/lib/python3/dist-packages/oslo_config/cfg.py:2609
2026-02-02 00:42:07.174 133029 DEBUG oslo_service.service [req-a84f76e2-d611-403c-864b-2ba87d0a99da - - - - -] vault.vault_url = http://127.0.0.1:8200 log_opt_values /usr/lib/python3/dist-packages/oslo_config/cfg.py:2609
2026-02-02 00:42:07.174 133029 DEBUG oslo_service.service [req-a84f76e2-d611-403c-864b-2ba87d0a99da - - - - -] keystone.cafile = None log_opt_values /usr/lib/python3/dist-packages/oslo_config/cfg.py:2609
2026-02-02 00:42:07.175 133029 DEBUG oslo_service.service [req-a84f76e2-d611-403c-864b-2ba87d0a99da - - - - -] keystone.certfile = None log_opt_values /usr/lib/python3/dist-packages/oslo_config/cfg.py:2609
2026-02-02 00:42:07.175 133029 DEBUG oslo_service.service [req-a84f76e2-d611-403c-864b-2ba87d0a99da - - - - -] keystone.collect_timing = False log_opt_values /usr/lib/python3/dist-packages/oslo_config/cfg.py:2609
2026-02-02 00:42:07.176 133029 DEBUG oslo_service.service [req-a84f76e2-d611-403c-864b-2ba87d0a99da - - - - -] keystone.connect_retries = None log_opt_values /usr/lib/python3/dist-packages/oslo_config/cfg.py:2609
2026-02-02 00:42:07.176 133029 DEBUG oslo_service.service [req-a84f76e2-d611-403c-864b-2ba87d0a99da - - - - -] keystone.connect_retry_delay = None log_opt_values /usr/lib/python3/dist-packages/oslo_config/cfg.py:2609
2026-02-02 00:42:07.176 133029 DEBUG oslo_service.service [req-a84f76e2-d611-403c-864b-2ba87d0a99da - - - - -] keystone.endpoint_override = None log_opt_values /usr/lib/python3/dist-packages/oslo_config/cfg.py:2609
2026-02-02 00:42:07.176 133029 DEBUG oslo_service.service [req-a84f76e2-d611-403c-864b-2ba87d0a99da - - - - -] keystone.insecure = False log_opt_values /usr/lib/python3/dist-packages/oslo_config/cfg.py:2609
2026-02-02 00:42:07.177 133029 DEBUG oslo_service.service [req-a84f76e2-d611-403c-864b-2ba87d0a99da - - - - -] keystone.keyfile = None log_opt_values /usr/lib/python3/dist-packages/oslo_config/cfg.py:2609
2026-02-02 00:42:07.177 133029 DEBUG oslo_service.service [req-a84f76e2-d611-403c-864b-2ba87d0a99da - - - - -] keystone.max_version = None log_opt_values /usr/lib/python3/dist-packages/oslo_config/cfg.py:2609
2026-02-02 00:42:07.177 133029 DEBUG oslo_service.service [req-a84f76e2-d611-403c-864b-2ba87d0a99da - - - - -] keystone.min_version = None log_opt_values /usr/lib/python3/dist-packages/oslo_config/cfg.py:2609
2026-02-02 00:42:07.177 133029 DEBUG oslo_service.service [req-a84f76e2-d611-403c-864b-2ba87d0a99da - - - - -] keystone.region_name = None log_opt_values /usr/lib/python3/dist-packages/oslo_config/cfg.py:2609
2026-02-02 00:42:07.177 133029 DEBUG oslo_service.service [req-a84f76e2-d611-403c-864b-2ba87d0a99da - - - - -] keystone.service_name = None log_opt_values /usr/lib/python3/dist-packages/oslo_config/cfg.py:2609
2026-02-02 00:42:07.178 133029 DEBUG oslo_service.service [req-a84f76e2-d611-403c-864b-2ba87d0a99da - - - - -] keystone.service_type = identity log_opt_values /usr/lib/python3/dist-packages/oslo_config/cfg.py:2609
2026-02-02 00:42:07.178 133029 DEBUG oslo_service.service [req-a84f76e2-d611-403c-864b-2ba87d0a99da - - - - -] keystone.split_loggers = False log_opt_values /usr/lib/python3/dist-packages/oslo_config/cfg.py:2609
2026-02-02 00:42:07.178 133029 DEBUG oslo_service.service [req-a84f76e2-d611-403c-864b-2ba87d0a99da - - - - -] keystone.status_code_retries = None log_opt_values /usr/lib/python3/dist-packages/oslo_config/cfg.py:2609
2026-02-02 00:42:07.178 133029 DEBUG oslo_service.service [req-a84f76e2-d611-403c-864b-2ba87d0a99da - - - - -] keystone.status_code_retry_delay = None log_opt_values /usr/lib/python3/dist-packages/oslo_config/cfg.py:2609
2026-02-02 00:42:07.179 133029 DEBUG oslo_service.service [req-a84f76e2-d611-403c-864b-2ba87d0a99da - - - - -] keystone.timeout = None log_opt_values /usr/lib/python3/dist-packages/oslo_config/cfg.py:2609
2026-02-02 00:42:07.179 133029 DEBUG oslo_service.service [req-a84f76e2-d611-403c-864b-2ba87d0a99da - - - - -] keystone.valid_interfaces = ['internal', 'public'] log_opt_values /usr/lib/python3/dist-packages/oslo_config/cfg.py:2609
2026-02-02 00:42:07.179 133029 DEBUG oslo_service.service [req-a84f76e2-d611-403c-864b-2ba87d0a99da - - - - -] keystone.version = None log_opt_values /usr/lib/python3/dist-packages/oslo_config/cfg.py:2609
2026-02-02 00:42:07.179 133029 DEBUG oslo_service.service [req-a84f76e2-d611-403c-864b-2ba87d0a99da - - - - -] libvirt.connection_uri = log_opt_values /usr/lib/python3/dist-packages/oslo_config/cfg.py:2609
2026-02-02 00:42:07.180 133029 DEBUG oslo_service.service [req-a84f76e2-d611-403c-864b-2ba87d0a99da - - - - -] libvirt.cpu_mode = None log_opt_values /usr/lib/python3/dist-packages/oslo_config/cfg.py:2609
2026-02-02 00:42:07.180 133029 DEBUG oslo_service.service [req-a84f76e2-d611-403c-864b-2ba87d0a99da - - - - -] libvirt.cpu_model_extra_flags = [] log_opt_values /usr/lib/python3/dist-packages/oslo_config/cfg.py:2609
2026-02-02 00:42:07.180 133029 DEBUG oslo_service.service [req-a84f76e2-d611-403c-864b-2ba87d0a99da - - - - -] libvirt.cpu_models = [] log_opt_values /usr/lib/python3/dist-packages/oslo_config/cfg.py:2609
2026-02-02 00:42:07.180 133029 DEBUG oslo_service.service [req-a84f76e2-d611-403c-864b-2ba87d0a99da - - - - -] libvirt.device_detach_attempts = 8 log_opt_values /usr/lib/python3/dist-packages/oslo_config/cfg.py:2609
2026-02-02 00:42:07.180 133029 DEBUG oslo_service.service [req-a84f76e2-d611-403c-864b-2ba87d0a99da - - - - -] libvirt.device_detach_timeout = 20 log_opt_values /usr/lib/python3/dist-packages/oslo_config/cfg.py:2609
2026-02-02 00:42:07.181 133029 DEBUG oslo_service.service [req-a84f76e2-d611-403c-864b-2ba87d0a99da - - - - -] libvirt.disk_cachemodes = [] log_opt_values /usr/lib/python3/dist-packages/oslo_config/cfg.py:2609
2026-02-02 00:42:07.181 133029 DEBUG oslo_service.service [req-a84f76e2-d611-403c-864b-2ba87d0a99da - - - - -] libvirt.disk_prefix = None log_opt_values /usr/lib/python3/dist-packages/oslo_config/cfg.py:2609
2026-02-02 00:42:07.181 133029 DEBUG oslo_service.service [req-a84f76e2-d611-403c-864b-2ba87d0a99da - - - - -] libvirt.enabled_perf_events = [] log_opt_values /usr/lib/python3/dist-packages/oslo_config/cfg.py:2609
2026-02-02 00:42:07.181 133029 DEBUG oslo_service.service [req-a84f76e2-d611-403c-864b-2ba87d0a99da - - - - -] libvirt.file_backed_memory = 0 log_opt_values /usr/lib/python3/dist-packages/oslo_config/cfg.py:2609
2026-02-02 00:42:07.182 133029 DEBUG oslo_service.service [req-a84f76e2-d611-403c-864b-2ba87d0a99da - - - - -] libvirt.gid_maps = [] log_opt_values /usr/lib/python3/dist-packages/oslo_config/cfg.py:2609
2026-02-02 00:42:07.182 133029 DEBUG oslo_service.service [req-a84f76e2-d611-403c-864b-2ba87d0a99da - - - - -] libvirt.hw_disk_discard = None log_opt_values /usr/lib/python3/dist-packages/oslo_config/cfg.py:2609
2026-02-02 00:42:07.182 133029 DEBUG oslo_service.service [req-a84f76e2-d611-403c-864b-2ba87d0a99da - - - - -] libvirt.hw_machine_type = None log_opt_values /usr/lib/python3/dist-packages/oslo_config/cfg.py:2609
2026-02-02 00:42:07.182 133029 DEBUG oslo_service.service [req-a84f76e2-d611-403c-864b-2ba87d0a99da - - - - -] libvirt.images_rbd_ceph_conf = log_opt_values /usr/lib/python3/dist-packages/oslo_config/cfg.py:2609
2026-02-02 00:42:07.183 133029 DEBUG oslo_service.service [req-a84f76e2-d611-403c-864b-2ba87d0a99da - - - - -] libvirt.images_rbd_glance_copy_poll_interval = 15 log_opt_values /usr/lib/python3/dist-packages/oslo_config/cfg.py:2609
2026-02-02 00:42:07.183 133029 DEBUG oslo_service.service [req-a84f76e2-d611-403c-864b-2ba87d0a99da - - - - -] libvirt.images_rbd_glance_copy_timeout = 600 log_opt_values /usr/lib/python3/dist-packages/oslo_config/cfg.py:2609
2026-02-02 00:42:07.183 133029 DEBUG oslo_service.service [req-a84f76e2-d611-403c-864b-2ba87d0a99da - - - - -] libvirt.images_rbd_glance_store_name = log_opt_values /usr/lib/python3/dist-packages/oslo_config/cfg.py:2609
2026-02-02 00:42:07.183 133029 DEBUG oslo_service.service [req-a84f76e2-d611-403c-864b-2ba87d0a99da - - - - -] libvirt.images_rbd_pool = rbd log_opt_values /usr/lib/python3/dist-packages/oslo_config/cfg.py:2609
2026-02-02 00:42:07.183 133029 DEBUG oslo_service.service [req-a84f76e2-d611-403c-864b-2ba87d0a99da - - - - -] libvirt.images_type = default log_opt_values /usr/lib/python3/dist-packages/oslo_config/cfg.py:2609
2026-02-02 00:42:07.184 133029 DEBUG oslo_service.service [req-a84f76e2-d611-403c-864b-2ba87d0a99da - - - - -] libvirt.images_volume_group = None log_opt_values /usr/lib/python3/dist-packages/oslo_config/cfg.py:2609
2026-02-02 00:42:07.184 133029 DEBUG oslo_service.service [req-a84f76e2-d611-403c-864b-2ba87d0a99da - - - - -] libvirt.inject_key = False log_opt_values /usr/lib/python3/dist-packages/oslo_config/cfg.py:2609
2026-02-02 00:42:07.184 133029 DEBUG oslo_service.service [req-a84f76e2-d611-403c-864b-2ba87d0a99da - - - - -] libvirt.inject_partition = -2 log_opt_values /usr/lib/python3/dist-packages/oslo_config/cfg.py:2609
2026-02-02 00:42:07.184 133029 DEBUG oslo_service.service [req-a84f76e2-d611-403c-864b-2ba87d0a99da - - - - -] libvirt.inject_password = False log_opt_values /usr/lib/python3/dist-packages/oslo_config/cfg.py:2609
2026-02-02 00:42:07.185 133029 DEBUG oslo_service.service [req-a84f76e2-d611-403c-864b-2ba87d0a99da - - - - -] libvirt.iscsi_iface = None log_opt_values /usr/lib/python3/dist-packages/oslo_config/cfg.py:2609
2026-02-02 00:42:07.185 133029 DEBUG oslo_service.service [req-a84f76e2-d611-403c-864b-2ba87d0a99da - - - - -] libvirt.iser_use_multipath = False log_opt_values /usr/lib/python3/dist-packages/oslo_config/cfg.py:2609
2026-02-02 00:42:07.185 133029 DEBUG oslo_service.service [req-a84f76e2-d611-403c-864b-2ba87d0a99da - - - - -] libvirt.live_migration_bandwidth = 0 log_opt_values /usr/lib/python3/dist-packages/oslo_config/cfg.py:2609
2026-02-02 00:42:07.185 133029 DEBUG oslo_service.service [req-a84f76e2-d611-403c-864b-2ba87d0a99da - - - - -] libvirt.live_migration_completion_timeout = 800 log_opt_values /usr/lib/python3/dist-packages/oslo_config/cfg.py:2609
2026-02-02 00:42:07.186 133029 DEBUG oslo_service.service [req-a84f76e2-d611-403c-864b-2ba87d0a99da - - - - -] libvirt.live_migration_downtime = 500 log_opt_values /usr/lib/python3/dist-packages/oslo_config/cfg.py:2609
2026-02-02 00:42:07.186 133029 DEBUG oslo_service.service [req-a84f76e2-d611-403c-864b-2ba87d0a99da - - - - -] libvirt.live_migration_downtime_delay = 75 log_opt_values /usr/lib/python3/dist-packages/oslo_config/cfg.py:2609
2026-02-02 00:42:07.186 133029 DEBUG oslo_service.service [req-a84f76e2-d611-403c-864b-2ba87d0a99da - - - - -] libvirt.live_migration_downtime_steps = 10 log_opt_values /usr/lib/python3/dist-packages/oslo_config/cfg.py:2609
2026-02-02 00:42:07.186 133029 DEBUG oslo_service.service [req-a84f76e2-d611-403c-864b-2ba87d0a99da - - - - -] libvirt.live_migration_inbound_addr = None log_opt_values /usr/lib/python3/dist-packages/oslo_config/cfg.py:2609
2026-02-02 00:42:07.186 133029 DEBUG oslo_service.service [req-a84f76e2-d611-403c-864b-2ba87d0a99da - - - - -] libvirt.live_migration_permit_auto_converge = False log_opt_values /usr/lib/python3/dist-packages/oslo_config/cfg.py:2609
2026-02-02 00:42:07.187 133029 DEBUG oslo_service.service [req-a84f76e2-d611-403c-864b-2ba87d0a99da - - - - -] libvirt.live_migration_permit_post_copy = False log_opt_values /usr/lib/python3/dist-packages/oslo_config/cfg.py:2609
2026-02-02 00:42:07.187 133029 DEBUG oslo_service.service [req-a84f76e2-d611-403c-864b-2ba87d0a99da - - - - -] libvirt.live_migration_scheme = None log_opt_values /usr/lib/python3/dist-packages/oslo_config/cfg.py:2609
2026-02-02 00:42:07.187 133029 DEBUG oslo_service.service [req-a84f76e2-d611-403c-864b-2ba87d0a99da - - - - -] libvirt.live_migration_timeout_action = abort log_opt_values /usr/lib/python3/dist-packages/oslo_config/cfg.py:2609
2026-02-02 00:42:07.187 133029 DEBUG oslo_service.service [req-a84f76e2-d611-403c-864b-2ba87d0a99da - - - - -] libvirt.live_migration_tunnelled = False log_opt_values /usr/lib/python3/dist-packages/oslo_config/cfg.py:2609
2026-02-02 00:42:07.188 133029 DEBUG oslo_service.service [req-a84f76e2-d611-403c-864b-2ba87d0a99da - - - - -] libvirt.live_migration_uri = None log_opt_values /usr/lib/python3/dist-packages/oslo_config/cfg.py:2609
2026-02-02 00:42:07.188 133029 DEBUG oslo_service.service [req-a84f76e2-d611-403c-864b-2ba87d0a99da - - - - -] libvirt.live_migration_with_native_tls = False log_opt_values /usr/lib/python3/dist-packages/oslo_config/cfg.py:2609
2026-02-02 00:42:07.188 133029 DEBUG oslo_service.service [req-a84f76e2-d611-403c-864b-2ba87d0a99da - - - - -] libvirt.max_queues = None log_opt_values /usr/lib/python3/dist-packages/oslo_config/cfg.py:2609
2026-02-02 00:42:07.188 133029 DEBUG oslo_service.service [req-a84f76e2-d611-403c-864b-2ba87d0a99da - - - - -] libvirt.mem_stats_period_seconds = 10 log_opt_values /usr/lib/python3/dist-packages/oslo_config/cfg.py:2609
2026-02-02 00:42:07.188 133029 DEBUG oslo_service.service [req-a84f76e2-d611-403c-864b-2ba87d0a99da - - - - -] libvirt.nfs_mount_options = None log_opt_values /usr/lib/python3/dist-packages/oslo_config/cfg.py:2609
2026-02-02 00:42:07.189 133029 DEBUG oslo_service.service [req-a84f76e2-d611-403c-864b-2ba87d0a99da - - - - -] libvirt.nfs_mount_point_base = /var/lib/nova/mnt log_opt_values /usr/lib/python3/dist-packages/oslo_config/cfg.py:2609
