2026-02-02 00:43:22.418 138788 DEBUG oslo_service.service [req-00ec4bc8-64f2-440f-9fee-19fb76f41d09 - - - - -] api.vendordata_providers = ['StaticJSON'] log_opt_values /usr/lib/python3/dist-packages/oslo_config/cfg.py:2609
2026-02-02 00:43:22.418 138788 DEBUG oslo_service.service [req-00ec4bc8-64f2-440f-9fee-19fb76f41d09 - - - - -] cache.backend = dogpile.cache.null log_opt_values /usr/lib/python3/dist-packages/oslo_config/cfg.py:2609
2026-02-02 00:43:22.419 138788 DEBUG oslo_service.service [req-00ec4bc8-64f2-440f-9fee-19fb76f41d09 - - - - -] cache.backend_argument = **** log_opt_values /usr/lib/python3/dist-packages/oslo_config/cfg.py:2609
2026-02-02 00:43:22.419 138788 DEBUG oslo_service.service [req-00ec4bc8-64f2-440f-9fee-19fb76f41d09 - - - - -] cache.config_prefix = cache.oslo log_opt_values /usr/lib/python3/dist-packages/oslo_config/cfg.py:2609
2026-02-02 00:43:22.419 138788 DEBUG oslo_service.service [req-00ec4bc8-64f2-440f-9fee-19fb76f41d09 - - - - -] cache.debug_cache_backend = False log_opt_values /usr/lib/python3/dist-packages/oslo_config/cfg.py:2609
2026-02-02 00:43:22.420 138788 DEBUG oslo_service.service [req-00ec4bc8-64f2-440f-9fee-19fb76f41d09 - - - - -] cache.enabled = False log_opt_values /usr/lib/python3/dist-packages/oslo_config/cfg.py:2609
2026-02-02 00:43:22.420 138788 DEBUG oslo_service.service [req-00ec4bc8-64f2-440f-9fee-19fb76f41d09 - - - - -] cache.expiration_time = 600 log_opt_values /usr/lib/python3/dist-packages/oslo_config/cfg.py:2609
2026-02-02 00:43:22.420 138788 DEBUG oslo_service.service [req-00ec4bc8-64f2-440f-9fee-19fb76f41d09 - - - - -] cache.memcache_dead_retry = 300 log_opt_values /usr/lib/python3/dist-packages/oslo_config/cfg.py:2609
2026-02-02 00:43:22.420 138788 DEBUG oslo_service.service [req-00ec4bc8-64f2-440f-9fee-19fb76f41d09 - - - - -] cache.memcache_pool_connection_get_timeout = 10 log_opt_values /usr/lib/python3/dist-packages/oslo_config/cfg.py:2609
2026-02-02 00:43:22.421 138788 DEBUG oslo_service.service [req-00ec4bc8-64f2-440f-9fee-19fb76f41d09 - - - - -] cache.memcache_pool_flush_on_reconnect = False log_opt_values /usr/lib/python3/dist-packages/oslo_config/cfg.py:2609
2026-02-02 00:43:22.421 138788 DEBUG oslo_service.service [req-00ec4bc8-64f2-440f-9fee-19fb76f41d09 - - - - -] cache.memcache_pool_maxsize = 10 log_opt_values /usr/lib/python3/dist-packages/oslo_config/cfg.py:2609
2026-02-02 00:43:22.421 138788 DEBUG oslo_service.service [req-00ec4bc8-64f2-440f-9fee-19fb76f41d09 - - - - -] cache.memcache_pool_unused_timeout = 60 log_opt_values /usr/lib/python3/dist-packages/oslo_config/cfg.py:2609
2026-02-02 00:43:22.421 138788 DEBUG oslo_service.service [req-00ec4bc8-64f2-440f-9fee-19fb76f41d09 - - - - -] cache.memcache_servers = ['localhost:11211'] log_opt_values /usr/lib/python3/dist-packages/oslo_config/cfg.py:2609
2026-02-02 00:43:22.422 138788 DEBUG oslo_service.service [req-00ec4bc8-64f2-440f-9fee-19fb76f41d09 - - - - -] cache.memcache_socket_timeout = 1.0 log_opt_values /usr/lib/python3/dist-packages/oslo_config/cfg.py:2609
2026-02-02 00:43:22.422 138788 DEBUG oslo_service.service [req-00ec4bc8-64f2-440f-9fee-19fb76f41d09 - - - - -] cache.proxies = [] log_opt_values /usr/lib/python3/dist-packages/oslo_config/cfg.py:2609
2026-02-02 00:43:22.422 138788 DEBUG oslo_service.service [req-00ec4bc8-64f2-440f-9fee-19fb76f41d09 - - - - -] cache.tls_allowed_ciphers = None log_opt_values /usr/lib/python3/dist-packages/oslo_config/cfg.py:2609
2026-02-02 00:43:22.423 138788 DEBUG oslo_service.service [req-00ec4bc8-64f2-440f-9fee-19fb76f41d09 - - - - -] cache.tls_cafile = None log_opt_values /usr/lib/python3/dist-packages/oslo_config/cfg.py:2609
2026-02-02 00:43:22.423 138788 DEBUG oslo_service.service [req-00ec4bc8-64f2-440f-9fee-19fb76f41d09 - - - - -] cache.tls_certfile = None log_opt_values /usr/lib/python3/dist-packages/oslo_config/cfg.py:2609
2026-02-02 00:43:22.423 138788 DEBUG oslo_service.service [req-00ec4bc8-64f2-440f-9fee-19fb76f41d09 - - - - -] cache.tls_enabled = False log_opt_values /usr/lib/python3/dist-packages/oslo_config/cfg.py:2609
2026-02-02 00:43:22.423 138788 DEBUG oslo_service.service [req-00ec4bc8-64f2-440f-9fee-19fb76f41d09 - - - - -] cache.tls_keyfile = None log_opt_values /usr/lib/python3/dist-packages/oslo_config/cfg.py:2609
2026-02-02 00:43:22.423 138788 DEBUG oslo_service.service [req-00ec4bc8-64f2-440f-9fee-19fb76f41d09 - - - - -] cinder.auth_section = None log_opt_values /usr/lib/python3/dist-packages/oslo_config/cfg.py:2609
2026-02-02 00:43:22.424 138788 DEBUG oslo_service.service [req-00ec4bc8-64f2-440f-9fee-19fb76f41d09 - - - - -] cinder.auth_type = None log_opt_values /usr/lib/python3/dist-packages/oslo_config/cfg.py:2609
2026-02-02 00:43:22.424 138788 DEBUG oslo_service.service [req-00ec4bc8-64f2-440f-9fee-19fb76f41d09 - - - - -] cinder.cafile = None log_opt_values /usr/lib/python3/dist-packages/oslo_config/cfg.py:2609
2026-02-02 00:43:22.424 138788 DEBUG oslo_service.service [req-00ec4bc8-64f2-440f-9fee-19fb76f41d09 - - - - -] cinder.catalog_info = volumev3::publicURL log_opt_values /usr/lib/python3/dist-packages/oslo_config/cfg.py:2609
2026-02-02 00:43:22.424 139646 DEBUG oslo_messaging._drivers.amqpdriver [-] Listener is running poll /usr/lib/python3/dist-packages/oslo_messaging/_drivers/amqpdriver.py:343
2026-02-02 00:43:22.424 139646 DEBUG oslo_messaging._drivers.amqpdriver [-] AMQPListener connection consume poll /usr/lib/python3/dist-packages/oslo_messaging/_drivers/amqpdriver.py:357
2026-02-02 00:43:22.424 138788 DEBUG oslo_service.service [req-00ec4bc8-64f2-440f-9fee-19fb76f41d09 - - - - -] cinder.certfile = None log_opt_values /usr/lib/python3/dist-packages/oslo_config/cfg.py:2609
2026-02-02 00:43:22.424 138788 DEBUG oslo_service.service [req-00ec4bc8-64f2-440f-9fee-19fb76f41d09 - - - - -] cinder.collect_timing = False log_opt_values /usr/lib/python3/dist-packages/oslo_config/cfg.py:2609
2026-02-02 00:43:22.425 138788 DEBUG oslo_service.service [req-00ec4bc8-64f2-440f-9fee-19fb76f41d09 - - - - -] cinder.cross_az_attach = True log_opt_values /usr/lib/python3/dist-packages/oslo_config/cfg.py:2609
2026-02-02 00:43:22.425 139646 DEBUG nova.service [req-93a644f9-6960-403a-bf35-a1136e36df20 - - - - -] Join ServiceGroup membership for this service scheduler start /usr/lib/python3/dist-packages/nova/service.py:199
2026-02-02 00:43:22.425 138788 DEBUG oslo_service.service [req-00ec4bc8-64f2-440f-9fee-19fb76f41d09 - - - - -] cinder.debug = False log_opt_values /usr/lib/python3/dist-packages/oslo_config/cfg.py:2609
2026-02-02 00:43:22.425 139646 DEBUG nova.servicegroup.drivers.db [req-93a644f9-6960-403a-bf35-a1136e36df20 - - - - -] DB_Driver: join new ServiceGroup member juju-86eeeb-0-lxd-7 to the scheduler group, service = join /usr/lib/python3/dist-packages/nova/servicegroup/drivers/db.py:44
2026-02-02 00:43:22.425 138788 DEBUG oslo_service.service [req-00ec4bc8-64f2-440f-9fee-19fb76f41d09 - - - - -] cinder.endpoint_template = None log_opt_values /usr/lib/python3/dist-packages/oslo_config/cfg.py:2609
2026-02-02 00:43:22.425 138788 DEBUG oslo_service.service [req-00ec4bc8-64f2-440f-9fee-19fb76f41d09 - - - - -] cinder.http_retries = 3 log_opt_values /usr/lib/python3/dist-packages/oslo_config/cfg.py:2609
2026-02-02 00:43:22.426 138788 DEBUG oslo_service.service [req-00ec4bc8-64f2-440f-9fee-19fb76f41d09 - - - - -] cinder.insecure = False log_opt_values /usr/lib/python3/dist-packages/oslo_config/cfg.py:2609
2026-02-02 00:43:22.423 139651 DEBUG oslo_messaging._drivers.amqpdriver [-] Listener is running poll /usr/lib/python3/dist-packages/oslo_messaging/_drivers/amqpdriver.py:343
2026-02-02 00:43:22.426 138788 DEBUG oslo_service.service [req-00ec4bc8-64f2-440f-9fee-19fb76f41d09 - - - - -] cinder.keyfile = None log_opt_values /usr/lib/python3/dist-packages/oslo_config/cfg.py:2609
2026-02-02 00:43:22.426 138788 DEBUG oslo_service.service [req-00ec4bc8-64f2-440f-9fee-19fb76f41d09 - - - - -] cinder.os_region_name = None log_opt_values /usr/lib/python3/dist-packages/oslo_config/cfg.py:2609
2026-02-02 00:43:22.426 138788 DEBUG oslo_service.service [req-00ec4bc8-64f2-440f-9fee-19fb76f41d09 - - - - -] cinder.split_loggers = False log_opt_values /usr/lib/python3/dist-packages/oslo_config/cfg.py:2609
2026-02-02 00:43:22.427 138788 DEBUG oslo_service.service [req-00ec4bc8-64f2-440f-9fee-19fb76f41d09 - - - - -] cinder.timeout = None log_opt_values /usr/lib/python3/dist-packages/oslo_config/cfg.py:2609
2026-02-02 00:43:22.427 138788 DEBUG oslo_service.service [req-00ec4bc8-64f2-440f-9fee-19fb76f41d09 - - - - -] compute.consecutive_build_service_disable_threshold = 10 log_opt_values /usr/lib/python3/dist-packages/oslo_config/cfg.py:2609
2026-02-02 00:43:22.426 139651 DEBUG oslo_messaging._drivers.amqpdriver [-] AMQPListener connection consume poll /usr/lib/python3/dist-packages/oslo_messaging/_drivers/amqpdriver.py:357
2026-02-02 00:43:22.427 138788 DEBUG oslo_service.service [req-00ec4bc8-64f2-440f-9fee-19fb76f41d09 - - - - -] compute.cpu_dedicated_set = None log_opt_values /usr/lib/python3/dist-packages/oslo_config/cfg.py:2609
2026-02-02 00:43:22.427 138788 DEBUG oslo_service.service [req-00ec4bc8-64f2-440f-9fee-19fb76f41d09 - - - - -] compute.cpu_shared_set = None log_opt_values /usr/lib/python3/dist-packages/oslo_config/cfg.py:2609
2026-02-02 00:43:22.428 138788 DEBUG oslo_service.service [req-00ec4bc8-64f2-440f-9fee-19fb76f41d09 - - - - -] compute.image_type_exclude_list = [] log_opt_values /usr/lib/python3/dist-packages/oslo_config/cfg.py:2609
2026-02-02 00:43:22.428 139646 DEBUG oslo_messaging._drivers.amqpdriver [-] AMQPListener connection timeout poll /usr/lib/python3/dist-packages/oslo_messaging/_drivers/amqpdriver.py:360
2026-02-02 00:43:22.428 138788 DEBUG oslo_service.service [req-00ec4bc8-64f2-440f-9fee-19fb76f41d09 - - - - -] compute.live_migration_wait_for_vif_plug = True log_opt_values /usr/lib/python3/dist-packages/oslo_config/cfg.py:2609
2026-02-02 00:43:22.428 139646 DEBUG oslo_messaging._drivers.amqpdriver [-] Listener is running poll /usr/lib/python3/dist-packages/oslo_messaging/_drivers/amqpdriver.py:343
2026-02-02 00:43:22.428 139646 DEBUG oslo_messaging._drivers.amqpdriver [-] AMQPListener connection consume poll /usr/lib/python3/dist-packages/oslo_messaging/_drivers/amqpdriver.py:357
2026-02-02 00:43:22.428 138788 DEBUG oslo_service.service [req-00ec4bc8-64f2-440f-9fee-19fb76f41d09 - - - - -] compute.max_concurrent_disk_ops = 0 log_opt_values /usr/lib/python3/dist-packages/oslo_config/cfg.py:2609
2026-02-02 00:43:22.428 138788 DEBUG oslo_service.service [req-00ec4bc8-64f2-440f-9fee-19fb76f41d09 - - - - -] compute.max_disk_devices_to_attach = -1 log_opt_values /usr/lib/python3/dist-packages/oslo_config/cfg.py:2609
2026-02-02 00:43:22.428 138788 DEBUG oslo_service.service [req-00ec4bc8-64f2-440f-9fee-19fb76f41d09 - - - - -] compute.packing_host_numa_cells_allocation_strategy = True log_opt_values /usr/lib/python3/dist-packages/oslo_config/cfg.py:2609
2026-02-02 00:43:22.429 138788 DEBUG oslo_service.service [req-00ec4bc8-64f2-440f-9fee-19fb76f41d09 - - - - -] compute.provider_config_location = /etc/nova/provider_config/ log_opt_values /usr/lib/python3/dist-packages/oslo_config/cfg.py:2609
2026-02-02 00:43:22.429 138788 DEBUG oslo_service.service [req-00ec4bc8-64f2-440f-9fee-19fb76f41d09 - - - - -] compute.resource_provider_association_refresh = 300 log_opt_values /usr/lib/python3/dist-packages/oslo_config/cfg.py:2609
2026-02-02 00:43:22.429 138788 DEBUG oslo_service.service [req-00ec4bc8-64f2-440f-9fee-19fb76f41d09 - - - - -] compute.shutdown_retry_interval = 10 log_opt_values /usr/lib/python3/dist-packages/oslo_config/cfg.py:2609
2026-02-02 00:43:22.429 138788 DEBUG oslo_service.service [req-00ec4bc8-64f2-440f-9fee-19fb76f41d09 - - - - -] compute.vmdk_allowed_types = ['streamOptimized', 'monolithicSparse'] log_opt_values /usr/lib/python3/dist-packages/oslo_config/cfg.py:2609
2026-02-02 00:43:22.429 138788 DEBUG oslo_service.service [req-00ec4bc8-64f2-440f-9fee-19fb76f41d09 - - - - -] conductor.workers = 4 log_opt_values /usr/lib/python3/dist-packages/oslo_config/cfg.py:2609
2026-02-02 00:43:22.429 138788 DEBUG oslo_service.service [req-00ec4bc8-64f2-440f-9fee-19fb76f41d09 - - - - -] console.allowed_origins = [] log_opt_values /usr/lib/python3/dist-packages/oslo_config/cfg.py:2609
2026-02-02 00:43:22.430 138788 DEBUG oslo_service.service [req-00ec4bc8-64f2-440f-9fee-19fb76f41d09 - - - - -] console.ssl_ciphers = None log_opt_values /usr/lib/python3/dist-packages/oslo_config/cfg.py:2609
2026-02-02 00:43:22.430 138788 DEBUG oslo_service.service [req-00ec4bc8-64f2-440f-9fee-19fb76f41d09 - - - - -] console.ssl_minimum_version = default log_opt_values /usr/lib/python3/dist-packages/oslo_config/cfg.py:2609
2026-02-02 00:43:22.430 138788 DEBUG oslo_service.service [req-00ec4bc8-64f2-440f-9fee-19fb76f41d09 - - - - -] consoleauth.token_ttl = 600 log_opt_values /usr/lib/python3/dist-packages/oslo_config/cfg.py:2609
2026-02-02 00:43:22.430 138788 DEBUG oslo_service.service [req-00ec4bc8-64f2-440f-9fee-19fb76f41d09 - - - - -] cyborg.cafile = None log_opt_values /usr/lib/python3/dist-packages/oslo_config/cfg.py:2609
2026-02-02 00:43:22.431 138788 DEBUG oslo_service.service [req-00ec4bc8-64f2-440f-9fee-19fb76f41d09 - - - - -] cyborg.certfile = None log_opt_values /usr/lib/python3/dist-packages/oslo_config/cfg.py:2609
2026-02-02 00:43:22.431 138788 DEBUG oslo_service.service [req-00ec4bc8-64f2-440f-9fee-19fb76f41d09 - - - - -] cyborg.collect_timing = False log_opt_values /usr/lib/python3/dist-packages/oslo_config/cfg.py:2609
2026-02-02 00:43:22.431 138788 DEBUG oslo_service.service [req-00ec4bc8-64f2-440f-9fee-19fb76f41d09 - - - - -] cyborg.connect_retries = None log_opt_values /usr/lib/python3/dist-packages/oslo_config/cfg.py:2609
2026-02-02 00:43:22.431 138788 DEBUG oslo_service.service [req-00ec4bc8-64f2-440f-9fee-19fb76f41d09 - - - - -] cyborg.connect_retry_delay = None log_opt_values /usr/lib/python3/dist-packages/oslo_config/cfg.py:2609
2026-02-02 00:43:22.431 138788 DEBUG oslo_service.service [req-00ec4bc8-64f2-440f-9fee-19fb76f41d09 - - - - -] cyborg.endpoint_override = None log_opt_values /usr/lib/python3/dist-packages/oslo_config/cfg.py:2609
2026-02-02 00:43:22.431 138788 DEBUG oslo_service.service [req-00ec4bc8-64f2-440f-9fee-19fb76f41d09 - - - - -] cyborg.insecure = False log_opt_values /usr/lib/python3/dist-packages/oslo_config/cfg.py:2609
2026-02-02 00:43:22.432 138788 DEBUG oslo_service.service [req-00ec4bc8-64f2-440f-9fee-19fb76f41d09 - - - - -] cyborg.keyfile = None log_opt_values /usr/lib/python3/dist-packages/oslo_config/cfg.py:2609
2026-02-02 00:43:22.432 138788 DEBUG oslo_service.service [req-00ec4bc8-64f2-440f-9fee-19fb76f41d09 - - - - -] cyborg.max_version = None log_opt_values /usr/lib/python3/dist-packages/oslo_config/cfg.py:2609
2026-02-02 00:43:22.432 138788 DEBUG oslo_service.service [req-00ec4bc8-64f2-440f-9fee-19fb76f41d09 - - - - -] cyborg.min_version = None log_opt_values /usr/lib/python3/dist-packages/oslo_config/cfg.py:2609
2026-02-02 00:43:22.432 138788 DEBUG oslo_service.service [req-00ec4bc8-64f2-440f-9fee-19fb76f41d09 - - - - -] cyborg.region_name = None log_opt_values /usr/lib/python3/dist-packages/oslo_config/cfg.py:2609
2026-02-02 00:43:22.432 138788 DEBUG oslo_service.service [req-00ec4bc8-64f2-440f-9fee-19fb76f41d09 - - - - -] cyborg.service_name = None log_opt_values /usr/lib/python3/dist-packages/oslo_config/cfg.py:2609
2026-02-02 00:43:22.433 138788 DEBUG oslo_service.service [req-00ec4bc8-64f2-440f-9fee-19fb76f41d09 - - - - -] cyborg.service_type = accelerator log_opt_values /usr/lib/python3/dist-packages/oslo_config/cfg.py:2609
2026-02-02 00:43:22.432 139651 DEBUG nova.service [req-c0af760d-6cf0-4bdf-868a-9a19d9e9b3e4 - - - - -] Join ServiceGroup membership for this service scheduler start /usr/lib/python3/dist-packages/nova/service.py:199
2026-02-02 00:43:22.433 138788 DEBUG oslo_service.service [req-00ec4bc8-64f2-440f-9fee-19fb76f41d09 - - - - -] cyborg.split_loggers = False log_opt_values /usr/lib/python3/dist-packages/oslo_config/cfg.py:2609
2026-02-02 00:43:22.433 138788 DEBUG oslo_service.service [req-00ec4bc8-64f2-440f-9fee-19fb76f41d09 - - - - -] cyborg.status_code_retries = None log_opt_values /usr/lib/python3/dist-packages/oslo_config/cfg.py:2609
2026-02-02 00:43:22.433 139651 DEBUG nova.servicegroup.drivers.db [req-c0af760d-6cf0-4bdf-868a-9a19d9e9b3e4 - - - - -] DB_Driver: join new ServiceGroup member juju-86eeeb-0-lxd-7 to the scheduler group, service = join /usr/lib/python3/dist-packages/nova/servicegroup/drivers/db.py:44
2026-02-02 00:43:22.433 138788 DEBUG oslo_service.service [req-00ec4bc8-64f2-440f-9fee-19fb76f41d09 - - - - -] cyborg.status_code_retry_delay = None log_opt_values /usr/lib/python3/dist-packages/oslo_config/cfg.py:2609
2026-02-02 00:43:22.433 138788 DEBUG oslo_service.service [req-00ec4bc8-64f2-440f-9fee-19fb76f41d09 - - - - -] cyborg.timeout = None log_opt_values /usr/lib/python3/dist-packages/oslo_config/cfg.py:2609
2026-02-02 00:43:22.433 139651 DEBUG oslo_messaging._drivers.amqpdriver [-] AMQPListener connection timeout poll /usr/lib/python3/dist-packages/oslo_messaging/_drivers/amqpdriver.py:360
2026-02-02 00:43:22.434 138788 DEBUG oslo_service.service [req-00ec4bc8-64f2-440f-9fee-19fb76f41d09 - - - - -] cyborg.valid_interfaces = ['internal', 'public'] log_opt_values /usr/lib/python3/dist-packages/oslo_config/cfg.py:2609
2026-02-02 00:43:22.434 138788 DEBUG oslo_service.service [req-00ec4bc8-64f2-440f-9fee-19fb76f41d09 - - - - -] cyborg.version = None log_opt_values /usr/lib/python3/dist-packages/oslo_config/cfg.py:2609
2026-02-02 00:43:22.434 139651 DEBUG oslo_messaging._drivers.amqpdriver [-] Listener is running poll /usr/lib/python3/dist-packages/oslo_messaging/_drivers/amqpdriver.py:343
2026-02-02 00:43:22.434 138788 DEBUG oslo_service.service [req-00ec4bc8-64f2-440f-9fee-19fb76f41d09 - - - - -] database.backend = sqlalchemy log_opt_values /usr/lib/python3/dist-packages/oslo_config/cfg.py:2609
2026-02-02 00:43:22.434 139651 DEBUG oslo_messaging._drivers.amqpdriver [-] AMQPListener connection consume poll /usr/lib/python3/dist-packages/oslo_messaging/_drivers/amqpdriver.py:357
2026-02-02 00:43:22.434 138788 DEBUG oslo_service.service [req-00ec4bc8-64f2-440f-9fee-19fb76f41d09 - - - - -] database.connection = **** log_opt_values /usr/lib/python3/dist-packages/oslo_config/cfg.py:2609
2026-02-02 00:43:22.434 138788 DEBUG oslo_service.service [req-00ec4bc8-64f2-440f-9fee-19fb76f41d09 - - - - -] database.connection_debug = 0 log_opt_values /usr/lib/python3/dist-packages/oslo_config/cfg.py:2609
2026-02-02 00:43:22.435 138788 DEBUG oslo_service.service [req-00ec4bc8-64f2-440f-9fee-19fb76f41d09 - - - - -] database.connection_parameters = log_opt_values /usr/lib/python3/dist-packages/oslo_config/cfg.py:2609
2026-02-02 00:43:22.435 138788 DEBUG oslo_service.service [req-00ec4bc8-64f2-440f-9fee-19fb76f41d09 - - - - -] database.connection_recycle_time = 3600 log_opt_values /usr/lib/python3/dist-packages/oslo_config/cfg.py:2609
2026-02-02 00:43:22.435 138788 DEBUG oslo_service.service [req-00ec4bc8-64f2-440f-9fee-19fb76f41d09 - - - - -] database.connection_trace = False log_opt_values /usr/lib/python3/dist-packages/oslo_config/cfg.py:2609
2026-02-02 00:43:22.435 138788 DEBUG oslo_service.service [req-00ec4bc8-64f2-440f-9fee-19fb76f41d09 - - - - -] database.db_inc_retry_interval = True log_opt_values /usr/lib/python3/dist-packages/oslo_config/cfg.py:2609
2026-02-02 00:43:22.435 138788 DEBUG oslo_service.service [req-00ec4bc8-64f2-440f-9fee-19fb76f41d09 - - - - -] database.db_max_retries = 20 log_opt_values /usr/lib/python3/dist-packages/oslo_config/cfg.py:2609
2026-02-02 00:43:22.436 138788 DEBUG oslo_service.service [req-00ec4bc8-64f2-440f-9fee-19fb76f41d09 - - - - -] database.db_max_retry_interval = 10 log_opt_values /usr/lib/python3/dist-packages/oslo_config/cfg.py:2609
2026-02-02 00:43:22.436 138788 DEBUG oslo_service.service [req-00ec4bc8-64f2-440f-9fee-19fb76f41d09 - - - - -] database.db_retry_interval = 1 log_opt_values /usr/lib/python3/dist-packages/oslo_config/cfg.py:2609
2026-02-02 00:43:22.436 138788 DEBUG oslo_service.service [req-00ec4bc8-64f2-440f-9fee-19fb76f41d09 - - - - -] database.max_overflow = 50 log_opt_values /usr/lib/python3/dist-packages/oslo_config/cfg.py:2609
2026-02-02 00:43:22.436 138788 DEBUG oslo_service.service [req-00ec4bc8-64f2-440f-9fee-19fb76f41d09 - - - - -] database.max_pool_size = 4 log_opt_values /usr/lib/python3/dist-packages/oslo_config/cfg.py:2609
2026-02-02 00:43:22.436 138788 DEBUG oslo_service.service [req-00ec4bc8-64f2-440f-9fee-19fb76f41d09 - - - - -] database.max_retries = 10 log_opt_values /usr/lib/python3/dist-packages/oslo_config/cfg.py:2609
2026-02-02 00:43:22.437 138788 DEBUG oslo_service.service [req-00ec4bc8-64f2-440f-9fee-19fb76f41d09 - - - - -] database.mysql_enable_ndb = False log_opt_values /usr/lib/python3/dist-packages/oslo_config/cfg.py:2609
2026-02-02 00:43:22.437 138788 DEBUG oslo_service.service [req-00ec4bc8-64f2-440f-9fee-19fb76f41d09 - - - - -] database.mysql_sql_mode = TRADITIONAL log_opt_values /usr/lib/python3/dist-packages/oslo_config/cfg.py:2609
2026-02-02 00:43:22.437 138788 DEBUG oslo_service.service [req-00ec4bc8-64f2-440f-9fee-19fb76f41d09 - - - - -] database.pool_timeout = None log_opt_values /usr/lib/python3/dist-packages/oslo_config/cfg.py:2609
2026-02-02 00:43:22.437 138788 DEBUG oslo_service.service [req-00ec4bc8-64f2-440f-9fee-19fb76f41d09 - - - - -] database.retry_interval = 10 log_opt_values /usr/lib/python3/dist-packages/oslo_config/cfg.py:2609
2026-02-02 00:43:22.438 138788 DEBUG oslo_service.service [req-00ec4bc8-64f2-440f-9fee-19fb76f41d09 - - - - -] database.slave_connection = **** log_opt_values /usr/lib/python3/dist-packages/oslo_config/cfg.py:2609
2026-02-02 00:43:22.438 138788 DEBUG oslo_service.service [req-00ec4bc8-64f2-440f-9fee-19fb76f41d09 - - - - -] database.sqlite_synchronous = True log_opt_values /usr/lib/python3/dist-packages/oslo_config/cfg.py:2609
2026-02-02 00:43:22.438 138788 DEBUG oslo_service.service [req-00ec4bc8-64f2-440f-9fee-19fb76f41d09 - - - - -] database.use_db_reconnect = False log_opt_values /usr/lib/python3/dist-packages/oslo_config/cfg.py:2609
2026-02-02 00:43:22.438 138788 DEBUG oslo_service.service [req-00ec4bc8-64f2-440f-9fee-19fb76f41d09 - - - - -] api_database.backend = sqlalchemy log_opt_values /usr/lib/python3/dist-packages/oslo_config/cfg.py:2609
2026-02-02 00:43:22.438 138788 DEBUG oslo_service.service [req-00ec4bc8-64f2-440f-9fee-19fb76f41d09 - - - - -] api_database.connection = **** log_opt_values /usr/lib/python3/dist-packages/oslo_config/cfg.py:2609
2026-02-02 00:43:22.439 138788 DEBUG oslo_service.service [req-00ec4bc8-64f2-440f-9fee-19fb76f41d09 - - - - -] api_database.connection_debug = 0 log_opt_values /usr/lib/python3/dist-packages/oslo_config/cfg.py:2609
2026-02-02 00:43:22.439 138788 DEBUG oslo_service.service [req-00ec4bc8-64f2-440f-9fee-19fb76f41d09 - - - - -] api_database.connection_parameters = log_opt_values /usr/lib/python3/dist-packages/oslo_config/cfg.py:2609
2026-02-02 00:43:22.439 138788 DEBUG oslo_service.service [req-00ec4bc8-64f2-440f-9fee-19fb76f41d09 - - - - -] api_database.connection_recycle_time = 3600 log_opt_values /usr/lib/python3/dist-packages/oslo_config/cfg.py:2609
2026-02-02 00:43:22.439 138788 DEBUG oslo_service.service [req-00ec4bc8-64f2-440f-9fee-19fb76f41d09 - - - - -] api_database.connection_trace = False log_opt_values /usr/lib/python3/dist-packages/oslo_config/cfg.py:2609
2026-02-02 00:43:22.439 138788 DEBUG oslo_service.service [req-00ec4bc8-64f2-440f-9fee-19fb76f41d09 - - - - -] api_database.db_inc_retry_interval = True log_opt_values /usr/lib/python3/dist-packages/oslo_config/cfg.py:2609
2026-02-02 00:43:22.440 138788 DEBUG oslo_service.service [req-00ec4bc8-64f2-440f-9fee-19fb76f41d09 - - - - -] api_database.db_max_retries = 20 log_opt_values /usr/lib/python3/dist-packages/oslo_config/cfg.py:2609
2026-02-02 00:43:22.440 138788 DEBUG oslo_service.service [req-00ec4bc8-64f2-440f-9fee-19fb76f41d09 - - - - -] api_database.db_max_retry_interval = 10 log_opt_values /usr/lib/python3/dist-packages/oslo_config/cfg.py:2609
2026-02-02 00:43:22.440 138788 DEBUG oslo_service.service [req-00ec4bc8-64f2-440f-9fee-19fb76f41d09 - - - - -] api_database.db_retry_interval = 1 log_opt_values /usr/lib/python3/dist-packages/oslo_config/cfg.py:2609
2026-02-02 00:43:22.440 138788 DEBUG oslo_service.service [req-00ec4bc8-64f2-440f-9fee-19fb76f41d09 - - - - -] api_database.max_overflow = 50 log_opt_values /usr/lib/python3/dist-packages/oslo_config/cfg.py:2609
2026-02-02 00:43:22.440 138788 DEBUG oslo_service.service [req-00ec4bc8-64f2-440f-9fee-19fb76f41d09 - - - - -] api_database.max_pool_size = 4 log_opt_values /usr/lib/python3/dist-packages/oslo_config/cfg.py:2609
2026-02-02 00:43:22.440 138788 DEBUG oslo_service.service [req-00ec4bc8-64f2-440f-9fee-19fb76f41d09 - - - - -] api_database.max_retries = 10 log_opt_values /usr/lib/python3/dist-packages/oslo_config/cfg.py:2609
2026-02-02 00:43:22.441 138788 DEBUG oslo_service.service [req-00ec4bc8-64f2-440f-9fee-19fb76f41d09 - - - - -] api_database.mysql_enable_ndb = False log_opt_values /usr/lib/python3/dist-packages/oslo_config/cfg.py:2609
2026-02-02 00:43:22.441 138788 DEBUG oslo_service.service [req-00ec4bc8-64f2-440f-9fee-19fb76f41d09 - - - - -] api_database.mysql_sql_mode = TRADITIONAL log_opt_values /usr/lib/python3/dist-packages/oslo_config/cfg.py:2609
2026-02-02 00:43:22.441 138788 DEBUG oslo_service.service [req-00ec4bc8-64f2-440f-9fee-19fb76f41d09 - - - - -] api_database.pool_timeout = None log_opt_values /usr/lib/python3/dist-packages/oslo_config/cfg.py:2609
2026-02-02 00:43:22.441 138788 DEBUG oslo_service.service [req-00ec4bc8-64f2-440f-9fee-19fb76f41d09 - - - - -] api_database.retry_interval = 10 log_opt_values /usr/lib/python3/dist-packages/oslo_config/cfg.py:2609
2026-02-02 00:43:22.441 138788 DEBUG oslo_service.service [req-00ec4bc8-64f2-440f-9fee-19fb76f41d09 - - - - -] api_database.slave_connection = **** log_opt_values /usr/lib/python3/dist-packages/oslo_config/cfg.py:2609
2026-02-02 00:43:22.441 138788 DEBUG oslo_service.service [req-00ec4bc8-64f2-440f-9fee-19fb76f41d09 - - - - -] api_database.sqlite_synchronous = True log_opt_values /usr/lib/python3/dist-packages/oslo_config/cfg.py:2609
2026-02-02 00:43:22.442 138788 DEBUG oslo_service.service [req-00ec4bc8-64f2-440f-9fee-19fb76f41d09 - - - - -] devices.enabled_mdev_types = [] log_opt_values /usr/lib/python3/dist-packages/oslo_config/cfg.py:2609
2026-02-02 00:43:22.442 138788 DEBUG oslo_service.service [req-00ec4bc8-64f2-440f-9fee-19fb76f41d09 - - - - -] ephemeral_storage_encryption.cipher = aes-xts-plain64 log_opt_values /usr/lib/python3/dist-packages/oslo_config/cfg.py:2609
2026-02-02 00:43:22.442 138788 DEBUG oslo_service.service [req-00ec4bc8-64f2-440f-9fee-19fb76f41d09 - - - - -] ephemeral_storage_encryption.enabled = False log_opt_values /usr/lib/python3/dist-packages/oslo_config/cfg.py:2609
2026-02-02 00:43:22.442 138788 DEBUG oslo_service.service [req-00ec4bc8-64f2-440f-9fee-19fb76f41d09 - - - - -] ephemeral_storage_encryption.key_size = 512 log_opt_values /usr/lib/python3/dist-packages/oslo_config/cfg.py:2609
2026-02-02 00:43:22.443 138788 WARNING oslo_config.cfg [req-00ec4bc8-64f2-440f-9fee-19fb76f41d09 - - - - -] Deprecated: Option "api_servers" from group "glance" is deprecated for removal ( Support for image service configuration via standard keystoneauth1 Adapter options was added in the 17.0.0 Queens release. The api_servers option was retained temporarily to allow consumers time to cut over to a real load balancing solution. ). Its value may be silently ignored in the future.
2026-02-02 00:43:22.443 138788 DEBUG oslo_service.service [req-00ec4bc8-64f2-440f-9fee-19fb76f41d09 - - - - -] glance.api_servers = ['http://252.241.79.11:9292'] log_opt_values /usr/lib/python3/dist-packages/oslo_config/cfg.py:2609
2026-02-02 00:43:22.443 138788 DEBUG oslo_service.service [req-00ec4bc8-64f2-440f-9fee-19fb76f41d09 - - - - -] glance.cafile = None log_opt_values /usr/lib/python3/dist-packages/oslo_config/cfg.py:2609
2026-02-02 00:43:22.443 138788 DEBUG oslo_service.service [req-00ec4bc8-64f2-440f-9fee-19fb76f41d09 - - - - -] glance.certfile = None log_opt_values /usr/lib/python3/dist-packages/oslo_config/cfg.py:2609
2026-02-02 00:43:22.443 138788 DEBUG oslo_service.service [req-00ec4bc8-64f2-440f-9fee-19fb76f41d09 - - - - -] glance.collect_timing = False log_opt_values /usr/lib/python3/dist-packages/oslo_config/cfg.py:2609
2026-02-02 00:43:22.444 138788 DEBUG oslo_service.service [req-00ec4bc8-64f2-440f-9fee-19fb76f41d09 - - - - -] glance.connect_retries = None log_opt_values /usr/lib/python3/dist-packages/oslo_config/cfg.py:2609
2026-02-02 00:43:22.444 138788 DEBUG oslo_service.service [req-00ec4bc8-64f2-440f-9fee-19fb76f41d09 - - - - -] glance.connect_retry_delay = None log_opt_values /usr/lib/python3/dist-packages/oslo_config/cfg.py:2609
2026-02-02 00:43:22.444 138788 DEBUG oslo_service.service [req-00ec4bc8-64f2-440f-9fee-19fb76f41d09 - - - - -] glance.debug = False log_opt_values /usr/lib/python3/dist-packages/oslo_config/cfg.py:2609
2026-02-02 00:43:22.444 138788 DEBUG oslo_service.service [req-00ec4bc8-64f2-440f-9fee-19fb76f41d09 - - - - -] glance.default_trusted_certificate_ids = [] log_opt_values /usr/lib/python3/dist-packages/oslo_config/cfg.py:2609
2026-02-02 00:43:22.444 138788 DEBUG oslo_service.service [req-00ec4bc8-64f2-440f-9fee-19fb76f41d09 - - - - -] glance.enable_certificate_validation = False log_opt_values /usr/lib/python3/dist-packages/oslo_config/cfg.py:2609
2026-02-02 00:43:22.444 138788 DEBUG oslo_service.service [req-00ec4bc8-64f2-440f-9fee-19fb76f41d09 - - - - -] glance.enable_rbd_download = False log_opt_values /usr/lib/python3/dist-packages/oslo_config/cfg.py:2609
2026-02-02 00:43:22.445 138788 DEBUG oslo_service.service [req-00ec4bc8-64f2-440f-9fee-19fb76f41d09 - - - - -] glance.endpoint_override = None log_opt_values /usr/lib/python3/dist-packages/oslo_config/cfg.py:2609
2026-02-02 00:43:22.444 139652 DEBUG oslo_messaging._drivers.amqpdriver [-] Listener is running poll /usr/lib/python3/dist-packages/oslo_messaging/_drivers/amqpdriver.py:343
2026-02-02 00:43:22.445 139652 DEBUG oslo_messaging._drivers.amqpdriver [-] AMQPListener connection consume poll /usr/lib/python3/dist-packages/oslo_messaging/_drivers/amqpdriver.py:357
2026-02-02 00:43:22.445 138788 DEBUG oslo_service.service [req-00ec4bc8-64f2-440f-9fee-19fb76f41d09 - - - - -] glance.insecure = False log_opt_values /usr/lib/python3/dist-packages/oslo_config/cfg.py:2609
2026-02-02 00:43:22.445 138788 DEBUG oslo_service.service [req-00ec4bc8-64f2-440f-9fee-19fb76f41d09 - - - - -] glance.keyfile = None log_opt_values /usr/lib/python3/dist-packages/oslo_config/cfg.py:2609
2026-02-02 00:43:22.445 138788 DEBUG oslo_service.service [req-00ec4bc8-64f2-440f-9fee-19fb76f41d09 - - - - -] glance.max_version = None log_opt_values /usr/lib/python3/dist-packages/oslo_config/cfg.py:2609
2026-02-02 00:43:22.445 138788 DEBUG oslo_service.service [req-00ec4bc8-64f2-440f-9fee-19fb76f41d09 - - - - -] glance.min_version = None log_opt_values /usr/lib/python3/dist-packages/oslo_config/cfg.py:2609
2026-02-02 00:43:22.446 138788 DEBUG oslo_service.service [req-00ec4bc8-64f2-440f-9fee-19fb76f41d09 - - - - -] glance.num_retries = 3 log_opt_values /usr/lib/python3/dist-packages/oslo_config/cfg.py:2609
2026-02-02 00:43:22.446 138788 DEBUG oslo_service.service [req-00ec4bc8-64f2-440f-9fee-19fb76f41d09 - - - - -] glance.rbd_ceph_conf = log_opt_values /usr/lib/python3/dist-packages/oslo_config/cfg.py:2609
2026-02-02 00:43:22.446 138788 DEBUG oslo_service.service [req-00ec4bc8-64f2-440f-9fee-19fb76f41d09 - - - - -] glance.rbd_connect_timeout = 5 log_opt_values /usr/lib/python3/dist-packages/oslo_config/cfg.py:2609
2026-02-02 00:43:22.446 138788 DEBUG oslo_service.service [req-00ec4bc8-64f2-440f-9fee-19fb76f41d09 - - - - -] glance.rbd_pool = log_opt_values /usr/lib/python3/dist-packages/oslo_config/cfg.py:2609
2026-02-02 00:43:22.446 139652 DEBUG nova.service [req-d99a95c1-46e7-4ec5-ad41-fdd515aa6d66 - - - - -] Join ServiceGroup membership for this service scheduler start /usr/lib/python3/dist-packages/nova/service.py:199
2026-02-02 00:43:22.446 138788 DEBUG oslo_service.service [req-00ec4bc8-64f2-440f-9fee-19fb76f41d09 - - - - -] glance.rbd_user = log_opt_values /usr/lib/python3/dist-packages/oslo_config/cfg.py:2609
2026-02-02 00:43:22.446 138788 DEBUG oslo_service.service [req-00ec4bc8-64f2-440f-9fee-19fb76f41d09 - - - - -] glance.region_name = None log_opt_values /usr/lib/python3/dist-packages/oslo_config/cfg.py:2609
2026-02-02 00:43:22.447 138788 DEBUG oslo_service.service [req-00ec4bc8-64f2-440f-9fee-19fb76f41d09 - - - - -] glance.service_name = None log_opt_values /usr/lib/python3/dist-packages/oslo_config/cfg.py:2609
2026-02-02 00:43:22.447 138788 DEBUG oslo_service.service [req-00ec4bc8-64f2-440f-9fee-19fb76f41d09 - - - - -] glance.service_type = image log_opt_values /usr/lib/python3/dist-packages/oslo_config/cfg.py:2609
2026-02-02 00:43:22.446 139652 DEBUG nova.servicegroup.drivers.db [req-d99a95c1-46e7-4ec5-ad41-fdd515aa6d66 - - - - -] DB_Driver: join new ServiceGroup member juju-86eeeb-0-lxd-7 to the scheduler group, service = join /usr/lib/python3/dist-packages/nova/servicegroup/drivers/db.py:44
2026-02-02 00:43:22.447 138788 DEBUG oslo_service.service [req-00ec4bc8-64f2-440f-9fee-19fb76f41d09 - - - - -] glance.split_loggers = False log_opt_values /usr/lib/python3/dist-packages/oslo_config/cfg.py:2609
2026-02-02 00:43:22.447 138788 DEBUG oslo_service.service [req-00ec4bc8-64f2-440f-9fee-19fb76f41d09 - - - - -] glance.status_code_retries = None log_opt_values /usr/lib/python3/dist-packages/oslo_config/cfg.py:2609
2026-02-02 00:43:22.447 138788 DEBUG oslo_service.service [req-00ec4bc8-64f2-440f-9fee-19fb76f41d09 - - - - -] glance.status_code_retry_delay = None log_opt_values /usr/lib/python3/dist-packages/oslo_config/cfg.py:2609
2026-02-02 00:43:22.447 138788 DEBUG oslo_service.service [req-00ec4bc8-64f2-440f-9fee-19fb76f41d09 - - - - -] glance.timeout = None log_opt_values /usr/lib/python3/dist-packages/oslo_config/cfg.py:2609
2026-02-02 00:43:22.448 138788 DEBUG oslo_service.service [req-00ec4bc8-64f2-440f-9fee-19fb76f41d09 - - - - -] glance.valid_interfaces = ['internal', 'public'] log_opt_values /usr/lib/python3/dist-packages/oslo_config/cfg.py:2609
2026-02-02 00:43:22.448 138788 DEBUG oslo_service.service [req-00ec4bc8-64f2-440f-9fee-19fb76f41d09 - - - - -] glance.verify_glance_signatures = False log_opt_values /usr/lib/python3/dist-packages/oslo_config/cfg.py:2609
2026-02-02 00:43:22.448 138788 DEBUG oslo_service.service [req-00ec4bc8-64f2-440f-9fee-19fb76f41d09 - - - - -] glance.version = None log_opt_values /usr/lib/python3/dist-packages/oslo_config/cfg.py:2609
2026-02-02 00:43:22.448 138788 DEBUG oslo_service.service [req-00ec4bc8-64f2-440f-9fee-19fb76f41d09 - - - - -] guestfs.debug = False log_opt_values /usr/lib/python3/dist-packages/oslo_config/cfg.py:2609
2026-02-02 00:43:22.448 138788 DEBUG oslo_service.service [req-00ec4bc8-64f2-440f-9fee-19fb76f41d09 - - - - -] hyperv.config_drive_cdrom = False log_opt_values /usr/lib/python3/dist-packages/oslo_config/cfg.py:2609
2026-02-02 00:43:22.449 138788 DEBUG oslo_service.service [req-00ec4bc8-64f2-440f-9fee-19fb76f41d09 - - - - -] hyperv.config_drive_inject_password = False log_opt_values /usr/lib/python3/dist-packages/oslo_config/cfg.py:2609
2026-02-02 00:43:22.449 138788 DEBUG oslo_service.service [req-00ec4bc8-64f2-440f-9fee-19fb76f41d09 - - - - -] hyperv.dynamic_memory_ratio = 1.0 log_opt_values /usr/lib/python3/dist-packages/oslo_config/cfg.py:2609
2026-02-02 00:43:22.449 138788 DEBUG oslo_service.service [req-00ec4bc8-64f2-440f-9fee-19fb76f41d09 - - - - -] hyperv.enable_instance_metrics_collection = False log_opt_values /usr/lib/python3/dist-packages/oslo_config/cfg.py:2609
2026-02-02 00:43:22.449 138788 DEBUG oslo_service.service [req-00ec4bc8-64f2-440f-9fee-19fb76f41d09 - - - - -] hyperv.enable_remotefx = False log_opt_values /usr/lib/python3/dist-packages/oslo_config/cfg.py:2609
2026-02-02 00:43:22.449 138788 DEBUG oslo_service.service [req-00ec4bc8-64f2-440f-9fee-19fb76f41d09 - - - - -] hyperv.instances_path_share = log_opt_values /usr/lib/python3/dist-packages/oslo_config/cfg.py:2609
2026-02-02 00:43:22.449 139652 DEBUG oslo_messaging._drivers.amqpdriver [-] AMQPListener connection timeout poll /usr/lib/python3/dist-packages/oslo_messaging/_drivers/amqpdriver.py:360
2026-02-02 00:43:22.449 138788 DEBUG oslo_service.service [req-00ec4bc8-64f2-440f-9fee-19fb76f41d09 - - - - -] hyperv.iscsi_initiator_list = [] log_opt_values /usr/lib/python3/dist-packages/oslo_config/cfg.py:2609
2026-02-02 00:43:22.449 138788 DEBUG oslo_service.service [req-00ec4bc8-64f2-440f-9fee-19fb76f41d09 - - - - -] hyperv.limit_cpu_features = False log_opt_values /usr/lib/python3/dist-packages/oslo_config/cfg.py:2609
2026-02-02 00:43:22.449 139652 DEBUG oslo_messaging._drivers.amqpdriver [-] Listener is running poll /usr/lib/python3/dist-packages/oslo_messaging/_drivers/amqpdriver.py:343
2026-02-02 00:43:22.450 139652 DEBUG oslo_messaging._drivers.amqpdriver [-] AMQPListener connection consume poll /usr/lib/python3/dist-packages/oslo_messaging/_drivers/amqpdriver.py:357
2026-02-02 00:43:22.450 138788 DEBUG oslo_service.service [req-00ec4bc8-64f2-440f-9fee-19fb76f41d09 - - - - -] hyperv.mounted_disk_query_retry_count = 10 log_opt_values /usr/lib/python3/dist-packages/oslo_config/cfg.py:2609
2026-02-02 00:43:22.450 138788 DEBUG oslo_service.service [req-00ec4bc8-64f2-440f-9fee-19fb76f41d09 - - - - -] hyperv.mounted_disk_query_retry_interval = 5 log_opt_values /usr/lib/python3/dist-packages/oslo_config/cfg.py:2609
2026-02-02 00:43:22.450 138788 DEBUG oslo_service.service [req-00ec4bc8-64f2-440f-9fee-19fb76f41d09 - - - - -] hyperv.power_state_check_timeframe = 60 log_opt_values /usr/lib/python3/dist-packages/oslo_config/cfg.py:2609
2026-02-02 00:43:22.450 138788 DEBUG oslo_service.service [req-00ec4bc8-64f2-440f-9fee-19fb76f41d09 - - - - -] hyperv.power_state_event_polling_interval = 2 log_opt_values /usr/lib/python3/dist-packages/oslo_config/cfg.py:2609
2026-02-02 00:43:22.450 138788 DEBUG oslo_service.service [req-00ec4bc8-64f2-440f-9fee-19fb76f41d09 - - - - -] hyperv.qemu_img_cmd = qemu-img.exe log_opt_values /usr/lib/python3/dist-packages/oslo_config/cfg.py:2609
2026-02-02 00:43:22.451 138788 DEBUG oslo_service.service [req-00ec4bc8-64f2-440f-9fee-19fb76f41d09 - - - - -] hyperv.use_multipath_io = False log_opt_values /usr/lib/python3/dist-packages/oslo_config/cfg.py:2609
2026-02-02 00:43:22.451 138788 DEBUG oslo_service.service [req-00ec4bc8-64f2-440f-9fee-19fb76f41d09 - - - - -] hyperv.volume_attach_retry_count = 10 log_opt_values /usr/lib/python3/dist-packages/oslo_config/cfg.py:2609
2026-02-02 00:43:22.451 138788 DEBUG oslo_service.service [req-00ec4bc8-64f2-440f-9fee-19fb76f41d09 - - - - -] hyperv.volume_attach_retry_interval = 5 log_opt_values /usr/lib/python3/dist-packages/oslo_config/cfg.py:2609
2026-02-02 00:43:22.451 138788 DEBUG oslo_service.service [req-00ec4bc8-64f2-440f-9fee-19fb76f41d09 - - - - -] hyperv.vswitch_name = None log_opt_values /usr/lib/python3/dist-packages/oslo_config/cfg.py:2609
2026-02-02 00:43:22.451 138788 DEBUG oslo_service.service [req-00ec4bc8-64f2-440f-9fee-19fb76f41d09 - - - - -] hyperv.wait_soft_reboot_seconds = 60 log_opt_values /usr/lib/python3/dist-packages/oslo_config/cfg.py:2609
2026-02-02 00:43:22.451 138788 DEBUG oslo_service.service [req-00ec4bc8-64f2-440f-9fee-19fb76f41d09 - - - - -] mks.enabled = False log_opt_values /usr/lib/python3/dist-packages/oslo_config/cfg.py:2609
2026-02-02 00:43:22.451 139653 DEBUG oslo_messaging._drivers.amqpdriver [-] Listener is running poll /usr/lib/python3/dist-packages/oslo_messaging/_drivers/amqpdriver.py:343
2026-02-02 00:43:22.452 139653 DEBUG oslo_messaging._drivers.amqpdriver [-] AMQPListener connection consume poll /usr/lib/python3/dist-packages/oslo_messaging/_drivers/amqpdriver.py:357
2026-02-02 00:43:22.452 138788 DEBUG oslo_service.service [req-00ec4bc8-64f2-440f-9fee-19fb76f41d09 - - - - -] mks.mksproxy_base_url = http://127.0.0.1:6090/ log_opt_values /usr/lib/python3/dist-packages/oslo_config/cfg.py:2609
2026-02-02 00:43:22.452 138788 DEBUG oslo_service.service [req-00ec4bc8-64f2-440f-9fee-19fb76f41d09 - - - - -] image_cache.manager_interval = 2400 log_opt_values /usr/lib/python3/dist-packages/oslo_config/cfg.py:2609
2026-02-02 00:43:22.452 138788 DEBUG oslo_service.service [req-00ec4bc8-64f2-440f-9fee-19fb76f41d09 - - - - -] image_cache.precache_concurrency = 1 log_opt_values /usr/lib/python3/dist-packages/oslo_config/cfg.py:2609
2026-02-02 00:43:22.453 138788 DEBUG oslo_service.service [req-00ec4bc8-64f2-440f-9fee-19fb76f41d09 - - - - -] image_cache.remove_unused_base_images = True log_opt_values /usr/lib/python3/dist-packages/oslo_config/cfg.py:2609
2026-02-02 00:43:22.453 138788 DEBUG oslo_service.service [req-00ec4bc8-64f2-440f-9fee-19fb76f41d09 - - - - -] image_cache.remove_unused_original_minimum_age_seconds = 86400 log_opt_values /usr/lib/python3/dist-packages/oslo_config/cfg.py:2609
2026-02-02 00:43:22.453 138788 DEBUG oslo_service.service [req-00ec4bc8-64f2-440f-9fee-19fb76f41d09 - - - - -] image_cache.remove_unused_resized_minimum_age_seconds = 3600 log_opt_values /usr/lib/python3/dist-packages/oslo_config/cfg.py:2609
2026-02-02 00:43:22.453 138788 DEBUG oslo_service.service [req-00ec4bc8-64f2-440f-9fee-19fb76f41d09 - - - - -] image_cache.subdirectory_name = _base log_opt_values /usr/lib/python3/dist-packages/oslo_config/cfg.py:2609
2026-02-02 00:43:22.453 139653 DEBUG nova.service [req-924e4431-91bb-4df6-b263-236ff54247c0 - - - - -] Join ServiceGroup membership for this service scheduler start /usr/lib/python3/dist-packages/nova/service.py:199
2026-02-02 00:43:22.454 138788 DEBUG oslo_service.service [req-00ec4bc8-64f2-440f-9fee-19fb76f41d09 - - - - -] ironic.api_max_retries = 60 log_opt_values /usr/lib/python3/dist-packages/oslo_config/cfg.py:2609
2026-02-02 00:43:22.454 139653 DEBUG nova.servicegroup.drivers.db [req-924e4431-91bb-4df6-b263-236ff54247c0 - - - - -] DB_Driver: join new ServiceGroup member juju-86eeeb-0-lxd-7 to the scheduler group, service = join /usr/lib/python3/dist-packages/nova/servicegroup/drivers/db.py:44
2026-02-02 00:43:22.454 138788 DEBUG oslo_service.service [req-00ec4bc8-64f2-440f-9fee-19fb76f41d09 - - - - -] ironic.api_retry_interval = 2 log_opt_values /usr/lib/python3/dist-packages/oslo_config/cfg.py:2609
2026-02-02 00:43:22.454 138788 DEBUG oslo_service.service [req-00ec4bc8-64f2-440f-9fee-19fb76f41d09 - - - - -] ironic.auth_section = None log_opt_values /usr/lib/python3/dist-packages/oslo_config/cfg.py:2609
2026-02-02 00:43:22.454 138788 DEBUG oslo_service.service [req-00ec4bc8-64f2-440f-9fee-19fb76f41d09 - - - - -] ironic.auth_type = None log_opt_values /usr/lib/python3/dist-packages/oslo_config/cfg.py:2609
2026-02-02 00:43:22.454 139653 DEBUG oslo_messaging._drivers.amqpdriver [-] AMQPListener connection timeout poll /usr/lib/python3/dist-packages/oslo_messaging/_drivers/amqpdriver.py:360
2026-02-02 00:43:22.455 139653 DEBUG oslo_messaging._drivers.amqpdriver [-] Listener is running poll /usr/lib/python3/dist-packages/oslo_messaging/_drivers/amqpdriver.py:343
2026-02-02 00:43:22.455 138788 DEBUG oslo_service.service [req-00ec4bc8-64f2-440f-9fee-19fb76f41d09 - - - - -] ironic.cafile = None log_opt_values /usr/lib/python3/dist-packages/oslo_config/cfg.py:2609
2026-02-02 00:43:22.455 139653 DEBUG oslo_messaging._drivers.amqpdriver [-] AMQPListener connection consume poll /usr/lib/python3/dist-packages/oslo_messaging/_drivers/amqpdriver.py:357
2026-02-02 00:43:22.455 138788 DEBUG oslo_service.service [req-00ec4bc8-64f2-440f-9fee-19fb76f41d09 - - - - -] ironic.certfile = None log_opt_values /usr/lib/python3/dist-packages/oslo_config/cfg.py:2609
2026-02-02 00:43:22.455 138788 DEBUG oslo_service.service [req-00ec4bc8-64f2-440f-9fee-19fb76f41d09 - - - - -] ironic.collect_timing = False log_opt_values /usr/lib/python3/dist-packages/oslo_config/cfg.py:2609
2026-02-02 00:43:22.455 138788 DEBUG oslo_service.service [req-00ec4bc8-64f2-440f-9fee-19fb76f41d09 - - - - -] ironic.connect_retries = None log_opt_values /usr/lib/python3/dist-packages/oslo_config/cfg.py:2609
2026-02-02 00:43:22.456 138788 DEBUG oslo_service.service [req-00ec4bc8-64f2-440f-9fee-19fb76f41d09 - - - - -] ironic.connect_retry_delay = None log_opt_values /usr/lib/python3/dist-packages/oslo_config/cfg.py:2609
2026-02-02 00:43:22.456 138788 DEBUG oslo_service.service [req-00ec4bc8-64f2-440f-9fee-19fb76f41d09 - - - - -] ironic.endpoint_override = None log_opt_values /usr/lib/python3/dist-packages/oslo_config/cfg.py:2609
2026-02-02 00:43:22.456 138788 DEBUG oslo_service.service [req-00ec4bc8-64f2-440f-9fee-19fb76f41d09 - - - - -] ironic.insecure = False log_opt_values /usr/lib/python3/dist-packages/oslo_config/cfg.py:2609
2026-02-02 00:43:22.456 138788 DEBUG oslo_service.service [req-00ec4bc8-64f2-440f-9fee-19fb76f41d09 - - - - -] ironic.keyfile = None log_opt_values /usr/lib/python3/dist-packages/oslo_config/cfg.py:2609
2026-02-02 00:43:22.457 138788 DEBUG oslo_service.service [req-00ec4bc8-64f2-440f-9fee-19fb76f41d09 - - - - -] ironic.max_version = None log_opt_values /usr/lib/python3/dist-packages/oslo_config/cfg.py:2609
2026-02-02 00:43:22.457 138788 DEBUG oslo_service.service [req-00ec4bc8-64f2-440f-9fee-19fb76f41d09 - - - - -] ironic.min_version = None log_opt_values /usr/lib/python3/dist-packages/oslo_config/cfg.py:2609
2026-02-02 00:43:22.457 138788 DEBUG oslo_service.service [req-00ec4bc8-64f2-440f-9fee-19fb76f41d09 - - - - -] ironic.partition_key = None log_opt_values /usr/lib/python3/dist-packages/oslo_config/cfg.py:2609
2026-02-02 00:43:22.457 138788 DEBUG oslo_service.service [req-00ec4bc8-64f2-440f-9fee-19fb76f41d09 - - - - -] ironic.peer_list = [] log_opt_values /usr/lib/python3/dist-packages/oslo_config/cfg.py:2609
2026-02-02 00:43:22.457 138788 DEBUG oslo_service.service [req-00ec4bc8-64f2-440f-9fee-19fb76f41d09 - - - - -] ironic.region_name = None log_opt_values /usr/lib/python3/dist-packages/oslo_config/cfg.py:2609
2026-02-02 00:43:22.457 138788 DEBUG oslo_service.service [req-00ec4bc8-64f2-440f-9fee-19fb76f41d09 - - - - -] ironic.serial_console_state_timeout = 10 log_opt_values /usr/lib/python3/dist-packages/oslo_config/cfg.py:2609
2026-02-02 00:43:22.458 138788 DEBUG oslo_service.service [req-00ec4bc8-64f2-440f-9fee-19fb76f41d09 - - - - -] ironic.service_name = None log_opt_values /usr/lib/python3/dist-packages/oslo_config/cfg.py:2609
2026-02-02 00:43:22.458 138788 DEBUG oslo_service.service [req-00ec4bc8-64f2-440f-9fee-19fb76f41d09 - - - - -] ironic.service_type = baremetal log_opt_values /usr/lib/python3/dist-packages/oslo_config/cfg.py:2609
2026-02-02 00:43:22.458 138788 DEBUG oslo_service.service [req-00ec4bc8-64f2-440f-9fee-19fb76f41d09 - - - - -] ironic.split_loggers = False log_opt_values /usr/lib/python3/dist-packages/oslo_config/cfg.py:2609
2026-02-02 00:43:22.458 138788 DEBUG oslo_service.service [req-00ec4bc8-64f2-440f-9fee-19fb76f41d09 - - - - -] ironic.status_code_retries = None log_opt_values /usr/lib/python3/dist-packages/oslo_config/cfg.py:2609
2026-02-02 00:43:22.459 138788 DEBUG oslo_service.service [req-00ec4bc8-64f2-440f-9fee-19fb76f41d09 - - - - -] ironic.status_code_retry_delay = None log_opt_values /usr/lib/python3/dist-packages/oslo_config/cfg.py:2609
2026-02-02 00:43:22.459 138788 DEBUG oslo_service.service [req-00ec4bc8-64f2-440f-9fee-19fb76f41d09 - - - - -] ironic.timeout = None log_opt_values /usr/lib/python3/dist-packages/oslo_config/cfg.py:2609
2026-02-02 00:43:22.459 138788 DEBUG oslo_service.service [req-00ec4bc8-64f2-440f-9fee-19fb76f41d09 - - - - -] ironic.valid_interfaces = ['internal', 'public'] log_opt_values /usr/lib/python3/dist-packages/oslo_config/cfg.py:2609
2026-02-02 00:43:22.459 138788 DEBUG oslo_service.service [req-00ec4bc8-64f2-440f-9fee-19fb76f41d09 - - - - -] ironic.version = None log_opt_values /usr/lib/python3/dist-packages/oslo_config/cfg.py:2609
2026-02-02 00:43:22.459 138788 DEBUG oslo_service.service [req-00ec4bc8-64f2-440f-9fee-19fb76f41d09 - - - - -] key_manager.backend = barbican log_opt_values /usr/lib/python3/dist-packages/oslo_config/cfg.py:2609
2026-02-02 00:43:22.460 138788 DEBUG oslo_service.service [req-00ec4bc8-64f2-440f-9fee-19fb76f41d09 - - - - -] key_manager.fixed_key = **** log_opt_values /usr/lib/python3/dist-packages/oslo_config/cfg.py:2609
2026-02-02 00:43:22.460 138788 DEBUG oslo_service.service [req-00ec4bc8-64f2-440f-9fee-19fb76f41d09 - - - - -] barbican.auth_endpoint = http://localhost/identity/v3 log_opt_values /usr/lib/python3/dist-packages/oslo_config/cfg.py:2609
2026-02-02 00:43:22.460 138788 DEBUG oslo_service.service [req-00ec4bc8-64f2-440f-9fee-19fb76f41d09 - - - - -] barbican.barbican_api_version = None log_opt_values /usr/lib/python3/dist-packages/oslo_config/cfg.py:2609
2026-02-02 00:43:22.460 138788 DEBUG oslo_service.service [req-00ec4bc8-64f2-440f-9fee-19fb76f41d09 - - - - -] barbican.barbican_endpoint = None log_opt_values /usr/lib/python3/dist-packages/oslo_config/cfg.py:2609
2026-02-02 00:43:22.460 138788 DEBUG oslo_service.service [req-00ec4bc8-64f2-440f-9fee-19fb76f41d09 - - - - -] barbican.barbican_endpoint_type = public log_opt_values /usr/lib/python3/dist-packages/oslo_config/cfg.py:2609
2026-02-02 00:43:22.460 138788 DEBUG oslo_service.service [req-00ec4bc8-64f2-440f-9fee-19fb76f41d09 - - - - -] barbican.barbican_region_name = None log_opt_values /usr/lib/python3/dist-packages/oslo_config/cfg.py:2609
2026-02-02 00:43:22.461 138788 DEBUG oslo_service.service [req-00ec4bc8-64f2-440f-9fee-19fb76f41d09 - - - - -] barbican.cafile = None log_opt_values /usr/lib/python3/dist-packages/oslo_config/cfg.py:2609
